2026/06/07 02:01:09 [error] 2322083#2322083: *3884666 FastCGI sent in stderr: "PHP message: PHP Warning: The magic method Vc_Manager::__wakeup() must have public visibility in /var/www/biocabaz_new/web/wp-conteudos/plugins/js_composer_theme/include/classes/core/class-vc-manager.php on line 203; PHP message: PHP Warning: Undefined variable $height in /var/www/biocabaz_new/web/wp-conteudos/themes/jupiter-child/views/header/master/checkout.php on line 22" while reading response header from upstream, client: 85.208.96.205, server: biocabaz.pt, request: "GET /web/categoria-produto/higiene-e-beleza/cabelo/page/3/?doing_wp_cron=1780596080.2566730976104736328125 HTTP/1.1", upstream: "fastcgi://unix:/var/run/php/php8.2-fpm.sock:", host: "www.biocabaz.pt"
2026/06/07 02:01:10 [error] 2322083#2322083: *3884672 FastCGI sent in stderr: "PHP message: PHP Warning: The magic method Vc_Manager::__wakeup() must have public visibility in /var/www/biocabaz_new/web/wp-conteudos/plugins/js_composer_theme/include/classes/core/class-vc-manager.php on line 203; PHP message: PHP Warning: Undefined variable $height in /var/www/biocabaz_new/web/wp-conteudos/themes/jupiter-child/views/header/master/checkout.php on line 22" while reading response header from upstream, client: 47.128.17.19, server: biocabaz.pt, request: "GET /web/produto/chocolate-cappuccino-bio-100grs-vivani/?doing_wp_cron=1689774748.8350799083709716796875 HTTP/1.1", upstream: "fastcgi://unix:/var/run/php/php8.2-fpm.sock:", host: "www.biocabaz.pt"
2026/06/07 02:01:15 [error] 2322083#2322083: *3884593 open() "/var/www/biocabaz_new/secrets.yml" failed (2: No such file or directory), client: 85.121.127.157, server: biocabaz.pt, request: "GET /secrets.yml HTTP/1.1", host: "biocabaz.pt"
2026/06/07 02:01:19 [error] 2322083#2322083: *3884593 open() "/var/www/biocabaz_new/debug/pprof/cmdline" failed (2: No such file or directory), client: 85.121.127.157, server: biocabaz.pt, request: "GET /debug/pprof/cmdline HTTP/1.1", host: "biocabaz.pt"
2026/06/07 02:01:19 [error] 2322083#2322083: *3884775 open() "/var/www/biocabaz_new/.git/config" failed (2: No such file or directory), client: 85.121.127.157, server: biocabaz.pt, request: "GET /.git/config HTTP/1.1", host: "biocabaz.pt"
2026/06/07 02:01:19 [error] 2322083#2322083: *3884774 open() "/var/www/biocabaz_new/application.yml" failed (2: No such file or directory), client: 85.121.127.157, server: biocabaz.pt, request: "GET /application.yml HTTP/1.1", host: "biocabaz.pt"
2026/06/07 02:01:19 [error] 2322084#2322084: *3884788 open() "/var/www/biocabaz_new/.aws/credentials" failed (2: No such file or directory), client: 85.121.127.157, server: biocabaz.pt, request: "GET /.aws/credentials HTTP/1.1", host: "biocabaz.pt"
2026/06/07 02:01:19 [error] 2322084#2322084: *3884789 open() "/var/www/biocabaz_new/secrets.json" failed (2: No such file or directory), client: 85.121.127.157, server: biocabaz.pt, request: "GET /secrets.json HTTP/1.1", host: "biocabaz.pt"
2026/06/07 02:01:19 [error] 2322084#2322084: *3884790 open() "/var/www/biocabaz_new/storage/logs/laravel.log" failed (2: No such file or directory), client: 85.121.127.157, server: biocabaz.pt, request: "GET /storage/logs/laravel.log HTTP/1.1", host: "biocabaz.pt"
2026/06/07 02:01:20 [error] 2322083#2322083: *3884834 FastCGI sent in stderr: "PHP message: PHP Warning: require_once(/var/www/turismonew2024/wp-includes/load.php): failed to open stream: No such file or directory in /var/www/turismonew2024/wp-load.php on line 64PHP message: PHP Fatal error: require_once(): Failed opening required '/var/www/turismonew2024/wp-includes/load.php' (include_path='.:/usr/share/php') in /var/www/turismonew2024/wp-load.php on line 64" while reading response header from upstream, client: 150.223.194.181, server: fomento-sgoic.pt, request: "GET /wp-login.php HTTP/1.1", upstream: "fastcgi://unix:/var/run/php/php7.4-fpm.sock:", host: "www.fomento-sgoic.pt"
2026/06/07 02:01:20 [error] 2322084#2322084: *3884789 open() "/var/www/biocabaz_new/config/application.properties" failed (2: No such file or directory), client: 85.121.127.157, server: biocabaz.pt, request: "GET /config/application.properties HTTP/1.1", host: "biocabaz.pt"
2026/06/07 02:01:21 [error] 2322083#2322083: *3884834 FastCGI sent in stderr: "PHP message: PHP Warning: require(/var/www/turismonew2024/wp-blog-header.php): failed to open stream: No such file or directory in /var/www/turismonew2024/index.php on line 17PHP message: PHP Fatal error: require(): Failed opening required '/var/www/turismonew2024/wp-blog-header.php' (include_path='.:/usr/share/php') in /var/www/turismonew2024/index.php on line 17" while reading response header from upstream, client: 150.223.194.181, server: fomento-sgoic.pt, request: "GET /?author=1 HTTP/1.1", upstream: "fastcgi://unix:/var/run/php/php7.4-fpm.sock:", host: "www.fomento-sgoic.pt"
2026/06/07 02:01:21 [error] 2322083#2322083: *3884834 FastCGI sent in stderr: "PHP message: PHP Warning: require(/var/www/turismonew2024/wp-blog-header.php): failed to open stream: No such file or directory in /var/www/turismonew2024/index.php on line 17PHP message: PHP Fatal error: require(): Failed opening required '/var/www/turismonew2024/wp-blog-header.php' (include_path='.:/usr/share/php') in /var/www/turismonew2024/index.php on line 17" while reading response header from upstream, client: 150.223.194.181, server: fomento-sgoic.pt, request: "GET /?author=2 HTTP/1.1", upstream: "fastcgi://unix:/var/run/php/php7.4-fpm.sock:", host: "www.fomento-sgoic.pt"
2026/06/07 02:01:21 [error] 2322084#2322084: *3884788 open() "/var/www/biocabaz_new/.env" failed (2: No such file or directory), client: 85.121.127.157, server: biocabaz.pt, request: "GET /.env HTTP/1.1", host: "biocabaz.pt"
2026/06/07 02:01:21 [error] 2322083#2322083: *3884832 FastCGI sent in stderr: "PHP message: PHP Warning: require(/var/www/turismonew2024/wp-blog-header.php): failed to open stream: No such file or directory in /var/www/turismonew2024/index.php on line 17PHP message: PHP Fatal error: require(): Failed opening required '/var/www/turismonew2024/wp-blog-header.php' (include_path='.:/usr/share/php') in /var/www/turismonew2024/index.php on line 17" while reading response header from upstream, client: 110.249.202.167, server: fomento-sgoic.pt, request: "GET /robots.txt HTTP/1.1", upstream: "fastcgi://unix:/var/run/php/php7.4-fpm.sock:", host: "www.fomento-sgoic.pt"
2026/06/07 02:01:21 [error] 2322083#2322083: *3884593 open() "/var/www/biocabaz_new/.env.example" failed (2: No such file or directory), client: 85.121.127.157, server: biocabaz.pt, request: "GET /.env.example HTTP/1.1", host: "biocabaz.pt"
2026/06/07 02:01:21 [error] 2322083#2322083: *3884775 open() "/var/www/biocabaz_new/application.properties" failed (2: No such file or directory), client: 85.121.127.157, server: biocabaz.pt, request: "GET /application.properties HTTP/1.1", host: "biocabaz.pt"
2026/06/07 02:01:21 [error] 2322083#2322083: *3884774 open() "/var/www/biocabaz_new/config/secrets.yml" failed (2: No such file or directory), client: 85.121.127.157, server: biocabaz.pt, request: "GET /config/secrets.yml HTTP/1.1", host: "biocabaz.pt"
2026/06/07 02:01:21 [error] 2322083#2322083: *3884834 FastCGI sent in stderr: "PHP message: PHP Warning: require(/var/www/turismonew2024/wp-blog-header.php): failed to open stream: No such file or directory in /var/www/turismonew2024/index.php on line 17PHP message: PHP Fatal error: require(): Failed opening required '/var/www/turismonew2024/wp-blog-header.php' (include_path='.:/usr/share/php') in /var/www/turismonew2024/index.php on line 17" while reading response header from upstream, client: 150.223.194.181, server: fomento-sgoic.pt, request: "GET /?author=3 HTTP/1.1", upstream: "fastcgi://unix:/var/run/php/php7.4-fpm.sock:", host: "www.fomento-sgoic.pt"
2026/06/07 02:01:22 [error] 2322083#2322083: *3884834 FastCGI sent in stderr: "PHP message: PHP Warning: require(/var/www/turismonew2024/wp-blog-header.php): failed to open stream: No such file or directory in /var/www/turismonew2024/index.php on line 17PHP message: PHP Fatal error: require(): Failed opening required '/var/www/turismonew2024/wp-blog-header.php' (include_path='.:/usr/share/php') in /var/www/turismonew2024/index.php on line 17" while reading response header from upstream, client: 150.223.194.181, server: fomento-sgoic.pt, request: "GET /?author=4 HTTP/1.1", upstream: "fastcgi://unix:/var/run/php/php7.4-fpm.sock:", host: "www.fomento-sgoic.pt"
2026/06/07 02:01:22 [error] 2322084#2322084: *3884838 FastCGI sent in stderr: "PHP message: PHP Warning: The magic method Vc_Manager::__wakeup() must have public visibility in /var/www/biocabaz_new/web/wp-conteudos/plugins/js_composer_theme/include/classes/core/class-vc-manager.php on line 203" while reading response header from upstream, client: 47.128.17.167, server: biocabaz.pt, request: "GET /web/en/produto/batata-doce/ HTTP/1.1", upstream: "fastcgi://unix:/var/run/php/php8.2-fpm.sock:", host: "biocabaz.pt"
2026/06/07 02:01:22 [error] 2322083#2322083: *3884834 FastCGI sent in stderr: "PHP message: PHP Warning: require(/var/www/turismonew2024/wp-blog-header.php): failed to open stream: No such file or directory in /var/www/turismonew2024/index.php on line 17PHP message: PHP Fatal error: require(): Failed opening required '/var/www/turismonew2024/wp-blog-header.php' (include_path='.:/usr/share/php') in /var/www/turismonew2024/index.php on line 17" while reading response header from upstream, client: 150.223.194.181, server: fomento-sgoic.pt, request: "GET /?author=5 HTTP/1.1", upstream: "fastcgi://unix:/var/run/php/php7.4-fpm.sock:", host: "www.fomento-sgoic.pt"
2026/06/07 02:01:23 [error] 2322083#2322083: *3884834 FastCGI sent in stderr: "PHP message: PHP Warning: require(/var/www/turismonew2024/wp-blog-header.php): failed to open stream: No such file or directory in /var/www/turismonew2024/index.php on line 17PHP message: PHP Fatal error: require(): Failed opening required '/var/www/turismonew2024/wp-blog-header.php' (include_path='.:/usr/share/php') in /var/www/turismonew2024/index.php on line 17" while reading response header from upstream, client: 150.223.194.181, server: fomento-sgoic.pt, request: "GET /?author=6 HTTP/1.1", upstream: "fastcgi://unix:/var/run/php/php7.4-fpm.sock:", host: "www.fomento-sgoic.pt"
2026/06/07 02:01:23 [error] 2322083#2322083: *3884834 FastCGI sent in stderr: "PHP message: PHP Warning: require(/var/www/turismonew2024/wp-blog-header.php): failed to open stream: No such file or directory in /var/www/turismonew2024/index.php on line 17PHP message: PHP Fatal error: require(): Failed opening required '/var/www/turismonew2024/wp-blog-header.php' (include_path='.:/usr/share/php') in /var/www/turismonew2024/index.php on line 17" while reading response header from upstream, client: 150.223.194.181, server: fomento-sgoic.pt, request: "GET /?author=7 HTTP/1.1", upstream: "fastcgi://unix:/var/run/php/php7.4-fpm.sock:", host: "www.fomento-sgoic.pt"
2026/06/07 02:01:23 [error] 2322083#2322083: *3884834 FastCGI sent in stderr: "PHP message: PHP Warning: require(/var/www/turismonew2024/wp-blog-header.php): failed to open stream: No such file or directory in /var/www/turismonew2024/index.php on line 17PHP message: PHP Fatal error: require(): Failed opening required '/var/www/turismonew2024/wp-blog-header.php' (include_path='.:/usr/share/php') in /var/www/turismonew2024/index.php on line 17" while reading response header from upstream, client: 150.223.194.181, server: fomento-sgoic.pt, request: "GET /?author=8 HTTP/1.1", upstream: "fastcgi://unix:/var/run/php/php7.4-fpm.sock:", host: "www.fomento-sgoic.pt"
2026/06/07 02:01:23 [error] 2322083#2322083: *3884834 FastCGI sent in stderr: "PHP message: PHP Warning: require(/var/www/turismonew2024/wp-blog-header.php): failed to open stream: No such file or directory in /var/www/turismonew2024/index.php on line 17PHP message: PHP Fatal error: require(): Failed opening required '/var/www/turismonew2024/wp-blog-header.php' (include_path='.:/usr/share/php') in /var/www/turismonew2024/index.php on line 17" while reading response header from upstream, client: 150.223.194.181, server: fomento-sgoic.pt, request: "GET /?author=9 HTTP/1.1", upstream: "fastcgi://unix:/var/run/php/php7.4-fpm.sock:", host: "www.fomento-sgoic.pt"
2026/06/07 02:01:24 [error] 2322083#2322083: *3884834 FastCGI sent in stderr: "PHP message: PHP Warning: require(/var/www/turismonew2024/wp-blog-header.php): failed to open stream: No such file or directory in /var/www/turismonew2024/index.php on line 17PHP message: PHP Fatal error: require(): Failed opening required '/var/www/turismonew2024/wp-blog-header.php' (include_path='.:/usr/share/php') in /var/www/turismonew2024/index.php on line 17" while reading response header from upstream, client: 150.223.194.181, server: fomento-sgoic.pt, request: "GET /?author=10 HTTP/1.1", upstream: "fastcgi://unix:/var/run/php/php7.4-fpm.sock:", host: "www.fomento-sgoic.pt"
2026/06/07 02:01:24 [error] 2322083#2322083: *3884834 FastCGI sent in stderr: "PHP message: PHP Warning: require(/var/www/turismonew2024/wp-blog-header.php): failed to open stream: No such file or directory in /var/www/turismonew2024/index.php on line 17PHP message: PHP Fatal error: require(): Failed opening required '/var/www/turismonew2024/wp-blog-header.php' (include_path='.:/usr/share/php') in /var/www/turismonew2024/index.php on line 17" while reading response header from upstream, client: 150.223.194.181, server: fomento-sgoic.pt, request: "GET /?author=11 HTTP/1.1", upstream: "fastcgi://unix:/var/run/php/php7.4-fpm.sock:", host: "www.fomento-sgoic.pt"
2026/06/07 02:01:25 [error] 2322084#2322084: *3884838 FastCGI sent in stderr: "PHP message: PHP Warning: The magic method Vc_Manager::__wakeup() must have public visibility in /var/www/biocabaz_new/web/wp-conteudos/plugins/js_composer_theme/include/classes/core/class-vc-manager.php on line 203; PHP message: PHP Warning: Undefined variable $height in /var/www/biocabaz_new/web/wp-conteudos/themes/jupiter-child/views/header/master/checkout.php on line 22" while reading response header from upstream, client: 47.128.17.167, server: biocabaz.pt, request: "GET /web/en/produto/batata-doce/?doing_wp_cron=1780790482.7833380699157714843750 HTTP/1.1", upstream: "fastcgi://unix:/var/run/php/php8.2-fpm.sock:", host: "biocabaz.pt"
2026/06/07 02:01:26 [error] 2322083#2322083: *3884834 FastCGI sent in stderr: "PHP message: PHP Warning: require(/var/www/turismonew2024/wp-blog-header.php): failed to open stream: No such file or directory in /var/www/turismonew2024/index.php on line 17PHP message: PHP Fatal error: require(): Failed opening required '/var/www/turismonew2024/wp-blog-header.php' (include_path='.:/usr/share/php') in /var/www/turismonew2024/index.php on line 17" while reading response header from upstream, client: 150.223.194.181, server: fomento-sgoic.pt, request: "GET /?author=12 HTTP/1.1", upstream: "fastcgi://unix:/var/run/php/php7.4-fpm.sock:", host: "www.fomento-sgoic.pt"
2026/06/07 02:01:27 [error] 2322083#2322083: *3884834 FastCGI sent in stderr: "PHP message: PHP Warning: require(/var/www/turismonew2024/wp-blog-header.php): failed to open stream: No such file or directory in /var/www/turismonew2024/index.php on line 17PHP message: PHP Fatal error: require(): Failed opening required '/var/www/turismonew2024/wp-blog-header.php' (include_path='.:/usr/share/php') in /var/www/turismonew2024/index.php on line 17" while reading response header from upstream, client: 150.223.194.181, server: fomento-sgoic.pt, request: "GET /?author=13 HTTP/1.1", upstream: "fastcgi://unix:/var/run/php/php7.4-fpm.sock:", host: "www.fomento-sgoic.pt"
2026/06/07 02:01:27 [error] 2322083#2322083: *3884834 FastCGI sent in stderr: "PHP message: PHP Warning: require(/var/www/turismonew2024/wp-blog-header.php): failed to open stream: No such file or directory in /var/www/turismonew2024/index.php on line 17PHP message: PHP Fatal error: require(): Failed opening required '/var/www/turismonew2024/wp-blog-header.php' (include_path='.:/usr/share/php') in /var/www/turismonew2024/index.php on line 17" while reading response header from upstream, client: 150.223.194.181, server: fomento-sgoic.pt, request: "GET /?author=14 HTTP/1.1", upstream: "fastcgi://unix:/var/run/php/php7.4-fpm.sock:", host: "www.fomento-sgoic.pt"
2026/06/07 02:01:28 [error] 2322083#2322083: *3884834 FastCGI sent in stderr: "PHP message: PHP Warning: require(/var/www/turismonew2024/wp-blog-header.php): failed to open stream: No such file or directory in /var/www/turismonew2024/index.php on line 17PHP message: PHP Fatal error: require(): Failed opening required '/var/www/turismonew2024/wp-blog-header.php' (include_path='.:/usr/share/php') in /var/www/turismonew2024/index.php on line 17" while reading response header from upstream, client: 150.223.194.181, server: fomento-sgoic.pt, request: "GET /?author=15 HTTP/1.1", upstream: "fastcgi://unix:/var/run/php/php7.4-fpm.sock:", host: "www.fomento-sgoic.pt"
2026/06/07 02:01:32 [error] 2322083#2322083: *3884834 FastCGI sent in stderr: "PHP message: PHP Warning: require(/var/www/turismonew2024/wp-blog-header.php): failed to open stream: No such file or directory in /var/www/turismonew2024/index.php on line 17PHP message: PHP Fatal error: require(): Failed opening required '/var/www/turismonew2024/wp-blog-header.php' (include_path='.:/usr/share/php') in /var/www/turismonew2024/index.php on line 17" while reading response header from upstream, client: 150.223.194.181, server: fomento-sgoic.pt, request: "GET /?author=16 HTTP/1.1", upstream: "fastcgi://unix:/var/run/php/php7.4-fpm.sock:", host: "www.fomento-sgoic.pt"
2026/06/07 02:01:33 [error] 2322083#2322083: *3884834 FastCGI sent in stderr: "PHP message: PHP Warning: require(/var/www/turismonew2024/wp-blog-header.php): failed to open stream: No such file or directory in /var/www/turismonew2024/index.php on line 17PHP message: PHP Fatal error: require(): Failed opening required '/var/www/turismonew2024/wp-blog-header.php' (include_path='.:/usr/share/php') in /var/www/turismonew2024/index.php on line 17" while reading response header from upstream, client: 150.223.194.181, server: fomento-sgoic.pt, request: "GET /?author=17 HTTP/1.1", upstream: "fastcgi://unix:/var/run/php/php7.4-fpm.sock:", host: "www.fomento-sgoic.pt"
2026/06/07 02:01:33 [error] 2322083#2322083: *3884834 FastCGI sent in stderr: "PHP message: PHP Warning: require(/var/www/turismonew2024/wp-blog-header.php): failed to open stream: No such file or directory in /var/www/turismonew2024/index.php on line 17PHP message: PHP Fatal error: require(): Failed opening required '/var/www/turismonew2024/wp-blog-header.php' (include_path='.:/usr/share/php') in /var/www/turismonew2024/index.php on line 17" while reading response header from upstream, client: 150.223.194.181, server: fomento-sgoic.pt, request: "GET /?author=18 HTTP/1.1", upstream: "fastcgi://unix:/var/run/php/php7.4-fpm.sock:", host: "www.fomento-sgoic.pt"
2026/06/07 02:01:34 [error] 2322083#2322083: *3884834 FastCGI sent in stderr: "PHP message: PHP Warning: require(/var/www/turismonew2024/wp-blog-header.php): failed to open stream: No such file or directory in /var/www/turismonew2024/index.php on line 17PHP message: PHP Fatal error: require(): Failed opening required '/var/www/turismonew2024/wp-blog-header.php' (include_path='.:/usr/share/php') in /var/www/turismonew2024/index.php on line 17" while reading response header from upstream, client: 150.223.194.181, server: fomento-sgoic.pt, request: "GET /?author=19 HTTP/1.1", upstream: "fastcgi://unix:/var/run/php/php7.4-fpm.sock:", host: "www.fomento-sgoic.pt"
2026/06/07 02:01:34 [error] 2322083#2322083: *3884834 FastCGI sent in stderr: "PHP message: PHP Warning: require(/var/www/turismonew2024/wp-blog-header.php): failed to open stream: No such file or directory in /var/www/turismonew2024/index.php on line 17PHP message: PHP Fatal error: require(): Failed opening required '/var/www/turismonew2024/wp-blog-header.php' (include_path='.:/usr/share/php') in /var/www/turismonew2024/index.php on line 17" while reading response header from upstream, client: 150.223.194.181, server: fomento-sgoic.pt, request: "GET /?author=20 HTTP/1.1", upstream: "fastcgi://unix:/var/run/php/php7.4-fpm.sock:", host: "www.fomento-sgoic.pt"
2026/06/07 02:01:37 [error] 2322084#2322084: *3885028 FastCGI sent in stderr: "PHP message: PHP Warning: The magic method Vc_Manager::__wakeup() must have public visibility in /var/www/biocabaz_new/web/wp-conteudos/plugins/js_composer_theme/include/classes/core/class-vc-manager.php on line 203; PHP message: PHP Warning: Undefined variable $height in /var/www/biocabaz_new/web/wp-conteudos/themes/jupiter-child/views/header/master/checkout.php on line 22" while reading response header from upstream, client: 47.128.17.212, server: biocabaz.pt, request: "GET /web/en/produto/gr-oleo-pfritar-075l/?doing_wp_cron=1693948488.0839979648590087890625 HTTP/1.1", upstream: "fastcgi://unix:/var/run/php/php8.2-fpm.sock:", host: "www.biocabaz.pt"
2026/06/07 02:01:48 [error] 2322083#2322083: *3885157 FastCGI sent in stderr: "PHP message: PHP Warning: The magic method Vc_Manager::__wakeup() must have public visibility in /var/www/biocabaz_new/web/wp-conteudos/plugins/js_composer_theme/include/classes/core/class-vc-manager.php on line 203; PHP message: PHP Warning: Undefined variable $height in /var/www/biocabaz_new/web/wp-conteudos/themes/jupiter-child/views/header/master/checkout.php on line 22" while reading response header from upstream, client: 47.128.17.178, server: biocabaz.pt, request: "GET /web/en/produto/papas-de-aveia-doypack-manga-maca-s-gluten/?doing_wp_cron=1698479941.3604490756988525390625 HTTP/1.1", upstream: "fastcgi://unix:/var/run/php/php8.2-fpm.sock:", host: "biocabaz.pt"
2026/06/07 02:01:53 [error] 2322084#2322084: *3884790 open() "/var/www/biocabaz_new/api/settings" failed (2: No such file or directory), client: 85.121.127.157, server: biocabaz.pt, request: "GET /api/settings HTTP/1.1", host: "biocabaz.pt"
2026/06/07 02:01:53 [error] 2322083#2322083: *3884774 open() "/var/www/biocabaz_new/config.json" failed (2: No such file or directory), client: 85.121.127.157, server: biocabaz.pt, request: "GET /config.json HTTP/1.1", host: "biocabaz.pt"
2026/06/07 02:01:53 [error] 2322083#2322083: *3884775 open() "/var/www/biocabaz_new/__/firebase/init.json" failed (2: No such file or directory), client: 85.121.127.157, server: biocabaz.pt, request: "GET /__/firebase/init.json HTTP/1.1", host: "biocabaz.pt"
2026/06/07 02:01:54 [error] 2322083#2322083: *3884774 open() "/var/www/biocabaz_new/v1/graphql" failed (2: No such file or directory), client: 85.121.127.157, server: biocabaz.pt, request: "GET /v1/graphql HTTP/1.1", host: "biocabaz.pt"
2026/06/07 02:01:55 [error] 2322083#2322083: *3884775 open() "/var/www/biocabaz_new/api/config" failed (2: No such file or directory), client: 85.121.127.157, server: biocabaz.pt, request: "GET /api/config HTTP/1.1", host: "biocabaz.pt"
2026/06/07 02:01:55 [error] 2322084#2322084: *3884790 open() "/var/www/biocabaz_new/config.js" failed (2: No such file or directory), client: 85.121.127.157, server: biocabaz.pt, request: "GET /config.js HTTP/1.1", host: "biocabaz.pt"
2026/06/07 02:01:57 [error] 2322083#2322083: *3885218 FastCGI sent in stderr: "PHP message: PHP Warning: require(/var/www/turismonew2024/wp-blog-header.php): failed to open stream: No such file or directory in /var/www/turismonew2024/index.php on line 17PHP message: PHP Fatal error: require(): Failed opening required '/var/www/turismonew2024/wp-blog-header.php' (include_path='.:/usr/share/php') in /var/www/turismonew2024/index.php on line 17" while reading response header from upstream, client: 57.141.20.5, server: fomento-sgoic.pt, request: "GET /products/18091752/ HTTP/1.1", upstream: "fastcgi://unix:/var/run/php/php7.4-fpm.sock:", host: "www.fomento-sgoic.pt"
2026/06/07 02:02:00 [error] 2322083#2322083: *3884774 open() "/var/www/biocabaz_new/api/v1/settings" failed (2: No such file or directory), client: 85.121.127.157, server: biocabaz.pt, request: "GET /api/v1/settings HTTP/1.1", host: "biocabaz.pt"
2026/06/07 02:02:01 [error] 2322083#2322083: *3884593 open() "/var/www/biocabaz_new/env.js" failed (2: No such file or directory), client: 85.121.127.157, server: biocabaz.pt, request: "GET /env.js HTTP/1.1", host: "biocabaz.pt"
2026/06/07 02:02:01 [error] 2322084#2322084: *3884788 open() "/var/www/biocabaz_new/env.json" failed (2: No such file or directory), client: 85.121.127.157, server: biocabaz.pt, request: "GET /env.json HTTP/1.1", host: "biocabaz.pt"
2026/06/07 02:02:01 [error] 2322083#2322083: *3884775 open() "/var/www/biocabaz_new/settings.json" failed (2: No such file or directory), client: 85.121.127.157, server: biocabaz.pt, request: "GET /settings.json HTTP/1.1", host: "biocabaz.pt"
2026/06/07 02:02:01 [error] 2322084#2322084: *3884790 open() "/var/www/biocabaz_new/firebase-config.json" failed (2: No such file or directory), client: 85.121.127.157, server: biocabaz.pt, request: "GET /firebase-config.json HTTP/1.1", host: "biocabaz.pt"
2026/06/07 02:02:02 [error] 2322083#2322083: *3884774 open() "/var/www/biocabaz_new/.well-known/jwks.json" failed (2: No such file or directory), client: 85.121.127.157, server: biocabaz.pt, request: "GET /.well-known/jwks.json HTTP/1.1", host: "biocabaz.pt"
2026/06/07 02:02:02 [error] 2322083#2322083: *3884593 open() "/var/www/biocabaz_new/api/v1/config" failed (2: No such file or directory), client: 85.121.127.157, server: biocabaz.pt, request: "GET /api/v1/config HTTP/1.1", host: "biocabaz.pt"
2026/06/07 02:02:02 [error] 2322084#2322084: *3884790 open() "/var/www/biocabaz_new/api/v2/config" failed (2: No such file or directory), client: 85.121.127.157, server: biocabaz.pt, request: "GET /api/v2/config HTTP/1.1", host: "biocabaz.pt"
2026/06/07 02:02:12 [error] 2322083#2322083: *3885296 FastCGI sent in stderr: "PHP message: PHP Warning: The magic method Vc_Manager::__wakeup() must have public visibility in /var/www/biocabaz_new/web/wp-conteudos/plugins/js_composer_theme/include/classes/core/class-vc-manager.php on line 203; PHP message: PHP Warning: Undefined variable $height in /var/www/biocabaz_new/web/wp-conteudos/themes/jupiter-child/views/header/master/checkout.php on line 22" while reading response header from upstream, client: 47.128.17.157, server: biocabaz.pt, request: "GET /web/produto/pastilhas-maquina-lavar-louca-sonett-25x20gr/?doing_wp_cron=1692587328.9414339065551757812500 HTTP/1.1", upstream: "fastcgi://unix:/var/run/php/php8.2-fpm.sock:", host: "biocabaz.pt"
2026/06/07 02:02:21 [error] 2322083#2322083: *3885369 FastCGI sent in stderr: "PHP message: PHP Warning: require(/var/www/turismonew2024/wp-blog-header.php): failed to open stream: No such file or directory in /var/www/turismonew2024/index.php on line 17PHP message: PHP Fatal error: require(): Failed opening required '/var/www/turismonew2024/wp-blog-header.php' (include_path='.:/usr/share/php') in /var/www/turismonew2024/index.php on line 17" while reading response header from upstream, client: 46.248.166.82, server: fomento-sgoic.pt, request: "GET /robots.txt HTTP/1.1", upstream: "fastcgi://unix:/var/run/php/php7.4-fpm.sock:", host: "www.fomento-sgoic.pt"
2026/06/07 02:02:21 [error] 2322083#2322083: *3885372 FastCGI sent in stderr: "PHP message: PHP Warning: require(/var/www/turismonew2024/wp-blog-header.php): failed to open stream: No such file or directory in /var/www/turismonew2024/index.php on line 17PHP message: PHP Fatal error: require(): Failed opening required '/var/www/turismonew2024/wp-blog-header.php' (include_path='.:/usr/share/php') in /var/www/turismonew2024/index.php on line 17" while reading response header from upstream, client: 46.248.166.82, server: fomento-sgoic.pt, request: "GET //sitemap.xml HTTP/1.1", upstream: "fastcgi://unix:/var/run/php/php7.4-fpm.sock:", host: "www.fomento-sgoic.pt"
2026/06/07 02:02:21 [error] 2322083#2322083: *3885374 FastCGI sent in stderr: "PHP message: PHP Warning: require(/var/www/turismonew2024/wp-blog-header.php): failed to open stream: No such file or directory in /var/www/turismonew2024/index.php on line 17PHP message: PHP Fatal error: require(): Failed opening required '/var/www/turismonew2024/wp-blog-header.php' (include_path='.:/usr/share/php') in /var/www/turismonew2024/index.php on line 17" while reading response header from upstream, client: 46.248.166.82, server: fomento-sgoic.pt, request: "GET / HTTP/1.1", upstream: "fastcgi://unix:/var/run/php/php7.4-fpm.sock:", host: "www.fomento-sgoic.pt"
2026/06/07 02:02:22 [error] 2322083#2322083: *3885379 FastCGI sent in stderr: "PHP message: PHP Warning: require(/var/www/turismonew2024/wp-blog-header.php): failed to open stream: No such file or directory in /var/www/turismonew2024/index.php on line 17PHP message: PHP Fatal error: require(): Failed opening required '/var/www/turismonew2024/wp-blog-header.php' (include_path='.:/usr/share/php') in /var/www/turismonew2024/index.php on line 17" while reading response header from upstream, client: 46.248.166.42, server: fomento-sgoic.pt, request: "GET / HTTP/1.1", upstream: "fastcgi://unix:/var/run/php/php7.4-fpm.sock:", host: "www.fomento-sgoic.pt"
2026/06/07 02:02:22 [error] 2322084#2322084: *3884788 FastCGI sent in stderr: "PHP message: PHP Warning: The magic method Vc_Manager::__wakeup() must have public visibility in /var/www/biocabaz_new/web/wp-conteudos/plugins/js_composer_theme/include/classes/core/class-vc-manager.php on line 203" while reading response header from upstream, client: 85.121.127.157, server: biocabaz.pt, request: "GET /web/wp-includes/js/dist/hooks.min.js.map HTTP/1.1", upstream: "fastcgi://unix:/var/run/php/php8.2-fpm.sock:", host: "biocabaz.pt"
2026/06/07 02:02:25 [error] 2322083#2322083: *3885382 FastCGI sent in stderr: "PHP message: PHP Warning: The magic method Vc_Manager::__wakeup() must have public visibility in /var/www/biocabaz_new/web/wp-conteudos/plugins/js_composer_theme/include/classes/core/class-vc-manager.php on line 203; PHP message: PHP Warning: Undefined variable $height in /var/www/biocabaz_new/web/wp-conteudos/themes/jupiter-child/views/header/master/checkout.php on line 22" while reading response header from upstream, client: 47.128.17.19, server: biocabaz.pt, request: "GET /web/en/produto/champo-vitamina-e-dr-organic-265ml/?doing_wp_cron=1692554932.1687679290771484375000 HTTP/1.1", upstream: "fastcgi://unix:/var/run/php/php8.2-fpm.sock:", host: "www.biocabaz.pt"
2026/06/07 02:02:30 [error] 2322084#2322084: *3884788 FastCGI sent in stderr: "PHP message: PHP Warning: The magic method Vc_Manager::__wakeup() must have public visibility in /var/www/biocabaz_new/web/wp-conteudos/plugins/js_composer_theme/include/classes/core/class-vc-manager.php on line 203; PHP message: PHP Warning: Undefined variable $height in /var/www/biocabaz_new/web/wp-conteudos/themes/jupiter-child/views/header/master/checkout.php on line 22" while reading response header from upstream, client: 85.121.127.157, server: biocabaz.pt, request: "GET /web/wp-includes/js/dist/hooks.min.js.map?doing_wp_cron=1780790542.5555379390716552734375 HTTP/1.1", upstream: "fastcgi://unix:/var/run/php/php8.2-fpm.sock:", host: "biocabaz.pt", referrer: "https://biocabaz.pt/web/wp-includes/js/dist/hooks.min.js.map"
2026/06/07 02:02:44 [error] 2322083#2322083: *3885676 FastCGI sent in stderr: "PHP message: PHP Warning: The magic method Vc_Manager::__wakeup() must have public visibility in /var/www/biocabaz_new/web/wp-conteudos/plugins/js_composer_theme/include/classes/core/class-vc-manager.php on line 203; PHP message: The WC_Customer::get_postcode function is deprecated since version 3.0. Replace with WC_Customer::get_billing_postcode" while reading response header from upstream, client: 116.179.37.54, server: biocabaz.pt, request: "POST /web/en/?wc-ajax=get_refreshed_fragments HTTP/1.1", upstream: "fastcgi://unix:/var/run/php/php8.2-fpm.sock:", host: "www.biocabaz.pt", referrer: "https://www.biocabaz.pt/web/en/categoria-produto/mercearia/sal-especiarias-temperos/page/3/?doing_wp_cron=1773486896.6463859081268310546875"
2026/06/07 02:02:49 [error] 2322083#2322083: *3885733 FastCGI sent in stderr: "PHP message: PHP Warning: The magic method Vc_Manager::__wakeup() must have public visibility in /var/www/biocabaz_new/web/wp-conteudos/plugins/js_composer_theme/include/classes/core/class-vc-manager.php on line 203; PHP message: PHP Warning: Undefined variable $height in /var/www/biocabaz_new/web/wp-conteudos/themes/jupiter-child/views/header/master/checkout.php on line 22" while reading response header from upstream, client: 47.128.17.204, server: biocabaz.pt, request: "GET /web/produto/fusilli-integral-le-bio-pour-tour/?doing_wp_cron=1693954033.3601078987121582031250 HTTP/1.1", upstream: "fastcgi://unix:/var/run/php/php8.2-fpm.sock:", host: "www.biocabaz.pt"
2026/06/07 02:03:04 [error] 2322083#2322083: *3885911 FastCGI sent in stderr: "PHP message: PHP Warning: The magic method Vc_Manager::__wakeup() must have public visibility in /var/www/biocabaz_new/web/wp-conteudos/plugins/js_composer_theme/include/classes/core/class-vc-manager.php on line 203; PHP message: PHP Warning: Undefined variable $height in /var/www/biocabaz_new/web/wp-conteudos/themes/jupiter-child/views/header/master/checkout.php on line 22" while reading response header from upstream, client: 47.128.17.209, server: biocabaz.pt, request: "GET /web/produto/glutamine-powder-gold-nutrition-300-gr/?doing_wp_cron=1704396551.5324809551239013671875 HTTP/1.1", upstream: "fastcgi://unix:/var/run/php/php8.2-fpm.sock:", host: "biocabaz.pt"
2026/06/07 02:03:04 [error] 2322083#2322083: *3885971 FastCGI sent in stderr: "PHP message: PHP Warning: require(/var/www/turismonew2024/wp-blog-header.php): failed to open stream: No such file or directory in /var/www/turismonew2024/index.php on line 17PHP message: PHP Fatal error: require(): Failed opening required '/var/www/turismonew2024/wp-blog-header.php' (include_path='.:/usr/share/php') in /var/www/turismonew2024/index.php on line 17" while reading response header from upstream, client: 57.141.20.42, server: fomento-sgoic.pt, request: "GET /products/16009441/ HTTP/1.1", upstream: "fastcgi://unix:/var/run/php/php7.4-fpm.sock:", host: "fomento-sgoic.pt"
2026/06/07 02:03:20 [error] 2322083#2322083: *3886214 FastCGI sent in stderr: "PHP message: PHP Warning: The magic method Vc_Manager::__wakeup() must have public visibility in /var/www/biocabaz_new/web/wp-conteudos/plugins/js_composer_theme/include/classes/core/class-vc-manager.php on line 203" while reading response header from upstream, client: 52.167.144.169, server: biocabaz.pt, request: "GET /web/produto/bebida-de-millet-isola/ HTTP/1.1", upstream: "fastcgi://unix:/var/run/php/php8.2-fpm.sock:", host: "www.biocabaz.pt"
2026/06/07 02:03:24 [error] 2322083#2322083: *3886214 FastCGI sent in stderr: "PHP message: PHP Warning: The magic method Vc_Manager::__wakeup() must have public visibility in /var/www/biocabaz_new/web/wp-conteudos/plugins/js_composer_theme/include/classes/core/class-vc-manager.php on line 203; PHP message: PHP Warning: Undefined variable $height in /var/www/biocabaz_new/web/wp-conteudos/themes/jupiter-child/views/header/master/checkout.php on line 22" while reading response header from upstream, client: 52.167.144.169, server: biocabaz.pt, request: "GET /web/produto/bebida-de-millet-isola/?doing_wp_cron=1780790600.6553969383239746093750 HTTP/1.1", upstream: "fastcgi://unix:/var/run/php/php8.2-fpm.sock:", host: "www.biocabaz.pt"
2026/06/07 02:03:25 [error] 2322083#2322083: *3886284 FastCGI sent in stderr: "PHP message: PHP Warning: The magic method Vc_Manager::__wakeup() must have public visibility in /var/www/biocabaz_new/web/wp-conteudos/plugins/js_composer_theme/include/classes/core/class-vc-manager.php on line 203; PHP message: PHP Warning: Undefined variable $height in /var/www/biocabaz_new/web/wp-conteudos/themes/jupiter-child/views/header/master/checkout.php on line 22" while reading response header from upstream, client: 52.167.144.157, server: biocabaz.pt, request: "GET /web/en/produto/lombo-de-porco-preto-bio/?doing_wp_cron=1767455001.1081840991973876953125 HTTP/1.1", upstream: "fastcgi://unix:/var/run/php/php8.2-fpm.sock:", host: "www.biocabaz.pt"
2026/06/07 02:03:31 [error] 2322083#2322083: *3886364 FastCGI sent in stderr: "PHP message: PHP Warning: The magic method Vc_Manager::__wakeup() must have public visibility in /var/www/biocabaz_new/web/wp-conteudos/plugins/js_composer_theme/include/classes/core/class-vc-manager.php on line 203; PHP message: PHP Warning: chmod(): Operation not permitted in /var/www/biocabaz_new/web/wp-includes/class-wp-image-editor-gd.php on line 548" while reading response header from upstream, client: 43.173.177.227, server: biocabaz.pt, request: "GET /web/en/wp-json/oembed/1.0/embed?format=xml&url=https%3A%2F%2Fwww.biocabaz.pt%2Fweb%2Fen%2Fproduto%2Ftinta-para-cabelo-naturtint-1n-negro-ebano%2F HTTP/1.1", upstream: "fastcgi://unix:/var/run/php/php8.2-fpm.sock:", host: "www.biocabaz.pt"
2026/06/07 02:03:31 [error] 2322084#2322084: *3886372 FastCGI sent in stderr: "PHP message: PHP Warning: The magic method Vc_Manager::__wakeup() must have public visibility in /var/www/biocabaz_new/web/wp-conteudos/plugins/js_composer_theme/include/classes/core/class-vc-manager.php on line 203; PHP message: PHP Warning: Undefined variable $height in /var/www/biocabaz_new/web/wp-conteudos/themes/jupiter-child/views/header/master/checkout.php on line 22" while reading response header from upstream, client: 66.249.79.35, server: biocabaz.pt, request: "GET /web/en/produto/xilitol-bio-provida-250g/ HTTP/1.1", upstream: "fastcgi://unix:/var/run/php/php8.2-fpm.sock:", host: "www.biocabaz.pt"
2026/06/07 02:03:53 [error] 2322083#2322083: *3886703 FastCGI sent in stderr: "PHP message: PHP Warning: The magic method Vc_Manager::__wakeup() must have public visibility in /var/www/biocabaz_new/web/wp-conteudos/plugins/js_composer_theme/include/classes/core/class-vc-manager.php on line 203; PHP message: The WC_Customer::get_postcode function is deprecated since version 3.0. Replace with WC_Customer::get_billing_postcode" while reading response header from upstream, client: 66.249.79.33, server: biocabaz.pt, request: "POST /web/en/?wc-ajax=get_refreshed_fragments HTTP/1.1", upstream: "fastcgi://unix:/var/run/php/php8.2-fpm.sock:", host: "www.biocabaz.pt", referrer: "https://www.biocabaz.pt/web/en/produto/xilitol-bio-provida-250g/"
2026/06/07 02:03:57 [error] 2322083#2322083: *3886748 FastCGI sent in stderr: "PHP message: PHP Warning: The magic method Vc_Manager::__wakeup() must have public visibility in /var/www/biocabaz_new/web/wp-conteudos/plugins/js_composer_theme/include/classes/core/class-vc-manager.php on line 203; PHP message: PHP Warning: Undefined variable $height in /var/www/biocabaz_new/web/wp-conteudos/themes/jupiter-child/views/header/master/checkout.php on line 22" while reading response header from upstream, client: 213.180.203.146, server: biocabaz.pt, request: "GET /web/en/categoria-produto/limpeza-da-casa/casa-de-banho/?add-to-cart=74807 HTTP/1.1", upstream: "fastcgi://unix:/var/run/php/php8.2-fpm.sock:", host: "biocabaz.pt"
2026/06/07 02:04:09 [error] 2322083#2322083: *3886912 FastCGI sent in stderr: "PHP message: PHP Warning: The magic method Vc_Manager::__wakeup() must have public visibility in /var/www/biocabaz_new/web/wp-conteudos/plugins/js_composer_theme/include/classes/core/class-vc-manager.php on line 203; PHP message: PHP Warning: Undefined variable $height in /var/www/biocabaz_new/web/wp-conteudos/themes/jupiter-child/views/header/master/checkout.php on line 22" while reading response header from upstream, client: 188.255.140.131, server: biocabaz.pt, request: "GET /web/en/produto/483 HTTP/1.1", upstream: "fastcgi://unix:/var/run/php/php8.2-fpm.sock:", host: "www.biocabaz.pt", referrer: "https://www.biocabaz.pt/"
2026/06/07 02:04:11 [error] 2322083#2322083: *3886984 FastCGI sent in stderr: "PHP message: PHP Warning: require(/var/www/turismonew2024/wp-blog-header.php): failed to open stream: No such file or directory in /var/www/turismonew2024/index.php on line 17PHP message: PHP Fatal error: require(): Failed opening required '/var/www/turismonew2024/wp-blog-header.php' (include_path='.:/usr/share/php') in /var/www/turismonew2024/index.php on line 17" while reading response header from upstream, client: 52.167.144.205, server: fomento-sgoic.pt, request: "GET /property/armazem-vila-nova-de-gaia/ HTTP/1.1", upstream: "fastcgi://unix:/var/run/php/php7.4-fpm.sock:", host: "www.fomento-sgoic.pt"
2026/06/07 02:04:11 [error] 2322083#2322083: *3886985 FastCGI sent in stderr: "Primary script unknown" while reading response header from upstream, client: 5.83.135.102, server: biocabaz.pt, request: "GET /wp-login.php HTTP/1.1", upstream: "fastcgi://unix:/var/run/php/php8.2-fpm.sock:", host: "biocabaz.pt"
2026/06/07 02:04:11 [error] 2322083#2322083: *3886991 FastCGI sent in stderr: "PHP message: PHP Warning: require(/var/www/turismonew2024/wp-blog-header.php): failed to open stream: No such file or directory in /var/www/turismonew2024/index.php on line 17PHP message: PHP Fatal error: require(): Failed opening required '/var/www/turismonew2024/wp-blog-header.php' (include_path='.:/usr/share/php') in /var/www/turismonew2024/index.php on line 17" while reading response header from upstream, client: 57.141.20.66, server: fomento-sgoic.pt, request: "GET /onlajn-kazino-oficialnyj-sajt-v-rossii-i-stranah-306/ HTTP/1.1", upstream: "fastcgi://unix:/var/run/php/php7.4-fpm.sock:", host: "www.fomento-sgoic.pt"
2026/06/07 02:04:11 [error] 2322083#2322083: *3886985 FastCGI sent in stderr: "Primary script unknown" while reading response header from upstream, client: 5.83.135.102, server: biocabaz.pt, request: "GET /wp-login.php HTTP/1.1", upstream: "fastcgi://unix:/var/run/php/php8.2-fpm.sock:", host: "biocabaz.pt", referrer: "https://t.co/"
2026/06/07 02:04:11 [error] 2322083#2322083: *3886985 "/var/www/biocabaz_new/wp-admin/index.php" is not found (2: No such file or directory), client: 5.83.135.102, server: biocabaz.pt, request: "GET /wp-admin/ HTTP/1.1", host: "biocabaz.pt", referrer: "https://www.google.com/search?q=wordpress"
2026/06/07 02:04:14 [error] 2322083#2322083: *3886995 FastCGI sent in stderr: "PHP message: PHP Warning: The magic method Vc_Manager::__wakeup() must have public visibility in /var/www/biocabaz_new/web/wp-conteudos/plugins/js_composer_theme/include/classes/core/class-vc-manager.php on line 203" while reading response header from upstream, client: 177.161.175.152, server: biocabaz.pt, request: "GET /web/en/produto/483 HTTP/1.1", upstream: "fastcgi://unix:/var/run/php/php8.2-fpm.sock:", host: "www.biocabaz.pt", referrer: "https://www.biocabaz.pt/"
2026/06/07 02:04:24 [error] 2322083#2322083: *3887177 FastCGI sent in stderr: "PHP message: PHP Warning: The magic method Vc_Manager::__wakeup() must have public visibility in /var/www/biocabaz_new/web/wp-conteudos/plugins/js_composer_theme/include/classes/core/class-vc-manager.php on line 203" while reading response header from upstream, client: 116.179.32.98, server: biocabaz.pt, request: "GET /web/en/categoria-produto/mercearia/bolachas_e_snacks/page/1/?doing_wp_cron=1773628620.4519820213317871093750 HTTP/1.1", upstream: "fastcgi://unix:/var/run/php/php8.2-fpm.sock:", host: "biocabaz.pt"
2026/06/07 02:04:30 [error] 2322083#2322083: *3887249 FastCGI sent in stderr: "PHP message: PHP Warning: The magic method Vc_Manager::__wakeup() must have public visibility in /var/www/biocabaz_new/web/wp-conteudos/plugins/js_composer_theme/include/classes/core/class-vc-manager.php on line 203; PHP message: PHP Warning: Trying to access array offset on value of type bool in /var/www/biocabaz_new/web/wp-includes/media.php on line 795; PHP message: PHP Warning: Trying to access array offset on value of type bool in /var/www/biocabaz_new/web/wp-includes/media.php on line 801" while reading response header from upstream, client: 43.172.196.238, server: biocabaz.pt, request: "GET /web/wp-json/oembed/1.0/embed?url=https%3A%2F%2Fwww.biocabaz.pt%2Fweb%2Fproduto%2Fmanteiga-de-avela-chocolate-biomit-230g%2F HTTP/1.1", upstream: "fastcgi://unix:/var/run/php/php8.2-fpm.sock:", host: "www.biocabaz.pt"
2026/06/07 02:04:32 [error] 2322083#2322083: *3887273 FastCGI sent in stderr: "PHP message: PHP Warning: The magic method Vc_Manager::__wakeup() must have public visibility in /var/www/biocabaz_new/web/wp-conteudos/plugins/js_composer_theme/include/classes/core/class-vc-manager.php on line 203; PHP message: PHP Warning: Undefined variable $height in /var/www/biocabaz_new/web/wp-conteudos/themes/jupiter-child/views/header/master/checkout.php on line 22; PHP message: PHP Warning: Trying to access array offset on value of type bool in /var/www/biocabaz_new/web/wp-includes/media.php on line 795; PHP message: PHP Warning: Trying to access array offset on value of type bool in /var/www/biocabaz_new/web/wp-includes/media.php on line 801" while reading response header from upstream, client: 47.128.17.156, server: biocabaz.pt, request: "GET /web/produto/bacalhau-fresco-lombo-c-cura-de-sal/?doing_wp_cron=1694865669.7844519615173339843750 HTTP/1.1", upstream: "fastcgi://unix:/var/run/php/php8.2-fpm.sock:", host: "www.biocabaz.pt"
2026/06/07 02:04:33 [error] 2322083#2322083: *3887296 FastCGI sent in stderr: "PHP message: PHP Warning: The magic method Vc_Manager::__wakeup() must have public visibility in /var/www/biocabaz_new/web/wp-conteudos/plugins/js_composer_theme/include/classes/core/class-vc-manager.php on line 203; PHP message: The WC_Customer::get_postcode function is deprecated since version 3.0. Replace with WC_Customer::get_billing_postcode" while reading response header from upstream, client: 17.241.219.90, server: biocabaz.pt, request: "POST /web/en/?wc-ajax=get_refreshed_fragments HTTP/1.1", upstream: "fastcgi://unix:/var/run/php/php8.2-fpm.sock:", host: "www.biocabaz.pt", referrer: "https://www.biocabaz.pt/web/en/shop/page/16/?doing_wp_cron=1690199087.3893098831176757812500"
2026/06/07 02:04:45 [error] 2322083#2322083: *3887447 FastCGI sent in stderr: "PHP message: PHP Warning: The magic method Vc_Manager::__wakeup() must have public visibility in /var/www/biocabaz_new/web/wp-conteudos/plugins/js_composer_theme/include/classes/core/class-vc-manager.php on line 203; PHP message: PHP Warning: Undefined variable $height in /var/www/biocabaz_new/web/wp-conteudos/themes/jupiter-child/views/header/master/checkout.php on line 22" while reading response header from upstream, client: 47.128.17.204, server: biocabaz.pt, request: "GET /web/en/produto/lentilhas-sem-casca-bio-500g-provida/ HTTP/1.1", upstream: "fastcgi://unix:/var/run/php/php8.2-fpm.sock:", host: "www.biocabaz.pt"
2026/06/07 02:05:03 [error] 2322083#2322083: *3887715 FastCGI sent in stderr: "PHP message: PHP Warning: The magic method Vc_Manager::__wakeup() must have public visibility in /var/www/biocabaz_new/web/wp-conteudos/plugins/js_composer_theme/include/classes/core/class-vc-manager.php on line 203; PHP message: PHP Warning: Undefined variable $height in /var/www/biocabaz_new/web/wp-conteudos/themes/jupiter-child/views/header/master/checkout.php on line 22" while reading response header from upstream, client: 75.119.139.177, server: biocabaz.pt, request: "GET /web/profile/login/ HTTP/1.0", upstream: "fastcgi://unix:/var/run/php/php8.2-fpm.sock:", host: "www.biocabaz.pt"
2026/06/07 02:05:06 [error] 2322083#2322083: *3887749 FastCGI sent in stderr: "PHP message: PHP Warning: The magic method Vc_Manager::__wakeup() must have public visibility in /var/www/biocabaz_new/web/wp-conteudos/plugins/js_composer_theme/include/classes/core/class-vc-manager.php on line 203; PHP message: PHP Warning: Undefined variable $height in /var/www/biocabaz_new/web/wp-conteudos/themes/jupiter-child/views/header/master/checkout.php on line 22" while reading response header from upstream, client: 75.119.139.177, server: biocabaz.pt, request: "GET /web/profile/register/ HTTP/1.0", upstream: "fastcgi://unix:/var/run/php/php8.2-fpm.sock:", host: "www.biocabaz.pt"
2026/06/07 02:05:07 [error] 2322083#2322083: *3887769 FastCGI sent in stderr: "PHP message: PHP Warning: The magic method Vc_Manager::__wakeup() must have public visibility in /var/www/biocabaz_new/web/wp-conteudos/plugins/js_composer_theme/include/classes/core/class-vc-manager.php on line 203; PHP message: PHP Warning: Undefined variable $height in /var/www/biocabaz_new/web/wp-conteudos/themes/jupiter-child/views/header/master/checkout.php on line 22" while reading response header from upstream, client: 75.119.139.177, server: biocabaz.pt, request: "GET /web/?page_id=2718 HTTP/1.0", upstream: "fastcgi://unix:/var/run/php/php8.2-fpm.sock:", host: "www.biocabaz.pt"
2026/06/07 02:05:10 [error] 2322083#2322083: *3887899 FastCGI sent in stderr: "PHP message: PHP Warning: The magic method Vc_Manager::__wakeup() must have public visibility in /var/www/biocabaz_new/web/wp-conteudos/plugins/js_composer_theme/include/classes/core/class-vc-manager.php on line 203" while reading response header from upstream, client: 75.119.139.177, server: biocabaz.pt, request: "GET /web/?s HTTP/1.0", upstream: "fastcgi://unix:/var/run/php/php8.2-fpm.sock:", host: "www.biocabaz.pt"
2026/06/07 02:05:10 [error] 2322083#2322083: *3887934 open() "/var/www/biocabaz_new/robots.txt" failed (2: No such file or directory), client: 3.148.230.148, server: biocabaz.pt, request: "GET /robots.txt HTTP/1.1", host: "biocabaz.pt"
