65.108.78.33 - - [06/Jun/2026:04:27:03 +0200] "GET /page/306/?p=%E0%A6%95%E0%A6%95mnt HTTP/1.1" 200 9683 "-" "Mozilla/5.0 (compatible; MJ12bot/v1.4.8; http://mj12bot.com/)"
65.108.78.33 - - [06/Jun/2026:04:27:04 +0200] "GET /page/306/?p=%E0%A6%95%E0%A6%95boot%E0%A6%95grub%E0%A6%95fonts HTTP/1.1" 200 9693 "-" "Mozilla/5.0 (compatible; MJ12bot/v1.4.8; http://mj12bot.com/)"
65.108.78.33 - - [06/Jun/2026:04:27:06 +0200] "GET /page/306/?p=%E0%A6%95%E0%A6%95lib%E0%A6%95ssl%E0%A6%95private HTTP/1.1" 200 9692 "-" "Mozilla/5.0 (compatible; MJ12bot/v1.4.8; http://mj12bot.com/)"
65.108.78.33 - - [06/Jun/2026:04:27:08 +0200] "GET /page/306/?p=%E0%A6%95%E0%A6%95lost%2Bfound HTTP/1.1" 200 9691 "-" "Mozilla/5.0 (compatible; MJ12bot/v1.4.8; http://mj12bot.com/)"
65.108.78.33 - - [06/Jun/2026:04:27:09 +0200] "GET /page/307/?p=%E0%A6%95%E0%A6%95boot%E0%A6%95grub%E0%A6%95fonts HTTP/1.1" 200 9838 "-" "Mozilla/5.0 (compatible; MJ12bot/v1.4.8; http://mj12bot.com/)"
65.108.78.33 - - [06/Jun/2026:04:27:11 +0200] "GET /page/307/?p=%E0%A6%95%E0%A6%95boot%E0%A6%95grub%E0%A6%95i386-pc HTTP/1.1" 200 9842 "-" "Mozilla/5.0 (compatible; MJ12bot/v1.4.8; http://mj12bot.com/)"
65.108.78.33 - - [06/Jun/2026:04:27:13 +0200] "GET /page/307/?p=%E0%A6%95%E0%A6%95dev HTTP/1.1" 200 9825 "-" "Mozilla/5.0 (compatible; MJ12bot/v1.4.8; http://mj12bot.com/)"
65.108.78.33 - - [06/Jun/2026:04:27:14 +0200] "GET /page/307/?p=%E0%A6%95%E0%A6%95dev%E0%A6%95bus%E0%A6%95usb HTTP/1.1" 200 9838 "-" "Mozilla/5.0 (compatible; MJ12bot/v1.4.8; http://mj12bot.com/)"
65.108.78.33 - - [06/Jun/2026:04:27:16 +0200] "GET /page/307/?p=%E0%A6%95%E0%A6%95dev%E0%A6%95disk%E0%A6%95by-id HTTP/1.1" 200 9840 "-" "Mozilla/5.0 (compatible; MJ12bot/v1.4.8; http://mj12bot.com/)"
43.133.54.83 - - [06/Jun/2026:04:27:16 +0200] "GET /embed/ HTTP/1.1" 301 5 "-" "Mozilla/5.0 (iPhone; CPU iPhone OS 13_2_3 like Mac OS X) AppleWebKit/605.1.15 (KHTML, like Gecko) Version/13.0.3 Mobile/15E148 Safari/604.1"
65.108.78.33 - - [06/Jun/2026:04:27:18 +0200] "GET /page/307/?p=%E0%A6%95%E0%A6%95dev%E0%A6%95input%E0%A6%95by-path HTTP/1.1" 200 9843 "-" "Mozilla/5.0 (compatible; MJ12bot/v1.4.8; http://mj12bot.com/)"
65.108.78.33 - - [06/Jun/2026:04:27:19 +0200] "GET /page/307/?p=%E0%A6%95%E0%A6%95lib32 HTTP/1.1" 200 9827 "-" "Mozilla/5.0 (compatible; MJ12bot/v1.4.8; http://mj12bot.com/)"
65.108.78.33 - - [06/Jun/2026:04:27:21 +0200] "GET /page/307/?p=%E0%A6%95%E0%A6%95lib64 HTTP/1.1" 200 9827 "-" "Mozilla/5.0 (compatible; MJ12bot/v1.4.8; http://mj12bot.com/)"
43.133.54.83 - - [06/Jun/2026:04:27:22 +0200] "GET / HTTP/1.1" 200 22981 "https://www.turismofundos.pt/embed/" "Mozilla/5.0 (iPhone; CPU iPhone OS 13_2_3 like Mac OS X) AppleWebKit/605.1.15 (KHTML, like Gecko) Version/13.0.3 Mobile/15E148 Safari/604.1"
65.108.78.33 - - [06/Jun/2026:04:27:23 +0200] "GET /page/307/?p=%E0%A6%95%E0%A6%95libx32 HTTP/1.1" 200 9828 "-" "Mozilla/5.0 (compatible; MJ12bot/v1.4.8; http://mj12bot.com/)"
65.108.78.33 - - [06/Jun/2026:04:27:24 +0200] "GET /page/307/?p=%E0%A6%95%E0%A6%95lib%E0%A6%95ssl%E0%A6%95private HTTP/1.1" 200 9839 "-" "Mozilla/5.0 (compatible; MJ12bot/v1.4.8; http://mj12bot.com/)"
65.108.78.33 - - [06/Jun/2026:04:27:26 +0200] "GET /page/307/?p=%E0%A6%95%E0%A6%95lib%E0%A6%95x86_64-linux-gnu HTTP/1.1" 200 9843 "-" "Mozilla/5.0 (compatible; MJ12bot/v1.4.8; http://mj12bot.com/)"
65.108.78.33 - - [06/Jun/2026:04:27:28 +0200] "GET /page/307/?p=%E0%A6%95%E0%A6%95lost%20found HTTP/1.1" 200 9831 "-" "Mozilla/5.0 (compatible; MJ12bot/v1.4.8; http://mj12bot.com/)"
65.108.78.33 - - [06/Jun/2026:04:27:29 +0200] "GET /page/308/?p=%E0%A6%95%E0%A6%95dev%E0%A6%95disk%E0%A6%95by-id HTTP/1.1" 200 16324 "-" "Mozilla/5.0 (compatible; MJ12bot/v1.4.8; http://mj12bot.com/)"
65.108.78.33 - - [06/Jun/2026:04:27:31 +0200] "GET /page/308/?p=%E0%A6%95%E0%A6%95lib32 HTTP/1.1" 200 16313 "-" "Mozilla/5.0 (compatible; MJ12bot/v1.4.8; http://mj12bot.com/)"
65.108.78.33 - - [06/Jun/2026:04:27:33 +0200] "GET /page/308/?p=%E0%A6%95%E0%A6%95lib64 HTTP/1.1" 200 16314 "-" "Mozilla/5.0 (compatible; MJ12bot/v1.4.8; http://mj12bot.com/)"
65.108.78.33 - - [06/Jun/2026:04:27:34 +0200] "GET /page/308/?p=%E0%A6%95%E0%A6%95libx32 HTTP/1.1" 200 16315 "-" "Mozilla/5.0 (compatible; MJ12bot/v1.4.8; http://mj12bot.com/)"
65.108.78.33 - - [06/Jun/2026:04:27:36 +0200] "GET /page/308/?p=%E0%A6%95%E0%A6%95lib%E0%A6%95ssl%E0%A6%95private HTTP/1.1" 200 16325 "-" "Mozilla/5.0 (compatible; MJ12bot/v1.4.8; http://mj12bot.com/)"
65.108.78.33 - - [06/Jun/2026:04:27:38 +0200] "GET /page/308/?p=%E0%A6%95%E0%A6%95lib%E0%A6%95x86_64-linux-gnu HTTP/1.1" 200 16329 "-" "Mozilla/5.0 (compatible; MJ12bot/v1.4.8; http://mj12bot.com/)"
65.108.78.33 - - [06/Jun/2026:04:27:40 +0200] "GET /page/308/?p=%E0%A6%95%E0%A6%95lost%20found HTTP/1.1" 200 16318 "-" "Mozilla/5.0 (compatible; MJ12bot/v1.4.8; http://mj12bot.com/)"
65.108.78.33 - - [06/Jun/2026:04:27:41 +0200] "GET /page/308/?p=%E0%A6%95%E0%A6%95mnt HTTP/1.1" 200 16311 "-" "Mozilla/5.0 (compatible; MJ12bot/v1.4.8; http://mj12bot.com/)"
54.38.147.46 - - [06/Jun/2026:04:28:17 +0200] "GET /discovering-the-basics-of-casino-games-a-beginner/ HTTP/1.1" 200 9463 "-" "Mozilla/5.0 (compatible; AhrefsBot/7.0; +http://ahrefs.com/robot/)"
82.165.249.59 - - [06/Jun/2026:04:28:18 +0200] "GET /wp-login.php HTTP/1.1" 200 2624 "www.google.com" "Mozilla/5.0 (Windows NT 10.0; Win64; x64) AppleWebKit/537.36 (KHTML, like Gecko) Chrome/91.0.4472.124 Safari/537.36"
82.165.249.59 - - [06/Jun/2026:04:28:18 +0200] "POST /wp-login.php HTTP/1.1" 200 2768 "https://turismofundos.pt/wp-admin/" "Mozilla/5.0 (Windows NT 10.0; Win64; x64) AppleWebKit/537.36 (KHTML, like Gecko) Chrome/91.0.4472.124 Safari/537.36"
82.165.249.59 - - [06/Jun/2026:04:28:18 +0200] "GET /wp-admin/ HTTP/1.1" 302 5 "www.google.com" "Mozilla/5.0 (Windows NT 10.0; Win64; x64) AppleWebKit/537.36 (KHTML, like Gecko) Chrome/91.0.4472.124 Safari/537.36"
82.165.249.59 - - [06/Jun/2026:04:28:25 +0200] "GET /wp-login.php?redirect_to=https%3A%2F%2Fturismofundos.pt%2Fwp-admin%2F&reauth=1 HTTP/1.1" 200 2631 "www.google.com" "Mozilla/5.0 (Windows NT 10.0; Win64; x64) AppleWebKit/537.36 (KHTML, like Gecko) Chrome/91.0.4472.124 Safari/537.36"
17.241.75.71 - - [06/Jun/2026:04:29:13 +0200] "GET /page/409/?p=%E0%A6%95var%E0%A6%95www%E0%A6%95turismonew%E0%A6%95wp-content%E0%A6%95plugins%E0%A6%95insert-headers-and-footers HTTP/1.1" 200 12657 "-" "Mozilla/5.0 (Macintosh; Intel Mac OS X 10_15_7) AppleWebKit/605.1.15 (KHTML, like Gecko) Version/17.4 Safari/605.1.15 (Applebot/0.1; +http://www.apple.com/go/applebot)"
198.244.183.106 - - [06/Jun/2026:04:29:42 +0200] "GET /descubre-los-secretos-del-exito-en-el-pin-up-casino-el-mundo-de-los-casinos-en-linea-ha-revolucionad-2/ HTTP/1.1" 200 8213 "-" "Mozilla/5.0 (compatible; AhrefsBot/7.0; +http://ahrefs.com/robot/)"
75.119.139.177 - - [06/Jun/2026:04:31:36 +0200] "POST /wp-cron.php?doing_wp_cron=1780713096.1923890113830566406250 HTTP/1.1" 200 31 "-" "WordPress/6.5; https://www.turismofundos.pt"
162.241.152.21 - - [06/Jun/2026:04:31:36 +0200] "GET /wp-login.php HTTP/1.1" 200 2624 "-" "Mozilla/5.0 (X11; Linux x86_64; rv:133.0) Gecko/20100101 Firefox/133.0"
162.241.152.21 - - [06/Jun/2026:04:31:36 +0200] "POST /wp-login.php HTTP/1.1" 200 2769 "https://turismofundos.pt/wp-login.php" "Mozilla/5.0 (X11; Linux x86_64; rv:133.0) Gecko/20100101 Firefox/133.0"
198.244.226.190 - - [06/Jun/2026:04:31:42 +0200] "GET /descubre-los-secretos-del-casino-pinup-y-transforma-tu-experiencia-de-juego-el-casino-pinup-es-conoc/ HTTP/1.1" 200 8397 "-" "Mozilla/5.0 (compatible; AhrefsBot/7.0; +http://ahrefs.com/robot/)"
62.77.224.67 - - [06/Jun/2026:04:32:12 +0200] "GET /wp-login.php HTTP/1.1" 200 2624 "-" "Mozilla/5.0 (Windows NT 10.0; Win64; x64) AppleWebKit/537.36 (KHTML, like Gecko) Chrome/120.0.0.0 Safari/537.36"
62.77.224.67 - - [06/Jun/2026:04:32:13 +0200] "POST /wp-login.php HTTP/1.1" 200 2770 "https://turismofundos.pt/wp-login.php" "Mozilla/5.0 (Windows NT 10.0; Win64; x64) AppleWebKit/537.36 (KHTML, like Gecko) Chrome/120.0.0.0 Safari/537.36"
142.93.215.41 - - [06/Jun/2026:04:32:27 +0200] "POST /xmlrpc.php HTTP/1.1" 200 244 "-" "Mozilla/5.0 (Windows NT 10.0; Win64; x64) AppleWebKit/537.36 (KHTML, like Gecko) Chrome/133.0.0.0 Safari/537.36"
51.195.215.64 - - [06/Jun/2026:04:32:38 +0200] "GET /descubre-las-mejores-estrategias-para-ganar-en-pin-up-casino-en-el-mundo-de-los-casinos-online-pin-u/ HTTP/1.1" 200 8152 "-" "Mozilla/5.0 (compatible; AhrefsBot/7.0; +http://ahrefs.com/robot/)"
50.6.169.131 - - [06/Jun/2026:04:32:41 +0200] "GET /wp-login.php HTTP/1.1" 200 2624 "-" "Mozilla/5.0 (Windows NT 10.0) AppleWebKit/537.36 (KHTML, like Gecko) Chrome/133.0.0.0 Safari/537.36"
50.6.169.131 - - [06/Jun/2026:04:32:41 +0200] "POST /wp-login.php HTTP/1.1" 200 2766 "https://turismofundos.pt/wp-login.php" "Mozilla/5.0 (Windows NT 10.0) AppleWebKit/537.36 (KHTML, like Gecko) Chrome/133.0.0.0 Safari/537.36"
198.244.242.129 - - [06/Jun/2026:04:33:44 +0200] "GET /safe-and-quick-access/ HTTP/1.1" 200 7959 "-" "Mozilla/5.0 (compatible; AhrefsBot/7.0; +http://ahrefs.com/robot/)"
66.249.79.203 - - [06/Jun/2026:04:33:46 +0200] "GET /operate-with-passion-and-attain-exciting-casino-gambling-rewards/ HTTP/1.1" 200 7906 "-" "Mozilla/5.0 (Linux; Android 6.0.1; Nexus 5X Build/MMB29P) AppleWebKit/537.36 (KHTML, like Gecko) Chrome/148.0.7778.96 Mobile Safari/537.36 (compatible; Googlebot/2.1; +http://www.google.com/bot.html)"
45.157.112.84 - - [06/Jun/2026:04:34:20 +0200] "POST /wp-login.php HTTP/1.1" 200 7544 "-" "Mozilla/5.0"
45.157.112.84 - - [06/Jun/2026:04:34:20 +0200] "POST /wp-login.php HTTP/1.1" 200 7570 "-" "Mozilla/5.0"
45.157.112.133 - - [06/Jun/2026:04:34:20 +0200] "POST /wp-login.php HTTP/1.1" 200 7550 "-" "Mozilla/5.0"
45.157.112.248 - - [06/Jun/2026:04:34:20 +0200] "POST /wp-login.php HTTP/1.1" 200 7544 "-" "Mozilla/5.0"
45.157.112.98 - - [06/Jun/2026:04:34:20 +0200] "POST /wp-login.php HTTP/1.1" 200 7552 "-" "Mozilla/5.0"
45.157.112.245 - - [06/Jun/2026:04:34:20 +0200] "POST /wp-login.php HTTP/1.1" 200 7570 "-" "Mozilla/5.0"
45.157.112.248 - - [06/Jun/2026:04:34:20 +0200] "POST /wp-login.php HTTP/1.1" 200 7558 "-" "Mozilla/5.0"
198.244.168.200 - - [06/Jun/2026:04:34:45 +0200] "GET /descubre-los-secretos-del-exito-en-pin-up-casino-el-mundo-de-los-casinos-en-linea-ha-crecido-de-mane-2/ HTTP/1.1" 200 8288 "-" "Mozilla/5.0 (compatible; AhrefsBot/7.0; +http://ahrefs.com/robot/)"
18.136.78.124 - - [06/Jun/2026:04:35:42 +0200] "GET /wp-login.php HTTP/1.1" 200 2624 "-" "Mozilla/5.0 (Windows NT 10.0; Win64; x64) AppleWebKit/537.36 (KHTML, like Gecko) Chrome/120.0.0.0 Safari/537.36"
18.136.78.124 - - [06/Jun/2026:04:35:43 +0200] "POST /wp-login.php HTTP/1.1" 200 2766 "https://turismofundos.pt/wp-login.php" "Mozilla/5.0 (Windows NT 10.0; Win64; x64) AppleWebKit/537.36 (KHTML, like Gecko) Chrome/120.0.0.0 Safari/537.36"
201.187.155.10 - - [06/Jun/2026:04:35:56 +0200] "POST /xmlrpc.php HTTP/1.1" 200 223 "-" "Mozilla/5.0 (Windows NT 10.0; Win64; x64) AppleWebKit/537.36"
188.236.176.247 - - [06/Jun/2026:04:35:57 +0200] "GET / HTTP/1.1" 301 5 "-" "Mozilla/5.0 (Windows NT 10.0; Win64; x64) AppleWebKit/537.36 (KHTML, like Gecko) Chrome/120.0.0.0 Safari/537.36"
104.248.75.7 - - [06/Jun/2026:04:35:59 +0200] "GET / HTTP/1.1" 301 5 "75.119.139.177" "Mozilla/5.0 (Windows NT 6.1; WOW64; rv:59.0) Gecko/20100101 Firefox/59.0"
188.236.176.247 - - [06/Jun/2026:04:35:59 +0200] "GET / HTTP/1.1" 200 22981 "https://turismofundos.pt" "Mozilla/5.0 (Windows NT 10.0; Win64; x64) AppleWebKit/537.36 (KHTML, like Gecko) Chrome/120.0.0.0 Safari/537.36"
188.236.176.247 - - [06/Jun/2026:04:36:01 +0200] "GET /wp-login.php HTTP/1.1" 200 2624 "-" "Mozilla/5.0 (Windows NT 10.0; Win64; x64) AppleWebKit/537.36 (KHTML, like Gecko) Chrome/120.0.0.0 Safari/537.36"
186.84.178.52 - - [06/Jun/2026:04:36:03 +0200] "GET / HTTP/1.1" 301 5 "-" "Mozilla/5.0 (Windows NT 10.0; Win64; x64) AppleWebKit/537.36 (KHTML, like Gecko) Chrome/120.0.0.0 Safari/537.36"
186.84.178.52 - - [06/Jun/2026:04:36:05 +0200] "GET / HTTP/1.1" 200 22981 "https://turismofundos.pt" "Mozilla/5.0 (Windows NT 10.0; Win64; x64) AppleWebKit/537.36 (KHTML, like Gecko) Chrome/120.0.0.0 Safari/537.36"
186.84.178.52 - - [06/Jun/2026:04:36:07 +0200] "GET /wp-login.php HTTP/1.1" 200 2624 "-" "Mozilla/5.0 (Windows NT 10.0; Win64; x64) AppleWebKit/537.36 (KHTML, like Gecko) Chrome/120.0.0.0 Safari/537.36"
186.84.178.52 - - [06/Jun/2026:04:36:09 +0200] "GET /wp-login.php?wp_lang=en_US HTTP/1.1" 200 2046 "-" "Mozilla/5.0 (Windows NT 10.0; Win64; x64) AppleWebKit/537.36 (KHTML, like Gecko) Chrome/120.0.0.0 Safari/537.36"
186.84.178.52 - - [06/Jun/2026:04:36:11 +0200] "POST /wp-login.php HTTP/1.1" 200 2188 "https://www.turismofundos.pt" "Mozilla/5.0 (Windows NT 10.0; Win64; x64) AppleWebKit/537.36 (KHTML, like Gecko) Chrome/120.0.0.0 Safari/537.36"
78.142.18.172 - - [06/Jun/2026:04:37:03 +0200] "GET /wp-login.php HTTP/1.1" 200 2624 "-" "Mozilla/5.0 (X11; Fedora; Linux x86_64) AppleWebKit/537.36 (KHTML, like Gecko) Chrome/133.0.0.0 Safari/537.36"
78.142.18.172 - - [06/Jun/2026:04:37:04 +0200] "POST /wp-login.php HTTP/1.1" 200 2770 "https://turismofundos.pt/wp-login.php" "Mozilla/5.0 (X11; Fedora; Linux x86_64) AppleWebKit/537.36 (KHTML, like Gecko) Chrome/133.0.0.0 Safari/537.36"
46.224.234.158 - - [06/Jun/2026:04:37:57 +0200] "GET /wp-login.php HTTP/1.1" 200 2624 "-" "Mozilla/5.0 (Windows NT 10.0; Win64; x64) AppleWebKit/537.36 (KHTML, like Gecko) Chrome/120.0.0.0 Safari/537.36"
46.224.234.158 - - [06/Jun/2026:04:37:57 +0200] "POST /wp-login.php HTTP/1.1" 200 2768 "https://turismofundos.pt/wp-login.php" "Mozilla/5.0 (Windows NT 10.0; Win64; x64) AppleWebKit/537.36 (KHTML, like Gecko) Chrome/120.0.0.0 Safari/537.36"
17.241.219.169 - - [06/Jun/2026:04:40:27 +0200] "GET /page/369/?p=%E0%A6%95var%E0%A6%95www%E0%A6%95turismonew%E0%A6%95wp-content%E0%A6%95plugins HTTP/1.1" 200 9793 "-" "Mozilla/5.0 (Macintosh; Intel Mac OS X 10_15_7) AppleWebKit/605.1.15 (KHTML, like Gecko) Version/17.4 Safari/605.1.15 (Applebot/0.1; +http://www.apple.com/go/applebot)"
17.241.219.77 - - [06/Jun/2026:04:43:40 +0200] "GET /page/305/?p=%E0%A6%95var%E0%A6%95www%E0%A6%95turismonew%E0%A6%95wp-content%E0%A6%95plugins%E0%A6%95insert-headers-and-footers%E0%A6%95includes HTTP/1.1" 200 10090 "-" "Mozilla/5.0 (Macintosh; Intel Mac OS X 10_15_7) AppleWebKit/605.1.15 (KHTML, like Gecko) Version/17.4 Safari/605.1.15 (Applebot/0.1; +http://www.apple.com/go/applebot)"
17.246.23.212 - - [06/Jun/2026:04:43:54 +0200] "GET /igry-v-kazino-olimp-sloty-krash-igry-aviator-live-casino/ HTTP/1.1" 200 10395 "-" "Mozilla/5.0 (Macintosh; Intel Mac OS X 10_15_7) AppleWebKit/605.1.15 (KHTML, like Gecko) Version/17.4 Safari/605.1.15 (Applebot/0.1; +http://www.apple.com/go/applebot)"
68.178.160.25 - - [06/Jun/2026:04:44:58 +0200] "GET /wp-login.php HTTP/1.1" 200 2624 "-" "Mozilla/5.0 (X11; Ubuntu; Linux x86_64; rv:133.0) Gecko/20100101 Firefox/133.0"
68.178.160.25 - - [06/Jun/2026:04:45:05 +0200] "POST /wp-login.php HTTP/1.1" 200 2766 "https://turismofundos.pt/wp-login.php" "Mozilla/5.0 (X11; Ubuntu; Linux x86_64; rv:133.0) Gecko/20100101 Firefox/133.0"
66.249.79.202 - - [06/Jun/2026:04:46:15 +0200] "GET /descubre-emocionantes-oportunidades-de-casino-y-alcanza-el-placer-total/ HTTP/1.1" 200 7744 "-" "Mozilla/5.0 (Linux; Android 6.0.1; Nexus 5X Build/MMB29P) AppleWebKit/537.36 (KHTML, like Gecko) Chrome/148.0.7778.96 Mobile Safari/537.36 (compatible; GoogleOther)"
66.249.79.204 - - [06/Jun/2026:04:46:17 +0200] "GET /zhodnotte-sve-sance-vzrusujici-cesta-k-mistrovstvi-v-hazardnich-hrach/ HTTP/1.1" 200 7737 "-" "Mozilla/5.0 (Linux; Android 6.0.1; Nexus 5X Build/MMB29P) AppleWebKit/537.36 (KHTML, like Gecko) Chrome/148.0.7778.96 Mobile Safari/537.36 (compatible; GoogleOther)"
66.249.79.203 - - [06/Jun/2026:04:46:18 +0200] "GET /decouvrez-la-passion-electrisante-des-vrais-triomphes-de-malina-casino/ HTTP/1.1" 200 8134 "-" "Mozilla/5.0 (Linux; Android 6.0.1; Nexus 5X Build/MMB29P) AppleWebKit/537.36 (KHTML, like Gecko) Chrome/148.0.7778.96 Mobile Safari/537.36 (compatible; GoogleOther)"
213.171.208.232 - - [06/Jun/2026:04:47:43 +0200] "GET /wp-login.php HTTP/1.1" 200 2624 "-" "Mozilla/5.0 (X11; Linux x86_64) AppleWebKit/537.36 (KHTML, like Gecko) Chrome/133.0.0.0 Safari/537.36"
213.171.208.232 - - [06/Jun/2026:04:47:44 +0200] "POST /wp-login.php HTTP/1.1" 200 2766 "https://turismofundos.pt/wp-login.php" "Mozilla/5.0 (X11; Linux x86_64) AppleWebKit/537.36 (KHTML, like Gecko) Chrome/133.0.0.0 Safari/537.36"
45.157.112.69 - - [06/Jun/2026:04:47:56 +0200] "POST /wp-login.php HTTP/1.1" 200 7570 "-" "Mozilla/5.0"
45.157.112.217 - - [06/Jun/2026:04:47:56 +0200] "POST /wp-login.php HTTP/1.1" 200 7550 "-" "Mozilla/5.0"
45.157.112.61 - - [06/Jun/2026:04:47:56 +0200] "POST /wp-login.php HTTP/1.1" 200 7544 "-" "Mozilla/5.0"
45.157.112.59 - - [06/Jun/2026:04:47:56 +0200] "POST /wp-login.php HTTP/1.1" 200 7570 "-" "Mozilla/5.0"
45.157.112.98 - - [06/Jun/2026:04:47:56 +0200] "POST /wp-login.php HTTP/1.1" 200 7558 "-" "Mozilla/5.0"
45.157.112.230 - - [06/Jun/2026:04:47:56 +0200] "POST /wp-login.php HTTP/1.1" 200 7544 "-" "Mozilla/5.0"
45.157.112.248 - - [06/Jun/2026:04:47:56 +0200] "POST /wp-login.php HTTP/1.1" 200 7552 "-" "Mozilla/5.0"
142.93.215.41 - - [06/Jun/2026:04:49:14 +0200] "GET /wp-login.php HTTP/1.1" 200 2624 "-" "Mozilla/5.0 (X11; Linux x86_64) AppleWebKit/537.36 (KHTML, like Gecko) Chrome/133.0.0.0 Safari/537.36 Edg/133.0.0.0"
142.93.215.41 - - [06/Jun/2026:04:49:15 +0200] "POST /wp-login.php HTTP/1.1" 200 2772 "https://turismofundos.pt/wp-login.php" "Mozilla/5.0 (X11; Linux x86_64) AppleWebKit/537.36 (KHTML, like Gecko) Chrome/133.0.0.0 Safari/537.36 Edg/133.0.0.0"
213.171.208.232 - - [06/Jun/2026:04:49:59 +0200] "POST /xmlrpc.php HTTP/1.1" 200 244 "-" "Mozilla/5.0 (X11; Fedora; Linux x86_64) AppleWebKit/537.36 (KHTML, like Gecko) Chrome/133.0.0.0 Safari/537.36"
51.89.129.108 - - [06/Jun/2026:04:50:33 +0200] "GET /peut-on-profiter-des-promotions-ally-spin-casino-sur-mobile-facilement/feed/ HTTP/1.1" 200 555 "-" "Mozilla/5.0 (compatible; AhrefsBot/7.0; +http://ahrefs.com/robot/)"
66.249.79.204 - - [06/Jun/2026:04:50:48 +0200] "GET /wp-content/uploads/2020/06/RG_Tur%C3%83%C2%ADstico-III.pdf HTTP/1.1" 404 5175 "-" "Googlebot/2.1 (+http://www.google.com/bot.html)"
66.249.79.203 - - [06/Jun/2026:04:50:55 +0200] "GET /learn-effective-casino-systems-to-drive-your-winning-chances/ HTTP/1.1" 200 7916 "-" "Mozilla/5.0 (Linux; Android 6.0.1; Nexus 5X Build/MMB29P) AppleWebKit/537.36 (KHTML, like Gecko) Chrome/148.0.7778.96 Mobile Safari/537.36 (compatible; GoogleOther)"
185.209.56.169 - - [06/Jun/2026:04:51:54 +0200] "GET /robots.txt HTTP/1.1" 200 194 "-" "Mozilla/5.0 (compatible; MJ12bot/v1.4.8; http://mj12bot.com/)"
185.209.56.169 - - [06/Jun/2026:04:51:56 +0200] "GET /page/281/?p=%E0%A6%95%E0%A6%95etc%E0%A6%95python3 HTTP/1.1" 200 23972 "-" "Mozilla/5.0 (compatible; MJ12bot/v1.4.8; http://mj12bot.com/)"
185.209.56.169 - - [06/Jun/2026:04:51:58 +0200] "GET /page/282/?p=%E0%A6%95%E0%A6%95etc%E0%A6%95cron%E0%A6%97hourly HTTP/1.1" 200 27935 "-" "Mozilla/5.0 (compatible; MJ12bot/v1.4.8; http://mj12bot.com/)"
185.209.56.169 - - [06/Jun/2026:04:52:00 +0200] "GET /page/282/?p=%E0%A6%95%E0%A6%95etc%E0%A6%95initramfs-tools HTTP/1.1" 200 27934 "-" "Mozilla/5.0 (compatible; MJ12bot/v1.4.8; http://mj12bot.com/)"
185.209.56.169 - - [06/Jun/2026:04:52:02 +0200] "GET /page/282/?p=%E0%A6%95%E0%A6%95etc%E0%A6%95iproute2 HTTP/1.1" 200 27930 "-" "Mozilla/5.0 (compatible; MJ12bot/v1.4.8; http://mj12bot.com/)"
185.209.56.169 - - [06/Jun/2026:04:52:04 +0200] "GET /page/282/?p=%E0%A6%95%E0%A6%95etc%E0%A6%95kernel HTTP/1.1" 200 27927 "-" "Mozilla/5.0 (compatible; MJ12bot/v1.4.8; http://mj12bot.com/)"
185.209.56.169 - - [06/Jun/2026:04:52:06 +0200] "GET /page/282/?p=%E0%A6%95%E0%A6%95etc%E0%A6%95ld%E0%A6%97so%E0%A6%97conf%E0%A6%97d HTTP/1.1" 200 27938 "-" "Mozilla/5.0 (compatible; MJ12bot/v1.4.8; http://mj12bot.com/)"
185.209.56.169 - - [06/Jun/2026:04:52:08 +0200] "GET /page/282/?p=%E0%A6%95%E0%A6%95etc%E0%A6%95ldap HTTP/1.1" 200 27926 "-" "Mozilla/5.0 (compatible; MJ12bot/v1.4.8; http://mj12bot.com/)"
185.209.56.169 - - [06/Jun/2026:04:52:10 +0200] "GET /page/282/?p=%E0%A6%95%E0%A6%95etc%E0%A6%95letsencrypt HTTP/1.1" 200 27931 "-" "Mozilla/5.0 (compatible; MJ12bot/v1.4.8; http://mj12bot.com/)"
185.209.56.169 - - [06/Jun/2026:04:52:12 +0200] "GET /page/282/?p=%E0%A6%95%E0%A6%95etc%E0%A6%95libnl-3 HTTP/1.1" 200 27930 "-" "Mozilla/5.0 (compatible; MJ12bot/v1.4.8; http://mj12bot.com/)"
185.209.56.169 - - [06/Jun/2026:04:52:14 +0200] "GET /page/282/?p=%E0%A6%95%E0%A6%95etc%E0%A6%95logrotate%E0%A6%97d HTTP/1.1" 200 27934 "-" "Mozilla/5.0 (compatible; MJ12bot/v1.4.8; http://mj12bot.com/)"
185.209.56.169 - - [06/Jun/2026:04:52:16 +0200] "GET /page/282/?p=%E0%A6%95%E0%A6%95etc%E0%A6%95modprobe%E0%A6%97d HTTP/1.1" 200 27934 "-" "Mozilla/5.0 (compatible; MJ12bot/v1.4.8; http://mj12bot.com/)"
185.209.56.169 - - [06/Jun/2026:04:52:17 +0200] "GET /page/282/?p=%E0%A6%95%E0%A6%95etc%E0%A6%95modules-load%E0%A6%97d HTTP/1.1" 200 27936 "-" "Mozilla/5.0 (compatible; MJ12bot/v1.4.8; http://mj12bot.com/)"
185.209.56.169 - - [06/Jun/2026:04:52:19 +0200] "GET /page/282/?p=%E0%A6%95%E0%A6%95etc%E0%A6%95mysql HTTP/1.1" 200 27929 "-" "Mozilla/5.0 (compatible; MJ12bot/v1.4.8; http://mj12bot.com/)"
185.209.56.169 - - [06/Jun/2026:04:52:21 +0200] "GET /page/282/?p=%E0%A6%95%E0%A6%95etc%E0%A6%95netplan HTTP/1.1" 200 27929 "-" "Mozilla/5.0 (compatible; MJ12bot/v1.4.8; http://mj12bot.com/)"
185.209.56.169 - - [06/Jun/2026:04:52:23 +0200] "GET /page/282/?p=%E0%A6%95%E0%A6%95etc%E0%A6%95networkd-dispatcher HTTP/1.1" 200 27936 "-" "Mozilla/5.0 (compatible; MJ12bot/v1.4.8; http://mj12bot.com/)"
185.209.56.169 - - [06/Jun/2026:04:52:25 +0200] "GET /page/282/?p=%E0%A6%95%E0%A6%95etc%E0%A6%95newt HTTP/1.1" 200 27925 "-" "Mozilla/5.0 (compatible; MJ12bot/v1.4.8; http://mj12bot.com/)"
185.209.56.169 - - [06/Jun/2026:04:52:27 +0200] "GET /page/282/?p=%E0%A6%95%E0%A6%95etc%E0%A6%95nginx HTTP/1.1" 200 27927 "-" "Mozilla/5.0 (compatible; MJ12bot/v1.4.8; http://mj12bot.com/)"
185.209.56.169 - - [06/Jun/2026:04:52:29 +0200] "GET /page/282/?p=%E0%A6%95%E0%A6%95etc%E0%A6%95pam%E0%A6%97d HTTP/1.1" 200 27930 "-" "Mozilla/5.0 (compatible; MJ12bot/v1.4.8; http://mj12bot.com/)"
185.209.56.169 - - [06/Jun/2026:04:52:31 +0200] "GET /page/282/?p=%E0%A6%95%E0%A6%95etc%E0%A6%95perl HTTP/1.1" 200 27925 "-" "Mozilla/5.0 (compatible; MJ12bot/v1.4.8; http://mj12bot.com/)"
185.209.56.169 - - [06/Jun/2026:04:52:33 +0200] "GET /page/282/?p=%E0%A6%95%E0%A6%95etc%E0%A6%95php HTTP/1.1" 200 27926 "-" "Mozilla/5.0 (compatible; MJ12bot/v1.4.8; http://mj12bot.com/)"
185.209.56.169 - - [06/Jun/2026:04:52:35 +0200] "GET /page/282/?p=%E0%A6%95%E0%A6%95etc%E0%A6%95pm HTTP/1.1" 200 27925 "-" "Mozilla/5.0 (compatible; MJ12bot/v1.4.8; http://mj12bot.com/)"
185.209.56.169 - - [06/Jun/2026:04:52:36 +0200] "GET /page/282/?p=%E0%A6%95%E0%A6%95etc%E0%A6%95polkit-1 HTTP/1.1" 200 27931 "-" "Mozilla/5.0 (compatible; MJ12bot/v1.4.8; http://mj12bot.com/)"
185.209.56.169 - - [06/Jun/2026:04:52:38 +0200] "GET /page/282/?p=%E0%A6%95%E0%A6%95etc%E0%A6%95python3 HTTP/1.1" 200 27930 "-" "Mozilla/5.0 (compatible; MJ12bot/v1.4.8; http://mj12bot.com/)"
185.209.56.169 - - [06/Jun/2026:04:52:40 +0200] "GET /page/282/?p=%E0%A6%95%E0%A6%95etc%E0%A6%95python3%E0%A6%978 HTTP/1.1" 200 27934 "-" "Mozilla/5.0 (compatible; MJ12bot/v1.4.8; http://mj12bot.com/)"
185.209.56.169 - - [06/Jun/2026:04:52:42 +0200] "GET /page/282/?p=%E0%A6%95%E0%A6%95etc%E0%A6%95rc0%E0%A6%97d HTTP/1.1" 200 27931 "-" "Mozilla/5.0 (compatible; MJ12bot/v1.4.8; http://mj12bot.com/)"
185.209.56.169 - - [06/Jun/2026:04:52:43 +0200] "GET /page/283/?p=%E0%A6%95%E0%A6%95etc%E0%A6%95apparmor HTTP/1.1" 200 28859 "-" "Mozilla/5.0 (compatible; MJ12bot/v1.4.8; http://mj12bot.com/)"
185.209.56.169 - - [06/Jun/2026:04:52:45 +0200] "GET /page/294/?p=%E0%A6%95%E0%A6%95lib%E0%A6%95firmware%E0%A6%95rtw88 HTTP/1.1" 200 18526 "-" "Mozilla/5.0 (compatible; MJ12bot/v1.4.8; http://mj12bot.com/)"
185.209.56.169 - - [06/Jun/2026:04:52:47 +0200] "GET /page/294/?p=%E0%A6%95%E0%A6%95lib%E0%A6%95firmware%E0%A6%95slicoss HTTP/1.1" 200 18527 "-" "Mozilla/5.0 (compatible; MJ12bot/v1.4.8; http://mj12bot.com/)"
185.209.56.169 - - [06/Jun/2026:04:52:49 +0200] "GET /page/294/?p=%E0%A6%95%E0%A6%95lib%E0%A6%95firmware%E0%A6%95zd1211 HTTP/1.1" 200 18528 "-" "Mozilla/5.0 (compatible; MJ12bot/v1.4.8; http://mj12bot.com/)"
185.209.56.169 - - [06/Jun/2026:04:52:51 +0200] "GET /page/294/?p=%E0%A6%95%E0%A6%95lib%E0%A6%95groff%E0%A6%95grog HTTP/1.1" 200 18522 "-" "Mozilla/5.0 (compatible; MJ12bot/v1.4.8; http://mj12bot.com/)"
185.209.56.169 - - [06/Jun/2026:04:52:53 +0200] "GET /page/294/?p=%E0%A6%95%E0%A6%95lib%E0%A6%95groff%E0%A6%95site-tmac HTTP/1.1" 200 18531 "-" "Mozilla/5.0 (compatible; MJ12bot/v1.4.8; http://mj12bot.com/)"
185.209.56.169 - - [06/Jun/2026:04:52:55 +0200] "GET /page/294/?p=%E0%A6%95%E0%A6%95lib%E0%A6%95ssl%E0%A6%95certs HTTP/1.1" 200 18520 "-" "Mozilla/5.0 (compatible; MJ12bot/v1.4.8; http://mj12bot.com/)"
185.209.56.169 - - [06/Jun/2026:04:52:57 +0200] "GET /page/294/?p=%E0%A6%95%E0%A6%95lib%E0%A6%95ssl%E0%A6%95misc HTTP/1.1" 200 18522 "-" "Mozilla/5.0 (compatible; MJ12bot/v1.4.8; http://mj12bot.com/)"
185.209.56.169 - - [06/Jun/2026:04:52:59 +0200] "GET /page/295/?p=%E0%A6%95var HTTP/1.1" 200 9408 "-" "Mozilla/5.0 (compatible; MJ12bot/v1.4.8; http://mj12bot.com/)"
185.209.56.169 - - [06/Jun/2026:04:53:01 +0200] "GET /page/295/?p=%E0%A6%95var%E0%A6%95local HTTP/1.1" 200 9414 "-" "Mozilla/5.0 (compatible; MJ12bot/v1.4.8; http://mj12bot.com/)"
185.209.56.169 - - [06/Jun/2026:04:53:03 +0200] "GET /page/295/?p=%E0%A6%95var%E0%A6%95lock HTTP/1.1" 200 9414 "-" "Mozilla/5.0 (compatible; MJ12bot/v1.4.8; http://mj12bot.com/)"
185.209.56.169 - - [06/Jun/2026:04:53:05 +0200] "GET /page/295/?p=%E0%A6%95var%E0%A6%95spool HTTP/1.1" 200 9414 "-" "Mozilla/5.0 (compatible; MJ12bot/v1.4.8; http://mj12bot.com/)"
185.209.56.169 - - [06/Jun/2026:04:53:07 +0200] "GET /page/295/?p=%E0%A6%95var%E0%A6%95tmp HTTP/1.1" 200 9414 "-" "Mozilla/5.0 (compatible; MJ12bot/v1.4.8; http://mj12bot.com/)"
185.209.56.169 - - [06/Jun/2026:04:53:09 +0200] "GET /page/295/?p=%E0%A6%95var%E0%A6%95www%E0%A6%95turismonew%E0%A6%95wp-content%E0%A6%95plugins%E0%A6%95Ultimate_VC_Addons%E0%A6%95woocomposer%E0%A6%95assets%E0%A6%95css HTTP/1.1" 200 9474 "-" "Mozilla/5.0 (compatible; MJ12bot/v1.4.8; http://mj12bot.com/)"
185.209.56.169 - - [06/Jun/2026:04:53:11 +0200] "GET /page/295/?p=%E0%A6%95var%E0%A6%95www%E0%A6%95turismonew%E0%A6%95wp-content%E0%A6%95plugins%E0%A6%95Ultimate_VC_Addons%E0%A6%95woocomposer%E0%A6%95assets%E0%A6%95img HTTP/1.1" 200 9475 "-" "Mozilla/5.0 (compatible; MJ12bot/v1.4.8; http://mj12bot.com/)"
185.209.56.169 - - [06/Jun/2026:04:53:12 +0200] "GET /page/295/?p=%E0%A6%95var%E0%A6%95www%E0%A6%95turismonew%E0%A6%95wp-content%E0%A6%95plugins%E0%A6%95advance-search%E0%A6%95assets%E0%A6%95fonts HTTP/1.1" 200 9458 "-" "Mozilla/5.0 (compatible; MJ12bot/v1.4.8; http://mj12bot.com/)"
185.209.56.169 - - [06/Jun/2026:04:53:14 +0200] "GET /page/295/?p=%E0%A6%95var%E0%A6%95www%E0%A6%95turismonew%E0%A6%95wp-content%E0%A6%95plugins%E0%A6%95custom-page-templates%E0%A6%95integrations%E0%A6%95acf HTTP/1.1" 200 9463 "-" "Mozilla/5.0 (compatible; MJ12bot/v1.4.8; http://mj12bot.com/)"
185.209.56.169 - - [06/Jun/2026:04:53:16 +0200] "GET /page/295/?p=%E0%A6%95var%E0%A6%95www%E0%A6%95turismonew%E0%A6%95wp-content%E0%A6%95plugins%E0%A6%95custom-page-templates%E0%A6%95vendor%E0%A6%95advanced-custom-fields-pro%E0%A6%95assets%E0%A6%95build%E0%A6%95css HTTP/1.1" 200 9488 "-" "Mozilla/5.0 (compatible; MJ12bot/v1.4.8; http://mj12bot.com/)"
43.156.168.214 - - [06/Jun/2026:04:53:18 +0200] "GET / HTTP/1.1" 200 22981 "http://www.turismofundos.pt" "Mozilla/5.0 (iPhone; CPU iPhone OS 13_2_3 like Mac OS X) AppleWebKit/605.1.15 (KHTML, like Gecko) Version/13.0.3 Mobile/15E148 Safari/604.1"
185.209.56.169 - - [06/Jun/2026:04:53:18 +0200] "GET /page/295/?p=%E0%A6%95%E0%A6%95bin HTTP/1.1" 200 9410 "-" "Mozilla/5.0 (compatible; MJ12bot/v1.4.8; http://mj12bot.com/)"
185.209.56.169 - - [06/Jun/2026:04:53:20 +0200] "GET /page/295/?p=%E0%A6%95%E0%A6%95etc%E0%A6%95acpi HTTP/1.1" 200 9417 "-" "Mozilla/5.0 (compatible; MJ12bot/v1.4.8; http://mj12bot.com/)"
185.209.56.169 - - [06/Jun/2026:04:53:22 +0200] "GET /page/308/?p=%E0%A6%95%E0%A6%95lost%2Bfound HTTP/1.1" 200 16321 "-" "Mozilla/5.0 (compatible; MJ12bot/v1.4.8; http://mj12bot.com/)"
54.38.147.189 - - [06/Jun/2026:04:53:24 +0200] "GET /angeschlossen-spielsaal-blos-deutsche-lizenz-register-2025-tipps-gefahren/ HTTP/1.1" 200 9296 "-" "Mozilla/5.0 (compatible; AhrefsBot/7.0; +http://ahrefs.com/robot/)"
185.209.56.169 - - [06/Jun/2026:04:53:24 +0200] "GET /page/309/?p=%E0%A6%95%E0%A6%95dev%E0%A6%95bus%E0%A6%95usb%E0%A6%95001 HTTP/1.1" 200 17640 "-" "Mozilla/5.0 (compatible; MJ12bot/v1.4.8; http://mj12bot.com/)"
185.209.56.169 - - [06/Jun/2026:04:53:26 +0200] "GET /page/310/?p=%E0%A6%95%E0%A6%95dev%E0%A6%95bus%E0%A6%95usb%E0%A6%95001 HTTP/1.1" 200 14581 "-" "Mozilla/5.0 (compatible; MJ12bot/v1.4.8; http://mj12bot.com/)"
185.209.56.169 - - [06/Jun/2026:04:53:28 +0200] "GET /page/310/?p=%E0%A6%95%E0%A6%95dev%E0%A6%95disk%E0%A6%95by-partuuid HTTP/1.1" 200 14582 "-" "Mozilla/5.0 (compatible; MJ12bot/v1.4.8; http://mj12bot.com/)"
185.209.56.169 - - [06/Jun/2026:04:53:30 +0200] "GET /page/310/?p=%E0%A6%95%E0%A6%95boot%E0%A6%95grub%E0%A6%95fonts HTTP/1.1" 200 14576 "-" "Mozilla/5.0 (compatible; MJ12bot/v1.4.8; http://mj12bot.com/)"
185.209.56.169 - - [06/Jun/2026:04:53:32 +0200] "GET /page/310/?p=%E0%A6%95%E0%A6%95boot%E0%A6%95grub%E0%A6%95i386-pc HTTP/1.1" 200 14581 "-" "Mozilla/5.0 (compatible; MJ12bot/v1.4.8; http://mj12bot.com/)"
185.209.56.169 - - [06/Jun/2026:04:53:34 +0200] "GET /page/310/?p=%E0%A6%95%E0%A6%95dev HTTP/1.1" 200 14566 "-" "Mozilla/5.0 (compatible; MJ12bot/v1.4.8; http://mj12bot.com/)"
185.209.56.169 - - [06/Jun/2026:04:53:36 +0200] "GET /page/310/?p=%E0%A6%95%E0%A6%95dev%E0%A6%95bus%E0%A6%95usb HTTP/1.1" 200 14576 "-" "Mozilla/5.0 (compatible; MJ12bot/v1.4.8; http://mj12bot.com/)"
185.209.56.169 - - [06/Jun/2026:04:53:38 +0200] "GET /page/311/?p=%E0%A6%95%E0%A6%95dev%E0%A6%95bus%E0%A6%95usb%E0%A6%95001 HTTP/1.1" 200 23592 "-" "Mozilla/5.0 (compatible; MJ12bot/v1.4.8; http://mj12bot.com/)"
185.209.56.169 - - [06/Jun/2026:04:53:40 +0200] "GET /page/311/?p=%E0%A6%95%E0%A6%95dev%E0%A6%95disk%E0%A6%95by-partuuid HTTP/1.1" 200 23592 "-" "Mozilla/5.0 (compatible; MJ12bot/v1.4.8; http://mj12bot.com/)"
69.49.112.74 - - [06/Jun/2026:04:53:40 +0200] "GET /wp-login.php HTTP/1.1" 200 2624 "-" "Mozilla/5.0 (Macintosh; Intel Mac OS X 10_15_7) AppleWebKit/605.1.15 (KHTML, like Gecko) Version/18.3 Safari/605.1.15"
69.49.112.74 - - [06/Jun/2026:04:53:40 +0200] "POST /wp-login.php HTTP/1.1" 200 2794 "https://turismofundos.pt/wp-login.php" "Mozilla/5.0 (Macintosh; Intel Mac OS X 10_15_7) AppleWebKit/605.1.15 (KHTML, like Gecko) Version/18.3 Safari/605.1.15"
185.209.56.169 - - [06/Jun/2026:04:53:41 +0200] "GET /page/312/?p=%E0%A6%95%E0%A6%95dev%E0%A6%95disk%E0%A6%95by-partuuid HTTP/1.1" 200 20450 "-" "Mozilla/5.0 (compatible; MJ12bot/v1.4.8; http://mj12bot.com/)"
185.209.56.169 - - [06/Jun/2026:04:53:43 +0200] "GET /page/312/?p=%E0%A6%95%E0%A6%95dev%E0%A6%95bus%E0%A6%95usb%E0%A6%95001 HTTP/1.1" 200 20449 "-" "Mozilla/5.0 (compatible; MJ12bot/v1.4.8; http://mj12bot.com/)"
185.209.56.169 - - [06/Jun/2026:04:53:45 +0200] "GET /page/312/?p=%E0%A6%95%E0%A6%95mnt HTTP/1.1" 200 20430 "-" "Mozilla/5.0 (compatible; MJ12bot/v1.4.8; http://mj12bot.com/)"
185.209.56.169 - - [06/Jun/2026:04:53:47 +0200] "GET /page/313/?p=%E0%A6%95%E0%A6%95boot%E0%A6%95grub%E0%A6%95fonts HTTP/1.1" 200 20592 "-" "Mozilla/5.0 (compatible; MJ12bot/v1.4.8; http://mj12bot.com/)"
185.209.56.169 - - [06/Jun/2026:04:53:49 +0200] "GET /page/313/?p=%E0%A6%95%E0%A6%95boot%E0%A6%95grub%E0%A6%95i386-pc HTTP/1.1" 200 20597 "-" "Mozilla/5.0 (compatible; MJ12bot/v1.4.8; http://mj12bot.com/)"
185.209.56.169 - - [06/Jun/2026:04:53:51 +0200] "GET /page/313/?p=%E0%A6%95%E0%A6%95dev HTTP/1.1" 200 20579 "-" "Mozilla/5.0 (compatible; MJ12bot/v1.4.8; http://mj12bot.com/)"
185.209.56.169 - - [06/Jun/2026:04:53:53 +0200] "GET /page/313/?p=%E0%A6%95%E0%A6%95dev%E0%A6%95bus%E0%A6%95usb HTTP/1.1" 200 20592 "-" "Mozilla/5.0 (compatible; MJ12bot/v1.4.8; http://mj12bot.com/)"
185.209.56.169 - - [06/Jun/2026:04:53:55 +0200] "GET /page/313/?p=%E0%A6%95%E0%A6%95dev%E0%A6%95bus%E0%A6%95usb%E0%A6%95001 HTTP/1.1" 200 20597 "-" "Mozilla/5.0 (compatible; MJ12bot/v1.4.8; http://mj12bot.com/)"
185.209.56.169 - - [06/Jun/2026:04:53:57 +0200] "GET /page/313/?p=%E0%A6%95%E0%A6%95dev%E0%A6%95disk%E0%A6%95by-partuuid HTTP/1.1" 200 20597 "-" "Mozilla/5.0 (compatible; MJ12bot/v1.4.8; http://mj12bot.com/)"
185.209.56.169 - - [06/Jun/2026:04:54:15 +0200] "GET /page/313/?p=%E0%A6%95%E0%A6%95lost%2Bfound HTTP/1.1" 200 20587 "-" "Mozilla/5.0 (compatible; MJ12bot/v1.4.8; http://mj12bot.com/)"
185.209.56.169 - - [06/Jun/2026:04:54:17 +0200] "GET /page/313/?p=%E0%A6%95%E0%A6%95mnt HTTP/1.1" 200 20578 "-" "Mozilla/5.0 (compatible; MJ12bot/v1.4.8; http://mj12bot.com/)"
185.209.56.169 - - [06/Jun/2026:04:54:19 +0200] "GET /page/314/?p=%E0%A6%95%E0%A6%95dev%E0%A6%95bus%E0%A6%95usb%E0%A6%95001 HTTP/1.1" 200 25202 "-" "Mozilla/5.0 (compatible; MJ12bot/v1.4.8; http://mj12bot.com/)"
185.209.56.169 - - [06/Jun/2026:04:54:21 +0200] "GET /page/314/?p=%E0%A6%95%E0%A6%95dev%E0%A6%95disk%E0%A6%95by-partuuid HTTP/1.1" 200 25200 "-" "Mozilla/5.0 (compatible; MJ12bot/v1.4.8; http://mj12bot.com/)"
185.209.56.169 - - [06/Jun/2026:04:54:23 +0200] "GET /page/314/?p=%E0%A6%95%E0%A6%95boot%E0%A6%95grub%E0%A6%95fonts HTTP/1.1" 200 25196 "-" "Mozilla/5.0 (compatible; MJ12bot/v1.4.8; http://mj12bot.com/)"
185.209.56.169 - - [06/Jun/2026:04:54:25 +0200] "GET /page/314/?p=%E0%A6%95%E0%A6%95boot%E0%A6%95grub%E0%A6%95i386-pc HTTP/1.1" 200 25200 "-" "Mozilla/5.0 (compatible; MJ12bot/v1.4.8; http://mj12bot.com/)"
185.209.56.169 - - [06/Jun/2026:04:54:28 +0200] "GET /page/314/?p=%E0%A6%95%E0%A6%95dev HTTP/1.1" 200 25183 "-" "Mozilla/5.0 (compatible; MJ12bot/v1.4.8; http://mj12bot.com/)"
185.209.56.169 - - [06/Jun/2026:04:54:30 +0200] "GET /page/314/?p=%E0%A6%95%E0%A6%95dev%E0%A6%95bus%E0%A6%95usb HTTP/1.1" 200 25196 "-" "Mozilla/5.0 (compatible; MJ12bot/v1.4.8; http://mj12bot.com/)"
185.209.56.169 - - [06/Jun/2026:04:54:32 +0200] "GET /page/314/?p=%E0%A6%95%E0%A6%95dev%E0%A6%95disk%E0%A6%95by-id HTTP/1.1" 200 25196 "-" "Mozilla/5.0 (compatible; MJ12bot/v1.4.8; http://mj12bot.com/)"
185.209.56.169 - - [06/Jun/2026:04:54:34 +0200] "GET /page/314/?p=%E0%A6%95%E0%A6%95dev%E0%A6%95input%E0%A6%95by-path HTTP/1.1" 200 25199 "-" "Mozilla/5.0 (compatible; MJ12bot/v1.4.8; http://mj12bot.com/)"
198.244.168.87 - - [06/Jun/2026:04:54:36 +0200] "GET /plus-grands-prime-pour-opportune-en-compagnie-de-casinos-top-produits-avec-2025/ HTTP/1.1" 200 10286 "-" "Mozilla/5.0 (compatible; AhrefsBot/7.0; +http://ahrefs.com/robot/)"
185.209.56.169 - - [06/Jun/2026:04:54:37 +0200] "GET /page/314/?p=%E0%A6%95%E0%A6%95lib32 HTTP/1.1" 200 25186 "-" "Mozilla/5.0 (compatible; MJ12bot/v1.4.8; http://mj12bot.com/)"
185.209.56.169 - - [06/Jun/2026:04:54:39 +0200] "GET /page/314/?p=%E0%A6%95%E0%A6%95lib64 HTTP/1.1" 200 25186 "-" "Mozilla/5.0 (compatible; MJ12bot/v1.4.8; http://mj12bot.com/)"
185.209.56.169 - - [06/Jun/2026:04:54:42 +0200] "GET /page/314/?p=%E0%A6%95%E0%A6%95libx32 HTTP/1.1" 200 25187 "-" "Mozilla/5.0 (compatible; MJ12bot/v1.4.8; http://mj12bot.com/)"
185.209.56.169 - - [06/Jun/2026:04:54:44 +0200] "GET /page/314/?p=%E0%A6%95%E0%A6%95lib%E0%A6%95x86_64-linux-gnu HTTP/1.1" 200 25202 "-" "Mozilla/5.0 (compatible; MJ12bot/v1.4.8; http://mj12bot.com/)"
185.209.56.169 - - [06/Jun/2026:04:54:46 +0200] "GET /page/314/?p=%E0%A6%95%E0%A6%95lost%20found HTTP/1.1" 200 25188 "-" "Mozilla/5.0 (compatible; MJ12bot/v1.4.8; http://mj12bot.com/)"
85.208.96.205 - - [06/Jun/2026:04:54:46 +0200] "GET /robots.txt HTTP/1.1" 200 194 "-" "Mozilla/5.0 (compatible; SemrushBot/7~bl; +http://www.semrush.com/bot.html)"
85.208.96.200 - - [06/Jun/2026:04:54:47 +0200] "GET /empfohlene-online-casino-ohne-begrenzung/ HTTP/1.1" 200 9648 "-" "Mozilla/5.0 (compatible; SemrushBot/7~bl; +http://www.semrush.com/bot.html)"
185.209.56.169 - - [06/Jun/2026:04:54:48 +0200] "GET /page/314/?p=%E0%A6%95%E0%A6%95lost%2Bfound HTTP/1.1" 200 25191 "-" "Mozilla/5.0 (compatible; MJ12bot/v1.4.8; http://mj12bot.com/)"
185.209.56.169 - - [06/Jun/2026:04:54:51 +0200] "GET /page/314/?p=%E0%A6%95%E0%A6%95mnt HTTP/1.1" 200 25182 "-" "Mozilla/5.0 (compatible; MJ12bot/v1.4.8; http://mj12bot.com/)"
185.209.56.169 - - [06/Jun/2026:04:54:53 +0200] "GET /page/315/?p=%E0%A6%95%E0%A6%95dev%E0%A6%95disk%E0%A6%95by-partuuid HTTP/1.1" 200 25138 "-" "Mozilla/5.0 (compatible; MJ12bot/v1.4.8; http://mj12bot.com/)"
185.209.56.169 - - [06/Jun/2026:04:54:54 +0200] "GET /page/316/?p=%E0%A6%95%E0%A6%95dev%E0%A6%95disk%E0%A6%95by-partuuid HTTP/1.1" 200 22809 "-" "Mozilla/5.0 (compatible; MJ12bot/v1.4.8; http://mj12bot.com/)"
185.209.56.169 - - [06/Jun/2026:04:54:56 +0200] "GET /page/317/?p=%E0%A6%95%E0%A6%95dev HTTP/1.1" 200 23638 "-" "Mozilla/5.0 (compatible; MJ12bot/v1.4.8; http://mj12bot.com/)"
84.246.215.129 - - [06/Jun/2026:04:54:57 +0200] "GET /wp-login.php HTTP/1.1" 200 2624 "-" "Mozilla/5.0 (X11; Ubuntu; Linux x86_64) AppleWebKit/537.36 (KHTML, like Gecko) Chrome/133.0.0.0 Safari/537.36"
84.246.215.129 - - [06/Jun/2026:04:54:57 +0200] "POST /wp-login.php HTTP/1.1" 200 2766 "https://turismofundos.pt/wp-login.php" "Mozilla/5.0 (X11; Ubuntu; Linux x86_64) AppleWebKit/537.36 (KHTML, like Gecko) Chrome/133.0.0.0 Safari/537.36"
185.209.56.169 - - [06/Jun/2026:04:54:58 +0200] "GET /page/317/?p=%E0%A6%95%E0%A6%95dev%E0%A6%95bus%E0%A6%95usb%E0%A6%95001 HTTP/1.1" 200 23655 "-" "Mozilla/5.0 (compatible; MJ12bot/v1.4.8; http://mj12bot.com/)"
185.209.56.169 - - [06/Jun/2026:04:55:00 +0200] "GET /page/317/?p=%E0%A6%95%E0%A6%95dev%E0%A6%95disk%E0%A6%95by-id HTTP/1.1" 200 23651 "-" "Mozilla/5.0 (compatible; MJ12bot/v1.4.8; http://mj12bot.com/)"
185.209.56.169 - - [06/Jun/2026:04:55:02 +0200] "GET /page/317/?p=%E0%A6%95%E0%A6%95dev%E0%A6%95disk%E0%A6%95by-partuuid HTTP/1.1" 200 23655 "-" "Mozilla/5.0 (compatible; MJ12bot/v1.4.8; http://mj12bot.com/)"
185.209.56.169 - - [06/Jun/2026:04:55:04 +0200] "GET /page/317/?p=%E0%A6%95%E0%A6%95dev%E0%A6%95input%E0%A6%95by-path HTTP/1.1" 200 23653 "-" "Mozilla/5.0 (compatible; MJ12bot/v1.4.8; http://mj12bot.com/)"
185.209.56.169 - - [06/Jun/2026:04:55:06 +0200] "GET /page/320/?p=%E0%A6%95%E0%A6%95dev%E0%A6%95input%E0%A6%95by-path HTTP/1.1" 200 19886 "-" "Mozilla/5.0 (compatible; MJ12bot/v1.4.8; http://mj12bot.com/)"
185.209.56.169 - - [06/Jun/2026:04:55:08 +0200] "GET /page/320/?p=%E0%A6%95%E0%A6%95etc%E0%A6%95dconf HTTP/1.1" 200 19877 "-" "Mozilla/5.0 (compatible; MJ12bot/v1.4.8; http://mj12bot.com/)"
185.209.56.169 - - [06/Jun/2026:04:55:10 +0200] "GET /page/320/?p=%E0%A6%95%E0%A6%95etc%E0%A6%95default HTTP/1.1" 200 19879 "-" "Mozilla/5.0 (compatible; MJ12bot/v1.4.8; http://mj12bot.com/)"
185.209.56.169 - - [06/Jun/2026:04:55:13 +0200] "GET /page/320/?p=%E0%A6%95%E0%A6%95etc%E0%A6%95depmod%E0%A6%97d HTTP/1.1" 200 19883 "-" "Mozilla/5.0 (compatible; MJ12bot/v1.4.8; http://mj12bot.com/)"
185.209.56.169 - - [06/Jun/2026:04:55:14 +0200] "GET /page/320/?p=%E0%A6%95%E0%A6%95etc%E0%A6%95dhcp HTTP/1.1" 200 19876 "-" "Mozilla/5.0 (compatible; MJ12bot/v1.4.8; http://mj12bot.com/)"
185.209.56.169 - - [06/Jun/2026:04:55:16 +0200] "GET /page/320/?p=%E0%A6%95%E0%A6%95etc%E0%A6%95fonts HTTP/1.1" 200 19877 "-" "Mozilla/5.0 (compatible; MJ12bot/v1.4.8; http://mj12bot.com/)"
185.209.56.169 - - [06/Jun/2026:04:55:18 +0200] "GET /page/320/?p=%E0%A6%95%E0%A6%95lib%E0%A6%95linux%E0%A6%95triggers HTTP/1.1" 200 19885 "-" "Mozilla/5.0 (compatible; MJ12bot/v1.4.8; http://mj12bot.com/)"
185.209.56.169 - - [06/Jun/2026:04:55:20 +0200] "GET /page/320/?p=%E0%A6%95%E0%A6%95lib%E0%A6%95mime%E0%A6%95packages HTTP/1.1" 200 19884 "-" "Mozilla/5.0 (compatible; MJ12bot/v1.4.8; http://mj12bot.com/)"
185.209.56.169 - - [06/Jun/2026:04:55:22 +0200] "GET /page/320/?p=%E0%A6%95%E0%A6%95lib%E0%A6%95modules%E0%A6%955%E0%A6%974%E0%A6%970-72-generic HTTP/1.1" 200 19898 "-" "Mozilla/5.0 (compatible; MJ12bot/v1.4.8; http://mj12bot.com/)"
185.209.56.169 - - [06/Jun/2026:04:55:25 +0200] "GET /page/320/?p=%E0%A6%95%E0%A6%95lib%E0%A6%95mysql%E0%A6%95plugin HTTP/1.1" 200 19885 "-" "Mozilla/5.0 (compatible; MJ12bot/v1.4.8; http://mj12bot.com/)"
185.209.56.169 - - [06/Jun/2026:04:55:27 +0200] "GET /page/320/?p=%E0%A6%95%E0%A6%95lib%E0%A6%95nginx%E0%A6%95modules HTTP/1.1" 200 19885 "-" "Mozilla/5.0 (compatible; MJ12bot/v1.4.8; http://mj12bot.com/)"
185.209.56.169 - - [06/Jun/2026:04:55:29 +0200] "GET /page/320/?p=%E0%A6%95%E0%A6%95lib%E0%A6%95os-probes%E0%A6%95mounted HTTP/1.1" 200 19886 "-" "Mozilla/5.0 (compatible; MJ12bot/v1.4.8; http://mj12bot.com/)"
185.209.56.169 - - [06/Jun/2026:04:55:31 +0200] "GET /page/320/?p=%E0%A6%95%E0%A6%95lib%E0%A6%95pm-utils%E0%A6%95power%E0%A6%97d HTTP/1.1" 200 19889 "-" "Mozilla/5.0 (compatible; MJ12bot/v1.4.8; http://mj12bot.com/)"
185.209.56.169 - - [06/Jun/2026:04:55:33 +0200] "GET /page/320/?p=%E0%A6%95%E0%A6%95lib%E0%A6%95ssl%E0%A6%95private HTTP/1.1" 200 19884 "-" "Mozilla/5.0 (compatible; MJ12bot/v1.4.8; http://mj12bot.com/)"
185.209.56.169 - - [06/Jun/2026:04:55:35 +0200] "GET /page/320/?p=%E0%A6%95%E0%A6%95lost%20found HTTP/1.1" 200 19874 "-" "Mozilla/5.0 (compatible; MJ12bot/v1.4.8; http://mj12bot.com/)"
82.165.249.59 - - [06/Jun/2026:04:55:36 +0200] "GET /wp-login.php HTTP/1.1" 200 2624 "www.google.com" "Mozilla/5.0 (Windows NT 10.0; Win64; x64) AppleWebKit/537.36 (KHTML, like Gecko) Chrome/91.0.4472.124 Safari/537.36"
82.165.249.59 - - [06/Jun/2026:04:55:36 +0200] "POST /wp-login.php HTTP/1.1" 302 5 "https://www.turismofundos.pt/wp-admin/" "Mozilla/5.0 (Windows NT 10.0; Win64; x64) AppleWebKit/537.36 (KHTML, like Gecko) Chrome/91.0.4472.124 Safari/537.36"
82.165.249.59 - - [06/Jun/2026:04:55:36 +0200] "GET /wp-admin/ HTTP/1.1" 200 23844 "https://www.turismofundos.pt/wp-admin/" "Mozilla/5.0 (Windows NT 10.0; Win64; x64) AppleWebKit/537.36 (KHTML, like Gecko) Chrome/91.0.4472.124 Safari/537.36"
185.209.56.169 - - [06/Jun/2026:04:55:36 +0200] "GET /page/320/?p=%E0%A6%95%E0%A6%95lost%2Bfound HTTP/1.1" 200 19877 "-" "Mozilla/5.0 (compatible; MJ12bot/v1.4.8; http://mj12bot.com/)"
82.165.249.59 - - [06/Jun/2026:04:55:36 +0200] "GET /wp-admin/ HTTP/1.1" 200 23844 "www.google.com" "Mozilla/5.0 (Windows NT 10.0; Win64; x64) AppleWebKit/537.36 (KHTML, like Gecko) Chrome/91.0.4472.124 Safari/537.36"
157.55.39.62 - - [06/Jun/2026:04:55:37 +0200] "GET /no-deposit-bonus-casinos-2026-fox-harbors-launches-fifty-free-spins-no-deposit-bonus-that-have-the-fresh-promo-code/ HTTP/1.1" 200 10154 "-" "Mozilla/5.0 AppleWebKit/537.36 (KHTML, like Gecko; compatible; bingbot/2.0; +http://www.bing.com/bingbot.htm) Chrome/116.0.1938.76 Safari/537.36"
185.209.56.169 - - [06/Jun/2026:04:55:38 +0200] "GET /page/320/?p=%E0%A6%95%E0%A6%95mnt HTTP/1.1" 200 19870 "-" "Mozilla/5.0 (compatible; MJ12bot/v1.4.8; http://mj12bot.com/)"
185.209.56.169 - - [06/Jun/2026:04:55:40 +0200] "GET /page/321/?p=%E0%A6%95%E0%A6%95lib%E0%A6%95modules%E0%A6%955%E0%A6%974%E0%A6%970-72-generic HTTP/1.1" 200 22121 "-" "Mozilla/5.0 (compatible; MJ12bot/v1.4.8; http://mj12bot.com/)"
185.209.56.169 - - [06/Jun/2026:04:55:42 +0200] "GET /page/321/?p=%E0%A6%95%E0%A6%95lib%E0%A6%95mysql%E0%A6%95private HTTP/1.1" 200 22106 "-" "Mozilla/5.0 (compatible; MJ12bot/v1.4.8; http://mj12bot.com/)"
157.55.39.13 - - [06/Jun/2026:04:55:43 +0200] "GET /%CE%B1%CE%AF%CE%B8%CE%BF%CF%85%CF%83%CE%B1-%CF%80%CE%B1%CE%B9%CF%87%CE%BD%CE%B9%CE%B4%CE%B9%CF%8E%CE%BD-%CE%BB%CE%AF%CE%B3%CE%BF-%CF%83%CE%B1%CE%BD-%CE%B3%CE%B1%CE%BB%CE%BB%CE%B9%CE%BA%CE%AE-%CE%B1/ HTTP/1.1" 200 9115 "-" "Mozilla/5.0 AppleWebKit/537.36 (KHTML, like Gecko; compatible; bingbot/2.0; +http://www.bing.com/bingbot.htm) Chrome/116.0.1938.76 Safari/537.36"
185.209.56.169 - - [06/Jun/2026:04:55:44 +0200] "GET /page/321/?p=%E0%A6%95%E0%A6%95lib%E0%A6%95nginx%E0%A6%95modules HTTP/1.1" 200 22104 "-" "Mozilla/5.0 (compatible; MJ12bot/v1.4.8; http://mj12bot.com/)"
185.209.56.169 - - [06/Jun/2026:04:55:46 +0200] "GET /page/321/?p=%E0%A6%95%E0%A6%95lib%E0%A6%95os-probes%E0%A6%95init HTTP/1.1" 200 22105 "-" "Mozilla/5.0 (compatible; MJ12bot/v1.4.8; http://mj12bot.com/)"
185.209.56.169 - - [06/Jun/2026:04:55:48 +0200] "GET /page/321/?p=%E0%A6%95%E0%A6%95lib%E0%A6%95os-probes%E0%A6%95mounted HTTP/1.1" 200 22107 "-" "Mozilla/5.0 (compatible; MJ12bot/v1.4.8; http://mj12bot.com/)"
185.209.56.169 - - [06/Jun/2026:04:55:50 +0200] "GET /page/321/?p=%E0%A6%95%E0%A6%95lib%E0%A6%95pm-utils%E0%A6%95power%E0%A6%97d HTTP/1.1" 200 22110 "-" "Mozilla/5.0 (compatible; MJ12bot/v1.4.8; http://mj12bot.com/)"
185.209.56.169 - - [06/Jun/2026:04:55:52 +0200] "GET /page/321/?p=%E0%A6%95%E0%A6%95lib%E0%A6%95pm-utils%E0%A6%95sleep%E0%A6%97d HTTP/1.1" 200 22112 "-" "Mozilla/5.0 (compatible; MJ12bot/v1.4.8; http://mj12bot.com/)"
185.209.56.169 - - [06/Jun/2026:04:55:54 +0200] "GET /page/321/?p=%E0%A6%95%E0%A6%95lib%E0%A6%95python2%E0%A6%977%E0%A6%95dist-packages HTTP/1.1" 200 22113 "-" "Mozilla/5.0 (compatible; MJ12bot/v1.4.8; http://mj12bot.com/)"
198.38.94.18 - - [06/Jun/2026:04:55:55 +0200] "GET /wp-login.php HTTP/1.1" 200 2624 "-" "Mozilla/5.0 (Windows NT 10.0; Win64; x64) AppleWebKit/537.36 (KHTML, like Gecko) Chrome/120.0.0.0 Safari/537.36"
185.209.56.169 - - [06/Jun/2026:04:55:56 +0200] "GET /page/321/?p=%E0%A6%95%E0%A6%95lib%E0%A6%95python3%E0%A6%978 HTTP/1.1" 200 22105 "-" "Mozilla/5.0 (compatible; MJ12bot/v1.4.8; http://mj12bot.com/)"
82.165.249.59 - - [06/Jun/2026:04:55:56 +0200] "GET /wp-admin/plugin-install.php?tab=upload HTTP/1.1" 200 11174 "www.google.com" "Mozilla/5.0 (Windows NT 10.0; Win64; x64) AppleWebKit/537.36 (KHTML, like Gecko) Chrome/91.0.4472.124 Safari/537.36"
185.209.56.169 - - [06/Jun/2026:04:55:58 +0200] "GET /page/321/?p=%E0%A6%95%E0%A6%95lib%E0%A6%95python3%E0%A6%979%E0%A6%95distutils HTTP/1.1" 200 22113 "-" "Mozilla/5.0 (compatible; MJ12bot/v1.4.8; http://mj12bot.com/)"
198.38.94.18 - - [06/Jun/2026:04:55:58 +0200] "POST /wp-login.php HTTP/1.1" 200 2766 "https://turismofundos.pt/wp-login.php" "Mozilla/5.0 (Windows NT 10.0; Win64; x64) AppleWebKit/537.36 (KHTML, like Gecko) Chrome/120.0.0.0 Safari/537.36"
185.209.56.169 - - [06/Jun/2026:04:55:59 +0200] "GET /page/321/?p=%E0%A6%95%E0%A6%95lib%E0%A6%95python3%E0%A6%979%E0%A6%95lib-dynload HTTP/1.1" 200 22114 "-" "Mozilla/5.0 (compatible; MJ12bot/v1.4.8; http://mj12bot.com/)"
185.209.56.169 - - [06/Jun/2026:04:56:01 +0200] "GET /page/321/?p=%E0%A6%95%E0%A6%95lib%E0%A6%95python3%E0%A6%979%E0%A6%95lib2to3 HTTP/1.1" 200 22111 "-" "Mozilla/5.0 (compatible; MJ12bot/v1.4.8; http://mj12bot.com/)"
185.209.56.169 - - [06/Jun/2026:04:56:03 +0200] "GET /page/321/?p=%E0%A6%95%E0%A6%95lib%E0%A6%95recovery-mode%E0%A6%95options HTTP/1.1" 200 22106 "-" "Mozilla/5.0 (compatible; MJ12bot/v1.4.8; http://mj12bot.com/)"
82.165.249.59 - - [06/Jun/2026:04:56:05 +0200] "POST /wp-admin/update.php?action=upload-plugin HTTP/1.1" 500 2740 "www.google.com" "Mozilla/5.0 (Windows NT 10.0; Win64; x64) AppleWebKit/537.36 (KHTML, like Gecko) Chrome/91.0.4472.124 Safari/537.36"
185.209.56.169 - - [06/Jun/2026:04:56:05 +0200] "GET /page/321/?p=%E0%A6%95%E0%A6%95lib%E0%A6%95ssl%E0%A6%95certs HTTP/1.1" 200 22100 "-" "Mozilla/5.0 (compatible; MJ12bot/v1.4.8; http://mj12bot.com/)"
82.165.249.59 - - [06/Jun/2026:04:56:07 +0200] "GET /wp-content/plugins/vhparva/activate.php HTTP/1.1" 404 47 "www.google.com" "Mozilla/5.0 (Windows NT 10.0; Win64; x64) AppleWebKit/537.36 (KHTML, like Gecko) Chrome/91.0.4472.124 Safari/537.36"
185.209.56.169 - - [06/Jun/2026:04:56:07 +0200] "GET /page/321/?p=%E0%A6%95%E0%A6%95lib%E0%A6%95ssl%E0%A6%95misc HTTP/1.1" 200 22103 "-" "Mozilla/5.0 (compatible; MJ12bot/v1.4.8; http://mj12bot.com/)"
82.165.249.59 - - [06/Jun/2026:04:56:08 +0200] "GET /wp-admin/plugin-install.php?s=File+Manager&tab=search&type=term HTTP/1.1" 200 21058 "www.google.com" "Mozilla/5.0 (Windows NT 10.0; Win64; x64) AppleWebKit/537.36 (KHTML, like Gecko) Chrome/91.0.4472.124 Safari/537.36"
185.209.56.169 - - [06/Jun/2026:04:56:09 +0200] "GET /page/321/?p=%E0%A6%95%E0%A6%95lib%E0%A6%95ssl%E0%A6%95private HTTP/1.1" 200 22104 "-" "Mozilla/5.0 (compatible; MJ12bot/v1.4.8; http://mj12bot.com/)"
82.165.249.59 - - [06/Jun/2026:04:56:11 +0200] "GET /wp-admin/update.php?action=upgrade-plugin&plugin=wp-file-manager%2Ffile_folder_manager.php&_wpnonce=fe56c8dcdb HTTP/1.1" 200 9070 "www.google.com" "Mozilla/5.0 (Windows NT 10.0; Win64; x64) AppleWebKit/537.36 (KHTML, like Gecko) Chrome/91.0.4472.124 Safari/537.36"
185.209.56.169 - - [06/Jun/2026:04:56:11 +0200] "GET /page/321/?p=%E0%A6%95%E0%A6%95lib%E0%A6%95systemd%E0%A6%95user HTTP/1.1" 200 22103 "-" "Mozilla/5.0 (compatible; MJ12bot/v1.4.8; http://mj12bot.com/)"
185.209.56.169 - - [06/Jun/2026:04:56:13 +0200] "GET /page/321/?p=%E0%A6%95%E0%A6%95lib%E0%A6%95x86_64-linux-gnu HTTP/1.1" 200 22108 "-" "Mozilla/5.0 (compatible; MJ12bot/v1.4.8; http://mj12bot.com/)"
185.209.56.169 - - [06/Jun/2026:04:56:15 +0200] "GET /page/321/?p=%E0%A6%95%E0%A6%95lib32 HTTP/1.1" 200 22092 "-" "Mozilla/5.0 (compatible; MJ12bot/v1.4.8; http://mj12bot.com/)"
185.209.56.169 - - [06/Jun/2026:04:56:17 +0200] "GET /page/321/?p=%E0%A6%95%E0%A6%95libx32 HTTP/1.1" 200 22093 "-" "Mozilla/5.0 (compatible; MJ12bot/v1.4.8; http://mj12bot.com/)"
185.209.56.169 - - [06/Jun/2026:04:56:19 +0200] "GET /page/321/?p=%E0%A6%95%E0%A6%95lost%2Bfound HTTP/1.1" 200 22098 "-" "Mozilla/5.0 (compatible; MJ12bot/v1.4.8; http://mj12bot.com/)"
82.165.249.59 - - [06/Jun/2026:04:56:21 +0200] "GET /wp-admin/theme-install.php?tab=upload HTTP/1.1" 200 14377 "www.google.com" "Mozilla/5.0 (Windows NT 10.0; Win64; x64) AppleWebKit/537.36 (KHTML, like Gecko) Chrome/91.0.4472.124 Safari/537.36"
