193.189.100.200 - - [06/Jun/2026:11:39:22 +0200] "GET /wp-login.php HTTP/1.1" 200 2624 "-" "Mozilla/5.0 (Windows NT 10.0; Win64; x64; rv:109.0) Gecko/20100101 Firefox/115.0"
193.189.100.200 - - [06/Jun/2026:11:39:22 +0200] "POST /wp-login.php HTTP/1.1" 200 2757 "https://turismofundos.pt/wp-login.php" "Mozilla/5.0 (Windows NT 10.0; Win64; x64; rv:109.0) Gecko/20100101 Firefox/115.0"
193.189.100.200 - - [06/Jun/2026:11:39:23 +0200] "GET /wp-login.php HTTP/1.1" 200 2624 "-" "Mozilla/5.0 (Windows NT 10.0; Win64; x64; rv:109.0) Gecko/20100101 Firefox/115.0"
193.189.100.200 - - [06/Jun/2026:11:39:23 +0200] "POST /wp-login.php HTTP/1.1" 200 2757 "https://turismofundos.pt/wp-login.php" "Mozilla/5.0 (Windows NT 10.0; Win64; x64; rv:109.0) Gecko/20100101 Firefox/115.0"
193.189.100.200 - - [06/Jun/2026:11:39:24 +0200] "GET /wp-login.php HTTP/1.1" 200 2624 "-" "Mozilla/5.0 (Windows NT 10.0; Win64; x64; rv:109.0) Gecko/20100101 Firefox/115.0"
193.189.100.200 - - [06/Jun/2026:11:39:24 +0200] "POST /wp-login.php HTTP/1.1" 200 2757 "https://turismofundos.pt/wp-login.php" "Mozilla/5.0 (Windows NT 10.0; Win64; x64; rv:109.0) Gecko/20100101 Firefox/115.0"
193.189.100.200 - - [06/Jun/2026:11:39:25 +0200] "GET /wp-login.php HTTP/1.1" 200 2624 "-" "Mozilla/5.0 (Windows NT 10.0; Win64; x64; rv:109.0) Gecko/20100101 Firefox/115.0"
193.189.100.200 - - [06/Jun/2026:11:39:26 +0200] "POST /wp-login.php HTTP/1.1" 200 2757 "https://turismofundos.pt/wp-login.php" "Mozilla/5.0 (Windows NT 10.0; Win64; x64; rv:109.0) Gecko/20100101 Firefox/115.0"
193.189.100.200 - - [06/Jun/2026:11:39:27 +0200] "GET /wp-login.php HTTP/1.1" 200 2624 "-" "Mozilla/5.0 (Windows NT 10.0; Win64; x64; rv:109.0) Gecko/20100101 Firefox/115.0"
193.189.100.200 - - [06/Jun/2026:11:39:27 +0200] "POST /wp-login.php HTTP/1.1" 200 2757 "https://turismofundos.pt/wp-login.php" "Mozilla/5.0 (Windows NT 10.0; Win64; x64; rv:109.0) Gecko/20100101 Firefox/115.0"
193.189.100.200 - - [06/Jun/2026:11:39:28 +0200] "GET /wp-login.php HTTP/1.1" 200 2624 "-" "Mozilla/5.0 (Windows NT 10.0; Win64; x64; rv:109.0) Gecko/20100101 Firefox/115.0"
193.189.100.200 - - [06/Jun/2026:11:39:28 +0200] "POST /wp-login.php HTTP/1.1" 200 2757 "https://turismofundos.pt/wp-login.php" "Mozilla/5.0 (Windows NT 10.0; Win64; x64; rv:109.0) Gecko/20100101 Firefox/115.0"
193.189.100.200 - - [06/Jun/2026:11:39:29 +0200] "GET /wp-login.php HTTP/1.1" 200 2624 "-" "Mozilla/5.0 (Windows NT 10.0; Win64; x64; rv:109.0) Gecko/20100101 Firefox/115.0"
193.189.100.200 - - [06/Jun/2026:11:39:29 +0200] "POST /wp-login.php HTTP/1.1" 200 2757 "https://turismofundos.pt/wp-login.php" "Mozilla/5.0 (Windows NT 10.0; Win64; x64; rv:109.0) Gecko/20100101 Firefox/115.0"
193.189.100.200 - - [06/Jun/2026:11:39:30 +0200] "GET /wp-login.php HTTP/1.1" 200 2624 "-" "Mozilla/5.0 (Windows NT 10.0; Win64; x64; rv:109.0) Gecko/20100101 Firefox/115.0"
193.189.100.200 - - [06/Jun/2026:11:39:30 +0200] "POST /wp-login.php HTTP/1.1" 200 2757 "https://turismofundos.pt/wp-login.php" "Mozilla/5.0 (Windows NT 10.0; Win64; x64; rv:109.0) Gecko/20100101 Firefox/115.0"
193.189.100.200 - - [06/Jun/2026:11:39:31 +0200] "GET /wp-login.php HTTP/1.1" 200 2624 "-" "Mozilla/5.0 (Windows NT 10.0; Win64; x64; rv:109.0) Gecko/20100101 Firefox/115.0"
193.189.100.200 - - [06/Jun/2026:11:39:32 +0200] "POST /wp-login.php HTTP/1.1" 200 2757 "https://turismofundos.pt/wp-login.php" "Mozilla/5.0 (Windows NT 10.0; Win64; x64; rv:109.0) Gecko/20100101 Firefox/115.0"
193.189.100.200 - - [06/Jun/2026:11:39:33 +0200] "GET /wp-login.php HTTP/1.1" 200 2624 "-" "Mozilla/5.0 (Windows NT 10.0; Win64; x64; rv:109.0) Gecko/20100101 Firefox/115.0"
193.189.100.200 - - [06/Jun/2026:11:39:33 +0200] "POST /wp-login.php HTTP/1.1" 200 2757 "https://turismofundos.pt/wp-login.php" "Mozilla/5.0 (Windows NT 10.0; Win64; x64; rv:109.0) Gecko/20100101 Firefox/115.0"
193.189.100.200 - - [06/Jun/2026:11:39:34 +0200] "GET /wp-login.php HTTP/1.1" 200 2624 "-" "Mozilla/5.0 (Windows NT 10.0; Win64; x64; rv:109.0) Gecko/20100101 Firefox/115.0"
193.189.100.200 - - [06/Jun/2026:11:39:34 +0200] "POST /wp-login.php HTTP/1.1" 200 2757 "https://turismofundos.pt/wp-login.php" "Mozilla/5.0 (Windows NT 10.0; Win64; x64; rv:109.0) Gecko/20100101 Firefox/115.0"
193.189.100.200 - - [06/Jun/2026:11:39:35 +0200] "GET /wp-login.php HTTP/1.1" 200 2624 "-" "Mozilla/5.0 (Windows NT 10.0; Win64; x64; rv:109.0) Gecko/20100101 Firefox/115.0"
193.189.100.200 - - [06/Jun/2026:11:39:35 +0200] "POST /wp-login.php HTTP/1.1" 200 2757 "https://turismofundos.pt/wp-login.php" "Mozilla/5.0 (Windows NT 10.0; Win64; x64; rv:109.0) Gecko/20100101 Firefox/115.0"
193.189.100.200 - - [06/Jun/2026:11:39:36 +0200] "GET /wp-login.php HTTP/1.1" 200 2624 "-" "Mozilla/5.0 (Windows NT 10.0; Win64; x64; rv:109.0) Gecko/20100101 Firefox/115.0"
193.189.100.200 - - [06/Jun/2026:11:39:37 +0200] "POST /wp-login.php HTTP/1.1" 200 2757 "https://turismofundos.pt/wp-login.php" "Mozilla/5.0 (Windows NT 10.0; Win64; x64; rv:109.0) Gecko/20100101 Firefox/115.0"
193.189.100.200 - - [06/Jun/2026:11:39:38 +0200] "GET /wp-login.php HTTP/1.1" 200 2624 "-" "Mozilla/5.0 (Windows NT 10.0; Win64; x64; rv:109.0) Gecko/20100101 Firefox/115.0"
193.189.100.200 - - [06/Jun/2026:11:39:38 +0200] "POST /wp-login.php HTTP/1.1" 200 2757 "https://turismofundos.pt/wp-login.php" "Mozilla/5.0 (Windows NT 10.0; Win64; x64; rv:109.0) Gecko/20100101 Firefox/115.0"
193.189.100.200 - - [06/Jun/2026:11:39:39 +0200] "GET /wp-login.php HTTP/1.1" 200 2624 "-" "Mozilla/5.0 (Windows NT 10.0; Win64; x64; rv:109.0) Gecko/20100101 Firefox/115.0"
193.189.100.200 - - [06/Jun/2026:11:39:39 +0200] "POST /wp-login.php HTTP/1.1" 200 2757 "https://turismofundos.pt/wp-login.php" "Mozilla/5.0 (Windows NT 10.0; Win64; x64; rv:109.0) Gecko/20100101 Firefox/115.0"
193.189.100.200 - - [06/Jun/2026:11:39:40 +0200] "GET /wp-login.php HTTP/1.1" 200 2624 "-" "Mozilla/5.0 (Windows NT 10.0; Win64; x64; rv:109.0) Gecko/20100101 Firefox/115.0"
193.189.100.200 - - [06/Jun/2026:11:39:40 +0200] "POST /wp-login.php HTTP/1.1" 200 2757 "https://turismofundos.pt/wp-login.php" "Mozilla/5.0 (Windows NT 10.0; Win64; x64; rv:109.0) Gecko/20100101 Firefox/115.0"
193.189.100.200 - - [06/Jun/2026:11:39:41 +0200] "GET /wp-login.php HTTP/1.1" 200 2624 "-" "Mozilla/5.0 (Windows NT 10.0; Win64; x64; rv:109.0) Gecko/20100101 Firefox/115.0"
193.189.100.200 - - [06/Jun/2026:11:39:41 +0200] "POST /wp-login.php HTTP/1.1" 200 2757 "https://turismofundos.pt/wp-login.php" "Mozilla/5.0 (Windows NT 10.0; Win64; x64; rv:109.0) Gecko/20100101 Firefox/115.0"
193.189.100.200 - - [06/Jun/2026:11:39:42 +0200] "GET /wp-login.php HTTP/1.1" 200 2624 "-" "Mozilla/5.0 (Windows NT 10.0; Win64; x64; rv:109.0) Gecko/20100101 Firefox/115.0"
193.189.100.200 - - [06/Jun/2026:11:39:42 +0200] "POST /wp-login.php HTTP/1.1" 200 2757 "https://turismofundos.pt/wp-login.php" "Mozilla/5.0 (Windows NT 10.0; Win64; x64; rv:109.0) Gecko/20100101 Firefox/115.0"
193.189.100.200 - - [06/Jun/2026:11:39:43 +0200] "GET /wp-login.php HTTP/1.1" 200 2624 "-" "Mozilla/5.0 (Windows NT 10.0; Win64; x64; rv:109.0) Gecko/20100101 Firefox/115.0"
193.189.100.200 - - [06/Jun/2026:11:39:43 +0200] "POST /wp-login.php HTTP/1.1" 200 2757 "https://turismofundos.pt/wp-login.php" "Mozilla/5.0 (Windows NT 10.0; Win64; x64; rv:109.0) Gecko/20100101 Firefox/115.0"
193.189.100.200 - - [06/Jun/2026:11:39:44 +0200] "GET /wp-login.php HTTP/1.1" 200 2624 "-" "Mozilla/5.0 (Windows NT 10.0; Win64; x64; rv:109.0) Gecko/20100101 Firefox/115.0"
193.189.100.200 - - [06/Jun/2026:11:39:44 +0200] "POST /wp-login.php HTTP/1.1" 200 2757 "https://turismofundos.pt/wp-login.php" "Mozilla/5.0 (Windows NT 10.0; Win64; x64; rv:109.0) Gecko/20100101 Firefox/115.0"
193.189.100.200 - - [06/Jun/2026:11:39:45 +0200] "GET /wp-login.php HTTP/1.1" 200 2624 "-" "Mozilla/5.0 (Windows NT 10.0; Win64; x64; rv:109.0) Gecko/20100101 Firefox/115.0"
193.189.100.200 - - [06/Jun/2026:11:39:46 +0200] "POST /wp-login.php HTTP/1.1" 200 2757 "https://turismofundos.pt/wp-login.php" "Mozilla/5.0 (Windows NT 10.0; Win64; x64; rv:109.0) Gecko/20100101 Firefox/115.0"
193.189.100.200 - - [06/Jun/2026:11:39:47 +0200] "GET /wp-login.php HTTP/1.1" 200 2624 "-" "Mozilla/5.0 (Windows NT 10.0; Win64; x64; rv:109.0) Gecko/20100101 Firefox/115.0"
193.189.100.200 - - [06/Jun/2026:11:39:47 +0200] "POST /wp-login.php HTTP/1.1" 200 2757 "https://turismofundos.pt/wp-login.php" "Mozilla/5.0 (Windows NT 10.0; Win64; x64; rv:109.0) Gecko/20100101 Firefox/115.0"
193.189.100.200 - - [06/Jun/2026:11:39:48 +0200] "GET /wp-login.php HTTP/1.1" 200 2624 "-" "Mozilla/5.0 (Windows NT 10.0; Win64; x64; rv:109.0) Gecko/20100101 Firefox/115.0"
193.189.100.200 - - [06/Jun/2026:11:39:48 +0200] "POST /wp-login.php HTTP/1.1" 200 2757 "https://turismofundos.pt/wp-login.php" "Mozilla/5.0 (Windows NT 10.0; Win64; x64; rv:109.0) Gecko/20100101 Firefox/115.0"
193.189.100.200 - - [06/Jun/2026:11:39:49 +0200] "GET /wp-login.php HTTP/1.1" 200 2624 "-" "Mozilla/5.0 (Windows NT 10.0; Win64; x64; rv:109.0) Gecko/20100101 Firefox/115.0"
193.189.100.200 - - [06/Jun/2026:11:39:49 +0200] "POST /wp-login.php HTTP/1.1" 200 2757 "https://turismofundos.pt/wp-login.php" "Mozilla/5.0 (Windows NT 10.0; Win64; x64; rv:109.0) Gecko/20100101 Firefox/115.0"
193.189.100.200 - - [06/Jun/2026:11:39:50 +0200] "GET /wp-login.php HTTP/1.1" 200 2624 "-" "Mozilla/5.0 (Windows NT 10.0; Win64; x64; rv:109.0) Gecko/20100101 Firefox/115.0"
193.189.100.200 - - [06/Jun/2026:11:39:50 +0200] "POST /wp-login.php HTTP/1.1" 200 2757 "https://turismofundos.pt/wp-login.php" "Mozilla/5.0 (Windows NT 10.0; Win64; x64; rv:109.0) Gecko/20100101 Firefox/115.0"
193.189.100.200 - - [06/Jun/2026:11:39:51 +0200] "GET /wp-login.php HTTP/1.1" 200 2624 "-" "Mozilla/5.0 (Windows NT 10.0; Win64; x64; rv:109.0) Gecko/20100101 Firefox/115.0"
193.189.100.200 - - [06/Jun/2026:11:39:52 +0200] "POST /wp-login.php HTTP/1.1" 200 2757 "https://turismofundos.pt/wp-login.php" "Mozilla/5.0 (Windows NT 10.0; Win64; x64; rv:109.0) Gecko/20100101 Firefox/115.0"
193.189.100.200 - - [06/Jun/2026:11:39:53 +0200] "GET /wp-login.php HTTP/1.1" 200 2624 "-" "Mozilla/5.0 (Windows NT 10.0; Win64; x64; rv:109.0) Gecko/20100101 Firefox/115.0"
193.189.100.200 - - [06/Jun/2026:11:39:53 +0200] "POST /wp-login.php HTTP/1.1" 200 2757 "https://turismofundos.pt/wp-login.php" "Mozilla/5.0 (Windows NT 10.0; Win64; x64; rv:109.0) Gecko/20100101 Firefox/115.0"
193.189.100.200 - - [06/Jun/2026:11:39:54 +0200] "GET /wp-login.php HTTP/1.1" 200 2624 "-" "Mozilla/5.0 (Windows NT 10.0; Win64; x64; rv:109.0) Gecko/20100101 Firefox/115.0"
193.189.100.200 - - [06/Jun/2026:11:39:54 +0200] "POST /wp-login.php HTTP/1.1" 200 2757 "https://turismofundos.pt/wp-login.php" "Mozilla/5.0 (Windows NT 10.0; Win64; x64; rv:109.0) Gecko/20100101 Firefox/115.0"
193.189.100.200 - - [06/Jun/2026:11:39:55 +0200] "GET /wp-login.php HTTP/1.1" 200 2624 "-" "Mozilla/5.0 (Windows NT 10.0; Win64; x64; rv:109.0) Gecko/20100101 Firefox/115.0"
193.189.100.200 - - [06/Jun/2026:11:39:55 +0200] "POST /wp-login.php HTTP/1.1" 200 2757 "https://turismofundos.pt/wp-login.php" "Mozilla/5.0 (Windows NT 10.0; Win64; x64; rv:109.0) Gecko/20100101 Firefox/115.0"
193.189.100.200 - - [06/Jun/2026:11:39:56 +0200] "GET /wp-login.php HTTP/1.1" 200 2624 "-" "Mozilla/5.0 (Windows NT 10.0; Win64; x64; rv:109.0) Gecko/20100101 Firefox/115.0"
193.189.100.200 - - [06/Jun/2026:11:39:56 +0200] "POST /wp-login.php HTTP/1.1" 200 2757 "https://turismofundos.pt/wp-login.php" "Mozilla/5.0 (Windows NT 10.0; Win64; x64; rv:109.0) Gecko/20100101 Firefox/115.0"
193.189.100.200 - - [06/Jun/2026:11:39:57 +0200] "GET /wp-login.php HTTP/1.1" 200 2624 "-" "Mozilla/5.0 (Windows NT 10.0; Win64; x64; rv:109.0) Gecko/20100101 Firefox/115.0"
193.189.100.200 - - [06/Jun/2026:11:39:57 +0200] "POST /wp-login.php HTTP/1.1" 200 2757 "https://turismofundos.pt/wp-login.php" "Mozilla/5.0 (Windows NT 10.0; Win64; x64; rv:109.0) Gecko/20100101 Firefox/115.0"
193.189.100.200 - - [06/Jun/2026:11:39:58 +0200] "GET /wp-login.php HTTP/1.1" 200 2624 "-" "Mozilla/5.0 (Windows NT 10.0; Win64; x64; rv:109.0) Gecko/20100101 Firefox/115.0"
193.189.100.200 - - [06/Jun/2026:11:39:58 +0200] "POST /wp-login.php HTTP/1.1" 200 2757 "https://turismofundos.pt/wp-login.php" "Mozilla/5.0 (Windows NT 10.0; Win64; x64; rv:109.0) Gecko/20100101 Firefox/115.0"
193.189.100.200 - - [06/Jun/2026:11:39:59 +0200] "GET /wp-login.php HTTP/1.1" 200 2624 "-" "Mozilla/5.0 (Windows NT 10.0; Win64; x64; rv:109.0) Gecko/20100101 Firefox/115.0"
193.189.100.200 - - [06/Jun/2026:11:40:00 +0200] "POST /wp-login.php HTTP/1.1" 200 2757 "https://turismofundos.pt/wp-login.php" "Mozilla/5.0 (Windows NT 10.0; Win64; x64; rv:109.0) Gecko/20100101 Firefox/115.0"
193.189.100.200 - - [06/Jun/2026:11:40:01 +0200] "GET /wp-login.php HTTP/1.1" 200 2624 "-" "Mozilla/5.0 (Windows NT 10.0; Win64; x64; rv:109.0) Gecko/20100101 Firefox/115.0"
193.189.100.200 - - [06/Jun/2026:11:40:01 +0200] "POST /wp-login.php HTTP/1.1" 200 2757 "https://turismofundos.pt/wp-login.php" "Mozilla/5.0 (Windows NT 10.0; Win64; x64; rv:109.0) Gecko/20100101 Firefox/115.0"
193.189.100.200 - - [06/Jun/2026:11:40:02 +0200] "GET /wp-login.php HTTP/1.1" 200 2624 "-" "Mozilla/5.0 (Windows NT 10.0; Win64; x64; rv:109.0) Gecko/20100101 Firefox/115.0"
54.38.147.131 - - [06/Jun/2026:11:40:02 +0200] "GET /instantaneous-withdrawal-gambling-enterprises-canada-2026-15-fast-payment-internet-sites/ HTTP/1.1" 200 8458 "-" "Mozilla/5.0 (compatible; AhrefsBot/7.0; +http://ahrefs.com/robot/)"
193.189.100.200 - - [06/Jun/2026:11:40:02 +0200] "POST /wp-login.php HTTP/1.1" 200 2757 "https://turismofundos.pt/wp-login.php" "Mozilla/5.0 (Windows NT 10.0; Win64; x64; rv:109.0) Gecko/20100101 Firefox/115.0"
193.189.100.200 - - [06/Jun/2026:11:40:04 +0200] "GET /wp-login.php HTTP/1.1" 200 2624 "-" "Mozilla/5.0 (Windows NT 10.0; Win64; x64; rv:109.0) Gecko/20100101 Firefox/115.0"
193.189.100.200 - - [06/Jun/2026:11:40:04 +0200] "POST /wp-login.php HTTP/1.1" 200 2757 "https://turismofundos.pt/wp-login.php" "Mozilla/5.0 (Windows NT 10.0; Win64; x64; rv:109.0) Gecko/20100101 Firefox/115.0"
109.70.100.14 - - [06/Jun/2026:11:40:05 +0200] "GET /wp-login.php HTTP/1.1" 200 2624 "-" "Mozilla/5.0 (Windows NT 10.0; Win64; x64) AppleWebKit/537.36 (KHTML, like Gecko) Chrome/115.0.0.0 Safari/537.36"
109.70.100.14 - - [06/Jun/2026:11:40:06 +0200] "POST /wp-login.php HTTP/1.1" 200 2755 "https://turismofundos.pt/wp-login.php" "Mozilla/5.0 (Windows NT 10.0; Win64; x64) AppleWebKit/537.36 (KHTML, like Gecko) Chrome/115.0.0.0 Safari/537.36"
192.42.116.58 - - [06/Jun/2026:11:40:11 +0200] "GET /wp-login.php HTTP/1.1" 200 2624 "-" "Mozilla/5.0 (Android 13; Mobile; rv:124.0) Gecko/124.0 Firefox/124.0"
192.42.116.58 - - [06/Jun/2026:11:40:11 +0200] "POST /wp-login.php HTTP/1.1" 200 2762 "https://turismofundos.pt/wp-login.php" "Mozilla/5.0 (Android 13; Mobile; rv:124.0) Gecko/124.0 Firefox/124.0"
192.42.116.58 - - [06/Jun/2026:11:40:12 +0200] "GET /wp-login.php HTTP/1.1" 200 2624 "-" "Mozilla/5.0 (Android 13; Mobile; rv:124.0) Gecko/124.0 Firefox/124.0"
192.42.116.58 - - [06/Jun/2026:11:40:12 +0200] "POST /wp-login.php HTTP/1.1" 200 2762 "https://turismofundos.pt/wp-login.php" "Mozilla/5.0 (Android 13; Mobile; rv:124.0) Gecko/124.0 Firefox/124.0"
192.42.116.58 - - [06/Jun/2026:11:40:13 +0200] "GET /wp-login.php HTTP/1.1" 200 2624 "-" "Mozilla/5.0 (Android 13; Mobile; rv:124.0) Gecko/124.0 Firefox/124.0"
192.42.116.58 - - [06/Jun/2026:11:40:15 +0200] "POST /wp-login.php HTTP/1.1" 200 2762 "https://turismofundos.pt/wp-login.php" "Mozilla/5.0 (Android 13; Mobile; rv:124.0) Gecko/124.0 Firefox/124.0"
54.36.108.162 - - [06/Jun/2026:11:40:16 +0200] "GET /wp-login.php HTTP/1.1" 200 2624 "-" "Mozilla/5.0 (Linux; Android 14; Pixel 7) AppleWebKit/537.36 (KHTML, like Gecko) Chrome/124.0.6367.82 Mobile Safari/537.36"
54.36.108.162 - - [06/Jun/2026:11:40:16 +0200] "POST /wp-login.php HTTP/1.1" 200 2756 "https://turismofundos.pt/wp-login.php" "Mozilla/5.0 (Linux; Android 14; Pixel 7) AppleWebKit/537.36 (KHTML, like Gecko) Chrome/124.0.6367.82 Mobile Safari/537.36"
54.36.108.162 - - [06/Jun/2026:11:40:17 +0200] "GET /wp-login.php HTTP/1.1" 200 2624 "-" "Mozilla/5.0 (Linux; Android 14; Pixel 7) AppleWebKit/537.36 (KHTML, like Gecko) Chrome/124.0.6367.82 Mobile Safari/537.36"
54.36.108.162 - - [06/Jun/2026:11:40:18 +0200] "POST /wp-login.php HTTP/1.1" 200 2756 "https://turismofundos.pt/wp-login.php" "Mozilla/5.0 (Linux; Android 14; Pixel 7) AppleWebKit/537.36 (KHTML, like Gecko) Chrome/124.0.6367.82 Mobile Safari/537.36"
192.42.116.103 - - [06/Jun/2026:11:40:19 +0200] "GET /wp-login.php HTTP/1.1" 200 2624 "-" "Mozilla/5.0 (X11; Linux x86_64) AppleWebKit/537.36 (KHTML, like Gecko) Chrome/122.0.0.0 Safari/537.36"
192.42.116.103 - - [06/Jun/2026:11:40:20 +0200] "POST /wp-login.php HTTP/1.1" 200 2766 "https://turismofundos.pt/wp-login.php" "Mozilla/5.0 (X11; Linux x86_64) AppleWebKit/537.36 (KHTML, like Gecko) Chrome/122.0.0.0 Safari/537.36"
66.249.79.203 - - [06/Jun/2026:11:42:38 +0200] "GET /nachfolgende-besten-spielsaal-spiele-inoffizieller-mitarbeiter-internet/ HTTP/1.1" 200 9305 "-" "Mozilla/5.0 (Linux; Android 6.0.1; Nexus 5X Build/MMB29P) AppleWebKit/537.36 (KHTML, like Gecko) Chrome/148.0.7778.96 Mobile Safari/537.36 (compatible; Googlebot/2.1; +http://www.google.com/bot.html)"
213.171.208.232 - - [06/Jun/2026:11:43:12 +0200] "POST /xmlrpc.php HTTP/1.1" 200 244 "-" "Mozilla/5.0 (X11; Linux x86_64; rv:133.0) Gecko/20100101 Firefox/133.0"
66.249.79.204 - - [06/Jun/2026:11:44:16 +0200] "GET /juega-con-confianza-descubre-la-justicia-genuina-del-casino/ HTTP/1.1" 200 7613 "-" "Mozilla/5.0 (Linux; Android 6.0.1; Nexus 5X Build/MMB29P) AppleWebKit/537.36 (KHTML, like Gecko) Chrome/148.0.7778.96 Mobile Safari/537.36 (compatible; Googlebot/2.1; +http://www.google.com/bot.html)"
54.81.199.30 - - [06/Jun/2026:11:44:32 +0200] "GET /jp/216591xpkfction.html HTTP/1.1" 404 5175 "-" "Mozilla/5.0 (Macintosh; Intel Mac OS X 10_10_1) AppleWebKit/600.2.5 (KHTML, like Gecko) Version/8.0.2 Safari/600.2.5 (Lanai)"
87.49.146.225 - - [06/Jun/2026:11:47:44 +0200] "POST /xmlrpc.php HTTP/1.1" 200 424 "-" "Jetpack by WordPress.com"
87.49.146.225 - - [06/Jun/2026:11:47:54 +0200] "POST /xmlrpc.php HTTP/1.1" 200 424 "-" "Jetpack/12.1; WordPress/6.4; http://site19946671.com"
87.49.146.225 - - [06/Jun/2026:11:48:05 +0200] "POST /xmlrpc.php HTTP/1.1" 200 424 "-" "WordPress.com; https://wordpress.com"
87.49.146.225 - - [06/Jun/2026:11:48:16 +0200] "POST /xmlrpc.php HTTP/1.1" 200 424 "-" "Jetpack/12.1; WordPress/6.4; http://site22085615.com"
51.89.129.229 - - [06/Jun/2026:11:48:17 +0200] "GET /los-pros-y-los-contras-de-jugar-en-fundalor-casino-una-revision-honesta-la-popularidad-de-los/ HTTP/1.1" 200 8082 "-" "Mozilla/5.0 (compatible; AhrefsBot/7.0; +http://ahrefs.com/robot/)"
87.49.146.225 - - [06/Jun/2026:11:48:26 +0200] "POST /xmlrpc.php HTTP/1.1" 200 424 "-" "Jetpack by WordPress.com"
87.49.146.225 - - [06/Jun/2026:11:48:37 +0200] "POST /xmlrpc.php HTTP/1.1" 200 424 "-" "Jetpack by WordPress.com"
87.49.146.225 - - [06/Jun/2026:11:48:48 +0200] "POST /xmlrpc.php HTTP/1.1" 200 424 "-" "Jetpack/12.0; WordPress/6.2; http://site35616077.com"
87.49.146.225 - - [06/Jun/2026:11:48:58 +0200] "POST /xmlrpc.php HTTP/1.1" 200 424 "-" "WordPress.com; https://wordpress.com"
87.49.146.225 - - [06/Jun/2026:11:49:09 +0200] "POST /xmlrpc.php HTTP/1.1" 200 424 "-" "WordPress.com; https://wordpress.com"
198.244.240.40 - - [06/Jun/2026:11:49:20 +0200] "GET /de-rol-van-feedback-en-reviews-bij-het-kiezen-van-een-instant-casino/feed/ HTTP/1.1" 200 556 "-" "Mozilla/5.0 (compatible; AhrefsBot/7.0; +http://ahrefs.com/robot/)"
87.49.146.225 - - [06/Jun/2026:11:49:20 +0200] "POST /xmlrpc.php HTTP/1.1" 200 424 "-" "Jetpack/13.0; WordPress/6.2; http://site44747271.com"
87.49.146.225 - - [06/Jun/2026:11:49:31 +0200] "POST /xmlrpc.php HTTP/1.1" 200 424 "-" "Jetpack by WordPress.com"
87.49.146.225 - - [06/Jun/2026:11:49:41 +0200] "POST /xmlrpc.php HTTP/1.1" 200 424 "-" "Jetpack/13.0; WordPress/6.4; http://site45434952.com"
87.49.146.225 - - [06/Jun/2026:11:49:52 +0200] "POST /xmlrpc.php HTTP/1.1" 200 424 "-" "Jetpack by WordPress.com"
45.157.112.208 - - [06/Jun/2026:11:49:55 +0200] "POST /wp-login.php HTTP/1.1" 200 7570 "-" "Mozilla/5.0"
45.157.112.133 - - [06/Jun/2026:11:49:55 +0200] "POST /wp-login.php HTTP/1.1" 200 7544 "-" "Mozilla/5.0"
45.157.112.98 - - [06/Jun/2026:11:49:55 +0200] "POST /wp-login.php HTTP/1.1" 200 7558 "-" "Mozilla/5.0"
45.157.112.217 - - [06/Jun/2026:11:49:55 +0200] "POST /wp-login.php HTTP/1.1" 200 7552 "-" "Mozilla/5.0"
45.157.112.59 - - [06/Jun/2026:11:49:55 +0200] "POST /wp-login.php HTTP/1.1" 200 7550 "-" "Mozilla/5.0"
45.157.112.228 - - [06/Jun/2026:11:49:55 +0200] "POST /wp-login.php HTTP/1.1" 200 7570 "-" "Mozilla/5.0"
45.157.112.245 - - [06/Jun/2026:11:49:56 +0200] "POST /wp-login.php HTTP/1.1" 200 7544 "-" "Mozilla/5.0"
87.49.146.225 - - [06/Jun/2026:11:50:03 +0200] "POST /xmlrpc.php HTTP/1.1" 200 424 "-" "WordPress.com; https://wordpress.com"
87.49.146.225 - - [06/Jun/2026:11:50:13 +0200] "POST /xmlrpc.php HTTP/1.1" 200 424 "-" "Jetpack by WordPress.com"
87.49.146.225 - - [06/Jun/2026:11:50:24 +0200] "POST /xmlrpc.php HTTP/1.1" 200 424 "-" "Jetpack by WordPress.com"
198.244.226.215 - - [06/Jun/2026:11:50:27 +0200] "GET /lotobar-igrovye-avtomaty-onlaynovyy-v-bezvozmezdnom-stroe-a-takzhe-vne-registratsii/ HTTP/1.1" 200 10374 "-" "Mozilla/5.0 (compatible; AhrefsBot/7.0; +http://ahrefs.com/robot/)"
87.49.146.225 - - [06/Jun/2026:11:50:35 +0200] "POST /xmlrpc.php HTTP/1.1" 200 424 "-" "Jetpack/12.0; WordPress/6.1; http://site52683896.com"
87.49.146.225 - - [06/Jun/2026:11:50:45 +0200] "POST /xmlrpc.php HTTP/1.1" 200 424 "-" "Jetpack by WordPress.com"
87.49.146.225 - - [06/Jun/2026:11:50:56 +0200] "POST /xmlrpc.php HTTP/1.1" 200 424 "-" "WordPress.com; https://wordpress.com"
87.49.146.225 - - [06/Jun/2026:11:51:07 +0200] "POST /xmlrpc.php HTTP/1.1" 200 424 "-" "Jetpack/12.0; WordPress/6.3; http://site72106804.com"
87.49.146.225 - - [06/Jun/2026:11:51:17 +0200] "POST /xmlrpc.php HTTP/1.1" 200 424 "-" "Jetpack/12.0; WordPress/6.1; http://site83838752.com"
51.195.215.209 - - [06/Jun/2026:11:51:27 +0200] "GET /descubre-los-secretos-del-exito-en-pin-up-casino-los-casinos-online-han-revolucionado-la-forma-en-la/ HTTP/1.1" 200 8121 "-" "Mozilla/5.0 (compatible; AhrefsBot/7.0; +http://ahrefs.com/robot/)"
87.49.146.225 - - [06/Jun/2026:11:51:28 +0200] "POST /xmlrpc.php HTTP/1.1" 200 424 "-" "Jetpack/12.5; WordPress/6.1; http://site52284908.com"
87.49.146.225 - - [06/Jun/2026:11:51:38 +0200] "POST /xmlrpc.php HTTP/1.1" 200 424 "-" "Jetpack by WordPress.com (Jetpack 12.1; WordPress 6.1)"
87.49.146.225 - - [06/Jun/2026:11:51:49 +0200] "POST /xmlrpc.php HTTP/1.1" 200 424 "-" "WordPress.com; https://wordpress.com"
87.49.146.225 - - [06/Jun/2026:11:52:00 +0200] "POST /xmlrpc.php HTTP/1.1" 200 424 "-" "Jetpack by WordPress.com (Jetpack 12.0; WordPress 6.3)"
51.79.229.115 - - [06/Jun/2026:11:52:04 +0200] "GET /wp-login.php HTTP/1.1" 200 2624 "-" "Mozilla/5.0 (Windows NT 10.0; Win64; x64) AppleWebKit/537.36 (KHTML, like Gecko) Chrome/120.0.0.0 Safari/537.36"
51.79.229.115 - - [06/Jun/2026:11:52:05 +0200] "POST /wp-login.php HTTP/1.1" 200 2772 "https://turismofundos.pt/wp-login.php" "Mozilla/5.0 (Windows NT 10.0; Win64; x64) AppleWebKit/537.36 (KHTML, like Gecko) Chrome/120.0.0.0 Safari/537.36"
87.49.146.225 - - [06/Jun/2026:11:52:10 +0200] "POST /xmlrpc.php HTTP/1.1" 200 424 "-" "WordPress.com; https://wordpress.com"
87.49.146.225 - - [06/Jun/2026:11:52:21 +0200] "POST /xmlrpc.php HTTP/1.1" 200 424 "-" "Jetpack by WordPress.com (Jetpack 12.5; WordPress 6.4)"
198.244.183.193 - - [06/Jun/2026:11:52:24 +0200] "GET /seven-kasino-ammattitaitoinen-pelialusta-suomalaisille/ HTTP/1.1" 200 8997 "-" "Mozilla/5.0 (compatible; AhrefsBot/7.0; +http://ahrefs.com/robot/)"
17.241.227.106 - - [06/Jun/2026:11:52:31 +0200] "GET /page/464/?p=%2F HTTP/1.1" 200 18233 "-" "Mozilla/5.0 (Macintosh; Intel Mac OS X 10_15_7) AppleWebKit/605.1.15 (KHTML, like Gecko) Version/17.4 Safari/605.1.15 (Applebot/0.1; +http://www.apple.com/go/applebot)"
87.49.146.225 - - [06/Jun/2026:11:52:32 +0200] "POST /xmlrpc.php HTTP/1.1" 200 424 "-" "Jetpack by WordPress.com"
87.49.146.225 - - [06/Jun/2026:11:52:42 +0200] "POST /xmlrpc.php HTTP/1.1" 200 424 "-" "WordPress.com; https://wordpress.com"
87.49.146.225 - - [06/Jun/2026:11:52:53 +0200] "POST /xmlrpc.php HTTP/1.1" 200 424 "-" "WordPress.com; https://wordpress.com"
87.49.146.225 - - [06/Jun/2026:11:53:04 +0200] "POST /xmlrpc.php HTTP/1.1" 200 424 "-" "WordPress.com; https://wordpress.com"
87.49.146.225 - - [06/Jun/2026:11:53:14 +0200] "POST /xmlrpc.php HTTP/1.1" 200 424 "-" "Jetpack by WordPress.com"
198.244.183.77 - - [06/Jun/2026:11:53:24 +0200] "GET /instant-casino-erfahrungen-die-besten-tipps-zur-nutzung-des-no-deposit-bonus/feed/ HTTP/1.1" 200 573 "-" "Mozilla/5.0 (compatible; AhrefsBot/7.0; +http://ahrefs.com/robot/)"
66.249.79.204 - - [06/Jun/2026:11:53:25 +0200] "GET /baanbrekende-slots-onderzoeken-uw-definitieve-pad-naar-eerlijke-gokactiviteiten/ HTTP/1.1" 200 7817 "-" "Mozilla/5.0 (Linux; Android 6.0.1; Nexus 5X Build/MMB29P) AppleWebKit/537.36 (KHTML, like Gecko) Chrome/148.0.7778.96 Mobile Safari/537.36 (compatible; GoogleOther)"
87.49.146.225 - - [06/Jun/2026:11:53:25 +0200] "POST /xmlrpc.php HTTP/1.1" 200 424 "-" "Jetpack by WordPress.com"
87.49.146.225 - - [06/Jun/2026:11:53:36 +0200] "POST /xmlrpc.php HTTP/1.1" 200 424 "-" "Jetpack/12.5; WordPress/6.2; http://site53312042.com"
87.49.146.225 - - [06/Jun/2026:11:53:46 +0200] "POST /xmlrpc.php HTTP/1.1" 200 424 "-" "Jetpack by WordPress.com"
87.49.146.225 - - [06/Jun/2026:11:53:57 +0200] "POST /xmlrpc.php HTTP/1.1" 200 424 "-" "Jetpack by WordPress.com (Jetpack 12.1; WordPress 6.2)"
87.49.146.225 - - [06/Jun/2026:11:54:08 +0200] "POST /xmlrpc.php HTTP/1.1" 200 424 "-" "Jetpack by WordPress.com"
198.244.240.195 - - [06/Jun/2026:11:54:17 +0200] "GET /ka-izmantot-bezriska-griezienus-lex-casino-spelu/feed/ HTTP/1.1" 200 555 "-" "Mozilla/5.0 (compatible; AhrefsBot/7.0; +http://ahrefs.com/robot/)"
87.49.146.225 - - [06/Jun/2026:11:54:18 +0200] "POST /xmlrpc.php HTTP/1.1" 200 424 "-" "Jetpack/13.0; WordPress/6.4; http://site98675750.com"
87.49.146.225 - - [06/Jun/2026:11:54:29 +0200] "POST /xmlrpc.php HTTP/1.1" 200 424 "-" "Jetpack by WordPress.com (Jetpack 12.0; WordPress 6.2)"
87.49.146.225 - - [06/Jun/2026:11:54:39 +0200] "POST /xmlrpc.php HTTP/1.1" 200 424 "-" "Jetpack by WordPress.com (Jetpack 12.1; WordPress 6.3)"
87.49.146.225 - - [06/Jun/2026:11:54:50 +0200] "POST /xmlrpc.php HTTP/1.1" 200 424 "-" "WordPress.com; https://wordpress.com"
198.244.183.163 - - [06/Jun/2026:11:54:54 +0200] "GET /escort-civitanova-marche-macerata-collaboratrice-familiare-cerca-soggetto-civitanova-marche/ HTTP/1.1" 200 8086 "-" "Mozilla/5.0 (compatible; AhrefsBot/7.0; +http://ahrefs.com/robot/)"
87.49.146.225 - - [06/Jun/2026:11:55:01 +0200] "POST /xmlrpc.php HTTP/1.1" 200 424 "-" "Jetpack by WordPress.com (Jetpack 12.0; WordPress 6.4)"
87.49.146.225 - - [06/Jun/2026:11:55:11 +0200] "POST /xmlrpc.php HTTP/1.1" 200 424 "-" "WordPress.com; https://wordpress.com"
66.249.79.204 - - [06/Jun/2026:11:55:19 +0200] "GET /entra-en-la-prueba-de-juego-la-prueba-definitiva-de-un-jugador-de-casino/ HTTP/1.1" 200 8226 "-" "Mozilla/5.0 (Linux; Android 6.0.1; Nexus 5X Build/MMB29P) AppleWebKit/537.36 (KHTML, like Gecko) Chrome/148.0.7778.96 Mobile Safari/537.36 (compatible; Googlebot/2.1; +http://www.google.com/bot.html)"
87.49.146.225 - - [06/Jun/2026:11:55:22 +0200] "POST /xmlrpc.php HTTP/1.1" 200 424 "-" "Jetpack by WordPress.com (Jetpack 12.0; WordPress 6.4)"
87.49.146.225 - - [06/Jun/2026:11:55:33 +0200] "POST /xmlrpc.php HTTP/1.1" 200 424 "-" "Jetpack by WordPress.com (Jetpack 12.5; WordPress 6.1)"
87.49.146.225 - - [06/Jun/2026:11:55:43 +0200] "POST /xmlrpc.php HTTP/1.1" 200 424 "-" "Jetpack/12.5; WordPress/6.3; http://site68558378.com"
87.49.146.225 - - [06/Jun/2026:11:55:54 +0200] "POST /xmlrpc.php HTTP/1.1" 200 424 "-" "WordPress.com; https://wordpress.com"
198.244.242.190 - - [06/Jun/2026:11:55:55 +0200] "GET /tudo-o-que-inclui-o-b-nus-de-entrada-no-esc-casino-online/feed/ HTTP/1.1" 200 553 "-" "Mozilla/5.0 (compatible; AhrefsBot/7.0; +http://ahrefs.com/robot/)"
95.217.109.26 - - [06/Jun/2026:11:56:01 +0200] "GET /robots.txt HTTP/1.1" 200 194 "-" "Mozilla/5.0 (compatible; MJ12bot/v1.4.8; http://mj12bot.com/)"
95.217.109.26 - - [06/Jun/2026:11:56:02 +0200] "GET /page/280/?p=%E0%A6%95%E0%A6%95etc%E0%A6%95ghostscript HTTP/1.1" 200 24454 "-" "Mozilla/5.0 (compatible; MJ12bot/v1.4.8; http://mj12bot.com/)"
34.198.2.0 - - [06/Jun/2026:11:56:05 +0200] "GET /robots.txt HTTP/1.1" 200 194 "-" "Mozilla/5.0 (Macintosh; Intel Mac OS X 10_10_1) AppleWebKit/600.2.5 (KHTML, like Gecko) Version/8.0.2 Safari/600.2.5 (Gort)"
95.217.109.26 - - [06/Jun/2026:11:56:05 +0200] "GET /page/281/?p=%E0%A6%95%E0%A6%95etc%E0%A6%95console-setup HTTP/1.1" 200 23976 "-" "Mozilla/5.0 (compatible; MJ12bot/v1.4.8; http://mj12bot.com/)"
87.49.146.225 - - [06/Jun/2026:11:56:05 +0200] "POST /xmlrpc.php HTTP/1.1" 200 424 "-" "Jetpack by WordPress.com"
95.217.109.26 - - [06/Jun/2026:11:56:06 +0200] "GET /page/281/?p=%E0%A6%95%E0%A6%95etc%E0%A6%95cron%E0%A6%97daily HTTP/1.1" 200 23976 "-" "Mozilla/5.0 (compatible; MJ12bot/v1.4.8; http://mj12bot.com/)"
95.217.109.26 - - [06/Jun/2026:11:56:08 +0200] "GET /page/281/?p=%E0%A6%95%E0%A6%95etc%E0%A6%95cron%E0%A6%97hourly HTTP/1.1" 200 23978 "-" "Mozilla/5.0 (compatible; MJ12bot/v1.4.8; http://mj12bot.com/)"
95.217.109.26 - - [06/Jun/2026:11:56:10 +0200] "GET /page/281/?p=%E0%A6%95%E0%A6%95etc%E0%A6%95cron%E0%A6%97weekly HTTP/1.1" 200 23976 "-" "Mozilla/5.0 (compatible; MJ12bot/v1.4.8; http://mj12bot.com/)"
95.217.109.26 - - [06/Jun/2026:11:56:12 +0200] "GET /page/281/?p=%E0%A6%95%E0%A6%95etc%E0%A6%95dbus-1 HTTP/1.1" 200 23971 "-" "Mozilla/5.0 (compatible; MJ12bot/v1.4.8; http://mj12bot.com/)"
95.217.109.26 - - [06/Jun/2026:11:56:14 +0200] "GET /page/281/?p=%E0%A6%95%E0%A6%95etc%E0%A6%95dconf HTTP/1.1" 200 23969 "-" "Mozilla/5.0 (compatible; MJ12bot/v1.4.8; http://mj12bot.com/)"
87.49.146.225 - - [06/Jun/2026:11:56:15 +0200] "POST /xmlrpc.php HTTP/1.1" 200 424 "-" "Jetpack by WordPress.com"
95.217.109.26 - - [06/Jun/2026:11:56:16 +0200] "GET /page/281/?p=%E0%A6%95%E0%A6%95etc%E0%A6%95fonts HTTP/1.1" 200 23968 "-" "Mozilla/5.0 (compatible; MJ12bot/v1.4.8; http://mj12bot.com/)"
95.217.109.26 - - [06/Jun/2026:11:56:18 +0200] "GET /page/290/?p=%E0%A6%95%E0%A6%95lib%E0%A6%95python3%E0%A6%979%E0%A6%95lib2to3 HTTP/1.1" 200 11292 "-" "Mozilla/5.0 (compatible; MJ12bot/v1.4.8; http://mj12bot.com/)"
95.217.109.26 - - [06/Jun/2026:11:56:20 +0200] "GET /page/291/?p=%E0%A6%95%E0%A6%95lib%E0%A6%95python3%E0%A6%979%E0%A6%95lib2to3 HTTP/1.1" 200 16934 "-" "Mozilla/5.0 (compatible; MJ12bot/v1.4.8; http://mj12bot.com/)"
95.217.109.26 - - [06/Jun/2026:11:56:23 +0200] "GET /page/292/?p=%E0%A6%95%E0%A6%95lib%E0%A6%95python3%E0%A6%979%E0%A6%95lib2to3 HTTP/1.1" 200 17880 "-" "Mozilla/5.0 (compatible; MJ12bot/v1.4.8; http://mj12bot.com/)"
95.217.109.26 - - [06/Jun/2026:11:56:25 +0200] "GET /page/293/?p=%E0%A6%95%E0%A6%95lib%E0%A6%95python3%E0%A6%979%E0%A6%95lib2to3 HTTP/1.1" 200 21168 "-" "Mozilla/5.0 (compatible; MJ12bot/v1.4.8; http://mj12bot.com/)"
87.49.146.225 - - [06/Jun/2026:11:56:26 +0200] "POST /xmlrpc.php HTTP/1.1" 200 424 "-" "WordPress.com; https://wordpress.com"
95.217.109.26 - - [06/Jun/2026:11:56:27 +0200] "GET /page/294/?p=%E0%A6%95%E0%A6%95lib%E0%A6%95python3%E0%A6%979%E0%A6%95lib2to3 HTTP/1.1" 200 18531 "-" "Mozilla/5.0 (compatible; MJ12bot/v1.4.8; http://mj12bot.com/)"
95.217.109.26 - - [06/Jun/2026:11:56:28 +0200] "GET /page/295/?p=%E0%A6%95%E0%A6%95lib%E0%A6%95python3%E0%A6%979%E0%A6%95lib2to3 HTTP/1.1" 200 9431 "-" "Mozilla/5.0 (compatible; MJ12bot/v1.4.8; http://mj12bot.com/)"
95.217.109.26 - - [06/Jun/2026:11:56:31 +0200] "GET /page/297/?p=%E0%A6%95%E0%A6%95boot%E0%A6%95grub%E0%A6%95fonts HTTP/1.1" 200 13445 "-" "Mozilla/5.0 (compatible; MJ12bot/v1.4.8; http://mj12bot.com/)"
95.217.109.26 - - [06/Jun/2026:11:56:33 +0200] "GET /page/297/?p=%E0%A6%95%E0%A6%95dev%E0%A6%95input%E0%A6%95by-path HTTP/1.1" 200 13451 "-" "Mozilla/5.0 (compatible; MJ12bot/v1.4.8; http://mj12bot.com/)"
95.217.109.26 - - [06/Jun/2026:11:56:35 +0200] "GET /page/297/?p=%E0%A6%95%E0%A6%95lib%E0%A6%95ssl%E0%A6%95private HTTP/1.1" 200 13448 "-" "Mozilla/5.0 (compatible; MJ12bot/v1.4.8; http://mj12bot.com/)"
95.217.109.26 - - [06/Jun/2026:11:56:37 +0200] "GET /page/297/?p=%E0%A6%95%E0%A6%95lib%E0%A6%95x86_64-linux-gnu HTTP/1.1" 200 13452 "-" "Mozilla/5.0 (compatible; MJ12bot/v1.4.8; http://mj12bot.com/)"
87.49.146.225 - - [06/Jun/2026:11:56:37 +0200] "POST /xmlrpc.php HTTP/1.1" 200 424 "-" "Jetpack/12.0; WordPress/6.3; http://site89545666.com"
95.217.109.26 - - [06/Jun/2026:11:56:39 +0200] "GET /page/297/?p=%E0%A6%95%E0%A6%95lib32 HTTP/1.1" 200 13436 "-" "Mozilla/5.0 (compatible; MJ12bot/v1.4.8; http://mj12bot.com/)"
95.217.109.26 - - [06/Jun/2026:11:56:41 +0200] "GET /page/297/?p=%E0%A6%95%E0%A6%95lib64 HTTP/1.1" 200 13437 "-" "Mozilla/5.0 (compatible; MJ12bot/v1.4.8; http://mj12bot.com/)"
95.217.109.26 - - [06/Jun/2026:11:56:42 +0200] "GET /page/297/?p=%E0%A6%95%E0%A6%95libx32 HTTP/1.1" 200 13437 "-" "Mozilla/5.0 (compatible; MJ12bot/v1.4.8; http://mj12bot.com/)"
95.217.109.26 - - [06/Jun/2026:11:56:44 +0200] "GET /page/297/?p=%E0%A6%95%E0%A6%95lost+found HTTP/1.1" 301 5 "-" "Mozilla/5.0 (compatible; MJ12bot/v1.4.8; http://mj12bot.com/)"
95.217.109.26 - - [06/Jun/2026:11:56:46 +0200] "GET /page/297/?p=%E0%A6%95%E0%A6%95lost%20found HTTP/1.1" 200 13440 "-" "Mozilla/5.0 (compatible; MJ12bot/v1.4.8; http://mj12bot.com/)"
87.49.146.225 - - [06/Jun/2026:11:56:47 +0200] "POST /xmlrpc.php HTTP/1.1" 200 424 "-" "Jetpack by WordPress.com (Jetpack 12.5; WordPress 6.4)"
95.217.109.26 - - [06/Jun/2026:11:56:48 +0200] "GET /page/298/?p=%E0%A6%95%E0%A6%95boot%E0%A6%95grub%E0%A6%95fonts HTTP/1.1" 200 12016 "-" "Mozilla/5.0 (compatible; MJ12bot/v1.4.8; http://mj12bot.com/)"
64.31.25.250 - - [06/Jun/2026:11:56:49 +0200] "POST /xmlrpc.php HTTP/1.1" 200 244 "-" "Mozilla/5.0 (Macintosh; Intel Mac OS X 14_7_4) AppleWebKit/537.36 (KHTML, like Gecko) Chrome/133.0.0.0 Safari/537.36"
95.217.109.26 - - [06/Jun/2026:11:56:50 +0200] "GET /page/298/?p=%E0%A6%95%E0%A6%95dev%E0%A6%95disk%E0%A6%95by-id HTTP/1.1" 200 12018 "-" "Mozilla/5.0 (compatible; MJ12bot/v1.4.8; http://mj12bot.com/)"
95.217.109.26 - - [06/Jun/2026:11:56:52 +0200] "GET /page/298/?p=%E0%A6%95%E0%A6%95dev%E0%A6%95input%E0%A6%95by-path HTTP/1.1" 200 12019 "-" "Mozilla/5.0 (compatible; MJ12bot/v1.4.8; http://mj12bot.com/)"
198.244.183.61 - - [06/Jun/2026:11:56:53 +0200] "GET /descubre-los-secretos-del-exito-en-pin-up-casino-el-casino-en-linea-pin-up-ha-ganado-popularidad-en/ HTTP/1.1" 200 8022 "-" "Mozilla/5.0 (compatible; AhrefsBot/7.0; +http://ahrefs.com/robot/)"
95.217.109.26 - - [06/Jun/2026:11:56:54 +0200] "GET /page/298/?p=%E0%A6%95%E0%A6%95lib%E0%A6%95ssl%E0%A6%95private HTTP/1.1" 200 12019 "-" "Mozilla/5.0 (compatible; MJ12bot/v1.4.8; http://mj12bot.com/)"
95.217.109.26 - - [06/Jun/2026:11:56:56 +0200] "GET /page/298/?p=%E0%A6%95%E0%A6%95lib%E0%A6%95x86_64-linux-gnu HTTP/1.1" 200 12022 "-" "Mozilla/5.0 (compatible; MJ12bot/v1.4.8; http://mj12bot.com/)"
95.217.109.26 - - [06/Jun/2026:11:56:57 +0200] "GET /page/298/?p=%E0%A6%95%E0%A6%95lib32 HTTP/1.1" 200 12006 "-" "Mozilla/5.0 (compatible; MJ12bot/v1.4.8; http://mj12bot.com/)"
87.49.146.225 - - [06/Jun/2026:11:56:58 +0200] "POST /xmlrpc.php HTTP/1.1" 200 424 "-" "Jetpack by WordPress.com"
95.217.109.26 - - [06/Jun/2026:11:56:59 +0200] "GET /page/298/?p=%E0%A6%95%E0%A6%95lib64 HTTP/1.1" 200 12006 "-" "Mozilla/5.0 (compatible; MJ12bot/v1.4.8; http://mj12bot.com/)"
95.217.109.26 - - [06/Jun/2026:11:57:01 +0200] "GET /page/298/?p=%E0%A6%95%E0%A6%95libx32 HTTP/1.1" 200 12008 "-" "Mozilla/5.0 (compatible; MJ12bot/v1.4.8; http://mj12bot.com/)"
95.217.109.26 - - [06/Jun/2026:11:57:03 +0200] "GET /page/298/?p=%E0%A6%95%E0%A6%95lost%2Bfound HTTP/1.1" 200 12012 "-" "Mozilla/5.0 (compatible; MJ12bot/v1.4.8; http://mj12bot.com/)"
95.217.109.26 - - [06/Jun/2026:11:57:05 +0200] "GET /page/298/?p=%E0%A6%95%E0%A6%95lost+found HTTP/1.1" 301 5 "-" "Mozilla/5.0 (compatible; MJ12bot/v1.4.8; http://mj12bot.com/)"
95.217.109.26 - - [06/Jun/2026:11:57:07 +0200] "GET /page/298/?p=%E0%A6%95%E0%A6%95lost%20found HTTP/1.1" 200 12009 "-" "Mozilla/5.0 (compatible; MJ12bot/v1.4.8; http://mj12bot.com/)"
87.49.146.225 - - [06/Jun/2026:11:57:09 +0200] "POST /xmlrpc.php HTTP/1.1" 200 424 "-" "Jetpack by WordPress.com"
95.217.109.26 - - [06/Jun/2026:11:57:11 +0200] "GET /page/298/?p=%E0%A6%95%E0%A6%95mnt HTTP/1.1" 200 12004 "-" "Mozilla/5.0 (compatible; MJ12bot/v1.4.8; http://mj12bot.com/)"
95.217.109.26 - - [06/Jun/2026:11:57:13 +0200] "GET /page/299/?p=%E0%A6%95%E0%A6%95boot%E0%A6%95grub%E0%A6%95fonts HTTP/1.1" 200 10905 "-" "Mozilla/5.0 (compatible; MJ12bot/v1.4.8; http://mj12bot.com/)"
95.217.109.26 - - [06/Jun/2026:11:57:14 +0200] "GET /page/299/?p=%E0%A6%95%E0%A6%95boot%E0%A6%95grub%E0%A6%95i386-pc HTTP/1.1" 200 10910 "-" "Mozilla/5.0 (compatible; MJ12bot/v1.4.8; http://mj12bot.com/)"
95.217.109.26 - - [06/Jun/2026:11:57:16 +0200] "GET /page/299/?p=%E0%A6%95%E0%A6%95dev HTTP/1.1" 200 10890 "-" "Mozilla/5.0 (compatible; MJ12bot/v1.4.8; http://mj12bot.com/)"
95.217.109.26 - - [06/Jun/2026:11:57:18 +0200] "GET /page/299/?p=%E0%A6%95%E0%A6%95dev%E0%A6%95bus%E0%A6%95usb HTTP/1.1" 200 10902 "-" "Mozilla/5.0 (compatible; MJ12bot/v1.4.8; http://mj12bot.com/)"
87.49.146.225 - - [06/Jun/2026:11:57:20 +0200] "POST /xmlrpc.php HTTP/1.1" 200 424 "-" "Jetpack by WordPress.com (Jetpack 12.5; WordPress 6.2)"
95.217.109.26 - - [06/Jun/2026:11:57:20 +0200] "GET /page/299/?p=%E0%A6%95%E0%A6%95dev%E0%A6%95disk%E0%A6%95by-id HTTP/1.1" 200 10907 "-" "Mozilla/5.0 (compatible; MJ12bot/v1.4.8; http://mj12bot.com/)"
95.217.109.26 - - [06/Jun/2026:11:57:23 +0200] "GET /page/299/?p=%E0%A6%95%E0%A6%95dev%E0%A6%95input%E0%A6%95by-path HTTP/1.1" 200 10911 "-" "Mozilla/5.0 (compatible; MJ12bot/v1.4.8; http://mj12bot.com/)"
95.217.109.26 - - [06/Jun/2026:11:57:25 +0200] "GET /page/299/?p=%E0%A6%95%E0%A6%95lib%E0%A6%95ssl%E0%A6%95private HTTP/1.1" 200 10907 "-" "Mozilla/5.0 (compatible; MJ12bot/v1.4.8; http://mj12bot.com/)"
95.217.109.26 - - [06/Jun/2026:11:57:28 +0200] "GET /page/299/?p=%E0%A6%95%E0%A6%95lib%E0%A6%95x86_64-linux-gnu HTTP/1.1" 200 10908 "-" "Mozilla/5.0 (compatible; MJ12bot/v1.4.8; http://mj12bot.com/)"
95.217.109.26 - - [06/Jun/2026:11:57:29 +0200] "GET /page/299/?p=%E0%A6%95%E0%A6%95lib32 HTTP/1.1" 200 10891 "-" "Mozilla/5.0 (compatible; MJ12bot/v1.4.8; http://mj12bot.com/)"
87.49.146.225 - - [06/Jun/2026:11:57:30 +0200] "POST /xmlrpc.php HTTP/1.1" 200 424 "-" "WordPress.com; https://wordpress.com"
95.217.109.26 - - [06/Jun/2026:11:57:31 +0200] "GET /page/299/?p=%E0%A6%95%E0%A6%95lib64 HTTP/1.1" 200 10892 "-" "Mozilla/5.0 (compatible; MJ12bot/v1.4.8; http://mj12bot.com/)"
95.217.109.26 - - [06/Jun/2026:11:57:33 +0200] "GET /page/299/?p=%E0%A6%95%E0%A6%95libx32 HTTP/1.1" 200 10892 "-" "Mozilla/5.0 (compatible; MJ12bot/v1.4.8; http://mj12bot.com/)"
198.244.183.161 - - [06/Jun/2026:11:57:36 +0200] "GET /gambling-laws-across-different-countries-origins/ HTTP/1.1" 200 8436 "-" "Mozilla/5.0 (compatible; AhrefsBot/7.0; +http://ahrefs.com/robot/)"
95.217.109.26 - - [06/Jun/2026:11:57:36 +0200] "GET /page/299/?p=%E0%A6%95%E0%A6%95lost%2Bfound HTTP/1.1" 200 10897 "-" "Mozilla/5.0 (compatible; MJ12bot/v1.4.8; http://mj12bot.com/)"
95.217.109.26 - - [06/Jun/2026:11:57:37 +0200] "GET /page/299/?p=%E0%A6%95%E0%A6%95lost+found HTTP/1.1" 301 5 "-" "Mozilla/5.0 (compatible; MJ12bot/v1.4.8; http://mj12bot.com/)"
95.217.109.26 - - [06/Jun/2026:11:57:39 +0200] "GET /page/299/?p=%E0%A6%95%E0%A6%95lost%20found HTTP/1.1" 200 10894 "-" "Mozilla/5.0 (compatible; MJ12bot/v1.4.8; http://mj12bot.com/)"
87.49.146.225 - - [06/Jun/2026:11:57:41 +0200] "POST /xmlrpc.php HTTP/1.1" 200 424 "-" "Jetpack by WordPress.com"
95.217.109.26 - - [06/Jun/2026:11:57:41 +0200] "GET /page/299/?p=%E0%A6%95%E0%A6%95mnt HTTP/1.1" 200 10890 "-" "Mozilla/5.0 (compatible; MJ12bot/v1.4.8; http://mj12bot.com/)"
95.217.109.26 - - [06/Jun/2026:11:57:43 +0200] "GET /page/300/?p=%E0%A6%95%E0%A6%95boot%E0%A6%95grub%E0%A6%95i386-pc HTTP/1.1" 200 16407 "-" "Mozilla/5.0 (compatible; MJ12bot/v1.4.8; http://mj12bot.com/)"
95.217.109.26 - - [06/Jun/2026:11:57:46 +0200] "GET /page/300/?p=%E0%A6%95%E0%A6%95dev HTTP/1.1" 200 16390 "-" "Mozilla/5.0 (compatible; MJ12bot/v1.4.8; http://mj12bot.com/)"
95.217.109.26 - - [06/Jun/2026:11:57:48 +0200] "GET /page/300/?p=%E0%A6%95%E0%A6%95dev%E0%A6%95bus%E0%A6%95usb HTTP/1.1" 200 16403 "-" "Mozilla/5.0 (compatible; MJ12bot/v1.4.8; http://mj12bot.com/)"
95.217.109.26 - - [06/Jun/2026:11:57:50 +0200] "GET /page/300/?p=%E0%A6%95%E0%A6%95dev%E0%A6%95disk%E0%A6%95by-id HTTP/1.1" 200 16403 "-" "Mozilla/5.0 (compatible; MJ12bot/v1.4.8; http://mj12bot.com/)"
95.217.109.26 - - [06/Jun/2026:11:57:51 +0200] "GET /page/300/?p=%E0%A6%95%E0%A6%95mnt HTTP/1.1" 200 16389 "-" "Mozilla/5.0 (compatible; MJ12bot/v1.4.8; http://mj12bot.com/)"
87.49.146.225 - - [06/Jun/2026:11:57:52 +0200] "POST /xmlrpc.php HTTP/1.1" 200 424 "-" "Jetpack by WordPress.com"
95.217.109.26 - - [06/Jun/2026:11:57:54 +0200] "GET /page/300/?p=%E0%A6%95%E0%A6%95boot%E0%A6%95grub%E0%A6%95fonts HTTP/1.1" 200 16401 "-" "Mozilla/5.0 (compatible; MJ12bot/v1.4.8; http://mj12bot.com/)"
95.217.109.26 - - [06/Jun/2026:11:57:55 +0200] "GET /page/300/?p=%E0%A6%95%E0%A6%95dev%E0%A6%95input%E0%A6%95by-path HTTP/1.1" 200 16407 "-" "Mozilla/5.0 (compatible; MJ12bot/v1.4.8; http://mj12bot.com/)"
95.217.109.26 - - [06/Jun/2026:11:57:57 +0200] "GET /page/300/?p=%E0%A6%95%E0%A6%95lib32 HTTP/1.1" 200 16391 "-" "Mozilla/5.0 (compatible; MJ12bot/v1.4.8; http://mj12bot.com/)"
95.217.109.26 - - [06/Jun/2026:11:57:59 +0200] "GET /page/300/?p=%E0%A6%95%E0%A6%95lib64 HTTP/1.1" 200 16393 "-" "Mozilla/5.0 (compatible; MJ12bot/v1.4.8; http://mj12bot.com/)"
95.217.109.26 - - [06/Jun/2026:11:58:01 +0200] "GET /page/300/?p=%E0%A6%95%E0%A6%95libx32 HTTP/1.1" 200 16392 "-" "Mozilla/5.0 (compatible; MJ12bot/v1.4.8; http://mj12bot.com/)"
87.49.146.225 - - [06/Jun/2026:11:58:02 +0200] "POST /xmlrpc.php HTTP/1.1" 200 424 "-" "Jetpack/12.1; WordPress/6.1; http://site76541474.com"
95.217.109.26 - - [06/Jun/2026:11:58:03 +0200] "GET /page/300/?p=%E0%A6%95%E0%A6%95lib%E0%A6%95ssl%E0%A6%95private HTTP/1.1" 200 16404 "-" "Mozilla/5.0 (compatible; MJ12bot/v1.4.8; http://mj12bot.com/)"
95.217.109.26 - - [06/Jun/2026:11:58:05 +0200] "GET /page/300/?p=%E0%A6%95%E0%A6%95lib%E0%A6%95x86_64-linux-gnu HTTP/1.1" 200 16408 "-" "Mozilla/5.0 (compatible; MJ12bot/v1.4.8; http://mj12bot.com/)"
95.217.109.26 - - [06/Jun/2026:11:58:07 +0200] "GET /page/300/?p=%E0%A6%95%E0%A6%95lost%20found HTTP/1.1" 200 16395 "-" "Mozilla/5.0 (compatible; MJ12bot/v1.4.8; http://mj12bot.com/)"
95.217.109.26 - - [06/Jun/2026:11:58:09 +0200] "GET /page/300/?p=%E0%A6%95%E0%A6%95lost%2Bfound HTTP/1.1" 200 16398 "-" "Mozilla/5.0 (compatible; MJ12bot/v1.4.8; http://mj12bot.com/)"
95.217.109.26 - - [06/Jun/2026:11:58:11 +0200] "GET /page/301/?p=%E0%A6%95%E0%A6%95boot%E0%A6%95grub%E0%A6%95i386-pc HTTP/1.1" 200 13664 "-" "Mozilla/5.0 (compatible; MJ12bot/v1.4.8; http://mj12bot.com/)"
95.217.109.26 - - [06/Jun/2026:11:58:13 +0200] "GET /page/301/?p=%E0%A6%95%E0%A6%95dev HTTP/1.1" 200 13649 "-" "Mozilla/5.0 (compatible; MJ12bot/v1.4.8; http://mj12bot.com/)"
87.49.146.225 - - [06/Jun/2026:11:58:13 +0200] "POST /xmlrpc.php HTTP/1.1" 200 424 "-" "Jetpack by WordPress.com"
95.217.109.26 - - [06/Jun/2026:11:58:15 +0200] "GET /page/301/?p=%E0%A6%95%E0%A6%95dev%E0%A6%95bus%E0%A6%95usb HTTP/1.1" 200 13660 "-" "Mozilla/5.0 (compatible; MJ12bot/v1.4.8; http://mj12bot.com/)"
95.217.109.26 - - [06/Jun/2026:11:58:17 +0200] "GET /page/301/?p=%E0%A6%95%E0%A6%95boot%E0%A6%95grub%E0%A6%95fonts HTTP/1.1" 200 13660 "-" "Mozilla/5.0 (compatible; MJ12bot/v1.4.8; http://mj12bot.com/)"
51.89.129.217 - - [06/Jun/2026:11:58:17 +0200] "GET /property/fabrica-sao-joao-madeira/ HTTP/1.1" 404 5175 "-" "Mozilla/5.0 (compatible; AhrefsBot/7.0; +http://ahrefs.com/robot/)"
95.217.109.26 - - [06/Jun/2026:11:58:19 +0200] "GET /page/301/?p=%E0%A6%95%E0%A6%95dev%E0%A6%95disk%E0%A6%95by-id HTTP/1.1" 200 13661 "-" "Mozilla/5.0 (compatible; MJ12bot/v1.4.8; http://mj12bot.com/)"
95.217.109.26 - - [06/Jun/2026:11:58:21 +0200] "GET /page/301/?p=%E0%A6%95%E0%A6%95dev%E0%A6%95input%E0%A6%95by-path HTTP/1.1" 200 13664 "-" "Mozilla/5.0 (compatible; MJ12bot/v1.4.8; http://mj12bot.com/)"
95.217.109.26 - - [06/Jun/2026:11:58:23 +0200] "GET /page/301/?p=%E0%A6%95%E0%A6%95lib32 HTTP/1.1" 200 13652 "-" "Mozilla/5.0 (compatible; MJ12bot/v1.4.8; http://mj12bot.com/)"
87.49.146.225 - - [06/Jun/2026:11:58:24 +0200] "POST /xmlrpc.php HTTP/1.1" 200 424 "-" "Jetpack by WordPress.com (Jetpack 12.0; WordPress 6.1)"
95.217.109.26 - - [06/Jun/2026:11:58:25 +0200] "GET /page/301/?p=%E0%A6%95%E0%A6%95lib64 HTTP/1.1" 200 13650 "-" "Mozilla/5.0 (compatible; MJ12bot/v1.4.8; http://mj12bot.com/)"
95.217.109.26 - - [06/Jun/2026:11:58:27 +0200] "GET /page/301/?p=%E0%A6%95%E0%A6%95libx32 HTTP/1.1" 200 13653 "-" "Mozilla/5.0 (compatible; MJ12bot/v1.4.8; http://mj12bot.com/)"
192.140.149.97 - - [06/Jun/2026:11:58:27 +0200] "POST /xmlrpc.php HTTP/1.1" 200 424 "-" "Jetpack by WordPress.com (Jetpack 12.1; WordPress 6.2)"
95.217.109.26 - - [06/Jun/2026:11:58:29 +0200] "GET /page/301/?p=%E0%A6%95%E0%A6%95lib%E0%A6%95ssl%E0%A6%95private HTTP/1.1" 200 13662 "-" "Mozilla/5.0 (compatible; MJ12bot/v1.4.8; http://mj12bot.com/)"
95.217.109.26 - - [06/Jun/2026:11:58:31 +0200] "GET /page/301/?p=%E0%A6%95%E0%A6%95lib%E0%A6%95x86_64-linux-gnu HTTP/1.1" 200 13666 "-" "Mozilla/5.0 (compatible; MJ12bot/v1.4.8; http://mj12bot.com/)"
95.217.109.26 - - [06/Jun/2026:11:58:33 +0200] "GET /page/301/?p=%E0%A6%95%E0%A6%95lost%20found HTTP/1.1" 200 13654 "-" "Mozilla/5.0 (compatible; MJ12bot/v1.4.8; http://mj12bot.com/)"
87.49.146.225 - - [06/Jun/2026:11:58:35 +0200] "POST /xmlrpc.php HTTP/1.1" 200 424 "-" "Jetpack/12.0; WordPress/6.1; http://site45429992.com"
95.217.109.26 - - [06/Jun/2026:11:58:35 +0200] "GET /page/301/?p=%E0%A6%95%E0%A6%95lost%2Bfound HTTP/1.1" 200 13659 "-" "Mozilla/5.0 (compatible; MJ12bot/v1.4.8; http://mj12bot.com/)"
192.140.149.97 - - [06/Jun/2026:11:58:36 +0200] "POST /xmlrpc.php HTTP/1.1" 200 424 "-" "Jetpack by WordPress.com"
95.217.109.26 - - [06/Jun/2026:11:58:37 +0200] "GET /page/301/?p=%E0%A6%95%E0%A6%95mnt HTTP/1.1" 200 13648 "-" "Mozilla/5.0 (compatible; MJ12bot/v1.4.8; http://mj12bot.com/)"
95.217.109.26 - - [06/Jun/2026:11:58:39 +0200] "GET /page/302/?p=%E0%A6%95%E0%A6%95dev%E0%A6%95bus%E0%A6%95usb HTTP/1.1" 200 9899 "-" "Mozilla/5.0 (compatible; MJ12bot/v1.4.8; http://mj12bot.com/)"
95.217.109.26 - - [06/Jun/2026:11:58:41 +0200] "GET /page/306/?p=%E0%A6%95%E0%A6%95dev%E0%A6%95bus%E0%A6%95usb%E0%A6%95001 HTTP/1.1" 200 9701 "-" "Mozilla/5.0 (compatible; MJ12bot/v1.4.8; http://mj12bot.com/)"
95.217.109.26 - - [06/Jun/2026:11:58:43 +0200] "GET /page/307/?p=%E0%A6%95%E0%A6%95dev%E0%A6%95bus%E0%A6%95usb%E0%A6%95001 HTTP/1.1" 200 9843 "-" "Mozilla/5.0 (compatible; MJ12bot/v1.4.8; http://mj12bot.com/)"
95.217.109.26 - - [06/Jun/2026:11:58:44 +0200] "GET /page/307/?p=%E0%A6%95%E0%A6%95dev%E0%A6%95disk%E0%A6%95by-partuuid HTTP/1.1" 200 9845 "-" "Mozilla/5.0 (compatible; MJ12bot/v1.4.8; http://mj12bot.com/)"
87.49.146.225 - - [06/Jun/2026:11:58:45 +0200] "POST /xmlrpc.php HTTP/1.1" 200 424 "-" "WordPress.com; https://wordpress.com"
95.217.109.26 - - [06/Jun/2026:11:58:46 +0200] "GET /page/308/?p=%E0%A6%95%E0%A6%95dev%E0%A6%95bus%E0%A6%95usb%E0%A6%95001 HTTP/1.1" 200 16329 "-" "Mozilla/5.0 (compatible; MJ12bot/v1.4.8; http://mj12bot.com/)"
192.140.149.97 - - [06/Jun/2026:11:58:46 +0200] "POST /xmlrpc.php HTTP/1.1" 200 424 "-" "Jetpack by WordPress.com (Jetpack 12.1; WordPress 6.3)"
95.217.109.26 - - [06/Jun/2026:11:58:48 +0200] "GET /page/308/?p=%E0%A6%95%E0%A6%95dev%E0%A6%95disk%E0%A6%95by-partuuid HTTP/1.1" 200 16329 "-" "Mozilla/5.0 (compatible; MJ12bot/v1.4.8; http://mj12bot.com/)"
95.217.109.26 - - [06/Jun/2026:11:58:50 +0200] "GET /page/309/?p=%E0%A6%95%E0%A6%95dev%E0%A6%95disk%E0%A6%95by-partuuid HTTP/1.1" 200 17640 "-" "Mozilla/5.0 (compatible; MJ12bot/v1.4.8; http://mj12bot.com/)"
95.217.109.26 - - [06/Jun/2026:11:58:52 +0200] "GET /page/309/?p=%E0%A6%95%E0%A6%95dev%E0%A6%95bus%E0%A6%95usb%E0%A6%95001 HTTP/1.1" 200 17640 "-" "Mozilla/5.0 (compatible; MJ12bot/v1.4.8; http://mj12bot.com/)"
95.217.109.26 - - [06/Jun/2026:11:58:54 +0200] "GET /page/310/?p=%E0%A6%95%E0%A6%95dev%E0%A6%95bus%E0%A6%95usb%E0%A6%95001 HTTP/1.1" 200 14581 "-" "Mozilla/5.0 (compatible; MJ12bot/v1.4.8; http://mj12bot.com/)"
87.49.146.225 - - [06/Jun/2026:11:58:56 +0200] "POST /xmlrpc.php HTTP/1.1" 200 424 "-" "WordPress.com; https://wordpress.com"
95.217.109.26 - - [06/Jun/2026:11:58:56 +0200] "GET /page/310/?p=%E0%A6%95%E0%A6%95dev%E0%A6%95disk%E0%A6%95by-partuuid HTTP/1.1" 200 14582 "-" "Mozilla/5.0 (compatible; MJ12bot/v1.4.8; http://mj12bot.com/)"
192.140.149.97 - - [06/Jun/2026:11:58:57 +0200] "POST /xmlrpc.php HTTP/1.1" 200 424 "-" "Jetpack/12.0; WordPress/6.4; http://site39206784.com"
95.217.109.26 - - [06/Jun/2026:11:58:58 +0200] "GET /page/311/?p=%E0%A6%95%E0%A6%95dev%E0%A6%95bus%E0%A6%95usb%E0%A6%95001 HTTP/1.1" 200 23592 "-" "Mozilla/5.0 (compatible; MJ12bot/v1.4.8; http://mj12bot.com/)"
95.217.109.26 - - [06/Jun/2026:11:59:00 +0200] "GET /page/311/?p=%E0%A6%95%E0%A6%95dev%E0%A6%95disk%E0%A6%95by-partuuid HTTP/1.1" 200 23592 "-" "Mozilla/5.0 (compatible; MJ12bot/v1.4.8; http://mj12bot.com/)"
95.217.109.26 - - [06/Jun/2026:11:59:02 +0200] "GET /page/312/?p=%E0%A6%95%E0%A6%95dev%E0%A6%95disk%E0%A6%95by-partuuid HTTP/1.1" 200 20450 "-" "Mozilla/5.0 (compatible; MJ12bot/v1.4.8; http://mj12bot.com/)"
