17.241.75.71 - - [06/Jun/2026:00:47:16 +0200] "GET /pt/portfolio/jose-ferreira-gomes-website/ HTTP/1.1" 200 18809 "-" "Mozilla/5.0 (Macintosh; Intel Mac OS X 10_15_7) AppleWebKit/605.1.15 (KHTML, like Gecko) Version/17.4 Safari/605.1.15 (Applebot/0.1; +http://www.apple.com/go/applebot)"
20.78.148.25 - - [06/Jun/2026:00:47:38 +0200] "GET /a.php HTTP/1.1" 404 47 "-" "Mozilla/5.0 (Windows NT 10.0; Win64; x64) AppleWebKit/537.36 (KHTML, like Gecko) Chrome/120.0.0.0 Safari/537.36"
20.78.148.25 - - [06/Jun/2026:00:47:39 +0200] "GET /aa.php HTTP/1.1" 404 47 "-" "Mozilla/5.0 (Windows NT 10.0; Win64; x64) AppleWebKit/537.36 (KHTML, like Gecko) Chrome/120.0.0.0 Safari/537.36"
20.78.148.25 - - [06/Jun/2026:00:47:39 +0200] "GET /aaa.php HTTP/1.1" 404 47 "-" "Mozilla/5.0 (Windows NT 10.0; Win64; x64) AppleWebKit/537.36 (KHTML, like Gecko) Chrome/120.0.0.0 Safari/537.36"
20.78.148.25 - - [06/Jun/2026:00:47:39 +0200] "GET /ab.php HTTP/1.1" 404 47 "-" "Mozilla/5.0 (Windows NT 10.0; Win64; x64) AppleWebKit/537.36 (KHTML, like Gecko) Chrome/120.0.0.0 Safari/537.36"
20.78.148.25 - - [06/Jun/2026:00:47:39 +0200] "GET /lock360.php HTTP/1.1" 404 47 "-" "Mozilla/5.0 (Windows NT 10.0; Win64; x64) AppleWebKit/537.36 (KHTML, like Gecko) Chrome/120.0.0.0 Safari/537.36"
20.78.148.25 - - [06/Jun/2026:00:47:39 +0200] "GET /anonse/lock360.php HTTP/1.1" 404 47 "-" "Mozilla/5.0 (Windows NT 10.0; Win64; x64) AppleWebKit/537.36 (KHTML, like Gecko) Chrome/120.0.0.0 Safari/537.36"
20.78.148.25 - - [06/Jun/2026:00:47:40 +0200] "GET /file5.php HTTP/1.1" 404 47 "-" "Mozilla/5.0 (Windows NT 10.0; Win64; x64) AppleWebKit/537.36 (KHTML, like Gecko) Chrome/120.0.0.0 Safari/537.36"
20.78.148.25 - - [06/Jun/2026:00:47:40 +0200] "GET /sitemaps.php HTTP/1.1" 404 47 "-" "Mozilla/5.0 (Windows NT 10.0; Win64; x64) AppleWebKit/537.36 (KHTML, like Gecko) Chrome/120.0.0.0 Safari/537.36"
20.78.148.25 - - [06/Jun/2026:00:47:40 +0200] "GET /ioxi-o.php HTTP/1.1" 404 47 "-" "Mozilla/5.0 (Windows NT 10.0; Win64; x64) AppleWebKit/537.36 (KHTML, like Gecko) Chrome/120.0.0.0 Safari/537.36"
20.78.148.25 - - [06/Jun/2026:00:47:40 +0200] "GET /load.php HTTP/1.1" 404 47 "-" "Mozilla/5.0 (Windows NT 10.0; Win64; x64) AppleWebKit/537.36 (KHTML, like Gecko) Chrome/120.0.0.0 Safari/537.36"
20.78.148.25 - - [06/Jun/2026:00:47:41 +0200] "GET /k.php HTTP/1.1" 404 47 "-" "Mozilla/5.0 (Windows NT 10.0; Win64; x64) AppleWebKit/537.36 (KHTML, like Gecko) Chrome/120.0.0.0 Safari/537.36"
20.78.148.25 - - [06/Jun/2026:00:47:41 +0200] "GET /autoload_classmap.php HTTP/1.1" 404 47 "-" "Mozilla/5.0 (Windows NT 10.0; Win64; x64) AppleWebKit/537.36 (KHTML, like Gecko) Chrome/120.0.0.0 Safari/537.36"
20.78.148.25 - - [06/Jun/2026:00:47:41 +0200] "GET /post.php HTTP/1.1" 404 47 "-" "Mozilla/5.0 (Windows NT 10.0; Win64; x64) AppleWebKit/537.36 (KHTML, like Gecko) Chrome/120.0.0.0 Safari/537.36"
20.78.148.25 - - [06/Jun/2026:00:47:41 +0200] "GET /1.php HTTP/1.1" 404 47 "-" "Mozilla/5.0 (Windows NT 10.0; Win64; x64) AppleWebKit/537.36 (KHTML, like Gecko) Chrome/120.0.0.0 Safari/537.36"
20.78.148.25 - - [06/Jun/2026:00:47:42 +0200] "GET /flower.php HTTP/1.1" 404 47 "-" "Mozilla/5.0 (Windows NT 10.0; Win64; x64) AppleWebKit/537.36 (KHTML, like Gecko) Chrome/120.0.0.0 Safari/537.36"
20.78.148.25 - - [06/Jun/2026:00:47:42 +0200] "GET /admin.php HTTP/1.1" 404 47 "-" "Mozilla/5.0 (Windows NT 10.0; Win64; x64) AppleWebKit/537.36 (KHTML, like Gecko) Chrome/120.0.0.0 Safari/537.36"
20.78.148.25 - - [06/Jun/2026:00:47:42 +0200] "GET /file.php HTTP/1.1" 404 47 "-" "Mozilla/5.0 (Windows NT 10.0; Win64; x64) AppleWebKit/537.36 (KHTML, like Gecko) Chrome/120.0.0.0 Safari/537.36"
20.78.148.25 - - [06/Jun/2026:00:47:42 +0200] "GET /default.php HTTP/1.1" 404 47 "-" "Mozilla/5.0 (Windows NT 10.0; Win64; x64) AppleWebKit/537.36 (KHTML, like Gecko) Chrome/120.0.0.0 Safari/537.36"
20.78.148.25 - - [06/Jun/2026:00:47:42 +0200] "GET /defaults.php HTTP/1.1" 404 47 "-" "Mozilla/5.0 (Windows NT 10.0; Win64; x64) AppleWebKit/537.36 (KHTML, like Gecko) Chrome/120.0.0.0 Safari/537.36"
20.78.148.25 - - [06/Jun/2026:00:47:43 +0200] "GET /meta.php HTTP/1.1" 404 47 "-" "Mozilla/5.0 (Windows NT 10.0; Win64; x64) AppleWebKit/537.36 (KHTML, like Gecko) Chrome/120.0.0.0 Safari/537.36"
75.119.139.177 - - [06/Jun/2026:00:47:43 +0200] "POST /wp-cron.php?doing_wp_cron=1780699663.8542311191558837890625 HTTP/1.1" 200 31 "-" "WordPress/7.0; https://myideas.pt"
20.78.148.25 - - [06/Jun/2026:00:47:43 +0200] "GET /index.php HTTP/1.1" 301 5 "-" "Mozilla/5.0 (Windows NT 10.0; Win64; x64) AppleWebKit/537.36 (KHTML, like Gecko) Chrome/120.0.0.0 Safari/537.36"
20.78.148.25 - - [06/Jun/2026:00:47:44 +0200] "GET /about.php HTTP/1.1" 404 47 "-" "Mozilla/5.0 (Windows NT 10.0; Win64; x64) AppleWebKit/537.36 (KHTML, like Gecko) Chrome/120.0.0.0 Safari/537.36"
20.78.148.25 - - [06/Jun/2026:00:47:44 +0200] "GET /randkeyword.php HTTP/1.1" 404 47 "-" "Mozilla/5.0 (Windows NT 10.0; Win64; x64) AppleWebKit/537.36 (KHTML, like Gecko) Chrome/120.0.0.0 Safari/537.36"
20.78.148.25 - - [06/Jun/2026:00:47:44 +0200] "GET /goods.php HTTP/1.1" 404 47 "-" "Mozilla/5.0 (Windows NT 10.0; Win64; x64) AppleWebKit/537.36 (KHTML, like Gecko) Chrome/120.0.0.0 Safari/537.36"
20.78.148.25 - - [06/Jun/2026:00:47:44 +0200] "GET /hehe.php HTTP/1.1" 404 47 "-" "Mozilla/5.0 (Windows NT 10.0; Win64; x64) AppleWebKit/537.36 (KHTML, like Gecko) Chrome/120.0.0.0 Safari/537.36"
20.78.148.25 - - [06/Jun/2026:00:47:45 +0200] "GET /user.php HTTP/1.1" 404 47 "-" "Mozilla/5.0 (Windows NT 10.0; Win64; x64) AppleWebKit/537.36 (KHTML, like Gecko) Chrome/120.0.0.0 Safari/537.36"
20.78.148.25 - - [06/Jun/2026:00:47:45 +0200] "GET /wp-2019.php HTTP/1.1" 404 47 "-" "Mozilla/5.0 (Windows NT 10.0; Win64; x64) AppleWebKit/537.36 (KHTML, like Gecko) Chrome/120.0.0.0 Safari/537.36"
20.78.148.25 - - [06/Jun/2026:00:47:45 +0200] "GET /chosen.php HTTP/1.1" 404 47 "-" "Mozilla/5.0 (Windows NT 10.0; Win64; x64) AppleWebKit/537.36 (KHTML, like Gecko) Chrome/120.0.0.0 Safari/537.36"
20.78.148.25 - - [06/Jun/2026:00:47:45 +0200] "GET /functions.php HTTP/1.1" 404 47 "-" "Mozilla/5.0 (Windows NT 10.0; Win64; x64) AppleWebKit/537.36 (KHTML, like Gecko) Chrome/120.0.0.0 Safari/537.36"
20.78.148.25 - - [06/Jun/2026:00:47:45 +0200] "GET /cron.php HTTP/1.1" 404 47 "-" "Mozilla/5.0 (Windows NT 10.0; Win64; x64) AppleWebKit/537.36 (KHTML, like Gecko) Chrome/120.0.0.0 Safari/537.36"
20.78.148.25 - - [06/Jun/2026:00:47:46 +0200] "GET /edit.php HTTP/1.1" 404 47 "-" "Mozilla/5.0 (Windows NT 10.0; Win64; x64) AppleWebKit/537.36 (KHTML, like Gecko) Chrome/120.0.0.0 Safari/537.36"
20.78.148.25 - - [06/Jun/2026:00:47:46 +0200] "GET /gecko-new.php HTTP/1.1" 404 47 "-" "Mozilla/5.0 (Windows NT 10.0; Win64; x64) AppleWebKit/537.36 (KHTML, like Gecko) Chrome/120.0.0.0 Safari/537.36"
20.78.148.25 - - [06/Jun/2026:00:47:46 +0200] "GET /cookie.php HTTP/1.1" 404 47 "-" "Mozilla/5.0 (Windows NT 10.0; Win64; x64) AppleWebKit/537.36 (KHTML, like Gecko) Chrome/120.0.0.0 Safari/537.36"
20.78.148.25 - - [06/Jun/2026:00:47:46 +0200] "GET /xleet.php HTTP/1.1" 404 47 "-" "Mozilla/5.0 (Windows NT 10.0; Win64; x64) AppleWebKit/537.36 (KHTML, like Gecko) Chrome/120.0.0.0 Safari/537.36"
20.78.148.25 - - [06/Jun/2026:00:47:47 +0200] "GET /spip.php HTTP/1.1" 404 47 "-" "Mozilla/5.0 (Windows NT 10.0; Win64; x64) AppleWebKit/537.36 (KHTML, like Gecko) Chrome/120.0.0.0 Safari/537.36"
20.78.148.25 - - [06/Jun/2026:00:47:47 +0200] "GET /22.php HTTP/1.1" 404 47 "-" "Mozilla/5.0 (Windows NT 10.0; Win64; x64) AppleWebKit/537.36 (KHTML, like Gecko) Chrome/120.0.0.0 Safari/537.36"
20.78.148.25 - - [06/Jun/2026:00:47:47 +0200] "GET /room.php HTTP/1.1" 404 47 "-" "Mozilla/5.0 (Windows NT 10.0; Win64; x64) AppleWebKit/537.36 (KHTML, like Gecko) Chrome/120.0.0.0 Safari/537.36"
20.78.148.25 - - [06/Jun/2026:00:47:47 +0200] "GET /disagreed.php HTTP/1.1" 404 47 "-" "Mozilla/5.0 (Windows NT 10.0; Win64; x64) AppleWebKit/537.36 (KHTML, like Gecko) Chrome/120.0.0.0 Safari/537.36"
20.78.148.25 - - [06/Jun/2026:00:47:48 +0200] "GET /text.php HTTP/1.1" 404 47 "-" "Mozilla/5.0 (Windows NT 10.0; Win64; x64) AppleWebKit/537.36 (KHTML, like Gecko) Chrome/120.0.0.0 Safari/537.36"
20.78.148.25 - - [06/Jun/2026:00:47:48 +0200] "GET /alfa-rex.php HTTP/1.1" 404 47 "-" "Mozilla/5.0 (Windows NT 10.0; Win64; x64) AppleWebKit/537.36 (KHTML, like Gecko) Chrome/120.0.0.0 Safari/537.36"
20.78.148.25 - - [06/Jun/2026:00:47:49 +0200] "GET /alfa-rex.php7 HTTP/1.1" 301 5 "-" "Mozilla/5.0 (Windows NT 10.0; Win64; x64) AppleWebKit/537.36 (KHTML, like Gecko) Chrome/120.0.0.0 Safari/537.36"
20.78.148.25 - - [06/Jun/2026:00:47:49 +0200] "GET /feeds.php HTTP/1.1" 404 47 "-" "Mozilla/5.0 (Windows NT 10.0; Win64; x64) AppleWebKit/537.36 (KHTML, like Gecko) Chrome/120.0.0.0 Safari/537.36"
20.78.148.25 - - [06/Jun/2026:00:47:49 +0200] "GET /radio.php HTTP/1.1" 404 47 "-" "Mozilla/5.0 (Windows NT 10.0; Win64; x64) AppleWebKit/537.36 (KHTML, like Gecko) Chrome/120.0.0.0 Safari/537.36"
20.78.148.25 - - [06/Jun/2026:00:47:49 +0200] "GET /dropdown.php HTTP/1.1" 404 47 "-" "Mozilla/5.0 (Windows NT 10.0; Win64; x64) AppleWebKit/537.36 (KHTML, like Gecko) Chrome/120.0.0.0 Safari/537.36"
20.78.148.25 - - [06/Jun/2026:00:47:49 +0200] "GET /defaults.php HTTP/1.1" 404 47 "-" "Mozilla/5.0 (Windows NT 10.0; Win64; x64) AppleWebKit/537.36 (KHTML, like Gecko) Chrome/120.0.0.0 Safari/537.36"
20.78.148.25 - - [06/Jun/2026:00:47:50 +0200] "GET /system.php HTTP/1.1" 404 47 "-" "Mozilla/5.0 (Windows NT 10.0; Win64; x64) AppleWebKit/537.36 (KHTML, like Gecko) Chrome/120.0.0.0 Safari/537.36"
20.78.148.25 - - [06/Jun/2026:00:47:50 +0200] "GET /xmlrpc.php HTTP/1.1" 405 53 "-" "Mozilla/5.0 (Windows NT 10.0; Win64; x64) AppleWebKit/537.36 (KHTML, like Gecko) Chrome/120.0.0.0 Safari/537.36"
17.241.219.111 - - [06/Jun/2026:00:47:51 +0200] "GET /wp-content/cache/wpo-minify/1780673871/assets/wpo-minify-header-85140de2.min.css HTTP/1.1" 200 35213 "https://myideas.pt/pt/portfolio/jose-ferreira-gomes-website/" "Mozilla/5.0 (Macintosh; Intel Mac OS X 10_15_7) AppleWebKit/605.1.15 (KHTML, like Gecko) Version/17.4 Safari/605.1.15 (Applebot/0.1; +http://www.apple.com/go/applebot)"
20.78.148.25 - - [06/Jun/2026:00:47:51 +0200] "GET /xmlrpc.php0 HTTP/1.1" 301 5 "-" "Mozilla/5.0 (Windows NT 10.0; Win64; x64) AppleWebKit/537.36 (KHTML, like Gecko) Chrome/120.0.0.0 Safari/537.36"
20.78.148.25 - - [06/Jun/2026:00:47:51 +0200] "GET /colors.php HTTP/1.1" 404 47 "-" "Mozilla/5.0 (Windows NT 10.0; Win64; x64) AppleWebKit/537.36 (KHTML, like Gecko) Chrome/120.0.0.0 Safari/537.36"
17.241.219.111 - - [06/Jun/2026:00:47:52 +0200] "GET /wp-content/cache/wpo-minify/1780673871/assets/wpo-minify-footer-f9e72a21.min.js HTTP/1.1" 200 96500 "https://myideas.pt/pt/portfolio/jose-ferreira-gomes-website/" "Mozilla/5.0 (Macintosh; Intel Mac OS X 10_15_7) AppleWebKit/605.1.15 (KHTML, like Gecko) Version/17.4 Safari/605.1.15 (Applebot/0.1; +http://www.apple.com/go/applebot)"
20.78.148.25 - - [06/Jun/2026:00:47:52 +0200] "GET /updates.php HTTP/1.1" 404 47 "-" "Mozilla/5.0 (Windows NT 10.0; Win64; x64) AppleWebKit/537.36 (KHTML, like Gecko) Chrome/120.0.0.0 Safari/537.36"
20.78.148.25 - - [06/Jun/2026:00:47:52 +0200] "GET /alfa-rex1.php HTTP/1.1" 404 47 "-" "Mozilla/5.0 (Windows NT 10.0; Win64; x64) AppleWebKit/537.36 (KHTML, like Gecko) Chrome/120.0.0.0 Safari/537.36"
20.78.148.25 - - [06/Jun/2026:00:47:52 +0200] "GET /wp-index.php HTTP/1.1" 404 47 "-" "Mozilla/5.0 (Windows NT 10.0; Win64; x64) AppleWebKit/537.36 (KHTML, like Gecko) Chrome/120.0.0.0 Safari/537.36"
20.78.148.25 - - [06/Jun/2026:00:47:52 +0200] "GET /wp-admin.php HTTP/1.1" 404 47 "-" "Mozilla/5.0 (Windows NT 10.0; Win64; x64) AppleWebKit/537.36 (KHTML, like Gecko) Chrome/120.0.0.0 Safari/537.36"
20.78.148.25 - - [06/Jun/2026:00:47:53 +0200] "GET /alfa.php HTTP/1.1" 404 47 "-" "Mozilla/5.0 (Windows NT 10.0; Win64; x64) AppleWebKit/537.36 (KHTML, like Gecko) Chrome/120.0.0.0 Safari/537.36"
20.78.148.25 - - [06/Jun/2026:00:47:53 +0200] "GET /alfanew.php7 HTTP/1.1" 301 5 "-" "Mozilla/5.0 (Windows NT 10.0; Win64; x64) AppleWebKit/537.36 (KHTML, like Gecko) Chrome/120.0.0.0 Safari/537.36"
20.78.148.25 - - [06/Jun/2026:00:47:54 +0200] "GET /locale.php HTTP/1.1" 404 47 "-" "Mozilla/5.0 (Windows NT 10.0; Win64; x64) AppleWebKit/537.36 (KHTML, like Gecko) Chrome/120.0.0.0 Safari/537.36"
20.78.148.25 - - [06/Jun/2026:00:47:54 +0200] "GET /wxo.php HTTP/1.1" 404 47 "-" "Mozilla/5.0 (Windows NT 10.0; Win64; x64) AppleWebKit/537.36 (KHTML, like Gecko) Chrome/120.0.0.0 Safari/537.36"
20.78.148.25 - - [06/Jun/2026:00:47:54 +0200] "GET /colour.php HTTP/1.1" 404 47 "-" "Mozilla/5.0 (Windows NT 10.0; Win64; x64) AppleWebKit/537.36 (KHTML, like Gecko) Chrome/120.0.0.0 Safari/537.36"
20.78.148.25 - - [06/Jun/2026:00:47:54 +0200] "GET /files.php HTTP/1.1" 404 47 "-" "Mozilla/5.0 (Windows NT 10.0; Win64; x64) AppleWebKit/537.36 (KHTML, like Gecko) Chrome/120.0.0.0 Safari/537.36"
20.78.148.25 - - [06/Jun/2026:00:47:54 +0200] "GET /install.php HTTP/1.1" 404 47 "-" "Mozilla/5.0 (Windows NT 10.0; Win64; x64) AppleWebKit/537.36 (KHTML, like Gecko) Chrome/120.0.0.0 Safari/537.36"
20.78.148.25 - - [06/Jun/2026:00:47:55 +0200] "GET /wp-contentt.php HTTP/1.1" 404 47 "-" "Mozilla/5.0 (Windows NT 10.0; Win64; x64) AppleWebKit/537.36 (KHTML, like Gecko) Chrome/120.0.0.0 Safari/537.36"
20.78.148.25 - - [06/Jun/2026:00:47:55 +0200] "GET /config.php7 HTTP/1.1" 301 5 "-" "Mozilla/5.0 (Windows NT 10.0; Win64; x64) AppleWebKit/537.36 (KHTML, like Gecko) Chrome/120.0.0.0 Safari/537.36"
20.78.148.25 - - [06/Jun/2026:00:47:56 +0200] "GET /config.php HTTP/1.1" 404 47 "-" "Mozilla/5.0 (Windows NT 10.0; Win64; x64) AppleWebKit/537.36 (KHTML, like Gecko) Chrome/120.0.0.0 Safari/537.36"
20.78.148.25 - - [06/Jun/2026:00:47:56 +0200] "GET /theme.php HTTP/1.1" 404 47 "-" "Mozilla/5.0 (Windows NT 10.0; Win64; x64) AppleWebKit/537.36 (KHTML, like Gecko) Chrome/120.0.0.0 Safari/537.36"
20.78.148.25 - - [06/Jun/2026:00:47:57 +0200] "GET /block-bindings.php HTTP/1.1" 404 47 "-" "Mozilla/5.0 (Windows NT 10.0; Win64; x64) AppleWebKit/537.36 (KHTML, like Gecko) Chrome/120.0.0.0 Safari/537.36"
20.78.148.25 - - [06/Jun/2026:00:47:57 +0200] "GET /class_api.php HTTP/1.1" 404 47 "-" "Mozilla/5.0 (Windows NT 10.0; Win64; x64) AppleWebKit/537.36 (KHTML, like Gecko) Chrome/120.0.0.0 Safari/537.36"
20.78.148.25 - - [06/Jun/2026:00:47:57 +0200] "GET /inputs.php HTTP/1.1" 404 47 "-" "Mozilla/5.0 (Windows NT 10.0; Win64; x64) AppleWebKit/537.36 (KHTML, like Gecko) Chrome/120.0.0.0 Safari/537.36"
20.78.148.25 - - [06/Jun/2026:00:47:57 +0200] "GET /root.php HTTP/1.1" 404 47 "-" "Mozilla/5.0 (Windows NT 10.0; Win64; x64) AppleWebKit/537.36 (KHTML, like Gecko) Chrome/120.0.0.0 Safari/537.36"
20.78.148.25 - - [06/Jun/2026:00:47:58 +0200] "GET /menu.php HTTP/1.1" 404 47 "-" "Mozilla/5.0 (Windows NT 10.0; Win64; x64) AppleWebKit/537.36 (KHTML, like Gecko) Chrome/120.0.0.0 Safari/537.36"
20.78.148.25 - - [06/Jun/2026:00:47:58 +0200] "GET /plugin.php HTTP/1.1" 404 47 "-" "Mozilla/5.0 (Windows NT 10.0; Win64; x64) AppleWebKit/537.36 (KHTML, like Gecko) Chrome/120.0.0.0 Safari/537.36"
20.78.148.25 - - [06/Jun/2026:00:47:58 +0200] "GET /cloud.php HTTP/1.1" 404 47 "-" "Mozilla/5.0 (Windows NT 10.0; Win64; x64) AppleWebKit/537.36 (KHTML, like Gecko) Chrome/120.0.0.0 Safari/537.36"
20.78.148.25 - - [06/Jun/2026:00:47:58 +0200] "GET /configs.php HTTP/1.1" 404 47 "-" "Mozilla/5.0 (Windows NT 10.0; Win64; x64) AppleWebKit/537.36 (KHTML, like Gecko) Chrome/120.0.0.0 Safari/537.36"
20.78.148.25 - - [06/Jun/2026:00:47:58 +0200] "GET /wp-configs.php HTTP/1.1" 404 47 "-" "Mozilla/5.0 (Windows NT 10.0; Win64; x64) AppleWebKit/537.36 (KHTML, like Gecko) Chrome/120.0.0.0 Safari/537.36"
20.78.148.25 - - [06/Jun/2026:00:47:59 +0200] "GET /update.php HTTP/1.1" 404 47 "-" "Mozilla/5.0 (Windows NT 10.0; Win64; x64) AppleWebKit/537.36 (KHTML, like Gecko) Chrome/120.0.0.0 Safari/537.36"
20.78.148.25 - - [06/Jun/2026:00:47:59 +0200] "GET /2.php HTTP/1.1" 404 47 "-" "Mozilla/5.0 (Windows NT 10.0; Win64; x64) AppleWebKit/537.36 (KHTML, like Gecko) Chrome/120.0.0.0 Safari/537.36"
20.78.148.25 - - [06/Jun/2026:00:47:59 +0200] "GET /input.php HTTP/1.1" 404 47 "-" "Mozilla/5.0 (Windows NT 10.0; Win64; x64) AppleWebKit/537.36 (KHTML, like Gecko) Chrome/120.0.0.0 Safari/537.36"
20.78.148.25 - - [06/Jun/2026:00:47:59 +0200] "GET /aaa.php HTTP/1.1" 404 47 "-" "Mozilla/5.0 (Windows NT 10.0; Win64; x64) AppleWebKit/537.36 (KHTML, like Gecko) Chrome/120.0.0.0 Safari/537.36"
20.78.148.25 - - [06/Jun/2026:00:48:00 +0200] "GET /en-us/2021/04/30/php-community-sidesteps-its-third-supply-chain-attack-in-three-years/ HTTP/1.1" 301 5 "-" "Mozilla/5.0 (Windows NT 10.0; Win64; x64) AppleWebKit/537.36 (KHTML, like Gecko) Chrome/120.0.0.0 Safari/537.36"
20.78.148.25 - - [06/Jun/2026:00:48:01 +0200] "GET /ALFA_DATA/alfacgiapi/ HTTP/1.1" 301 5 "-" "Mozilla/5.0 (Windows NT 10.0; Win64; x64) AppleWebKit/537.36 (KHTML, like Gecko) Chrome/120.0.0.0 Safari/537.36"
20.78.148.25 - - [06/Jun/2026:00:48:01 +0200] "GET /wp-admin/images/ HTTP/1.1" 403 548 "-" "Mozilla/5.0 (Windows NT 10.0; Win64; x64) AppleWebKit/537.36 (KHTML, like Gecko) Chrome/120.0.0.0 Safari/537.36"
20.78.148.25 - - [06/Jun/2026:00:48:01 +0200] "GET /wp-admin/images/admin.php HTTP/1.1" 404 47 "-" "Mozilla/5.0 (Windows NT 10.0; Win64; x64) AppleWebKit/537.36 (KHTML, like Gecko) Chrome/120.0.0.0 Safari/537.36"
20.78.148.25 - - [06/Jun/2026:00:48:02 +0200] "GET /wp-admin/includes/moon.php HTTP/1.1" 404 47 "-" "Mozilla/5.0 (Windows NT 10.0; Win64; x64) AppleWebKit/537.36 (KHTML, like Gecko) Chrome/120.0.0.0 Safari/537.36"
20.78.148.25 - - [06/Jun/2026:00:48:02 +0200] "GET /wp-admin/maint/edit.php HTTP/1.1" 404 47 "-" "Mozilla/5.0 (Windows NT 10.0; Win64; x64) AppleWebKit/537.36 (KHTML, like Gecko) Chrome/120.0.0.0 Safari/537.36"
20.78.148.25 - - [06/Jun/2026:00:48:02 +0200] "GET /wp-content/1.php HTTP/1.1" 404 47 "-" "Mozilla/5.0 (Windows NT 10.0; Win64; x64) AppleWebKit/537.36 (KHTML, like Gecko) Chrome/120.0.0.0 Safari/537.36"
20.78.148.25 - - [06/Jun/2026:00:48:03 +0200] "GET /wp-content/plugins/WordPressCore/ HTTP/1.1" 301 5 "-" "Mozilla/5.0 (Windows NT 10.0; Win64; x64) AppleWebKit/537.36 (KHTML, like Gecko) Chrome/120.0.0.0 Safari/537.36"
20.78.148.25 - - [06/Jun/2026:00:48:04 +0200] "GET /wp-content/plugins/ioxi/ioxi/ HTTP/1.1" 301 5 "-" "Mozilla/5.0 (Windows NT 10.0; Win64; x64) AppleWebKit/537.36 (KHTML, like Gecko) Chrome/120.0.0.0 Safari/537.36"
20.78.148.25 - - [06/Jun/2026:00:48:04 +0200] "GET /wp-content/themes/404.php HTTP/1.1" 404 47 "-" "Mozilla/5.0 (Windows NT 10.0; Win64; x64) AppleWebKit/537.36 (KHTML, like Gecko) Chrome/120.0.0.0 Safari/537.36"
20.78.148.25 - - [06/Jun/2026:00:48:05 +0200] "GET /wp-content/uploads/2018/03/ HTTP/1.1" 301 5 "-" "Mozilla/5.0 (Windows NT 10.0; Win64; x64) AppleWebKit/537.36 (KHTML, like Gecko) Chrome/120.0.0.0 Safari/537.36"
20.78.148.25 - - [06/Jun/2026:00:48:05 +0200] "GET /wp-content/uploads/2022/07/ HTTP/1.1" 301 5 "-" "Mozilla/5.0 (Windows NT 10.0; Win64; x64) AppleWebKit/537.36 (KHTML, like Gecko) Chrome/120.0.0.0 Safari/537.36"
20.78.148.25 - - [06/Jun/2026:00:48:06 +0200] "GET /wp-content/uploads/2023/03/ HTTP/1.1" 301 5 "-" "Mozilla/5.0 (Windows NT 10.0; Win64; x64) AppleWebKit/537.36 (KHTML, like Gecko) Chrome/120.0.0.0 Safari/537.36"
20.78.148.25 - - [06/Jun/2026:00:48:06 +0200] "GET /wp-content/uploads/autoload_classmap.php HTTP/1.1" 404 47 "-" "Mozilla/5.0 (Windows NT 10.0; Win64; x64) AppleWebKit/537.36 (KHTML, like Gecko) Chrome/120.0.0.0 Safari/537.36"
20.78.148.25 - - [06/Jun/2026:00:48:07 +0200] "GET /wp-content/uploads/wp.php HTTP/1.1" 404 47 "-" "Mozilla/5.0 (Windows NT 10.0; Win64; x64) AppleWebKit/537.36 (KHTML, like Gecko) Chrome/120.0.0.0 Safari/537.36"
20.78.148.25 - - [06/Jun/2026:00:48:07 +0200] "GET /wp-includes/js/tinymce/skins/lightgray/ HTTP/1.1" 403 548 "-" "Mozilla/5.0 (Windows NT 10.0; Win64; x64) AppleWebKit/537.36 (KHTML, like Gecko) Chrome/120.0.0.0 Safari/537.36"
20.78.148.25 - - [06/Jun/2026:00:48:07 +0200] "GET /wp-includes/js/tinymce/themes/inlite/ HTTP/1.1" 403 548 "-" "Mozilla/5.0 (Windows NT 10.0; Win64; x64) AppleWebKit/537.36 (KHTML, like Gecko) Chrome/120.0.0.0 Safari/537.36"
20.78.148.25 - - [06/Jun/2026:00:48:07 +0200] "GET /wp-includes/mani.php HTTP/1.1" 404 47 "-" "Mozilla/5.0 (Windows NT 10.0; Win64; x64) AppleWebKit/537.36 (KHTML, like Gecko) Chrome/120.0.0.0 Safari/537.36"
20.78.148.25 - - [06/Jun/2026:00:48:08 +0200] "GET /wp-includes/sodium_compat/ HTTP/1.1" 403 548 "-" "Mozilla/5.0 (Windows NT 10.0; Win64; x64) AppleWebKit/537.36 (KHTML, like Gecko) Chrome/120.0.0.0 Safari/537.36"
20.78.148.25 - - [06/Jun/2026:00:48:08 +0200] "GET /wp-includes/theme-compat/ HTTP/1.1" 403 548 "-" "Mozilla/5.0 (Windows NT 10.0; Win64; x64) AppleWebKit/537.36 (KHTML, like Gecko) Chrome/120.0.0.0 Safari/537.36"
20.78.148.25 - - [06/Jun/2026:00:48:08 +0200] "GET /wp-logs.php HTTP/1.1" 404 47 "-" "Mozilla/5.0 (Windows NT 10.0; Win64; x64) AppleWebKit/537.36 (KHTML, like Gecko) Chrome/120.0.0.0 Safari/537.36"
75.119.139.177 - - [06/Jun/2026:00:48:45 +0200] "POST /wp-cron.php?doing_wp_cron=1780699725.6988029479980468750000 HTTP/1.1" 200 31 "-" "WordPress/7.0; https://myideas.pt"
37.97.137.40 - - [06/Jun/2026:00:48:45 +0200] "HEAD / HTTP/1.1" 301 0 "-" "downnotifier.com monitoring"
37.97.137.40 - - [06/Jun/2026:00:48:46 +0200] "HEAD / HTTP/1.1" 200 0 "-" "downnotifier.com monitoring"
75.119.139.177 - - [06/Jun/2026:00:49:58 +0200] "POST /wp-cron.php?doing_wp_cron=1780699798.2564830780029296875000 HTTP/1.1" 200 31 "-" "WordPress/7.0; https://myideas.pt"
206.189.127.129 - - [06/Jun/2026:00:49:58 +0200] "HEAD / HTTP/1.1" 200 0 "-" "downnotifier.com monitoring"
75.119.139.177 - - [06/Jun/2026:00:51:52 +0200] "POST /wp-cron.php?doing_wp_cron=1780699912.1299779415130615234375 HTTP/1.1" 200 31 "-" "WordPress/7.0; https://myideas.pt"
20.153.140.50 - - [06/Jun/2026:00:51:52 +0200] "POST /xmlrpc.php HTTP/1.1" 200 236 "-" "Mozilla/5.0 (X11; Linux x86_64) AppleWebKit/537.36 (KHTML, like Gecko) Chrome/133.0.0.0 Safari/537.36"
119.28.177.175 - - [06/Jun/2026:00:53:06 +0200] "GET /portfolio/bso-branding/ HTTP/1.1" 200 18857 "-" "Mozilla/5.0 (iPhone; CPU iPhone OS 13_2_3 like Mac OS X) AppleWebKit/605.1.15 (KHTML, like Gecko) Version/13.0.3 Mobile/15E148 Safari/604.1"
75.119.139.177 - - [06/Jun/2026:00:53:37 +0200] "POST /wp-cron.php?doing_wp_cron=1780700017.3376090526580810546875 HTTP/1.1" 200 31 "-" "WordPress/7.0; https://myideas.pt"
62.146.228.149 - - [06/Jun/2026:00:53:37 +0200] "GET /wp-login.php HTTP/1.1" 200 2257 "-" "Mozilla/5.0 (Windows NT 10.0; Win64; x64) AppleWebKit/537.36 (KHTML, like Gecko) Chrome/120.0.0.0 Safari/537.36"
62.146.228.149 - - [06/Jun/2026:00:53:38 +0200] "POST /wp-login.php HTTP/1.1" 200 2388 "https://www.myideas.pt/wp-login.php" "Mozilla/5.0 (Windows NT 10.0; Win64; x64) AppleWebKit/537.36 (KHTML, like Gecko) Chrome/120.0.0.0 Safari/537.36"
75.119.139.177 - - [06/Jun/2026:00:54:51 +0200] "POST /wp-cron.php?doing_wp_cron=1780700091.2632761001586914062500 HTTP/1.1" 200 31 "-" "WordPress/7.0; https://myideas.pt"
57.141.20.51 - - [06/Jun/2026:00:54:51 +0200] "GET /sitemap_index.xml HTTP/1.1" 200 776 "-" "meta-externalagent/1.1 (+https://developers.facebook.com/docs/sharing/webmasters/crawler)"
69.49.112.71 - - [06/Jun/2026:00:54:54 +0200] "POST /xmlrpc.php HTTP/1.1" 200 236 "-" "Mozilla/5.0 (Windows NT 10.0; Win64; x64) AppleWebKit/537.36 (KHTML, like Gecko) Chrome/133.0.0.0 Safari/537.36 Edg/133.0.0.0"
54.187.77.109 - - [06/Jun/2026:00:55:35 +0200] "GET / HTTP/1.1" 200 169697 "-" "-"
75.119.139.177 - - [06/Jun/2026:00:57:58 +0200] "POST /wp-cron.php?doing_wp_cron=1780700278.7547609806060791015625 HTTP/1.1" 200 31 "-" "WordPress/7.0; https://myideas.pt"
209.141.60.58 - - [06/Jun/2026:00:57:58 +0200] "GET /wp-login.php HTTP/1.1" 200 6744 "-" "Mozilla/5.0 (Windows NT 6.3; WOW64) AppleWebKit/537.36 (KHTML, like Gecko) Chrome/35.0.1916.153 Safari/537.36"
75.119.139.177 - - [06/Jun/2026:00:58:45 +0200] "POST /wp-cron.php?doing_wp_cron=1780700325.4339439868927001953125 HTTP/1.1" 200 31 "-" "WordPress/7.0; https://myideas.pt"
206.189.127.129 - - [06/Jun/2026:00:58:45 +0200] "HEAD / HTTP/1.1" 301 0 "-" "downnotifier.com monitoring"
206.189.127.129 - - [06/Jun/2026:00:58:46 +0200] "HEAD / HTTP/1.1" 200 0 "-" "downnotifier.com monitoring"
75.119.139.177 - - [06/Jun/2026:00:59:21 +0200] "POST /wp-cron.php?doing_wp_cron=1780700361.7542870044708251953125 HTTP/1.1" 200 31 "-" "WordPress/7.0; https://myideas.pt"
209.141.60.58 - - [06/Jun/2026:00:59:21 +0200] "POST /wp-login.php HTTP/1.1" 200 7137 "-" "Mozilla/5.0 (Windows NT 6.3; WOW64) AppleWebKit/537.36 (KHTML, like Gecko) Chrome/35.0.1916.153 Safari/537.36"
77.75.73.26 - - [06/Jun/2026:00:59:52 +0200] "GET /robots.txt HTTP/1.1" 200 986 "-" "Mozilla/5.0 (compatible; SeznamBot/4.0; +https://o-seznam.cz/napoveda/vyhledavani/en/seznambot-crawler/)"
43.130.78.203 - - [06/Jun/2026:00:59:53 +0200] "GET /author/admin/ HTTP/1.1" 200 14776 "-" "Mozilla/5.0 (iPhone; CPU iPhone OS 13_2_3 like Mac OS X) AppleWebKit/605.1.15 (KHTML, like Gecko) Version/13.0.3 Mobile/15E148 Safari/604.1"
77.75.73.26 - - [06/Jun/2026:00:59:53 +0200] "GET /sitemap_index.xml HTTP/1.1" 200 348 "-" "Mozilla/5.0 (compatible; SeznamBot/4.0; +https://o-seznam.cz/napoveda/vyhledavani/en/seznambot-crawler/)"
108.61.201.55 - - [06/Jun/2026:00:59:57 +0200] "HEAD / HTTP/1.1" 200 0 "-" "downnotifier.com monitoring"
205.185.122.41 - - [06/Jun/2026:01:00:04 +0200] "GET /wp-login.php HTTP/1.1" 200 6744 "-" "Mozilla/5.0 (Macintosh; Intel Mac OS X 10_10_0) AppleWebKit/537.36 (KHTML, like Gecko) Chrome/36.0.1985.125 Safari/537.36"
205.185.122.41 - - [06/Jun/2026:01:00:05 +0200] "POST /wp-login.php HTTP/1.1" 200 7134 "-" "Mozilla/5.0 (Macintosh; Intel Mac OS X 10_10_0) AppleWebKit/537.36 (KHTML, like Gecko) Chrome/36.0.1985.125 Safari/537.36"
75.119.139.177 - - [06/Jun/2026:01:01:00 +0200] "POST /wp-cron.php?doing_wp_cron=1780700460.7453279495239257812500 HTTP/1.1" 200 31 "-" "WordPress/7.0; https://myideas.pt"
205.185.124.128 - - [06/Jun/2026:01:01:00 +0200] "GET /wp-login.php HTTP/1.1" 200 6744 "-" "Mozilla/5.0 (Windows NT 6.3; WOW64; Trident/7.0; rv:11.0) like Gecko"
75.119.139.177 - - [06/Jun/2026:01:01:18 +0200] "POST /wp-cron.php?doing_wp_cron=1780700478.5619480609893798828125 HTTP/1.1" 200 31 "-" "WordPress/7.0; https://myideas.pt"
205.185.122.41 - - [06/Jun/2026:01:01:18 +0200] "GET /wp-login.php HTTP/1.1" 200 6744 "-" "Mozilla/5.0 (iPhone; CPU iPhone OS 17_6 like Mac OS X) AppleWebKit/605.1.15 (KHTML, like Gecko) Version/17.6 Mobile/15E148 Safari/604.1"
205.185.122.41 - - [06/Jun/2026:01:01:19 +0200] "POST /wp-login.php HTTP/1.1" 200 7137 "-" "Mozilla/5.0 (iPhone; CPU iPhone OS 17_6 like Mac OS X) AppleWebKit/605.1.15 (KHTML, like Gecko) Version/17.6 Mobile/15E148 Safari/604.1"
205.185.124.128 - - [06/Jun/2026:01:01:25 +0200] "POST /wp-login.php HTTP/1.1" 200 7148 "-" "Mozilla/5.0 (Windows NT 6.3; WOW64; Trident/7.0; rv:11.0) like Gecko"
75.119.139.177 - - [06/Jun/2026:01:02:21 +0200] "POST /wp-cron.php?doing_wp_cron=1780700541.0139079093933105468750 HTTP/1.1" 200 31 "-" "WordPress/7.0; https://myideas.pt"
209.141.60.58 - - [06/Jun/2026:01:02:21 +0200] "GET /wp-login.php HTTP/1.1" 200 6744 "-" "Mozilla/5.0 (Windows NT 10.0; Win64; x64) AppleWebKit/537.36 (KHTML, like Gecko) Chrome/120.0.0.0 Safari/537.36"
75.119.139.177 - - [06/Jun/2026:01:05:43 +0200] "POST /wp-cron.php?doing_wp_cron=1780700743.6473810672760009765625 HTTP/1.1" 200 31 "-" "WordPress/7.0; https://myideas.pt"
209.141.60.58 - - [06/Jun/2026:01:05:43 +0200] "POST /wp-login.php HTTP/1.1" 200 7136 "-" "Mozilla/5.0 (Windows NT 10.0; Win64; x64) AppleWebKit/537.36 (KHTML, like Gecko) Chrome/120.0.0.0 Safari/537.36"
36.152.7.50 - - [06/Jun/2026:01:06:35 +0200] "GET / HTTP/1.1" 200 24292 "-" "Mozilla/5.0 (iPhone; CPU iPhone OS 18_7_6 like Mac OS X) AppleWebKit/605.1.15 (KHTML, like Gecko) Version/26.0 Mobile/15E148 Safari/604.1"
36.152.7.50 - - [06/Jun/2026:01:06:35 +0200] "GET /wp-content/cache/wpo-minify/1780673871/assets/wpo-minify-header-85140de2.min.css HTTP/1.1" 200 35213 "https://myideas.pt/" "Mozilla/5.0 (iPhone; CPU iPhone OS 18_7_6 like Mac OS X) AppleWebKit/605.1.15 (KHTML, like Gecko) Version/26.0 Mobile/15E148 Safari/604.1"
36.152.7.50 - - [06/Jun/2026:01:06:36 +0200] "GET /wp-content/cache/wpo-minify/1780673871/assets/wpo-minify-footer-f9e72a21.min.js HTTP/1.1" 200 96500 "https://myideas.pt/" "Mozilla/5.0 (iPhone; CPU iPhone OS 18_7_6 like Mac OS X) AppleWebKit/605.1.15 (KHTML, like Gecko) Version/26.0 Mobile/15E148 Safari/604.1"
66.249.79.131 - - [06/Jun/2026:01:07:56 +0200] "GET /pt/portfolio/stoa-branding/ HTTP/1.1" 200 18532 "-" "Mozilla/5.0 (Linux; Android 6.0.1; Nexus 5X Build/MMB29P) AppleWebKit/537.36 (KHTML, like Gecko) Chrome/148.0.7778.96 Mobile Safari/537.36 (compatible; Googlebot/2.1; +http://www.google.com/bot.html)"
66.249.79.129 - - [06/Jun/2026:01:07:58 +0200] "GET /wp-content/cache/wpo-minify/1780673871/assets/wpo-minify-footer-f9e72a21.min.js HTTP/1.1" 200 96500 "https://myideas.pt/pt/portfolio/stoa-branding/" "Mozilla/5.0 (Linux; Android 6.0.1; Nexus 5X Build/MMB29P) AppleWebKit/537.36 (KHTML, like Gecko) Chrome/148.0.7778.96 Mobile Safari/537.36 (compatible; Googlebot/2.1; +http://www.google.com/bot.html)"
66.249.79.130 - - [06/Jun/2026:01:07:59 +0200] "GET /wp-content/cache/wpo-minify/1780673871/assets/wpo-minify-header-85140de2.min.css HTTP/1.1" 200 35213 "https://myideas.pt/pt/portfolio/stoa-branding/" "Mozilla/5.0 (Linux; Android 6.0.1; Nexus 5X Build/MMB29P) AppleWebKit/537.36 (KHTML, like Gecko) Chrome/148.0.7778.96 Mobile Safari/537.36 (compatible; Googlebot/2.1; +http://www.google.com/bot.html)"
75.119.139.177 - - [06/Jun/2026:01:08:45 +0200] "POST /wp-cron.php?doing_wp_cron=1780700925.5677459239959716796875 HTTP/1.1" 200 31 "-" "WordPress/7.0; https://myideas.pt"
37.97.137.40 - - [06/Jun/2026:01:08:45 +0200] "HEAD / HTTP/1.1" 301 0 "-" "downnotifier.com monitoring"
37.97.137.40 - - [06/Jun/2026:01:08:46 +0200] "HEAD / HTTP/1.1" 200 0 "-" "downnotifier.com monitoring"
188.241.62.83 - - [06/Jun/2026:01:08:59 +0200] "GET /wp-login.php HTTP/1.1" 200 2257 "-" "Mozilla/5.0 (Windows NT 10.0; Win64; x64) AppleWebKit/537.36 (KHTML, like Gecko) Chrome/120.0.0.0 Safari/537.36"
188.241.62.83 - - [06/Jun/2026:01:09:00 +0200] "POST /wp-login.php HTTP/1.1" 200 2388 "https://www.myideas.pt/wp-login.php" "Mozilla/5.0 (Windows NT 10.0; Win64; x64) AppleWebKit/537.36 (KHTML, like Gecko) Chrome/120.0.0.0 Safari/537.36"
43.130.139.177 - - [06/Jun/2026:01:09:12 +0200] "GET /wp-json/oembed/1.0/embed?url=https%3A%2F%2Fmyideas.pt%2F&format=xml&lang=en HTTP/1.1" 200 1203 "-" "Mozilla/5.0 (iPhone; CPU iPhone OS 13_2_3 like Mac OS X) AppleWebKit/605.1.15 (KHTML, like Gecko) Version/13.0.3 Mobile/15E148 Safari/604.1"
75.119.139.177 - - [06/Jun/2026:01:09:57 +0200] "POST /wp-cron.php?doing_wp_cron=1780700997.8409988880157470703125 HTTP/1.1" 200 31 "-" "WordPress/7.0; https://myideas.pt"
206.189.127.129 - - [06/Jun/2026:01:09:57 +0200] "HEAD / HTTP/1.1" 200 0 "-" "downnotifier.com monitoring"
66.249.79.129 - - [06/Jun/2026:01:10:37 +0200] "GET /pt/portfolio/feito-em-angola/ HTTP/1.1" 200 18275 "-" "Mozilla/5.0 (Linux; Android 6.0.1; Nexus 5X Build/MMB29P) AppleWebKit/537.36 (KHTML, like Gecko) Chrome/148.0.7778.96 Mobile Safari/537.36 (compatible; Googlebot/2.1; +http://www.google.com/bot.html)"
66.249.79.129 - - [06/Jun/2026:01:10:38 +0200] "GET /wp-content/cache/wpo-minify/1780673871/assets/wpo-minify-footer-f9e72a21.min.js HTTP/1.1" 200 96500 "https://myideas.pt/pt/portfolio/feito-em-angola/" "Mozilla/5.0 (Linux; Android 6.0.1; Nexus 5X Build/MMB29P) AppleWebKit/537.36 (KHTML, like Gecko) Chrome/148.0.7778.96 Mobile Safari/537.36 (compatible; Googlebot/2.1; +http://www.google.com/bot.html)"
66.249.79.131 - - [06/Jun/2026:01:10:39 +0200] "GET /wp-content/cache/wpo-minify/1780673871/assets/wpo-minify-header-85140de2.min.css HTTP/1.1" 200 35213 "https://myideas.pt/pt/portfolio/feito-em-angola/" "Mozilla/5.0 (Linux; Android 6.0.1; Nexus 5X Build/MMB29P) AppleWebKit/537.36 (KHTML, like Gecko) Chrome/148.0.7778.96 Mobile Safari/537.36 (compatible; Googlebot/2.1; +http://www.google.com/bot.html)"
75.119.139.177 - - [06/Jun/2026:01:11:16 +0200] "POST /wp-cron.php?doing_wp_cron=1780701076.7786290645599365234375 HTTP/1.1" 200 31 "-" "WordPress/7.0; https://myideas.pt"
209.141.34.188 - - [06/Jun/2026:01:11:16 +0200] "GET /wp-login.php HTTP/1.1" 200 6744 "-" "Mozilla/5.0 (Windows NT 6.2; WOW64) AppleWebKit/537.36 (KHTML, like Gecko) Chrome/36.0.1985.125 Safari/537.36"
209.141.34.188 - - [06/Jun/2026:01:11:47 +0200] "POST /wp-login.php HTTP/1.1" 200 7171 "-" "Mozilla/5.0 (Windows NT 6.2; WOW64) AppleWebKit/537.36 (KHTML, like Gecko) Chrome/36.0.1985.125 Safari/537.36"
75.119.139.177 - - [06/Jun/2026:01:12:58 +0200] "POST /wp-cron.php?doing_wp_cron=1780701178.0259130001068115234375 HTTP/1.1" 200 31 "-" "WordPress/7.0; https://myideas.pt"
205.185.113.104 - - [06/Jun/2026:01:12:58 +0200] "POST /remote/logincheck HTTP/1.1" 404 13983 "-" "python-requests/2.31.0"
75.119.139.177 - - [06/Jun/2026:01:13:26 +0200] "POST /wp-cron.php?doing_wp_cron=1780701206.8957979679107666015625 HTTP/1.1" 200 31 "-" "WordPress/7.0; https://myideas.pt"
205.185.120.21 - - [06/Jun/2026:01:13:26 +0200] "GET /wp-login.php HTTP/1.1" 200 6744 "-" "Mozilla/5.0 (Macintosh; Intel Mac OS X 14_0) AppleWebKit/537.36 (KHTML, like Gecko) Chrome/146.0.0.0 Safari/537.36"
129.226.214.57 - - [06/Jun/2026:01:13:34 +0200] "GET / HTTP/1.1" 400 248 "-" "Mozilla/5.0 (iPhone; CPU iPhone OS 13_2_3 like Mac OS X) AppleWebKit/605.1.15 (KHTML, like Gecko) Version/13.0.3 Mobile/15E148 Safari/604.1"
75.119.139.177 - - [06/Jun/2026:01:14:12 +0200] "POST /wp-cron.php?doing_wp_cron=1780701252.3614020347595214843750 HTTP/1.1" 200 31 "-" "WordPress/7.0; https://myideas.pt"
205.185.120.21 - - [06/Jun/2026:01:14:12 +0200] "POST /wp-login.php HTTP/1.1" 200 7138 "-" "Mozilla/5.0 (Macintosh; Intel Mac OS X 14_0) AppleWebKit/537.36 (KHTML, like Gecko) Chrome/146.0.0.0 Safari/537.36"
75.119.139.177 - - [06/Jun/2026:01:18:16 +0200] "POST /wp-cron.php?doing_wp_cron=1780701496.3172900676727294921875 HTTP/1.1" 200 31 "-" "WordPress/7.0; https://myideas.pt"
205.185.116.237 - - [06/Jun/2026:01:18:16 +0200] "GET /wp-login.php HTTP/1.1" 200 6744 "-" "Mozilla/5.0 (Windows NT 10.0; Win64; x64) AppleWebKit/537.36 (KHTML, like Gecko) Chrome/147.0.0.0 Safari/537.36"
218.95.67.14 - - [06/Jun/2026:01:18:33 +0200] "GET / HTTP/1.1" 200 169697 "https://www.whole-search.com/cache/Google/myideas.pt?q=Google+Classifica%C3%A7%C3%A3o+de+pesquisa+global+site%3Awww.whole-search.com" "Mozilla/5.0 (Windows NT 6.1; WOW64) AppleWebKit/537.36 (KHTML, like Gecko) Chrome/31.0.1623.0 Safari/537.36"
124.220.174.186 - - [06/Jun/2026:01:18:38 +0200] "GET / HTTP/1.1" 301 5 "-" "Mozilla/5.0 (Macintosh; Intel Mac OS X 10_15_7) AppleWebKit/537.36 (KHTML, like Gecko) Chrome/120.0.0.0 Safari/537.36"
124.220.174.186 - - [06/Jun/2026:01:18:40 +0200] "POST / HTTP/1.1" 200 26087 "-" "Mozilla/5.0 (Macintosh; Intel Mac OS X 10_15_7) AppleWebKit/537.36 (KHTML, like Gecko) Chrome/120.0.0.0 Safari/537.36"
206.189.127.129 - - [06/Jun/2026:01:18:45 +0200] "HEAD / HTTP/1.1" 301 0 "-" "downnotifier.com monitoring"
206.189.127.129 - - [06/Jun/2026:01:18:45 +0200] "HEAD / HTTP/1.1" 200 0 "-" "downnotifier.com monitoring"
205.185.116.237 - - [06/Jun/2026:01:18:54 +0200] "POST /wp-login.php HTTP/1.1" 200 7167 "-" "Mozilla/5.0 (Windows NT 10.0; Win64; x64) AppleWebKit/537.36 (KHTML, like Gecko) Chrome/147.0.0.0 Safari/537.36"
75.119.139.177 - - [06/Jun/2026:01:19:27 +0200] "POST /wp-cron.php?doing_wp_cron=1780701567.8475210666656494140625 HTTP/1.1" 200 31 "-" "WordPress/7.0; https://myideas.pt"
124.156.226.179 - - [06/Jun/2026:01:19:27 +0200] "GET /?s= HTTP/1.1" 200 15199 "-" "Mozilla/5.0 (iPhone; CPU iPhone OS 13_2_3 like Mac OS X) AppleWebKit/605.1.15 (KHTML, like Gecko) Version/13.0.3 Mobile/15E148 Safari/604.1"
139.59.109.12 - - [06/Jun/2026:01:19:56 +0200] "HEAD / HTTP/1.1" 200 0 "-" "downnotifier.com monitoring"
75.119.139.177 - - [06/Jun/2026:01:20:29 +0200] "POST /wp-cron.php?doing_wp_cron=1780701629.4851100444793701171875 HTTP/1.1" 200 31 "-" "WordPress/7.0; https://myideas.pt"
205.185.124.128 - - [06/Jun/2026:01:20:29 +0200] "GET /wp-login.php HTTP/1.1" 200 6744 "-" "Mozilla/5.0 (iPad; CPU OS 7_1_1 like Mac OS X) AppleWebKit/537.51.2 (KHTML, like Gecko) Version/7.0 Mobile/11D201 Safari/9537.53"
205.185.124.128 - - [06/Jun/2026:01:20:53 +0200] "POST /wp-login.php HTTP/1.1" 200 7141 "-" "Mozilla/5.0 (iPad; CPU OS 7_1_1 like Mac OS X) AppleWebKit/537.51.2 (KHTML, like Gecko) Version/7.0 Mobile/11D201 Safari/9537.53"
44.223.115.10 - - [06/Jun/2026:01:21:55 +0200] "GET /pt/marketing-como-lideranca-nao-como-pressao/ HTTP/1.1" 200 20554 "-" "Mozilla/5.0 AppleWebKit/537.36 (KHTML, like Gecko; compatible; Amazonbot/0.1; +https://developer.amazon.com/support/amazonbot) Chrome/119.0.6045.214 Safari/537.36"
181.43.52.144 - - [06/Jun/2026:01:23:35 +0200] "GET /pt/como-trabalhamos-parceria/ HTTP/1.1" 200 18558 "-" "Mozilla/5.0 (Windows NT 10.0; Win64; x64) AppleWebKit/537.36 (KHTML, like Gecko) Chrome/91.0.4472.114 Safari/537.36"
75.119.139.177 - - [06/Jun/2026:01:26:01 +0200] "POST /wp-cron.php?doing_wp_cron=1780701960.8199679851531982421875 HTTP/1.1" 200 31 "-" "WordPress/7.0; https://myideas.pt"
176.65.139.237 - - [06/Jun/2026:01:26:01 +0200] "GET /.env HTTP/1.1" 404 66624 "-" "Mozilla/5.0 (Windows NT 10.0; Win64; x64) AppleWebKit/537.36 (KHTML, like Gecko) Chrome/147.0.0.0 Safari/537.36"
75.119.139.177 - - [06/Jun/2026:01:27:18 +0200] "POST /wp-cron.php?doing_wp_cron=1780702038.3212840557098388671875 HTTP/1.1" 200 31 "-" "WordPress/7.0; https://myideas.pt"
144.217.254.10 - - [06/Jun/2026:01:27:18 +0200] "GET /wp-login.php HTTP/1.1" 200 2257 "-" "Mozilla/5.0 (Windows NT 10.0; Win64; x64) AppleWebKit/537.36 (KHTML, like Gecko) Chrome/120.0.0.0 Safari/537.36"
144.217.254.10 - - [06/Jun/2026:01:27:18 +0200] "POST /wp-login.php HTTP/1.1" 200 2388 "https://myideas.pt/wp-login.php" "Mozilla/5.0 (Windows NT 10.0; Win64; x64) AppleWebKit/537.36 (KHTML, like Gecko) Chrome/120.0.0.0 Safari/537.36"
75.119.139.177 - - [06/Jun/2026:01:28:45 +0200] "POST /wp-cron.php?doing_wp_cron=1780702125.4714310169219970703125 HTTP/1.1" 200 31 "-" "WordPress/7.0; https://myideas.pt"
37.97.137.40 - - [06/Jun/2026:01:28:45 +0200] "HEAD / HTTP/1.1" 301 0 "-" "downnotifier.com monitoring"
37.97.137.40 - - [06/Jun/2026:01:28:46 +0200] "HEAD / HTTP/1.1" 200 0 "-" "downnotifier.com monitoring"
75.119.139.177 - - [06/Jun/2026:01:29:59 +0200] "POST /wp-cron.php?doing_wp_cron=1780702199.3283851146697998046875 HTTP/1.1" 200 31 "-" "WordPress/7.0; https://myideas.pt"
149.28.73.26 - - [06/Jun/2026:01:29:59 +0200] "HEAD / HTTP/1.1" 200 0 "-" "downnotifier.com monitoring"
43.133.61.171 - - [06/Jun/2026:01:30:15 +0200] "GET / HTTP/1.1" 301 5 "http://www.myideas.pt" "Mozilla/5.0 (iPhone; CPU iPhone OS 13_2_3 like Mac OS X) AppleWebKit/605.1.15 (KHTML, like Gecko) Version/13.0.3 Mobile/15E148 Safari/604.1"
43.133.61.171 - - [06/Jun/2026:01:30:17 +0200] "GET / HTTP/1.1" 200 24292 "https://www.myideas.pt/" "Mozilla/5.0 (iPhone; CPU iPhone OS 13_2_3 like Mac OS X) AppleWebKit/605.1.15 (KHTML, like Gecko) Version/13.0.3 Mobile/15E148 Safari/604.1"
54.174.58.240 - - [06/Jun/2026:01:31:13 +0200] "GET /robots.txt HTTP/1.1" 200 986 "-" "Mozilla/5.0 AppleWebKit/537.36 (KHTML, like Gecko; compatible; HubSpot Crawler; +https://www.hubspot.com) Chrome/131.0.0.0 Safari/537.36"
43.159.140.236 - - [06/Jun/2026:01:31:20 +0200] "GET /portfolio/bso-branding/ HTTP/1.1" 200 18857 "-" "Mozilla/5.0 (iPhone; CPU iPhone OS 13_2_3 like Mac OS X) AppleWebKit/605.1.15 (KHTML, like Gecko) Version/13.0.3 Mobile/15E148 Safari/604.1"
75.119.139.177 - - [06/Jun/2026:01:32:00 +0200] "POST /wp-cron.php?doing_wp_cron=1780702320.1426770687103271484375 HTTP/1.1" 200 31 "-" "WordPress/7.0; https://myideas.pt"
50.6.169.131 - - [06/Jun/2026:01:32:00 +0200] "POST /xmlrpc.php HTTP/1.1" 200 236 "-" "Mozilla/5.0 (Macintosh; Intel Mac OS X 10_15_7) AppleWebKit/537.36 (KHTML, like Gecko) Chrome/133.0.0.0 Safari/537.36"
54.174.58.239 - - [06/Jun/2026:01:32:05 +0200] "HEAD /pt/marketing-sustentavel/ HTTP/1.1" 200 0 "-" "Mozilla/5.0 AppleWebKit/537.36 (KHTML, like Gecko; compatible; HubSpot Crawler; +https://www.hubspot.com) Chrome/131.0.0.0 Safari/537.36"
54.174.58.238 - - [06/Jun/2026:01:32:05 +0200] "GET /pt/marketing-sustentavel/ HTTP/1.1" 200 16690 "-" "Mozilla/5.0 AppleWebKit/537.36 (KHTML, like Gecko; compatible; HubSpot Crawler; +https://www.hubspot.com) Chrome/131.0.0.0 Safari/537.36"
54.174.58.238 - - [06/Jun/2026:01:32:05 +0200] "GET /wp-content/cache/wpo-minify/1780673871/assets/wpo-minify-header-85140de2.min.css HTTP/1.1" 200 35213 "https://myideas.pt/pt/marketing-sustentavel/" "Mozilla/5.0 AppleWebKit/537.36 (KHTML, like Gecko; compatible; HubSpot Crawler; +https://www.hubspot.com) Chrome/131.0.0.0 Safari/537.36"
54.174.58.238 - - [06/Jun/2026:01:32:06 +0200] "GET /wp-content/cache/wpo-minify/1780673871/assets/wpo-minify-footer-38f725ad.min.js HTTP/1.1" 200 83926 "https://myideas.pt/pt/marketing-sustentavel/" "Mozilla/5.0 AppleWebKit/537.36 (KHTML, like Gecko; compatible; HubSpot Crawler; +https://www.hubspot.com) Chrome/131.0.0.0 Safari/537.36"
54.174.58.238 - - [06/Jun/2026:01:32:06 +0200] "GET /wp-content/uploads/2024/07/FAVICON_MYIDEAS-150x150.jpg HTTP/1.1" 200 3437 "https://myideas.pt/pt/marketing-sustentavel/" "Mozilla/5.0 AppleWebKit/537.36 (KHTML, like Gecko; compatible; HubSpot Crawler; +https://www.hubspot.com) Chrome/131.0.0.0 Safari/537.36"
45.79.128.205 - - [06/Jun/2026:01:33:11 +0200] "GET / HTTP/1.1" 400 650 "-" "Mozilla/5.0 (Macintosh; Intel Mac OS X 13_1) AppleWebKit/537.36 (KHTML, like Gecko) Chrome/108.0.0.0 Safari/537.36"
75.119.139.177 - - [06/Jun/2026:01:33:46 +0200] "POST /wp-cron.php?doing_wp_cron=1780702426.0890820026397705078125 HTTP/1.1" 200 31 "-" "WordPress/7.0; https://myideas.pt"
64.31.25.250 - - [06/Jun/2026:01:33:46 +0200] "GET /wp-login.php HTTP/1.1" 200 2257 "-" "Mozilla/5.0 (Windows NT 10.0) AppleWebKit/537.36 (KHTML, like Gecko) Chrome/133.0.0.0 Safari/537.36"
64.31.25.250 - - [06/Jun/2026:01:33:46 +0200] "POST /wp-login.php HTTP/1.1" 200 2388 "https://myideas.pt/wp-login.php" "Mozilla/5.0 (Windows NT 10.0) AppleWebKit/537.36 (KHTML, like Gecko) Chrome/133.0.0.0 Safari/537.36"
75.119.139.177 - - [06/Jun/2026:01:35:22 +0200] "POST /wp-cron.php?doing_wp_cron=1780702522.2126181125640869140625 HTTP/1.1" 200 31 "-" "WordPress/7.0; https://myideas.pt"
100.28.133.214 - - [06/Jun/2026:01:35:22 +0200] "GET /portfolio/bso-consulting-website/feed/ HTTP/1.1" 404 12557 "-" "Mozilla/5.0 AppleWebKit/537.36 (KHTML, like Gecko; compatible; Amazonbot/0.1; +https://developer.amazon.com/support/amazonbot) Chrome/119.0.6045.214 Safari/537.36"
75.119.139.177 - - [06/Jun/2026:01:37:57 +0200] "POST /wp-cron.php?doing_wp_cron=1780702676.4492130279541015625000 HTTP/1.1" 200 31 "-" "WordPress/7.0; https://myideas.pt"
209.141.46.91 - - [06/Jun/2026:01:37:57 +0200] "GET /wp-login.php HTTP/1.1" 200 6744 "-" "Mozilla/5.0 (Windows NT 10.0; Win64; x64) AppleWebKit/537.36 (KHTML, like Gecko) Chrome/118.0.0.0 Safari/537.36 Edg/118.0.2088.46"
75.119.139.177 - - [06/Jun/2026:01:38:34 +0200] "POST /wp-cron.php?doing_wp_cron=1780702714.2407650947570800781250 HTTP/1.1" 200 31 "-" "WordPress/7.0; https://myideas.pt"
209.141.46.91 - - [06/Jun/2026:01:38:34 +0200] "POST /wp-login.php HTTP/1.1" 200 7171 "-" "Mozilla/5.0 (Windows NT 10.0; Win64; x64) AppleWebKit/537.36 (KHTML, like Gecko) Chrome/118.0.0.0 Safari/537.36 Edg/118.0.2088.46"
206.189.127.129 - - [06/Jun/2026:01:38:45 +0200] "HEAD / HTTP/1.1" 301 0 "-" "downnotifier.com monitoring"
206.189.127.129 - - [06/Jun/2026:01:38:46 +0200] "HEAD / HTTP/1.1" 200 0 "-" "downnotifier.com monitoring"
75.119.139.177 - - [06/Jun/2026:01:39:57 +0200] "POST /wp-cron.php?doing_wp_cron=1780702797.6957991123199462890625 HTTP/1.1" 200 31 "-" "WordPress/7.0; https://myideas.pt"
206.189.127.129 - - [06/Jun/2026:01:39:57 +0200] "HEAD / HTTP/1.1" 200 0 "-" "downnotifier.com monitoring"
190.242.26.195 - - [06/Jun/2026:01:40:44 +0200] "GET /portfolio/urbanos/ HTTP/1.1" 200 17971 "-" "Mozilla/5.0 (Windows NT 10.0; Win64; x64) AppleWebKit/537.36 (KHTML, like Gecko) Chrome/89.0.4389.128 Safari/537.36"
75.119.139.177 - - [06/Jun/2026:01:41:26 +0200] "POST /wp-cron.php?doing_wp_cron=1780702886.6638600826263427734375 HTTP/1.1" 200 31 "-" "WordPress/7.0; https://myideas.pt"
43.155.125.119 - - [06/Jun/2026:01:41:26 +0200] "GET /pt/portfolio/uenji-branding HTTP/1.1" 301 5 "-" "Mozilla/5.0 (Macintosh; Intel Mac OS X 10_15_7) AppleWebKit/537.36 (KHTML, like Gecko) Chrome/121.0.0.0 Safari/537.36"
43.155.125.119 - - [06/Jun/2026:01:41:28 +0200] "GET /pt/portfolio/uenji-branding/ HTTP/1.1" 200 18858 "-" "Mozilla/5.0 (Macintosh; Intel Mac OS X 10_15_7) AppleWebKit/537.36 (KHTML, like Gecko) Chrome/121.0.0.0 Safari/537.36"
38.49.217.60 - - [06/Jun/2026:01:41:54 +0200] "POST /xmlrpc.php HTTP/1.1" 200 236 "-" "Mozilla/5.0 (Macintosh; Intel Mac OS X 10_15_7) AppleWebKit/605.1.15 (KHTML, like Gecko) Version/18.3 Safari/605.1.15"
75.119.139.177 - - [06/Jun/2026:01:44:09 +0200] "POST /wp-cron.php?doing_wp_cron=1780703049.9394459724426269531250 HTTP/1.1" 200 31 "-" "WordPress/7.0; https://myideas.pt"
104.164.126.243 - - [06/Jun/2026:01:44:09 +0200] "GET / HTTP/1.1" 301 5 "-" "Mozilla/5.0 (X11; Linux x86_64) AppleWebKit/537.36 (KHTML, like Gecko) Chrome/130.0.0.0 Safari/537.36"
34.236.222.216 - - [06/Jun/2026:01:46:26 +0200] "GET /robots.txt HTTP/1.1" 200 986 "-" "Mozilla/5.0 (Macintosh; Intel Mac OS X 10_10_1) AppleWebKit/600.2.5 (KHTML, like Gecko) Version/8.0.2 Safari/600.2.5 (Gort)"
75.119.139.177 - - [06/Jun/2026:01:47:50 +0200] "POST /wp-cron.php?doing_wp_cron=1780703270.2403979301452636718750 HTTP/1.1" 200 31 "-" "WordPress/7.0; https://myideas.pt"
43.155.125.241 - - [06/Jun/2026:01:47:50 +0200] "GET /portfolio/eurest-cookbook-2025 HTTP/1.1" 301 5 "-" "Mozilla/5.0 (Macintosh; Intel Mac OS X 10_15_7) AppleWebKit/537.36 (KHTML, like Gecko) Chrome/123.0.0.0 Safari/537.36"
43.155.125.241 - - [06/Jun/2026:01:47:50 +0200] "GET /portfolio/eurest-cookbook-2025/ HTTP/1.1" 200 18309 "-" "Mozilla/5.0 (Macintosh; Intel Mac OS X 10_15_7) AppleWebKit/537.36 (KHTML, like Gecko) Chrome/123.0.0.0 Safari/537.36"
75.119.139.177 - - [06/Jun/2026:01:48:45 +0200] "POST /wp-cron.php?doing_wp_cron=1780703325.6714529991149902343750 HTTP/1.1" 200 31 "-" "WordPress/7.0; https://myideas.pt"
37.97.137.40 - - [06/Jun/2026:01:48:45 +0200] "HEAD / HTTP/1.1" 301 0 "-" "downnotifier.com monitoring"
37.97.137.40 - - [06/Jun/2026:01:48:46 +0200] "HEAD / HTTP/1.1" 200 0 "-" "downnotifier.com monitoring"
170.106.163.48 - - [06/Jun/2026:01:48:56 +0200] "GET /portfolio/feito-em-angola-websites/ HTTP/1.1" 200 18467 "-" "Mozilla/5.0 (iPhone; CPU iPhone OS 13_2_3 like Mac OS X) AppleWebKit/605.1.15 (KHTML, like Gecko) Version/13.0.3 Mobile/15E148 Safari/604.1"
75.119.139.177 - - [06/Jun/2026:01:49:55 +0200] "POST /wp-cron.php?doing_wp_cron=1780703394.9615991115570068359375 HTTP/1.1" 200 31 "-" "WordPress/7.0; https://myideas.pt"
37.97.137.40 - - [06/Jun/2026:01:49:55 +0200] "HEAD / HTTP/1.1" 200 0 "-" "downnotifier.com monitoring"
57.141.20.14 - - [06/Jun/2026:01:50:05 +0200] "GET /what-is-geo/ HTTP/1.1" 200 104710 "-" "meta-externalagent/1.1 (+https://developers.facebook.com/docs/sharing/webmasters/crawler)"
75.119.139.177 - - [06/Jun/2026:01:54:25 +0200] "POST /wp-cron.php?doing_wp_cron=1780703665.2358989715576171875000 HTTP/1.1" 200 31 "-" "WordPress/7.0; https://myideas.pt"
77.83.39.197 - - [06/Jun/2026:01:54:25 +0200] "GET /.env HTTP/1.1" 404 12539 "-" "iTunes/9.0.2 (Windows; N)"
77.83.39.197 - - [06/Jun/2026:01:54:53 +0200] "GET /.env HTTP/1.1" 404 12539 "-" "Mozilla/5.0 (Linux; Android 9; RMX1801) AppleWebKit/537.36 (KHTML, like Gecko) Chrome/76.0.3809.111 Mobile Safari/537.36"
75.119.139.177 - - [06/Jun/2026:01:56:08 +0200] "POST /wp-cron.php?doing_wp_cron=1780703768.3390278816223144531250 HTTP/1.1" 200 31 "-" "WordPress/7.0; https://myideas.pt"
72.167.50.103 - - [06/Jun/2026:01:56:08 +0200] "POST /xmlrpc.php HTTP/1.1" 200 236 "-" "Mozilla/5.0 (Windows NT 10.0; Win64; x64) AppleWebKit/537.36 (KHTML, like Gecko) Chrome/133.0.0.0 Safari/537.36"
75.119.139.177 - - [06/Jun/2026:01:58:45 +0200] "POST /wp-cron.php?doing_wp_cron=1780703925.5438311100006103515625 HTTP/1.1" 200 31 "-" "WordPress/7.0; https://myideas.pt"
206.189.127.129 - - [06/Jun/2026:01:58:45 +0200] "HEAD / HTTP/1.1" 301 0 "-" "downnotifier.com monitoring"
206.189.127.129 - - [06/Jun/2026:01:58:46 +0200] "HEAD / HTTP/1.1" 200 0 "-" "downnotifier.com monitoring"
75.119.139.177 - - [06/Jun/2026:01:59:54 +0200] "POST /wp-cron.php?doing_wp_cron=1780703993.9865639209747314453125 HTTP/1.1" 200 31 "-" "WordPress/7.0; https://myideas.pt"
139.59.109.12 - - [06/Jun/2026:01:59:54 +0200] "HEAD / HTTP/1.1" 200 0 "-" "downnotifier.com monitoring"
75.119.139.177 - - [06/Jun/2026:02:00:17 +0200] "POST /wp-cron.php?doing_wp_cron=1780704017.5057721138000488281250 HTTP/1.1" 200 31 "-" "WordPress/7.0; https://myideas.pt"
170.106.148.137 - - [06/Jun/2026:02:00:17 +0200] "GET /portfolio/bso-consulting-website/ HTTP/1.1" 200 18882 "-" "Mozilla/5.0 (iPhone; CPU iPhone OS 13_2_3 like Mac OS X) AppleWebKit/605.1.15 (KHTML, like Gecko) Version/13.0.3 Mobile/15E148 Safari/604.1"
78.153.140.252 - - [06/Jun/2026:02:00:57 +0200] "GET /.env HTTP/1.1" 404 12539 "-" "Mozilla/5.0 (Windows NT 10.0; Win64; x64) AppleWebKit/537.36 (KHTML, like Gecko) Chrome/116.0.5845.140 Safari/537.36"
78.153.140.252 - - [06/Jun/2026:02:00:59 +0200] "POST / HTTP/1.1" 200 26087 "-" "Mozilla/5.0 (Windows NT 10.0; Win64; x64) AppleWebKit/537.36 (KHTML, like Gecko) Chrome/116.0.5845.140 Safari/537.36"
75.119.139.177 - - [06/Jun/2026:02:03:08 +0200] "POST /wp-cron.php?doing_wp_cron=1780704188.6995909214019775390625 HTTP/1.1" 200 31 "-" "WordPress/7.0; https://myideas.pt"
