4.194.3.176 - - [06/Jun/2026:21:25:32 +0200] "GET /wp-contentt.php HTTP/1.1" 404 47 "-" "Mozilla/5.0 (Windows NT 10.0; Win64; x64) AppleWebKit/537.36 (KHTML, like Gecko) Chrome/120.0.0.0 Safari/537.36"
4.194.3.176 - - [06/Jun/2026:21:25:33 +0200] "GET /config.php7 HTTP/1.1" 301 5 "-" "Mozilla/5.0 (Windows NT 10.0; Win64; x64) AppleWebKit/537.36 (KHTML, like Gecko) Chrome/120.0.0.0 Safari/537.36"
4.194.3.176 - - [06/Jun/2026:21:25:33 +0200] "GET /config.php HTTP/1.1" 404 47 "-" "Mozilla/5.0 (Windows NT 10.0; Win64; x64) AppleWebKit/537.36 (KHTML, like Gecko) Chrome/120.0.0.0 Safari/537.36"
4.194.3.176 - - [06/Jun/2026:21:25:33 +0200] "GET /theme.php HTTP/1.1" 404 47 "-" "Mozilla/5.0 (Windows NT 10.0; Win64; x64) AppleWebKit/537.36 (KHTML, like Gecko) Chrome/120.0.0.0 Safari/537.36"
4.194.3.176 - - [06/Jun/2026:21:25:34 +0200] "GET /block-bindings.php HTTP/1.1" 404 47 "-" "Mozilla/5.0 (Windows NT 10.0; Win64; x64) AppleWebKit/537.36 (KHTML, like Gecko) Chrome/120.0.0.0 Safari/537.36"
4.194.3.176 - - [06/Jun/2026:21:25:34 +0200] "GET /class_api.php HTTP/1.1" 404 47 "-" "Mozilla/5.0 (Windows NT 10.0; Win64; x64) AppleWebKit/537.36 (KHTML, like Gecko) Chrome/120.0.0.0 Safari/537.36"
4.194.3.176 - - [06/Jun/2026:21:25:34 +0200] "GET /inputs.php HTTP/1.1" 404 47 "-" "Mozilla/5.0 (Windows NT 10.0; Win64; x64) AppleWebKit/537.36 (KHTML, like Gecko) Chrome/120.0.0.0 Safari/537.36"
4.194.3.176 - - [06/Jun/2026:21:25:34 +0200] "GET /root.php HTTP/1.1" 404 47 "-" "Mozilla/5.0 (Windows NT 10.0; Win64; x64) AppleWebKit/537.36 (KHTML, like Gecko) Chrome/120.0.0.0 Safari/537.36"
4.194.3.176 - - [06/Jun/2026:21:25:34 +0200] "GET /menu.php HTTP/1.1" 404 47 "-" "Mozilla/5.0 (Windows NT 10.0; Win64; x64) AppleWebKit/537.36 (KHTML, like Gecko) Chrome/120.0.0.0 Safari/537.36"
4.194.3.176 - - [06/Jun/2026:21:25:35 +0200] "GET /plugin.php HTTP/1.1" 404 47 "-" "Mozilla/5.0 (Windows NT 10.0; Win64; x64) AppleWebKit/537.36 (KHTML, like Gecko) Chrome/120.0.0.0 Safari/537.36"
4.194.3.176 - - [06/Jun/2026:21:25:35 +0200] "GET /cloud.php HTTP/1.1" 404 47 "-" "Mozilla/5.0 (Windows NT 10.0; Win64; x64) AppleWebKit/537.36 (KHTML, like Gecko) Chrome/120.0.0.0 Safari/537.36"
4.194.3.176 - - [06/Jun/2026:21:25:35 +0200] "GET /configs.php HTTP/1.1" 404 47 "-" "Mozilla/5.0 (Windows NT 10.0; Win64; x64) AppleWebKit/537.36 (KHTML, like Gecko) Chrome/120.0.0.0 Safari/537.36"
4.194.3.176 - - [06/Jun/2026:21:25:35 +0200] "GET /wp-configs.php HTTP/1.1" 404 47 "-" "Mozilla/5.0 (Windows NT 10.0; Win64; x64) AppleWebKit/537.36 (KHTML, like Gecko) Chrome/120.0.0.0 Safari/537.36"
4.194.3.176 - - [06/Jun/2026:21:25:35 +0200] "GET /update.php HTTP/1.1" 404 47 "-" "Mozilla/5.0 (Windows NT 10.0; Win64; x64) AppleWebKit/537.36 (KHTML, like Gecko) Chrome/120.0.0.0 Safari/537.36"
4.194.3.176 - - [06/Jun/2026:21:25:35 +0200] "GET /2.php HTTP/1.1" 404 47 "-" "Mozilla/5.0 (Windows NT 10.0; Win64; x64) AppleWebKit/537.36 (KHTML, like Gecko) Chrome/120.0.0.0 Safari/537.36"
4.194.3.176 - - [06/Jun/2026:21:25:36 +0200] "GET /input.php HTTP/1.1" 404 47 "-" "Mozilla/5.0 (Windows NT 10.0; Win64; x64) AppleWebKit/537.36 (KHTML, like Gecko) Chrome/120.0.0.0 Safari/537.36"
4.194.3.176 - - [06/Jun/2026:21:25:36 +0200] "GET /aaa.php HTTP/1.1" 404 47 "-" "Mozilla/5.0 (Windows NT 10.0; Win64; x64) AppleWebKit/537.36 (KHTML, like Gecko) Chrome/120.0.0.0 Safari/537.36"
4.194.3.176 - - [06/Jun/2026:21:25:36 +0200] "GET /en-us/2021/04/30/php-community-sidesteps-its-third-supply-chain-attack-in-three-years/ HTTP/1.1" 301 5 "-" "Mozilla/5.0 (Windows NT 10.0; Win64; x64) AppleWebKit/537.36 (KHTML, like Gecko) Chrome/120.0.0.0 Safari/537.36"
4.194.3.176 - - [06/Jun/2026:21:25:37 +0200] "GET /ALFA_DATA/alfacgiapi/ HTTP/1.1" 301 5 "-" "Mozilla/5.0 (Windows NT 10.0; Win64; x64) AppleWebKit/537.36 (KHTML, like Gecko) Chrome/120.0.0.0 Safari/537.36"
4.194.3.176 - - [06/Jun/2026:21:25:37 +0200] "GET /wp-admin/images/ HTTP/1.1" 403 548 "-" "Mozilla/5.0 (Windows NT 10.0; Win64; x64) AppleWebKit/537.36 (KHTML, like Gecko) Chrome/120.0.0.0 Safari/537.36"
4.194.3.176 - - [06/Jun/2026:21:25:37 +0200] "GET /wp-admin/images/admin.php HTTP/1.1" 404 47 "-" "Mozilla/5.0 (Windows NT 10.0; Win64; x64) AppleWebKit/537.36 (KHTML, like Gecko) Chrome/120.0.0.0 Safari/537.36"
4.194.3.176 - - [06/Jun/2026:21:25:38 +0200] "GET /wp-admin/includes/moon.php HTTP/1.1" 404 47 "-" "Mozilla/5.0 (Windows NT 10.0; Win64; x64) AppleWebKit/537.36 (KHTML, like Gecko) Chrome/120.0.0.0 Safari/537.36"
4.194.3.176 - - [06/Jun/2026:21:25:38 +0200] "GET /wp-admin/maint/edit.php HTTP/1.1" 404 47 "-" "Mozilla/5.0 (Windows NT 10.0; Win64; x64) AppleWebKit/537.36 (KHTML, like Gecko) Chrome/120.0.0.0 Safari/537.36"
4.194.3.176 - - [06/Jun/2026:21:25:38 +0200] "GET /wp-content/1.php HTTP/1.1" 404 47 "-" "Mozilla/5.0 (Windows NT 10.0; Win64; x64) AppleWebKit/537.36 (KHTML, like Gecko) Chrome/120.0.0.0 Safari/537.36"
4.194.3.176 - - [06/Jun/2026:21:25:39 +0200] "GET /wp-content/plugins/WordPressCore/ HTTP/1.1" 301 5 "-" "Mozilla/5.0 (Windows NT 10.0; Win64; x64) AppleWebKit/537.36 (KHTML, like Gecko) Chrome/120.0.0.0 Safari/537.36"
4.194.3.176 - - [06/Jun/2026:21:25:39 +0200] "GET /wp-content/plugins/ioxi/ioxi/ HTTP/1.1" 301 5 "-" "Mozilla/5.0 (Windows NT 10.0; Win64; x64) AppleWebKit/537.36 (KHTML, like Gecko) Chrome/120.0.0.0 Safari/537.36"
4.194.3.176 - - [06/Jun/2026:21:25:39 +0200] "GET /wp-content/themes/404.php HTTP/1.1" 404 47 "-" "Mozilla/5.0 (Windows NT 10.0; Win64; x64) AppleWebKit/537.36 (KHTML, like Gecko) Chrome/120.0.0.0 Safari/537.36"
4.194.3.176 - - [06/Jun/2026:21:25:40 +0200] "GET /wp-content/uploads/2018/03/ HTTP/1.1" 301 5 "-" "Mozilla/5.0 (Windows NT 10.0; Win64; x64) AppleWebKit/537.36 (KHTML, like Gecko) Chrome/120.0.0.0 Safari/537.36"
4.194.3.176 - - [06/Jun/2026:21:25:41 +0200] "GET /wp-content/uploads/2022/07/ HTTP/1.1" 301 5 "-" "Mozilla/5.0 (Windows NT 10.0; Win64; x64) AppleWebKit/537.36 (KHTML, like Gecko) Chrome/120.0.0.0 Safari/537.36"
4.194.3.176 - - [06/Jun/2026:21:25:42 +0200] "GET /wp-content/uploads/2023/03/ HTTP/1.1" 301 5 "-" "Mozilla/5.0 (Windows NT 10.0; Win64; x64) AppleWebKit/537.36 (KHTML, like Gecko) Chrome/120.0.0.0 Safari/537.36"
4.194.3.176 - - [06/Jun/2026:21:25:42 +0200] "GET /wp-content/uploads/autoload_classmap.php HTTP/1.1" 404 47 "-" "Mozilla/5.0 (Windows NT 10.0; Win64; x64) AppleWebKit/537.36 (KHTML, like Gecko) Chrome/120.0.0.0 Safari/537.36"
4.194.3.176 - - [06/Jun/2026:21:25:42 +0200] "GET /wp-content/uploads/wp.php HTTP/1.1" 404 47 "-" "Mozilla/5.0 (Windows NT 10.0; Win64; x64) AppleWebKit/537.36 (KHTML, like Gecko) Chrome/120.0.0.0 Safari/537.36"
4.194.3.176 - - [06/Jun/2026:21:25:42 +0200] "GET /wp-includes/js/tinymce/skins/lightgray/ HTTP/1.1" 403 548 "-" "Mozilla/5.0 (Windows NT 10.0; Win64; x64) AppleWebKit/537.36 (KHTML, like Gecko) Chrome/120.0.0.0 Safari/537.36"
4.194.3.176 - - [06/Jun/2026:21:25:42 +0200] "GET /wp-includes/js/tinymce/themes/inlite/ HTTP/1.1" 403 548 "-" "Mozilla/5.0 (Windows NT 10.0; Win64; x64) AppleWebKit/537.36 (KHTML, like Gecko) Chrome/120.0.0.0 Safari/537.36"
4.194.3.176 - - [06/Jun/2026:21:25:42 +0200] "GET /wp-includes/mani.php HTTP/1.1" 404 47 "-" "Mozilla/5.0 (Windows NT 10.0; Win64; x64) AppleWebKit/537.36 (KHTML, like Gecko) Chrome/120.0.0.0 Safari/537.36"
4.194.3.176 - - [06/Jun/2026:21:25:43 +0200] "GET /wp-includes/sodium_compat/ HTTP/1.1" 403 548 "-" "Mozilla/5.0 (Windows NT 10.0; Win64; x64) AppleWebKit/537.36 (KHTML, like Gecko) Chrome/120.0.0.0 Safari/537.36"
4.194.3.176 - - [06/Jun/2026:21:25:43 +0200] "GET /wp-includes/theme-compat/ HTTP/1.1" 403 548 "-" "Mozilla/5.0 (Windows NT 10.0; Win64; x64) AppleWebKit/537.36 (KHTML, like Gecko) Chrome/120.0.0.0 Safari/537.36"
4.194.3.176 - - [06/Jun/2026:21:25:43 +0200] "GET /wp-logs.php HTTP/1.1" 404 47 "-" "Mozilla/5.0 (Windows NT 10.0; Win64; x64) AppleWebKit/537.36 (KHTML, like Gecko) Chrome/120.0.0.0 Safari/537.36"
74.7.229.124 - - [06/Jun/2026:21:27:28 +0200] "GET /pt/marketing-sustentavel/ HTTP/1.1" 200 16690 "-" "Mozilla/5.0 (Macintosh; Intel Mac OS X 10_15_7) AppleWebKit/537.36 (KHTML, like Gecko) Chrome/131.0.0.0 Safari/537.36; compatible; OAI-SearchBot/1.4; +https://openai.com/searchbot"
75.119.139.177 - - [06/Jun/2026:21:27:34 +0200] "POST /wp-cron.php?doing_wp_cron=1780774054.9427430629730224609375 HTTP/1.1" 200 31 "-" "WordPress/7.0; https://myideas.pt"
74.7.229.110 - - [06/Jun/2026:21:27:34 +0200] "GET /pt/porque-a-myideas/ HTTP/1.1" 200 19931 "https://myideas.pt/pt/marketing-sustentavel/" "Mozilla/5.0 (Macintosh; Intel Mac OS X 10_15_7) AppleWebKit/537.36 (KHTML, like Gecko) Chrome/131.0.0.0 Safari/537.36; compatible; OAI-SearchBot/1.4; +https://openai.com/searchbot"
74.7.243.203 - - [06/Jun/2026:21:27:36 +0200] "GET /?p=3711 HTTP/1.1" 301 5 "https://myideas.pt/pt/porque-a-myideas/" "Mozilla/5.0 AppleWebKit/537.36 (KHTML, like Gecko; compatible; GPTBot/1.4; +https://openai.com/gptbot)"
74.7.229.177 - - [06/Jun/2026:21:27:36 +0200] "GET /pt/empresa-de-seo-geo-aeo/ HTTP/1.1" 200 16337 "https://myideas.pt/pt/marketing-sustentavel/" "Mozilla/5.0 (Macintosh; Intel Mac OS X 10_15_7) AppleWebKit/537.36 (KHTML, like Gecko) Chrome/131.0.0.0 Safari/537.36; compatible; OAI-SearchBot/1.4; +https://openai.com/searchbot"
74.7.243.203 - - [06/Jun/2026:21:27:39 +0200] "GET /?p=3726 HTTP/1.1" 301 5 "https://myideas.pt/pt/empresa-de-seo-geo-aeo/" "Mozilla/5.0 AppleWebKit/537.36 (KHTML, like Gecko; compatible; GPTBot/1.4; +https://openai.com/gptbot)"
74.7.243.47 - - [06/Jun/2026:21:27:40 +0200] "GET /pt/portfolio/ HTTP/1.1" 200 17891 "https://myideas.pt/pt/marketing-sustentavel/" "Mozilla/5.0 (Macintosh; Intel Mac OS X 10_15_7) AppleWebKit/537.36 (KHTML, like Gecko) Chrome/131.0.0.0 Safari/537.36; compatible; OAI-SearchBot/1.4; +https://openai.com/searchbot"
74.7.243.203 - - [06/Jun/2026:21:27:42 +0200] "GET /?p=3734 HTTP/1.1" 301 5 "https://myideas.pt/pt/portfolio/" "Mozilla/5.0 AppleWebKit/537.36 (KHTML, like Gecko; compatible; GPTBot/1.4; +https://openai.com/gptbot)"
74.7.229.149 - - [06/Jun/2026:21:27:43 +0200] "GET /wp-content/uploads/2024/06/PROMOTION_GREEN_CERTIFICATION.svg HTTP/1.1" 200 1131 "https://myideas.pt/pt/marketing-sustentavel/" "Mozilla/5.0 (Macintosh; Intel Mac OS X 10_15_7) AppleWebKit/537.36 (KHTML, like Gecko) Chrome/131.0.0.0 Safari/537.36; compatible; OAI-SearchBot/1.4; +https://openai.com/searchbot"
74.7.229.208 - - [06/Jun/2026:21:27:45 +0200] "GET /wp-content/uploads/2024/06/PURPOSE.svg HTTP/1.1" 200 1280 "https://myideas.pt/pt/marketing-sustentavel/" "Mozilla/5.0 (Macintosh; Intel Mac OS X 10_15_7) AppleWebKit/537.36 (KHTML, like Gecko) Chrome/131.0.0.0 Safari/537.36; compatible; OAI-SearchBot/1.4; +https://openai.com/searchbot"
74.7.229.110 - - [06/Jun/2026:21:27:48 +0200] "GET /wp-content/uploads/2024/06/MESSAGING_STRATEGY.svg HTTP/1.1" 200 1006 "https://myideas.pt/pt/marketing-sustentavel/" "Mozilla/5.0 (Macintosh; Intel Mac OS X 10_15_7) AppleWebKit/537.36 (KHTML, like Gecko) Chrome/131.0.0.0 Safari/537.36; compatible; OAI-SearchBot/1.4; +https://openai.com/searchbot"
74.7.229.124 - - [06/Jun/2026:21:27:52 +0200] "GET /wp-content/uploads/2024/06/CONTENT_CREATION.svg HTTP/1.1" 200 783 "https://myideas.pt/pt/marketing-sustentavel/" "Mozilla/5.0 (Macintosh; Intel Mac OS X 10_15_7) AppleWebKit/537.36 (KHTML, like Gecko) Chrome/131.0.0.0 Safari/537.36; compatible; OAI-SearchBot/1.4; +https://openai.com/searchbot"
74.7.229.124 - - [06/Jun/2026:21:27:55 +0200] "GET /?p=3713 HTTP/1.1" 301 5 "https://myideas.pt/pt/marketing-sustentavel/" "Mozilla/5.0 (Macintosh; Intel Mac OS X 10_15_7) AppleWebKit/537.36 (KHTML, like Gecko) Chrome/131.0.0.0 Safari/537.36; compatible; OAI-SearchBot/1.4; +https://openai.com/searchbot"
74.7.229.124 - - [06/Jun/2026:21:27:58 +0200] "GET /?p=3713 HTTP/1.1" 301 5 "https://myideas.pt/pt/marketing-sustentavel/" "Mozilla/5.0 (Macintosh; Intel Mac OS X 10_15_7) AppleWebKit/537.36 (KHTML, like Gecko) Chrome/131.0.0.0 Safari/537.36; compatible; OAI-SearchBot/1.4; +https://openai.com/searchbot"
74.7.229.177 - - [06/Jun/2026:21:28:02 +0200] "GET /wp-json/wp/v2/pages/3713 HTTP/1.1" 200 3889 "https://myideas.pt/pt/marketing-sustentavel/" "Mozilla/5.0 (Macintosh; Intel Mac OS X 10_15_7) AppleWebKit/537.36 (KHTML, like Gecko) Chrome/131.0.0.0 Safari/537.36; compatible; OAI-SearchBot/1.4; +https://openai.com/searchbot"
74.7.243.47 - - [06/Jun/2026:21:28:05 +0200] "GET /wp-json/oembed/1.0/embed?lang=pt&url=https%3A%2F%2Fmyideas.pt%2Fpt%2Fmarketing-sustentavel%2F HTTP/1.1" 200 1185 "https://myideas.pt/pt/marketing-sustentavel/" "Mozilla/5.0 (Macintosh; Intel Mac OS X 10_15_7) AppleWebKit/537.36 (KHTML, like Gecko) Chrome/131.0.0.0 Safari/537.36; compatible; OAI-SearchBot/1.4; +https://openai.com/searchbot"
74.7.242.128 - - [06/Jun/2026:21:28:08 +0200] "GET / HTTP/1.1" 200 24292 "https://myideas.pt/pt/marketing-sustentavel/" "Mozilla/5.0 (Macintosh; Intel Mac OS X 10_15_7) AppleWebKit/537.36 (KHTML, like Gecko) Chrome/131.0.0.0 Safari/537.36; compatible; OAI-SearchBot/1.4; +https://openai.com/searchbot"
74.7.229.208 - - [06/Jun/2026:21:28:10 +0200] "GET /wp-content/uploads/2024/06/SOCIAL_MEDIA_ENGAGEMENT.svg HTTP/1.1" 200 1096 "https://myideas.pt/pt/marketing-sustentavel/" "Mozilla/5.0 (Macintosh; Intel Mac OS X 10_15_7) AppleWebKit/537.36 (KHTML, like Gecko) Chrome/131.0.0.0 Safari/537.36; compatible; OAI-SearchBot/1.4; +https://openai.com/searchbot"
74.7.243.47 - - [06/Jun/2026:21:28:13 +0200] "GET /wp-content/uploads/2024/06/CAUSE_MARKETING_CAMPAIGNS.svg HTTP/1.1" 200 1788 "https://myideas.pt/pt/marketing-sustentavel/" "Mozilla/5.0 (Macintosh; Intel Mac OS X 10_15_7) AppleWebKit/537.36 (KHTML, like Gecko) Chrome/131.0.0.0 Safari/537.36; compatible; OAI-SearchBot/1.4; +https://openai.com/searchbot"
74.7.229.149 - - [06/Jun/2026:21:28:16 +0200] "GET /wp-content/uploads/2024/06/SUSTAINABILITY_REPORT.svg HTTP/1.1" 200 1067 "https://myideas.pt/pt/marketing-sustentavel/" "Mozilla/5.0 (Macintosh; Intel Mac OS X 10_15_7) AppleWebKit/537.36 (KHTML, like Gecko) Chrome/131.0.0.0 Safari/537.36; compatible; OAI-SearchBot/1.4; +https://openai.com/searchbot"
74.7.229.177 - - [06/Jun/2026:21:28:20 +0200] "GET /wp-content/uploads/2024/06/EDUCATIONAL_CAMPAIGNS.svg HTTP/1.1" 200 1133 "https://myideas.pt/pt/marketing-sustentavel/" "Mozilla/5.0 (Macintosh; Intel Mac OS X 10_15_7) AppleWebKit/537.36 (KHTML, like Gecko) Chrome/131.0.0.0 Safari/537.36; compatible; OAI-SearchBot/1.4; +https://openai.com/searchbot"
74.7.229.177 - - [06/Jun/2026:21:28:23 +0200] "GET /wp-content/uploads/2024/06/STAKEHOLDER_COMMUNICATION.svg HTTP/1.1" 200 723 "https://myideas.pt/pt/marketing-sustentavel/" "Mozilla/5.0 (Macintosh; Intel Mac OS X 10_15_7) AppleWebKit/537.36 (KHTML, like Gecko) Chrome/131.0.0.0 Safari/537.36; compatible; OAI-SearchBot/1.4; +https://openai.com/searchbot"
74.7.229.149 - - [06/Jun/2026:21:28:26 +0200] "GET /wp-content/uploads/2024/06/WEBSITE_DEVELOPMENT.svg HTTP/1.1" 200 1068 "https://myideas.pt/pt/marketing-sustentavel/" "Mozilla/5.0 (Macintosh; Intel Mac OS X 10_15_7) AppleWebKit/537.36 (KHTML, like Gecko) Chrome/131.0.0.0 Safari/537.36; compatible; OAI-SearchBot/1.4; +https://openai.com/searchbot"
74.7.229.177 - - [06/Jun/2026:21:28:29 +0200] "GET /wp-content/uploads/2024/06/BRAND_IDENTITY.svg HTTP/1.1" 200 2681 "https://myideas.pt/pt/marketing-sustentavel/" "Mozilla/5.0 (Macintosh; Intel Mac OS X 10_15_7) AppleWebKit/537.36 (KHTML, like Gecko) Chrome/131.0.0.0 Safari/537.36; compatible; OAI-SearchBot/1.4; +https://openai.com/searchbot"
74.7.228.210 - - [06/Jun/2026:21:28:32 +0200] "GET /wp-content/uploads/2024/06/GREEN_CAMPAIGNS.svg HTTP/1.1" 200 950 "https://myideas.pt/pt/marketing-sustentavel/" "Mozilla/5.0 (Macintosh; Intel Mac OS X 10_15_7) AppleWebKit/537.36 (KHTML, like Gecko) Chrome/131.0.0.0 Safari/537.36; compatible; OAI-SearchBot/1.4; +https://openai.com/searchbot"
75.119.139.177 - - [06/Jun/2026:21:28:36 +0200] "POST /wp-cron.php?doing_wp_cron=1780774116.2083640098571777343750 HTTP/1.1" 200 31 "-" "WordPress/7.0; https://myideas.pt"
74.7.229.124 - - [06/Jun/2026:21:28:36 +0200] "GET /pt/gestao-de-redes-sociais/ HTTP/1.1" 200 15742 "https://myideas.pt/pt/marketing-sustentavel/" "Mozilla/5.0 (Macintosh; Intel Mac OS X 10_15_7) AppleWebKit/537.36 (KHTML, like Gecko) Chrome/131.0.0.0 Safari/537.36; compatible; OAI-SearchBot/1.4; +https://openai.com/searchbot"
74.7.243.47 - - [06/Jun/2026:21:28:39 +0200] "GET /pt/como-trabalhamos-parceria/ HTTP/1.1" 200 18972 "https://myideas.pt/pt/marketing-sustentavel/" "Mozilla/5.0 (Macintosh; Intel Mac OS X 10_15_7) AppleWebKit/537.36 (KHTML, like Gecko) Chrome/131.0.0.0 Safari/537.36; compatible; OAI-SearchBot/1.4; +https://openai.com/searchbot"
74.7.243.203 - - [06/Jun/2026:21:28:42 +0200] "GET /?p=3728 HTTP/1.1" 301 5 "https://myideas.pt/pt/gestao-de-redes-sociais/" "Mozilla/5.0 AppleWebKit/537.36 (KHTML, like Gecko; compatible; GPTBot/1.4; +https://openai.com/gptbot)"
74.7.229.110 - - [06/Jun/2026:21:28:42 +0200] "GET /pt/politica-de-privacidade/ HTTP/1.1" 200 19416 "https://myideas.pt/pt/marketing-sustentavel/" "Mozilla/5.0 (Macintosh; Intel Mac OS X 10_15_7) AppleWebKit/537.36 (KHTML, like Gecko) Chrome/131.0.0.0 Safari/537.36; compatible; OAI-SearchBot/1.4; +https://openai.com/searchbot"
74.7.230.15 - - [06/Jun/2026:21:28:43 +0200] "GET /robots.txt HTTP/1.1" 200 986 "http://www.myideas.pt/robots.txt" "Mozilla/5.0 (Macintosh; Intel Mac OS X 10_15_7) AppleWebKit/537.36 (KHTML, like Gecko) Chrome/131.0.0.0 Safari/537.36; compatible; OAI-SearchBot/1.4; robots.txt; +https://openai.com/searchbot"
74.7.229.124 - - [06/Jun/2026:21:28:44 +0200] "GET /pt/solucoes-de-marketing/ HTTP/1.1" 200 16091 "https://myideas.pt/pt/marketing-sustentavel/" "Mozilla/5.0 (Macintosh; Intel Mac OS X 10_15_7) AppleWebKit/537.36 (KHTML, like Gecko) Chrome/131.0.0.0 Safari/537.36; compatible; OAI-SearchBot/1.4; +https://openai.com/searchbot"
74.7.243.203 - - [06/Jun/2026:21:28:44 +0200] "GET /?p=3740 HTTP/1.1" 301 5 "https://myideas.pt/pt/como-trabalhamos-parceria/" "Mozilla/5.0 AppleWebKit/537.36 (KHTML, like Gecko; compatible; GPTBot/1.4; +https://openai.com/gptbot)"
74.7.230.15 - - [06/Jun/2026:21:28:46 +0200] "GET /robots.txt HTTP/1.1" 200 986 "-" "Mozilla/5.0 (Macintosh; Intel Mac OS X 10_15_7) AppleWebKit/537.36 (KHTML, like Gecko) Chrome/131.0.0.0 Safari/537.36; compatible; OAI-SearchBot/1.4; robots.txt; +https://openai.com/searchbot"
74.7.243.203 - - [06/Jun/2026:21:28:48 +0200] "GET /?p=3743 HTTP/1.1" 301 5 "https://myideas.pt/pt/politica-de-privacidade/" "Mozilla/5.0 AppleWebKit/537.36 (KHTML, like Gecko; compatible; GPTBot/1.4; +https://openai.com/gptbot)"
74.7.229.149 - - [06/Jun/2026:21:28:48 +0200] "GET /pt/sobre-a-myideas/ HTTP/1.1" 200 16205 "https://myideas.pt/pt/marketing-sustentavel/" "Mozilla/5.0 (Macintosh; Intel Mac OS X 10_15_7) AppleWebKit/537.36 (KHTML, like Gecko) Chrome/131.0.0.0 Safari/537.36; compatible; OAI-SearchBot/1.4; +https://openai.com/searchbot"
74.7.243.203 - - [06/Jun/2026:21:28:50 +0200] "GET /?p=3715 HTTP/1.1" 301 5 "https://myideas.pt/pt/solucoes-de-marketing/" "Mozilla/5.0 AppleWebKit/537.36 (KHTML, like Gecko; compatible; GPTBot/1.4; +https://openai.com/gptbot)"
74.7.229.124 - - [06/Jun/2026:21:28:51 +0200] "GET /pt/noticias/ HTTP/1.1" 200 16304 "https://myideas.pt/pt/marketing-sustentavel/" "Mozilla/5.0 (Macintosh; Intel Mac OS X 10_15_7) AppleWebKit/537.36 (KHTML, like Gecko) Chrome/131.0.0.0 Safari/537.36; compatible; OAI-SearchBot/1.4; +https://openai.com/searchbot"
37.97.137.40 - - [06/Jun/2026:21:28:51 +0200] "HEAD / HTTP/1.1" 301 0 "-" "downnotifier.com monitoring"
37.97.137.40 - - [06/Jun/2026:21:28:52 +0200] "HEAD / HTTP/1.1" 200 0 "-" "downnotifier.com monitoring"
74.7.243.203 - - [06/Jun/2026:21:28:53 +0200] "GET /?p=3709 HTTP/1.1" 301 5 "https://myideas.pt/pt/sobre-a-myideas/" "Mozilla/5.0 AppleWebKit/537.36 (KHTML, like Gecko; compatible; GPTBot/1.4; +https://openai.com/gptbot)"
74.7.229.208 - - [06/Jun/2026:21:28:55 +0200] "GET /pt/carreiras/ HTTP/1.1" 200 16157 "https://myideas.pt/pt/marketing-sustentavel/" "Mozilla/5.0 (Macintosh; Intel Mac OS X 10_15_7) AppleWebKit/537.36 (KHTML, like Gecko) Chrome/131.0.0.0 Safari/537.36; compatible; OAI-SearchBot/1.4; +https://openai.com/searchbot"
74.7.243.203 - - [06/Jun/2026:21:28:56 +0200] "GET /?p=4133 HTTP/1.1" 301 5 "https://myideas.pt/pt/noticias/" "Mozilla/5.0 AppleWebKit/537.36 (KHTML, like Gecko; compatible; GPTBot/1.4; +https://openai.com/gptbot)"
74.7.228.210 - - [06/Jun/2026:21:28:58 +0200] "GET /pt/marketing-estrategico/ HTTP/1.1" 200 15760 "https://myideas.pt/pt/marketing-sustentavel/" "Mozilla/5.0 (Macintosh; Intel Mac OS X 10_15_7) AppleWebKit/537.36 (KHTML, like Gecko) Chrome/131.0.0.0 Safari/537.36; compatible; OAI-SearchBot/1.4; +https://openai.com/searchbot"
74.7.243.203 - - [06/Jun/2026:21:28:59 +0200] "GET /?p=3736 HTTP/1.1" 301 5 "https://myideas.pt/pt/carreiras/" "Mozilla/5.0 AppleWebKit/537.36 (KHTML, like Gecko; compatible; GPTBot/1.4; +https://openai.com/gptbot)"
74.7.229.208 - - [06/Jun/2026:21:29:01 +0200] "GET /pt/feed/ HTTP/1.1" 200 16101 "https://myideas.pt/pt/marketing-sustentavel/" "Mozilla/5.0 (Macintosh; Intel Mac OS X 10_15_7) AppleWebKit/537.36 (KHTML, like Gecko) Chrome/131.0.0.0 Safari/537.36; compatible; OAI-SearchBot/1.4; +https://openai.com/searchbot"
74.7.243.203 - - [06/Jun/2026:21:29:02 +0200] "GET /?p=3717 HTTP/1.1" 301 5 "https://myideas.pt/pt/marketing-estrategico/" "Mozilla/5.0 AppleWebKit/537.36 (KHTML, like Gecko; compatible; GPTBot/1.4; +https://openai.com/gptbot)"
74.7.242.128 - - [06/Jun/2026:21:29:04 +0200] "GET /pt/comments/feed/ HTTP/1.1" 200 451 "https://myideas.pt/pt/marketing-sustentavel/" "Mozilla/5.0 (Macintosh; Intel Mac OS X 10_15_7) AppleWebKit/537.36 (KHTML, like Gecko) Chrome/131.0.0.0 Safari/537.36; compatible; OAI-SearchBot/1.4; +https://openai.com/searchbot"
74.7.228.210 - - [06/Jun/2026:21:29:08 +0200] "GET /pt/gestao-de-google-ads/ HTTP/1.1" 200 15645 "https://myideas.pt/pt/marketing-sustentavel/" "Mozilla/5.0 (Macintosh; Intel Mac OS X 10_15_7) AppleWebKit/537.36 (KHTML, like Gecko) Chrome/131.0.0.0 Safari/537.36; compatible; OAI-SearchBot/1.4; +https://openai.com/searchbot"
74.7.229.110 - - [06/Jun/2026:21:29:10 +0200] "GET /wp-json/oembed/1.0/embed?format=xml&lang=pt&url=https%3A%2F%2Fmyideas.pt%2Fpt%2Fmarketing-sustentavel%2F HTTP/1.1" 200 1228 "https://myideas.pt/pt/marketing-sustentavel/" "Mozilla/5.0 (Macintosh; Intel Mac OS X 10_15_7) AppleWebKit/537.36 (KHTML, like Gecko) Chrome/131.0.0.0 Safari/537.36; compatible; OAI-SearchBot/1.4; +https://openai.com/searchbot"
74.7.243.203 - - [06/Jun/2026:21:29:13 +0200] "GET /?p=3732 HTTP/1.1" 301 5 "https://myideas.pt/pt/gestao-de-google-ads/" "Mozilla/5.0 AppleWebKit/537.36 (KHTML, like Gecko; compatible; GPTBot/1.4; +https://openai.com/gptbot)"
47.128.31.172 - - [06/Jun/2026:21:30:18 +0200] "GET /wp-admin/setup-config.php HTTP/1.1" 409 2724 "-" "Mozilla/5.0 (Linux; Android 5.0) AppleWebKit/537.36 (KHTML, like Gecko) Mobile Safari/537.36 (compatible; Bytespider; spider-feedback@bytedance.com)"
75.119.139.177 - - [06/Jun/2026:21:30:22 +0200] "POST /wp-cron.php?doing_wp_cron=1780774222.6563439369201660156250 HTTP/1.1" 200 31 "-" "WordPress/7.0; https://myideas.pt"
104.236.216.73 - - [06/Jun/2026:21:30:22 +0200] "HEAD / HTTP/1.1" 200 0 "-" "downnotifier.com monitoring"
75.119.139.177 - - [06/Jun/2026:21:30:33 +0200] "POST /wp-cron.php?doing_wp_cron=1780774233.9265689849853515625000 HTTP/1.1" 200 31 "-" "WordPress/7.0; https://myideas.pt"
45.61.185.47 - - [06/Jun/2026:21:30:33 +0200] "GET /wp-login.php HTTP/1.1" 200 6744 "-" "Mozilla/5.0 (Macintosh; Intel Mac OS X 10_9_0) AppleWebKit/537.36 (KHTML, like Gecko) Chrome/36.0.1985.125 Safari/537.36"
75.119.139.177 - - [06/Jun/2026:21:31:40 +0200] "POST /wp-cron.php?doing_wp_cron=1780774300.1200520992279052734375 HTTP/1.1" 200 31 "-" "WordPress/7.0; https://myideas.pt"
45.61.185.47 - - [06/Jun/2026:21:31:40 +0200] "POST /wp-login.php HTTP/1.1" 200 7136 "-" "Mozilla/5.0 (Macintosh; Intel Mac OS X 10_9_0) AppleWebKit/537.36 (KHTML, like Gecko) Chrome/36.0.1985.125 Safari/537.36"
23.20.247.178 - - [06/Jun/2026:21:32:09 +0200] "GET /favicon.ico HTTP/1.1" 404 548 "-" "Mozilla/5.0 (Windows NT 10.0; Win64; x64) AppleWebKit/537.36 (KHTML, like Gecko) Chrome/136.0.0.0 Safari/537.36"
43.134.111.142 - - [06/Jun/2026:21:35:27 +0200] "GET /portfolio/diogo-costa-goncalves-branding/ HTTP/1.1" 200 18766 "-" "Mozilla/5.0 (iPhone; CPU iPhone OS 13_2_3 like Mac OS X) AppleWebKit/605.1.15 (KHTML, like Gecko) Version/13.0.3 Mobile/15E148 Safari/604.1"
75.119.139.177 - - [06/Jun/2026:21:38:52 +0200] "POST /wp-cron.php?doing_wp_cron=1780774732.8991279602050781250000 HTTP/1.1" 200 31 "-" "WordPress/7.0; https://myideas.pt"
206.189.127.129 - - [06/Jun/2026:21:38:52 +0200] "HEAD / HTTP/1.1" 301 0 "-" "downnotifier.com monitoring"
206.189.127.129 - - [06/Jun/2026:21:38:53 +0200] "HEAD / HTTP/1.1" 200 0 "-" "downnotifier.com monitoring"
75.119.139.177 - - [06/Jun/2026:21:40:21 +0200] "POST /wp-cron.php?doing_wp_cron=1780774821.4090640544891357421875 HTTP/1.1" 200 31 "-" "WordPress/7.0; https://myideas.pt"
139.59.109.12 - - [06/Jun/2026:21:40:21 +0200] "HEAD / HTTP/1.1" 200 0 "-" "downnotifier.com monitoring"
98.80.74.129 - - [06/Jun/2026:21:41:54 +0200] "GET /robots.txt HTTP/1.1" 200 986 "-" "Mozilla/5.0 (Windows NT 10.0; Win64; x64) AppleWebKit/537.36 (KHTML, like Gecko) Chrome/136.0.0.0 Safari/537.36"
75.119.139.177 - - [06/Jun/2026:21:41:58 +0200] "POST /wp-cron.php?doing_wp_cron=1780774918.5791270732879638671875 HTTP/1.1" 200 31 "-" "WordPress/7.0; https://myideas.pt"
54.152.98.106 - - [06/Jun/2026:21:41:58 +0200] "GET / HTTP/1.1" 301 5 "-" "Mozilla/5.0 (Windows NT 10.0; Win64; x64) AppleWebKit/537.36 (KHTML, like Gecko) Chrome/136.0.0.0 Safari/537.36"
75.119.139.177 - - [06/Jun/2026:21:44:36 +0200] "POST /wp-cron.php?doing_wp_cron=1780775075.9731650352478027343750 HTTP/1.1" 200 31 "-" "WordPress/7.0; https://myideas.pt"
198.38.94.14 - - [06/Jun/2026:21:44:36 +0200] "GET /wp-login.php HTTP/1.1" 200 2256 "-" "Mozilla/5.0 (Windows NT 10.0; Win64; x64) AppleWebKit/537.36 (KHTML, like Gecko) Chrome/120.0.0.0 Safari/537.36"
198.38.94.14 - - [06/Jun/2026:21:44:36 +0200] "POST /wp-login.php HTTP/1.1" 200 2416 "https://myideas.pt/wp-login.php" "Mozilla/5.0 (Windows NT 10.0; Win64; x64) AppleWebKit/537.36 (KHTML, like Gecko) Chrome/120.0.0.0 Safari/537.36"
136.109.93.108 - - [06/Jun/2026:21:45:13 +0200] "GET /wp-content/uploads/2025/07/MYDEAS_HOSY_WEBSITE_3.jpg HTTP/1.1" 200 518627 "-" "Mozilla/5.0 (X11; Linux x86_64) AppleWebKit/537.36 (KHTML, like Gecko) Chrome/91.0.4472.114 Safari/537.36"
75.119.139.177 - - [06/Jun/2026:21:45:30 +0200] "POST /wp-cron.php?doing_wp_cron=1780775129.9994149208068847656250 HTTP/1.1" 200 31 "-" "WordPress/7.0; https://myideas.pt"
94.60.75.208 - - [06/Jun/2026:21:45:30 +0200] "GET /pt/portfolio/brighten-website/ HTTP/1.1" 200 19077 "-" "Mozilla/5.0 (Macintosh; Intel Mac OS X 10_15_7) AppleWebKit/537.36 (KHTML, like Gecko) Chrome/148.0.0.0 Safari/537.36"
64.31.25.250 - admin [06/Jun/2026:21:45:58 +0200] "GET /wp-json/wp/v2/users/me HTTP/1.1" 401 109 "-" "Mozilla/5.0 (X11; Linux i686) AppleWebKit/537.36 (KHTML, like Gecko) Chrome/133.0.0.0 Safari/537.36"
43.166.142.76 - - [06/Jun/2026:21:46:09 +0200] "GET /pt/sobre-a-myideas/ HTTP/1.1" 200 16205 "-" "Mozilla/5.0 (iPhone; CPU iPhone OS 13_2_3 like Mac OS X) AppleWebKit/605.1.15 (KHTML, like Gecko) Version/13.0.3 Mobile/15E148 Safari/604.1"
75.119.139.177 - - [06/Jun/2026:21:48:51 +0200] "POST /wp-cron.php?doing_wp_cron=1780775331.5618870258331298828125 HTTP/1.1" 200 31 "-" "WordPress/7.0; https://myideas.pt"
37.97.137.40 - - [06/Jun/2026:21:48:51 +0200] "HEAD / HTTP/1.1" 301 0 "-" "downnotifier.com monitoring"
37.97.137.40 - - [06/Jun/2026:21:48:52 +0200] "HEAD / HTTP/1.1" 200 0 "-" "downnotifier.com monitoring"
75.119.139.177 - - [06/Jun/2026:21:49:28 +0200] "POST /wp-cron.php?doing_wp_cron=1780775368.9509260654449462890625 HTTP/1.1" 200 31 "-" "WordPress/7.0; https://myideas.pt"
209.141.46.91 - - [06/Jun/2026:21:49:28 +0200] "GET /wp-login.php HTTP/1.1" 200 6744 "-" "Mozilla/5.0 (X11; Ubuntu; Linux x86_64; rv:30.0) Gecko/20100101 Firefox/30.0"
75.119.139.177 - - [06/Jun/2026:21:50:16 +0200] "POST /wp-cron.php?doing_wp_cron=1780775416.9168610572814941406250 HTTP/1.1" 200 31 "-" "WordPress/7.0; https://myideas.pt"
209.141.46.91 - - [06/Jun/2026:21:50:16 +0200] "POST /wp-login.php HTTP/1.1" 200 7138 "-" "Mozilla/5.0 (X11; Ubuntu; Linux x86_64; rv:30.0) Gecko/20100101 Firefox/30.0"
206.189.127.129 - - [06/Jun/2026:21:50:18 +0200] "HEAD / HTTP/1.1" 200 0 "-" "downnotifier.com monitoring"
75.119.139.177 - - [06/Jun/2026:21:51:49 +0200] "POST /wp-cron.php?doing_wp_cron=1780775508.9807031154632568359375 HTTP/1.1" 200 31 "-" "WordPress/7.0; https://myideas.pt"
17.241.227.196 - - [06/Jun/2026:21:51:49 +0200] "GET /work-portfolio/ HTTP/1.1" 200 17756 "-" "Mozilla/5.0 (Macintosh; Intel Mac OS X 10_15_7) AppleWebKit/605.1.15 (KHTML, like Gecko) Version/17.4 Safari/605.1.15 (Applebot/0.1; +http://www.apple.com/go/applebot)"
8.229.163.96 - - [06/Jun/2026:21:52:31 +0200] "GET /wp-content/uploads/2025/03/MYIDEAS_JFG_WEBSITE_4.jpg HTTP/1.1" 200 612409 "-" "Mozilla/5.0 (X11; Linux x86_64) AppleWebKit/537.36 (KHTML, like Gecko) Chrome/91.0.4472.114 Safari/537.36"
216.73.217.122 - - [06/Jun/2026:21:53:33 +0200] "GET /robots.txt HTTP/1.1" 200 986 "-" "Mozilla/5.0 AppleWebKit/537.36 (KHTML, like Gecko; compatible; ClaudeBot/1.0; +claudebot@anthropic.com)"
75.119.139.177 - - [06/Jun/2026:21:53:34 +0200] "POST /wp-cron.php?doing_wp_cron=1780775614.8882150650024414062500 HTTP/1.1" 200 31 "-" "WordPress/7.0; https://myideas.pt"
216.73.217.122 - - [06/Jun/2026:21:53:34 +0200] "GET /sitemap-hot-2286152.xml HTTP/1.1" 404 13930 "-" "Mozilla/5.0 AppleWebKit/537.36 (KHTML, like Gecko; compatible; ClaudeBot/1.0; +claudebot@anthropic.com)"
75.119.139.177 - - [06/Jun/2026:21:53:58 +0200] "POST /wp-cron.php?doing_wp_cron=1780775638.2983489036560058593750 HTTP/1.1" 200 31 "-" "WordPress/7.0; https://myideas.pt"
216.73.217.122 - - [06/Jun/2026:21:53:58 +0200] "GET /sitemap-hot-2276152.xml HTTP/1.1" 404 13930 "-" "Mozilla/5.0 AppleWebKit/537.36 (KHTML, like Gecko; compatible; ClaudeBot/1.0; +claudebot@anthropic.com)"
216.73.217.122 - - [06/Jun/2026:21:54:01 +0200] "GET /sitemap-hot-2290152.xml HTTP/1.1" 404 13928 "-" "Mozilla/5.0 AppleWebKit/537.36 (KHTML, like Gecko; compatible; ClaudeBot/1.0; +claudebot@anthropic.com)"
136.109.242.196 - - [06/Jun/2026:21:54:26 +0200] "GET /wp-content/uploads/2024/07/MYIDEAS_BRIGHTEN_CONSULTING_WEBSITE_2.jpg HTTP/1.1" 200 285463 "-" "Mozilla/5.0 (X11; Linux x86_64) AppleWebKit/537.36 (KHTML, like Gecko) Chrome/91.0.4472.114 Safari/537.36"
75.119.139.177 - - [06/Jun/2026:21:54:27 +0200] "POST /wp-cron.php?doing_wp_cron=1780775667.1669569015502929687500 HTTP/1.1" 200 31 "-" "WordPress/7.0; https://myideas.pt"
216.73.217.122 - - [06/Jun/2026:21:54:27 +0200] "GET /sitemap-hot-2296152.xml HTTP/1.1" 404 13930 "-" "Mozilla/5.0 AppleWebKit/537.36 (KHTML, like Gecko; compatible; ClaudeBot/1.0; +claudebot@anthropic.com)"
216.73.217.122 - - [06/Jun/2026:21:54:29 +0200] "GET /sitemap-hot-2288152.xml HTTP/1.1" 404 13930 "-" "Mozilla/5.0 AppleWebKit/537.36 (KHTML, like Gecko; compatible; ClaudeBot/1.0; +claudebot@anthropic.com)"
75.119.139.177 - - [06/Jun/2026:21:55:17 +0200] "POST /wp-cron.php?doing_wp_cron=1780775717.2298569679260253906250 HTTP/1.1" 200 31 "-" "WordPress/7.0; https://myideas.pt"
216.73.217.122 - - [06/Jun/2026:21:55:17 +0200] "GET /sitemap-hot-2270152.xml HTTP/1.1" 404 13928 "-" "Mozilla/5.0 AppleWebKit/537.36 (KHTML, like Gecko; compatible; ClaudeBot/1.0; +claudebot@anthropic.com)"
216.73.217.122 - - [06/Jun/2026:21:55:19 +0200] "GET /sitemap-hot-2284152.xml HTTP/1.1" 404 13930 "-" "Mozilla/5.0 AppleWebKit/537.36 (KHTML, like Gecko; compatible; ClaudeBot/1.0; +claudebot@anthropic.com)"
216.73.217.122 - - [06/Jun/2026:21:55:39 +0200] "GET /sitemap-hot-2274152.xml HTTP/1.1" 404 13928 "-" "Mozilla/5.0 AppleWebKit/537.36 (KHTML, like Gecko; compatible; ClaudeBot/1.0; +claudebot@anthropic.com)"
77.75.79.17 - - [06/Jun/2026:21:56:28 +0200] "GET /robots.txt HTTP/1.1" 200 986 "-" "Mozilla/5.0 (compatible; SeznamBot/4.0; +https://o-seznam.cz/napoveda/vyhledavani/en/seznambot-crawler/)"
75.119.139.177 - - [06/Jun/2026:21:56:29 +0200] "POST /wp-cron.php?doing_wp_cron=1780775789.5683429241180419921875 HTTP/1.1" 200 31 "-" "WordPress/7.0; https://myideas.pt"
77.75.79.17 - - [06/Jun/2026:21:56:29 +0200] "GET /pr-and-reputation-in-the-ai-era/ HTTP/1.1" 200 20942 "-" "Mozilla/5.0 (compatible; SeznamBot/4.0; +https://o-seznam.cz/napoveda/vyhledavani/en/seznambot-crawler/)"
216.73.217.122 - - [06/Jun/2026:21:56:32 +0200] "GET /sitemap-hot-2268152.xml HTTP/1.1" 404 13930 "-" "Mozilla/5.0 AppleWebKit/537.36 (KHTML, like Gecko; compatible; ClaudeBot/1.0; +claudebot@anthropic.com)"
205.185.122.174 - - [06/Jun/2026:21:56:39 +0200] "GET /wp-login.php HTTP/1.1" 200 6744 "-" "Mozilla/5.0 (X11; Ubuntu; Linux i686; rv:31.0) Gecko/20100101 Firefox/31.0"
75.119.139.177 - - [06/Jun/2026:21:57:21 +0200] "POST /wp-cron.php?doing_wp_cron=1780775841.3204889297485351562500 HTTP/1.1" 200 31 "-" "WordPress/7.0; https://myideas.pt"
216.73.217.122 - - [06/Jun/2026:21:57:21 +0200] "GET /sitemap-hot-2272152.xml HTTP/1.1" 404 13928 "-" "Mozilla/5.0 AppleWebKit/537.36 (KHTML, like Gecko; compatible; ClaudeBot/1.0; +claudebot@anthropic.com)"
216.73.217.122 - - [06/Jun/2026:21:57:54 +0200] "GET /sitemapmobileindex.xml HTTP/1.1" 404 13923 "-" "Mozilla/5.0 AppleWebKit/537.36 (KHTML, like Gecko; compatible; ClaudeBot/1.0; +claudebot@anthropic.com)"
75.119.139.177 - - [06/Jun/2026:21:58:24 +0200] "POST /wp-cron.php?doing_wp_cron=1780775904.8543789386749267578125 HTTP/1.1" 200 31 "-" "WordPress/7.0; https://myideas.pt"
216.73.217.122 - - [06/Jun/2026:21:58:24 +0200] "GET /sitemap-hot-2278152.xml HTTP/1.1" 404 13930 "-" "Mozilla/5.0 AppleWebKit/537.36 (KHTML, like Gecko; compatible; ClaudeBot/1.0; +claudebot@anthropic.com)"
43.130.34.74 - - [06/Jun/2026:21:58:24 +0200] "GET /pt/gestao-de-google-ads/ HTTP/1.1" 200 15645 "-" "Mozilla/5.0 (iPhone; CPU iPhone OS 13_2_3 like Mac OS X) AppleWebKit/605.1.15 (KHTML, like Gecko) Version/13.0.3 Mobile/15E148 Safari/604.1"
206.189.127.129 - - [06/Jun/2026:21:58:52 +0200] "HEAD / HTTP/1.1" 301 0 "-" "downnotifier.com monitoring"
206.189.127.129 - - [06/Jun/2026:21:58:53 +0200] "HEAD / HTTP/1.1" 200 0 "-" "downnotifier.com monitoring"
75.119.139.177 - - [06/Jun/2026:21:59:33 +0200] "POST /wp-cron.php?doing_wp_cron=1780775973.3018898963928222656250 HTTP/1.1" 200 31 "-" "WordPress/7.0; https://myideas.pt"
205.185.122.174 - - [06/Jun/2026:21:59:33 +0200] "POST /wp-login.php HTTP/1.1" 200 7167 "-" "Mozilla/5.0 (X11; Ubuntu; Linux i686; rv:31.0) Gecko/20100101 Firefox/31.0"
34.127.49.72 - - [06/Jun/2026:21:59:34 +0200] "GET /wp-content/uploads/2024/07/MYIDEAS_BRIGHTEN_CONSULTING_WEBSITE_1.jpg HTTP/1.1" 200 404455 "-" "Mozilla/5.0 (X11; Linux x86_64) AppleWebKit/537.36 (KHTML, like Gecko) Chrome/91.0.4472.114 Safari/537.36"
75.119.139.177 - - [06/Jun/2026:22:00:17 +0200] "POST /wp-cron.php?doing_wp_cron=1780776017.4520530700683593750000 HTTP/1.1" 200 31 "-" "WordPress/7.0; https://myideas.pt"
108.61.201.55 - - [06/Jun/2026:22:00:17 +0200] "HEAD / HTTP/1.1" 200 0 "-" "downnotifier.com monitoring"
75.119.139.177 - - [06/Jun/2026:22:01:26 +0200] "POST /wp-cron.php?doing_wp_cron=1780776085.9734339714050292968750 HTTP/1.1" 200 31 "-" "WordPress/7.0; https://myideas.pt"
216.73.217.122 - - [06/Jun/2026:22:01:26 +0200] "GET /sitemap-hot-2294152.xml HTTP/1.1" 404 13928 "-" "Mozilla/5.0 AppleWebKit/537.36 (KHTML, like Gecko; compatible; ClaudeBot/1.0; +claudebot@anthropic.com)"
216.73.217.122 - - [06/Jun/2026:22:01:33 +0200] "GET /sitemap-hot-2280152.xml HTTP/1.1" 404 13930 "-" "Mozilla/5.0 AppleWebKit/537.36 (KHTML, like Gecko; compatible; ClaudeBot/1.0; +claudebot@anthropic.com)"
216.73.217.122 - - [06/Jun/2026:22:01:35 +0200] "GET /sitemap.xml HTTP/1.1" 301 5 "-" "Mozilla/5.0 AppleWebKit/537.36 (KHTML, like Gecko; compatible; ClaudeBot/1.0; +claudebot@anthropic.com)"
216.73.217.122 - - [06/Jun/2026:22:01:36 +0200] "GET /sitemap_index.xml HTTP/1.1" 200 348 "https://myideas.pt/sitemap.xml" "Mozilla/5.0 AppleWebKit/537.36 (KHTML, like Gecko; compatible; ClaudeBot/1.0; +claudebot@anthropic.com)"
216.73.217.122 - - [06/Jun/2026:22:01:38 +0200] "GET /sitemap-hot-2282152.xml HTTP/1.1" 404 13930 "-" "Mozilla/5.0 AppleWebKit/537.36 (KHTML, like Gecko; compatible; ClaudeBot/1.0; +claudebot@anthropic.com)"
216.73.217.122 - - [06/Jun/2026:22:01:54 +0200] "GET /sitemap-hot-2266152.xml HTTP/1.1" 404 13930 "-" "Mozilla/5.0 AppleWebKit/537.36 (KHTML, like Gecko; compatible; ClaudeBot/1.0; +claudebot@anthropic.com)"
216.73.217.122 - - [06/Jun/2026:22:01:57 +0200] "GET /sitemap-hot-2292152.xml HTTP/1.1" 404 13928 "-" "Mozilla/5.0 AppleWebKit/537.36 (KHTML, like Gecko; compatible; ClaudeBot/1.0; +claudebot@anthropic.com)"
152.53.111.131 - - [06/Jun/2026:22:02:08 +0200] "GET /wp-login.php HTTP/1.1" 200 2256 "-" "Mozilla/5.0 (Macintosh; Intel Mac OS X 10_15_7) AppleWebKit/605.1.15 (KHTML, like Gecko) Version/18.3 Safari/605.1.15"
152.53.111.131 - - [06/Jun/2026:22:02:11 +0200] "POST /wp-login.php HTTP/1.1" 200 2386 "https://myideas.pt/wp-login.php" "Mozilla/5.0 (Macintosh; Intel Mac OS X 10_15_7) AppleWebKit/605.1.15 (KHTML, like Gecko) Version/18.3 Safari/605.1.15"
75.119.139.177 - - [06/Jun/2026:22:02:25 +0200] "POST /wp-cron.php?doing_wp_cron=1780776145.3306889533996582031250 HTTP/1.1" 200 31 "-" "WordPress/7.0; https://myideas.pt"
51.79.151.214 - - [06/Jun/2026:22:02:25 +0200] "GET / HTTP/1.1" 301 5 "-" "Mozilla/5.0 (Linux; Android 11; CPH2185) AppleWebKit/537.36 (KHTML, like Gecko) Chrome/91.0.4472.101 Mobile Safari/537.36"
51.79.151.214 - - [06/Jun/2026:22:02:26 +0200] "GET / HTTP/1.1" 200 24292 "-" "Mozilla/5.0 (Linux; Android 11; CPH2185) AppleWebKit/537.36 (KHTML, like Gecko) Chrome/91.0.4472.101 Mobile Safari/537.36"
216.73.217.122 - - [06/Jun/2026:22:03:07 +0200] "GET /sitemapindex.xml HTTP/1.1" 404 13921 "-" "Mozilla/5.0 AppleWebKit/537.36 (KHTML, like Gecko; compatible; ClaudeBot/1.0; +claudebot@anthropic.com)"
185.191.171.18 - - [06/Jun/2026:22:08:35 +0200] "GET /robots.txt HTTP/1.1" 200 986 "-" "Mozilla/5.0 (compatible; SemrushBot/7~bl; +http://www.semrush.com/bot.html)"
75.119.139.177 - - [06/Jun/2026:22:08:38 +0200] "POST /wp-cron.php?doing_wp_cron=1780776518.9128260612487792968750 HTTP/1.1" 200 31 "-" "WordPress/7.0; https://myideas.pt"
185.191.171.13 - - [06/Jun/2026:22:08:38 +0200] "GET /pt/portfolio/eurest-livro-de-receitas/ HTTP/1.1" 200 19027 "-" "Mozilla/5.0 (compatible; SemrushBot/7~bl; +http://www.semrush.com/bot.html)"
37.97.137.40 - - [06/Jun/2026:22:08:51 +0200] "HEAD / HTTP/1.1" 301 0 "-" "downnotifier.com monitoring"
37.97.137.40 - - [06/Jun/2026:22:08:52 +0200] "HEAD / HTTP/1.1" 200 0 "-" "downnotifier.com monitoring"
75.119.139.177 - - [06/Jun/2026:22:09:40 +0200] "POST /wp-cron.php?doing_wp_cron=1780776580.2328031063079833984375 HTTP/1.1" 200 31 "-" "WordPress/7.0; https://myideas.pt"
43.164.0.21 - - [06/Jun/2026:22:09:40 +0200] "GET / HTTP/1.1" 301 5 "http://www.myideas.pt/" "Mozilla/5.0 (iPhone; CPU iPhone OS 13_2_3 like Mac OS X) AppleWebKit/605.1.15 (KHTML, like Gecko) Version/13.0.3 Mobile/15E148 Safari/604.1"
43.164.0.21 - - [06/Jun/2026:22:09:42 +0200] "GET / HTTP/1.1" 200 24291 "https://www.myideas.pt/" "Mozilla/5.0 (iPhone; CPU iPhone OS 13_2_3 like Mac OS X) AppleWebKit/605.1.15 (KHTML, like Gecko) Version/13.0.3 Mobile/15E148 Safari/604.1"
205.185.121.3 - - [06/Jun/2026:22:09:47 +0200] "GET /wp-login.php HTTP/1.1" 200 6744 "-" "Mozilla/5.0 (X11; Linux x86_64; rv:123.0) Gecko/20100101 Firefox/123.0"
75.119.139.177 - - [06/Jun/2026:22:10:19 +0200] "POST /wp-cron.php?doing_wp_cron=1780776619.1679561138153076171875 HTTP/1.1" 200 31 "-" "WordPress/7.0; https://myideas.pt"
139.59.109.12 - - [06/Jun/2026:22:10:19 +0200] "HEAD / HTTP/1.1" 200 0 "-" "downnotifier.com monitoring"
3.219.146.217 - - [06/Jun/2026:22:11:37 +0200] "GET /robots.txt HTTP/1.1" 200 986 "-" "Mozilla/5.0 (Macintosh; Intel Mac OS X 10_10_1) AppleWebKit/600.2.5 (KHTML, like Gecko) Version/8.0.2 Safari/600.2.5 (Gort)"
136.109.49.243 - - [06/Jun/2026:22:13:10 +0200] "GET /wp-content/uploads/2025/03/MYIDEAS_PAROQUIA_TELHEIRAS_WEBSITE_4.jpg HTTP/1.1" 200 252752 "-" "Mozilla/5.0 (X11; Linux x86_64) AppleWebKit/537.36 (KHTML, like Gecko) Chrome/91.0.4472.114 Safari/537.36"
75.119.139.177 - - [06/Jun/2026:22:15:25 +0200] "POST /wp-cron.php?doing_wp_cron=1780776925.6036438941955566406250 HTTP/1.1" 200 31 "-" "WordPress/7.0; https://myideas.pt"
205.185.121.3 - - [06/Jun/2026:22:15:25 +0200] "POST /wp-login.php HTTP/1.1" 200 7136 "-" "Mozilla/5.0 (X11; Linux x86_64; rv:123.0) Gecko/20100101 Firefox/123.0"
75.119.139.177 - - [06/Jun/2026:22:16:32 +0200] "POST /wp-cron.php?doing_wp_cron=1780776991.9910039901733398437500 HTTP/1.1" 200 31 "-" "WordPress/7.0; https://myideas.pt"
209.141.46.91 - - [06/Jun/2026:22:16:32 +0200] "GET /wp-login.php HTTP/1.1" 200 6744 "-" "Mozilla/5.0 (X11; Linux x86_64) AppleWebKit/537.36 (KHTML, like Gecko) Ubuntu Chromium/34.0.1847.116 Chrome/34.0.1847.116 Safari/537.36"
43.153.215.249 - - [06/Jun/2026:22:16:39 +0200] "GET /wp-json/oembed/1.0/embed?url=https%3A%2F%2Fmyideas.pt%2Fsocial-media%2F&lang=en HTTP/1.1" 200 1150 "-" "Mozilla/5.0 (iPhone; CPU iPhone OS 13_2_3 like Mac OS X) AppleWebKit/605.1.15 (KHTML, like Gecko) Version/13.0.3 Mobile/15E148 Safari/604.1"
209.141.46.91 - - [06/Jun/2026:22:16:39 +0200] "POST /wp-login.php HTTP/1.1" 200 7141 "-" "Mozilla/5.0 (X11; Linux x86_64) AppleWebKit/537.36 (KHTML, like Gecko) Ubuntu Chromium/34.0.1847.116 Chrome/34.0.1847.116 Safari/537.36"
103.112.151.21 - - [06/Jun/2026:22:16:47 +0200] "GET /guide-to-help-companies-2026/ HTTP/1.1" 200 20621 "-" "Mozilla/5.0 (Windows NT 6.3; WOW64) AppleWebKit/537.36 (KHTML, like Gecko) Chrome/75.0.3770.100 ADG/11.0.2566 AOLBUILD/11.0.2566 Safari/537.36"
75.119.139.177 - - [06/Jun/2026:22:18:41 +0200] "POST /wp-cron.php?doing_wp_cron=1780777121.3224639892578125000000 HTTP/1.1" 200 31 "-" "WordPress/7.0; https://myideas.pt"
220.196.160.40 - - [06/Jun/2026:22:18:41 +0200] "GET /?p=3740 HTTP/1.1" 301 5 "-" "Mozilla/5.0 (Windows NT 10.0; Win64; x64; rv:123.0) Gecko/20100101 Firefox/123.0"
220.196.160.40 - - [06/Jun/2026:22:18:41 +0200] "GET /pt/como-trabalhamos-parceria/ HTTP/1.1" 200 18977 "-" "Mozilla/5.0 (Windows NT 10.0; Win64; x64; rv:123.0) Gecko/20100101 Firefox/123.0"
206.189.127.129 - - [06/Jun/2026:22:18:52 +0200] "HEAD / HTTP/1.1" 301 0 "-" "downnotifier.com monitoring"
206.189.127.129 - - [06/Jun/2026:22:18:52 +0200] "HEAD / HTTP/1.1" 200 0 "-" "downnotifier.com monitoring"
75.119.139.177 - - [06/Jun/2026:22:20:18 +0200] "POST /wp-cron.php?doing_wp_cron=1780777218.8870019912719726562500 HTTP/1.1" 200 31 "-" "WordPress/7.0; https://myideas.pt"
149.28.73.26 - - [06/Jun/2026:22:20:18 +0200] "HEAD / HTTP/1.1" 200 0 "-" "downnotifier.com monitoring"
209.141.52.4 - - [06/Jun/2026:22:20:23 +0200] "GET /wp-login.php HTTP/1.1" 200 6744 "-" "Mozilla/5.0 (Windows NT 6.0) AppleWebKit/537.36 (KHTML, like Gecko) Chrome/36.0.1985.125 Safari/537.36"
209.141.52.4 - - [06/Jun/2026:22:20:24 +0200] "POST /wp-login.php HTTP/1.1" 200 7167 "-" "Mozilla/5.0 (Windows NT 6.0) AppleWebKit/537.36 (KHTML, like Gecko) Chrome/36.0.1985.125 Safari/537.36"
151.243.11.245 - - [06/Jun/2026:22:25:49 +0200] "GET / HTTP/1.1" 400 150 "-" "-"
43.163.206.70 - - [06/Jun/2026:22:27:34 +0200] "GET /portfolio/meaningful-branding/ HTTP/1.1" 200 18967 "-" "Mozilla/5.0 (iPhone; CPU iPhone OS 13_2_3 like Mac OS X) AppleWebKit/605.1.15 (KHTML, like Gecko) Version/13.0.3 Mobile/15E148 Safari/604.1"
75.119.139.177 - - [06/Jun/2026:22:28:51 +0200] "POST /wp-cron.php?doing_wp_cron=1780777731.6605620384216308593750 HTTP/1.1" 200 31 "-" "WordPress/7.0; https://myideas.pt"
37.97.137.40 - - [06/Jun/2026:22:28:51 +0200] "HEAD / HTTP/1.1" 301 0 "-" "downnotifier.com monitoring"
37.97.137.40 - - [06/Jun/2026:22:28:52 +0200] "HEAD / HTTP/1.1" 200 0 "-" "downnotifier.com monitoring"
75.119.139.177 - - [06/Jun/2026:22:30:19 +0200] "POST /wp-cron.php?doing_wp_cron=1780777819.0932281017303466796875 HTTP/1.1" 200 31 "-" "WordPress/7.0; https://myideas.pt"
44.220.185.111 - - [06/Jun/2026:22:30:19 +0200] "GET / HTTP/1.1" 301 5 "-" "Mozilla/5.0 (Windows NT 6.2;en-US) AppleWebKit/537.32.36 (KHTML, live Gecko) Chrome/53.0.3076.97 Safari/537.32"
139.59.109.12 - - [06/Jun/2026:22:30:19 +0200] "HEAD / HTTP/1.1" 200 0 "-" "downnotifier.com monitoring"
44.220.185.111 - - [06/Jun/2026:22:30:19 +0200] "GET / HTTP/1.1" 200 24292 "-" "Mozilla/5.0 (Windows NT 6.2;en-US) AppleWebKit/537.32.36 (KHTML, live Gecko) Chrome/53.0.3076.97 Safari/537.32"
44.220.185.111 - - [06/Jun/2026:22:30:20 +0200] "GET /wp-content/uploads/2024/07/favicon_myideas-150x150.jpg HTTP/1.1" 404 548 "-" "Mozilla/5.0 (Macintosh; Intel Mac OS X 10_15_7) AppleWebKit/537.36 (KHTML, like Gecko) Chrome/124.0.0.0 Safari/537.36"
44.220.185.111 - - [06/Jun/2026:22:30:30 +0200] "\x15\x03\x01\x00\x02\x02P" 400 150 "-" "-"
51.89.39.36 - - [06/Jun/2026:22:30:36 +0200] "GET /wp-content/plugins/fancy-elementor-gallery-box/assets/js/fancy-elementor-flipbox.js HTTP/1.1" 404 548 "-" "Mozilla/5.0 (X11; Linux x86_64) AppleWebKit/537.36 (KHTML, like Gecko) Chrome/148.0.0.0 Safari/537.36"
51.89.39.36 - - [06/Jun/2026:22:30:37 +0200] "GET /wp-content/plugins/wp-mail/modules/tags-contribute.php HTTP/1.1" 404 27 "-" "Mozilla/5.0 (Macintosh; Intel Mac OS X 10_15_7) AppleWebKit/537.36 (KHTML, like Gecko) Chrome/147.0.0.0 Safari/537.36"
44.220.185.111 - - [06/Jun/2026:22:30:37 +0200] "\x15\x03\x01\x00\x02\x02P" 400 150 "-" "-"
52.167.144.175 - - [06/Jun/2026:22:33:07 +0200] "GET / HTTP/1.1" 200 24292 "-" "Mozilla/5.0 AppleWebKit/537.36 (KHTML, like Gecko; compatible; bingbot/2.0; +http://www.bing.com/bingbot.htm) Chrome/116.0.1938.76 Safari/537.36"
85.208.96.209 - - [06/Jun/2026:22:33:24 +0200] "GET /pt/porque-a-myideas/ HTTP/1.1" 200 19931 "-" "Mozilla/5.0 (compatible; SemrushBot/7~bl; +http://www.semrush.com/bot.html)"
75.119.139.177 - - [06/Jun/2026:22:35:32 +0200] "POST /wp-cron.php?doing_wp_cron=1780778132.0314440727233886718750 HTTP/1.1" 200 31 "-" "WordPress/7.0; https://myideas.pt"
205.185.121.3 - - [06/Jun/2026:22:35:32 +0200] "GET /wp-login.php HTTP/1.1" 200 6744 "-" "Mozilla/5.0 (Windows NT 6.3; WOW64; Trident/7.0; rv:11.0) like Gecko"
101.32.239.179 - - [06/Jun/2026:22:37:44 +0200] "GET /portfolio/uenji/ HTTP/1.1" 200 18631 "-" "Mozilla/5.0 (iPhone; CPU iPhone OS 13_2_3 like Mac OS X) AppleWebKit/605.1.15 (KHTML, like Gecko) Version/13.0.3 Mobile/15E148 Safari/604.1"
75.119.139.177 - - [06/Jun/2026:22:38:52 +0200] "POST /wp-cron.php?doing_wp_cron=1780778331.8496339321136474609375 HTTP/1.1" 200 31 "-" "WordPress/7.0; https://myideas.pt"
206.189.127.129 - - [06/Jun/2026:22:38:52 +0200] "HEAD / HTTP/1.1" 301 0 "-" "downnotifier.com monitoring"
206.189.127.129 - - [06/Jun/2026:22:38:52 +0200] "HEAD / HTTP/1.1" 200 0 "-" "downnotifier.com monitoring"
75.119.139.177 - - [06/Jun/2026:22:39:18 +0200] "POST /wp-cron.php?doing_wp_cron=1780778358.4316821098327636718750 HTTP/1.1" 200 31 "-" "WordPress/7.0; https://myideas.pt"
205.185.121.3 - - [06/Jun/2026:22:39:18 +0200] "POST /wp-login.php HTTP/1.1" 200 7168 "-" "Mozilla/5.0 (Windows NT 6.3; WOW64; Trident/7.0; rv:11.0) like Gecko"
75.119.139.177 - - [06/Jun/2026:22:40:19 +0200] "POST /wp-cron.php?doing_wp_cron=1780778419.2343070507049560546875 HTTP/1.1" 200 31 "-" "WordPress/7.0; https://myideas.pt"
108.61.201.55 - - [06/Jun/2026:22:40:19 +0200] "HEAD / HTTP/1.1" 200 0 "-" "downnotifier.com monitoring"
75.119.139.177 - - [06/Jun/2026:22:46:43 +0200] "POST /wp-cron.php?doing_wp_cron=1780778803.2382049560546875000000 HTTP/1.1" 200 31 "-" "WordPress/7.0; https://myideas.pt"
43.157.181.189 - - [06/Jun/2026:22:46:43 +0200] "GET /pt/gestao-de-redes-sociais/ HTTP/1.1" 200 15741 "-" "Mozilla/5.0 (iPhone; CPU iPhone OS 13_2_3 like Mac OS X) AppleWebKit/605.1.15 (KHTML, like Gecko) Version/13.0.3 Mobile/15E148 Safari/604.1"
75.119.139.177 - - [06/Jun/2026:22:48:35 +0200] "POST /wp-cron.php?doing_wp_cron=1780778915.6793909072875976562500 HTTP/1.1" 200 31 "-" "WordPress/7.0; https://myideas.pt"
45.148.10.67 - - [06/Jun/2026:22:48:35 +0200] "GET / HTTP/1.1" 301 5 "-" "Mozilla/5.0 (Windows NT 10.0; Win64; x64) AppleWebKit/537.36 (KHTML, like Gecko) Chrome/131.0.0.0 Safari/537.36"
45.148.10.67 - - [06/Jun/2026:22:48:35 +0200] "GET / HTTP/1.1" 200 24292 "https://75.119.139.177:443/" "Mozilla/5.0 (Windows NT 10.0; Win64; x64) AppleWebKit/537.36 (KHTML, like Gecko) Chrome/131.0.0.0 Safari/537.36"
37.97.137.40 - - [06/Jun/2026:22:48:52 +0200] "HEAD / HTTP/1.1" 301 0 "-" "downnotifier.com monitoring"
37.97.137.40 - - [06/Jun/2026:22:48:52 +0200] "HEAD / HTTP/1.1" 200 0 "-" "downnotifier.com monitoring"
75.119.139.177 - - [06/Jun/2026:22:50:19 +0200] "POST /wp-cron.php?doing_wp_cron=1780779019.6703090667724609375000 HTTP/1.1" 200 31 "-" "WordPress/7.0; https://myideas.pt"
139.59.109.12 - - [06/Jun/2026:22:50:19 +0200] "HEAD / HTTP/1.1" 200 0 "-" "downnotifier.com monitoring"
75.119.139.177 - - [06/Jun/2026:22:52:30 +0200] "POST /wp-cron.php?doing_wp_cron=1780779150.7657411098480224609375 HTTP/1.1" 200 31 "-" "WordPress/7.0; https://myideas.pt"
188.132.235.10 - - [06/Jun/2026:22:52:30 +0200] "GET /wp-login.php HTTP/1.1" 200 2256 "-" "Mozilla/5.0 (Windows NT 10.0; Win64; x64) AppleWebKit/537.36 (KHTML, like Gecko) Chrome/120.0.0.0 Safari/537.36"
188.132.235.10 - - [06/Jun/2026:22:52:31 +0200] "POST /wp-login.php HTTP/1.1" 200 2386 "https://myideas.pt/wp-login.php" "Mozilla/5.0 (Windows NT 10.0; Win64; x64) AppleWebKit/537.36 (KHTML, like Gecko) Chrome/120.0.0.0 Safari/537.36"
