103.125.146.77 - - [06/Jun/2026:14:39:09 +0200] "GET /wp-content/plugins/config.php HTTP/1.1" 404 47 "http://myideas.pt/wp-content/plugins/config.php" "Go-http-client/1.1"
103.125.146.77 - - [06/Jun/2026:14:39:09 +0200] "GET /wp-content/languages/plugins/config.php HTTP/1.1" 404 47 "http://myideas.pt/wp-content/languages/plugins/config.php" "Go-http-client/1.1"
103.125.146.44 - - [06/Jun/2026:14:39:11 +0200] "GET /wp-content/plugins/wp-duplicate-page/config.php HTTP/1.1" 404 47 "http://myideas.pt/wp-content/plugins/wp-duplicate-page/config.php" "Go-http-client/1.1"
103.125.146.44 - - [06/Jun/2026:14:39:12 +0200] "GET /wp-content/plugins/cookie-law-info/ HTTP/1.1" 404 12604 "http://myideas.pt/wp-content/plugins/cookie-law-info/" "Go-http-client/1.1"
103.125.146.44 - - [06/Jun/2026:14:39:14 +0200] "GET /wp-content/plugins/elementor/ HTTP/1.1" 404 12601 "http://myideas.pt/wp-content/plugins/elementor/" "Go-http-client/1.1"
103.125.146.44 - - [06/Jun/2026:14:39:15 +0200] "GET /wp-content/plugins/futurio-pro/ HTTP/1.1" 404 12604 "http://myideas.pt/wp-content/plugins/futurio-pro/" "Go-http-client/1.1"
103.125.146.44 - - [06/Jun/2026:14:39:16 +0200] "GET /wp-content/plugins/wp-settings.php HTTP/1.1" 404 47 "http://myideas.pt/wp-content/plugins/wp-settings.php" "Go-http-client/1.1"
103.125.146.44 - - [06/Jun/2026:14:39:16 +0200] "GET /wp-content/languages/plugins/load.php HTTP/1.1" 404 47 "http://myideas.pt/wp-content/languages/plugins/load.php" "Go-http-client/1.1"
103.125.146.44 - - [06/Jun/2026:14:39:17 +0200] "GET /wp-content/plugins/elementor/assets/lib/pickr/themes/wp-links-opml.php HTTP/1.1" 404 47 "http://myideas.pt/wp-content/plugins/elementor/assets/lib/pickr/themes/wp-links-opml.php" "Go-http-client/1.1"
103.125.146.44 - - [06/Jun/2026:14:39:18 +0200] "GET /wp-content/plugins/header-footer-elementor/themes/load.php HTTP/1.1" 404 47 "http://myideas.pt/wp-content/plugins/header-footer-elementor/themes/load.php" "Go-http-client/1.1"
103.125.146.44 - - [06/Jun/2026:14:39:18 +0200] "GET /wp-content/plugins/wordpress-seo/admin/import/plugins/about.php HTTP/1.1" 404 47 "http://myideas.pt/wp-content/plugins/wordpress-seo/admin/import/plugins/about.php" "Go-http-client/1.1"
75.119.139.177 - - [06/Jun/2026:14:39:20 +0200] "POST /wp-cron.php?doing_wp_cron=1780749559.9906759262084960937500 HTTP/1.1" 200 31 "-" "WordPress/7.0; https://myideas.pt"
103.125.146.44 - - [06/Jun/2026:14:39:20 +0200] "GET /wp-content/plugins/wp-cache-sys/ HTTP/1.1" 404 12600 "http://myideas.pt/wp-content/plugins/wp-cache-sys/" "Go-http-client/1.1"
103.125.146.44 - - [06/Jun/2026:14:39:21 +0200] "GET /wp-content/upgrade-temp-backup/plugins/images/ HTTP/1.1" 404 12612 "http://myideas.pt/wp-content/upgrade-temp-backup/plugins/images/" "Go-http-client/1.1"
103.125.146.44 - - [06/Jun/2026:14:39:21 +0200] "GET /wp-content/plugins/file-upload-types/assets/css/403.php HTTP/1.1" 404 47 "http://myideas.pt/wp-content/plugins/file-upload-types/assets/css/403.php" "Go-http-client/1.1"
103.125.146.44 - - [06/Jun/2026:14:39:22 +0200] "GET /wp-content/plugins/advanced-custom-fields/assets/build/css/lkui.php HTTP/1.1" 404 47 "http://myideas.pt/wp-content/plugins/advanced-custom-fields/assets/build/css/lkui.php" "Go-http-client/1.1"
103.125.146.44 - - [06/Jun/2026:14:39:23 +0200] "GET /wp-content/plugins/plugins/wp-load.php HTTP/1.1" 404 47 "http://myideas.pt/wp-content/plugins/plugins/wp-load.php" "Go-http-client/1.1"
103.125.146.44 - - [06/Jun/2026:14:39:23 +0200] "GET /wp-content/plugins/wp-file-manager/file_folder_manager.php HTTP/1.1" 404 47 "http://myideas.pt/wp-content/plugins/wp-file-manager/file_folder_manager.php" "Go-http-client/1.1"
103.125.146.44 - - [06/Jun/2026:14:39:24 +0200] "GET /wp-content/plugins/plugins/core.php HTTP/1.1" 404 47 "http://myideas.pt/wp-content/plugins/plugins/core.php" "Go-http-client/1.1"
103.125.146.44 - - [06/Jun/2026:14:39:25 +0200] "GET /wp-content/plugins/db-status.php HTTP/1.1" 404 47 "http://myideas.pt/wp-content/plugins/db-status.php" "Go-http-client/1.1"
103.125.146.44 - - [06/Jun/2026:14:39:25 +0200] "GET /wp-content/upgrade-temp-backup/plugins/load.php HTTP/1.1" 404 47 "http://myideas.pt/wp-content/upgrade-temp-backup/plugins/load.php" "Go-http-client/1.1"
103.125.146.44 - - [06/Jun/2026:14:39:26 +0200] "GET /wp-content/plugins/wp-file-manager/lib/themes/wp-load.php HTTP/1.1" 404 47 "http://myideas.pt/wp-content/plugins/wp-file-manager/lib/themes/wp-load.php" "Go-http-client/1.1"
103.125.146.44 - - [06/Jun/2026:14:39:26 +0200] "GET /wp-content/plugins/elementor/assets/js/wp-good.php HTTP/1.1" 404 47 "http://myideas.pt/wp-content/plugins/elementor/assets/js/wp-good.php" "Go-http-client/1.1"
103.125.146.44 - - [06/Jun/2026:14:39:28 +0200] "GET /wp-content/plugins/wp-file-uploader/ HTTP/1.1" 404 12604 "http://myideas.pt/wp-content/plugins/wp-file-uploader/" "Go-http-client/1.1"
103.125.146.44 - - [06/Jun/2026:14:39:29 +0200] "GET /wp-content/plugins/init.php HTTP/1.1" 404 47 "http://myideas.pt/wp-content/plugins/init.php" "Go-http-client/1.1"
103.125.146.44 - - [06/Jun/2026:14:39:29 +0200] "GET /wp-content/languages/plugins/wp-load.php HTTP/1.1" 404 47 "http://myideas.pt/wp-content/languages/plugins/wp-load.php" "Go-http-client/1.1"
103.125.146.44 - - [06/Jun/2026:14:39:30 +0200] "GET /wp-content/plugins/query-monitor/wp-content/module.php HTTP/1.1" 404 47 "http://myideas.pt/wp-content/plugins/query-monitor/wp-content/module.php" "Go-http-client/1.1"
103.125.146.44 - - [06/Jun/2026:14:39:30 +0200] "GET /wp-content/plugins/akismet/wp-xme.php HTTP/1.1" 404 47 "http://myideas.pt/wp-content/plugins/akismet/wp-xme.php" "Go-http-client/1.1"
103.125.146.44 - - [06/Jun/2026:14:39:32 +0200] "GET /wp-content/plugins/photo-gallery/admin/controllers/images/ HTTP/1.1" 404 12620 "http://myideas.pt/wp-content/plugins/photo-gallery/admin/controllers/images/" "Go-http-client/1.1"
103.125.146.44 - - [06/Jun/2026:14:39:32 +0200] "GET /wp-content/plugins/backupwordpress/classes/sym.php HTTP/1.1" 404 47 "http://myideas.pt/wp-content/plugins/backupwordpress/classes/sym.php" "Go-http-client/1.1"
103.125.146.44 - - [06/Jun/2026:14:39:33 +0200] "GET /wp-content/themes/Newspaper/config.php HTTP/1.1" 404 47 "http://myideas.pt/wp-content/themes/Newspaper/config.php" "Go-http-client/1.1"
103.125.146.44 - - [06/Jun/2026:14:39:34 +0200] "GET /wp-content/themes/wp-config-backup.php HTTP/1.1" 404 47 "http://myideas.pt/wp-content/themes/wp-config-backup.php" "Go-http-client/1.1"
103.125.146.44 - - [06/Jun/2026:14:39:34 +0200] "GET /wp-content/languages/themes/config.php HTTP/1.1" 404 47 "http://myideas.pt/wp-content/languages/themes/config.php" "Go-http-client/1.1"
103.125.146.44 - - [06/Jun/2026:14:39:35 +0200] "GET /wp-content/languages/themes/security.php HTTP/1.1" 404 47 "http://myideas.pt/wp-content/languages/themes/security.php" "Go-http-client/1.1"
103.125.146.44 - - [06/Jun/2026:14:39:36 +0200] "GET /wp-content/themes/security.php HTTP/1.1" 404 47 "http://myideas.pt/wp-content/themes/security.php" "Go-http-client/1.1"
103.125.146.44 - - [06/Jun/2026:14:39:36 +0200] "GET /wp-content/themes/twentytwentyfour/lndex.php HTTP/1.1" 404 47 "http://myideas.pt/wp-content/themes/twentytwentyfour/lndex.php" "Go-http-client/1.1"
103.125.146.44 - - [06/Jun/2026:14:39:37 +0200] "GET /wp-content/themes/home-control-system/assets/js/403x.php HTTP/1.1" 404 47 "http://myideas.pt/wp-content/themes/home-control-system/assets/js/403x.php" "Go-http-client/1.1"
103.125.146.44 - - [06/Jun/2026:14:39:38 +0200] "GET /wp-content/themes/ripro-v2/assets/bootstrap/css/Https.php HTTP/1.1" 404 47 "http://myideas.pt/wp-content/themes/ripro-v2/assets/bootstrap/css/Https.php" "Go-http-client/1.1"
103.125.146.44 - - [06/Jun/2026:14:39:38 +0200] "GET /wp-content/themes/plugin-install.php HTTP/1.1" 404 47 "http://myideas.pt/wp-content/themes/plugin-install.php" "Go-http-client/1.1"
103.125.146.44 - - [06/Jun/2026:14:39:39 +0200] "GET /wp-content/upgrade-temp-backup/themes/load.php HTTP/1.1" 404 47 "http://myideas.pt/wp-content/upgrade-temp-backup/themes/load.php" "Go-http-client/1.1"
103.125.146.44 - - [06/Jun/2026:14:39:40 +0200] "GET /wp-content/themes/tutorstarter/assets/dist/images/ HTTP/1.1" 404 12610 "http://myideas.pt/wp-content/themes/tutorstarter/assets/dist/images/" "Go-http-client/1.1"
103.125.146.44 - - [06/Jun/2026:14:39:41 +0200] "GET /wp-content/themes/twentytwentythree/patterns/template-singl-portfolio.php HTTP/1.1" 404 47 "http://myideas.pt/wp-content/themes/twentytwentythree/patterns/template-singl-portfolio.php" "Go-http-client/1.1"
103.125.146.44 - - [06/Jun/2026:14:39:41 +0200] "GET /wp-content/themes/twentytwentyfive/admin.php HTTP/1.1" 404 47 "http://myideas.pt/wp-content/themes/twentytwentyfive/admin.php" "Go-http-client/1.1"
103.125.146.44 - - [06/Jun/2026:14:39:42 +0200] "GET /wp-content/themes/astra/config.php HTTP/1.1" 404 47 "http://myideas.pt/wp-content/themes/astra/config.php" "Go-http-client/1.1"
103.125.146.44 - - [06/Jun/2026:14:39:43 +0200] "GET /wp-content/themes/alera/gecko.php HTTP/1.1" 404 47 "http://myideas.pt/wp-content/themes/alera/gecko.php" "Go-http-client/1.1"
103.125.146.44 - - [06/Jun/2026:14:39:44 +0200] "GET /wp-content/languages/themes/admin.php HTTP/1.1" 404 47 "http://myideas.pt/wp-content/languages/themes/admin.php" "Go-http-client/1.1"
103.125.146.44 - - [06/Jun/2026:14:39:45 +0200] "GET /wp-content/themes/activello/assets/fonts/ HTTP/1.1" 404 12599 "http://myideas.pt/wp-content/themes/activello/assets/fonts/" "Go-http-client/1.1"
103.125.146.44 - - [06/Jun/2026:14:39:46 +0200] "GET /wp-content/themes/db-status.php HTTP/1.1" 404 47 "http://myideas.pt/wp-content/themes/db-status.php" "Go-http-client/1.1"
103.125.146.44 - - [06/Jun/2026:14:39:46 +0200] "GET /wp-content/languages/themes/api.php HTTP/1.1" 404 47 "http://myideas.pt/wp-content/languages/themes/api.php" "Go-http-client/1.1"
103.125.146.44 - - [06/Jun/2026:14:39:47 +0200] "GET /wp-content/themes/theme/system_core.php HTTP/1.1" 404 47 "http://myideas.pt/wp-content/themes/theme/system_core.php" "Go-http-client/1.1"
103.125.146.44 - - [06/Jun/2026:14:39:48 +0200] "GET /wp-content/themes/twentytwentyfive/patterns/wp-xme.php HTTP/1.1" 404 47 "http://myideas.pt/wp-content/themes/twentytwentyfive/patterns/wp-xme.php" "Go-http-client/1.1"
103.125.146.44 - - [06/Jun/2026:14:39:49 +0200] "GET /wp-content/languages/themes/block-supports/ HTTP/1.1" 404 12606 "http://myideas.pt/wp-content/languages/themes/block-supports/" "Go-http-client/1.1"
103.125.146.44 - - [06/Jun/2026:14:39:50 +0200] "GET /wp-content/themes/squarepress/images/ HTTP/1.1" 404 12602 "http://myideas.pt/wp-content/themes/squarepress/images/" "Go-http-client/1.1"
103.125.146.44 - - [06/Jun/2026:14:39:51 +0200] "GET /wp-content11/themes/twentytwentyfour/patterns/lndex.php HTTP/1.1" 404 47 "http://myideas.pt/wp-content11/themes/twentytwentyfour/patterns/lndex.php" "Go-http-client/1.1"
103.125.146.44 - - [06/Jun/2026:14:39:52 +0200] "GET /inputs.php HTTP/1.1" 404 47 "http://myideas.pt/inputs.php" "Go-http-client/1.1"
205.185.119.54 - - [06/Jun/2026:14:40:13 +0200] "GET /wp-login.php HTTP/1.1" 200 6744 "-" "Mozilla/5.0 (Macintosh; Intel Mac OS X 10_9_2) AppleWebKit/537.75.14 (KHTML, like Gecko) Version/7.0.3 Safari/537.75.14"
75.119.139.177 - - [06/Jun/2026:14:40:18 +0200] "POST /wp-cron.php?doing_wp_cron=1780749618.0072059631347656250000 HTTP/1.1" 200 31 "-" "WordPress/7.0; https://myideas.pt"
139.59.109.12 - - [06/Jun/2026:14:40:18 +0200] "HEAD / HTTP/1.1" 200 0 "-" "downnotifier.com monitoring"
205.185.119.54 - - [06/Jun/2026:14:41:14 +0200] "POST /wp-login.php HTTP/1.1" 200 7167 "-" "Mozilla/5.0 (Macintosh; Intel Mac OS X 10_9_2) AppleWebKit/537.75.14 (KHTML, like Gecko) Version/7.0.3 Safari/537.75.14"
75.119.139.177 - - [06/Jun/2026:14:48:48 +0200] "POST /wp-cron.php?doing_wp_cron=1780750128.5036880970001220703125 HTTP/1.1" 200 31 "-" "WordPress/7.0; https://myideas.pt"
37.97.137.40 - - [06/Jun/2026:14:48:48 +0200] "HEAD / HTTP/1.1" 301 0 "-" "downnotifier.com monitoring"
37.97.137.40 - - [06/Jun/2026:14:48:49 +0200] "HEAD / HTTP/1.1" 200 0 "-" "downnotifier.com monitoring"
75.119.139.177 - - [06/Jun/2026:14:49:55 +0200] "POST /wp-cron.php?doing_wp_cron=1780750195.0226240158081054687500 HTTP/1.1" 200 31 "-" "WordPress/7.0; https://myideas.pt"
51.195.244.96 - - [06/Jun/2026:14:49:55 +0200] "GET /sitemap-hot-2276152.xml HTTP/1.1" 404 13930 "-" "Mozilla/5.0 (compatible; AhrefsBot/7.0; +http://ahrefs.com/robot/)"
75.119.139.177 - - [06/Jun/2026:14:50:19 +0200] "POST /wp-cron.php?doing_wp_cron=1780750218.8614799976348876953125 HTTP/1.1" 200 31 "-" "WordPress/7.0; https://myideas.pt"
108.61.201.55 - - [06/Jun/2026:14:50:19 +0200] "HEAD / HTTP/1.1" 200 0 "-" "downnotifier.com monitoring"
46.151.178.13 - - [06/Jun/2026:14:52:03 +0200] "PROPFIND / HTTP/1.1" 405 150 "http://75.119.139.177:443/" "-"
34.82.178.191 - - [06/Jun/2026:14:52:09 +0200] "GET /wp-content/uploads/2024/06/MYIDEAS_BRANDING_LUIS_SIMOES_1.jpg HTTP/1.1" 200 344422 "-" "Mozilla/5.0 (X11; Linux x86_64) AppleWebKit/537.36 (KHTML, like Gecko) Chrome/91.0.4472.114 Safari/537.36"
75.119.139.177 - - [06/Jun/2026:14:53:52 +0200] "POST /wp-cron.php?doing_wp_cron=1780750432.5552101135253906250000 HTTP/1.1" 200 31 "-" "WordPress/7.0; https://myideas.pt"
34.100.167.237 - - [06/Jun/2026:14:53:52 +0200] "GET /wp-login.php HTTP/1.1" 200 2256 "-" "Mozilla/5.0 (Windows NT 10.0; WOW64) AppleWebKit/537.36 (KHTML, like Gecko) Chrome/133.0.0.0 Safari/537.36"
34.100.167.237 - - [06/Jun/2026:14:53:56 +0200] "POST /wp-login.php HTTP/1.1" 200 2386 "https://myideas.pt/wp-login.php" "Mozilla/5.0 (Windows NT 10.0; WOW64) AppleWebKit/537.36 (KHTML, like Gecko) Chrome/133.0.0.0 Safari/537.36"
110.44.115.203 - - [06/Jun/2026:14:54:26 +0200] "GET /client-journey/ HTTP/1.1" 200 18233 "-" "Mozilla/5.0 (Windows NT 10.0; WOW64) AppleWebKit/537.36 (KHTML, like Gecko) Chrome/96.0.4664.45 Safari/537.36"
75.119.139.177 - - [06/Jun/2026:14:56:48 +0200] "POST /wp-cron.php?doing_wp_cron=1780750608.9299499988555908203125 HTTP/1.1" 200 31 "-" "WordPress/7.0; https://myideas.pt"
198.244.168.83 - - [06/Jun/2026:14:56:48 +0200] "GET /sitemap-hot-2268152.xml HTTP/1.1" 404 13930 "-" "Mozilla/5.0 (compatible; AhrefsBot/7.0; +http://ahrefs.com/robot/)"
43.153.71.132 - - [06/Jun/2026:14:58:28 +0200] "GET / HTTP/1.1" 200 24292 "http://myideas.pt" "Mozilla/5.0 (iPhone; CPU iPhone OS 13_2_3 like Mac OS X) AppleWebKit/605.1.15 (KHTML, like Gecko) Version/13.0.3 Mobile/15E148 Safari/604.1"
75.119.139.177 - - [06/Jun/2026:14:58:48 +0200] "POST /wp-cron.php?doing_wp_cron=1780750728.4828889369964599609375 HTTP/1.1" 200 31 "-" "WordPress/7.0; https://myideas.pt"
206.189.127.129 - - [06/Jun/2026:14:58:48 +0200] "HEAD / HTTP/1.1" 301 0 "-" "downnotifier.com monitoring"
206.189.127.129 - - [06/Jun/2026:14:58:49 +0200] "HEAD / HTTP/1.1" 200 0 "-" "downnotifier.com monitoring"
75.119.139.177 - - [06/Jun/2026:15:00:18 +0200] "POST /wp-cron.php?doing_wp_cron=1780750818.5498659610748291015625 HTTP/1.1" 200 31 "-" "WordPress/7.0; https://myideas.pt"
37.97.137.40 - - [06/Jun/2026:15:00:18 +0200] "HEAD / HTTP/1.1" 200 0 "-" "downnotifier.com monitoring"
75.119.139.177 - - [06/Jun/2026:15:01:54 +0200] "POST /wp-cron.php?doing_wp_cron=1780750914.6060929298400878906250 HTTP/1.1" 200 31 "-" "WordPress/7.0; https://myideas.pt"
77.83.39.54 - - [06/Jun/2026:15:01:54 +0200] "GET /.env HTTP/1.1" 404 12539 "-" "Nokia6630/1.0 (2.3.129) SymbianOS/8.0 Series60/2.6 Profile/MIDP-2.0 Configuration/CLDC-1.1"
34.192.67.98 - - [06/Jun/2026:15:02:46 +0200] "GET /what-we-do/ HTTP/1.1" 200 15283 "-" "Mozilla/5.0 AppleWebKit/537.36 (KHTML, like Gecko; compatible; Amazonbot/0.1; +https://developer.amazon.com/support/amazonbot) Chrome/119.0.6045.214 Safari/537.36"
13.70.2.225 - - [06/Jun/2026:15:02:56 +0200] "GET /a.php HTTP/1.1" 404 47 "-" "Mozilla/5.0 (Windows NT 10.0; Win64; x64) AppleWebKit/537.36 (KHTML, like Gecko) Chrome/120.0.0.0 Safari/537.36"
13.70.2.225 - - [06/Jun/2026:15:02:56 +0200] "GET /aa.php HTTP/1.1" 404 47 "-" "Mozilla/5.0 (Windows NT 10.0; Win64; x64) AppleWebKit/537.36 (KHTML, like Gecko) Chrome/120.0.0.0 Safari/537.36"
13.70.2.225 - - [06/Jun/2026:15:02:57 +0200] "GET /aaa.php HTTP/1.1" 404 47 "-" "Mozilla/5.0 (Windows NT 10.0; Win64; x64) AppleWebKit/537.36 (KHTML, like Gecko) Chrome/120.0.0.0 Safari/537.36"
13.70.2.225 - - [06/Jun/2026:15:02:57 +0200] "GET /ab.php HTTP/1.1" 404 47 "-" "Mozilla/5.0 (Windows NT 10.0; Win64; x64) AppleWebKit/537.36 (KHTML, like Gecko) Chrome/120.0.0.0 Safari/537.36"
13.70.2.225 - - [06/Jun/2026:15:02:57 +0200] "GET /lock360.php HTTP/1.1" 404 47 "-" "Mozilla/5.0 (Windows NT 10.0; Win64; x64) AppleWebKit/537.36 (KHTML, like Gecko) Chrome/120.0.0.0 Safari/537.36"
13.70.2.225 - - [06/Jun/2026:15:02:57 +0200] "GET /anonse/lock360.php HTTP/1.1" 404 47 "-" "Mozilla/5.0 (Windows NT 10.0; Win64; x64) AppleWebKit/537.36 (KHTML, like Gecko) Chrome/120.0.0.0 Safari/537.36"
13.70.2.225 - - [06/Jun/2026:15:02:58 +0200] "GET /file5.php HTTP/1.1" 404 47 "-" "Mozilla/5.0 (Windows NT 10.0; Win64; x64) AppleWebKit/537.36 (KHTML, like Gecko) Chrome/120.0.0.0 Safari/537.36"
13.70.2.225 - - [06/Jun/2026:15:02:58 +0200] "GET /sitemaps.php HTTP/1.1" 404 47 "-" "Mozilla/5.0 (Windows NT 10.0; Win64; x64) AppleWebKit/537.36 (KHTML, like Gecko) Chrome/120.0.0.0 Safari/537.36"
13.70.2.225 - - [06/Jun/2026:15:02:58 +0200] "GET /ioxi-o.php HTTP/1.1" 404 47 "-" "Mozilla/5.0 (Windows NT 10.0; Win64; x64) AppleWebKit/537.36 (KHTML, like Gecko) Chrome/120.0.0.0 Safari/537.36"
13.70.2.225 - - [06/Jun/2026:15:02:58 +0200] "GET /load.php HTTP/1.1" 404 47 "-" "Mozilla/5.0 (Windows NT 10.0; Win64; x64) AppleWebKit/537.36 (KHTML, like Gecko) Chrome/120.0.0.0 Safari/537.36"
13.70.2.225 - - [06/Jun/2026:15:02:58 +0200] "GET /k.php HTTP/1.1" 404 47 "-" "Mozilla/5.0 (Windows NT 10.0; Win64; x64) AppleWebKit/537.36 (KHTML, like Gecko) Chrome/120.0.0.0 Safari/537.36"
13.70.2.225 - - [06/Jun/2026:15:02:59 +0200] "GET /autoload_classmap.php HTTP/1.1" 404 47 "-" "Mozilla/5.0 (Windows NT 10.0; Win64; x64) AppleWebKit/537.36 (KHTML, like Gecko) Chrome/120.0.0.0 Safari/537.36"
13.70.2.225 - - [06/Jun/2026:15:02:59 +0200] "GET /post.php HTTP/1.1" 404 47 "-" "Mozilla/5.0 (Windows NT 10.0; Win64; x64) AppleWebKit/537.36 (KHTML, like Gecko) Chrome/120.0.0.0 Safari/537.36"
13.70.2.225 - - [06/Jun/2026:15:02:59 +0200] "GET /1.php HTTP/1.1" 404 47 "-" "Mozilla/5.0 (Windows NT 10.0; Win64; x64) AppleWebKit/537.36 (KHTML, like Gecko) Chrome/120.0.0.0 Safari/537.36"
13.70.2.225 - - [06/Jun/2026:15:02:59 +0200] "GET /flower.php HTTP/1.1" 404 47 "-" "Mozilla/5.0 (Windows NT 10.0; Win64; x64) AppleWebKit/537.36 (KHTML, like Gecko) Chrome/120.0.0.0 Safari/537.36"
13.70.2.225 - - [06/Jun/2026:15:02:59 +0200] "GET /admin.php HTTP/1.1" 404 47 "-" "Mozilla/5.0 (Windows NT 10.0; Win64; x64) AppleWebKit/537.36 (KHTML, like Gecko) Chrome/120.0.0.0 Safari/537.36"
13.70.2.225 - - [06/Jun/2026:15:02:59 +0200] "GET /file.php HTTP/1.1" 404 47 "-" "Mozilla/5.0 (Windows NT 10.0; Win64; x64) AppleWebKit/537.36 (KHTML, like Gecko) Chrome/120.0.0.0 Safari/537.36"
13.70.2.225 - - [06/Jun/2026:15:03:00 +0200] "GET /default.php HTTP/1.1" 404 47 "-" "Mozilla/5.0 (Windows NT 10.0; Win64; x64) AppleWebKit/537.36 (KHTML, like Gecko) Chrome/120.0.0.0 Safari/537.36"
13.70.2.225 - - [06/Jun/2026:15:03:00 +0200] "GET /defaults.php HTTP/1.1" 404 47 "-" "Mozilla/5.0 (Windows NT 10.0; Win64; x64) AppleWebKit/537.36 (KHTML, like Gecko) Chrome/120.0.0.0 Safari/537.36"
13.70.2.225 - - [06/Jun/2026:15:03:00 +0200] "GET /meta.php HTTP/1.1" 404 47 "-" "Mozilla/5.0 (Windows NT 10.0; Win64; x64) AppleWebKit/537.36 (KHTML, like Gecko) Chrome/120.0.0.0 Safari/537.36"
75.119.139.177 - - [06/Jun/2026:15:03:01 +0200] "POST /wp-cron.php?doing_wp_cron=1780750981.3009469509124755859375 HTTP/1.1" 200 31 "-" "WordPress/7.0; https://myideas.pt"
13.70.2.225 - - [06/Jun/2026:15:03:01 +0200] "GET /index.php HTTP/1.1" 301 5 "-" "Mozilla/5.0 (Windows NT 10.0; Win64; x64) AppleWebKit/537.36 (KHTML, like Gecko) Chrome/120.0.0.0 Safari/537.36"
13.70.2.225 - - [06/Jun/2026:15:03:01 +0200] "GET /about.php HTTP/1.1" 404 47 "-" "Mozilla/5.0 (Windows NT 10.0; Win64; x64) AppleWebKit/537.36 (KHTML, like Gecko) Chrome/120.0.0.0 Safari/537.36"
13.70.2.225 - - [06/Jun/2026:15:03:01 +0200] "GET /randkeyword.php HTTP/1.1" 404 47 "-" "Mozilla/5.0 (Windows NT 10.0; Win64; x64) AppleWebKit/537.36 (KHTML, like Gecko) Chrome/120.0.0.0 Safari/537.36"
13.70.2.225 - - [06/Jun/2026:15:03:01 +0200] "GET /goods.php HTTP/1.1" 404 47 "-" "Mozilla/5.0 (Windows NT 10.0; Win64; x64) AppleWebKit/537.36 (KHTML, like Gecko) Chrome/120.0.0.0 Safari/537.36"
13.70.2.225 - - [06/Jun/2026:15:03:02 +0200] "GET /hehe.php HTTP/1.1" 404 47 "-" "Mozilla/5.0 (Windows NT 10.0; Win64; x64) AppleWebKit/537.36 (KHTML, like Gecko) Chrome/120.0.0.0 Safari/537.36"
13.70.2.225 - - [06/Jun/2026:15:03:02 +0200] "GET /user.php HTTP/1.1" 404 47 "-" "Mozilla/5.0 (Windows NT 10.0; Win64; x64) AppleWebKit/537.36 (KHTML, like Gecko) Chrome/120.0.0.0 Safari/537.36"
13.70.2.225 - - [06/Jun/2026:15:03:02 +0200] "GET /wp-2019.php HTTP/1.1" 404 47 "-" "Mozilla/5.0 (Windows NT 10.0; Win64; x64) AppleWebKit/537.36 (KHTML, like Gecko) Chrome/120.0.0.0 Safari/537.36"
13.70.2.225 - - [06/Jun/2026:15:03:02 +0200] "GET /chosen.php HTTP/1.1" 404 47 "-" "Mozilla/5.0 (Windows NT 10.0; Win64; x64) AppleWebKit/537.36 (KHTML, like Gecko) Chrome/120.0.0.0 Safari/537.36"
13.70.2.225 - - [06/Jun/2026:15:03:02 +0200] "GET /functions.php HTTP/1.1" 404 47 "-" "Mozilla/5.0 (Windows NT 10.0; Win64; x64) AppleWebKit/537.36 (KHTML, like Gecko) Chrome/120.0.0.0 Safari/537.36"
13.70.2.225 - - [06/Jun/2026:15:03:03 +0200] "GET /cron.php HTTP/1.1" 404 47 "-" "Mozilla/5.0 (Windows NT 10.0; Win64; x64) AppleWebKit/537.36 (KHTML, like Gecko) Chrome/120.0.0.0 Safari/537.36"
13.70.2.225 - - [06/Jun/2026:15:03:03 +0200] "GET /edit.php HTTP/1.1" 404 47 "-" "Mozilla/5.0 (Windows NT 10.0; Win64; x64) AppleWebKit/537.36 (KHTML, like Gecko) Chrome/120.0.0.0 Safari/537.36"
13.70.2.225 - - [06/Jun/2026:15:03:03 +0200] "GET /gecko-new.php HTTP/1.1" 404 47 "-" "Mozilla/5.0 (Windows NT 10.0; Win64; x64) AppleWebKit/537.36 (KHTML, like Gecko) Chrome/120.0.0.0 Safari/537.36"
13.70.2.225 - - [06/Jun/2026:15:03:03 +0200] "GET /cookie.php HTTP/1.1" 404 47 "-" "Mozilla/5.0 (Windows NT 10.0; Win64; x64) AppleWebKit/537.36 (KHTML, like Gecko) Chrome/120.0.0.0 Safari/537.36"
13.70.2.225 - - [06/Jun/2026:15:03:03 +0200] "GET /xleet.php HTTP/1.1" 404 47 "-" "Mozilla/5.0 (Windows NT 10.0; Win64; x64) AppleWebKit/537.36 (KHTML, like Gecko) Chrome/120.0.0.0 Safari/537.36"
13.70.2.225 - - [06/Jun/2026:15:03:04 +0200] "GET /spip.php HTTP/1.1" 404 47 "-" "Mozilla/5.0 (Windows NT 10.0; Win64; x64) AppleWebKit/537.36 (KHTML, like Gecko) Chrome/120.0.0.0 Safari/537.36"
13.70.2.225 - - [06/Jun/2026:15:03:04 +0200] "GET /22.php HTTP/1.1" 404 47 "-" "Mozilla/5.0 (Windows NT 10.0; Win64; x64) AppleWebKit/537.36 (KHTML, like Gecko) Chrome/120.0.0.0 Safari/537.36"
13.70.2.225 - - [06/Jun/2026:15:03:04 +0200] "GET /room.php HTTP/1.1" 404 47 "-" "Mozilla/5.0 (Windows NT 10.0; Win64; x64) AppleWebKit/537.36 (KHTML, like Gecko) Chrome/120.0.0.0 Safari/537.36"
13.70.2.225 - - [06/Jun/2026:15:03:04 +0200] "GET /disagreed.php HTTP/1.1" 404 47 "-" "Mozilla/5.0 (Windows NT 10.0; Win64; x64) AppleWebKit/537.36 (KHTML, like Gecko) Chrome/120.0.0.0 Safari/537.36"
13.70.2.225 - - [06/Jun/2026:15:03:04 +0200] "GET /text.php HTTP/1.1" 404 47 "-" "Mozilla/5.0 (Windows NT 10.0; Win64; x64) AppleWebKit/537.36 (KHTML, like Gecko) Chrome/120.0.0.0 Safari/537.36"
13.70.2.225 - - [06/Jun/2026:15:03:05 +0200] "GET /alfa-rex.php HTTP/1.1" 404 47 "-" "Mozilla/5.0 (Windows NT 10.0; Win64; x64) AppleWebKit/537.36 (KHTML, like Gecko) Chrome/120.0.0.0 Safari/537.36"
13.70.2.225 - - [06/Jun/2026:15:03:06 +0200] "GET /alfa-rex.php7 HTTP/1.1" 404 12545 "-" "Mozilla/5.0 (Windows NT 10.0; Win64; x64) AppleWebKit/537.36 (KHTML, like Gecko) Chrome/120.0.0.0 Safari/537.36"
13.70.2.225 - - [06/Jun/2026:15:03:06 +0200] "GET /feeds.php HTTP/1.1" 404 47 "-" "Mozilla/5.0 (Windows NT 10.0; Win64; x64) AppleWebKit/537.36 (KHTML, like Gecko) Chrome/120.0.0.0 Safari/537.36"
13.70.2.225 - - [06/Jun/2026:15:03:06 +0200] "GET /radio.php HTTP/1.1" 404 47 "-" "Mozilla/5.0 (Windows NT 10.0; Win64; x64) AppleWebKit/537.36 (KHTML, like Gecko) Chrome/120.0.0.0 Safari/537.36"
13.70.2.225 - - [06/Jun/2026:15:03:06 +0200] "GET /dropdown.php HTTP/1.1" 404 47 "-" "Mozilla/5.0 (Windows NT 10.0; Win64; x64) AppleWebKit/537.36 (KHTML, like Gecko) Chrome/120.0.0.0 Safari/537.36"
13.70.2.225 - - [06/Jun/2026:15:03:06 +0200] "GET /defaults.php HTTP/1.1" 404 47 "-" "Mozilla/5.0 (Windows NT 10.0; Win64; x64) AppleWebKit/537.36 (KHTML, like Gecko) Chrome/120.0.0.0 Safari/537.36"
13.70.2.225 - - [06/Jun/2026:15:03:07 +0200] "GET /system.php HTTP/1.1" 404 47 "-" "Mozilla/5.0 (Windows NT 10.0; Win64; x64) AppleWebKit/537.36 (KHTML, like Gecko) Chrome/120.0.0.0 Safari/537.36"
13.70.2.225 - - [06/Jun/2026:15:03:07 +0200] "GET /xmlrpc.php HTTP/1.1" 405 53 "-" "Mozilla/5.0 (Windows NT 10.0; Win64; x64) AppleWebKit/537.36 (KHTML, like Gecko) Chrome/120.0.0.0 Safari/537.36"
13.70.2.225 - - [06/Jun/2026:15:03:08 +0200] "GET /xmlrpc.php0 HTTP/1.1" 404 12537 "-" "Mozilla/5.0 (Windows NT 10.0; Win64; x64) AppleWebKit/537.36 (KHTML, like Gecko) Chrome/120.0.0.0 Safari/537.36"
13.70.2.225 - - [06/Jun/2026:15:03:08 +0200] "GET /colors.php HTTP/1.1" 404 47 "-" "Mozilla/5.0 (Windows NT 10.0; Win64; x64) AppleWebKit/537.36 (KHTML, like Gecko) Chrome/120.0.0.0 Safari/537.36"
13.70.2.225 - - [06/Jun/2026:15:03:08 +0200] "GET /updates.php HTTP/1.1" 404 47 "-" "Mozilla/5.0 (Windows NT 10.0; Win64; x64) AppleWebKit/537.36 (KHTML, like Gecko) Chrome/120.0.0.0 Safari/537.36"
13.70.2.225 - - [06/Jun/2026:15:03:09 +0200] "GET /alfa-rex1.php HTTP/1.1" 404 47 "-" "Mozilla/5.0 (Windows NT 10.0; Win64; x64) AppleWebKit/537.36 (KHTML, like Gecko) Chrome/120.0.0.0 Safari/537.36"
13.70.2.225 - - [06/Jun/2026:15:03:09 +0200] "GET /wp-index.php HTTP/1.1" 404 47 "-" "Mozilla/5.0 (Windows NT 10.0; Win64; x64) AppleWebKit/537.36 (KHTML, like Gecko) Chrome/120.0.0.0 Safari/537.36"
13.70.2.225 - - [06/Jun/2026:15:03:09 +0200] "GET /wp-admin.php HTTP/1.1" 404 47 "-" "Mozilla/5.0 (Windows NT 10.0; Win64; x64) AppleWebKit/537.36 (KHTML, like Gecko) Chrome/120.0.0.0 Safari/537.36"
13.70.2.225 - - [06/Jun/2026:15:03:09 +0200] "GET /alfa.php HTTP/1.1" 404 47 "-" "Mozilla/5.0 (Windows NT 10.0; Win64; x64) AppleWebKit/537.36 (KHTML, like Gecko) Chrome/120.0.0.0 Safari/537.36"
13.70.2.225 - - [06/Jun/2026:15:03:10 +0200] "GET /alfanew.php7 HTTP/1.1" 404 12545 "-" "Mozilla/5.0 (Windows NT 10.0; Win64; x64) AppleWebKit/537.36 (KHTML, like Gecko) Chrome/120.0.0.0 Safari/537.36"
13.70.2.225 - - [06/Jun/2026:15:03:11 +0200] "GET /locale.php HTTP/1.1" 404 47 "-" "Mozilla/5.0 (Windows NT 10.0; Win64; x64) AppleWebKit/537.36 (KHTML, like Gecko) Chrome/120.0.0.0 Safari/537.36"
13.70.2.225 - - [06/Jun/2026:15:03:11 +0200] "GET /wxo.php HTTP/1.1" 404 47 "-" "Mozilla/5.0 (Windows NT 10.0; Win64; x64) AppleWebKit/537.36 (KHTML, like Gecko) Chrome/120.0.0.0 Safari/537.36"
13.70.2.225 - - [06/Jun/2026:15:03:11 +0200] "GET /colour.php HTTP/1.1" 404 47 "-" "Mozilla/5.0 (Windows NT 10.0; Win64; x64) AppleWebKit/537.36 (KHTML, like Gecko) Chrome/120.0.0.0 Safari/537.36"
13.70.2.225 - - [06/Jun/2026:15:03:11 +0200] "GET /files.php HTTP/1.1" 404 47 "-" "Mozilla/5.0 (Windows NT 10.0; Win64; x64) AppleWebKit/537.36 (KHTML, like Gecko) Chrome/120.0.0.0 Safari/537.36"
13.70.2.225 - - [06/Jun/2026:15:03:11 +0200] "GET /install.php HTTP/1.1" 404 47 "-" "Mozilla/5.0 (Windows NT 10.0; Win64; x64) AppleWebKit/537.36 (KHTML, like Gecko) Chrome/120.0.0.0 Safari/537.36"
13.70.2.225 - - [06/Jun/2026:15:03:12 +0200] "GET /wp-contentt.php HTTP/1.1" 404 47 "-" "Mozilla/5.0 (Windows NT 10.0; Win64; x64) AppleWebKit/537.36 (KHTML, like Gecko) Chrome/120.0.0.0 Safari/537.36"
13.70.2.225 - - [06/Jun/2026:15:03:13 +0200] "GET /config.php7 HTTP/1.1" 404 12541 "-" "Mozilla/5.0 (Windows NT 10.0; Win64; x64) AppleWebKit/537.36 (KHTML, like Gecko) Chrome/120.0.0.0 Safari/537.36"
13.70.2.225 - - [06/Jun/2026:15:03:13 +0200] "GET /config.php HTTP/1.1" 404 47 "-" "Mozilla/5.0 (Windows NT 10.0; Win64; x64) AppleWebKit/537.36 (KHTML, like Gecko) Chrome/120.0.0.0 Safari/537.36"
13.70.2.225 - - [06/Jun/2026:15:03:13 +0200] "GET /theme.php HTTP/1.1" 404 47 "-" "Mozilla/5.0 (Windows NT 10.0; Win64; x64) AppleWebKit/537.36 (KHTML, like Gecko) Chrome/120.0.0.0 Safari/537.36"
13.70.2.225 - - [06/Jun/2026:15:03:13 +0200] "GET /block-bindings.php HTTP/1.1" 404 47 "-" "Mozilla/5.0 (Windows NT 10.0; Win64; x64) AppleWebKit/537.36 (KHTML, like Gecko) Chrome/120.0.0.0 Safari/537.36"
13.70.2.225 - - [06/Jun/2026:15:03:13 +0200] "GET /class_api.php HTTP/1.1" 404 47 "-" "Mozilla/5.0 (Windows NT 10.0; Win64; x64) AppleWebKit/537.36 (KHTML, like Gecko) Chrome/120.0.0.0 Safari/537.36"
13.70.2.225 - - [06/Jun/2026:15:03:14 +0200] "GET /inputs.php HTTP/1.1" 404 47 "-" "Mozilla/5.0 (Windows NT 10.0; Win64; x64) AppleWebKit/537.36 (KHTML, like Gecko) Chrome/120.0.0.0 Safari/537.36"
13.70.2.225 - - [06/Jun/2026:15:03:14 +0200] "GET /root.php HTTP/1.1" 404 47 "-" "Mozilla/5.0 (Windows NT 10.0; Win64; x64) AppleWebKit/537.36 (KHTML, like Gecko) Chrome/120.0.0.0 Safari/537.36"
13.70.2.225 - - [06/Jun/2026:15:03:14 +0200] "GET /menu.php HTTP/1.1" 404 47 "-" "Mozilla/5.0 (Windows NT 10.0; Win64; x64) AppleWebKit/537.36 (KHTML, like Gecko) Chrome/120.0.0.0 Safari/537.36"
13.70.2.225 - - [06/Jun/2026:15:03:14 +0200] "GET /plugin.php HTTP/1.1" 404 47 "-" "Mozilla/5.0 (Windows NT 10.0; Win64; x64) AppleWebKit/537.36 (KHTML, like Gecko) Chrome/120.0.0.0 Safari/537.36"
13.70.2.225 - - [06/Jun/2026:15:03:14 +0200] "GET /cloud.php HTTP/1.1" 404 47 "-" "Mozilla/5.0 (Windows NT 10.0; Win64; x64) AppleWebKit/537.36 (KHTML, like Gecko) Chrome/120.0.0.0 Safari/537.36"
13.70.2.225 - - [06/Jun/2026:15:03:14 +0200] "GET /configs.php HTTP/1.1" 404 47 "-" "Mozilla/5.0 (Windows NT 10.0; Win64; x64) AppleWebKit/537.36 (KHTML, like Gecko) Chrome/120.0.0.0 Safari/537.36"
13.70.2.225 - - [06/Jun/2026:15:03:15 +0200] "GET /wp-configs.php HTTP/1.1" 404 47 "-" "Mozilla/5.0 (Windows NT 10.0; Win64; x64) AppleWebKit/537.36 (KHTML, like Gecko) Chrome/120.0.0.0 Safari/537.36"
13.70.2.225 - - [06/Jun/2026:15:03:15 +0200] "GET /update.php HTTP/1.1" 404 47 "-" "Mozilla/5.0 (Windows NT 10.0; Win64; x64) AppleWebKit/537.36 (KHTML, like Gecko) Chrome/120.0.0.0 Safari/537.36"
13.70.2.225 - - [06/Jun/2026:15:03:15 +0200] "GET /2.php HTTP/1.1" 404 47 "-" "Mozilla/5.0 (Windows NT 10.0; Win64; x64) AppleWebKit/537.36 (KHTML, like Gecko) Chrome/120.0.0.0 Safari/537.36"
13.70.2.225 - - [06/Jun/2026:15:03:15 +0200] "GET /input.php HTTP/1.1" 404 47 "-" "Mozilla/5.0 (Windows NT 10.0; Win64; x64) AppleWebKit/537.36 (KHTML, like Gecko) Chrome/120.0.0.0 Safari/537.36"
13.70.2.225 - - [06/Jun/2026:15:03:15 +0200] "GET /aaa.php HTTP/1.1" 404 47 "-" "Mozilla/5.0 (Windows NT 10.0; Win64; x64) AppleWebKit/537.36 (KHTML, like Gecko) Chrome/120.0.0.0 Safari/537.36"
75.119.139.177 - - [06/Jun/2026:15:03:16 +0200] "POST /wp-cron.php?doing_wp_cron=1780750996.9364058971405029296875 HTTP/1.1" 200 31 "-" "WordPress/7.0; https://myideas.pt"
13.70.2.225 - - [06/Jun/2026:15:03:16 +0200] "GET /en-us/2021/04/30/php-community-sidesteps-its-third-supply-chain-attack-in-three-years/ HTTP/1.1" 404 12653 "-" "Mozilla/5.0 (Windows NT 10.0; Win64; x64) AppleWebKit/537.36 (KHTML, like Gecko) Chrome/120.0.0.0 Safari/537.36"
13.70.2.225 - - [06/Jun/2026:15:03:17 +0200] "GET /ALFA_DATA/alfacgiapi/ HTTP/1.1" 404 12554 "-" "Mozilla/5.0 (Windows NT 10.0; Win64; x64) AppleWebKit/537.36 (KHTML, like Gecko) Chrome/120.0.0.0 Safari/537.36"
13.70.2.225 - - [06/Jun/2026:15:03:18 +0200] "GET /wp-admin/images/ HTTP/1.1" 403 548 "-" "Mozilla/5.0 (Windows NT 10.0; Win64; x64) AppleWebKit/537.36 (KHTML, like Gecko) Chrome/120.0.0.0 Safari/537.36"
13.70.2.225 - - [06/Jun/2026:15:03:18 +0200] "GET /wp-admin/images/admin.php HTTP/1.1" 404 47 "-" "Mozilla/5.0 (Windows NT 10.0; Win64; x64) AppleWebKit/537.36 (KHTML, like Gecko) Chrome/120.0.0.0 Safari/537.36"
13.70.2.225 - - [06/Jun/2026:15:03:18 +0200] "GET /wp-admin/includes/moon.php HTTP/1.1" 404 47 "-" "Mozilla/5.0 (Windows NT 10.0; Win64; x64) AppleWebKit/537.36 (KHTML, like Gecko) Chrome/120.0.0.0 Safari/537.36"
13.70.2.225 - - [06/Jun/2026:15:03:18 +0200] "GET /wp-admin/maint/edit.php HTTP/1.1" 404 47 "-" "Mozilla/5.0 (Windows NT 10.0; Win64; x64) AppleWebKit/537.36 (KHTML, like Gecko) Chrome/120.0.0.0 Safari/537.36"
13.70.2.225 - - [06/Jun/2026:15:03:18 +0200] "GET /wp-content/1.php HTTP/1.1" 404 47 "-" "Mozilla/5.0 (Windows NT 10.0; Win64; x64) AppleWebKit/537.36 (KHTML, like Gecko) Chrome/120.0.0.0 Safari/537.36"
13.70.2.225 - - [06/Jun/2026:15:03:19 +0200] "GET /wp-content/plugins/WordPressCore/ HTTP/1.1" 404 12602 "-" "Mozilla/5.0 (Windows NT 10.0; Win64; x64) AppleWebKit/537.36 (KHTML, like Gecko) Chrome/120.0.0.0 Safari/537.36"
13.70.2.225 - - [06/Jun/2026:15:03:20 +0200] "GET /wp-content/plugins/ioxi/ioxi/ HTTP/1.1" 404 12600 "-" "Mozilla/5.0 (Windows NT 10.0; Win64; x64) AppleWebKit/537.36 (KHTML, like Gecko) Chrome/120.0.0.0 Safari/537.36"
13.70.2.225 - - [06/Jun/2026:15:03:20 +0200] "GET /wp-content/themes/404.php HTTP/1.1" 404 47 "-" "Mozilla/5.0 (Windows NT 10.0; Win64; x64) AppleWebKit/537.36 (KHTML, like Gecko) Chrome/120.0.0.0 Safari/537.36"
13.70.2.225 - - [06/Jun/2026:15:03:21 +0200] "GET /wp-content/uploads/2018/03/ HTTP/1.1" 404 12594 "-" "Mozilla/5.0 (Windows NT 10.0; Win64; x64) AppleWebKit/537.36 (KHTML, like Gecko) Chrome/120.0.0.0 Safari/537.36"
13.70.2.225 - - [06/Jun/2026:15:03:22 +0200] "GET /wp-content/uploads/2022/07/ HTTP/1.1" 404 12592 "-" "Mozilla/5.0 (Windows NT 10.0; Win64; x64) AppleWebKit/537.36 (KHTML, like Gecko) Chrome/120.0.0.0 Safari/537.36"
13.70.2.225 - - [06/Jun/2026:15:03:23 +0200] "GET /wp-content/uploads/2023/03/ HTTP/1.1" 404 12593 "-" "Mozilla/5.0 (Windows NT 10.0; Win64; x64) AppleWebKit/537.36 (KHTML, like Gecko) Chrome/120.0.0.0 Safari/537.36"
13.70.2.225 - - [06/Jun/2026:15:03:23 +0200] "GET /wp-content/uploads/autoload_classmap.php HTTP/1.1" 404 47 "-" "Mozilla/5.0 (Windows NT 10.0; Win64; x64) AppleWebKit/537.36 (KHTML, like Gecko) Chrome/120.0.0.0 Safari/537.36"
13.70.2.225 - - [06/Jun/2026:15:03:23 +0200] "GET /wp-content/uploads/wp.php HTTP/1.1" 404 47 "-" "Mozilla/5.0 (Windows NT 10.0; Win64; x64) AppleWebKit/537.36 (KHTML, like Gecko) Chrome/120.0.0.0 Safari/537.36"
13.70.2.225 - - [06/Jun/2026:15:03:24 +0200] "GET /wp-includes/js/tinymce/skins/lightgray/ HTTP/1.1" 403 548 "-" "Mozilla/5.0 (Windows NT 10.0; Win64; x64) AppleWebKit/537.36 (KHTML, like Gecko) Chrome/120.0.0.0 Safari/537.36"
13.70.2.225 - - [06/Jun/2026:15:03:24 +0200] "GET /wp-includes/js/tinymce/themes/inlite/ HTTP/1.1" 403 548 "-" "Mozilla/5.0 (Windows NT 10.0; Win64; x64) AppleWebKit/537.36 (KHTML, like Gecko) Chrome/120.0.0.0 Safari/537.36"
13.70.2.225 - - [06/Jun/2026:15:03:24 +0200] "GET /wp-includes/mani.php HTTP/1.1" 404 47 "-" "Mozilla/5.0 (Windows NT 10.0; Win64; x64) AppleWebKit/537.36 (KHTML, like Gecko) Chrome/120.0.0.0 Safari/537.36"
13.70.2.225 - - [06/Jun/2026:15:03:24 +0200] "GET /wp-includes/sodium_compat/ HTTP/1.1" 403 548 "-" "Mozilla/5.0 (Windows NT 10.0; Win64; x64) AppleWebKit/537.36 (KHTML, like Gecko) Chrome/120.0.0.0 Safari/537.36"
13.70.2.225 - - [06/Jun/2026:15:03:24 +0200] "GET /wp-includes/theme-compat/ HTTP/1.1" 403 548 "-" "Mozilla/5.0 (Windows NT 10.0; Win64; x64) AppleWebKit/537.36 (KHTML, like Gecko) Chrome/120.0.0.0 Safari/537.36"
13.70.2.225 - - [06/Jun/2026:15:03:25 +0200] "GET /wp-logs.php HTTP/1.1" 404 47 "-" "Mozilla/5.0 (Windows NT 10.0; Win64; x64) AppleWebKit/537.36 (KHTML, like Gecko) Chrome/120.0.0.0 Safari/537.36"
78.153.140.251 - - [06/Jun/2026:15:03:29 +0200] "GET /.env HTTP/1.1" 404 12539 "-" "Mozilla/5.0 (Windows NT 10.0; Win64; x64) AppleWebKit/537.36 (KHTML, like Gecko) Chrome/116.0.5845.140 Safari/537.36"
78.153.140.251 - - [06/Jun/2026:15:03:30 +0200] "POST / HTTP/1.1" 200 26088 "-" "Mozilla/5.0 (Windows NT 10.0; Win64; x64) AppleWebKit/537.36 (KHTML, like Gecko) Chrome/116.0.5845.140 Safari/537.36"
20.113.225.127 - - [06/Jun/2026:15:03:43 +0200] "GET / HTTP/1.1" 200 24292 "-" "Mozilla/5.0 AppleWebKit/537.36 (KHTML, like Gecko); compatible; ChatGPT-User/1.0; +https://openai.com/bot"
75.119.139.177 - - [06/Jun/2026:15:05:46 +0200] "POST /wp-cron.php?doing_wp_cron=1780751146.7325849533081054687500 HTTP/1.1" 200 31 "-" "WordPress/7.0; https://myideas.pt"
45.61.185.47 - - [06/Jun/2026:15:05:46 +0200] "GET /wp-login.php HTTP/1.1" 200 6744 "-" "Mozilla/5.0 (Windows NT 6.2; WOW64; rv:30.0) Gecko/20100101 Firefox/30.0"
45.61.185.47 - - [06/Jun/2026:15:05:47 +0200] "POST /wp-login.php HTTP/1.1" 200 7137 "-" "Mozilla/5.0 (Windows NT 6.2; WOW64; rv:30.0) Gecko/20100101 Firefox/30.0"
75.119.139.177 - - [06/Jun/2026:15:08:48 +0200] "POST /wp-cron.php?doing_wp_cron=1780751328.8933401107788085937500 HTTP/1.1" 200 31 "-" "WordPress/7.0; https://myideas.pt"
37.97.137.40 - - [06/Jun/2026:15:08:48 +0200] "HEAD / HTTP/1.1" 301 0 "-" "downnotifier.com monitoring"
37.97.137.40 - - [06/Jun/2026:15:08:49 +0200] "HEAD / HTTP/1.1" 200 0 "-" "downnotifier.com monitoring"
75.119.139.177 - - [06/Jun/2026:15:10:17 +0200] "POST /wp-cron.php?doing_wp_cron=1780751417.5737249851226806640625 HTTP/1.1" 200 31 "-" "WordPress/7.0; https://myideas.pt"
139.59.109.12 - - [06/Jun/2026:15:10:17 +0200] "HEAD / HTTP/1.1" 200 0 "-" "downnotifier.com monitoring"
100.26.66.245 - - [06/Jun/2026:15:13:49 +0200] "GET /robots.txt HTTP/1.1" 200 986 "-" "Mozilla/5.0 (Macintosh; Intel Mac OS X 10_10_1) AppleWebKit/600.2.5 (KHTML, like Gecko) Version/8.0.2 Safari/600.2.5 (Gort)"
57.141.20.7 - - [06/Jun/2026:15:16:07 +0200] "GET /guide-to-help-companies-2026/ HTTP/1.1" 200 103804 "-" "meta-externalagent/1.1 (+https://developers.facebook.com/docs/sharing/webmasters/crawler)"
75.119.139.177 - - [06/Jun/2026:15:17:18 +0200] "POST /wp-cron.php?doing_wp_cron=1780751838.4331181049346923828125 HTTP/1.1" 200 31 "-" "WordPress/7.0; https://myideas.pt"
198.244.226.66 - - [06/Jun/2026:15:17:18 +0200] "GET /sitemap-hot-2272152.xml HTTP/1.1" 404 13928 "-" "Mozilla/5.0 (compatible; AhrefsBot/7.0; +http://ahrefs.com/robot/)"
75.119.139.177 - - [06/Jun/2026:15:18:48 +0200] "POST /wp-cron.php?doing_wp_cron=1780751928.7398760318756103515625 HTTP/1.1" 200 31 "-" "WordPress/7.0; https://myideas.pt"
206.189.127.129 - - [06/Jun/2026:15:18:48 +0200] "HEAD / HTTP/1.1" 301 0 "-" "downnotifier.com monitoring"
206.189.127.129 - - [06/Jun/2026:15:18:49 +0200] "HEAD / HTTP/1.1" 200 0 "-" "downnotifier.com monitoring"
75.119.139.177 - - [06/Jun/2026:15:19:47 +0200] "POST /wp-cron.php?doing_wp_cron=1780751987.8187620639801025390625 HTTP/1.1" 200 31 "-" "WordPress/7.0; https://myideas.pt"
213.209.159.186 - - [06/Jun/2026:15:19:47 +0200] "POST /global-protect/login.esp HTTP/1.1" 404 13984 "-" "Mozilla/5.0 (Windows NT 10.0; Win64; x64) AppleWebKit/537.36 (KHTML, like Gecko) Chrome/115.0.0.0 Safari/537.36 Edg/115.0.1901.203"
213.209.159.186 - - [06/Jun/2026:15:19:48 +0200] "POST /global-protect/login.esp HTTP/1.1" 404 13984 "-" "Mozilla/5.0 (Windows NT 10.0; Win64; x64) AppleWebKit/537.36 (KHTML, like Gecko) Chrome/115.0.0.0 Safari/537.36 Edg/115.0.1901.203"
75.119.139.177 - - [06/Jun/2026:15:20:16 +0200] "POST /wp-cron.php?doing_wp_cron=1780752016.1138799190521240234375 HTTP/1.1" 200 31 "-" "WordPress/7.0; https://myideas.pt"
206.189.127.129 - - [06/Jun/2026:15:20:16 +0200] "HEAD / HTTP/1.1" 200 0 "-" "downnotifier.com monitoring"
75.119.139.177 - - [06/Jun/2026:15:23:48 +0200] "POST /wp-cron.php?doing_wp_cron=1780752228.2397429943084716796875 HTTP/1.1" 200 31 "-" "WordPress/7.0; https://myideas.pt"
213.171.208.232 - - [06/Jun/2026:15:23:48 +0200] "GET /wp-login.php HTTP/1.1" 200 2256 "-" "Mozilla/5.0 (Windows NT 10.0; Win64; x64) AppleWebKit/537.36 (KHTML, like Gecko) Chrome/133.0.0.0 Safari/537.36 Edg/133.0.0.0"
213.171.208.232 - - [06/Jun/2026:15:23:49 +0200] "POST /wp-login.php HTTP/1.1" 200 2386 "https://www.myideas.pt/wp-login.php" "Mozilla/5.0 (Windows NT 10.0; Win64; x64) AppleWebKit/537.36 (KHTML, like Gecko) Chrome/133.0.0.0 Safari/537.36 Edg/133.0.0.0"
75.119.139.177 - - [06/Jun/2026:15:24:06 +0200] "POST /wp-cron.php?doing_wp_cron=1780752246.7180109024047851562500 HTTP/1.1" 200 31 "-" "WordPress/7.0; https://myideas.pt"
51.195.183.189 - - [06/Jun/2026:15:24:06 +0200] "GET /sitemap-hot-2270152.xml HTTP/1.1" 404 13928 "-" "Mozilla/5.0 (compatible; AhrefsBot/7.0; +http://ahrefs.com/robot/)"
45.205.1.73 - - [06/Jun/2026:15:24:35 +0200] "GET / HTTP/1.1" 400 150 "-" "-"
75.119.139.177 - - [06/Jun/2026:15:27:37 +0200] "POST /wp-cron.php?doing_wp_cron=1780752457.8577470779418945312500 HTTP/1.1" 200 31 "-" "WordPress/7.0; https://myideas.pt"
78.142.18.172 - - [06/Jun/2026:15:27:37 +0200] "GET /wp-login.php HTTP/1.1" 200 2256 "-" "Mozilla/5.0 (Windows NT 10.0; Win64; x64; rv:133.0) Gecko/20100101 Firefox/133.0"
78.142.18.172 - - [06/Jun/2026:15:27:38 +0200] "POST /wp-login.php HTTP/1.1" 200 2386 "https://myideas.pt/wp-login.php" "Mozilla/5.0 (Windows NT 10.0; Win64; x64; rv:133.0) Gecko/20100101 Firefox/133.0"
75.119.139.177 - - [06/Jun/2026:15:28:49 +0200] "POST /wp-cron.php?doing_wp_cron=1780752529.4212601184844970703125 HTTP/1.1" 200 31 "-" "WordPress/7.0; https://myideas.pt"
37.97.137.40 - - [06/Jun/2026:15:28:49 +0200] "HEAD / HTTP/1.1" 301 0 "-" "downnotifier.com monitoring"
37.97.137.40 - - [06/Jun/2026:15:28:50 +0200] "HEAD / HTTP/1.1" 200 0 "-" "downnotifier.com monitoring"
75.119.139.177 - - [06/Jun/2026:15:30:15 +0200] "POST /wp-cron.php?doing_wp_cron=1780752615.1708040237426757812500 HTTP/1.1" 200 31 "-" "WordPress/7.0; https://myideas.pt"
149.28.73.26 - - [06/Jun/2026:15:30:15 +0200] "HEAD / HTTP/1.1" 200 0 "-" "downnotifier.com monitoring"
75.119.139.177 - - [06/Jun/2026:15:32:18 +0200] "POST /wp-cron.php?doing_wp_cron=1780752738.6461780071258544921875 HTTP/1.1" 200 31 "-" "WordPress/7.0; https://myideas.pt"
95.146.162.241 - - [06/Jun/2026:15:32:18 +0200] "GET /sitemap-hot-2288152.xml HTTP/1.1" 404 13930 "-" "Mozilla/5.0 (Macintosh; Intel Mac OS X 10_15_7) AppleWebKit/537.36 (KHTML, like Gecko) Chrome/134.0.6998.88 Safari/537.36"
45.79.181.104 - - [06/Jun/2026:15:36:48 +0200] "GET / HTTP/1.1" 400 650 "-" "Mozilla/5.0 (Macintosh; Intel Mac OS X 13_1) AppleWebKit/537.36 (KHTML, like Gecko) Chrome/108.0.0.0 Safari/537.36"
223.109.255.228 - - [06/Jun/2026:15:37:08 +0200] "GET /wp-content/uploads/2024/07/myideas_branding_armando_cunha_1-1024x768.jpg HTTP/1.1" 404 146 "http://pic.sogou.com" "Sogou Pic Spider/3.0(+http://www.sogou.com/docs/help/webmasters.htm#07)"
75.119.139.177 - - [06/Jun/2026:15:38:51 +0200] "POST /wp-cron.php?doing_wp_cron=1780753130.2573430538177490234375 HTTP/1.1" 499 0 "-" "WordPress/7.0; https://myideas.pt"
206.189.127.129 - - [06/Jun/2026:15:38:51 +0200] "HEAD / HTTP/1.1" 301 0 "-" "downnotifier.com monitoring"
206.189.127.129 - - [06/Jun/2026:15:38:52 +0200] "HEAD / HTTP/1.1" 200 0 "-" "downnotifier.com monitoring"
47.245.142.97 - - [06/Jun/2026:15:38:53 +0200] "GET / HTTP/1.1" 301 5 "-" "curl/7.64.1"
75.119.139.177 - - [06/Jun/2026:15:39:36 +0200] "POST /wp-cron.php?doing_wp_cron=1780753176.1322419643402099609375 HTTP/1.1" 200 31 "-" "WordPress/7.0; https://myideas.pt"
47.245.142.97 - - [06/Jun/2026:15:39:36 +0200] "GET / HTTP/1.1" 301 5 "-" "curl/7.74.0"
139.59.109.12 - - [06/Jun/2026:15:40:15 +0200] "HEAD / HTTP/1.1" 200 0 "-" "downnotifier.com monitoring"
170.106.84.136 - - [06/Jun/2026:15:40:26 +0200] "GET / HTTP/1.1" 400 248 "-" "Mozilla/5.0 (iPhone; CPU iPhone OS 13_2_3 like Mac OS X) AppleWebKit/605.1.15 (KHTML, like Gecko) Version/13.0.3 Mobile/15E148 Safari/604.1"
123.160.223.72 - - [06/Jun/2026:15:40:38 +0200] "GET / HTTP/1.1" 301 5 "-" "Mozilla/5.0 (Macintosh; Intel Mac OS X 10_15_7) AppleWebKit/537.36 (KHTML, like Gecko) Chrome/120.0.0.0 Safari/537.36"
75.119.139.177 - - [06/Jun/2026:15:40:38 +0200] "POST /wp-cron.php?doing_wp_cron=1780753238.3651530742645263671875 HTTP/1.1" 200 31 "-" "WordPress/7.0; https://myideas.pt"
123.160.223.73 - - [06/Jun/2026:15:40:38 +0200] "GET / HTTP/1.1" 301 5 "-" "Mozilla/5.0 (Macintosh; Intel Mac OS X 10_15_7) AppleWebKit/537.36 (KHTML, like Gecko) Chrome/120.0.0.0 Safari/537.36"
123.160.223.72 - - [06/Jun/2026:15:40:39 +0200] "GET / HTTP/1.1" 200 24292 "-" "Mozilla/5.0 (Macintosh; Intel Mac OS X 10_15_7) AppleWebKit/537.36 (KHTML, like Gecko) Chrome/120.0.0.0 Safari/537.36"
123.160.223.73 - - [06/Jun/2026:15:40:42 +0200] "GET /wp-content/uploads/2024/07/FAVICON_MYIDEAS-150x150.jpg HTTP/1.1" 200 3437 "-" "Mozilla/5.0 (Macintosh; Intel Mac OS X 10_15_7) AppleWebKit/537.36 (KHTML, like Gecko) Chrome/120.0.0.0 Safari/537.36"
123.160.223.73 - - [06/Jun/2026:15:40:46 +0200] "GET / HTTP/1.1" 301 5 "-" "Mozilla/5.0 (Macintosh; Intel Mac OS X 10_15_7) AppleWebKit/537.36 (KHTML, like Gecko) Chrome/120.0.0.0 Safari/537.36"
123.160.223.74 - - [06/Jun/2026:15:40:47 +0200] "GET / HTTP/1.1" 301 5 "-" "Mozilla/5.0 (Macintosh; Intel Mac OS X 10_15_7) AppleWebKit/537.36 (KHTML, like Gecko) Chrome/120.0.0.0 Safari/537.36"
75.119.139.177 - - [06/Jun/2026:15:43:57 +0200] "POST /wp-cron.php?doing_wp_cron=1780753437.1135070323944091796875 HTTP/1.1" 200 31 "-" "WordPress/7.0; https://myideas.pt"
45.148.10.67 - - [06/Jun/2026:15:43:57 +0200] "GET / HTTP/1.1" 301 5 "-" "Mozilla/5.0 (Windows NT 10.0; Win64; x64) AppleWebKit/537.36 (KHTML, like Gecko) Chrome/131.0.0.0 Safari/537.36"
45.148.10.67 - - [06/Jun/2026:15:43:57 +0200] "GET / HTTP/1.1" 200 23869 "https://75.119.139.177:443/" "Mozilla/5.0 (Windows NT 10.0; Win64; x64) AppleWebKit/537.36 (KHTML, like Gecko) Chrome/131.0.0.0 Safari/537.36"
163.172.27.20 - - [06/Jun/2026:15:45:29 +0200] "GET /favicon.ico HTTP/1.1" 400 650 "-" "Mozilla/5.0 (X11; Linux x86_64) AppleWebKit/537.36 (KHTML, like Gecko) Chrome/120.0.0.0 Safari/537.36"
216.73.217.21 - - [06/Jun/2026:15:47:48 +0200] "GET /robots.txt HTTP/1.1" 200 986 "-" "Mozilla/5.0 AppleWebKit/537.36 (KHTML, like Gecko; compatible; ClaudeBot/1.0; +claudebot@anthropic.com)"
75.119.139.177 - - [06/Jun/2026:15:47:49 +0200] "POST /wp-cron.php?doing_wp_cron=1780753669.8356420993804931640625 HTTP/1.1" 200 31 "-" "WordPress/7.0; https://myideas.pt"
216.73.217.21 - - [06/Jun/2026:15:47:49 +0200] "GET /sitemap-hot-2286152.xml HTTP/1.1" 404 13930 "-" "Mozilla/5.0 AppleWebKit/537.36 (KHTML, like Gecko; compatible; ClaudeBot/1.0; +claudebot@anthropic.com)"
75.119.139.177 - - [06/Jun/2026:15:48:32 +0200] "POST /wp-cron.php?doing_wp_cron=1780753712.2584021091461181640625 HTTP/1.1" 200 31 "-" "WordPress/7.0; https://myideas.pt"
216.73.217.21 - - [06/Jun/2026:15:48:32 +0200] "GET /sitemap-hot-2282152.xml HTTP/1.1" 404 13930 "-" "Mozilla/5.0 AppleWebKit/537.36 (KHTML, like Gecko; compatible; ClaudeBot/1.0; +claudebot@anthropic.com)"
37.97.137.40 - - [06/Jun/2026:15:48:51 +0200] "HEAD / HTTP/1.1" 301 0 "-" "downnotifier.com monitoring"
37.97.137.40 - - [06/Jun/2026:15:48:52 +0200] "HEAD / HTTP/1.1" 200 0 "-" "downnotifier.com monitoring"
75.119.139.177 - - [06/Jun/2026:15:49:28 +0200] "POST /wp-cron.php?doing_wp_cron=1780753768.1946959495544433593750 HTTP/1.1" 200 31 "-" "WordPress/7.0; https://myideas.pt"
51.89.129.151 - - [06/Jun/2026:15:49:28 +0200] "GET /sitemap-hot-2294152.xml HTTP/1.1" 404 13928 "-" "Mozilla/5.0 (compatible; AhrefsBot/7.0; +http://ahrefs.com/robot/)"
205.185.116.237 - - [06/Jun/2026:15:49:51 +0200] "GET /wp-login.php HTTP/1.1" 200 6744 "-" "Mozilla/5.0 (Windows NT 10.0; Win64; x64; rv:121.0) Gecko/20100101 Firefox/121.0"
216.73.217.21 - - [06/Jun/2026:15:49:58 +0200] "GET /sitemap-hot-2268152.xml HTTP/1.1" 404 13930 "-" "Mozilla/5.0 AppleWebKit/537.36 (KHTML, like Gecko; compatible; ClaudeBot/1.0; +claudebot@anthropic.com)"
206.189.127.129 - - [06/Jun/2026:15:50:13 +0200] "HEAD / HTTP/1.1" 200 0 "-" "downnotifier.com monitoring"
75.119.139.177 - - [06/Jun/2026:15:51:10 +0200] "POST /wp-cron.php?doing_wp_cron=1780753870.6626570224761962890625 HTTP/1.1" 200 31 "-" "WordPress/7.0; https://myideas.pt"
205.185.116.237 - - [06/Jun/2026:15:51:10 +0200] "POST /wp-login.php HTTP/1.1" 200 7137 "-" "Mozilla/5.0 (Windows NT 10.0; Win64; x64; rv:121.0) Gecko/20100101 Firefox/121.0"
110.249.201.56 - - [06/Jun/2026:15:51:33 +0200] "GET /robots.txt HTTP/1.1" 200 986 "-" "Mozilla/5.0 (Linux; Android 5.0) AppleWebKit/537.36 (KHTML, like Gecko) Mobile Safari/537.36 (compatible; Bytespider; https://zhanzhang.toutiao.com/)"
75.119.139.177 - - [06/Jun/2026:15:51:55 +0200] "POST /wp-cron.php?doing_wp_cron=1780753915.1193370819091796875000 HTTP/1.1" 200 31 "-" "WordPress/7.0; https://myideas.pt"
205.185.122.174 - - [06/Jun/2026:15:51:55 +0200] "GET /wp-login.php HTTP/1.1" 200 6744 "-" "Mozilla/5.0 (Macintosh; Intel Mac OS X 10_14_6) AppleWebKit/537.36 (KHTML, like Gecko) Chrome/117.0.0.0 Safari/537.36"
75.119.139.177 - - [06/Jun/2026:15:52:56 +0200] "POST /wp-cron.php?doing_wp_cron=1780753976.9186658859252929687500 HTTP/1.1" 200 31 "-" "WordPress/7.0; https://myideas.pt"
205.185.122.174 - - [06/Jun/2026:15:52:56 +0200] "POST /wp-login.php HTTP/1.1" 200 7171 "-" "Mozilla/5.0 (Macintosh; Intel Mac OS X 10_14_6) AppleWebKit/537.36 (KHTML, like Gecko) Chrome/117.0.0.0 Safari/537.36"
176.65.139.236 - - [06/Jun/2026:15:54:26 +0200] "GET / HTTP/1.1" 200 169697 "-" "Mozilla/5.0 (Windows NT 10.0; Win64; x64) AppleWebKit/537.36 (KHTML, like Gecko) Chrome/147.0.0.0 Safari/537.36"
75.119.139.177 - - [06/Jun/2026:15:54:27 +0200] "POST /wp-cron.php?doing_wp_cron=1780754067.4948189258575439453125 HTTP/1.1" 200 31 "-" "WordPress/7.0; https://myideas.pt"
216.73.217.21 - - [06/Jun/2026:15:54:27 +0200] "GET /sitemap-hot-2280152.xml HTTP/1.1" 404 13930 "-" "Mozilla/5.0 AppleWebKit/537.36 (KHTML, like Gecko; compatible; ClaudeBot/1.0; +claudebot@anthropic.com)"
