62.60.130.230 - - [06/Jun/2026:18:19:42 +0200] "POST /wp-login.php HTTP/1.1" 200 2406 "https://myideas.pt/wp-login.php" "Mozilla/5.0 (X11; Linux x86_64; rv:93.0) Gecko/20100101 Firefox/93.0"
62.60.130.230 - - [06/Jun/2026:18:19:43 +0200] "GET /wp-admin/index.php HTTP/1.1" 302 5 "https://myideas.pt/wp-login.php" "Mozilla/5.0 (X11; Linux x86_64) AppleWebKit/537.36 (KHTML, like Gecko) Chrome/90.0.4430.212 Safari/537.36"
62.60.130.230 - - [06/Jun/2026:18:19:43 +0200] "GET /wp-login.php?redirect_to=https%3A%2F%2Fmyideas.pt%2Fwp-admin%2Findex.php&reauth=1 HTTP/1.1" 200 2265 "https://myideas.pt/wp-login.php" "Mozilla/5.0 (X11; Linux x86_64) AppleWebKit/537.36 (KHTML, like Gecko) Chrome/90.0.4430.212 Safari/537.36"
62.60.130.230 - - [06/Jun/2026:18:19:44 +0200] "GET /wp-admin/index.php HTTP/1.1" 302 5 "https://myideas.pt/wp-login.php" "Mozilla/5.0 (X11; Linux x86_64) AppleWebKit/537.36 (KHTML, like Gecko) Chrome/90.0.4430.212 Safari/537.36"
62.60.130.230 - - [06/Jun/2026:18:19:44 +0200] "GET /wp-login.php?redirect_to=https%3A%2F%2Fmyideas.pt%2Fwp-admin%2Findex.php&reauth=1 HTTP/1.1" 200 2265 "https://myideas.pt/wp-login.php" "Mozilla/5.0 (X11; Linux x86_64) AppleWebKit/537.36 (KHTML, like Gecko) Chrome/90.0.4430.212 Safari/537.36"
62.60.130.230 - - [06/Jun/2026:18:19:45 +0200] "POST /wp-login.php HTTP/1.1" 200 2412 "https://myideas.pt/wp-login.php" "Mozilla/5.0 (Windows NT 10.0; Win64; x64) AppleWebKit/537.36 (KHTML, like Gecko) Chrome/91.0.4472.124 Safari/537.36"
62.60.130.230 - - [06/Jun/2026:18:19:45 +0200] "GET /wp-admin/index.php HTTP/1.1" 302 5 "https://myideas.pt/wp-login.php" "Mozilla/5.0 (Windows NT 10.0; Win64; x64) AppleWebKit/605.1.15 (KHTML, like Gecko) Version/14.1.2 Safari/605.1.15"
108.175.213.101 - - [06/Jun/2026:18:19:46 +0200] "GET /.git/HEAD HTTP/1.1" 404 12544 "-" "Mozilla/5.0 (Macintosh; Intel Mac OS X 14.4; rv:125.0) Gecko/20100101 Firefox/125.0"
62.60.130.230 - - [06/Jun/2026:18:19:46 +0200] "GET /wp-login.php?redirect_to=https%3A%2F%2Fmyideas.pt%2Fwp-admin%2Findex.php&reauth=1 HTTP/1.1" 200 2265 "https://myideas.pt/wp-login.php" "Mozilla/5.0 (Windows NT 10.0; Win64; x64) AppleWebKit/605.1.15 (KHTML, like Gecko) Version/14.1.2 Safari/605.1.15"
62.60.130.230 - - [06/Jun/2026:18:19:46 +0200] "GET /wp-admin/index.php HTTP/1.1" 302 5 "https://myideas.pt/wp-login.php" "Mozilla/5.0 (Windows NT 10.0; Win64; x64) AppleWebKit/605.1.15 (KHTML, like Gecko) Version/14.1.2 Safari/605.1.15"
108.175.213.101 - - [06/Jun/2026:18:19:47 +0200] "GET /.git/config HTTP/1.1" 404 12542 "-" "Mozilla/5.0 (Windows NT 10.0; Win64; x64) AppleWebKit/537.36 (KHTML, like Gecko) Chrome/123.0.0.0 Safari/537.36"
62.60.130.230 - - [06/Jun/2026:18:19:47 +0200] "GET /wp-login.php?redirect_to=https%3A%2F%2Fmyideas.pt%2Fwp-admin%2Findex.php&reauth=1 HTTP/1.1" 200 2265 "https://myideas.pt/wp-login.php" "Mozilla/5.0 (Windows NT 10.0; Win64; x64) AppleWebKit/605.1.15 (KHTML, like Gecko) Version/14.1.2 Safari/605.1.15"
62.60.130.230 - - [06/Jun/2026:18:19:48 +0200] "POST /wp-login.php HTTP/1.1" 200 2349 "https://myideas.pt/wp-login.php" "Mozilla/5.0 (Windows NT 10.0; Win64; x64) AppleWebKit/605.1.15 (KHTML, like Gecko) Version/14.1.2 Safari/605.1.15"
62.60.130.230 - - [06/Jun/2026:18:19:48 +0200] "GET /wp-admin/index.php HTTP/1.1" 302 5 "https://myideas.pt/wp-login.php" "Mozilla/5.0 (Macintosh; Intel Mac OS X 10_15_7) AppleWebKit/537.36 (KHTML, like Gecko) Chrome/90.0.4430.212 Safari/537.36"
108.175.213.101 - - [06/Jun/2026:18:19:48 +0200] "GET /.env HTTP/1.1" 404 12539 "-" "Mozilla/5.0 (compatible; Googlebot/2.1; +http://www.google.com/bot.html)"
62.60.130.230 - - [06/Jun/2026:18:19:49 +0200] "GET /wp-login.php?redirect_to=https%3A%2F%2Fmyideas.pt%2Fwp-admin%2Findex.php&reauth=1 HTTP/1.1" 200 2265 "https://myideas.pt/wp-login.php" "Mozilla/5.0 (Macintosh; Intel Mac OS X 10_15_7) AppleWebKit/537.36 (KHTML, like Gecko) Chrome/90.0.4430.212 Safari/537.36"
62.60.130.230 - - [06/Jun/2026:18:19:49 +0200] "GET /wp-admin/index.php HTTP/1.1" 302 5 "https://myideas.pt/wp-login.php" "Mozilla/5.0 (Macintosh; Intel Mac OS X 10_15_7) AppleWebKit/537.36 (KHTML, like Gecko) Chrome/90.0.4430.212 Safari/537.36"
62.60.130.230 - - [06/Jun/2026:18:19:50 +0200] "GET /wp-login.php?redirect_to=https%3A%2F%2Fmyideas.pt%2Fwp-admin%2Findex.php&reauth=1 HTTP/1.1" 200 2265 "https://myideas.pt/wp-login.php" "Mozilla/5.0 (Macintosh; Intel Mac OS X 10_15_7) AppleWebKit/537.36 (KHTML, like Gecko) Chrome/90.0.4430.212 Safari/537.36"
108.175.213.101 - - [06/Jun/2026:18:19:50 +0200] "GET /.env.local HTTP/1.1" 404 12542 "-" "Mozilla/5.0 (Macintosh; Intel Mac OS X 14.4; rv:125.0) Gecko/20100101 Firefox/125.0"
62.60.130.230 - - [06/Jun/2026:18:19:50 +0200] "POST /wp-login.php HTTP/1.1" 200 2407 "https://myideas.pt/wp-login.php" "Mozilla/5.0 (Windows NT 6.1; Win64; x64) AppleWebKit/537.36 (KHTML, like Gecko) Chrome/92.0.4515.131 Safari/537.36"
62.60.130.230 - - [06/Jun/2026:18:19:51 +0200] "GET /wp-admin/index.php HTTP/1.1" 302 5 "https://myideas.pt/wp-login.php" "Mozilla/5.0 (Macintosh; Intel Mac OS X 10_15_7) AppleWebKit/605.1.15 (KHTML, like Gecko) Version/14.1.1 Safari/605.1.15"
108.175.213.101 - - [06/Jun/2026:18:19:51 +0200] "GET /.env.production HTTP/1.1" 404 12546 "-" "Mozilla/5.0 (Windows NT 10.0; Win64; x64) AppleWebKit/537.36 (KHTML, like Gecko) Chrome/123.0.0.0 Safari/537.36"
62.60.130.230 - - [06/Jun/2026:18:19:51 +0200] "GET /wp-login.php?redirect_to=https%3A%2F%2Fmyideas.pt%2Fwp-admin%2Findex.php&reauth=1 HTTP/1.1" 200 2265 "https://myideas.pt/wp-login.php" "Mozilla/5.0 (Macintosh; Intel Mac OS X 10_15_7) AppleWebKit/605.1.15 (KHTML, like Gecko) Version/14.1.1 Safari/605.1.15"
62.60.130.230 - - [06/Jun/2026:18:19:52 +0200] "GET /wp-admin/index.php HTTP/1.1" 302 5 "https://myideas.pt/wp-login.php" "Mozilla/5.0 (Macintosh; Intel Mac OS X 10_15_7) AppleWebKit/605.1.15 (KHTML, like Gecko) Version/14.1.1 Safari/605.1.15"
108.175.213.101 - - [06/Jun/2026:18:19:52 +0200] "GET /.env.backup HTTP/1.1" 404 12543 "-" "Mozilla/5.0 (Macintosh; Intel Mac OS X 14_4_1) AppleWebKit/605.1.15 (KHTML, like Gecko) Version/17.4 Safari/605.1.15"
62.60.130.230 - - [06/Jun/2026:18:19:53 +0200] "GET /wp-login.php?redirect_to=https%3A%2F%2Fmyideas.pt%2Fwp-admin%2Findex.php&reauth=1 HTTP/1.1" 200 2265 "https://myideas.pt/wp-login.php" "Mozilla/5.0 (Macintosh; Intel Mac OS X 10_15_7) AppleWebKit/605.1.15 (KHTML, like Gecko) Version/14.1.1 Safari/605.1.15"
62.60.130.230 - - [06/Jun/2026:18:19:53 +0200] "POST /wp-login.php HTTP/1.1" 200 2379 "https://myideas.pt/wp-login.php" "Mozilla/5.0 (Macintosh; Intel Mac OS X 10_15_7; rv:90.0) Gecko/20100101 Firefox/90.0.1"
108.175.213.101 - - [06/Jun/2026:18:19:54 +0200] "GET /.env.save HTTP/1.1" 404 12543 "-" "Mozilla/5.0 (compatible; Googlebot/2.1; +http://www.google.com/bot.html)"
62.60.130.230 - - [06/Jun/2026:18:19:54 +0200] "GET /wp-admin/index.php HTTP/1.1" 302 5 "https://myideas.pt/wp-login.php" "Mozilla/5.0 (Windows NT 10.0; Win64; x64) AppleWebKit/605.1.15 (KHTML, like Gecko) Version/14.1 Safari/605.1.15"
62.60.130.230 - - [06/Jun/2026:18:19:54 +0200] "GET /wp-login.php?redirect_to=https%3A%2F%2Fmyideas.pt%2Fwp-admin%2Findex.php&reauth=1 HTTP/1.1" 200 2265 "https://myideas.pt/wp-login.php" "Mozilla/5.0 (Windows NT 10.0; Win64; x64) AppleWebKit/605.1.15 (KHTML, like Gecko) Version/14.1 Safari/605.1.15"
108.175.213.101 - - [06/Jun/2026:18:19:55 +0200] "GET /wp-config.php HTTP/1.1" 200 31 "-" "Mozilla/5.0 (Macintosh; Intel Mac OS X 14.4; rv:125.0) Gecko/20100101 Firefox/125.0"
62.60.130.230 - - [06/Jun/2026:18:19:55 +0200] "GET /wp-admin/index.php HTTP/1.1" 302 5 "https://myideas.pt/wp-login.php" "Mozilla/5.0 (Windows NT 10.0; Win64; x64) AppleWebKit/605.1.15 (KHTML, like Gecko) Version/14.1 Safari/605.1.15"
62.60.130.230 - - [06/Jun/2026:18:19:55 +0200] "GET /wp-login.php?redirect_to=https%3A%2F%2Fmyideas.pt%2Fwp-admin%2Findex.php&reauth=1 HTTP/1.1" 200 2265 "https://myideas.pt/wp-login.php" "Mozilla/5.0 (Windows NT 10.0; Win64; x64) AppleWebKit/605.1.15 (KHTML, like Gecko) Version/14.1 Safari/605.1.15"
62.60.130.230 - - [06/Jun/2026:18:19:56 +0200] "POST /wp-login.php HTTP/1.1" 200 2406 "https://myideas.pt/wp-login.php" "Mozilla/5.0 (X11; Linux x86_64) AppleWebKit/537.36 (KHTML, like Gecko) Chrome/93.0.4577.63 Safari/537.36"
108.175.213.101 - - [06/Jun/2026:18:19:56 +0200] "GET /wp-config.php.bak HTTP/1.1" 404 12543 "-" "Mozilla/5.0 (Windows NT 10.0; Win64; x64) AppleWebKit/537.36 (KHTML, like Gecko) Chrome/124.0.0.0 Safari/537.36"
62.60.130.230 - - [06/Jun/2026:18:19:57 +0200] "GET /wp-admin/index.php HTTP/1.1" 302 5 "https://myideas.pt/wp-login.php" "Mozilla/5.0 (X11; Linux x86_64) AppleWebKit/537.36 (KHTML, like Gecko) Chrome/90.0.4430.212 Safari/537.36"
62.60.130.230 - - [06/Jun/2026:18:19:57 +0200] "GET /wp-login.php?redirect_to=https%3A%2F%2Fmyideas.pt%2Fwp-admin%2Findex.php&reauth=1 HTTP/1.1" 200 2265 "https://myideas.pt/wp-login.php" "Mozilla/5.0 (X11; Linux x86_64) AppleWebKit/537.36 (KHTML, like Gecko) Chrome/90.0.4430.212 Safari/537.36"
62.60.130.230 - - [06/Jun/2026:18:19:58 +0200] "GET /wp-admin/index.php HTTP/1.1" 302 5 "https://myideas.pt/wp-login.php" "Mozilla/5.0 (X11; Linux x86_64) AppleWebKit/537.36 (KHTML, like Gecko) Chrome/90.0.4430.212 Safari/537.36"
62.60.130.230 - - [06/Jun/2026:18:19:58 +0200] "GET /wp-login.php?redirect_to=https%3A%2F%2Fmyideas.pt%2Fwp-admin%2Findex.php&reauth=1 HTTP/1.1" 200 2265 "https://myideas.pt/wp-login.php" "Mozilla/5.0 (X11; Linux x86_64) AppleWebKit/537.36 (KHTML, like Gecko) Chrome/90.0.4430.212 Safari/537.36"
108.175.213.101 - - [06/Jun/2026:18:19:59 +0200] "GET /config/database.yml HTTP/1.1" 404 12548 "-" "Mozilla/5.0 (Macintosh; Intel Mac OS X 14.4; rv:125.0) Gecko/20100101 Firefox/125.0"
62.60.130.230 - - [06/Jun/2026:18:19:59 +0200] "POST /wp-login.php HTTP/1.1" 200 2379 "https://myideas.pt/wp-login.php" "Mozilla/5.0 (Windows NT 10.0; Win64; x64) AppleWebKit/537.36 (KHTML, like Gecko) Chrome/90.0.4430.212 Safari/537.36"
62.60.130.230 - - [06/Jun/2026:18:20:00 +0200] "GET /wp-admin/index.php HTTP/1.1" 302 5 "https://myideas.pt/wp-login.php" "Mozilla/5.0 (Windows NT 10.0; Win64; x64; rv:92.0) Gecko/20100101 Firefox/92.0"
62.60.130.230 - - [06/Jun/2026:18:20:00 +0200] "GET /wp-login.php?redirect_to=https%3A%2F%2Fmyideas.pt%2Fwp-admin%2Findex.php&reauth=1 HTTP/1.1" 200 2265 "https://myideas.pt/wp-login.php" "Mozilla/5.0 (Windows NT 10.0; Win64; x64; rv:92.0) Gecko/20100101 Firefox/92.0"
62.60.130.230 - - [06/Jun/2026:18:20:01 +0200] "GET /wp-admin/index.php HTTP/1.1" 302 5 "https://myideas.pt/wp-login.php" "Mozilla/5.0 (Windows NT 10.0; Win64; x64; rv:92.0) Gecko/20100101 Firefox/92.0"
108.175.213.101 - - [06/Jun/2026:18:20:01 +0200] "GET /server-status HTTP/1.1" 404 12544 "-" "Mozilla/5.0 (X11; Linux x86_64; rv:125.0) Gecko/20100101 Firefox/125.0"
62.60.130.230 - - [06/Jun/2026:18:20:01 +0200] "GET /wp-login.php?redirect_to=https%3A%2F%2Fmyideas.pt%2Fwp-admin%2Findex.php&reauth=1 HTTP/1.1" 200 2265 "https://myideas.pt/wp-login.php" "Mozilla/5.0 (Windows NT 10.0; Win64; x64; rv:92.0) Gecko/20100101 Firefox/92.0"
62.60.130.230 - - [06/Jun/2026:18:20:02 +0200] "POST /wp-login.php HTTP/1.1" 200 2407 "https://myideas.pt/wp-login.php" "Mozilla/5.0 (Windows NT 10.0; Win64; x64) AppleWebKit/605.1.15 (KHTML, like Gecko) Version/14.1.1 Safari/605.1.15"
62.60.130.230 - - [06/Jun/2026:18:20:03 +0200] "GET /wp-admin/index.php HTTP/1.1" 302 5 "https://myideas.pt/wp-login.php" "Mozilla/5.0 (Macintosh; Intel Mac OS X 10_15_7; rv:90.0) Gecko/20100101 Firefox/90.0.1"
108.175.213.101 - - [06/Jun/2026:18:20:03 +0200] "GET /actuator/env HTTP/1.1" 404 12546 "-" "Mozilla/5.0 (Macintosh; Intel Mac OS X 14.4; rv:125.0) Gecko/20100101 Firefox/125.0"
62.60.130.230 - - [06/Jun/2026:18:20:04 +0200] "GET /wp-login.php?redirect_to=https%3A%2F%2Fmyideas.pt%2Fwp-admin%2Findex.php&reauth=1 HTTP/1.1" 200 2265 "https://myideas.pt/wp-login.php" "Mozilla/5.0 (Macintosh; Intel Mac OS X 10_15_7; rv:90.0) Gecko/20100101 Firefox/90.0.1"
62.60.130.230 - - [06/Jun/2026:18:20:04 +0200] "GET /wp-admin/index.php HTTP/1.1" 302 5 "https://myideas.pt/wp-login.php" "Mozilla/5.0 (Macintosh; Intel Mac OS X 10_15_7; rv:90.0) Gecko/20100101 Firefox/90.0.1"
108.175.213.101 - - [06/Jun/2026:18:20:04 +0200] "GET /.DS_Store HTTP/1.1" 404 12543 "-" "Mozilla/5.0 (Windows NT 10.0; Win64; x64) AppleWebKit/537.36 (KHTML, like Gecko) Chrome/124.0.0.0 Safari/537.36"
62.60.130.230 - - [06/Jun/2026:18:20:05 +0200] "GET /wp-login.php?redirect_to=https%3A%2F%2Fmyideas.pt%2Fwp-admin%2Findex.php&reauth=1 HTTP/1.1" 200 2265 "https://myideas.pt/wp-login.php" "Mozilla/5.0 (Macintosh; Intel Mac OS X 10_15_7; rv:90.0) Gecko/20100101 Firefox/90.0.1"
108.175.213.101 - - [06/Jun/2026:18:20:05 +0200] "GET /config.php HTTP/1.1" 404 47 "-" "Mozilla/5.0 (Macintosh; Intel Mac OS X 14.4; rv:125.0) Gecko/20100101 Firefox/125.0"
62.60.130.230 - - [06/Jun/2026:18:20:05 +0200] "POST /wp-login.php HTTP/1.1" 200 2409 "https://myideas.pt/wp-login.php" "Mozilla/5.0 (Macintosh; Intel Mac OS X 10_15_7) AppleWebKit/605.1.15 (KHTML, like Gecko) Version/14.1 Safari/605.1.15"
62.60.130.230 - - [06/Jun/2026:18:20:06 +0200] "GET /wp-admin/index.php HTTP/1.1" 302 5 "https://myideas.pt/wp-login.php" "Mozilla/5.0 (Windows NT 6.1; Win64; x64) AppleWebKit/537.36 (KHTML, like Gecko) Chrome/92.0.4515.131 Safari/537.36"
62.60.130.230 - - [06/Jun/2026:18:20:06 +0200] "GET /wp-login.php?redirect_to=https%3A%2F%2Fmyideas.pt%2Fwp-admin%2Findex.php&reauth=1 HTTP/1.1" 200 2265 "https://myideas.pt/wp-login.php" "Mozilla/5.0 (Windows NT 6.1; Win64; x64) AppleWebKit/537.36 (KHTML, like Gecko) Chrome/92.0.4515.131 Safari/537.36"
108.175.213.101 - - [06/Jun/2026:18:20:07 +0200] "GET /app/config/parameters.yml HTTP/1.1" 404 12610 "-" "Mozilla/5.0 (Macintosh; Intel Mac OS X 14_4_1) AppleWebKit/605.1.15 (KHTML, like Gecko) Version/17.4 Safari/605.1.15"
62.60.130.230 - - [06/Jun/2026:18:20:07 +0200] "GET /wp-admin/index.php HTTP/1.1" 302 5 "https://myideas.pt/wp-login.php" "Mozilla/5.0 (Windows NT 6.1; Win64; x64) AppleWebKit/537.36 (KHTML, like Gecko) Chrome/92.0.4515.131 Safari/537.36"
62.60.130.230 - - [06/Jun/2026:18:20:08 +0200] "GET /wp-login.php?redirect_to=https%3A%2F%2Fmyideas.pt%2Fwp-admin%2Findex.php&reauth=1 HTTP/1.1" 200 2265 "https://myideas.pt/wp-login.php" "Mozilla/5.0 (Windows NT 6.1; Win64; x64) AppleWebKit/537.36 (KHTML, like Gecko) Chrome/92.0.4515.131 Safari/537.36"
108.175.213.101 - - [06/Jun/2026:18:20:08 +0200] "GET /.htpasswd HTTP/1.1" 404 12544 "-" "Mozilla/5.0 (Windows NT 10.0; Win64; x64) AppleWebKit/537.36 (KHTML, like Gecko) Chrome/123.0.0.0 Safari/537.36"
62.60.130.230 - - [06/Jun/2026:18:20:09 +0200] "GET /?author=1 HTTP/1.1" 301 5 "-" "Mozilla/5.0 (Macintosh; Intel Mac OS X 10_15_7) AppleWebKit/537.36 (KHTML, like Gecko) Chrome/94.0.4606.71 Safari/537.36"
62.60.130.230 - - [06/Jun/2026:18:20:09 +0200] "GET /author/admin/ HTTP/1.1" 200 14776 "-" "Mozilla/5.0 (Macintosh; Intel Mac OS X 10_15_7) AppleWebKit/537.36 (KHTML, like Gecko) Chrome/94.0.4606.71 Safari/537.36"
62.60.130.230 - - [06/Jun/2026:18:20:09 +0200] "GET /?author=2 HTTP/1.1" 404 12533 "-" "Mozilla/5.0 (Macintosh; Intel Mac OS X 10_15_7) AppleWebKit/605.1.15 (KHTML, like Gecko) Version/14.1.1 Safari/605.1.15"
108.175.213.101 - - [06/Jun/2026:18:20:10 +0200] "GET /backup.sql HTTP/1.1" 404 12543 "-" "Mozilla/5.0 (Windows NT 10.0; Win64; x64; rv:125.0) Gecko/20100101 Firefox/125.0"
62.60.130.230 - - [06/Jun/2026:18:20:10 +0200] "GET /?author=3 HTTP/1.1" 404 12533 "-" "Mozilla/5.0 (Macintosh; Intel Mac OS X 10_15_7) AppleWebKit/537.36 (KHTML, like Gecko) Chrome/90.0.4430.212 Safari/537.36"
62.60.130.230 - - [06/Jun/2026:18:20:11 +0200] "POST /wp-login.php HTTP/1.1" 200 2379 "https://myideas.pt/wp-login.php" "Mozilla/5.0 (X11; Linux x86_64) AppleWebKit/537.36 (KHTML, like Gecko) Chrome/90.0.4430.212 Safari/537.36"
108.175.213.101 - - [06/Jun/2026:18:20:11 +0200] "GET /dump.sql HTTP/1.1" 404 12543 "-" "Mozilla/5.0 (X11; Linux x86_64) AppleWebKit/537.36 (KHTML, like Gecko) Chrome/124.0.0.0 Safari/537.36"
62.60.130.230 - - [06/Jun/2026:18:20:11 +0200] "GET /wp-admin/index.php HTTP/1.1" 302 5 "https://myideas.pt/wp-login.php" "Mozilla/5.0 (Macintosh; Intel Mac OS X 10_15_7; rv:91.0) Gecko/20100101 Firefox/91.0"
62.60.130.230 - - [06/Jun/2026:18:20:12 +0200] "GET /wp-login.php?redirect_to=https%3A%2F%2Fmyideas.pt%2Fwp-admin%2Findex.php&reauth=1 HTTP/1.1" 200 2265 "https://myideas.pt/wp-login.php" "Mozilla/5.0 (Macintosh; Intel Mac OS X 10_15_7; rv:91.0) Gecko/20100101 Firefox/91.0"
62.60.130.230 - - [06/Jun/2026:18:20:13 +0200] "GET /wp-admin/index.php HTTP/1.1" 302 5 "https://myideas.pt/wp-login.php" "Mozilla/5.0 (Macintosh; Intel Mac OS X 10_15_7; rv:91.0) Gecko/20100101 Firefox/91.0"
62.60.130.230 - - [06/Jun/2026:18:20:13 +0200] "GET /wp-login.php?redirect_to=https%3A%2F%2Fmyideas.pt%2Fwp-admin%2Findex.php&reauth=1 HTTP/1.1" 200 2265 "https://myideas.pt/wp-login.php" "Mozilla/5.0 (Macintosh; Intel Mac OS X 10_15_7; rv:91.0) Gecko/20100101 Firefox/91.0"
62.60.130.230 - - [06/Jun/2026:18:20:14 +0200] "POST /wp-login.php HTTP/1.1" 200 2379 "https://myideas.pt/wp-login.php" "Mozilla/5.0 (X11; Linux x86_64; rv:91.0) Gecko/20100101 Firefox/91.0"
62.60.130.230 - - [06/Jun/2026:18:20:14 +0200] "GET /wp-admin/index.php HTTP/1.1" 302 5 "https://myideas.pt/wp-login.php" "Mozilla/5.0 (Windows NT 10.0; Win64; x64; rv:91.0) Gecko/20100101 Firefox/91.0"
62.60.130.230 - - [06/Jun/2026:18:20:15 +0200] "GET /wp-login.php?redirect_to=https%3A%2F%2Fmyideas.pt%2Fwp-admin%2Findex.php&reauth=1 HTTP/1.1" 200 2265 "https://myideas.pt/wp-login.php" "Mozilla/5.0 (Windows NT 10.0; Win64; x64; rv:91.0) Gecko/20100101 Firefox/91.0"
62.60.130.230 - - [06/Jun/2026:18:20:15 +0200] "GET /wp-admin/index.php HTTP/1.1" 302 5 "https://myideas.pt/wp-login.php" "Mozilla/5.0 (Windows NT 10.0; Win64; x64; rv:91.0) Gecko/20100101 Firefox/91.0"
75.119.139.177 - - [06/Jun/2026:18:20:16 +0200] "POST /wp-cron.php?doing_wp_cron=1780762816.3365399837493896484375 HTTP/1.1" 200 31 "-" "WordPress/7.0; https://myideas.pt"
62.60.130.230 - - [06/Jun/2026:18:20:16 +0200] "GET /wp-login.php?redirect_to=https%3A%2F%2Fmyideas.pt%2Fwp-admin%2Findex.php&reauth=1 HTTP/1.1" 200 2265 "https://myideas.pt/wp-login.php" "Mozilla/5.0 (Windows NT 10.0; Win64; x64; rv:91.0) Gecko/20100101 Firefox/91.0"
62.60.130.230 - - [06/Jun/2026:18:20:16 +0200] "POST /wp-login.php HTTP/1.1" 200 2379 "https://myideas.pt/wp-login.php" "Mozilla/5.0 (Windows NT 6.1; Win64; x64) AppleWebKit/537.36 (KHTML, like Gecko) Chrome/91.0.4472.124 Safari/537.36"
62.60.130.230 - - [06/Jun/2026:18:20:17 +0200] "GET /wp-admin/index.php HTTP/1.1" 302 5 "https://myideas.pt/wp-login.php" "Mozilla/5.0 (Macintosh; Intel Mac OS X 10_15_7) AppleWebKit/537.36 (KHTML, like Gecko) Chrome/91.0.4472.124 Safari/537.36"
62.60.130.230 - - [06/Jun/2026:18:20:18 +0200] "GET /wp-login.php?redirect_to=https%3A%2F%2Fmyideas.pt%2Fwp-admin%2Findex.php&reauth=1 HTTP/1.1" 200 2265 "https://myideas.pt/wp-login.php" "Mozilla/5.0 (Macintosh; Intel Mac OS X 10_15_7) AppleWebKit/537.36 (KHTML, like Gecko) Chrome/91.0.4472.124 Safari/537.36"
62.60.130.230 - - [06/Jun/2026:18:20:18 +0200] "GET /wp-admin/index.php HTTP/1.1" 302 5 "https://myideas.pt/wp-login.php" "Mozilla/5.0 (Macintosh; Intel Mac OS X 10_15_7) AppleWebKit/537.36 (KHTML, like Gecko) Chrome/91.0.4472.124 Safari/537.36"
62.60.130.230 - - [06/Jun/2026:18:20:19 +0200] "GET /wp-login.php?redirect_to=https%3A%2F%2Fmyideas.pt%2Fwp-admin%2Findex.php&reauth=1 HTTP/1.1" 200 2265 "https://myideas.pt/wp-login.php" "Mozilla/5.0 (Macintosh; Intel Mac OS X 10_15_7) AppleWebKit/537.36 (KHTML, like Gecko) Chrome/91.0.4472.124 Safari/537.36"
62.60.130.230 - - [06/Jun/2026:18:20:20 +0200] "POST /wp-login.php HTTP/1.1" 200 2379 "https://myideas.pt/wp-login.php" "Mozilla/5.0 (X11; Linux x86_64) AppleWebKit/537.36 (KHTML, like Gecko) Chrome/90.0.4430.212 Safari/537.36"
149.28.73.26 - - [06/Jun/2026:18:20:20 +0200] "HEAD / HTTP/1.1" 200 0 "-" "downnotifier.com monitoring"
62.60.130.230 - - [06/Jun/2026:18:20:20 +0200] "GET /wp-admin/index.php HTTP/1.1" 302 5 "https://myideas.pt/wp-login.php" "Mozilla/5.0 (Macintosh; Intel Mac OS X 10_15_7) AppleWebKit/537.36 (KHTML, like Gecko) Chrome/92.0.4515.131 Safari/537.36"
62.60.130.230 - - [06/Jun/2026:18:20:21 +0200] "GET /wp-login.php?redirect_to=https%3A%2F%2Fmyideas.pt%2Fwp-admin%2Findex.php&reauth=1 HTTP/1.1" 200 2265 "https://myideas.pt/wp-login.php" "Mozilla/5.0 (Macintosh; Intel Mac OS X 10_15_7) AppleWebKit/537.36 (KHTML, like Gecko) Chrome/92.0.4515.131 Safari/537.36"
62.60.130.230 - - [06/Jun/2026:18:20:21 +0200] "GET /wp-admin/index.php HTTP/1.1" 302 5 "https://myideas.pt/wp-login.php" "Mozilla/5.0 (Macintosh; Intel Mac OS X 10_15_7) AppleWebKit/537.36 (KHTML, like Gecko) Chrome/92.0.4515.131 Safari/537.36"
62.60.130.230 - - [06/Jun/2026:18:20:22 +0200] "GET /wp-login.php?redirect_to=https%3A%2F%2Fmyideas.pt%2Fwp-admin%2Findex.php&reauth=1 HTTP/1.1" 200 2265 "https://myideas.pt/wp-login.php" "Mozilla/5.0 (Macintosh; Intel Mac OS X 10_15_7) AppleWebKit/537.36 (KHTML, like Gecko) Chrome/92.0.4515.131 Safari/537.36"
62.60.130.230 - - [06/Jun/2026:18:20:23 +0200] "POST /wp-login.php HTTP/1.1" 200 2379 "https://myideas.pt/wp-login.php" "Mozilla/5.0 (Windows NT 10.0; Win64; x64) AppleWebKit/605.1.15 (KHTML, like Gecko) Version/14.1.2 Safari/605.1.15"
62.60.130.230 - - [06/Jun/2026:18:20:23 +0200] "GET /wp-admin/index.php HTTP/1.1" 302 5 "https://myideas.pt/wp-login.php" "Mozilla/5.0 (Macintosh; Intel Mac OS X 10_15_7) AppleWebKit/537.36 (KHTML, like Gecko) Chrome/90.0.4430.212 Safari/537.36"
62.60.130.230 - - [06/Jun/2026:18:20:24 +0200] "GET /wp-login.php?redirect_to=https%3A%2F%2Fmyideas.pt%2Fwp-admin%2Findex.php&reauth=1 HTTP/1.1" 200 2265 "https://myideas.pt/wp-login.php" "Mozilla/5.0 (Macintosh; Intel Mac OS X 10_15_7) AppleWebKit/537.36 (KHTML, like Gecko) Chrome/90.0.4430.212 Safari/537.36"
62.60.130.230 - - [06/Jun/2026:18:20:24 +0200] "GET /wp-admin/index.php HTTP/1.1" 302 5 "https://myideas.pt/wp-login.php" "Mozilla/5.0 (Macintosh; Intel Mac OS X 10_15_7) AppleWebKit/537.36 (KHTML, like Gecko) Chrome/90.0.4430.212 Safari/537.36"
62.60.130.230 - - [06/Jun/2026:18:20:25 +0200] "GET /wp-login.php?redirect_to=https%3A%2F%2Fmyideas.pt%2Fwp-admin%2Findex.php&reauth=1 HTTP/1.1" 200 2265 "https://myideas.pt/wp-login.php" "Mozilla/5.0 (Macintosh; Intel Mac OS X 10_15_7) AppleWebKit/537.36 (KHTML, like Gecko) Chrome/90.0.4430.212 Safari/537.36"
62.60.130.230 - - [06/Jun/2026:18:20:25 +0200] "POST /wp-login.php HTTP/1.1" 200 2379 "https://myideas.pt/wp-login.php" "Mozilla/5.0 (Windows NT 6.1; Win64; x64; rv:92.0) Gecko/20100101 Firefox/92.0"
62.60.130.230 - - [06/Jun/2026:18:20:26 +0200] "GET /wp-admin/index.php HTTP/1.1" 302 5 "https://myideas.pt/wp-login.php" "Mozilla/5.0 (Windows NT 6.1; Win64; x64) AppleWebKit/537.36 (KHTML, like Gecko) Chrome/90.0.4430.212 Safari/537.36"
62.60.130.230 - - [06/Jun/2026:18:20:26 +0200] "GET /wp-login.php?redirect_to=https%3A%2F%2Fmyideas.pt%2Fwp-admin%2Findex.php&reauth=1 HTTP/1.1" 200 2265 "https://myideas.pt/wp-login.php" "Mozilla/5.0 (Windows NT 6.1; Win64; x64) AppleWebKit/537.36 (KHTML, like Gecko) Chrome/90.0.4430.212 Safari/537.36"
62.60.130.230 - - [06/Jun/2026:18:20:27 +0200] "GET /wp-admin/index.php HTTP/1.1" 302 5 "https://myideas.pt/wp-login.php" "Mozilla/5.0 (Windows NT 6.1; Win64; x64) AppleWebKit/537.36 (KHTML, like Gecko) Chrome/90.0.4430.212 Safari/537.36"
62.60.130.230 - - [06/Jun/2026:18:20:28 +0200] "GET /wp-login.php?redirect_to=https%3A%2F%2Fmyideas.pt%2Fwp-admin%2Findex.php&reauth=1 HTTP/1.1" 200 2265 "https://myideas.pt/wp-login.php" "Mozilla/5.0 (Windows NT 6.1; Win64; x64) AppleWebKit/537.36 (KHTML, like Gecko) Chrome/90.0.4430.212 Safari/537.36"
62.60.130.230 - - [06/Jun/2026:18:20:28 +0200] "POST /wp-login.php HTTP/1.1" 200 2379 "https://myideas.pt/wp-login.php" "Mozilla/5.0 (Macintosh; Intel Mac OS X 10_15_7) AppleWebKit/605.1.15 (KHTML, like Gecko) Version/15.0 Safari/605.1.15"
62.60.130.230 - - [06/Jun/2026:18:20:29 +0200] "GET /wp-admin/index.php HTTP/1.1" 302 5 "https://myideas.pt/wp-login.php" "Mozilla/5.0 (Windows NT 6.1; Win64; x64) AppleWebKit/537.36 (KHTML, like Gecko) Chrome/94.0.4606.71 Safari/537.36"
62.60.130.230 - - [06/Jun/2026:18:20:29 +0200] "GET /wp-login.php?redirect_to=https%3A%2F%2Fmyideas.pt%2Fwp-admin%2Findex.php&reauth=1 HTTP/1.1" 200 2265 "https://myideas.pt/wp-login.php" "Mozilla/5.0 (Windows NT 6.1; Win64; x64) AppleWebKit/537.36 (KHTML, like Gecko) Chrome/94.0.4606.71 Safari/537.36"
62.60.130.230 - - [06/Jun/2026:18:20:30 +0200] "GET /wp-admin/index.php HTTP/1.1" 302 5 "https://myideas.pt/wp-login.php" "Mozilla/5.0 (Windows NT 6.1; Win64; x64) AppleWebKit/537.36 (KHTML, like Gecko) Chrome/94.0.4606.71 Safari/537.36"
62.60.130.230 - - [06/Jun/2026:18:20:30 +0200] "GET /wp-login.php?redirect_to=https%3A%2F%2Fmyideas.pt%2Fwp-admin%2Findex.php&reauth=1 HTTP/1.1" 200 2265 "https://myideas.pt/wp-login.php" "Mozilla/5.0 (Windows NT 6.1; Win64; x64) AppleWebKit/537.36 (KHTML, like Gecko) Chrome/94.0.4606.71 Safari/537.36"
62.60.130.230 - - [06/Jun/2026:18:20:31 +0200] "POST /wp-login.php HTTP/1.1" 200 2379 "https://myideas.pt/wp-login.php" "Mozilla/5.0 (Windows NT 10.0; Win64; x64) AppleWebKit/605.1.15 (KHTML, like Gecko) Version/15.0 Safari/605.1.15"
62.60.130.230 - - [06/Jun/2026:18:20:32 +0200] "GET /wp-admin/index.php HTTP/1.1" 302 5 "https://myideas.pt/wp-login.php" "Mozilla/5.0 (Windows NT 6.1; Win64; x64; rv:93.0) Gecko/20100101 Firefox/93.0"
62.60.130.230 - - [06/Jun/2026:18:20:32 +0200] "GET /wp-login.php?redirect_to=https%3A%2F%2Fmyideas.pt%2Fwp-admin%2Findex.php&reauth=1 HTTP/1.1" 200 2265 "https://myideas.pt/wp-login.php" "Mozilla/5.0 (Windows NT 6.1; Win64; x64; rv:93.0) Gecko/20100101 Firefox/93.0"
62.60.130.230 - - [06/Jun/2026:18:20:33 +0200] "GET /wp-admin/index.php HTTP/1.1" 302 5 "https://myideas.pt/wp-login.php" "Mozilla/5.0 (Windows NT 6.1; Win64; x64; rv:93.0) Gecko/20100101 Firefox/93.0"
62.60.130.230 - - [06/Jun/2026:18:20:33 +0200] "GET /wp-login.php?redirect_to=https%3A%2F%2Fmyideas.pt%2Fwp-admin%2Findex.php&reauth=1 HTTP/1.1" 200 2265 "https://myideas.pt/wp-login.php" "Mozilla/5.0 (Windows NT 6.1; Win64; x64; rv:93.0) Gecko/20100101 Firefox/93.0"
62.60.130.230 - - [06/Jun/2026:18:20:34 +0200] "POST /wp-login.php HTTP/1.1" 200 2379 "https://myideas.pt/wp-login.php" "Mozilla/5.0 (X11; Linux x86_64; rv:90.0) Gecko/20100101 Firefox/90.0.1"
62.60.130.230 - - [06/Jun/2026:18:20:34 +0200] "GET /wp-admin/index.php HTTP/1.1" 302 5 "https://myideas.pt/wp-login.php" "Mozilla/5.0 (Macintosh; Intel Mac OS X 10_15_7; rv:89.0) Gecko/20100101 Firefox/89.0.2"
62.60.130.230 - - [06/Jun/2026:18:20:35 +0200] "GET /wp-login.php?redirect_to=https%3A%2F%2Fmyideas.pt%2Fwp-admin%2Findex.php&reauth=1 HTTP/1.1" 200 2265 "https://myideas.pt/wp-login.php" "Mozilla/5.0 (Macintosh; Intel Mac OS X 10_15_7; rv:89.0) Gecko/20100101 Firefox/89.0.2"
62.60.130.230 - - [06/Jun/2026:18:20:35 +0200] "GET /wp-admin/index.php HTTP/1.1" 302 5 "https://myideas.pt/wp-login.php" "Mozilla/5.0 (Macintosh; Intel Mac OS X 10_15_7; rv:89.0) Gecko/20100101 Firefox/89.0.2"
62.60.130.230 - - [06/Jun/2026:18:20:36 +0200] "GET /wp-login.php?redirect_to=https%3A%2F%2Fmyideas.pt%2Fwp-admin%2Findex.php&reauth=1 HTTP/1.1" 200 2265 "https://myideas.pt/wp-login.php" "Mozilla/5.0 (Macintosh; Intel Mac OS X 10_15_7; rv:89.0) Gecko/20100101 Firefox/89.0.2"
62.60.130.230 - - [06/Jun/2026:18:20:36 +0200] "POST /wp-login.php HTTP/1.1" 200 2379 "https://myideas.pt/wp-login.php" "Mozilla/5.0 (Windows NT 6.1; Win64; x64; rv:92.0) Gecko/20100101 Firefox/92.0"
62.60.130.230 - - [06/Jun/2026:18:20:37 +0200] "GET /wp-admin/index.php HTTP/1.1" 302 5 "https://myideas.pt/wp-login.php" "Mozilla/5.0 (Windows NT 6.1; Win64; x64) AppleWebKit/537.36 (KHTML, like Gecko) Chrome/94.0.4606.71 Safari/537.36"
62.60.130.230 - - [06/Jun/2026:18:20:37 +0200] "GET /wp-login.php?redirect_to=https%3A%2F%2Fmyideas.pt%2Fwp-admin%2Findex.php&reauth=1 HTTP/1.1" 200 2265 "https://myideas.pt/wp-login.php" "Mozilla/5.0 (Windows NT 6.1; Win64; x64) AppleWebKit/537.36 (KHTML, like Gecko) Chrome/94.0.4606.71 Safari/537.36"
62.60.130.230 - - [06/Jun/2026:18:20:38 +0200] "GET /wp-admin/index.php HTTP/1.1" 302 5 "https://myideas.pt/wp-login.php" "Mozilla/5.0 (Windows NT 6.1; Win64; x64) AppleWebKit/537.36 (KHTML, like Gecko) Chrome/94.0.4606.71 Safari/537.36"
62.60.130.230 - - [06/Jun/2026:18:20:38 +0200] "GET /wp-login.php?redirect_to=https%3A%2F%2Fmyideas.pt%2Fwp-admin%2Findex.php&reauth=1 HTTP/1.1" 200 2265 "https://myideas.pt/wp-login.php" "Mozilla/5.0 (Windows NT 6.1; Win64; x64) AppleWebKit/537.36 (KHTML, like Gecko) Chrome/94.0.4606.71 Safari/537.36"
62.60.130.230 - - [06/Jun/2026:18:20:39 +0200] "POST /wp-login.php HTTP/1.1" 200 2379 "https://myideas.pt/wp-login.php" "Mozilla/5.0 (Macintosh; Intel Mac OS X 10_15_7) AppleWebKit/605.1.15 (KHTML, like Gecko) Version/15.0 Safari/605.1.15"
62.60.130.230 - - [06/Jun/2026:18:20:40 +0200] "GET /wp-admin/index.php HTTP/1.1" 302 5 "https://myideas.pt/wp-login.php" "Mozilla/5.0 (Macintosh; Intel Mac OS X 10_15_7) AppleWebKit/605.1.15 (KHTML, like Gecko) Version/14.1.2 Safari/605.1.15"
62.60.130.230 - - [06/Jun/2026:18:20:40 +0200] "GET /wp-login.php?redirect_to=https%3A%2F%2Fmyideas.pt%2Fwp-admin%2Findex.php&reauth=1 HTTP/1.1" 200 2265 "https://myideas.pt/wp-login.php" "Mozilla/5.0 (Macintosh; Intel Mac OS X 10_15_7) AppleWebKit/605.1.15 (KHTML, like Gecko) Version/14.1.2 Safari/605.1.15"
62.60.130.230 - - [06/Jun/2026:18:20:41 +0200] "GET /wp-admin/index.php HTTP/1.1" 302 5 "https://myideas.pt/wp-login.php" "Mozilla/5.0 (Macintosh; Intel Mac OS X 10_15_7) AppleWebKit/605.1.15 (KHTML, like Gecko) Version/14.1.2 Safari/605.1.15"
62.60.130.230 - - [06/Jun/2026:18:20:41 +0200] "GET /wp-login.php?redirect_to=https%3A%2F%2Fmyideas.pt%2Fwp-admin%2Findex.php&reauth=1 HTTP/1.1" 200 2265 "https://myideas.pt/wp-login.php" "Mozilla/5.0 (Macintosh; Intel Mac OS X 10_15_7) AppleWebKit/605.1.15 (KHTML, like Gecko) Version/14.1.2 Safari/605.1.15"
62.60.130.230 - - [06/Jun/2026:18:20:42 +0200] "POST /wp-login.php HTTP/1.1" 200 2379 "https://myideas.pt/wp-login.php" "Mozilla/5.0 (X11; Linux x86_64) AppleWebKit/537.36 (KHTML, like Gecko) Chrome/93.0.4577.63 Safari/537.36"
62.60.130.230 - - [06/Jun/2026:18:20:42 +0200] "GET /wp-admin/index.php HTTP/1.1" 302 5 "https://myideas.pt/wp-login.php" "Mozilla/5.0 (Macintosh; Intel Mac OS X 10_15_7) AppleWebKit/537.36 (KHTML, like Gecko) Chrome/92.0.4515.131 Safari/537.36"
62.60.130.230 - - [06/Jun/2026:18:20:43 +0200] "GET /wp-login.php?redirect_to=https%3A%2F%2Fmyideas.pt%2Fwp-admin%2Findex.php&reauth=1 HTTP/1.1" 200 2265 "https://myideas.pt/wp-login.php" "Mozilla/5.0 (Macintosh; Intel Mac OS X 10_15_7) AppleWebKit/537.36 (KHTML, like Gecko) Chrome/92.0.4515.131 Safari/537.36"
62.60.130.230 - - [06/Jun/2026:18:20:43 +0200] "GET /wp-admin/index.php HTTP/1.1" 302 5 "https://myideas.pt/wp-login.php" "Mozilla/5.0 (Macintosh; Intel Mac OS X 10_15_7) AppleWebKit/537.36 (KHTML, like Gecko) Chrome/92.0.4515.131 Safari/537.36"
62.60.130.230 - - [06/Jun/2026:18:20:44 +0200] "GET /wp-login.php?redirect_to=https%3A%2F%2Fmyideas.pt%2Fwp-admin%2Findex.php&reauth=1 HTTP/1.1" 200 2265 "https://myideas.pt/wp-login.php" "Mozilla/5.0 (Macintosh; Intel Mac OS X 10_15_7) AppleWebKit/537.36 (KHTML, like Gecko) Chrome/92.0.4515.131 Safari/537.36"
62.60.130.230 - - [06/Jun/2026:18:20:44 +0200] "POST /wp-login.php HTTP/1.1" 200 2379 "https://myideas.pt/wp-login.php" "Mozilla/5.0 (Windows NT 6.1; Win64; x64) AppleWebKit/537.36 (KHTML, like Gecko) Chrome/91.0.4472.124 Safari/537.36"
62.60.130.230 - - [06/Jun/2026:18:20:45 +0200] "GET /wp-admin/index.php HTTP/1.1" 302 5 "https://myideas.pt/wp-login.php" "Mozilla/5.0 (Macintosh; Intel Mac OS X 10_15_7) AppleWebKit/537.36 (KHTML, like Gecko) Chrome/90.0.4430.212 Safari/537.36"
62.60.130.230 - - [06/Jun/2026:18:20:46 +0200] "GET /wp-login.php?redirect_to=https%3A%2F%2Fmyideas.pt%2Fwp-admin%2Findex.php&reauth=1 HTTP/1.1" 200 2265 "https://myideas.pt/wp-login.php" "Mozilla/5.0 (Macintosh; Intel Mac OS X 10_15_7) AppleWebKit/537.36 (KHTML, like Gecko) Chrome/90.0.4430.212 Safari/537.36"
62.60.130.230 - - [06/Jun/2026:18:20:46 +0200] "GET /wp-admin/index.php HTTP/1.1" 302 5 "https://myideas.pt/wp-login.php" "Mozilla/5.0 (Macintosh; Intel Mac OS X 10_15_7) AppleWebKit/537.36 (KHTML, like Gecko) Chrome/90.0.4430.212 Safari/537.36"
62.60.130.230 - - [06/Jun/2026:18:20:47 +0200] "GET /wp-login.php?redirect_to=https%3A%2F%2Fmyideas.pt%2Fwp-admin%2Findex.php&reauth=1 HTTP/1.1" 200 2265 "https://myideas.pt/wp-login.php" "Mozilla/5.0 (Macintosh; Intel Mac OS X 10_15_7) AppleWebKit/537.36 (KHTML, like Gecko) Chrome/90.0.4430.212 Safari/537.36"
62.60.130.230 - - [06/Jun/2026:18:20:47 +0200] "POST /wp-login.php HTTP/1.1" 200 2379 "https://myideas.pt/wp-login.php" "Mozilla/5.0 (X11; Linux x86_64) AppleWebKit/537.36 (KHTML, like Gecko) Chrome/94.0.4606.71 Safari/537.36"
62.60.130.230 - - [06/Jun/2026:18:20:48 +0200] "GET /wp-admin/index.php HTTP/1.1" 302 5 "https://myideas.pt/wp-login.php" "Mozilla/5.0 (Macintosh; Intel Mac OS X 10_15_7) AppleWebKit/605.1.15 (KHTML, like Gecko) Version/14.0.3 Safari/605.1.15"
62.60.130.230 - - [06/Jun/2026:18:20:48 +0200] "GET /wp-login.php?redirect_to=https%3A%2F%2Fmyideas.pt%2Fwp-admin%2Findex.php&reauth=1 HTTP/1.1" 200 2265 "https://myideas.pt/wp-login.php" "Mozilla/5.0 (Macintosh; Intel Mac OS X 10_15_7) AppleWebKit/605.1.15 (KHTML, like Gecko) Version/14.0.3 Safari/605.1.15"
62.60.130.230 - - [06/Jun/2026:18:20:49 +0200] "GET /wp-admin/index.php HTTP/1.1" 302 5 "https://myideas.pt/wp-login.php" "Mozilla/5.0 (Macintosh; Intel Mac OS X 10_15_7) AppleWebKit/605.1.15 (KHTML, like Gecko) Version/14.0.3 Safari/605.1.15"
62.60.130.230 - - [06/Jun/2026:18:20:49 +0200] "GET /wp-login.php?redirect_to=https%3A%2F%2Fmyideas.pt%2Fwp-admin%2Findex.php&reauth=1 HTTP/1.1" 200 2265 "https://myideas.pt/wp-login.php" "Mozilla/5.0 (Macintosh; Intel Mac OS X 10_15_7) AppleWebKit/605.1.15 (KHTML, like Gecko) Version/14.0.3 Safari/605.1.15"
62.60.130.230 - - [06/Jun/2026:18:20:50 +0200] "POST /wp-login.php HTTP/1.1" 200 2379 "https://myideas.pt/wp-login.php" "Mozilla/5.0 (Macintosh; Intel Mac OS X 10_15_7) AppleWebKit/605.1.15 (KHTML, like Gecko) Version/15.0 Safari/605.1.15"
62.60.130.230 - - [06/Jun/2026:18:20:51 +0200] "GET /wp-admin/index.php HTTP/1.1" 302 5 "https://myideas.pt/wp-login.php" "Mozilla/5.0 (Windows NT 6.1; Win64; x64; rv:93.0) Gecko/20100101 Firefox/93.0"
62.60.130.230 - - [06/Jun/2026:18:20:51 +0200] "GET /wp-login.php?redirect_to=https%3A%2F%2Fmyideas.pt%2Fwp-admin%2Findex.php&reauth=1 HTTP/1.1" 200 2265 "https://myideas.pt/wp-login.php" "Mozilla/5.0 (Windows NT 6.1; Win64; x64; rv:93.0) Gecko/20100101 Firefox/93.0"
62.60.130.230 - - [06/Jun/2026:18:20:52 +0200] "GET /wp-admin/index.php HTTP/1.1" 302 5 "https://myideas.pt/wp-login.php" "Mozilla/5.0 (Windows NT 6.1; Win64; x64; rv:93.0) Gecko/20100101 Firefox/93.0"
62.60.130.230 - - [06/Jun/2026:18:20:52 +0200] "GET /wp-login.php?redirect_to=https%3A%2F%2Fmyideas.pt%2Fwp-admin%2Findex.php&reauth=1 HTTP/1.1" 200 2265 "https://myideas.pt/wp-login.php" "Mozilla/5.0 (Windows NT 6.1; Win64; x64; rv:93.0) Gecko/20100101 Firefox/93.0"
62.60.130.230 - - [06/Jun/2026:18:20:53 +0200] "POST /wp-login.php HTTP/1.1" 200 2379 "https://myideas.pt/wp-login.php" "Mozilla/5.0 (Windows NT 6.1; Win64; x64) AppleWebKit/537.36 (KHTML, like Gecko) Chrome/91.0.4472.124 Safari/537.36"
62.60.130.230 - - [06/Jun/2026:18:20:54 +0200] "GET /wp-admin/index.php HTTP/1.1" 302 5 "https://myideas.pt/wp-login.php" "Mozilla/5.0 (Windows NT 6.1; Win64; x64; rv:90.0) Gecko/20100101 Firefox/90.0.1"
62.60.130.230 - - [06/Jun/2026:18:20:54 +0200] "GET /wp-login.php?redirect_to=https%3A%2F%2Fmyideas.pt%2Fwp-admin%2Findex.php&reauth=1 HTTP/1.1" 200 2265 "https://myideas.pt/wp-login.php" "Mozilla/5.0 (Windows NT 6.1; Win64; x64; rv:90.0) Gecko/20100101 Firefox/90.0.1"
62.60.130.230 - - [06/Jun/2026:18:20:55 +0200] "GET /wp-admin/index.php HTTP/1.1" 302 5 "https://myideas.pt/wp-login.php" "Mozilla/5.0 (Windows NT 6.1; Win64; x64; rv:90.0) Gecko/20100101 Firefox/90.0.1"
62.60.130.230 - - [06/Jun/2026:18:20:55 +0200] "GET /wp-login.php?redirect_to=https%3A%2F%2Fmyideas.pt%2Fwp-admin%2Findex.php&reauth=1 HTTP/1.1" 200 2265 "https://myideas.pt/wp-login.php" "Mozilla/5.0 (Windows NT 6.1; Win64; x64; rv:90.0) Gecko/20100101 Firefox/90.0.1"
62.60.130.230 - - [06/Jun/2026:18:20:56 +0200] "POST /wp-login.php HTTP/1.1" 200 2379 "https://myideas.pt/wp-login.php" "Mozilla/5.0 (Windows NT 10.0; Win64; x64) AppleWebKit/537.36 (KHTML, like Gecko) Chrome/90.0.4430.212 Safari/537.36"
62.60.130.230 - - [06/Jun/2026:18:20:56 +0200] "GET /wp-admin/index.php HTTP/1.1" 302 5 "https://myideas.pt/wp-login.php" "Mozilla/5.0 (Windows NT 10.0; Win64; x64) AppleWebKit/605.1.15 (KHTML, like Gecko) Version/15.0 Safari/605.1.15"
62.60.130.230 - - [06/Jun/2026:18:20:57 +0200] "GET /wp-login.php?redirect_to=https%3A%2F%2Fmyideas.pt%2Fwp-admin%2Findex.php&reauth=1 HTTP/1.1" 200 2265 "https://myideas.pt/wp-login.php" "Mozilla/5.0 (Windows NT 10.0; Win64; x64) AppleWebKit/605.1.15 (KHTML, like Gecko) Version/15.0 Safari/605.1.15"
62.60.130.230 - - [06/Jun/2026:18:20:58 +0200] "GET /wp-admin/index.php HTTP/1.1" 302 5 "https://myideas.pt/wp-login.php" "Mozilla/5.0 (Windows NT 10.0; Win64; x64) AppleWebKit/605.1.15 (KHTML, like Gecko) Version/15.0 Safari/605.1.15"
62.60.130.230 - - [06/Jun/2026:18:20:58 +0200] "GET /wp-login.php?redirect_to=https%3A%2F%2Fmyideas.pt%2Fwp-admin%2Findex.php&reauth=1 HTTP/1.1" 200 2265 "https://myideas.pt/wp-login.php" "Mozilla/5.0 (Windows NT 10.0; Win64; x64) AppleWebKit/605.1.15 (KHTML, like Gecko) Version/15.0 Safari/605.1.15"
62.60.130.230 - - [06/Jun/2026:18:20:59 +0200] "POST /wp-login.php HTTP/1.1" 200 2379 "https://myideas.pt/wp-login.php" "Mozilla/5.0 (Windows NT 10.0; Win64; x64) AppleWebKit/605.1.15 (KHTML, like Gecko) Version/14.0.3 Safari/605.1.15"
62.60.130.230 - - [06/Jun/2026:18:20:59 +0200] "GET /wp-admin/index.php HTTP/1.1" 302 5 "https://myideas.pt/wp-login.php" "Mozilla/5.0 (Windows NT 10.0; Win64; x64) AppleWebKit/537.36 (KHTML, like Gecko) Chrome/93.0.4577.63 Safari/537.36"
62.60.130.230 - - [06/Jun/2026:18:21:00 +0200] "GET /wp-login.php?redirect_to=https%3A%2F%2Fmyideas.pt%2Fwp-admin%2Findex.php&reauth=1 HTTP/1.1" 200 2265 "https://myideas.pt/wp-login.php" "Mozilla/5.0 (Windows NT 10.0; Win64; x64) AppleWebKit/537.36 (KHTML, like Gecko) Chrome/93.0.4577.63 Safari/537.36"
62.60.130.230 - - [06/Jun/2026:18:21:00 +0200] "GET /wp-admin/index.php HTTP/1.1" 302 5 "https://myideas.pt/wp-login.php" "Mozilla/5.0 (Windows NT 10.0; Win64; x64) AppleWebKit/537.36 (KHTML, like Gecko) Chrome/93.0.4577.63 Safari/537.36"
51.68.107.149 - - [06/Jun/2026:18:21:01 +0200] "GET /robots.txt HTTP/1.1" 200 986 "-" "Mozilla/5.0 (compatible; MJ12bot/v2.0.5; http://mj12bot.com/)"
51.68.107.149 - - [06/Jun/2026:18:21:01 +0200] "GET / HTTP/1.1" 200 24292 "-" "Mozilla/5.0 (compatible; MJ12bot/v2.0.5; http://mj12bot.com/)"
62.60.130.230 - - [06/Jun/2026:18:21:01 +0200] "GET /wp-login.php?redirect_to=https%3A%2F%2Fmyideas.pt%2Fwp-admin%2Findex.php&reauth=1 HTTP/1.1" 200 2265 "https://myideas.pt/wp-login.php" "Mozilla/5.0 (Windows NT 10.0; Win64; x64) AppleWebKit/537.36 (KHTML, like Gecko) Chrome/93.0.4577.63 Safari/537.36"
62.60.130.230 - - [06/Jun/2026:18:21:02 +0200] "POST /wp-login.php HTTP/1.1" 200 2379 "https://myideas.pt/wp-login.php" "Mozilla/5.0 (X11; Linux x86_64) AppleWebKit/537.36 (KHTML, like Gecko) Chrome/93.0.4577.63 Safari/537.36"
62.60.130.230 - - [06/Jun/2026:18:21:02 +0200] "GET /wp-admin/index.php HTTP/1.1" 302 5 "https://myideas.pt/wp-login.php" "Mozilla/5.0 (X11; Linux x86_64) AppleWebKit/537.36 (KHTML, like Gecko) Chrome/93.0.4577.63 Safari/537.36"
62.60.130.230 - - [06/Jun/2026:18:21:03 +0200] "GET /wp-login.php?redirect_to=https%3A%2F%2Fmyideas.pt%2Fwp-admin%2Findex.php&reauth=1 HTTP/1.1" 200 2265 "https://myideas.pt/wp-login.php" "Mozilla/5.0 (X11; Linux x86_64) AppleWebKit/537.36 (KHTML, like Gecko) Chrome/93.0.4577.63 Safari/537.36"
62.60.130.230 - - [06/Jun/2026:18:21:03 +0200] "GET /wp-admin/index.php HTTP/1.1" 302 5 "https://myideas.pt/wp-login.php" "Mozilla/5.0 (X11; Linux x86_64) AppleWebKit/537.36 (KHTML, like Gecko) Chrome/93.0.4577.63 Safari/537.36"
62.60.130.230 - - [06/Jun/2026:18:21:04 +0200] "GET /wp-login.php?redirect_to=https%3A%2F%2Fmyideas.pt%2Fwp-admin%2Findex.php&reauth=1 HTTP/1.1" 200 2265 "https://myideas.pt/wp-login.php" "Mozilla/5.0 (X11; Linux x86_64) AppleWebKit/537.36 (KHTML, like Gecko) Chrome/93.0.4577.63 Safari/537.36"
62.60.130.230 - - [06/Jun/2026:18:21:05 +0200] "POST /wp-login.php HTTP/1.1" 200 2379 "https://myideas.pt/wp-login.php" "Mozilla/5.0 (Windows NT 6.1; Win64; x64) AppleWebKit/537.36 (KHTML, like Gecko) Chrome/93.0.4577.63 Safari/537.36"
62.60.130.230 - - [06/Jun/2026:18:21:05 +0200] "GET /wp-admin/index.php HTTP/1.1" 302 5 "https://myideas.pt/wp-login.php" "Mozilla/5.0 (X11; Linux x86_64; rv:90.0) Gecko/20100101 Firefox/90.0.1"
62.60.130.230 - - [06/Jun/2026:18:21:06 +0200] "GET /wp-login.php?redirect_to=https%3A%2F%2Fmyideas.pt%2Fwp-admin%2Findex.php&reauth=1 HTTP/1.1" 200 2265 "https://myideas.pt/wp-login.php" "Mozilla/5.0 (X11; Linux x86_64; rv:90.0) Gecko/20100101 Firefox/90.0.1"
62.60.130.230 - - [06/Jun/2026:18:21:06 +0200] "GET /wp-admin/index.php HTTP/1.1" 302 5 "https://myideas.pt/wp-login.php" "Mozilla/5.0 (X11; Linux x86_64; rv:90.0) Gecko/20100101 Firefox/90.0.1"
62.60.130.230 - - [06/Jun/2026:18:21:07 +0200] "GET /wp-login.php?redirect_to=https%3A%2F%2Fmyideas.pt%2Fwp-admin%2Findex.php&reauth=1 HTTP/1.1" 200 2265 "https://myideas.pt/wp-login.php" "Mozilla/5.0 (X11; Linux x86_64; rv:90.0) Gecko/20100101 Firefox/90.0.1"
62.60.130.230 - - [06/Jun/2026:18:21:07 +0200] "POST /wp-login.php HTTP/1.1" 200 2379 "https://myideas.pt/wp-login.php" "Mozilla/5.0 (Macintosh; Intel Mac OS X 10_15_7) AppleWebKit/537.36 (KHTML, like Gecko) Chrome/91.0.4472.124 Safari/537.36"
62.60.130.230 - - [06/Jun/2026:18:21:08 +0200] "GET /wp-admin/index.php HTTP/1.1" 302 5 "https://myideas.pt/wp-login.php" "Mozilla/5.0 (Windows NT 6.1; Win64; x64) AppleWebKit/537.36 (KHTML, like Gecko) Chrome/94.0.4606.71 Safari/537.36"
62.60.130.230 - - [06/Jun/2026:18:21:09 +0200] "GET /wp-login.php?redirect_to=https%3A%2F%2Fmyideas.pt%2Fwp-admin%2Findex.php&reauth=1 HTTP/1.1" 200 2265 "https://myideas.pt/wp-login.php" "Mozilla/5.0 (Windows NT 6.1; Win64; x64) AppleWebKit/537.36 (KHTML, like Gecko) Chrome/94.0.4606.71 Safari/537.36"
62.60.130.230 - - [06/Jun/2026:18:21:09 +0200] "GET /wp-admin/index.php HTTP/1.1" 302 5 "https://myideas.pt/wp-login.php" "Mozilla/5.0 (Windows NT 6.1; Win64; x64) AppleWebKit/537.36 (KHTML, like Gecko) Chrome/94.0.4606.71 Safari/537.36"
62.60.130.230 - - [06/Jun/2026:18:21:10 +0200] "GET /wp-login.php?redirect_to=https%3A%2F%2Fmyideas.pt%2Fwp-admin%2Findex.php&reauth=1 HTTP/1.1" 200 2265 "https://myideas.pt/wp-login.php" "Mozilla/5.0 (Windows NT 6.1; Win64; x64) AppleWebKit/537.36 (KHTML, like Gecko) Chrome/94.0.4606.71 Safari/537.36"
62.60.130.230 - - [06/Jun/2026:18:21:10 +0200] "POST /wp-login.php HTTP/1.1" 200 2379 "https://myideas.pt/wp-login.php" "Mozilla/5.0 (Windows NT 10.0; Win64; x64; rv:90.0) Gecko/20100101 Firefox/90.0.1"
62.60.130.230 - - [06/Jun/2026:18:21:11 +0200] "GET /wp-admin/index.php HTTP/1.1" 302 5 "https://myideas.pt/wp-login.php" "Mozilla/5.0 (Windows NT 6.1; Win64; x64) AppleWebKit/537.36 (KHTML, like Gecko) Chrome/90.0.4430.212 Safari/537.36"
62.60.130.230 - - [06/Jun/2026:18:21:11 +0200] "GET /wp-login.php?redirect_to=https%3A%2F%2Fmyideas.pt%2Fwp-admin%2Findex.php&reauth=1 HTTP/1.1" 200 2265 "https://myideas.pt/wp-login.php" "Mozilla/5.0 (Windows NT 6.1; Win64; x64) AppleWebKit/537.36 (KHTML, like Gecko) Chrome/90.0.4430.212 Safari/537.36"
62.60.130.230 - - [06/Jun/2026:18:21:12 +0200] "GET /wp-admin/index.php HTTP/1.1" 302 5 "https://myideas.pt/wp-login.php" "Mozilla/5.0 (Windows NT 6.1; Win64; x64) AppleWebKit/537.36 (KHTML, like Gecko) Chrome/90.0.4430.212 Safari/537.36"
62.60.130.230 - - [06/Jun/2026:18:21:12 +0200] "GET /wp-login.php?redirect_to=https%3A%2F%2Fmyideas.pt%2Fwp-admin%2Findex.php&reauth=1 HTTP/1.1" 200 2265 "https://myideas.pt/wp-login.php" "Mozilla/5.0 (Windows NT 6.1; Win64; x64) AppleWebKit/537.36 (KHTML, like Gecko) Chrome/90.0.4430.212 Safari/537.36"
62.60.130.230 - - [06/Jun/2026:18:21:13 +0200] "POST /wp-login.php HTTP/1.1" 200 2379 "https://myideas.pt/wp-login.php" "Mozilla/5.0 (Macintosh; Intel Mac OS X 10_15_7) AppleWebKit/605.1.15 (KHTML, like Gecko) Version/14.1.2 Safari/605.1.15"
62.60.130.230 - - [06/Jun/2026:18:21:13 +0200] "GET /wp-admin/index.php HTTP/1.1" 302 5 "https://myideas.pt/wp-login.php" "Mozilla/5.0 (Windows NT 10.0; Win64; x64) AppleWebKit/537.36 (KHTML, like Gecko) Chrome/91.0.4472.124 Safari/537.36"
62.60.130.230 - - [06/Jun/2026:18:21:14 +0200] "GET /wp-login.php?redirect_to=https%3A%2F%2Fmyideas.pt%2Fwp-admin%2Findex.php&reauth=1 HTTP/1.1" 200 2265 "https://myideas.pt/wp-login.php" "Mozilla/5.0 (Windows NT 10.0; Win64; x64) AppleWebKit/537.36 (KHTML, like Gecko) Chrome/91.0.4472.124 Safari/537.36"
62.60.130.230 - - [06/Jun/2026:18:21:15 +0200] "GET /wp-admin/index.php HTTP/1.1" 302 5 "https://myideas.pt/wp-login.php" "Mozilla/5.0 (Windows NT 10.0; Win64; x64) AppleWebKit/537.36 (KHTML, like Gecko) Chrome/91.0.4472.124 Safari/537.36"
62.60.130.230 - - [06/Jun/2026:18:21:15 +0200] "GET /wp-login.php?redirect_to=https%3A%2F%2Fmyideas.pt%2Fwp-admin%2Findex.php&reauth=1 HTTP/1.1" 200 2265 "https://myideas.pt/wp-login.php" "Mozilla/5.0 (Windows NT 10.0; Win64; x64) AppleWebKit/537.36 (KHTML, like Gecko) Chrome/91.0.4472.124 Safari/537.36"
75.119.139.177 - - [06/Jun/2026:18:21:16 +0200] "POST /wp-cron.php?doing_wp_cron=1780762876.3091790676116943359375 HTTP/1.1" 200 31 "-" "WordPress/7.0; https://myideas.pt"
62.60.130.230 - - [06/Jun/2026:18:21:16 +0200] "POST /wp-login.php HTTP/1.1" 200 2379 "https://myideas.pt/wp-login.php" "Mozilla/5.0 (Macintosh; Intel Mac OS X 10_15_7) AppleWebKit/605.1.15 (KHTML, like Gecko) Version/14.1.1 Safari/605.1.15"
62.60.130.230 - - [06/Jun/2026:18:21:16 +0200] "GET /wp-admin/index.php HTTP/1.1" 302 5 "https://myideas.pt/wp-login.php" "Mozilla/5.0 (Windows NT 10.0; Win64; x64) AppleWebKit/537.36 (KHTML, like Gecko) Chrome/92.0.4515.131 Safari/537.36"
62.60.130.230 - - [06/Jun/2026:18:21:17 +0200] "GET /wp-login.php?redirect_to=https%3A%2F%2Fmyideas.pt%2Fwp-admin%2Findex.php&reauth=1 HTTP/1.1" 200 2265 "https://myideas.pt/wp-login.php" "Mozilla/5.0 (Windows NT 10.0; Win64; x64) AppleWebKit/537.36 (KHTML, like Gecko) Chrome/92.0.4515.131 Safari/537.36"
62.60.130.230 - - [06/Jun/2026:18:21:18 +0200] "GET /wp-admin/index.php HTTP/1.1" 302 5 "https://myideas.pt/wp-login.php" "Mozilla/5.0 (Windows NT 10.0; Win64; x64) AppleWebKit/537.36 (KHTML, like Gecko) Chrome/92.0.4515.131 Safari/537.36"
62.60.130.230 - - [06/Jun/2026:18:21:18 +0200] "GET /wp-login.php?redirect_to=https%3A%2F%2Fmyideas.pt%2Fwp-admin%2Findex.php&reauth=1 HTTP/1.1" 200 2265 "https://myideas.pt/wp-login.php" "Mozilla/5.0 (Windows NT 10.0; Win64; x64) AppleWebKit/537.36 (KHTML, like Gecko) Chrome/92.0.4515.131 Safari/537.36"
62.60.130.230 - - [06/Jun/2026:18:21:19 +0200] "POST /wp-login.php HTTP/1.1" 200 2379 "https://myideas.pt/wp-login.php" "Mozilla/5.0 (Windows NT 10.0; Win64; x64; rv:89.0) Gecko/20100101 Firefox/89.0.2"
62.60.130.230 - - [06/Jun/2026:18:21:19 +0200] "GET /wp-admin/index.php HTTP/1.1" 302 5 "https://myideas.pt/wp-login.php" "Mozilla/5.0 (Macintosh; Intel Mac OS X 10_15_7) AppleWebKit/605.1.15 (KHTML, like Gecko) Version/15.0 Safari/605.1.15"
62.60.130.230 - - [06/Jun/2026:18:21:20 +0200] "GET /wp-login.php?redirect_to=https%3A%2F%2Fmyideas.pt%2Fwp-admin%2Findex.php&reauth=1 HTTP/1.1" 200 2265 "https://myideas.pt/wp-login.php" "Mozilla/5.0 (Macintosh; Intel Mac OS X 10_15_7) AppleWebKit/605.1.15 (KHTML, like Gecko) Version/15.0 Safari/605.1.15"
62.60.130.230 - - [06/Jun/2026:18:21:20 +0200] "GET /wp-admin/index.php HTTP/1.1" 302 5 "https://myideas.pt/wp-login.php" "Mozilla/5.0 (Macintosh; Intel Mac OS X 10_15_7) AppleWebKit/605.1.15 (KHTML, like Gecko) Version/15.0 Safari/605.1.15"
62.60.130.230 - - [06/Jun/2026:18:21:21 +0200] "GET /wp-login.php?redirect_to=https%3A%2F%2Fmyideas.pt%2Fwp-admin%2Findex.php&reauth=1 HTTP/1.1" 200 2265 "https://myideas.pt/wp-login.php" "Mozilla/5.0 (Macintosh; Intel Mac OS X 10_15_7) AppleWebKit/605.1.15 (KHTML, like Gecko) Version/15.0 Safari/605.1.15"
62.60.130.230 - - [06/Jun/2026:18:21:21 +0200] "POST /wp-login.php HTTP/1.1" 200 2379 "https://myideas.pt/wp-login.php" "Mozilla/5.0 (X11; Linux x86_64) AppleWebKit/537.36 (KHTML, like Gecko) Chrome/94.0.4606.71 Safari/537.36"
62.60.130.230 - - [06/Jun/2026:18:21:22 +0200] "GET /wp-admin/index.php HTTP/1.1" 302 5 "https://myideas.pt/wp-login.php" "Mozilla/5.0 (Macintosh; Intel Mac OS X 10_15_7) AppleWebKit/537.36 (KHTML, like Gecko) Chrome/92.0.4515.131 Safari/537.36"
62.60.130.230 - - [06/Jun/2026:18:21:22 +0200] "GET /wp-login.php?redirect_to=https%3A%2F%2Fmyideas.pt%2Fwp-admin%2Findex.php&reauth=1 HTTP/1.1" 200 2265 "https://myideas.pt/wp-login.php" "Mozilla/5.0 (Macintosh; Intel Mac OS X 10_15_7) AppleWebKit/537.36 (KHTML, like Gecko) Chrome/92.0.4515.131 Safari/537.36"
62.60.130.230 - - [06/Jun/2026:18:21:23 +0200] "GET /wp-admin/index.php HTTP/1.1" 302 5 "https://myideas.pt/wp-login.php" "Mozilla/5.0 (Macintosh; Intel Mac OS X 10_15_7) AppleWebKit/537.36 (KHTML, like Gecko) Chrome/92.0.4515.131 Safari/537.36"
62.60.130.230 - - [06/Jun/2026:18:21:23 +0200] "GET /wp-login.php?redirect_to=https%3A%2F%2Fmyideas.pt%2Fwp-admin%2Findex.php&reauth=1 HTTP/1.1" 200 2265 "https://myideas.pt/wp-login.php" "Mozilla/5.0 (Macintosh; Intel Mac OS X 10_15_7) AppleWebKit/537.36 (KHTML, like Gecko) Chrome/92.0.4515.131 Safari/537.36"
