91.199.236.33 - - [06/Jun/2026:04:54:13 +0200] "GET /.env.save HTTP/1.1" 404 12543 "-" "Mozilla/5.0 (compatible; Googlebot/2.1; +http://www.google.com/bot.html)"
75.119.139.177 - - [06/Jun/2026:04:54:22 +0200] "POST /wp-cron.php?doing_wp_cron=1780714462.1628019809722900390625 HTTP/1.1" 200 31 "-" "WordPress/7.0; https://myideas.pt"
189.75.233.148 - - [06/Jun/2026:04:54:22 +0200] "POST /xmlrpc.php HTTP/1.1" 200 415 "-" "Jetpack by WordPress.com (Jetpack 12.5; WordPress 6.3)"
189.75.233.148 - - [06/Jun/2026:04:54:33 +0200] "POST /xmlrpc.php HTTP/1.1" 200 415 "-" "WordPress.com; https://wordpress.com"
189.75.233.148 - - [06/Jun/2026:04:54:43 +0200] "POST /xmlrpc.php HTTP/1.1" 200 415 "-" "Jetpack by WordPress.com"
91.199.236.33 - - [06/Jun/2026:04:54:47 +0200] "GET /config.php HTTP/1.1" 404 47 "-" "Mozilla/5.0 (X11; Linux x86_64) AppleWebKit/537.36 (KHTML, like Gecko) Chrome/124.0.0.0 Safari/537.36"
189.75.233.148 - - [06/Jun/2026:04:54:54 +0200] "POST /xmlrpc.php HTTP/1.1" 200 415 "-" "Jetpack by WordPress.com"
189.75.233.148 - - [06/Jun/2026:04:55:05 +0200] "POST /xmlrpc.php HTTP/1.1" 200 415 "-" "Jetpack/12.0; WordPress/6.2; http://site84955305.com"
75.119.139.177 - - [06/Jun/2026:04:55:16 +0200] "POST /wp-cron.php?doing_wp_cron=1780714516.2963309288024902343750 HTTP/1.1" 200 31 "-" "WordPress/7.0; https://myideas.pt"
189.75.233.148 - - [06/Jun/2026:04:55:16 +0200] "POST /xmlrpc.php HTTP/1.1" 200 415 "-" "Jetpack by WordPress.com"
189.75.233.148 - - [06/Jun/2026:04:55:26 +0200] "POST /xmlrpc.php HTTP/1.1" 200 415 "-" "Jetpack/12.1; WordPress/6.1; http://site76879333.com"
189.75.233.148 - - [06/Jun/2026:04:55:37 +0200] "POST /xmlrpc.php HTTP/1.1" 200 415 "-" "Jetpack by WordPress.com (Jetpack 12.0; WordPress 6.3)"
189.75.233.148 - - [06/Jun/2026:04:55:48 +0200] "POST /xmlrpc.php HTTP/1.1" 200 415 "-" "WordPress.com; https://wordpress.com"
17.241.75.227 - - [06/Jun/2026:04:55:57 +0200] "GET /portfolio/universidade-aberta HTTP/1.1" 404 12556 "-" "Mozilla/5.0 (Macintosh; Intel Mac OS X 10_15_7) AppleWebKit/605.1.15 (KHTML, like Gecko) Version/17.4 Safari/605.1.15 (Applebot/0.1; +http://www.apple.com/go/applebot)"
189.75.233.148 - - [06/Jun/2026:04:55:59 +0200] "POST /xmlrpc.php HTTP/1.1" 200 415 "-" "Jetpack/12.0; WordPress/6.4; http://site52937102.com"
64.62.156.148 - - [06/Jun/2026:04:56:02 +0200] "GET /favicon.ico HTTP/1.1" 404 146 "-" "Mozilla/5.0 (Windows NT 6.1; rv:102.0) Gecko/20100101 Goanna/6.6 Firefox/102.0 PaleMoon/33.0.0"
189.75.233.148 - - [06/Jun/2026:04:56:10 +0200] "POST /xmlrpc.php HTTP/1.1" 200 415 "-" "Jetpack/13.0; WordPress/6.3; http://site50601583.com"
75.119.139.177 - - [06/Jun/2026:04:56:20 +0200] "POST /wp-cron.php?doing_wp_cron=1780714580.8380920886993408203125 HTTP/1.1" 200 31 "-" "WordPress/7.0; https://myideas.pt"
189.75.233.148 - - [06/Jun/2026:04:56:20 +0200] "POST /xmlrpc.php HTTP/1.1" 200 415 "-" "Jetpack by WordPress.com (Jetpack 12.0; WordPress 6.3)"
189.75.233.148 - - [06/Jun/2026:04:56:31 +0200] "POST /xmlrpc.php HTTP/1.1" 200 415 "-" "Jetpack/13.0; WordPress/6.2; http://site46558383.com"
189.75.233.148 - - [06/Jun/2026:04:56:42 +0200] "POST /xmlrpc.php HTTP/1.1" 200 415 "-" "WordPress.com; https://wordpress.com"
189.75.233.148 - - [06/Jun/2026:04:56:52 +0200] "POST /xmlrpc.php HTTP/1.1" 200 415 "-" "WordPress.com; https://wordpress.com"
189.75.233.148 - - [06/Jun/2026:04:57:03 +0200] "POST /xmlrpc.php HTTP/1.1" 200 415 "-" "Jetpack by WordPress.com (Jetpack 12.5; WordPress 6.4)"
189.75.233.148 - - [06/Jun/2026:04:57:14 +0200] "POST /xmlrpc.php HTTP/1.1" 200 415 "-" "Jetpack/12.1; WordPress/6.2; http://site64207764.com"
75.119.139.177 - - [06/Jun/2026:04:57:25 +0200] "POST /wp-cron.php?doing_wp_cron=1780714645.0304598808288574218750 HTTP/1.1" 200 31 "-" "WordPress/7.0; https://myideas.pt"
189.75.233.148 - - [06/Jun/2026:04:57:25 +0200] "POST /xmlrpc.php HTTP/1.1" 200 415 "-" "Jetpack/12.0; WordPress/6.1; http://site43385282.com"
189.75.233.148 - - [06/Jun/2026:04:57:35 +0200] "POST /xmlrpc.php HTTP/1.1" 200 415 "-" "Jetpack by WordPress.com"
189.75.233.148 - - [06/Jun/2026:04:57:46 +0200] "POST /xmlrpc.php HTTP/1.1" 200 415 "-" "Jetpack by WordPress.com"
189.75.233.148 - - [06/Jun/2026:04:57:57 +0200] "POST /xmlrpc.php HTTP/1.1" 200 415 "-" "Jetpack by WordPress.com"
189.75.233.148 - - [06/Jun/2026:04:58:08 +0200] "POST /xmlrpc.php HTTP/1.1" 200 415 "-" "WordPress.com; https://wordpress.com"
75.119.139.177 - - [06/Jun/2026:04:58:19 +0200] "POST /wp-cron.php?doing_wp_cron=1780714699.3426759243011474609375 HTTP/1.1" 200 31 "-" "WordPress/7.0; https://myideas.pt"
189.75.233.148 - - [06/Jun/2026:04:58:19 +0200] "POST /xmlrpc.php HTTP/1.1" 200 415 "-" "Jetpack by WordPress.com (Jetpack 12.1; WordPress 6.4)"
91.98.140.41 - - [06/Jun/2026:04:58:24 +0200] "GET /wp-login.php HTTP/1.1" 200 2256 "-" "Mozilla/5.0 (Windows NT 10.0; Win64; x64) AppleWebKit/537.36 (KHTML, like Gecko) Chrome/120.0.0.0 Safari/537.36"
91.98.140.41 - - [06/Jun/2026:04:58:25 +0200] "POST /wp-login.php HTTP/1.1" 200 2416 "https://myideas.pt/wp-login.php" "Mozilla/5.0 (Windows NT 10.0; Win64; x64) AppleWebKit/537.36 (KHTML, like Gecko) Chrome/120.0.0.0 Safari/537.36"
189.75.233.148 - - [06/Jun/2026:04:58:30 +0200] "POST /xmlrpc.php HTTP/1.1" 200 415 "-" "Jetpack by WordPress.com (Jetpack 12.0; WordPress 6.3)"
189.75.233.148 - - [06/Jun/2026:04:58:40 +0200] "POST /xmlrpc.php HTTP/1.1" 200 415 "-" "Jetpack by WordPress.com (Jetpack 12.1; WordPress 6.3)"
206.189.127.129 - - [06/Jun/2026:04:58:45 +0200] "HEAD / HTTP/1.1" 301 0 "-" "downnotifier.com monitoring"
206.189.127.129 - - [06/Jun/2026:04:58:46 +0200] "HEAD / HTTP/1.1" 200 0 "-" "downnotifier.com monitoring"
17.22.253.49 - - [06/Jun/2026:04:58:48 +0200] "GET /robots.txt HTTP/1.1" 200 986 "-" "Mozilla/5.0 (Macintosh; Intel Mac OS X 10_15_7) AppleWebKit/605.1.15 (KHTML, like Gecko) Version/17.4 Safari/605.1.15 (Applebot/0.1; +http://www.apple.com/go/applebot)"
17.241.75.76 - - [06/Jun/2026:04:58:49 +0200] "GET /contactos HTTP/1.1" 301 5 "-" "Mozilla/5.0 (Macintosh; Intel Mac OS X 10_15_7) AppleWebKit/605.1.15 (KHTML, like Gecko) Version/17.4 Safari/605.1.15 (Applebot/0.1; +http://www.apple.com/go/applebot)"
17.241.75.76 - - [06/Jun/2026:04:58:49 +0200] "GET /pt/contactos/ HTTP/1.1" 200 13694 "-" "Mozilla/5.0 (Macintosh; Intel Mac OS X 10_15_7) AppleWebKit/605.1.15 (KHTML, like Gecko) Version/17.4 Safari/605.1.15 (Applebot/0.1; +http://www.apple.com/go/applebot)"
17.241.227.97 - - [06/Jun/2026:04:58:51 +0200] "GET / HTTP/1.1" 200 23869 "-" "Mozilla/5.0 (Macintosh; Intel Mac OS X 10_15_7) AppleWebKit/605.1.15 (KHTML, like Gecko) Version/17.4 Safari/605.1.15 (Applebot/0.1; +http://www.apple.com/go/applebot)"
189.75.233.148 - - [06/Jun/2026:04:58:51 +0200] "POST /xmlrpc.php HTTP/1.1" 200 415 "-" "WordPress.com; https://wordpress.com"
189.75.233.148 - - [06/Jun/2026:04:59:02 +0200] "POST /xmlrpc.php HTTP/1.1" 200 415 "-" "Jetpack/12.5; WordPress/6.3; http://site37791603.com"
189.75.233.148 - - [06/Jun/2026:04:59:12 +0200] "POST /xmlrpc.php HTTP/1.1" 200 415 "-" "WordPress.com; https://wordpress.com"
216.73.217.21 - - [06/Jun/2026:04:59:23 +0200] "GET /robots.txt HTTP/1.1" 200 986 "-" "Mozilla/5.0 AppleWebKit/537.36 (KHTML, like Gecko; compatible; ClaudeBot/1.0; +claudebot@anthropic.com)"
75.119.139.177 - - [06/Jun/2026:04:59:23 +0200] "POST /wp-cron.php?doing_wp_cron=1780714763.3584890365600585937500 HTTP/1.1" 200 31 "-" "WordPress/7.0; https://myideas.pt"
189.75.233.148 - - [06/Jun/2026:04:59:23 +0200] "POST /xmlrpc.php HTTP/1.1" 200 415 "-" "WordPress.com; https://wordpress.com"
216.73.217.21 - - [06/Jun/2026:04:59:25 +0200] "GET /sitemapindex.xml HTTP/1.1" 404 13921 "-" "Mozilla/5.0 AppleWebKit/537.36 (KHTML, like Gecko; compatible; ClaudeBot/1.0; +claudebot@anthropic.com)"
189.75.233.148 - - [06/Jun/2026:04:59:34 +0200] "POST /xmlrpc.php HTTP/1.1" 200 415 "-" "Jetpack/12.1; WordPress/6.4; http://site98847122.com"
189.75.233.148 - - [06/Jun/2026:04:59:44 +0200] "POST /xmlrpc.php HTTP/1.1" 200 415 "-" "Jetpack by WordPress.com (Jetpack 13.0; WordPress 6.3)"
189.75.233.148 - - [06/Jun/2026:04:59:55 +0200] "POST /xmlrpc.php HTTP/1.1" 200 415 "-" "Jetpack by WordPress.com"
149.28.73.26 - - [06/Jun/2026:04:59:57 +0200] "HEAD / HTTP/1.1" 200 0 "-" "downnotifier.com monitoring"
189.75.233.148 - - [06/Jun/2026:05:00:06 +0200] "POST /xmlrpc.php HTTP/1.1" 200 415 "-" "Jetpack/12.1; WordPress/6.3; http://site71815760.com"
75.119.139.177 - - [06/Jun/2026:05:00:17 +0200] "POST /wp-cron.php?doing_wp_cron=1780714816.8950810432434082031250 HTTP/1.1" 200 31 "-" "WordPress/7.0; https://myideas.pt"
189.75.233.148 - - [06/Jun/2026:05:00:17 +0200] "POST /xmlrpc.php HTTP/1.1" 200 415 "-" "Jetpack/12.5; WordPress/6.1; http://site27341123.com"
189.75.233.148 - - [06/Jun/2026:05:00:27 +0200] "POST /xmlrpc.php HTTP/1.1" 200 415 "-" "Jetpack by WordPress.com (Jetpack 12.1; WordPress 6.1)"
189.75.233.148 - - [06/Jun/2026:05:00:50 +0200] "POST /xmlrpc.php HTTP/1.1" 200 415 "-" "Jetpack/13.0; WordPress/6.4; http://site89879612.com"
205.185.127.250 - - [06/Jun/2026:05:00:57 +0200] "GET /wp-login.php HTTP/1.1" 200 6744 "-" "Mozilla/5.0 (X11; Linux x86_64) AppleWebKit/537.36 (KHTML, like Gecko) Ubuntu Chromium/34.0.1847.116 Chrome/34.0.1847.116 Safari/537.36"
205.185.127.250 - - [06/Jun/2026:05:00:57 +0200] "POST /wp-login.php HTTP/1.1" 200 7168 "-" "Mozilla/5.0 (X11; Linux x86_64) AppleWebKit/537.36 (KHTML, like Gecko) Ubuntu Chromium/34.0.1847.116 Chrome/34.0.1847.116 Safari/537.36"
189.75.233.148 - - [06/Jun/2026:05:01:00 +0200] "POST /xmlrpc.php HTTP/1.1" 200 415 "-" "Jetpack/12.0; WordPress/6.1; http://site71557021.com"
189.75.233.148 - - [06/Jun/2026:05:01:11 +0200] "POST /xmlrpc.php HTTP/1.1" 200 415 "-" "WordPress.com; https://wordpress.com"
209.141.50.202 - - [06/Jun/2026:05:01:14 +0200] "GET /wp-login.php HTTP/1.1" 200 6744 "-" "Mozilla/5.0 (Windows NT 10.0; Win64; x64) AppleWebKit/537.36 (KHTML, like Gecko) Chrome/121.0.0.0 Safari/537.36 Edg/121.0.0.0"
75.119.139.177 - - [06/Jun/2026:05:01:20 +0200] "POST /wp-cron.php?doing_wp_cron=1780714880.7367908954620361328125 HTTP/1.1" 200 31 "-" "WordPress/7.0; https://myideas.pt"
216.73.217.21 - - [06/Jun/2026:05:01:20 +0200] "GET /sitemap.xml HTTP/1.1" 301 5 "-" "Mozilla/5.0 AppleWebKit/537.36 (KHTML, like Gecko; compatible; ClaudeBot/1.0; +claudebot@anthropic.com)"
216.73.217.21 - - [06/Jun/2026:05:01:21 +0200] "GET /sitemap_index.xml HTTP/1.1" 200 348 "https://myideas.pt/sitemap.xml" "Mozilla/5.0 AppleWebKit/537.36 (KHTML, like Gecko; compatible; ClaudeBot/1.0; +claudebot@anthropic.com)"
189.75.233.148 - - [06/Jun/2026:05:01:22 +0200] "POST /xmlrpc.php HTTP/1.1" 200 415 "-" "Jetpack by WordPress.com (Jetpack 12.5; WordPress 6.1)"
216.73.217.21 - - [06/Jun/2026:05:01:25 +0200] "GET /sitemap-hot-2296152.xml HTTP/1.1" 404 13930 "-" "Mozilla/5.0 AppleWebKit/537.36 (KHTML, like Gecko; compatible; ClaudeBot/1.0; +claudebot@anthropic.com)"
216.73.217.21 - - [06/Jun/2026:05:01:28 +0200] "GET /sitemap-hot-2286152.xml HTTP/1.1" 404 13930 "-" "Mozilla/5.0 AppleWebKit/537.36 (KHTML, like Gecko; compatible; ClaudeBot/1.0; +claudebot@anthropic.com)"
209.141.50.202 - - [06/Jun/2026:05:01:29 +0200] "POST /wp-login.php HTTP/1.1" 200 7137 "-" "Mozilla/5.0 (Windows NT 10.0; Win64; x64) AppleWebKit/537.36 (KHTML, like Gecko) Chrome/121.0.0.0 Safari/537.36 Edg/121.0.0.0"
189.75.233.148 - - [06/Jun/2026:05:01:32 +0200] "POST /xmlrpc.php HTTP/1.1" 200 415 "-" "Jetpack by WordPress.com (Jetpack 12.0; WordPress 6.1)"
189.75.233.148 - - [06/Jun/2026:05:01:43 +0200] "POST /xmlrpc.php HTTP/1.1" 200 415 "-" "WordPress.com; https://wordpress.com"
189.75.233.148 - - [06/Jun/2026:05:01:54 +0200] "POST /xmlrpc.php HTTP/1.1" 200 415 "-" "Jetpack by WordPress.com"
189.75.233.148 - - [06/Jun/2026:05:02:14 +0200] "POST /xmlrpc.php HTTP/1.1" 200 415 "-" "Jetpack/12.0; WordPress/6.1; http://site72042034.com"
75.119.139.177 - - [06/Jun/2026:05:02:16 +0200] "POST /wp-cron.php?doing_wp_cron=1780714936.7413210868835449218750 HTTP/1.1" 200 31 "-" "WordPress/7.0; https://myideas.pt"
198.98.59.131 - - [06/Jun/2026:05:02:16 +0200] "GET /wp-login.php HTTP/1.1" 200 6744 "-" "Mozilla/5.0 (X11; Linux x86_64) AppleWebKit/537.36 (KHTML, like Gecko) Chrome/35.0.1916.153 Safari/537.36"
185.191.171.1 - - [06/Jun/2026:05:02:24 +0200] "GET /robots.txt HTTP/1.1" 200 986 "-" "Mozilla/5.0 (compatible; SemrushBot/7~bl; +http://www.semrush.com/bot.html)"
185.191.171.15 - - [06/Jun/2026:05:02:25 +0200] "GET / HTTP/1.1" 200 23869 "-" "Mozilla/5.0 (compatible; SemrushBot/7~bl; +http://www.semrush.com/bot.html)"
189.75.233.148 - - [06/Jun/2026:05:02:25 +0200] "POST /xmlrpc.php HTTP/1.1" 200 415 "-" "Jetpack by WordPress.com (Jetpack 12.5; WordPress 6.4)"
198.98.59.131 - - [06/Jun/2026:05:02:28 +0200] "POST /wp-login.php HTTP/1.1" 200 7171 "-" "Mozilla/5.0 (X11; Linux x86_64) AppleWebKit/537.36 (KHTML, like Gecko) Chrome/35.0.1916.153 Safari/537.36"
189.75.233.148 - - [06/Jun/2026:05:02:36 +0200] "POST /xmlrpc.php HTTP/1.1" 200 415 "-" "Jetpack/12.5; WordPress/6.4; http://site94045233.com"
189.75.233.148 - - [06/Jun/2026:05:02:47 +0200] "POST /xmlrpc.php HTTP/1.1" 200 415 "-" "Jetpack/13.0; WordPress/6.2; http://site92425945.com"
216.73.217.21 - - [06/Jun/2026:05:02:56 +0200] "GET /sitemapmobileindex.xml HTTP/1.1" 404 13923 "-" "Mozilla/5.0 AppleWebKit/537.36 (KHTML, like Gecko; compatible; ClaudeBot/1.0; +claudebot@anthropic.com)"
189.75.233.148 - - [06/Jun/2026:05:02:57 +0200] "POST /xmlrpc.php HTTP/1.1" 200 415 "-" "WordPress.com; https://wordpress.com"
216.73.217.21 - - [06/Jun/2026:05:03:06 +0200] "GET /sitemap-hot-2282152.xml HTTP/1.1" 404 13930 "-" "Mozilla/5.0 AppleWebKit/537.36 (KHTML, like Gecko; compatible; ClaudeBot/1.0; +claudebot@anthropic.com)"
189.75.233.148 - - [06/Jun/2026:05:03:08 +0200] "POST /xmlrpc.php HTTP/1.1" 200 415 "-" "WordPress.com; https://wordpress.com"
75.119.139.177 - - [06/Jun/2026:05:03:19 +0200] "POST /wp-cron.php?doing_wp_cron=1780714999.2785999774932861328125 HTTP/1.1" 200 31 "-" "WordPress/7.0; https://myideas.pt"
189.75.233.148 - - [06/Jun/2026:05:03:19 +0200] "POST /xmlrpc.php HTTP/1.1" 200 415 "-" "Jetpack/12.1; WordPress/6.1; http://site41197175.com"
17.246.19.12 - - [06/Jun/2026:05:03:31 +0200] "GET /robots.txt HTTP/1.1" 200 986 "-" "Mozilla/5.0 (Macintosh; Intel Mac OS X 10_15_7) AppleWebKit/605.1.15 (KHTML, like Gecko) Version/17.4 Safari/605.1.15 (Applebot/0.1; +http://www.apple.com/go/applebot)"
17.246.19.12 - - [06/Jun/2026:05:03:32 +0200] "GET /portfolio/brighten/ HTTP/1.1" 200 18336 "-" "Mozilla/5.0 (Macintosh; Intel Mac OS X 10_15_7) AppleWebKit/605.1.15 (KHTML, like Gecko) Version/17.4 Safari/605.1.15 (Applebot/0.1; +http://www.apple.com/go/applebot)"
189.75.233.148 - - [06/Jun/2026:05:03:32 +0200] "POST /xmlrpc.php HTTP/1.1" 200 415 "-" "WordPress.com; https://wordpress.com"
189.75.233.148 - - [06/Jun/2026:05:03:44 +0200] "POST /xmlrpc.php HTTP/1.1" 200 415 "-" "Jetpack by WordPress.com"
189.75.233.148 - - [06/Jun/2026:05:03:56 +0200] "POST /xmlrpc.php HTTP/1.1" 200 415 "-" "Jetpack/12.1; WordPress/6.4; http://site27074110.com"
189.75.233.148 - - [06/Jun/2026:05:04:07 +0200] "POST /xmlrpc.php HTTP/1.1" 200 415 "-" "Jetpack/13.0; WordPress/6.4; http://site90080061.com"
216.73.217.21 - - [06/Jun/2026:05:04:08 +0200] "GET /sitemap-hot-2290152.xml HTTP/1.1" 404 13928 "-" "Mozilla/5.0 AppleWebKit/537.36 (KHTML, like Gecko; compatible; ClaudeBot/1.0; +claudebot@anthropic.com)"
216.73.217.21 - - [06/Jun/2026:05:04:11 +0200] "GET /sitemap-hot-2288152.xml HTTP/1.1" 404 13930 "-" "Mozilla/5.0 AppleWebKit/537.36 (KHTML, like Gecko; compatible; ClaudeBot/1.0; +claudebot@anthropic.com)"
75.119.139.177 - - [06/Jun/2026:05:04:18 +0200] "POST /wp-cron.php?doing_wp_cron=1780715058.2668800354003906250000 HTTP/1.1" 200 31 "-" "WordPress/7.0; https://myideas.pt"
189.75.233.148 - - [06/Jun/2026:05:04:18 +0200] "POST /xmlrpc.php HTTP/1.1" 200 415 "-" "Jetpack by WordPress.com (Jetpack 12.5; WordPress 6.3)"
46.151.178.13 - - [06/Jun/2026:05:04:22 +0200] "PROPFIND / HTTP/1.1" 405 150 "http://75.119.139.177:443/" "-"
189.75.233.148 - - [06/Jun/2026:05:04:29 +0200] "POST /xmlrpc.php HTTP/1.1" 200 415 "-" "Jetpack by WordPress.com"
57.141.20.62 - - [06/Jun/2026:05:04:33 +0200] "GET /pt/guia-empresas-2026/ HTTP/1.1" 200 105099 "-" "meta-externalagent/1.1 (+https://developers.facebook.com/docs/sharing/webmasters/crawler)"
66.228.53.78 - - [06/Jun/2026:05:04:37 +0200] "GET / HTTP/1.1" 301 5 "-" "Mozilla/5.0 (Macintosh; Intel Mac OS X 13_1) AppleWebKit/537.36 (KHTML, like Gecko) Chrome/108.0.0.0 Safari/537.36"
66.228.53.78 - - [06/Jun/2026:05:04:38 +0200] "GET / HTTP/1.1" 200 23869 "https://75.119.139.177/" "Mozilla/5.0 (Macintosh; Intel Mac OS X 13_1) AppleWebKit/537.36 (KHTML, like Gecko) Chrome/108.0.0.0 Safari/537.36"
189.75.233.148 - - [06/Jun/2026:05:04:40 +0200] "POST /xmlrpc.php HTTP/1.1" 200 415 "-" "Jetpack by WordPress.com (Jetpack 12.1; WordPress 6.3)"
198.98.59.131 - - [06/Jun/2026:05:04:40 +0200] "GET /wp-login.php HTTP/1.1" 200 6744 "-" "Mozilla/5.0 (Windows NT 10.0; Win64; x64) AppleWebKit/537.36 (KHTML, like Gecko) Chrome/146.0.0.0 Safari/537.36"
189.75.233.148 - - [06/Jun/2026:05:04:51 +0200] "POST /xmlrpc.php HTTP/1.1" 200 415 "-" "WordPress.com; https://wordpress.com"
189.75.233.148 - - [06/Jun/2026:05:05:02 +0200] "POST /xmlrpc.php HTTP/1.1" 200 415 "-" "Jetpack by WordPress.com"
189.75.233.148 - - [06/Jun/2026:05:05:13 +0200] "POST /xmlrpc.php HTTP/1.1" 200 415 "-" "Jetpack by WordPress.com (Jetpack 12.1; WordPress 6.2)"
75.119.139.177 - - [06/Jun/2026:05:05:24 +0200] "POST /wp-cron.php?doing_wp_cron=1780715123.9736568927764892578125 HTTP/1.1" 200 31 "-" "WordPress/7.0; https://myideas.pt"
189.75.233.148 - - [06/Jun/2026:05:05:24 +0200] "POST /xmlrpc.php HTTP/1.1" 200 415 "-" "WordPress.com; https://wordpress.com"
189.75.233.148 - - [06/Jun/2026:05:05:34 +0200] "POST /xmlrpc.php HTTP/1.1" 200 415 "-" "Jetpack by WordPress.com (Jetpack 12.5; WordPress 6.1)"
216.73.217.21 - - [06/Jun/2026:05:05:45 +0200] "GET /sitemap-hot-2278152.xml HTTP/1.1" 404 13930 "-" "Mozilla/5.0 AppleWebKit/537.36 (KHTML, like Gecko; compatible; ClaudeBot/1.0; +claudebot@anthropic.com)"
189.75.233.148 - - [06/Jun/2026:05:05:45 +0200] "POST /xmlrpc.php HTTP/1.1" 200 415 "-" "Jetpack by WordPress.com"
189.75.233.148 - - [06/Jun/2026:05:05:56 +0200] "POST /xmlrpc.php HTTP/1.1" 200 415 "-" "Jetpack by WordPress.com (Jetpack 13.0; WordPress 6.2)"
189.75.233.148 - - [06/Jun/2026:05:06:07 +0200] "POST /xmlrpc.php HTTP/1.1" 200 415 "-" "Jetpack by WordPress.com"
198.98.59.131 - - [06/Jun/2026:05:06:07 +0200] "POST /wp-login.php HTTP/1.1" 200 7137 "-" "Mozilla/5.0 (Windows NT 10.0; Win64; x64) AppleWebKit/537.36 (KHTML, like Gecko) Chrome/146.0.0.0 Safari/537.36"
75.119.139.177 - - [06/Jun/2026:05:06:18 +0200] "POST /wp-cron.php?doing_wp_cron=1780715178.6778919696807861328125 HTTP/1.1" 200 31 "-" "WordPress/7.0; https://myideas.pt"
189.75.233.148 - - [06/Jun/2026:05:06:18 +0200] "POST /xmlrpc.php HTTP/1.1" 200 415 "-" "Jetpack/12.1; WordPress/6.3; http://site74215704.com"
189.75.233.148 - - [06/Jun/2026:05:06:29 +0200] "POST /xmlrpc.php HTTP/1.1" 200 415 "-" "WordPress.com; https://wordpress.com"
189.75.233.148 - - [06/Jun/2026:05:06:40 +0200] "POST /xmlrpc.php HTTP/1.1" 200 415 "-" "Jetpack by WordPress.com"
17.246.19.212 - - [06/Jun/2026:05:06:51 +0200] "GET /wp-content/cache/wpo-minify/1780673871/assets/wpo-minify-header-85140de2.min.css HTTP/1.1" 200 35213 "https://myideas.pt/portfolio/brighten/" "Mozilla/5.0 (Macintosh; Intel Mac OS X 10_15_7) AppleWebKit/605.1.15 (KHTML, like Gecko) Version/17.4 Safari/605.1.15 (Applebot/0.1; +http://www.apple.com/go/applebot)"
189.75.233.148 - - [06/Jun/2026:05:06:51 +0200] "POST /xmlrpc.php HTTP/1.1" 200 415 "-" "Jetpack by WordPress.com"
17.246.19.212 - - [06/Jun/2026:05:06:52 +0200] "GET /wp-content/cache/wpo-minify/1780673871/assets/wpo-minify-footer-f9e72a21.min.js HTTP/1.1" 200 96500 "https://myideas.pt/portfolio/brighten/" "Mozilla/5.0 (Macintosh; Intel Mac OS X 10_15_7) AppleWebKit/605.1.15 (KHTML, like Gecko) Version/17.4 Safari/605.1.15 (Applebot/0.1; +http://www.apple.com/go/applebot)"
216.73.217.21 - - [06/Jun/2026:05:06:52 +0200] "GET /sitemap-hot-2274152.xml HTTP/1.1" 404 13928 "-" "Mozilla/5.0 AppleWebKit/537.36 (KHTML, like Gecko; compatible; ClaudeBot/1.0; +claudebot@anthropic.com)"
216.73.217.21 - - [06/Jun/2026:05:06:54 +0200] "GET /sitemap-hot-2272152.xml HTTP/1.1" 404 13928 "-" "Mozilla/5.0 AppleWebKit/537.36 (KHTML, like Gecko; compatible; ClaudeBot/1.0; +claudebot@anthropic.com)"
189.75.233.148 - - [06/Jun/2026:05:07:01 +0200] "POST /xmlrpc.php HTTP/1.1" 200 415 "-" "WordPress.com; https://wordpress.com"
216.73.217.21 - - [06/Jun/2026:05:07:04 +0200] "GET /sitemap-hot-2284152.xml HTTP/1.1" 404 13930 "-" "Mozilla/5.0 AppleWebKit/537.36 (KHTML, like Gecko; compatible; ClaudeBot/1.0; +claudebot@anthropic.com)"
189.75.233.148 - - [06/Jun/2026:05:07:12 +0200] "POST /xmlrpc.php HTTP/1.1" 200 415 "-" "Jetpack by WordPress.com (Jetpack 12.0; WordPress 6.4)"
75.119.139.177 - - [06/Jun/2026:05:07:24 +0200] "POST /wp-cron.php?doing_wp_cron=1780715244.6334340572357177734375 HTTP/1.1" 200 31 "-" "WordPress/7.0; https://myideas.pt"
189.75.233.148 - - [06/Jun/2026:05:07:24 +0200] "POST /xmlrpc.php HTTP/1.1" 200 415 "-" "WordPress.com; https://wordpress.com"
216.73.217.21 - - [06/Jun/2026:05:07:30 +0200] "GET /sitemap-hot-2268152.xml HTTP/1.1" 404 13930 "-" "Mozilla/5.0 AppleWebKit/537.36 (KHTML, like Gecko; compatible; ClaudeBot/1.0; +claudebot@anthropic.com)"
216.73.217.21 - - [06/Jun/2026:05:07:33 +0200] "GET /sitemap-hot-2280152.xml HTTP/1.1" 404 13930 "-" "Mozilla/5.0 AppleWebKit/537.36 (KHTML, like Gecko; compatible; ClaudeBot/1.0; +claudebot@anthropic.com)"
189.75.233.148 - - [06/Jun/2026:05:07:34 +0200] "POST /xmlrpc.php HTTP/1.1" 200 415 "-" "Jetpack by WordPress.com (Jetpack 12.5; WordPress 6.2)"
216.73.217.21 - - [06/Jun/2026:05:07:37 +0200] "GET /sitemap-hot-2276152.xml HTTP/1.1" 404 13930 "-" "Mozilla/5.0 AppleWebKit/537.36 (KHTML, like Gecko; compatible; ClaudeBot/1.0; +claudebot@anthropic.com)"
216.73.217.21 - - [06/Jun/2026:05:07:39 +0200] "GET /sitemap-hot-2294152.xml HTTP/1.1" 404 13928 "-" "Mozilla/5.0 AppleWebKit/537.36 (KHTML, like Gecko; compatible; ClaudeBot/1.0; +claudebot@anthropic.com)"
189.75.233.148 - - [06/Jun/2026:05:07:44 +0200] "POST /xmlrpc.php HTTP/1.1" 200 415 "-" "Jetpack by WordPress.com (Jetpack 12.1; WordPress 6.2)"
189.75.233.148 - - [06/Jun/2026:05:07:55 +0200] "POST /xmlrpc.php HTTP/1.1" 200 415 "-" "Jetpack by WordPress.com"
189.75.233.148 - - [06/Jun/2026:05:08:06 +0200] "POST /xmlrpc.php HTTP/1.1" 200 415 "-" "Jetpack/13.0; WordPress/6.1; http://site50765086.com"
75.119.139.177 - - [06/Jun/2026:05:08:16 +0200] "POST /wp-cron.php?doing_wp_cron=1780715296.9610240459442138671875 HTTP/1.1" 200 31 "-" "WordPress/7.0; https://myideas.pt"
189.75.233.148 - - [06/Jun/2026:05:08:16 +0200] "POST /xmlrpc.php HTTP/1.1" 200 415 "-" "Jetpack by WordPress.com"
189.75.233.148 - - [06/Jun/2026:05:08:28 +0200] "POST /xmlrpc.php HTTP/1.1" 200 415 "-" "Jetpack by WordPress.com (Jetpack 13.0; WordPress 6.4)"
216.73.217.21 - - [06/Jun/2026:05:08:34 +0200] "GET /sitemap-hot-2266152.xml HTTP/1.1" 404 13930 "-" "Mozilla/5.0 AppleWebKit/537.36 (KHTML, like Gecko; compatible; ClaudeBot/1.0; +claudebot@anthropic.com)"
189.75.233.148 - - [06/Jun/2026:05:08:38 +0200] "POST /xmlrpc.php HTTP/1.1" 200 415 "-" "Jetpack by WordPress.com"
216.73.217.21 - - [06/Jun/2026:05:08:44 +0200] "GET /sitemap-hot-2270152.xml HTTP/1.1" 404 13928 "-" "Mozilla/5.0 AppleWebKit/537.36 (KHTML, like Gecko; compatible; ClaudeBot/1.0; +claudebot@anthropic.com)"
37.97.137.40 - - [06/Jun/2026:05:08:45 +0200] "HEAD / HTTP/1.1" 301 0 "-" "downnotifier.com monitoring"
37.97.137.40 - - [06/Jun/2026:05:08:46 +0200] "HEAD / HTTP/1.1" 200 0 "-" "downnotifier.com monitoring"
189.75.233.148 - - [06/Jun/2026:05:08:49 +0200] "POST /xmlrpc.php HTTP/1.1" 200 415 "-" "WordPress.com; https://wordpress.com"
189.75.233.148 - - [06/Jun/2026:05:09:00 +0200] "POST /xmlrpc.php HTTP/1.1" 200 415 "-" "WordPress.com; https://wordpress.com"
189.75.233.148 - - [06/Jun/2026:05:09:11 +0200] "POST /xmlrpc.php HTTP/1.1" 200 415 "-" "WordPress.com; https://wordpress.com"
75.119.139.177 - - [06/Jun/2026:05:09:22 +0200] "POST /wp-cron.php?doing_wp_cron=1780715362.9395170211791992187500 HTTP/1.1" 200 31 "-" "WordPress/7.0; https://myideas.pt"
189.75.233.148 - - [06/Jun/2026:05:09:22 +0200] "POST /xmlrpc.php HTTP/1.1" 200 415 "-" "Jetpack by WordPress.com (Jetpack 12.5; WordPress 6.1)"
189.75.233.148 - - [06/Jun/2026:05:09:34 +0200] "POST /xmlrpc.php HTTP/1.1" 200 415 "-" "Jetpack by WordPress.com"
77.75.78.160 - - [06/Jun/2026:05:09:43 +0200] "GET /pt/marketing-como-lideranca-nao-como-pressao/ HTTP/1.1" 200 20554 "-" "Mozilla/5.0 (compatible; SeznamBot/4.0; +https://o-seznam.cz/napoveda/vyhledavani/en/seznambot-crawler/)"
189.75.233.148 - - [06/Jun/2026:05:09:45 +0200] "POST /xmlrpc.php HTTP/1.1" 200 415 "-" "Jetpack by WordPress.com (Jetpack 12.0; WordPress 6.2)"
216.73.217.21 - - [06/Jun/2026:05:09:48 +0200] "GET /sitemap-hot-2292152.xml HTTP/1.1" 404 13928 "-" "Mozilla/5.0 AppleWebKit/537.36 (KHTML, like Gecko; compatible; ClaudeBot/1.0; +claudebot@anthropic.com)"
189.75.233.148 - - [06/Jun/2026:05:09:56 +0200] "POST /xmlrpc.php HTTP/1.1" 200 415 "-" "Jetpack/13.0; WordPress/6.3; http://site95860421.com"
139.59.109.12 - - [06/Jun/2026:05:09:57 +0200] "HEAD / HTTP/1.1" 200 0 "-" "downnotifier.com monitoring"
189.75.233.148 - - [06/Jun/2026:05:10:07 +0200] "POST /xmlrpc.php HTTP/1.1" 200 415 "-" "Jetpack/12.5; WordPress/6.4; http://site86832076.com"
46.225.147.220 - - [06/Jun/2026:05:10:17 +0200] "GET /robots.txt HTTP/1.1" 200 986 "-" "AIWebIndex/2.0 (+https://lyrenth.com/bot; AI-readable web index)"
46.225.147.220 - - [06/Jun/2026:05:10:17 +0200] "GET / HTTP/1.1" 200 23869 "-" "AIWebIndex/2.0 (+https://lyrenth.com/bot; AI-readable web index)"
75.119.139.177 - - [06/Jun/2026:05:10:17 +0200] "POST /wp-cron.php?doing_wp_cron=1780715417.8823750019073486328125 HTTP/1.1" 200 31 "-" "WordPress/7.0; https://myideas.pt"
189.75.233.148 - - [06/Jun/2026:05:10:17 +0200] "POST /xmlrpc.php HTTP/1.1" 200 415 "-" "Jetpack/12.1; WordPress/6.3; http://site12606620.com"
189.75.233.148 - - [06/Jun/2026:05:10:28 +0200] "POST /xmlrpc.php HTTP/1.1" 200 415 "-" "Jetpack/12.1; WordPress/6.1; http://site71727452.com"
64.62.156.142 - - [06/Jun/2026:05:10:37 +0200] "GET /geoserver/web/ HTTP/1.1" 499 0 "-" "Mozilla/5.0 (Macintosh; Intel Mac OS X 10_15_7) AppleWebKit/537.36 (KHTML, like Gecko) Chrome/124.0.0.0 Safari/537.36 Edg/124.0.0.0"
189.75.233.148 - - [06/Jun/2026:05:10:39 +0200] "POST /xmlrpc.php HTTP/1.1" 200 415 "-" "Jetpack by WordPress.com"
64.31.25.250 - - [06/Jun/2026:05:10:48 +0200] "GET /wp-login.php HTTP/1.1" 200 2256 "-" "Mozilla/5.0 (X11; Linux x86_64; rv:133.0) Gecko/20100101 Firefox/133.0"
64.31.25.250 - - [06/Jun/2026:05:10:49 +0200] "POST /wp-login.php HTTP/1.1" 200 2387 "https://www.myideas.pt/wp-login.php" "Mozilla/5.0 (X11; Linux x86_64; rv:133.0) Gecko/20100101 Firefox/133.0"
189.75.233.148 - - [06/Jun/2026:05:10:50 +0200] "POST /xmlrpc.php HTTP/1.1" 200 415 "-" "Jetpack by WordPress.com (Jetpack 12.5; WordPress 6.2)"
189.75.233.148 - - [06/Jun/2026:05:11:01 +0200] "POST /xmlrpc.php HTTP/1.1" 200 415 "-" "Jetpack by WordPress.com"
189.75.233.148 - - [06/Jun/2026:05:11:11 +0200] "POST /xmlrpc.php HTTP/1.1" 200 415 "-" "Jetpack by WordPress.com (Jetpack 12.1; WordPress 6.1)"
75.119.139.177 - - [06/Jun/2026:05:11:22 +0200] "POST /wp-cron.php?doing_wp_cron=1780715482.7324008941650390625000 HTTP/1.1" 200 31 "-" "WordPress/7.0; https://myideas.pt"
189.75.233.148 - - [06/Jun/2026:05:11:22 +0200] "POST /xmlrpc.php HTTP/1.1" 200 415 "-" "Jetpack/12.1; WordPress/6.4; http://site38494655.com"
189.75.233.148 - - [06/Jun/2026:05:11:33 +0200] "POST /xmlrpc.php HTTP/1.1" 200 415 "-" "Jetpack by WordPress.com (Jetpack 12.1; WordPress 6.1)"
189.75.233.148 - - [06/Jun/2026:05:11:44 +0200] "POST /xmlrpc.php HTTP/1.1" 200 415 "-" "Jetpack by WordPress.com (Jetpack 12.0; WordPress 6.4)"
189.75.233.148 - - [06/Jun/2026:05:11:55 +0200] "POST /xmlrpc.php HTTP/1.1" 200 415 "-" "WordPress.com; https://wordpress.com"
189.75.233.148 - - [06/Jun/2026:05:12:06 +0200] "POST /xmlrpc.php HTTP/1.1" 200 415 "-" "WordPress.com; https://wordpress.com"
75.119.139.177 - - [06/Jun/2026:05:12:17 +0200] "POST /wp-cron.php?doing_wp_cron=1780715537.2818329334259033203125 HTTP/1.1" 200 31 "-" "WordPress/7.0; https://myideas.pt"
189.75.233.148 - - [06/Jun/2026:05:12:17 +0200] "POST /xmlrpc.php HTTP/1.1" 200 415 "-" "Jetpack by WordPress.com (Jetpack 13.0; WordPress 6.4)"
189.75.233.148 - - [06/Jun/2026:05:12:28 +0200] "POST /xmlrpc.php HTTP/1.1" 200 415 "-" "Jetpack/13.0; WordPress/6.3; http://site76475089.com"
189.75.233.148 - - [06/Jun/2026:05:12:38 +0200] "POST /xmlrpc.php HTTP/1.1" 200 415 "-" "Jetpack by WordPress.com"
189.75.233.148 - - [06/Jun/2026:05:12:49 +0200] "POST /xmlrpc.php HTTP/1.1" 200 415 "-" "Jetpack/12.1; WordPress/6.2; http://site10945619.com"
189.75.233.148 - - [06/Jun/2026:05:13:00 +0200] "POST /xmlrpc.php HTTP/1.1" 200 415 "-" "Jetpack/12.5; WordPress/6.3; http://site88410306.com"
189.75.233.148 - - [06/Jun/2026:05:13:11 +0200] "POST /xmlrpc.php HTTP/1.1" 200 415 "-" "Jetpack/12.5; WordPress/6.1; http://site78321324.com"
75.119.139.177 - - [06/Jun/2026:05:13:21 +0200] "POST /wp-cron.php?doing_wp_cron=1780715601.9199500083923339843750 HTTP/1.1" 200 31 "-" "WordPress/7.0; https://myideas.pt"
189.75.233.148 - - [06/Jun/2026:05:13:21 +0200] "POST /xmlrpc.php HTTP/1.1" 200 415 "-" "Jetpack by WordPress.com"
189.75.233.148 - - [06/Jun/2026:05:13:32 +0200] "POST /xmlrpc.php HTTP/1.1" 200 415 "-" "WordPress.com; https://wordpress.com"
189.75.233.148 - - [06/Jun/2026:05:13:43 +0200] "POST /xmlrpc.php HTTP/1.1" 200 415 "-" "Jetpack by WordPress.com"
189.75.233.148 - - [06/Jun/2026:05:13:54 +0200] "POST /xmlrpc.php HTTP/1.1" 200 415 "-" "WordPress.com; https://wordpress.com"
189.75.233.148 - - [06/Jun/2026:05:14:05 +0200] "POST /xmlrpc.php HTTP/1.1" 200 415 "-" "Jetpack by WordPress.com"
189.75.233.148 - - [06/Jun/2026:05:14:15 +0200] "POST /xmlrpc.php HTTP/1.1" 200 415 "-" "Jetpack by WordPress.com"
75.119.139.177 - - [06/Jun/2026:05:14:26 +0200] "POST /wp-cron.php?doing_wp_cron=1780715666.7971220016479492187500 HTTP/1.1" 200 31 "-" "WordPress/7.0; https://myideas.pt"
189.75.233.148 - - [06/Jun/2026:05:14:26 +0200] "POST /xmlrpc.php HTTP/1.1" 200 415 "-" "Jetpack by WordPress.com"
189.75.233.148 - - [06/Jun/2026:05:14:37 +0200] "POST /xmlrpc.php HTTP/1.1" 200 415 "-" "Jetpack by WordPress.com"
189.75.233.148 - - [06/Jun/2026:05:14:48 +0200] "POST /xmlrpc.php HTTP/1.1" 200 415 "-" "Jetpack/13.0; WordPress/6.3; http://site72739457.com"
189.75.233.148 - - [06/Jun/2026:05:14:59 +0200] "POST /xmlrpc.php HTTP/1.1" 200 415 "-" "WordPress.com; https://wordpress.com"
189.75.233.148 - - [06/Jun/2026:05:15:10 +0200] "POST /xmlrpc.php HTTP/1.1" 200 415 "-" "WordPress.com; https://wordpress.com"
75.119.139.177 - - [06/Jun/2026:05:15:21 +0200] "POST /wp-cron.php?doing_wp_cron=1780715720.9915189743041992187500 HTTP/1.1" 200 31 "-" "WordPress/7.0; https://myideas.pt"
189.75.233.148 - - [06/Jun/2026:05:15:21 +0200] "POST /xmlrpc.php HTTP/1.1" 200 415 "-" "WordPress.com; https://wordpress.com"
189.75.233.148 - - [06/Jun/2026:05:15:32 +0200] "POST /xmlrpc.php HTTP/1.1" 200 415 "-" "Jetpack/13.0; WordPress/6.3; http://site81014401.com"
189.75.233.148 - - [06/Jun/2026:05:15:43 +0200] "POST /xmlrpc.php HTTP/1.1" 200 415 "-" "WordPress.com; https://wordpress.com"
189.75.233.148 - - [06/Jun/2026:05:15:54 +0200] "POST /xmlrpc.php HTTP/1.1" 200 415 "-" "Jetpack/12.5; WordPress/6.4; http://site49058328.com"
5.133.192.199 - - [06/Jun/2026:05:15:59 +0200] "GET /robots.txt HTTP/1.1" 200 986 "http://myideas.pt/robots.txt" "Mozilla/5.0 (X11; CrOS x86_64 14541.0.0) AppleWebKit/537.36 (KHTML, like Gecko) Chrome/121.0.0.0 Safari/537.3"
80.248.225.154 - - [06/Jun/2026:05:15:59 +0200] "GET / HTTP/1.1" 200 23869 "http://myideas.pt/" "Mozilla/5.0 (X11; CrOS x86_64 14541.0.0) AppleWebKit/537.36 (KHTML, like Gecko) Chrome/121.0.0.0 Safari/537.3"
189.75.233.148 - - [06/Jun/2026:05:16:05 +0200] "POST /xmlrpc.php HTTP/1.1" 200 415 "-" "Jetpack/12.0; WordPress/6.4; http://site66340261.com"
189.75.233.148 - - [06/Jun/2026:05:16:15 +0200] "POST /xmlrpc.php HTTP/1.1" 200 415 "-" "WordPress.com; https://wordpress.com"
75.119.139.177 - - [06/Jun/2026:05:16:23 +0200] "POST /wp-cron.php?doing_wp_cron=1780715783.3432650566101074218750 HTTP/1.1" 200 31 "-" "WordPress/7.0; https://myideas.pt"
63.135.161.89 - - [06/Jun/2026:05:16:23 +0200] "POST /wp-login.php HTTP/1.1" 200 7153 "-" "Mozilla/5.0"
64.62.156.142 - - [06/Jun/2026:05:16:48 +0200] "GET /.git/config HTTP/1.1" 404 12542 "-" "Mozilla/5.0 (X11; Linux x86_64) AppleWebKit/537.36 (KHTML, like Gecko) Chrome/139.0.0.0 Safari/537.36"
75.119.139.177 - - [06/Jun/2026:05:18:39 +0200] "POST /wp-cron.php?doing_wp_cron=1780715919.3344659805297851562500 HTTP/1.1" 200 31 "-" "WordPress/7.0; https://myideas.pt"
213.171.208.232 - - [06/Jun/2026:05:18:39 +0200] "POST /xmlrpc.php HTTP/1.1" 200 236 "-" "Mozilla/5.0 (X11; Linux i686) AppleWebKit/537.36 (KHTML, like Gecko) Chrome/133.0.0.0 Safari/537.36"
206.189.127.129 - - [06/Jun/2026:05:18:45 +0200] "HEAD / HTTP/1.1" 301 0 "-" "downnotifier.com monitoring"
206.189.127.129 - - [06/Jun/2026:05:18:46 +0200] "HEAD / HTTP/1.1" 200 0 "-" "downnotifier.com monitoring"
75.119.139.177 - - [06/Jun/2026:05:20:04 +0200] "POST /wp-cron.php?doing_wp_cron=1780716004.0922849178314208984375 HTTP/1.1" 200 31 "-" "WordPress/7.0; https://myideas.pt"
104.236.216.73 - - [06/Jun/2026:05:20:04 +0200] "HEAD / HTTP/1.1" 200 0 "-" "downnotifier.com monitoring"
103.131.71.18 - - [06/Jun/2026:05:20:27 +0200] "GET /robots.txt HTTP/1.1" 200 986 "-" "Mozilla/5.0 (compatible; coccocbot-image/1.0; +http://help.coccoc.com/searchengine)"
103.131.71.20 - - [06/Jun/2026:05:20:30 +0200] "GET /wp-content/uploads/2024/05/HELENA_SILVA_TESTIMONY_MYIDEAS.jpg HTTP/1.1" 200 53716 "-" "Mozilla/5.0 (compatible; coccocbot-image/1.0; +http://help.coccoc.com/searchengine)"
43.159.143.139 - - [06/Jun/2026:05:21:15 +0200] "GET / HTTP/1.1" 400 248 "-" "Mozilla/5.0 (iPhone; CPU iPhone OS 13_2_3 like Mac OS X) AppleWebKit/605.1.15 (KHTML, like Gecko) Version/13.0.3 Mobile/15E148 Safari/604.1"
75.119.139.177 - - [06/Jun/2026:05:25:23 +0200] "POST /wp-cron.php?doing_wp_cron=1780716322.9846849441528320312500 HTTP/1.1" 200 31 "-" "WordPress/7.0; https://myideas.pt"
44.217.144.79 - - [06/Jun/2026:05:25:23 +0200] "GET / HTTP/1.1" 301 5 "-" "Mozilla/5.0 (X11; Linux x86_64) AppleWebKit/537.36 (KHTML, like Gecko) Chrome/115.0.0.0 Safari/537.36"
44.217.144.79 - - [06/Jun/2026:05:25:23 +0200] "GET / HTTP/1.1" 200 23869 "-" "Mozilla/5.0 (X11; Linux x86_64) AppleWebKit/537.36 (KHTML, like Gecko) Chrome/115.0.0.0 Safari/537.36"
75.119.139.177 - - [06/Jun/2026:05:28:45 +0200] "POST /wp-cron.php?doing_wp_cron=1780716525.4372160434722900390625 HTTP/1.1" 200 31 "-" "WordPress/7.0; https://myideas.pt"
37.97.137.40 - - [06/Jun/2026:05:28:45 +0200] "HEAD / HTTP/1.1" 301 0 "-" "downnotifier.com monitoring"
37.97.137.40 - - [06/Jun/2026:05:28:46 +0200] "HEAD / HTTP/1.1" 200 0 "-" "downnotifier.com monitoring"
75.119.139.177 - - [06/Jun/2026:05:29:37 +0200] "POST /wp-cron.php?doing_wp_cron=1780716577.7525460720062255859375 HTTP/1.1" 200 31 "-" "WordPress/7.0; https://myideas.pt"
103.50.205.131 - admin [06/Jun/2026:05:29:37 +0200] "GET /wp-json/wp/v2/users/me HTTP/1.1" 401 109 "-" "Mozilla/5.0 (X11; Ubuntu; Linux x86_64) AppleWebKit/537.36 (KHTML, like Gecko) Chrome/133.0.0.0 Safari/537.36"
139.59.109.12 - - [06/Jun/2026:05:30:04 +0200] "HEAD / HTTP/1.1" 200 0 "-" "downnotifier.com monitoring"
75.119.139.177 - - [06/Jun/2026:05:31:21 +0200] "POST /wp-cron.php?doing_wp_cron=1780716681.2586679458618164062500 HTTP/1.1" 200 31 "-" "WordPress/7.0; https://myideas.pt"
62.193.192.120 - - [06/Jun/2026:05:31:21 +0200] "GET /.well-known/acme-challenge/RWMO7IRLVJMWAMUAN3ZUZS_YQFQNKCR1 HTTP/1.1" 404 66870 "-" "Cpanel-HTTP-Client/1.0"
62.193.192.120 - - [06/Jun/2026:05:31:30 +0200] "GET /.well-known/acme-challenge/LU3Y-OGF4AN6IJJ07IJ6CTMKTIU1QFEG HTTP/1.1" 301 5 "-" "Cpanel-HTTP-Client/1.0"
62.193.192.120 - - [06/Jun/2026:05:31:31 +0200] "GET /.well-known/acme-challenge/LU3Y-OGF4AN6IJJ07IJ6CTMKTIU1QFEG HTTP/1.1" 404 66870 "-" "Cpanel-HTTP-Client/1.0"
57.141.20.47 - - [06/Jun/2026:05:32:00 +0200] "GET /pt/empresa-de-seo-geo-aeo/ HTTP/1.1" 200 86483 "-" "meta-externalagent/1.1 (+https://developers.facebook.com/docs/sharing/webmasters/crawler)"
77.83.39.54 - - [06/Jun/2026:05:32:09 +0200] "GET /.git/config HTTP/1.1" 404 12542 "-" "Mozilla/5.0 (iPhone; CPU iPhone OS 13_0 like Mac OS X) AppleWebKit/605.1.15 (KHTML, like Gecko) CriOS/76.0.3809.81 Mobile/15E148 Safari/605.1"
222.89.60.223 - - [06/Jun/2026:05:32:26 +0200] "GET / HTTP/1.1" 200 169697 "https://www.whole-search.com/cache/Google/myideas.pt?q=Google+Classifica%C3%A7%C3%A3o+de+pesquisa+global+site%3Awww.whole-search.com" "Mozilla/5.0 (Windows NT 6.2; WOW64) AppleWebKit/537.36 (KHTML like Gecko) Chrome/44.0.2403.155 Safari/537.36"
75.119.139.177 - - [06/Jun/2026:05:38:47 +0200] "POST /wp-cron.php?doing_wp_cron=1780717126.9196829795837402343750 HTTP/1.1" 200 31 "-" "WordPress/7.0; https://myideas.pt"
206.189.127.129 - - [06/Jun/2026:05:38:47 +0200] "HEAD / HTTP/1.1" 301 0 "-" "downnotifier.com monitoring"
206.189.127.129 - - [06/Jun/2026:05:38:47 +0200] "HEAD / HTTP/1.1" 200 0 "-" "downnotifier.com monitoring"
75.119.139.177 - - [06/Jun/2026:05:40:04 +0200] "POST /wp-cron.php?doing_wp_cron=1780717204.1100668907165527343750 HTTP/1.1" 200 31 "-" "WordPress/7.0; https://myideas.pt"
104.236.216.73 - - [06/Jun/2026:05:40:04 +0200] "HEAD / HTTP/1.1" 200 0 "-" "downnotifier.com monitoring"
75.119.139.177 - - [06/Jun/2026:05:40:35 +0200] "POST /wp-cron.php?doing_wp_cron=1780717235.3085179328918457031250 HTTP/1.1" 200 31 "-" "WordPress/7.0; https://myideas.pt"
17.22.253.214 - - [06/Jun/2026:05:40:35 +0200] "GET /portfolio/sports-partner HTTP/1.1" 404 12551 "-" "Mozilla/5.0 (Macintosh; Intel Mac OS X 10_15_7) AppleWebKit/605.1.15 (KHTML, like Gecko) Version/17.4 Safari/605.1.15 (Applebot/0.1; +http://www.apple.com/go/applebot)"
75.119.139.177 - - [06/Jun/2026:05:41:32 +0200] "POST /wp-cron.php?doing_wp_cron=1780717292.7366499900817871093750 HTTP/1.1" 200 31 "-" "WordPress/7.0; https://myideas.pt"
79.124.40.174 - - [06/Jun/2026:05:41:32 +0200] "GET /actuator/gateway/routes HTTP/1.1" 301 5 "-" "Mozilla/5.0 (Windows NT 10.0; Win64; x64) AppleWebKit/537.36 (KHTML, like Gecko) Chrome/78.0.3904.108 Safari/537.36"
79.124.40.174 - - [06/Jun/2026:05:41:33 +0200] "GET /actuator/gateway/routes HTTP/1.1" 404 12612 "https://75.119.139.177:443/actuator/gateway/routes" "Mozilla/5.0 (Windows NT 10.0; Win64; x64) AppleWebKit/537.36 (KHTML, like Gecko) Chrome/78.0.3904.108 Safari/537.36"
144.217.254.10 - - [06/Jun/2026:05:41:37 +0200] "GET /wp-login.php HTTP/1.1" 200 2256 "-" "Mozilla/5.0 (Windows NT 10.0; Win64; x64) AppleWebKit/537.36 (KHTML, like Gecko) Chrome/120.0.0.0 Safari/537.36"
144.217.254.10 - - [06/Jun/2026:05:41:37 +0200] "POST /wp-login.php HTTP/1.1" 200 2387 "https://myideas.pt/wp-login.php" "Mozilla/5.0 (Windows NT 10.0; Win64; x64) AppleWebKit/537.36 (KHTML, like Gecko) Chrome/120.0.0.0 Safari/537.36"
163.61.12.10 - - [06/Jun/2026:05:42:22 +0200] "GET /portfolio/feito-em-angola-websites/ HTTP/1.1" 200 18057 "-" "Mozilla/5.0 (Macintosh; Intel Mac OS X 10_16_0) AppleWebKit/537.36 (KHTML, like Gecko) Brave Chrome/80.0.3987.116 Safari/537.36"
75.119.139.177 - - [06/Jun/2026:05:44:24 +0200] "POST /wp-cron.php?doing_wp_cron=1780717463.9250400066375732421875 HTTP/1.1" 200 31 "-" "WordPress/7.0; https://myideas.pt"
34.38.195.167 - - [06/Jun/2026:05:44:24 +0200] "GET / HTTP/1.1" 301 5 "-" "python-requests/2.32.5"
75.119.139.177 - - [06/Jun/2026:05:48:45 +0200] "POST /wp-cron.php?doing_wp_cron=1780717725.8408300876617431640625 HTTP/1.1" 200 31 "-" "WordPress/7.0; https://myideas.pt"
37.97.137.40 - - [06/Jun/2026:05:48:45 +0200] "HEAD / HTTP/1.1" 301 0 "-" "downnotifier.com monitoring"
37.97.137.40 - - [06/Jun/2026:05:48:46 +0200] "HEAD / HTTP/1.1" 200 0 "-" "downnotifier.com monitoring"
3.224.104.67 - - [06/Jun/2026:05:49:32 +0200] "GET /work-portfolio/ HTTP/1.1" 200 17326 "-" "Mozilla/5.0 AppleWebKit/537.36 (KHTML, like Gecko; compatible; Amazonbot/0.1; +https://developer.amazon.com/support/amazonbot) Chrome/119.0.6045.214 Safari/537.36"
3.221.156.96 - - [06/Jun/2026:05:49:39 +0200] "GET /why-choose-myideas/ HTTP/1.1" 200 19855 "-" "Mozilla/5.0 AppleWebKit/537.36 (KHTML, like Gecko; compatible; Amazonbot/0.1; +https://developer.amazon.com/support/amazonbot) Chrome/119.0.6045.214 Safari/537.36"
75.119.139.177 - - [06/Jun/2026:05:50:04 +0200] "POST /wp-cron.php?doing_wp_cron=1780717804.0135729312896728515625 HTTP/1.1" 200 31 "-" "WordPress/7.0; https://myideas.pt"
139.59.109.12 - - [06/Jun/2026:05:50:04 +0200] "HEAD / HTTP/1.1" 200 0 "-" "downnotifier.com monitoring"
75.119.139.177 - - [06/Jun/2026:05:50:25 +0200] "POST /wp-cron.php?doing_wp_cron=1780717825.1886079311370849609375 HTTP/1.1" 200 31 "-" "WordPress/7.0; https://myideas.pt"
43.230.201.87 - - [06/Jun/2026:05:50:25 +0200] "GET /wp-login.php HTTP/1.1" 200 2256 "-" "Mozilla/5.0 (X11; Linux i686) AppleWebKit/537.36 (KHTML, like Gecko) Chrome/133.0.0.0 Safari/537.36"
43.230.201.87 - - [06/Jun/2026:05:50:27 +0200] "POST /wp-login.php HTTP/1.1" 200 2387 "https://www.myideas.pt/wp-login.php" "Mozilla/5.0 (X11; Linux i686) AppleWebKit/537.36 (KHTML, like Gecko) Chrome/133.0.0.0 Safari/537.36"
63.135.161.102 - - [06/Jun/2026:05:50:48 +0200] "POST /wp-login.php HTTP/1.1" 200 7153 "-" "Mozilla/5.0"
75.119.139.177 - - [06/Jun/2026:05:53:14 +0200] "POST /wp-cron.php?doing_wp_cron=1780717994.5251181125640869140625 HTTP/1.1" 200 31 "-" "WordPress/7.0; https://myideas.pt"
198.38.94.14 - - [06/Jun/2026:05:53:14 +0200] "GET /wp-login.php HTTP/1.1" 200 2256 "-" "Mozilla/5.0 (Windows NT 10.0; Win64; x64) AppleWebKit/537.36 (KHTML, like Gecko) Chrome/120.0.0.0 Safari/537.36"
198.38.94.14 - - [06/Jun/2026:05:53:15 +0200] "POST /wp-login.php HTTP/1.1" 200 2416 "https://myideas.pt/wp-login.php" "Mozilla/5.0 (Windows NT 10.0; Win64; x64) AppleWebKit/537.36 (KHTML, like Gecko) Chrome/120.0.0.0 Safari/537.36"
75.119.139.177 - - [06/Jun/2026:05:53:32 +0200] "POST /wp-cron.php?doing_wp_cron=1780718012.0767619609832763671875 HTTP/1.1" 200 31 "-" "WordPress/7.0; https://myideas.pt"
205.185.124.118 - - [06/Jun/2026:05:53:32 +0200] "GET /wp-login.php HTTP/1.1" 200 6744 "-" "Mozilla/5.0 (Windows NT 10.0; ARM64; rv:115.0) Gecko/20100101 Firefox/115.0"
75.119.139.177 - - [06/Jun/2026:05:54:38 +0200] "POST /wp-cron.php?doing_wp_cron=1780718078.6105780601501464843750 HTTP/1.1" 200 31 "-" "WordPress/7.0; https://myideas.pt"
205.185.124.118 - - [06/Jun/2026:05:54:38 +0200] "POST /wp-login.php HTTP/1.1" 200 7167 "-" "Mozilla/5.0 (Windows NT 10.0; ARM64; rv:115.0) Gecko/20100101 Firefox/115.0"
75.119.139.177 - - [06/Jun/2026:05:55:23 +0200] "POST /wp-cron.php?doing_wp_cron=1780718123.2443490028381347656250 HTTP/1.1" 200 31 "-" "WordPress/7.0; https://myideas.pt"
45.61.185.47 - - [06/Jun/2026:05:55:23 +0200] "GET /wp-login.php HTTP/1.1" 200 6744 "-" "Mozilla/5.0 (X11; Ubuntu; Linux x86_64; rv:31.0) Gecko/20100101 Firefox/31.0"
157.85.206.106 - - [06/Jun/2026:05:55:53 +0200] "GET /portfolio/bso-branding/ HTTP/1.1" 200 18448 "-" "Mozilla/5.0 (Windows NT 10.0; Win64; x64) AppleWebKit/537.36 (KHTML, like Gecko) Chrome/66.0.3359.139 Safari/537.36"
45.61.185.47 - - [06/Jun/2026:05:56:01 +0200] "POST /wp-login.php HTTP/1.1" 200 7138 "-" "Mozilla/5.0 (X11; Ubuntu; Linux x86_64; rv:31.0) Gecko/20100101 Firefox/31.0"
66.249.79.130 - - [06/Jun/2026:05:58:24 +0200] "GET /pt/ HTTP/1.1" 200 23915 "-" "Mozilla/5.0 (Linux; Android 6.0.1; Nexus 5X Build/MMB29P) AppleWebKit/537.36 (KHTML, like Gecko) Chrome/148.0.7778.96 Mobile Safari/537.36 (compatible; Googlebot/2.1; +http://www.google.com/bot.html)"
75.119.139.177 - - [06/Jun/2026:05:58:44 +0200] "POST /wp-cron.php?doing_wp_cron=1780718324.8099489212036132812500 HTTP/1.1" 200 31 "-" "WordPress/7.0; https://myideas.pt"
206.189.127.129 - - [06/Jun/2026:05:58:44 +0200] "HEAD / HTTP/1.1" 301 0 "-" "downnotifier.com monitoring"
206.189.127.129 - - [06/Jun/2026:05:58:45 +0200] "HEAD / HTTP/1.1" 200 0 "-" "downnotifier.com monitoring"
54.87.72.71 - - [06/Jun/2026:05:59:28 +0200] "GET /robots.txt HTTP/1.1" 200 986 "-" "Mozilla/5.0 (Macintosh; Intel Mac OS X 10_10_1) AppleWebKit/600.2.5 (KHTML, like Gecko) Version/8.0.2 Safari/600.2.5 (Gort)"
75.119.139.177 - - [06/Jun/2026:06:00:06 +0200] "POST /wp-cron.php?doing_wp_cron=1780718406.7922430038452148437500 HTTP/1.1" 200 31 "-" "WordPress/7.0; https://myideas.pt"
149.28.73.26 - - [06/Jun/2026:06:00:06 +0200] "HEAD / HTTP/1.1" 200 0 "-" "downnotifier.com monitoring"
43.130.71.237 - - [06/Jun/2026:06:00:43 +0200] "GET / HTTP/1.1" 200 24292 "http://myideas.pt" "Mozilla/5.0 (iPhone; CPU iPhone OS 13_2_3 like Mac OS X) AppleWebKit/605.1.15 (KHTML, like Gecko) Version/13.0.3 Mobile/15E148 Safari/604.1"
27.115.124.53 - - [06/Jun/2026:06:02:28 +0200] "GET / HTTP/1.1" 200 24292 "-" "Mozilla/5.0 (Linux; Android 11; CPH2185) AppleWebKit/537.36 (KHTML, like Gecko) Chrome/91.0.4472.101 Mobile Safari/537.36"
27.115.124.53 - - [06/Jun/2026:06:02:29 +0200] "GET /wp-content/cache/wpo-minify/1780673871/assets/wpo-minify-header-85140de2.min.css HTTP/1.1" 200 35213 "https://myideas.pt/" "Mozilla/5.0 (Linux; Android 11; CPH2185) AppleWebKit/537.36 (KHTML, like Gecko) Chrome/91.0.4472.101 Mobile Safari/537.36"
27.115.124.53 - - [06/Jun/2026:06:02:29 +0200] "GET /wp-content/cache/wpo-minify/1780673871/assets/wpo-minify-footer-f9e72a21.min.js HTTP/1.1" 200 96500 "https://myideas.pt/" "Mozilla/5.0 (Linux; Android 11; CPH2185) AppleWebKit/537.36 (KHTML, like Gecko) Chrome/91.0.4472.101 Mobile Safari/537.36"
27.115.124.53 - - [06/Jun/2026:06:02:29 +0200] "GET /wp-content/uploads/2024/06/MYIDEAS_LOGO_WHITE.svg HTTP/1.1" 200 749 "https://myideas.pt/" "Mozilla/5.0 (Linux; Android 11; CPH2185) AppleWebKit/537.36 (KHTML, like Gecko) Chrome/91.0.4472.101 Mobile Safari/537.36"
27.115.124.6 - - [06/Jun/2026:06:02:29 +0200] "GET /wp-content/uploads/2024/05/MYIDEAS_LOGO_BLACK.svg HTTP/1.1" 200 748 "https://myideas.pt/" "Mozilla/5.0 (Linux; Android 11; CPH2185) AppleWebKit/537.36 (KHTML, like Gecko) Chrome/91.0.4472.101 Mobile Safari/537.36"
27.115.124.53 - - [06/Jun/2026:06:02:30 +0200] "GET /wp-content/themes/Impreza/fonts/fa-regular-400.woff2?ver=8.46 HTTP/1.1" 200 168824 "https://myideas.pt/" "Mozilla/5.0 (Linux; Android 11; CPH2185) AppleWebKit/537.36 (KHTML, like Gecko) Chrome/91.0.4472.101 Mobile Safari/537.36"
27.115.124.38 - - [06/Jun/2026:06:02:30 +0200] "GET /wp-content/themes/Impreza/fonts/fa-brands-400.woff2?ver=8.46 HTTP/1.1" 200 76728 "https://myideas.pt/" "Mozilla/5.0 (Linux; Android 11; CPH2185) AppleWebKit/537.36 (KHTML, like Gecko) Chrome/91.0.4472.101 Mobile Safari/537.36"
27.115.124.53 - - [06/Jun/2026:06:02:30 +0200] "GET /wp-content/uploads/2024/06/MYIDEAS_MOBILE_1.jpg HTTP/1.1" 200 49979 "https://myideas.pt/" "Mozilla/5.0 (Linux; Android 11; CPH2185) AppleWebKit/537.36 (KHTML, like Gecko) Chrome/91.0.4472.101 Mobile Safari/537.36"
27.115.124.6 - - [06/Jun/2026:06:02:30 +0200] "GET /wp-content/themes/Impreza/fonts/material-icons.woff2?ver=8.46 HTTP/1.1" 200 128352 "https://myideas.pt/" "Mozilla/5.0 (Linux; Android 11; CPH2185) AppleWebKit/537.36 (KHTML, like Gecko) Chrome/91.0.4472.101 Mobile Safari/537.36"
27.115.124.45 - - [06/Jun/2026:06:02:30 +0200] "GET /wp-content/uploads/2025/03/BSO_CONSULTING_BRANDING_MYIDEAS_1-1000x750.jpg HTTP/1.1" 200 59609 "https://myideas.pt/" "Mozilla/5.0 (Linux; Android 11; CPH2185) AppleWebKit/537.36 (KHTML, like Gecko) Chrome/91.0.4472.101 Mobile Safari/537.36"
27.115.124.53 - - [06/Jun/2026:06:02:30 +0200] "GET /wp-content/uploads/2025/03/MYIDEAS_DCG_BRANDING_1-1000x750.jpg HTTP/1.1" 200 27888 "https://myideas.pt/" "Mozilla/5.0 (Linux; Android 11; CPH2185) AppleWebKit/537.36 (KHTML, like Gecko) Chrome/91.0.4472.101 Mobile Safari/537.36"
27.115.124.53 - - [06/Jun/2026:06:02:30 +0200] "GET /wp-content/uploads/2024/07/MYIDEAS_UENJI_ARENA_BRANDING_1-1000x750.jpg HTTP/1.1" 200 30003 "https://myideas.pt/" "Mozilla/5.0 (Linux; Android 11; CPH2185) AppleWebKit/537.36 (KHTML, like Gecko) Chrome/91.0.4472.101 Mobile Safari/537.36"
27.115.124.38 - - [06/Jun/2026:06:02:30 +0200] "GET /wp-content/uploads/2024/07/MYIDEAS_BRANDING_TALIA_1-1000x750.jpg HTTP/1.1" 200 28425 "https://myideas.pt/" "Mozilla/5.0 (Linux; Android 11; CPH2185) AppleWebKit/537.36 (KHTML, like Gecko) Chrome/91.0.4472.101 Mobile Safari/537.36"
27.115.124.6 - - [06/Jun/2026:06:02:30 +0200] "GET /wp-content/themes/Impreza/fonts/fa-light-300.woff2?ver=8.46 HTTP/1.1" 200 184204 "https://myideas.pt/" "Mozilla/5.0 (Linux; Android 11; CPH2185) AppleWebKit/537.36 (KHTML, like Gecko) Chrome/91.0.4472.101 Mobile Safari/537.36"
27.115.124.53 - - [06/Jun/2026:06:02:30 +0200] "GET /wp-content/uploads/2024/07/MYIDEAS_REBRANDING_STOA_1-1000x750.jpg HTTP/1.1" 200 32052 "https://myideas.pt/" "Mozilla/5.0 (Linux; Android 11; CPH2185) AppleWebKit/537.36 (KHTML, like Gecko) Chrome/91.0.4472.101 Mobile Safari/537.36"
27.115.124.38 - - [06/Jun/2026:06:02:30 +0200] "GET /wp-content/uploads/2024/07/MYIDEAS_ANGOLA_ECONOMIC_OUTLOOK_BRANDING_1-1000x750.jpg HTTP/1.1" 200 34006 "https://myideas.pt/" "Mozilla/5.0 (Linux; Android 11; CPH2185) AppleWebKit/537.36 (KHTML, like Gecko) Chrome/91.0.4472.101 Mobile Safari/537.36"
27.115.124.109 - - [06/Jun/2026:06:02:30 +0200] "GET /wp-content/uploads/2025/11/MYIDEAS_BRANDING_MEANINGFUL_1-1000x750.jpg HTTP/1.1" 200 191401 "https://myideas.pt/" "Mozilla/5.0 (Linux; Android 11; CPH2185) AppleWebKit/537.36 (KHTML, like Gecko) Chrome/91.0.4472.101 Mobile Safari/537.36"
