/
var
/
log
/
nginx
/
Upload File
HOME
75.119.139.177 - - [06/Jun/2026:00:01:08 +0200] "POST /wp-cron.php?doing_wp_cron=1780696868.1763510704040527343750 HTTP/1.1" 200 31 "-" "WordPress/7.0; https://myideas.pt"
50.6.169.131 - - [06/Jun/2026:00:01:08 +0200] "POST /xmlrpc.php HTTP/1.1" 200 236 "-" "Mozilla/5.0 (Macintosh; Intel Mac OS X 10_15_7) AppleWebKit/537.36 (KHTML, like Gecko) Chrome/133.0.0.0 Safari/537.36"
34.127.111.137 - - [06/Jun/2026:00:03:34 +0200] "GET /wp-content/uploads/MARKETING_SHOULD_FEEL_LIKE_LEADERSHIP.jpg HTTP/1.1" 200 359931 "-" "Mozilla/5.0 (X11; Linux x86_64) AppleWebKit/537.36 (KHTML, like Gecko) Chrome/91.0.4472.114 Safari/537.36"
75.119.139.177 - - [06/Jun/2026:00:03:46 +0200] "POST /wp-cron.php?doing_wp_cron=1780697026.3552379608154296875000 HTTP/1.1" 200 31 "-" "WordPress/7.0; https://myideas.pt"
106.75.186.101 - - [06/Jun/2026:00:03:46 +0200] "GET /dqgqoeCXckuwPtxov HTTP/1.1" 301 5 "-" "-"
106.75.186.101 - - [06/Jun/2026:00:03:47 +0200] "GET /dqgqoeCXckuwPtxov HTTP/1.1" 404 66650 "https://75.119.139.177:443/dqgqoeCXckuwPtxov" "-"
106.75.186.101 - - [06/Jun/2026:00:03:49 +0200] "GET /dqgqoeCXckuwPtxov HTTP/1.1" 301 5 "-" "-"
106.75.186.101 - - [06/Jun/2026:00:03:51 +0200] "GET /dqgqoeCXckuwPtxov HTTP/1.1" 404 66650 "https://75.119.139.177:443/dqgqoeCXckuwPtxov" "-"
75.119.139.177 - - [06/Jun/2026:00:04:16 +0200] "POST /wp-cron.php?doing_wp_cron=1780697056.1621561050415039062500 HTTP/1.1" 200 31 "-" "WordPress/7.0; https://myideas.pt"
45.61.186.169 - - [06/Jun/2026:00:04:16 +0200] "GET /wp-login.php HTTP/1.1" 200 6744 "-" "Mozilla/5.0 (Windows NT 10.0; Win64; x64) AppleWebKit/537.36 (KHTML, like Gecko) Chrome/114.0.0.0 Safari/537.36"
45.61.186.169 - - [06/Jun/2026:00:04:18 +0200] "POST /wp-login.php HTTP/1.1" 200 7167 "-" "Mozilla/5.0 (Windows NT 10.0; Win64; x64) AppleWebKit/537.36 (KHTML, like Gecko) Chrome/114.0.0.0 Safari/537.36"
77.68.83.86 - - [06/Jun/2026:00:06:30 +0200] "GET /images/images/cache.php HTTP/1.1" 404 140 "-" "Mozilla/5.0 (Macintosh; Intel Mac OS X 10_15_7) AppleWebKit/537.36 (KHTML, like Gecko) Chrome/120.0.6099.130 Safari/537.36"
77.68.83.86 - - [06/Jun/2026:00:06:30 +0200] "POST /images/images/cache.php?p= HTTP/1.1" 404 1437 "-" "Mozilla/5.0 (Macintosh; Intel Mac OS X 10_15_7) AppleWebKit/537.36 (KHTML, like Gecko) Chrome/121.0.6167.85 Safari/537.36"
77.68.83.86 - - [06/Jun/2026:00:06:30 +0200] "GET /images/images/cache.php HTTP/1.1" 404 947 "-" "Mozilla/5.0 (Windows NT 10.0; Win64; x64) AppleWebKit/537.36 (KHTML, like Gecko) Chrome/120.0.6099.130 Safari/537.36"
77.68.83.86 - - [06/Jun/2026:00:06:30 +0200] "POST /images/images/cache.php?q=%E0%A6%95var%E0%A6%95www%E0%A6%95myideas HTTP/1.1" 404 933 "-" "Mozilla/5.0 (X11; Linux x86_64) AppleWebKit/537.36 (KHTML, like Gecko) Chrome/121.0.6167.85 Safari/537.36"
77.68.83.86 - - [06/Jun/2026:00:06:30 +0200] "GET /memberfuns.php HTTP/1.1" 404 47 "-" "Mozilla/5.0 (Windows NT 10.0; Win64; x64; rv:122.0) Gecko/20100101 Firefox/122.0"
77.68.83.86 - - [06/Jun/2026:00:06:30 +0200] "GET /images/images/memberfuns.php HTTP/1.1" 404 47 "-" "Mozilla/5.0 (Macintosh; Intel Mac OS X 10_15_7) AppleWebKit/537.36 (KHTML, like Gecko) Chrome/120.0.6099.130 Safari/537.36"
77.68.83.86 - - [06/Jun/2026:00:06:31 +0200] "GET /images/images/cache.php HTTP/1.1" 404 140 "-" "Mozilla/5.0 (Windows NT 10.0; Win64; x64) AppleWebKit/537.36 (KHTML, like Gecko) Chrome/120.0.0.0 Safari/537.36 Edg/120.0.2210.133"
77.68.83.86 - - [06/Jun/2026:00:06:31 +0200] "GET /images/images/cache.php?p= HTTP/1.1" 404 1437 "-" "Mozilla/5.0 (Windows NT 10.0; Win64; x64) AppleWebKit/537.36 (KHTML, like Gecko) Chrome/120.0.0.0 Safari/537.36 Edg/120.0.2210.133"
77.68.83.86 - - [06/Jun/2026:00:06:31 +0200] "GET /images/images/cache.php HTTP/1.1" 404 947 "-" "Mozilla/5.0 (Windows NT 10.0; Win64; x64; rv:122.0) Gecko/20100101 Firefox/122.0"
77.68.83.86 - - [06/Jun/2026:00:06:31 +0200] "GET /images/images/cache.php?q=%E0%A6%95var%E0%A6%95www%E0%A6%95myideas HTTP/1.1" 404 896 "-" "Mozilla/5.0 (Windows NT 10.0; Win64; x64; rv:121.0) Gecko/20100101 Firefox/121.0"
77.68.83.86 - - [06/Jun/2026:00:06:31 +0200] "GET /memberfuns.php HTTP/1.1" 404 47 "-" "Mozilla/5.0 (Windows NT 10.0; Win64; x64; rv:122.0) Gecko/20100101 Firefox/122.0"
77.68.83.86 - - [06/Jun/2026:00:06:31 +0200] "GET /images/images/memberfuns.php HTTP/1.1" 404 47 "-" "Mozilla/5.0 (Macintosh; Intel Mac OS X 10_15_7) AppleWebKit/537.36 (KHTML, like Gecko) Chrome/122.0.6261.57 Safari/537.36"
77.68.83.86 - - [06/Jun/2026:00:07:09 +0200] "GET /images/images/cache.php HTTP/1.1" 404 140 "-" "Mozilla/5.0 (X11; Ubuntu; Linux x86_64; rv:119.0.1) Gecko/20100101 Firefox/119.0.1"
77.68.83.86 - - [06/Jun/2026:00:07:09 +0200] "GET /images/images/cache.php?p= HTTP/1.1" 404 1437 "-" "Mozilla/5.0 (Windows NT 10.0; Win64; x64; rv:119.0.1) Gecko/20100101 Firefox/119.0.1"
77.68.83.86 - - [06/Jun/2026:00:07:09 +0200] "GET /images/images/cache.php HTTP/1.1" 404 947 "-" "Mozilla/5.0 (Windows NT 10.0; Win64; x64) AppleWebKit/537.36 (KHTML, like Gecko) Chrome/121.0.0.0 Safari/537.36 Edg/121.0.2277.83"
77.68.83.86 - - [06/Jun/2026:00:07:09 +0200] "GET /images/images/cache.php?q=%E0%A6%95var%E0%A6%95www%E0%A6%95myideas HTTP/1.1" 404 896 "-" "Mozilla/5.0 (Windows NT 10.0; Win64; x64) AppleWebKit/537.36 (KHTML, like Gecko) Chrome/122.0.6261.57 Safari/537.36"
77.68.83.86 - - [06/Jun/2026:00:07:09 +0200] "GET /memberfuns.php HTTP/1.1" 404 47 "-" "Mozilla/5.0 (Windows NT 10.0; Win64; x64) AppleWebKit/537.36 (KHTML, like Gecko) Chrome/121.0.0.0 Safari/537.36 Edg/121.0.2277.83"
77.68.83.86 - - [06/Jun/2026:00:07:09 +0200] "GET /images/images/memberfuns.php HTTP/1.1" 404 47 "-" "Mozilla/5.0 (Windows NT 10.0; Win64; x64; rv:119.0.1) Gecko/20100101 Firefox/119.0.1"
77.68.83.86 - - [06/Jun/2026:00:07:15 +0200] "GET /images/images/cache.php HTTP/1.1" 404 140 "-" "Mozilla/5.0 (Windows NT 10.0; Win64; x64) AppleWebKit/537.36 (KHTML, like Gecko) Chrome/121.0.0.0 Safari/537.36 Edg/121.0.2277.83"
77.68.83.86 - - [06/Jun/2026:00:07:15 +0200] "POST /images/images/cache.php?p= HTTP/1.1" 404 1437 "-" "Mozilla/5.0 (X11; Linux x86_64) AppleWebKit/537.36 (KHTML, like Gecko) Chrome/120.0.6099.130 Safari/537.36"
77.68.83.86 - - [06/Jun/2026:00:07:15 +0200] "GET /images/images/cache.php HTTP/1.1" 404 947 "-" "Mozilla/5.0 (X11; Linux x86_64) AppleWebKit/537.36 (KHTML, like Gecko) Chrome/120.0.6099.130 Safari/537.36"
77.68.83.86 - - [06/Jun/2026:00:07:15 +0200] "POST /images/images/cache.php?q=%E0%A6%95var%E0%A6%95www%E0%A6%95myideas HTTP/1.1" 404 933 "-" "Mozilla/5.0 (Windows NT 10.0; Win64; x64) AppleWebKit/537.36 (KHTML, like Gecko) Chrome/120.0.6099.130 Safari/537.36"
77.68.83.86 - - [06/Jun/2026:00:07:15 +0200] "GET /memberfuns.php HTTP/1.1" 404 47 "-" "Mozilla/5.0 (Windows NT 10.0; Win64; x64) AppleWebKit/537.36 (KHTML, like Gecko) Chrome/121.0.0.0 Safari/537.36 Edg/121.0.2277.83"
77.68.83.86 - - [06/Jun/2026:00:07:15 +0200] "GET /images/images/memberfuns.php HTTP/1.1" 404 47 "-" "Mozilla/5.0 (X11; Linux x86_64) AppleWebKit/537.36 (KHTML, like Gecko) Chrome/121.0.6167.85 Safari/537.36"
75.119.139.177 - - [06/Jun/2026:00:07:16 +0200] "POST /wp-cron.php?doing_wp_cron=1780697236.7160010337829589843750 HTTP/1.1" 200 31 "-" "WordPress/7.0; https://myideas.pt"
188.241.62.83 - admin [06/Jun/2026:00:07:16 +0200] "GET /wp-json/wp/v2/users/me HTTP/1.1" 401 109 "-" "Mozilla/5.0 (Windows NT 10.0; Win64; x64; rv:133.0) Gecko/20100101 Firefox/133.0"
75.119.139.177 - - [06/Jun/2026:00:08:17 +0200] "POST /wp-cron.php?doing_wp_cron=1780697297.7966959476470947265625 HTTP/1.1" 200 31 "-" "WordPress/7.0; https://myideas.pt"
51.89.39.36 - - [06/Jun/2026:00:08:17 +0200] "GET /?wmo_hc=k7Hx9mQp2wRt HTTP/1.1" 200 172268 "-" "Mozilla/5.0 (Macintosh; Intel Mac OS X 10.15; rv:150.0) Gecko/20100101 Firefox/150.0"
190.80.50.73 - - [06/Jun/2026:00:08:24 +0200] "GET /privacy-policy/ HTTP/1.1" 200 18439 "-" "Mozilla/5.0 (Windows NT 6.1; WOW64) AppleWebKit/537.36 (KHTML, like Gecko) Chrome/89.0.4389.90 Safari/537.36"
37.97.137.40 - - [06/Jun/2026:00:08:45 +0200] "HEAD / HTTP/1.1" 301 0 "-" "downnotifier.com monitoring"
37.97.137.40 - - [06/Jun/2026:00:08:46 +0200] "HEAD / HTTP/1.1" 200 0 "-" "downnotifier.com monitoring"
75.119.139.177 - - [06/Jun/2026:00:09:46 +0200] "POST /wp-cron.php?doing_wp_cron=1780697386.7752931118011474609375 HTTP/1.1" 200 31 "-" "WordPress/7.0; https://myideas.pt"
108.61.201.55 - - [06/Jun/2026:00:09:46 +0200] "HEAD / HTTP/1.1" 200 0 "-" "downnotifier.com monitoring"
35.252.112.28 - - [06/Jun/2026:00:10:16 +0200] "GET /wp-content/uploads/AEO_ZERO_CLICK_SEARCH.jpg HTTP/1.1" 200 295231 "-" "Mozilla/5.0 (X11; Linux x86_64) AppleWebKit/537.36 (KHTML, like Gecko) Chrome/91.0.4472.114 Safari/537.36"
77.68.83.86 - - [06/Jun/2026:00:10:37 +0200] "GET /images/images/cache.php HTTP/1.1" 404 140 "-" "Mozilla/5.0 (Windows NT 10.0; Win64; x64) AppleWebKit/537.36 (KHTML, like Gecko) Chrome/121.0.0.0 Safari/537.36 Edg/121.0.2277.83"
77.68.83.86 - - [06/Jun/2026:00:10:37 +0200] "POST /images/images/cache.php?p= HTTP/1.1" 404 1437 "-" "Mozilla/5.0 (Windows NT 10.0; Win64; x64) AppleWebKit/537.36 (KHTML, like Gecko) Chrome/122.0.6261.57 Safari/537.36"
77.68.83.86 - - [06/Jun/2026:00:10:37 +0200] "GET /images/images/cache.php HTTP/1.1" 404 947 "-" "Mozilla/5.0 (Windows NT 10.0; Win64; x64) AppleWebKit/537.36 (KHTML, like Gecko) Chrome/121.0.6167.85 Safari/537.36"
77.68.83.86 - - [06/Jun/2026:00:10:37 +0200] "POST /images/images/cache.php?q=%E0%A6%95var%E0%A6%95www%E0%A6%95myideas HTTP/1.1" 404 933 "-" "Mozilla/5.0 (Macintosh; Intel Mac OS X 10_15_7) AppleWebKit/537.36 (KHTML, like Gecko) Chrome/122.0.6261.57 Safari/537.36"
77.68.83.86 - - [06/Jun/2026:00:10:37 +0200] "GET /memberfuns.php HTTP/1.1" 404 47 "-" "Mozilla/5.0 (Windows NT 10.0; Win64; x64; rv:121.0) Gecko/20100101 Firefox/121.0"
77.68.83.86 - - [06/Jun/2026:00:10:37 +0200] "GET /images/images/memberfuns.php HTTP/1.1" 404 47 "-" "Mozilla/5.0 (Macintosh; Intel Mac OS X 10_15_7) AppleWebKit/537.36 (KHTML, like Gecko) Chrome/120.0.6099.130 Safari/537.36"
20.215.214.30 - - [06/Jun/2026:00:10:49 +0200] "GET /client-journey/ HTTP/1.1" 200 18641 "-" "Mozilla/5.0 AppleWebKit/537.36 (KHTML, like Gecko); compatible; ChatGPT-User/1.0; +https://openai.com/bot"
75.119.139.177 - - [06/Jun/2026:00:11:27 +0200] "POST /wp-cron.php?doing_wp_cron=1780697487.7940850257873535156250 HTTP/1.1" 200 31 "-" "WordPress/7.0; https://myideas.pt"
43.230.201.87 - - [06/Jun/2026:00:11:27 +0200] "POST /xmlrpc.php HTTP/1.1" 200 236 "-" "Mozilla/5.0 (Macintosh; Intel Mac OS X 10_15_7) AppleWebKit/605.1.15 (KHTML, like Gecko) Version/18.3 Safari/605.1.15"
87.106.229.23 - - [06/Jun/2026:00:11:51 +0200] "GET / HTTP/1.1" 301 5 "-" "Go-http-client/1.1"
75.119.139.177 - - [06/Jun/2026:00:13:09 +0200] "POST /wp-cron.php?doing_wp_cron=1780697589.1983809471130371093750 HTTP/1.1" 200 31 "-" "WordPress/7.0; https://myideas.pt"
205.185.123.198 - - [06/Jun/2026:00:13:09 +0200] "GET /wp-login.php HTTP/1.1" 200 6744 "-" "Mozilla/5.0 (Macintosh; Intel Mac OS X 10_15_7) AppleWebKit/537.36 (KHTML, like Gecko) Chrome/119.0.0.0 Safari/537.36"
34.168.219.90 - - [06/Jun/2026:00:13:25 +0200] "GET /wp-content/uploads/2024/07/MYIDEAS_UENJI_ARENA_BRANDING_3.jpg HTTP/1.1" 200 566147 "-" "Mozilla/5.0 (X11; Linux x86_64) AppleWebKit/537.36 (KHTML, like Gecko) Chrome/91.0.4472.114 Safari/537.36"
51.68.236.87 - - [06/Jun/2026:00:13:35 +0200] "GET /robots.txt HTTP/1.1" 200 986 "-" "Mozilla/5.0 (compatible; MJ12bot/v2.0.5; http://mj12bot.com/)"
51.68.236.87 - - [06/Jun/2026:00:13:35 +0200] "GET / HTTP/1.1" 200 23869 "-" "Mozilla/5.0 (compatible; MJ12bot/v2.0.5; http://mj12bot.com/)"
75.119.139.177 - - [06/Jun/2026:00:13:55 +0200] "POST /wp-cron.php?doing_wp_cron=1780697635.0805621147155761718750 HTTP/1.1" 200 31 "-" "WordPress/7.0; https://myideas.pt"
106.75.156.189 - - [06/Jun/2026:00:13:55 +0200] "GET /dqgqoeCXckuwPtxov HTTP/1.1" 301 5 "-" "-"
106.75.156.189 - - [06/Jun/2026:00:13:56 +0200] "GET /dqgqoeCXckuwPtxov HTTP/1.1" 404 66650 "https://75.119.139.177:443/dqgqoeCXckuwPtxov" "-"
106.75.156.189 - - [06/Jun/2026:00:13:57 +0200] "GET /dqgqoeCXckuwPtxov HTTP/1.1" 301 5 "-" "-"
106.75.156.189 - - [06/Jun/2026:00:13:58 +0200] "GET /dqgqoeCXckuwPtxov HTTP/1.1" 404 66650 "https://75.119.139.177:443/dqgqoeCXckuwPtxov" "-"
75.119.139.177 - - [06/Jun/2026:00:14:34 +0200] "POST /wp-cron.php?doing_wp_cron=1780697674.3878669738769531250000 HTTP/1.1" 200 31 "-" "WordPress/7.0; https://myideas.pt"
20.29.57.212 - - [06/Jun/2026:00:14:34 +0200] "GET /login HTTP/1.1" 302 5 "-" "Mozilla/5.0 zgrab/0.x"
205.185.120.156 - - [06/Jun/2026:00:15:06 +0200] "GET /wp-login.php HTTP/1.1" 200 6744 "-" "Mozilla/5.0 (Macintosh; Intel Mac OS X 10_7_5) AppleWebKit/537.36 (KHTML, like Gecko) Chrome/36.0.1985.125 Safari/537.36"
213.173.108.221 - - [06/Jun/2026:00:15:31 +0200] "GET /wp-content/uploads/2025/03/MYIDEAS_BRANDING_LUIS_SIMOES_2.jpg HTTP/1.1" 200 641308 "-" "Mozilla/5.0 (Windows NT 10.0; Win64; x64) AppleWebKit/537.36 (KHTML, like Gecko) Chrome/141.0.0.0 Safari/537.36"
77.68.83.86 - - [06/Jun/2026:00:16:03 +0200] "GET /images/images/cache.php HTTP/1.1" 404 140 "-" "Mozilla/5.0 (Windows NT 10.0; Win64; x64) AppleWebKit/537.36 (KHTML, like Gecko) Chrome/121.0.0.0 Safari/537.36 Edg/121.0.2277.83"
77.68.83.86 - - [06/Jun/2026:00:16:03 +0200] "POST /images/images/cache.php?p= HTTP/1.1" 404 1437 "-" "Mozilla/5.0 (Windows NT 10.0; Win64; x64) AppleWebKit/537.36 (KHTML, like Gecko) Chrome/121.0.6167.85 Safari/537.36"
77.68.83.86 - - [06/Jun/2026:00:16:03 +0200] "GET /images/images/cache.php HTTP/1.1" 404 947 "-" "Mozilla/5.0 (Windows NT 10.0; Win64; x64) AppleWebKit/537.36 (KHTML, like Gecko) Chrome/121.0.6167.85 Safari/537.36"
77.68.83.86 - - [06/Jun/2026:00:16:03 +0200] "POST /images/images/cache.php?upload&q=%E0%A6%95var%E0%A6%95www%E0%A6%95myideas%E0%A6%95images%E0%A6%95images HTTP/1.1" 404 1041 "-" "Mozilla/5.0 (Windows NT 10.0; Win64; x64) AppleWebKit/537.36 (KHTML, like Gecko) Chrome/120.0.0.0 Safari/537.36 Edg/120.0.2210.133"
77.68.83.86 - - [06/Jun/2026:00:16:03 +0200] "GET /images/images/cache.php/%E0%A6%95var%E0%A6%95www%E0%A6%95myideas%E0%A6%95images%E0%A6%95images/ertmbv.php HTTP/1.1" 404 947 "-" "Mozilla/5.0 (Windows NT 10.0; Win64; x64) AppleWebKit/537.36 (KHTML, like Gecko) Chrome/120.0.0.0 Safari/537.36 Edg/120.0.2210.133"
77.68.83.86 - - [06/Jun/2026:00:16:03 +0200] "GET /images/images/ertmbv.php HTTP/1.1" 500 27 "-" "Mozilla/5.0 (Macintosh; Intel Mac OS X 10_15_7) AppleWebKit/537.36 (KHTML, like Gecko) Chrome/122.0.6261.57 Safari/537.36"
77.68.83.86 - - [06/Jun/2026:00:16:09 +0200] "GET /images/images/cache.php HTTP/1.1" 404 140 "-" "Mozilla/5.0 (Windows NT 10.0; Win64; x64; rv:121.0) Gecko/20100101 Firefox/121.0"
77.68.83.86 - - [06/Jun/2026:00:16:09 +0200] "GET /images/images/cache.php?p= HTTP/1.1" 404 1492 "-" "Mozilla/5.0 (Macintosh; Intel Mac OS X 10_15_7) AppleWebKit/537.36 (KHTML, like Gecko) Chrome/120.0.6099.130 Safari/537.36"
77.68.83.86 - - [06/Jun/2026:00:16:09 +0200] "GET /images/images/cache.php HTTP/1.1" 404 947 "-" "Mozilla/5.0 (Windows NT 10.0; Win64; x64; rv:119.0.1) Gecko/20100101 Firefox/119.0.1"
77.68.83.86 - - [06/Jun/2026:00:16:09 +0200] "GET /images/images/cache.php?upload&q=%E0%A6%95var%E0%A6%95www%E0%A6%95myideas%E0%A6%95images%E0%A6%95images HTTP/1.1" 404 1018 "-" "Mozilla/5.0 (Windows NT 10.0; Win64; x64) AppleWebKit/537.36 (KHTML, like Gecko) Chrome/120.0.0.0 Safari/537.36 Edg/120.0.2210.133"
77.68.83.86 - - [06/Jun/2026:00:16:09 +0200] "GET /images/images/cache.php/%E0%A6%95var%E0%A6%95www%E0%A6%95myideas%E0%A6%95images%E0%A6%95images/kfgmyr.php HTTP/1.1" 404 947 "-" "Mozilla/5.0 (Windows NT 10.0; Win64; x64; rv:122.0) Gecko/20100101 Firefox/122.0"
77.68.83.86 - - [06/Jun/2026:00:16:09 +0200] "GET /images/images/kfgmyr.php HTTP/1.1" 404 47 "-" "Mozilla/5.0 (Windows NT 10.0; Win64; x64) AppleWebKit/537.36 (KHTML, like Gecko) Chrome/120.0.0.0 Safari/537.36 Edg/120.0.2210.133"
77.68.83.86 - - [06/Jun/2026:00:16:33 +0200] "GET /images/images/cache.php HTTP/1.1" 404 140 "-" "Mozilla/5.0 (Windows NT 10.0; Win64; x64; rv:122.0) Gecko/20100101 Firefox/122.0"
77.68.83.86 - - [06/Jun/2026:00:16:33 +0200] "POST /images/images/cache.php?p= HTTP/1.1" 404 1492 "-" "Mozilla/5.0 (X11; Ubuntu; Linux x86_64; rv:119.0.1) Gecko/20100101 Firefox/119.0.1"
77.68.83.86 - - [06/Jun/2026:00:16:33 +0200] "GET /images/images/cache.php HTTP/1.1" 404 947 "-" "Mozilla/5.0 (X11; Ubuntu; Linux x86_64; rv:121.0) Gecko/20100101 Firefox/121.0"
77.68.83.86 - - [06/Jun/2026:00:16:33 +0200] "POST /images/images/cache.php?upload&q=%E0%A6%95var%E0%A6%95www%E0%A6%95myideas%E0%A6%95images%E0%A6%95images HTTP/1.1" 404 1041 "-" "Mozilla/5.0 (X11; Ubuntu; Linux x86_64; rv:119.0.1) Gecko/20100101 Firefox/119.0.1"
77.68.83.86 - - [06/Jun/2026:00:16:33 +0200] "GET /images/images/cache.php/%E0%A6%95var%E0%A6%95www%E0%A6%95myideas%E0%A6%95images%E0%A6%95images/miqebx.php HTTP/1.1" 404 947 "-" "Mozilla/5.0 (Windows NT 10.0; Win64; x64) AppleWebKit/537.36 (KHTML, like Gecko) Chrome/120.0.6099.130 Safari/537.36"
77.68.83.86 - - [06/Jun/2026:00:16:33 +0200] "GET /images/images/miqebx.php HTTP/1.1" 500 27 "-" "Mozilla/5.0 (X11; Ubuntu; Linux x86_64; rv:122.0) Gecko/20100101 Firefox/122.0"
77.68.83.86 - - [06/Jun/2026:00:16:45 +0200] "GET /images/images/cache.php HTTP/1.1" 404 140 "-" "Mozilla/5.0 (Windows NT 10.0; Win64; x64) AppleWebKit/537.36 (KHTML, like Gecko) Chrome/121.0.0.0 Safari/537.36 Edg/121.0.2277.83"
77.68.83.86 - - [06/Jun/2026:00:16:45 +0200] "GET /images/images/cache.php?p= HTTP/1.1" 404 1523 "-" "Mozilla/5.0 (Windows NT 10.0; Win64; x64) AppleWebKit/537.36 (KHTML, like Gecko) Chrome/121.0.0.0 Safari/537.36 Edg/121.0.2277.83"
77.68.83.86 - - [06/Jun/2026:00:16:45 +0200] "GET /images/images/cache.php HTTP/1.1" 404 947 "-" "Mozilla/5.0 (Windows NT 10.0; Win64; x64) AppleWebKit/537.36 (KHTML, like Gecko) Chrome/121.0.0.0 Safari/537.36 Edg/121.0.2277.83"
77.68.83.86 - - [06/Jun/2026:00:16:45 +0200] "GET /images/images/cache.php?upload&q=%E0%A6%95var%E0%A6%95www%E0%A6%95myideas%E0%A6%95images%E0%A6%95images HTTP/1.1" 404 1018 "-" "Mozilla/5.0 (Macintosh; Intel Mac OS X 10_15_7) AppleWebKit/537.36 (KHTML, like Gecko) Chrome/122.0.6261.57 Safari/537.36"
77.68.83.86 - - [06/Jun/2026:00:16:45 +0200] "GET /images/images/cache.php/%E0%A6%95var%E0%A6%95www%E0%A6%95myideas%E0%A6%95images%E0%A6%95images/ldnnii.php HTTP/1.1" 404 947 "-" "Mozilla/5.0 (Macintosh; Intel Mac OS X 10_15_7) AppleWebKit/537.36 (KHTML, like Gecko) Chrome/121.0.6167.85 Safari/537.36"
77.68.83.86 - - [06/Jun/2026:00:16:45 +0200] "GET /images/images/ldnnii.php HTTP/1.1" 404 47 "-" "Mozilla/5.0 (Windows NT 10.0; Win64; x64) AppleWebKit/537.36 (KHTML, like Gecko) Chrome/120.0.0.0 Safari/537.36 Edg/120.0.2210.133"
204.76.203.10 - - [06/Jun/2026:00:17:50 +0200] "GET / HTTP/1.1" 400 150 "-" "-"
75.119.139.177 - - [06/Jun/2026:00:17:51 +0200] "POST /wp-cron.php?doing_wp_cron=1780697871.5563430786132812500000 HTTP/1.1" 200 31 "-" "WordPress/7.0; https://myideas.pt"
162.241.152.21 - admin [06/Jun/2026:00:17:51 +0200] "GET /wp-json/wp/v2/users/me HTTP/1.1" 401 109 "-" "Mozilla/5.0 (X11; Linux x86_64) AppleWebKit/537.36 (KHTML, like Gecko) Chrome/133.0.0.0 Safari/537.36 Edg/133.0.0.0"
75.119.139.177 - - [06/Jun/2026:00:18:29 +0200] "POST /wp-cron.php?doing_wp_cron=1780697909.9455070495605468750000 HTTP/1.1" 200 31 "-" "WordPress/7.0; https://myideas.pt"
43.155.125.173 - - [06/Jun/2026:00:18:29 +0200] "GET /portfolio/eurest-sustainability-report HTTP/1.1" 301 5 "-" "Mozilla/5.0 (Macintosh; Intel Mac OS X 10_15_7) AppleWebKit/537.36 (KHTML, like Gecko) Chrome/123.0.0.0 Safari/537.36"
43.155.125.173 - - [06/Jun/2026:00:18:31 +0200] "GET /portfolio/eurest-sustainability-report/ HTTP/1.1" 200 18655 "-" "Mozilla/5.0 (Macintosh; Intel Mac OS X 10_15_7) AppleWebKit/537.36 (KHTML, like Gecko) Chrome/123.0.0.0 Safari/537.36"
206.189.127.129 - - [06/Jun/2026:00:18:46 +0200] "HEAD / HTTP/1.1" 301 0 "-" "downnotifier.com monitoring"
206.189.127.129 - - [06/Jun/2026:00:18:46 +0200] "HEAD / HTTP/1.1" 200 0 "-" "downnotifier.com monitoring"
75.119.139.177 - - [06/Jun/2026:00:19:35 +0200] "POST /wp-cron.php?doing_wp_cron=1780697975.2751901149749755859375 HTTP/1.1" 200 31 "-" "WordPress/7.0; https://myideas.pt"
205.185.120.156 - - [06/Jun/2026:00:19:35 +0200] "POST /wp-login.php HTTP/1.1" 200 7141 "-" "Mozilla/5.0 (Macintosh; Intel Mac OS X 10_7_5) AppleWebKit/537.36 (KHTML, like Gecko) Chrome/36.0.1985.125 Safari/537.36"
139.59.109.12 - - [06/Jun/2026:00:19:49 +0200] "HEAD / HTTP/1.1" 200 0 "-" "downnotifier.com monitoring"
77.68.83.86 - - [06/Jun/2026:00:20:15 +0200] "GET /images/images/cache.php HTTP/1.1" 404 140 "-" "Mozilla/5.0 (Macintosh; Intel Mac OS X 10_15_7) AppleWebKit/537.36 (KHTML, like Gecko) Chrome/121.0.6167.85 Safari/537.36"
77.68.83.86 - - [06/Jun/2026:00:20:15 +0200] "POST /images/images/cache.php?p= HTTP/1.1" 404 1523 "-" "Mozilla/5.0 (Windows NT 10.0; Win64; x64; rv:119.0.1) Gecko/20100101 Firefox/119.0.1"
77.68.83.86 - - [06/Jun/2026:00:20:15 +0200] "GET /images/images/cache.php HTTP/1.1" 404 947 "-" "Mozilla/5.0 (Macintosh; Intel Mac OS X 10_15_7) AppleWebKit/537.36 (KHTML, like Gecko) Chrome/120.0.6099.130 Safari/537.36"
77.68.83.86 - - [06/Jun/2026:00:20:15 +0200] "POST /images/images/cache.php?upload&q=%E0%A6%95var%E0%A6%95www%E0%A6%95myideas%E0%A6%95images%E0%A6%95images HTTP/1.1" 404 1042 "-" "Mozilla/5.0 (Windows NT 10.0; Win64; x64) AppleWebKit/537.36 (KHTML, like Gecko) Chrome/121.0.6167.85 Safari/537.36"
77.68.83.86 - - [06/Jun/2026:00:20:15 +0200] "GET /images/images/cache.php/%E0%A6%95var%E0%A6%95www%E0%A6%95myideas%E0%A6%95images%E0%A6%95images/kzhobv.php HTTP/1.1" 404 947 "-" "Mozilla/5.0 (X11; Ubuntu; Linux x86_64; rv:121.0) Gecko/20100101 Firefox/121.0"
77.68.83.86 - - [06/Jun/2026:00:20:15 +0200] "GET /images/images/kzhobv.php HTTP/1.1" 500 27 "-" "Mozilla/5.0 (Windows NT 10.0; Win64; x64) AppleWebKit/537.36 (KHTML, like Gecko) Chrome/120.0.0.0 Safari/537.36 Edg/120.0.2210.133"
75.119.139.177 - - [06/Jun/2026:00:20:43 +0200] "POST /wp-cron.php?doing_wp_cron=1780698043.8230888843536376953125 HTTP/1.1" 200 31 "-" "WordPress/7.0; https://myideas.pt"
205.185.123.198 - - [06/Jun/2026:00:20:43 +0200] "POST /wp-login.php HTTP/1.1" 200 7134 "-" "Mozilla/5.0 (Macintosh; Intel Mac OS X 10_15_7) AppleWebKit/537.36 (KHTML, like Gecko) Chrome/119.0.0.0 Safari/537.36"
43.172.194.198 - - [06/Jun/2026:00:22:15 +0200] "GET / HTTP/1.1" 200 24292 "-" "Mozilla/5.0 (Windows NT 10.0; Win64; x64) AppleWebKit/537.36 (KHTML, like Gecko) Chrome/107.0.0.0 Safari/537.36"
75.119.139.177 - - [06/Jun/2026:00:22:15 +0200] "POST /wp-cron.php?doing_wp_cron=1780698135.4238049983978271484375 HTTP/1.1" 200 31 "-" "WordPress/7.0; https://myideas.pt"
68.178.160.25 - - [06/Jun/2026:00:22:15 +0200] "GET /wp-login.php HTTP/1.1" 200 2257 "-" "Mozilla/5.0 (Macintosh; Intel Mac OS X 10_15_7) AppleWebKit/537.36 (KHTML, like Gecko) Chrome/133.0.0.0 Safari/537.36 Edg/133.0.0.0"
68.178.160.25 - - [06/Jun/2026:00:22:16 +0200] "POST /wp-login.php HTTP/1.1" 200 2388 "https://myideas.pt/wp-login.php" "Mozilla/5.0 (Macintosh; Intel Mac OS X 10_15_7) AppleWebKit/537.36 (KHTML, like Gecko) Chrome/133.0.0.0 Safari/537.36 Edg/133.0.0.0"
43.173.178.218 - - [06/Jun/2026:00:22:25 +0200] "GET / HTTP/1.1" 200 24292 "http://myideas.pt" "Mozilla/5.0 (Windows NT 10.0; Win64; x64) AppleWebKit/537.36 (KHTML, like Gecko) Chrome/116.0.0.0 Safari/537.36"
20.215.214.30 - - [06/Jun/2026:00:23:33 +0200] "GET / HTTP/1.1" 200 24292 "-" "Mozilla/5.0 AppleWebKit/537.36 (KHTML, like Gecko); compatible; ChatGPT-User/1.0; +https://openai.com/bot"
136.117.127.80 - - [06/Jun/2026:00:23:42 +0200] "GET /wp-content/uploads/2025/03/MYIDEAS_DCG_BRANDING_3.jpg HTTP/1.1" 200 229279 "-" "Mozilla/5.0 (X11; Linux x86_64) AppleWebKit/537.36 (KHTML, like Gecko) Chrome/91.0.4472.114 Safari/537.36"
101.33.66.34 - - [06/Jun/2026:00:25:03 +0200] "GET / HTTP/1.1" 200 24292 "http://myideas.pt" "Mozilla/5.0 (iPhone; CPU iPhone OS 13_2_3 like Mac OS X) AppleWebKit/605.1.15 (KHTML, like Gecko) Version/13.0.3 Mobile/15E148 Safari/604.1"
8.229.1.191 - - [06/Jun/2026:00:27:07 +0200] "GET /wp-content/uploads/2024/07/MYIDEAS_UENJI_ARENA_BRANDING_8.jpg HTTP/1.1" 200 576066 "-" "Mozilla/5.0 (X11; Linux x86_64) AppleWebKit/537.36 (KHTML, like Gecko) Chrome/91.0.4472.114 Safari/537.36"
75.119.139.177 - - [06/Jun/2026:00:28:31 +0200] "POST /wp-cron.php?doing_wp_cron=1780698511.1727180480957031250000 HTTP/1.1" 200 31 "-" "WordPress/7.0; https://myideas.pt"
194.79.86.9 - - [06/Jun/2026:00:28:31 +0200] "GET /pt/ HTTP/1.1" 200 24608 "-" "RestSharp/106.15.0.0"
37.97.137.40 - - [06/Jun/2026:00:28:46 +0200] "HEAD / HTTP/1.1" 301 0 "-" "downnotifier.com monitoring"
37.97.137.40 - - [06/Jun/2026:00:28:46 +0200] "HEAD / HTTP/1.1" 200 0 "-" "downnotifier.com monitoring"
104.152.52.106 - - [06/Jun/2026:00:29:09 +0200] "GET / HTTP/1.1" 301 5 "-" "curl/7.61.1"
223.109.255.228 - - [06/Jun/2026:00:29:09 +0200] "GET /wp-content/uploads/2024/06/faculdade_motricidade_humana_clientes_myideas_1.png HTTP/1.1" 404 146 "http://pic.sogou.com" "Sogou Pic Spider/3.0(+http://www.sogou.com/docs/help/webmasters.htm#07)"
75.119.139.177 - - [06/Jun/2026:00:29:58 +0200] "POST /wp-cron.php?doing_wp_cron=1780698598.1448140144348144531250 HTTP/1.1" 200 31 "-" "WordPress/7.0; https://myideas.pt"
104.236.216.73 - - [06/Jun/2026:00:29:58 +0200] "HEAD / HTTP/1.1" 200 0 "-" "downnotifier.com monitoring"
8.229.1.191 - - [06/Jun/2026:00:30:17 +0200] "GET /wp-content/uploads/2025/03/MYIDEAS_DCG_BRANDING_4.jpg HTTP/1.1" 200 315811 "-" "Mozilla/5.0 (X11; Linux x86_64) AppleWebKit/537.36 (KHTML, like Gecko) Chrome/91.0.4472.114 Safari/537.36"
75.119.139.177 - - [06/Jun/2026:00:30:41 +0200] "POST /wp-cron.php?doing_wp_cron=1780698641.6447639465332031250000 HTTP/1.1" 200 31 "-" "WordPress/7.0; https://myideas.pt"
209.141.34.188 - - [06/Jun/2026:00:30:41 +0200] "GET /wp-login.php HTTP/1.1" 200 6744 "-" "Mozilla/5.0 (iPhone; CPU iPhone OS 17_1 like Mac OS X) AppleWebKit/605.1.15 (KHTML, like Gecko) Version/17.1 Mobile/15E148 Safari/604.1"
73.53.221.83 - - [06/Jun/2026:00:30:58 +0200] "GET /login HTTP/1.1" 302 5 "-" "Mozilla/5.0"
73.53.221.83 - - [06/Jun/2026:00:30:59 +0200] "GET /login HTTP/1.1" 302 5 "-" "Mozilla/5.0"
34.143.67.172 - - [06/Jun/2026:00:31:02 +0200] "GET /wp-content/uploads/2024/06/MYIDEAS_BRANDING_LUIS_SIMOES_1.jpg HTTP/1.1" 200 344422 "-" "Mozilla/5.0 (X11; Linux x86_64) AppleWebKit/537.36 (KHTML, like Gecko) Chrome/91.0.4472.114 Safari/537.36"
194.79.86.9 - - [06/Jun/2026:00:31:17 +0200] "GET /pt/contactos/ HTTP/1.1" 200 14091 "-" "Mozilla/5.0 (Windows NT 10.0; Win64; x64) AppleWebKit/537.36 (KHTML, like Gecko) Chrome/91.0.4472.124 Safari/537.36"
194.79.86.9 - - [06/Jun/2026:00:31:17 +0200] "GET /wp-content/cache/wpo-minify/1780673871/assets/wpo-minify-header-85140de2.min.css HTTP/1.1" 200 35213 "https://myideas.pt/pt/contactos/" "Mozilla/5.0 (Windows NT 10.0; Win64; x64) AppleWebKit/537.36 (KHTML, like Gecko) Chrome/91.0.4472.124 Safari/537.36"
194.79.86.9 - - [06/Jun/2026:00:31:17 +0200] "GET /wp-content/cache/wpo-minify/1780673871/assets/wpo-minify-footer-38f725ad.min.js HTTP/1.1" 200 83926 "https://myideas.pt/pt/contactos/" "Mozilla/5.0 (Windows NT 10.0; Win64; x64) AppleWebKit/537.36 (KHTML, like Gecko) Chrome/91.0.4472.124 Safari/537.36"
194.79.86.9 - - [06/Jun/2026:00:31:17 +0200] "GET /wp-content/uploads/2024/06/MYIDEAS_CONTACTS_1-1.jpg HTTP/1.1" 200 583229 "https://myideas.pt/pt/contactos/" "Mozilla/5.0 (Windows NT 10.0; Win64; x64) AppleWebKit/537.36 (KHTML, like Gecko) Chrome/91.0.4472.124 Safari/537.36"
194.79.86.9 - - [06/Jun/2026:00:31:17 +0200] "GET /wp-content/uploads/2024/06/ADDRESS_MYIDEAS.svg HTTP/1.1" 200 1032 "https://myideas.pt/pt/contactos/" "Mozilla/5.0 (Windows NT 10.0; Win64; x64) AppleWebKit/537.36 (KHTML, like Gecko) Chrome/91.0.4472.124 Safari/537.36"
75.119.139.177 - - [06/Jun/2026:00:31:17 +0200] "POST /wp-cron.php?doing_wp_cron=1780698677.4952130317687988281250 HTTP/1.1" 200 31 "-" "WordPress/7.0; https://myideas.pt"
209.141.34.188 - - [06/Jun/2026:00:31:17 +0200] "POST /wp-login.php HTTP/1.1" 200 7141 "-" "Mozilla/5.0 (iPhone; CPU iPhone OS 17_1 like Mac OS X) AppleWebKit/605.1.15 (KHTML, like Gecko) Version/17.1 Mobile/15E148 Safari/604.1"
194.79.86.9 - - [06/Jun/2026:00:31:17 +0200] "GET /wp-content/uploads/2024/06/MOBILE_PHONE_MYIDEAS.svg HTTP/1.1" 200 1083 "https://myideas.pt/pt/contactos/" "Mozilla/5.0 (Windows NT 10.0; Win64; x64) AppleWebKit/537.36 (KHTML, like Gecko) Chrome/91.0.4472.124 Safari/537.36"
194.79.86.9 - - [06/Jun/2026:00:31:17 +0200] "GET /wp-content/uploads/2024/06/EMAIL_MYIDEAS.svg HTTP/1.1" 200 915 "https://myideas.pt/pt/contactos/" "Mozilla/5.0 (Windows NT 10.0; Win64; x64) AppleWebKit/537.36 (KHTML, like Gecko) Chrome/91.0.4472.124 Safari/537.36"
194.79.86.9 - - [06/Jun/2026:00:31:17 +0200] "GET /wp-content/uploads/2024/05/MYIDEAS_LOGO_BLACK.svg HTTP/1.1" 200 748 "https://myideas.pt/pt/contactos/" "Mozilla/5.0 (Windows NT 10.0; Win64; x64) AppleWebKit/537.36 (KHTML, like Gecko) Chrome/91.0.4472.124 Safari/537.36"
194.79.86.9 - - [06/Jun/2026:00:31:17 +0200] "GET /wp-content/themes/Impreza/fonts/fa-brands-400.woff2?ver=8.46 HTTP/1.1" 200 76728 "https://myideas.pt/pt/contactos/" "Mozilla/5.0 (Windows NT 10.0; Win64; x64) AppleWebKit/537.36 (KHTML, like Gecko) Chrome/91.0.4472.124 Safari/537.36"
194.79.86.9 - - [06/Jun/2026:00:31:17 +0200] "GET /wp-content/themes/Impreza/fonts/fa-regular-400.woff2?ver=8.46 HTTP/1.1" 200 168824 "https://myideas.pt/pt/contactos/" "Mozilla/5.0 (Windows NT 10.0; Win64; x64) AppleWebKit/537.36 (KHTML, like Gecko) Chrome/91.0.4472.124 Safari/537.36"
194.79.86.9 - - [06/Jun/2026:00:31:17 +0200] "GET /wp-content/uploads/2024/06/MYIDEAS_LOGO_WHITE.svg HTTP/1.1" 200 749 "https://myideas.pt/pt/contactos/" "Mozilla/5.0 (Windows NT 10.0; Win64; x64) AppleWebKit/537.36 (KHTML, like Gecko) Chrome/91.0.4472.124 Safari/537.36"
194.79.86.9 - - [06/Jun/2026:00:31:18 +0200] "GET /wp-content/uploads/2024/07/FAVICON_MYIDEAS-150x150.jpg HTTP/1.1" 200 3437 "https://myideas.pt/pt/contactos/" "Mozilla/5.0 (Windows NT 10.0; Win64; x64) AppleWebKit/537.36 (KHTML, like Gecko) Chrome/91.0.4472.124 Safari/537.36"
194.79.86.9 - - [06/Jun/2026:00:31:45 +0200] "GET /contacts/ HTTP/1.1" 200 13972 "-" "Mozilla/5.0 (Windows NT 10.0; Win64; x64) AppleWebKit/537.36 (KHTML, like Gecko) Chrome/91.0.4472.124 Safari/537.36"
194.79.86.9 - - [06/Jun/2026:00:31:45 +0200] "GET /wp-content/cache/wpo-minify/1780673871/assets/wpo-minify-header-85140de2.min.css HTTP/1.1" 200 35213 "https://myideas.pt/contacts/" "Mozilla/5.0 (Windows NT 10.0; Win64; x64) AppleWebKit/537.36 (KHTML, like Gecko) Chrome/91.0.4472.124 Safari/537.36"
194.79.86.9 - - [06/Jun/2026:00:31:45 +0200] "GET /wp-content/cache/wpo-minify/1780673871/assets/wpo-minify-footer-38f725ad.min.js HTTP/1.1" 200 83926 "https://myideas.pt/contacts/" "Mozilla/5.0 (Windows NT 10.0; Win64; x64) AppleWebKit/537.36 (KHTML, like Gecko) Chrome/91.0.4472.124 Safari/537.36"
194.79.86.9 - - [06/Jun/2026:00:31:45 +0200] "GET /wp-content/uploads/2024/06/ADDRESS_MYIDEAS.svg HTTP/1.1" 200 1032 "https://myideas.pt/contacts/" "Mozilla/5.0 (Windows NT 10.0; Win64; x64) AppleWebKit/537.36 (KHTML, like Gecko) Chrome/91.0.4472.124 Safari/537.36"
194.79.86.9 - - [06/Jun/2026:00:31:45 +0200] "GET /wp-content/uploads/2024/06/MOBILE_PHONE_MYIDEAS.svg HTTP/1.1" 200 1083 "https://myideas.pt/contacts/" "Mozilla/5.0 (Windows NT 10.0; Win64; x64) AppleWebKit/537.36 (KHTML, like Gecko) Chrome/91.0.4472.124 Safari/537.36"
194.79.86.9 - - [06/Jun/2026:00:31:45 +0200] "GET /wp-content/uploads/2024/06/EMAIL_MYIDEAS.svg HTTP/1.1" 200 915 "https://myideas.pt/contacts/" "Mozilla/5.0 (Windows NT 10.0; Win64; x64) AppleWebKit/537.36 (KHTML, like Gecko) Chrome/91.0.4472.124 Safari/537.36"
194.79.86.9 - - [06/Jun/2026:00:31:45 +0200] "GET /wp-content/uploads/2024/05/MYIDEAS_LOGO_BLACK.svg HTTP/1.1" 200 748 "https://myideas.pt/contacts/" "Mozilla/5.0 (Windows NT 10.0; Win64; x64) AppleWebKit/537.36 (KHTML, like Gecko) Chrome/91.0.4472.124 Safari/537.36"
194.79.86.9 - - [06/Jun/2026:00:31:45 +0200] "GET /wp-content/uploads/2024/06/MYIDEAS_LOGO_WHITE.svg HTTP/1.1" 200 749 "https://myideas.pt/contacts/" "Mozilla/5.0 (Windows NT 10.0; Win64; x64) AppleWebKit/537.36 (KHTML, like Gecko) Chrome/91.0.4472.124 Safari/537.36"
194.79.86.9 - - [06/Jun/2026:00:31:45 +0200] "GET /wp-content/uploads/2024/06/MYIDEAS_CONTACTS_1-1.jpg HTTP/1.1" 200 583229 "https://myideas.pt/contacts/" "Mozilla/5.0 (Windows NT 10.0; Win64; x64) AppleWebKit/537.36 (KHTML, like Gecko) Chrome/91.0.4472.124 Safari/537.36"
194.79.86.9 - - [06/Jun/2026:00:31:45 +0200] "GET /wp-content/themes/Impreza/fonts/fa-brands-400.woff2?ver=8.46 HTTP/1.1" 200 76728 "https://myideas.pt/contacts/" "Mozilla/5.0 (Windows NT 10.0; Win64; x64) AppleWebKit/537.36 (KHTML, like Gecko) Chrome/91.0.4472.124 Safari/537.36"
194.79.86.9 - - [06/Jun/2026:00:31:45 +0200] "GET /wp-content/themes/Impreza/fonts/fa-regular-400.woff2?ver=8.46 HTTP/1.1" 200 168824 "https://myideas.pt/contacts/" "Mozilla/5.0 (Windows NT 10.0; Win64; x64) AppleWebKit/537.36 (KHTML, like Gecko) Chrome/91.0.4472.124 Safari/537.36"
194.79.86.9 - - [06/Jun/2026:00:31:46 +0200] "GET /wp-content/uploads/2024/07/FAVICON_MYIDEAS-150x150.jpg HTTP/1.1" 200 3437 "https://myideas.pt/contacts/" "Mozilla/5.0 (Windows NT 10.0; Win64; x64) AppleWebKit/537.36 (KHTML, like Gecko) Chrome/91.0.4472.124 Safari/537.36"
34.169.144.48 - - [06/Jun/2026:00:31:54 +0200] "GET /wp-content/uploads/2025/03/MYIDEAS_DCG_BRANDING_1.jpg HTTP/1.1" 200 130565 "-" "Mozilla/5.0 (X11; Linux x86_64) AppleWebKit/537.36 (KHTML, like Gecko) Chrome/91.0.4472.114 Safari/537.36"
75.119.139.177 - - [06/Jun/2026:00:33:30 +0200] "POST /wp-cron.php?doing_wp_cron=1780698809.8375329971313476562500 HTTP/1.1" 200 31 "-" "WordPress/7.0; https://myideas.pt"
194.79.86.9 - - [06/Jun/2026:00:33:30 +0200] "GET /pt//paipv=0& HTTP/1.1" 301 5 "-" "Mozilla/5.0 (Windows NT 10.0; Win64; x64) AppleWebKit/537.36 (KHTML, like Gecko) Chrome/91.0.4472.124 Safari/537.36"
194.79.86.9 - - [06/Jun/2026:00:33:31 +0200] "GET /pt/paipv=0& HTTP/1.1" 404 12629 "-" "Mozilla/5.0 (Windows NT 10.0; Win64; x64) AppleWebKit/537.36 (KHTML, like Gecko) Chrome/91.0.4472.124 Safari/537.36"
194.79.86.9 - - [06/Jun/2026:00:33:31 +0200] "GET /wp-content/cache/wpo-minify/1780673871/assets/wpo-minify-header-85140de2.min.css HTTP/1.1" 200 35213 "https://myideas.pt/pt/paipv=0&" "Mozilla/5.0 (Windows NT 10.0; Win64; x64) AppleWebKit/537.36 (KHTML, like Gecko) Chrome/91.0.4472.124 Safari/537.36"
194.79.86.9 - - [06/Jun/2026:00:33:31 +0200] "GET /wp-content/cache/wpo-minify/1780673871/assets/wpo-minify-footer-38f725ad.min.js HTTP/1.1" 200 83926 "https://myideas.pt/pt/paipv=0&" "Mozilla/5.0 (Windows NT 10.0; Win64; x64) AppleWebKit/537.36 (KHTML, like Gecko) Chrome/91.0.4472.124 Safari/537.36"
194.79.86.9 - - [06/Jun/2026:00:33:31 +0200] "GET /wp-content/uploads/2024/05/MYIDEAS_LOGO_BLACK.svg HTTP/1.1" 200 748 "https://myideas.pt/pt/paipv=0&" "Mozilla/5.0 (Windows NT 10.0; Win64; x64) AppleWebKit/537.36 (KHTML, like Gecko) Chrome/91.0.4472.124 Safari/537.36"
194.79.86.9 - - [06/Jun/2026:00:33:31 +0200] "GET /wp-content/uploads/2024/06/MYIDEAS_LOGO_WHITE.svg HTTP/1.1" 200 749 "https://myideas.pt/pt/paipv=0&" "Mozilla/5.0 (Windows NT 10.0; Win64; x64) AppleWebKit/537.36 (KHTML, like Gecko) Chrome/91.0.4472.124 Safari/537.36"
194.79.86.9 - - [06/Jun/2026:00:33:31 +0200] "GET /wp-content/themes/Impreza/fonts/fa-regular-400.woff2?ver=8.46 HTTP/1.1" 200 168824 "https://myideas.pt/pt/paipv=0&" "Mozilla/5.0 (Windows NT 10.0; Win64; x64) AppleWebKit/537.36 (KHTML, like Gecko) Chrome/91.0.4472.124 Safari/537.36"
194.79.86.9 - - [06/Jun/2026:00:33:31 +0200] "GET /wp-content/uploads/2024/07/FAVICON_MYIDEAS-150x150.jpg HTTP/1.1" 200 3437 "https://myideas.pt/pt/paipv=0&" "Mozilla/5.0 (Windows NT 10.0; Win64; x64) AppleWebKit/537.36 (KHTML, like Gecko) Chrome/91.0.4472.124 Safari/537.36"
194.79.86.9 - - [06/Jun/2026:00:34:08 +0200] "GET /pt//eav=AfYAU92ESeERLxaO-qCTLAw9usYsbe9PqB55s_ZpTygu-EMIluxoaluD6ZwCkLz0siI& HTTP/1.1" 301 5 "-" "Mozilla/5.0 (Windows NT 10.0; Win64; x64) AppleWebKit/537.36 (KHTML, like Gecko) Chrome/91.0.4472.124 Safari/537.36"
194.79.86.9 - - [06/Jun/2026:00:34:09 +0200] "GET /pt/eav=AfYAU92ESeERLxaO-qCTLAw9usYsbe9PqB55s_ZpTygu-EMIluxoaluD6ZwCkLz0siI& HTTP/1.1" 404 12694 "-" "Mozilla/5.0 (Windows NT 10.0; Win64; x64) AppleWebKit/537.36 (KHTML, like Gecko) Chrome/91.0.4472.124 Safari/537.36"
194.79.86.9 - - [06/Jun/2026:00:34:09 +0200] "GET /wp-content/cache/wpo-minify/1780673871/assets/wpo-minify-header-85140de2.min.css HTTP/1.1" 200 35213 "https://myideas.pt/pt/eav=AfYAU92ESeERLxaO-qCTLAw9usYsbe9PqB55s_ZpTygu-EMIluxoaluD6ZwCkLz0siI&" "Mozilla/5.0 (Windows NT 10.0; Win64; x64) AppleWebKit/537.36 (KHTML, like Gecko) Chrome/91.0.4472.124 Safari/537.36"
194.79.86.9 - - [06/Jun/2026:00:34:09 +0200] "GET /wp-content/cache/wpo-minify/1780673871/assets/wpo-minify-footer-38f725ad.min.js HTTP/1.1" 200 83926 "https://myideas.pt/pt/eav=AfYAU92ESeERLxaO-qCTLAw9usYsbe9PqB55s_ZpTygu-EMIluxoaluD6ZwCkLz0siI&" "Mozilla/5.0 (Windows NT 10.0; Win64; x64) AppleWebKit/537.36 (KHTML, like Gecko) Chrome/91.0.4472.124 Safari/537.36"
194.79.86.9 - - [06/Jun/2026:00:34:10 +0200] "GET /wp-content/uploads/2024/05/MYIDEAS_LOGO_BLACK.svg HTTP/1.1" 200 748 "https://myideas.pt/pt/eav=AfYAU92ESeERLxaO-qCTLAw9usYsbe9PqB55s_ZpTygu-EMIluxoaluD6ZwCkLz0siI&" "Mozilla/5.0 (Windows NT 10.0; Win64; x64) AppleWebKit/537.36 (KHTML, like Gecko) Chrome/91.0.4472.124 Safari/537.36"
194.79.86.9 - - [06/Jun/2026:00:34:10 +0200] "GET /wp-content/uploads/2024/06/MYIDEAS_LOGO_WHITE.svg HTTP/1.1" 200 749 "https://myideas.pt/pt/eav=AfYAU92ESeERLxaO-qCTLAw9usYsbe9PqB55s_ZpTygu-EMIluxoaluD6ZwCkLz0siI&" "Mozilla/5.0 (Windows NT 10.0; Win64; x64) AppleWebKit/537.36 (KHTML, like Gecko) Chrome/91.0.4472.124 Safari/537.36"
194.79.86.9 - - [06/Jun/2026:00:34:10 +0200] "GET /wp-content/themes/Impreza/fonts/fa-regular-400.woff2?ver=8.46 HTTP/1.1" 200 168824 "https://myideas.pt/pt/eav=AfYAU92ESeERLxaO-qCTLAw9usYsbe9PqB55s_ZpTygu-EMIluxoaluD6ZwCkLz0siI&" "Mozilla/5.0 (Windows NT 10.0; Win64; x64) AppleWebKit/537.36 (KHTML, like Gecko) Chrome/91.0.4472.124 Safari/537.36"
194.79.86.9 - - [06/Jun/2026:00:34:10 +0200] "GET /wp-content/uploads/2024/07/FAVICON_MYIDEAS-150x150.jpg HTTP/1.1" 200 3437 "https://myideas.pt/pt/eav=AfYAU92ESeERLxaO-qCTLAw9usYsbe9PqB55s_ZpTygu-EMIluxoaluD6ZwCkLz0siI&" "Mozilla/5.0 (Windows NT 10.0; Win64; x64) AppleWebKit/537.36 (KHTML, like Gecko) Chrome/91.0.4472.124 Safari/537.36"
75.119.139.177 - - [06/Jun/2026:00:34:35 +0200] "POST /wp-cron.php?doing_wp_cron=1780698875.3335208892822265625000 HTTP/1.1" 200 31 "-" "WordPress/7.0; https://myideas.pt"
194.79.86.9 - - [06/Jun/2026:00:34:35 +0200] "GET /pt//_rdr HTTP/1.1" 301 5 "-" "Mozilla/5.0 (Windows NT 10.0; Win64; x64) AppleWebKit/537.36 (KHTML, like Gecko) Chrome/91.0.4472.124 Safari/537.36"
194.79.86.9 - - [06/Jun/2026:00:34:36 +0200] "GET /pt/_rdr HTTP/1.1" 404 12618 "-" "Mozilla/5.0 (Windows NT 10.0; Win64; x64) AppleWebKit/537.36 (KHTML, like Gecko) Chrome/91.0.4472.124 Safari/537.36"
194.79.86.9 - - [06/Jun/2026:00:34:36 +0200] "GET /wp-content/cache/wpo-minify/1780673871/assets/wpo-minify-header-85140de2.min.css HTTP/1.1" 200 35213 "https://myideas.pt/pt/_rdr" "Mozilla/5.0 (Windows NT 10.0; Win64; x64) AppleWebKit/537.36 (KHTML, like Gecko) Chrome/91.0.4472.124 Safari/537.36"
194.79.86.9 - - [06/Jun/2026:00:34:36 +0200] "GET /wp-content/cache/wpo-minify/1780673871/assets/wpo-minify-footer-38f725ad.min.js HTTP/1.1" 200 83926 "https://myideas.pt/pt/_rdr" "Mozilla/5.0 (Windows NT 10.0; Win64; x64) AppleWebKit/537.36 (KHTML, like Gecko) Chrome/91.0.4472.124 Safari/537.36"
194.79.86.9 - - [06/Jun/2026:00:34:36 +0200] "GET /wp-content/uploads/2024/05/MYIDEAS_LOGO_BLACK.svg HTTP/1.1" 200 748 "https://myideas.pt/pt/_rdr" "Mozilla/5.0 (Windows NT 10.0; Win64; x64) AppleWebKit/537.36 (KHTML, like Gecko) Chrome/91.0.4472.124 Safari/537.36"
194.79.86.9 - - [06/Jun/2026:00:34:36 +0200] "GET /wp-content/uploads/2024/06/MYIDEAS_LOGO_WHITE.svg HTTP/1.1" 200 749 "https://myideas.pt/pt/_rdr" "Mozilla/5.0 (Windows NT 10.0; Win64; x64) AppleWebKit/537.36 (KHTML, like Gecko) Chrome/91.0.4472.124 Safari/537.36"
194.79.86.9 - - [06/Jun/2026:00:34:36 +0200] "GET /wp-content/themes/Impreza/fonts/fa-regular-400.woff2?ver=8.46 HTTP/1.1" 200 168824 "https://myideas.pt/pt/_rdr" "Mozilla/5.0 (Windows NT 10.0; Win64; x64) AppleWebKit/537.36 (KHTML, like Gecko) Chrome/91.0.4472.124 Safari/537.36"
194.79.86.9 - - [06/Jun/2026:00:34:36 +0200] "GET /wp-content/uploads/2024/07/FAVICON_MYIDEAS-150x150.jpg HTTP/1.1" 200 3437 "https://myideas.pt/pt/_rdr" "Mozilla/5.0 (Windows NT 10.0; Win64; x64) AppleWebKit/537.36 (KHTML, like Gecko) Chrome/91.0.4472.124 Safari/537.36"
45.205.1.71 - - [06/Jun/2026:00:37:22 +0200] "GET / HTTP/1.1" 400 150 "-" "-"
45.79.207.181 - - [06/Jun/2026:00:37:59 +0200] "" 408 0 "-" "-"
75.119.139.177 - - [06/Jun/2026:00:38:31 +0200] "POST /wp-cron.php?doing_wp_cron=1780699111.3514800071716308593750 HTTP/1.1" 200 31 "-" "WordPress/7.0; https://myideas.pt"
68.178.160.25 - admin [06/Jun/2026:00:38:31 +0200] "GET /wp-json/wp/v2/users/me HTTP/1.1" 401 109 "-" "Mozilla/5.0 (Macintosh; Intel Mac OS X 14_7_4) AppleWebKit/537.36 (KHTML, like Gecko) Chrome/133.0.0.0 Safari/537.36"
206.189.127.129 - - [06/Jun/2026:00:38:45 +0200] "HEAD / HTTP/1.1" 301 0 "-" "downnotifier.com monitoring"
206.189.127.129 - - [06/Jun/2026:00:38:46 +0200] "HEAD / HTTP/1.1" 200 0 "-" "downnotifier.com monitoring"
45.79.207.181 - - [06/Jun/2026:00:38:49 +0200] "\x12\x01\x00/\x00\x00\x02\x00\x00\x00\x1A\x00\x06\x01\x00\x02\x00\x01\x02\x00!\x00\x01\x03\x00\x22\x00\x04\x04\x00&\x00\x01\xFF\x00\x00\x00\x00\x00\x00\x01\x00\x00\x00\x00\x00\x00" 400 150 "-" "-"
75.119.139.177 - - [06/Jun/2026:00:39:58 +0200] "POST /wp-cron.php?doing_wp_cron=1780699198.3083519935607910156250 HTTP/1.1" 200 31 "-" "WordPress/7.0; https://myideas.pt"
108.61.201.55 - - [06/Jun/2026:00:39:58 +0200] "HEAD / HTTP/1.1" 200 0 "-" "downnotifier.com monitoring"
66.228.53.78 - - [06/Jun/2026:00:40:16 +0200] "GET / HTTP/1.1" 400 650 "-" "Mozilla/5.0 (Macintosh; Intel Mac OS X 13_1) AppleWebKit/537.36 (KHTML, like Gecko) Chrome/108.0.0.0 Safari/537.36"
216.73.217.73 - - [06/Jun/2026:00:40:20 +0200] "GET /robots.txt HTTP/1.1" 200 986 "-" "Mozilla/5.0 AppleWebKit/537.36 (KHTML, like Gecko; compatible; ClaudeBot/1.0; +claudebot@anthropic.com)"
75.119.139.177 - - [06/Jun/2026:00:40:24 +0200] "POST /wp-cron.php?doing_wp_cron=1780699224.8954210281372070312500 HTTP/1.1" 200 31 "-" "WordPress/7.0; https://myideas.pt"
216.73.217.73 - - [06/Jun/2026:00:40:24 +0200] "GET /sitemap-hot-2274152.xml HTTP/1.1" 404 13928 "-" "Mozilla/5.0 AppleWebKit/537.36 (KHTML, like Gecko; compatible; ClaudeBot/1.0; +claudebot@anthropic.com)"
216.73.217.73 - - [06/Jun/2026:00:40:37 +0200] "GET /sitemap-hot-2266152.xml HTTP/1.1" 404 13930 "-" "Mozilla/5.0 AppleWebKit/537.36 (KHTML, like Gecko; compatible; ClaudeBot/1.0; +claudebot@anthropic.com)"
87.250.224.201 - - [06/Jun/2026:00:40:38 +0200] "GET /robots.txt HTTP/1.1" 200 986 "-" "Mozilla/5.0 (compatible; YandexBot/3.0; +http://yandex.com/bots)"
213.180.203.96 - - [06/Jun/2026:00:40:39 +0200] "GET /wp-content/uploads/2024/07/MYIDEAS_REBRANDING_STOA_1-1000x750.jpg HTTP/1.1" 200 32052 "-" "Mozilla/5.0 (compatible; YandexImages/3.0; +http://yandex.com/bots)"
216.73.217.73 - - [06/Jun/2026:00:41:01 +0200] "GET /sitemap-hot-2290152.xml HTTP/1.1" 404 13928 "-" "Mozilla/5.0 AppleWebKit/537.36 (KHTML, like Gecko; compatible; ClaudeBot/1.0; +claudebot@anthropic.com)"
216.73.217.73 - - [06/Jun/2026:00:41:14 +0200] "GET /sitemapindex.xml HTTP/1.1" 404 13921 "-" "Mozilla/5.0 AppleWebKit/537.36 (KHTML, like Gecko; compatible; ClaudeBot/1.0; +claudebot@anthropic.com)"
75.119.139.177 - - [06/Jun/2026:00:41:18 +0200] "POST /wp-cron.php?doing_wp_cron=1780699278.8195600509643554687500 HTTP/1.1" 200 31 "-" "WordPress/7.0; https://myideas.pt"
216.73.217.73 - - [06/Jun/2026:00:41:18 +0200] "GET /sitemap-hot-2268152.xml HTTP/1.1" 404 13930 "-" "Mozilla/5.0 AppleWebKit/537.36 (KHTML, like Gecko; compatible; ClaudeBot/1.0; +claudebot@anthropic.com)"
216.73.217.73 - - [06/Jun/2026:00:41:22 +0200] "GET /sitemapmobileindex.xml HTTP/1.1" 404 13923 "-" "Mozilla/5.0 AppleWebKit/537.36 (KHTML, like Gecko; compatible; ClaudeBot/1.0; +claudebot@anthropic.com)"
216.73.217.73 - - [06/Jun/2026:00:41:25 +0200] "GET /sitemap-hot-2282152.xml HTTP/1.1" 404 13930 "-" "Mozilla/5.0 AppleWebKit/537.36 (KHTML, like Gecko; compatible; ClaudeBot/1.0; +claudebot@anthropic.com)"
216.73.217.73 - - [06/Jun/2026:00:41:29 +0200] "GET /sitemap-hot-2292152.xml HTTP/1.1" 404 13928 "-" "Mozilla/5.0 AppleWebKit/537.36 (KHTML, like Gecko; compatible; ClaudeBot/1.0; +claudebot@anthropic.com)"
216.73.217.73 - - [06/Jun/2026:00:42:15 +0200] "GET /sitemap-hot-2294152.xml HTTP/1.1" 404 13928 "-" "Mozilla/5.0 AppleWebKit/537.36 (KHTML, like Gecko; compatible; ClaudeBot/1.0; +claudebot@anthropic.com)"
75.119.139.177 - - [06/Jun/2026:00:42:31 +0200] "POST /wp-cron.php?doing_wp_cron=1780699351.1083910465240478515625 HTTP/1.1" 200 31 "-" "WordPress/7.0; https://myideas.pt"
216.73.217.73 - - [06/Jun/2026:00:42:31 +0200] "GET /sitemap-hot-2278152.xml HTTP/1.1" 404 13930 "-" "Mozilla/5.0 AppleWebKit/537.36 (KHTML, like Gecko; compatible; ClaudeBot/1.0; +claudebot@anthropic.com)"
216.73.217.73 - - [06/Jun/2026:00:42:34 +0200] "GET /sitemap-hot-2284152.xml HTTP/1.1" 404 13930 "-" "Mozilla/5.0 AppleWebKit/537.36 (KHTML, like Gecko; compatible; ClaudeBot/1.0; +claudebot@anthropic.com)"
75.119.139.177 - - [06/Jun/2026:00:43:53 +0200] "POST /wp-cron.php?doing_wp_cron=1780699433.8243949413299560546875 HTTP/1.1" 200 31 "-" "WordPress/7.0; https://myideas.pt"
216.73.217.73 - - [06/Jun/2026:00:43:53 +0200] "GET /sitemap-hot-2272152.xml HTTP/1.1" 404 13928 "-" "Mozilla/5.0 AppleWebKit/537.36 (KHTML, like Gecko; compatible; ClaudeBot/1.0; +claudebot@anthropic.com)"
216.73.217.73 - - [06/Jun/2026:00:43:56 +0200] "GET /sitemap-hot-2276152.xml HTTP/1.1" 404 13930 "-" "Mozilla/5.0 AppleWebKit/537.36 (KHTML, like Gecko; compatible; ClaudeBot/1.0; +claudebot@anthropic.com)"
75.119.139.177 - - [06/Jun/2026:00:44:36 +0200] "POST /wp-cron.php?doing_wp_cron=1780699475.3453779220581054687500 HTTP/1.1" 200 31 "-" "WordPress/7.0; https://myideas.pt"
216.73.217.73 - - [06/Jun/2026:00:44:36 +0200] "GET /sitemap-hot-2280152.xml HTTP/1.1" 404 13930 "-" "Mozilla/5.0 AppleWebKit/537.36 (KHTML, like Gecko; compatible; ClaudeBot/1.0; +claudebot@anthropic.com)"
216.73.217.73 - - [06/Jun/2026:00:44:39 +0200] "GET /sitemap-hot-2288152.xml HTTP/1.1" 404 13930 "-" "Mozilla/5.0 AppleWebKit/537.36 (KHTML, like Gecko; compatible; ClaudeBot/1.0; +claudebot@anthropic.com)"
75.119.139.177 - - [06/Jun/2026:00:45:01 +0200] "POST /wp-cron.php?doing_wp_cron=1780699500.9811420440673828125000 HTTP/1.1" 200 31 "-" "WordPress/7.0; https://myideas.pt"
216.73.217.73 - - [06/Jun/2026:00:45:01 +0200] "GET /sitemap-hot-2296152.xml HTTP/1.1" 404 13930 "-" "Mozilla/5.0 AppleWebKit/537.36 (KHTML, like Gecko; compatible; ClaudeBot/1.0; +claudebot@anthropic.com)"
216.73.217.73 - - [06/Jun/2026:00:45:08 +0200] "GET /sitemap.xml HTTP/1.1" 301 5 "-" "Mozilla/5.0 AppleWebKit/537.36 (KHTML, like Gecko; compatible; ClaudeBot/1.0; +claudebot@anthropic.com)"
216.73.217.73 - - [06/Jun/2026:00:45:09 +0200] "GET /sitemap_index.xml HTTP/1.1" 200 348 "https://myideas.pt/sitemap.xml" "Mozilla/5.0 AppleWebKit/537.36 (KHTML, like Gecko; compatible; ClaudeBot/1.0; +claudebot@anthropic.com)"
75.119.139.177 - - [06/Jun/2026:00:45:16 +0200] "POST /wp-cron.php?doing_wp_cron=1780699516.5698609352111816406250 HTTP/1.1" 200 31 "-" "WordPress/7.0; https://myideas.pt"
188.241.62.83 - - [06/Jun/2026:00:45:16 +0200] "POST /xmlrpc.php HTTP/1.1" 200 236 "-" "Mozilla/5.0 (X11; CrOS x86_64 14541.0.0) AppleWebKit/537.36 (KHTML, like Gecko) Chrome/133.0.0.0 Safari/537.36"
64.31.25.250 - - [06/Jun/2026:00:45:54 +0200] "GET /wp-login.php HTTP/1.1" 200 2257 "-" "Mozilla/5.0 (X11; Linux x86_64) AppleWebKit/537.36 (KHTML, like Gecko) Chrome/133.0.0.0 Safari/537.36 Edg/133.0.0.0"
64.31.25.250 - - [06/Jun/2026:00:45:55 +0200] "POST /wp-login.php HTTP/1.1" 200 2388 "https://myideas.pt/wp-login.php" "Mozilla/5.0 (X11; Linux x86_64) AppleWebKit/537.36 (KHTML, like Gecko) Chrome/133.0.0.0 Safari/537.36 Edg/133.0.0.0"
216.73.217.73 - - [06/Jun/2026:00:46:01 +0200] "GET /sitemap-hot-2286152.xml HTTP/1.1" 404 13930 "-" "Mozilla/5.0 AppleWebKit/537.36 (KHTML, like Gecko; compatible; ClaudeBot/1.0; +claudebot@anthropic.com)"
160.177.25.222 - - [06/Jun/2026:00:46:09 +0200] "GET /pt/portfolio/hosy-website/ HTTP/1.1" 200 18705 "-" "Mozilla/5.0 (Windows NT 6.1; Win64; x64) AppleWebKit/537.36 (KHTML, like Gecko) Chrome/85.0.4183.121 Safari/537.36"
75.119.139.177 - - [06/Jun/2026:00:46:18 +0200] "POST /wp-cron.php?doing_wp_cron=1780699578.8916230201721191406250 HTTP/1.1" 200 31 "-" "WordPress/7.0; https://myideas.pt"
181.117.137.14 - - [06/Jun/2026:00:46:18 +0200] "GET /what-we-do HTTP/1.1" 301 5 "-" "Mozilla/5.0 (Windows NT 10.0; WOW64; rv:130.0) Gecko/20100101 Firefox/130.0"
181.117.137.14 - - [06/Jun/2026:00:46:19 +0200] "GET /what-we-do/ HTTP/1.1" 200 15283 "-" "Mozilla/5.0 (Windows NT 10.0; WOW64; rv:130.0) Gecko/20100101 Firefox/130.0"
34.100.167.237 - - [06/Jun/2026:00:46:35 +0200] "POST /xmlrpc.php HTTP/1.1" 200 236 "-" "Mozilla/5.0 (Macintosh; Intel Mac OS X 10_15_7) AppleWebKit/605.1.15 (KHTML, like Gecko) Version/18.3 Safari/605.1.15"
17.241.75.71 - - [06/Jun/2026:00:47:16 +0200] "GET /robots.txt HTTP/1.1" 200 986 "-" "Mozilla/5.0 (Macintosh; Intel Mac OS X 10_15_7) AppleWebKit/605.1.15 (KHTML, like Gecko) Version/17.4 Safari/605.1.15 (Applebot/0.1; +http://www.apple.com/go/applebot)"
