182.10.225.150 - - [06/Jun/2026:09:26:48 +0200] "GET /wp-content/uploads/2024/06/MYIDEAS_GOOGLE_ADS_BLUE.jpg HTTP/1.1" 200 25461 "https://myideas.pt/" "Mozilla/5.0 (Linux; Android 15; 25028PC03G Build/AP3A.240905.015.A2) AppleWebKit/537.36 (KHTML, like Gecko) Chrome/148.0.7778.179 Mobile Safari/537.36"
182.10.225.150 - - [06/Jun/2026:09:26:48 +0200] "GET /wp-content/uploads/2024/06/COLLABORATIVE_MODELS_MYIDEAS_PROJECT-BASED_COLLABORATION.svg HTTP/1.1" 200 2978 "https://myideas.pt/" "Mozilla/5.0 (Linux; Android 15; 25028PC03G Build/AP3A.240905.015.A2) AppleWebKit/537.36 (KHTML, like Gecko) Chrome/148.0.7778.179 Mobile Safari/537.36"
182.10.225.150 - - [06/Jun/2026:09:26:48 +0200] "GET /wp-content/uploads/2024/06/COLLABORATIVE_MODELS_MYIDEAS_CONSULTING_AND_TRAINING.svg HTTP/1.1" 200 2450 "https://myideas.pt/" "Mozilla/5.0 (Linux; Android 15; 25028PC03G Build/AP3A.240905.015.A2) AppleWebKit/537.36 (KHTML, like Gecko) Chrome/148.0.7778.179 Mobile Safari/537.36"
182.10.225.150 - - [06/Jun/2026:09:26:48 +0200] "GET /wp-content/uploads/2024/06/COLLABORATIVE_MODELS_MYIDEAS_RETAINER-BASED_MODEL.svg HTTP/1.1" 200 2800 "https://myideas.pt/" "Mozilla/5.0 (Linux; Android 15; 25028PC03G Build/AP3A.240905.015.A2) AppleWebKit/537.36 (KHTML, like Gecko) Chrome/148.0.7778.179 Mobile Safari/537.36"
182.10.225.150 - - [06/Jun/2026:09:26:48 +0200] "GET /wp-content/uploads/2024/06/COLLABORATIVE_MODELS_MYIDEAS_HYBRID_MODEL.svg HTTP/1.1" 200 2461 "https://myideas.pt/" "Mozilla/5.0 (Linux; Android 15; 25028PC03G Build/AP3A.240905.015.A2) AppleWebKit/537.36 (KHTML, like Gecko) Chrome/148.0.7778.179 Mobile Safari/537.36"
182.10.225.150 - - [06/Jun/2026:09:26:48 +0200] "GET /wp-content/uploads/2024/06/ASPAS_TESTEMUNHOS_CLIENTES_MYIDEAS.svg HTTP/1.1" 200 1045 "https://myideas.pt/" "Mozilla/5.0 (Linux; Android 15; 25028PC03G Build/AP3A.240905.015.A2) AppleWebKit/537.36 (KHTML, like Gecko) Chrome/148.0.7778.179 Mobile Safari/537.36"
182.10.225.150 - - [06/Jun/2026:09:26:48 +0200] "GET /wp-content/uploads/2024/06/MYIDEAS_WORK_FOR_US.jpg HTTP/1.1" 200 81535 "https://myideas.pt/" "Mozilla/5.0 (Linux; Android 15; 25028PC03G Build/AP3A.240905.015.A2) AppleWebKit/537.36 (KHTML, like Gecko) Chrome/148.0.7778.179 Mobile Safari/537.36"
182.10.225.150 - - [06/Jun/2026:09:26:48 +0200] "GET /wp-content/uploads/2024/06/MYIDEAS_VIDEO_HOMEPAGE.mov HTTP/1.1" 206 196330 "https://myideas.pt/" "Mozilla/5.0 (Linux; Android 15; 25028PC03G Build/AP3A.240905.015.A2) AppleWebKit/537.36 (KHTML, like Gecko) Chrome/148.0.7778.179 Mobile Safari/537.36"
182.10.225.150 - - [06/Jun/2026:09:26:48 +0200] "GET /wp-content/uploads/2024/06/MYIDEAS_WORK_WITH_US.jpg HTTP/1.1" 200 130687 "https://myideas.pt/" "Mozilla/5.0 (Linux; Android 15; 25028PC03G Build/AP3A.240905.015.A2) AppleWebKit/537.36 (KHTML, like Gecko) Chrome/148.0.7778.179 Mobile Safari/537.36"
75.119.139.177 - - [06/Jun/2026:09:28:45 +0200] "POST /wp-cron.php?doing_wp_cron=1780730925.4916899204254150390625 HTTP/1.1" 200 31 "-" "WordPress/7.0; https://myideas.pt"
37.97.137.40 - - [06/Jun/2026:09:28:45 +0200] "HEAD / HTTP/1.1" 301 0 "-" "downnotifier.com monitoring"
37.97.137.40 - - [06/Jun/2026:09:28:46 +0200] "HEAD / HTTP/1.1" 200 0 "-" "downnotifier.com monitoring"
223.109.255.223 - - [06/Jun/2026:09:29:08 +0200] "GET /wp-content/uploads/2024/06/urbanos_clientes_myideas.png HTTP/1.1" 404 146 "http://pic.sogou.com" "Sogou Pic Spider/3.0(+http://www.sogou.com/docs/help/webmasters.htm#07)"
223.109.255.228 - - [06/Jun/2026:09:30:04 +0200] "GET /wp-content/uploads/2024/05/diogo_costa_goncalves_testimony_myideas.jpg HTTP/1.1" 404 146 "http://pic.sogou.com" "Sogou Pic Spider/3.0(+http://www.sogou.com/docs/help/webmasters.htm#07)"
75.119.139.177 - - [06/Jun/2026:09:30:16 +0200] "POST /wp-cron.php?doing_wp_cron=1780731016.4636540412902832031250 HTTP/1.1" 200 31 "-" "WordPress/7.0; https://myideas.pt"
108.61.201.55 - - [06/Jun/2026:09:30:16 +0200] "HEAD / HTTP/1.1" 200 0 "-" "downnotifier.com monitoring"
75.119.139.177 - - [06/Jun/2026:09:31:32 +0200] "POST /wp-cron.php?doing_wp_cron=1780731092.5248858928680419921875 HTTP/1.1" 200 31 "-" "WordPress/7.0; https://myideas.pt"
205.185.120.156 - - [06/Jun/2026:09:31:32 +0200] "GET /wp-login.php HTTP/1.1" 200 6744 "-" "Mozilla/5.0 (X11; Ubuntu; Linux x86_64; rv:31.0) Gecko/20100101 Firefox/31.0"
205.185.120.156 - - [06/Jun/2026:09:31:48 +0200] "POST /wp-login.php HTTP/1.1" 200 7167 "-" "Mozilla/5.0 (X11; Ubuntu; Linux x86_64; rv:31.0) Gecko/20100101 Firefox/31.0"
51.68.236.94 - - [06/Jun/2026:09:36:39 +0200] "GET /robots.txt HTTP/1.1" 200 986 "-" "Mozilla/5.0 (compatible; MJ12bot/v2.0.5; http://mj12bot.com/)"
51.68.236.94 - - [06/Jun/2026:09:36:39 +0200] "GET / HTTP/1.1" 200 23869 "-" "Mozilla/5.0 (compatible; MJ12bot/v2.0.5; http://mj12bot.com/)"
57.141.20.53 - - [06/Jun/2026:09:37:48 +0200] "GET /pt/rp-e-reputacao-num-mundo-impulsionado-pela-ia/ HTTP/1.1" 200 106771 "-" "meta-externalagent/1.1 (+https://developers.facebook.com/docs/sharing/webmasters/crawler)"
75.119.139.177 - - [06/Jun/2026:09:38:47 +0200] "POST /wp-cron.php?doing_wp_cron=1780731527.6860160827636718750000 HTTP/1.1" 200 31 "-" "WordPress/7.0; https://myideas.pt"
206.189.127.129 - - [06/Jun/2026:09:38:47 +0200] "HEAD / HTTP/1.1" 301 0 "-" "downnotifier.com monitoring"
206.189.127.129 - - [06/Jun/2026:09:38:48 +0200] "HEAD / HTTP/1.1" 200 0 "-" "downnotifier.com monitoring"
75.119.139.177 - - [06/Jun/2026:09:40:16 +0200] "POST /wp-cron.php?doing_wp_cron=1780731616.1969799995422363281250 HTTP/1.1" 200 31 "-" "WordPress/7.0; https://myideas.pt"
139.59.109.12 - - [06/Jun/2026:09:40:16 +0200] "HEAD / HTTP/1.1" 200 0 "-" "downnotifier.com monitoring"
75.119.139.177 - - [06/Jun/2026:09:41:16 +0200] "POST /wp-cron.php?doing_wp_cron=1780731676.8723359107971191406250 HTTP/1.1" 200 31 "-" "WordPress/7.0; https://myideas.pt"
104.248.125.128 - - [06/Jun/2026:09:41:16 +0200] "POST /xmlrpc.php HTTP/1.1" 200 236 "-" "Mozilla/5.0 (Macintosh; Intel Mac OS X 10_15_7) AppleWebKit/537.36 (KHTML, like Gecko) Chrome/133.0.0.0 Safari/537.36 Edg/133.0.0.0"
75.119.139.177 - - [06/Jun/2026:09:43:50 +0200] "POST /wp-cron.php?doing_wp_cron=1780731829.9681880474090576171875 HTTP/1.1" 200 31 "-" "WordPress/7.0; https://myideas.pt"
220.196.160.40 - - [06/Jun/2026:09:43:50 +0200] "GET /pt/portfolio/urbanos-website HTTP/1.1" 301 5 "-" "Mozilla/5.0 (Macintosh; Intel Mac OS X 10_15_7) AppleWebKit/537.36 (KHTML, like Gecko) Chrome/123.0.0.0 Safari/537.36"
220.196.160.40 - - [06/Jun/2026:09:43:51 +0200] "GET /pt/portfolio/urbanos-website/ HTTP/1.1" 200 18600 "-" "Mozilla/5.0 (Macintosh; Intel Mac OS X 10_15_7) AppleWebKit/537.36 (KHTML, like Gecko) Chrome/123.0.0.0 Safari/537.36"
216.73.217.21 - - [06/Jun/2026:09:44:35 +0200] "GET /robots.txt HTTP/1.1" 200 986 "-" "Mozilla/5.0 AppleWebKit/537.36 (KHTML, like Gecko; compatible; ClaudeBot/1.0; +claudebot@anthropic.com)"
75.119.139.177 - - [06/Jun/2026:09:44:38 +0200] "POST /wp-cron.php?doing_wp_cron=1780731877.8376009464263916015625 HTTP/1.1" 200 31 "-" "WordPress/7.0; https://myideas.pt"
216.73.217.21 - - [06/Jun/2026:09:44:38 +0200] "GET /sitemap-hot-2274152.xml HTTP/1.1" 404 13928 "-" "Mozilla/5.0 AppleWebKit/537.36 (KHTML, like Gecko; compatible; ClaudeBot/1.0; +claudebot@anthropic.com)"
216.73.217.21 - - [06/Jun/2026:09:44:41 +0200] "GET /sitemap-hot-2270152.xml HTTP/1.1" 404 13928 "-" "Mozilla/5.0 AppleWebKit/537.36 (KHTML, like Gecko; compatible; ClaudeBot/1.0; +claudebot@anthropic.com)"
75.119.139.177 - - [06/Jun/2026:09:45:58 +0200] "POST /wp-cron.php?doing_wp_cron=1780731958.0126259326934814453125 HTTP/1.1" 200 31 "-" "WordPress/7.0; https://myideas.pt"
216.73.217.21 - - [06/Jun/2026:09:45:58 +0200] "GET /sitemap-hot-2296152.xml HTTP/1.1" 404 13930 "-" "Mozilla/5.0 AppleWebKit/537.36 (KHTML, like Gecko; compatible; ClaudeBot/1.0; +claudebot@anthropic.com)"
216.73.217.21 - - [06/Jun/2026:09:46:00 +0200] "GET /sitemap-hot-2266152.xml HTTP/1.1" 404 13930 "-" "Mozilla/5.0 AppleWebKit/537.36 (KHTML, like Gecko; compatible; ClaudeBot/1.0; +claudebot@anthropic.com)"
75.119.139.177 - - [06/Jun/2026:09:47:24 +0200] "POST /wp-cron.php?doing_wp_cron=1780732044.3927400112152099609375 HTTP/1.1" 200 31 "-" "WordPress/7.0; https://myideas.pt"
205.185.122.41 - - [06/Jun/2026:09:47:24 +0200] "GET /wp-login.php HTTP/1.1" 200 6744 "-" "Mozilla/5.0 (Linux; Android 16; SM-A346E) AppleWebKit/537.36 (KHTML, like Gecko) Chrome/130.0.0.0 Mobile Safari/537.36"
205.185.122.41 - - [06/Jun/2026:09:47:25 +0200] "POST /wp-login.php HTTP/1.1" 200 7137 "-" "Mozilla/5.0 (Linux; Android 16; SM-A346E) AppleWebKit/537.36 (KHTML, like Gecko) Chrome/130.0.0.0 Mobile Safari/537.36"
216.73.217.21 - - [06/Jun/2026:09:47:42 +0200] "GET /sitemap-hot-2282152.xml HTTP/1.1" 404 13930 "-" "Mozilla/5.0 AppleWebKit/537.36 (KHTML, like Gecko; compatible; ClaudeBot/1.0; +claudebot@anthropic.com)"
216.73.217.21 - - [06/Jun/2026:09:47:46 +0200] "GET /sitemap-hot-2272152.xml HTTP/1.1" 404 13928 "-" "Mozilla/5.0 AppleWebKit/537.36 (KHTML, like Gecko; compatible; ClaudeBot/1.0; +claudebot@anthropic.com)"
216.73.217.21 - - [06/Jun/2026:09:47:49 +0200] "GET /sitemap-hot-2294152.xml HTTP/1.1" 404 13928 "-" "Mozilla/5.0 AppleWebKit/537.36 (KHTML, like Gecko; compatible; ClaudeBot/1.0; +claudebot@anthropic.com)"
75.119.139.177 - - [06/Jun/2026:09:48:16 +0200] "POST /wp-cron.php?doing_wp_cron=1780732096.5672791004180908203125 HTTP/1.1" 200 31 "-" "WordPress/7.0; https://myideas.pt"
216.73.217.21 - - [06/Jun/2026:09:48:16 +0200] "GET /sitemap-hot-2284152.xml HTTP/1.1" 404 13930 "-" "Mozilla/5.0 AppleWebKit/537.36 (KHTML, like Gecko; compatible; ClaudeBot/1.0; +claudebot@anthropic.com)"
37.97.137.40 - - [06/Jun/2026:09:48:46 +0200] "HEAD / HTTP/1.1" 301 0 "-" "downnotifier.com monitoring"
37.97.137.40 - - [06/Jun/2026:09:48:46 +0200] "HEAD / HTTP/1.1" 200 0 "-" "downnotifier.com monitoring"
75.119.139.177 - - [06/Jun/2026:09:50:00 +0200] "POST /wp-cron.php?doing_wp_cron=1780732199.9927520751953125000000 HTTP/1.1" 200 31 "-" "WordPress/7.0; https://myideas.pt"
209.141.34.188 - - [06/Jun/2026:09:50:00 +0200] "GET /wp-login.php HTTP/1.1" 200 6744 "-" "Mozilla/5.0 (Macintosh; Intel Mac OS X 10_9_4) AppleWebKit/537.77.4 (KHTML, like Gecko) Version/7.0.5 Safari/537.77.4"
46.151.178.13 - - [06/Jun/2026:09:50:06 +0200] "PROPFIND / HTTP/1.1" 405 150 "http://75.119.139.177:443/" "-"
216.73.217.21 - - [06/Jun/2026:09:50:07 +0200] "GET /sitemap.xml HTTP/1.1" 301 5 "-" "Mozilla/5.0 AppleWebKit/537.36 (KHTML, like Gecko; compatible; ClaudeBot/1.0; +claudebot@anthropic.com)"
216.73.217.21 - - [06/Jun/2026:09:50:07 +0200] "GET /sitemap_index.xml HTTP/1.1" 200 348 "https://myideas.pt/sitemap.xml" "Mozilla/5.0 AppleWebKit/537.36 (KHTML, like Gecko; compatible; ClaudeBot/1.0; +claudebot@anthropic.com)"
216.73.217.21 - - [06/Jun/2026:09:50:09 +0200] "GET /sitemap-hot-2292152.xml HTTP/1.1" 404 13928 "-" "Mozilla/5.0 AppleWebKit/537.36 (KHTML, like Gecko; compatible; ClaudeBot/1.0; +claudebot@anthropic.com)"
75.119.139.177 - - [06/Jun/2026:09:50:16 +0200] "POST /wp-cron.php?doing_wp_cron=1780732216.2133920192718505859375 HTTP/1.1" 200 31 "-" "WordPress/7.0; https://myideas.pt"
108.61.201.55 - - [06/Jun/2026:09:50:16 +0200] "HEAD / HTTP/1.1" 200 0 "-" "downnotifier.com monitoring"
216.73.217.21 - - [06/Jun/2026:09:50:18 +0200] "GET /sitemapmobileindex.xml HTTP/1.1" 404 13923 "-" "Mozilla/5.0 AppleWebKit/537.36 (KHTML, like Gecko; compatible; ClaudeBot/1.0; +claudebot@anthropic.com)"
216.73.217.21 - - [06/Jun/2026:09:50:37 +0200] "GET /sitemap-hot-2268152.xml HTTP/1.1" 404 13930 "-" "Mozilla/5.0 AppleWebKit/537.36 (KHTML, like Gecko; compatible; ClaudeBot/1.0; +claudebot@anthropic.com)"
216.73.217.21 - - [06/Jun/2026:09:50:42 +0200] "GET /sitemap-hot-2276152.xml HTTP/1.1" 404 13930 "-" "Mozilla/5.0 AppleWebKit/537.36 (KHTML, like Gecko; compatible; ClaudeBot/1.0; +claudebot@anthropic.com)"
75.119.139.177 - - [06/Jun/2026:09:51:23 +0200] "POST /wp-cron.php?doing_wp_cron=1780732283.5652968883514404296875 HTTP/1.1" 200 31 "-" "WordPress/7.0; https://myideas.pt"
209.141.34.188 - - [06/Jun/2026:09:51:23 +0200] "POST /wp-login.php HTTP/1.1" 200 7137 "-" "Mozilla/5.0 (Macintosh; Intel Mac OS X 10_9_4) AppleWebKit/537.77.4 (KHTML, like Gecko) Version/7.0.5 Safari/537.77.4"
50.114.172.86 - - [06/Jun/2026:09:51:49 +0200] "GET /s.php HTTP/1.1" 404 47 "-" "Mozilla/5.0 (Windows NT 10.0; WOW64; rv:48.0) Gecko/20100101 Firefox/48.0"
75.119.139.177 - - [06/Jun/2026:09:52:40 +0200] "POST /wp-cron.php?doing_wp_cron=1780732360.3727099895477294921875 HTTP/1.1" 200 31 "-" "WordPress/7.0; https://myideas.pt"
216.73.217.21 - - [06/Jun/2026:09:52:40 +0200] "GET /sitemap-hot-2290152.xml HTTP/1.1" 404 13928 "-" "Mozilla/5.0 AppleWebKit/537.36 (KHTML, like Gecko; compatible; ClaudeBot/1.0; +claudebot@anthropic.com)"
50.114.172.86 - - [06/Jun/2026:09:52:54 +0200] "GET /baker.php/ HTTP/1.1" 404 12541 "-" "Mozilla/5.0 (Windows NT 10.0; WOW64; rv:48.0) Gecko/20100101 Firefox/48.0"
75.119.139.177 - - [06/Jun/2026:09:53:22 +0200] "POST /wp-cron.php?doing_wp_cron=1780732402.7077639102935791015625 HTTP/1.1" 200 31 "-" "WordPress/7.0; https://myideas.pt"
216.73.217.21 - - [06/Jun/2026:09:53:22 +0200] "GET /sitemap-hot-2278152.xml HTTP/1.1" 404 13930 "-" "Mozilla/5.0 AppleWebKit/537.36 (KHTML, like Gecko; compatible; ClaudeBot/1.0; +claudebot@anthropic.com)"
216.73.217.21 - - [06/Jun/2026:09:53:28 +0200] "GET /sitemap-hot-2288152.xml HTTP/1.1" 404 13930 "-" "Mozilla/5.0 AppleWebKit/537.36 (KHTML, like Gecko; compatible; ClaudeBot/1.0; +claudebot@anthropic.com)"
52.167.144.211 - - [06/Jun/2026:09:53:53 +0200] "GET /sitemap-hot-2276152.xml HTTP/1.1" 404 13930 "-" "Mozilla/5.0 AppleWebKit/537.36 (KHTML, like Gecko; compatible; bingbot/2.0; +http://www.bing.com/bingbot.htm) Chrome/116.0.1938.76 Safari/537.36"
216.73.217.21 - - [06/Jun/2026:09:54:12 +0200] "GET /sitemapindex.xml HTTP/1.1" 404 13921 "-" "Mozilla/5.0 AppleWebKit/537.36 (KHTML, like Gecko; compatible; ClaudeBot/1.0; +claudebot@anthropic.com)"
75.119.139.177 - - [06/Jun/2026:09:54:16 +0200] "POST /wp-cron.php?doing_wp_cron=1780732456.0792150497436523437500 HTTP/1.1" 200 31 "-" "WordPress/7.0; https://myideas.pt"
216.73.217.21 - - [06/Jun/2026:09:54:16 +0200] "GET /sitemap-hot-2280152.xml HTTP/1.1" 404 13930 "-" "Mozilla/5.0 AppleWebKit/537.36 (KHTML, like Gecko; compatible; ClaudeBot/1.0; +claudebot@anthropic.com)"
75.119.139.177 - - [06/Jun/2026:09:55:23 +0200] "POST /wp-cron.php?doing_wp_cron=1780732523.7224481105804443359375 HTTP/1.1" 200 31 "-" "WordPress/7.0; https://myideas.pt"
216.73.217.21 - - [06/Jun/2026:09:55:23 +0200] "GET /sitemap-hot-2286152.xml HTTP/1.1" 404 13930 "-" "Mozilla/5.0 AppleWebKit/537.36 (KHTML, like Gecko; compatible; ClaudeBot/1.0; +claudebot@anthropic.com)"
75.119.139.177 - - [06/Jun/2026:09:58:45 +0200] "POST /wp-cron.php?doing_wp_cron=1780732725.5894649028778076171875 HTTP/1.1" 200 31 "-" "WordPress/7.0; https://myideas.pt"
206.189.127.129 - - [06/Jun/2026:09:58:45 +0200] "HEAD / HTTP/1.1" 301 0 "-" "downnotifier.com monitoring"
206.189.127.129 - - [06/Jun/2026:09:58:46 +0200] "HEAD / HTTP/1.1" 200 0 "-" "downnotifier.com monitoring"
75.119.139.177 - - [06/Jun/2026:10:00:16 +0200] "POST /wp-cron.php?doing_wp_cron=1780732816.0554919242858886718750 HTTP/1.1" 200 31 "-" "WordPress/7.0; https://myideas.pt"
206.189.127.129 - - [06/Jun/2026:10:00:16 +0200] "HEAD / HTTP/1.1" 200 0 "-" "downnotifier.com monitoring"
83.229.8.197 - - [06/Jun/2026:10:02:02 +0200] "POST /cgi-bin/.%2e/.%2e/.%2e/.%2e/.%2e/.%2e/.%2e/.%2e/.%2e/.%2e/bin/sh HTTP/1.1" 400 150 "-" "-"
83.229.8.197 - - [06/Jun/2026:10:02:03 +0200] "POST /cgi-bin/%%32%65%%32%65/%%32%65%%32%65/%%32%65%%32%65/%%32%65%%32%65/%%32%65%%32%65/%%32%65%%32%65/%%32%65%%32%65/bin/sh HTTP/1.1" 400 150 "-" "-"
75.119.139.177 - - [06/Jun/2026:10:02:05 +0200] "POST /wp-cron.php?doing_wp_cron=1780732925.5072019100189208984375 HTTP/1.1" 200 31 "-" "WordPress/7.0; https://myideas.pt"
83.229.8.197 - - [06/Jun/2026:10:02:05 +0200] "POST /hello.world?%ADd+allow_url_include%3d1+%ADd+auto_prepend_file%3dphp://input HTTP/1.1" 404 70795 "-" "libredtail-http"
83.229.8.197 - - [06/Jun/2026:10:02:07 +0200] "POST /?%ADd+allow_url_include%3d1+%ADd+auto_prepend_file%3dphp://input HTTP/1.1" 200 176555 "-" "libredtail-http"
83.229.8.197 - - [06/Jun/2026:10:02:07 +0200] "GET /vendor/phpunit/phpunit/src/Util/PHP/eval-stdin.php HTTP/1.1" 404 27 "-" "libredtail-http"
83.229.8.197 - - [06/Jun/2026:10:02:08 +0200] "GET /vendor/phpunit/phpunit/Util/PHP/eval-stdin.php HTTP/1.1" 404 27 "-" "libredtail-http"
83.229.8.197 - - [06/Jun/2026:10:02:08 +0200] "GET /vendor/phpunit/src/Util/PHP/eval-stdin.php HTTP/1.1" 404 27 "-" "libredtail-http"
83.229.8.197 - - [06/Jun/2026:10:02:09 +0200] "GET /vendor/phpunit/Util/PHP/eval-stdin.php HTTP/1.1" 404 27 "-" "libredtail-http"
83.229.8.197 - - [06/Jun/2026:10:02:10 +0200] "GET /vendor/phpunit/phpunit/LICENSE/eval-stdin.php HTTP/1.1" 404 27 "-" "libredtail-http"
83.229.8.197 - - [06/Jun/2026:10:02:10 +0200] "GET /vendor/vendor/phpunit/phpunit/src/Util/PHP/eval-stdin.php HTTP/1.1" 404 27 "-" "libredtail-http"
83.229.8.197 - - [06/Jun/2026:10:02:11 +0200] "GET /phpunit/phpunit/src/Util/PHP/eval-stdin.php HTTP/1.1" 404 27 "-" "libredtail-http"
83.229.8.197 - - [06/Jun/2026:10:02:11 +0200] "GET /phpunit/phpunit/Util/PHP/eval-stdin.php HTTP/1.1" 404 27 "-" "libredtail-http"
83.229.8.197 - - [06/Jun/2026:10:02:12 +0200] "GET /phpunit/src/Util/PHP/eval-stdin.php HTTP/1.1" 404 27 "-" "libredtail-http"
83.229.8.197 - - [06/Jun/2026:10:02:13 +0200] "GET /phpunit/Util/PHP/eval-stdin.php HTTP/1.1" 404 27 "-" "libredtail-http"
83.229.8.197 - - [06/Jun/2026:10:02:13 +0200] "GET /lib/phpunit/phpunit/src/Util/PHP/eval-stdin.php HTTP/1.1" 404 27 "-" "libredtail-http"
83.229.8.197 - - [06/Jun/2026:10:02:14 +0200] "GET /lib/phpunit/phpunit/Util/PHP/eval-stdin.php HTTP/1.1" 404 27 "-" "libredtail-http"
83.229.8.197 - - [06/Jun/2026:10:02:15 +0200] "GET /lib/phpunit/src/Util/PHP/eval-stdin.php HTTP/1.1" 404 27 "-" "libredtail-http"
83.229.8.197 - - [06/Jun/2026:10:02:16 +0200] "GET /lib/phpunit/Util/PHP/eval-stdin.php HTTP/1.1" 404 27 "-" "libredtail-http"
83.229.8.197 - - [06/Jun/2026:10:02:16 +0200] "GET /lib/vendor/phpunit/phpunit/src/Util/PHP/eval-stdin.php HTTP/1.1" 404 27 "-" "libredtail-http"
83.229.8.197 - - [06/Jun/2026:10:02:17 +0200] "GET /laravel/vendor/phpunit/phpunit/src/Util/PHP/eval-stdin.php HTTP/1.1" 404 27 "-" "libredtail-http"
83.229.8.197 - - [06/Jun/2026:10:02:18 +0200] "GET /www/vendor/phpunit/phpunit/src/Util/PHP/eval-stdin.php HTTP/1.1" 404 27 "-" "libredtail-http"
83.229.8.197 - - [06/Jun/2026:10:02:18 +0200] "GET /ws/vendor/phpunit/phpunit/src/Util/PHP/eval-stdin.php HTTP/1.1" 404 27 "-" "libredtail-http"
83.229.8.197 - - [06/Jun/2026:10:02:19 +0200] "GET /yii/vendor/phpunit/phpunit/src/Util/PHP/eval-stdin.php HTTP/1.1" 404 27 "-" "libredtail-http"
83.229.8.197 - - [06/Jun/2026:10:02:20 +0200] "GET /zend/vendor/phpunit/phpunit/src/Util/PHP/eval-stdin.php HTTP/1.1" 404 27 "-" "libredtail-http"
83.229.8.197 - - [06/Jun/2026:10:02:21 +0200] "GET /ws/ec/vendor/phpunit/phpunit/src/Util/PHP/eval-stdin.php HTTP/1.1" 404 27 "-" "libredtail-http"
83.229.8.197 - - [06/Jun/2026:10:02:21 +0200] "GET /V2/vendor/phpunit/phpunit/src/Util/PHP/eval-stdin.php HTTP/1.1" 404 27 "-" "libredtail-http"
83.229.8.197 - - [06/Jun/2026:10:02:22 +0200] "GET /tests/vendor/phpunit/phpunit/src/Util/PHP/eval-stdin.php HTTP/1.1" 404 27 "-" "libredtail-http"
83.229.8.197 - - [06/Jun/2026:10:02:23 +0200] "GET /test/vendor/phpunit/phpunit/src/Util/PHP/eval-stdin.php HTTP/1.1" 404 27 "-" "libredtail-http"
83.229.8.197 - - [06/Jun/2026:10:02:23 +0200] "GET /testing/vendor/phpunit/phpunit/src/Util/PHP/eval-stdin.php HTTP/1.1" 404 27 "-" "libredtail-http"
83.229.8.197 - - [06/Jun/2026:10:02:24 +0200] "GET /api/vendor/phpunit/phpunit/src/Util/PHP/eval-stdin.php HTTP/1.1" 404 27 "-" "libredtail-http"
83.229.8.197 - - [06/Jun/2026:10:02:25 +0200] "GET /demo/vendor/phpunit/phpunit/src/Util/PHP/eval-stdin.php HTTP/1.1" 404 27 "-" "libredtail-http"
83.229.8.197 - - [06/Jun/2026:10:02:26 +0200] "GET /cms/vendor/phpunit/phpunit/src/Util/PHP/eval-stdin.php HTTP/1.1" 404 27 "-" "libredtail-http"
83.229.8.197 - - [06/Jun/2026:10:02:26 +0200] "GET /crm/vendor/phpunit/phpunit/src/Util/PHP/eval-stdin.php HTTP/1.1" 404 27 "-" "libredtail-http"
83.229.8.197 - - [06/Jun/2026:10:02:27 +0200] "GET /admin/vendor/phpunit/phpunit/src/Util/PHP/eval-stdin.php HTTP/1.1" 404 27 "-" "libredtail-http"
83.229.8.197 - - [06/Jun/2026:10:02:28 +0200] "GET /backup/vendor/phpunit/phpunit/src/Util/PHP/eval-stdin.php HTTP/1.1" 404 27 "-" "libredtail-http"
83.229.8.197 - - [06/Jun/2026:10:02:29 +0200] "GET /blog/vendor/phpunit/phpunit/src/Util/PHP/eval-stdin.php HTTP/1.1" 404 27 "-" "libredtail-http"
83.229.8.197 - - [06/Jun/2026:10:02:30 +0200] "GET /workspace/drupal/vendor/phpunit/phpunit/src/Util/PHP/eval-stdin.php HTTP/1.1" 404 27 "-" "libredtail-http"
83.229.8.197 - - [06/Jun/2026:10:02:31 +0200] "GET /panel/vendor/phpunit/phpunit/src/Util/PHP/eval-stdin.php HTTP/1.1" 404 27 "-" "libredtail-http"
83.229.8.197 - - [06/Jun/2026:10:02:31 +0200] "GET /public/vendor/phpunit/phpunit/src/Util/PHP/eval-stdin.php HTTP/1.1" 404 27 "-" "libredtail-http"
83.229.8.197 - - [06/Jun/2026:10:02:32 +0200] "GET /apps/vendor/phpunit/phpunit/src/Util/PHP/eval-stdin.php HTTP/1.1" 404 27 "-" "libredtail-http"
83.229.8.197 - - [06/Jun/2026:10:02:33 +0200] "GET /app/vendor/phpunit/phpunit/src/Util/PHP/eval-stdin.php HTTP/1.1" 404 27 "-" "libredtail-http"
75.119.139.177 - - [06/Jun/2026:10:02:34 +0200] "POST /wp-cron.php?doing_wp_cron=1780732954.9240860939025878906250 HTTP/1.1" 200 31 "-" "WordPress/7.0; https://myideas.pt"
83.229.8.197 - - [06/Jun/2026:10:02:34 +0200] "GET /index.php?s=/index/\x5Cthink\x5Capp/invokefunction&function=call_user_func_array&vars[0]=md5&vars[1][]=Hello HTTP/1.1" 200 72129 "-" "libredtail-http"
83.229.8.197 - - [06/Jun/2026:10:02:35 +0200] "GET /public/index.php?s=/index/\x5Cthink\x5Capp/invokefunction&function=call_user_func_array&vars[0]=md5&vars[1][]=Hello HTTP/1.1" 404 27 "-" "libredtail-http"
83.229.8.197 - - [06/Jun/2026:10:02:36 +0200] "GET /index.php?lang=../../../../../../../../usr/local/lib/php/pearcmd&+config-create+/&/<?echo(md5(\x22hi\x22));?>+/tmp/index1.php HTTP/1.1" 301 5 "-" "libredtail-http"
83.229.8.197 - - [06/Jun/2026:10:02:38 +0200] "GET /index.php?lang=../../../../../../../../usr/local/lib/php/pearcmd&+config-create+/&/<?echo(md5(\x22hi\x22));?>+/tmp/index1.php HTTP/1.1" 301 5 "-" "libredtail-http"
83.229.8.197 - - [06/Jun/2026:10:02:39 +0200] "GET /index.php?lang=../../../../../../../../tmp/index1 HTTP/1.1" 301 5 "-" "libredtail-http"
83.229.8.197 - - [06/Jun/2026:10:02:41 +0200] "GET /containers/json HTTP/1.1" 301 5 "-" "libredtail-http"
198.235.24.186 - - [06/Jun/2026:10:03:09 +0200] "GET / HTTP/1.1" 301 5 "http://www.myideas.pt/" "Hello from Palo Alto Networks, find out more about our scans in https://docs-cortex.paloaltonetworks.com/r/1/Cortex-Xpanse/Scanning-activity"
198.235.24.186 - - [06/Jun/2026:10:03:09 +0200] "GET / HTTP/1.1" 200 169697 "-" "Hello from Palo Alto Networks, find out more about our scans in https://docs-cortex.paloaltonetworks.com/r/1/Cortex-Xpanse/Scanning-activity"
75.119.139.177 - - [06/Jun/2026:10:06:30 +0200] "POST /wp-cron.php?doing_wp_cron=1780733190.6999409198760986328125 HTTP/1.1" 200 31 "-" "WordPress/7.0; https://myideas.pt"
207.174.0.36 - - [06/Jun/2026:10:06:30 +0200] "GET /.env HTTP/1.1" 301 5 "-" "python-requests/2.26.0"
207.174.0.36 - - [06/Jun/2026:10:06:32 +0200] "GET /.env HTTP/1.1" 404 12539 "-" "python-requests/2.26.0"
207.174.0.36 - - [06/Jun/2026:10:06:33 +0200] "GET / HTTP/1.1" 301 5 "-" "python-requests/2.26.0"
207.174.0.36 - - [06/Jun/2026:10:06:34 +0200] "GET / HTTP/1.1" 200 23869 "-" "python-requests/2.26.0"
75.119.139.177 - - [06/Jun/2026:10:08:45 +0200] "POST /wp-cron.php?doing_wp_cron=1780733325.9453799724578857421875 HTTP/1.1" 200 31 "-" "WordPress/7.0; https://myideas.pt"
37.97.137.40 - - [06/Jun/2026:10:08:45 +0200] "HEAD / HTTP/1.1" 301 0 "-" "downnotifier.com monitoring"
37.97.137.40 - - [06/Jun/2026:10:08:46 +0200] "HEAD / HTTP/1.1" 200 0 "-" "downnotifier.com monitoring"
154.28.229.106 - - [06/Jun/2026:10:08:50 +0200] "GET / HTTP/1.1" 301 5 "-" "Mozilla/5.0 (Windows NT 10.0; Win64; x64) AppleWebKit/537.36 (KHTML, like Gecko) Chrome/131.0.0.0 Safari/537.36"
154.28.229.106 - - [06/Jun/2026:10:08:58 +0200] "GET / HTTP/1.1" 200 24292 "-" "Mozilla/5.0 (Windows NT 10.0; Win64; x64) AppleWebKit/537.36 (KHTML, like Gecko) Chrome/131.0.0.0 Safari/537.36"
154.28.229.106 - - [06/Jun/2026:10:08:58 +0200] "GET /comments/feed/ HTTP/1.1" 200 441 "-" "Mozilla/5.0 (Windows NT 10.0; Win64; x64) AppleWebKit/537.36 (KHTML, like Gecko) Chrome/131.0.0.0 Safari/537.36"
154.28.229.106 - - [06/Jun/2026:10:08:58 +0200] "GET /pt/ HTTP/1.1" 200 24342 "-" "Mozilla/5.0 (Windows NT 10.0; Win64; x64) AppleWebKit/537.36 (KHTML, like Gecko) Chrome/131.0.0.0 Safari/537.36"
154.28.229.106 - - [06/Jun/2026:10:08:59 +0200] "GET /feed/ HTTP/1.1" 200 14709 "-" "Mozilla/5.0 (Windows NT 10.0; Win64; x64) AppleWebKit/537.36 (KHTML, like Gecko) Chrome/131.0.0.0 Safari/537.36"
154.28.229.106 - - [06/Jun/2026:10:08:59 +0200] "GET /what-we-do/ HTTP/1.1" 200 15666 "-" "Mozilla/5.0 (Windows NT 10.0; Win64; x64) AppleWebKit/537.36 (KHTML, like Gecko) Chrome/131.0.0.0 Safari/537.36"
154.28.229.106 - - [06/Jun/2026:10:08:59 +0200] "GET /social-media/ HTTP/1.1" 200 15386 "-" "Mozilla/5.0 (Windows NT 10.0; Win64; x64) AppleWebKit/537.36 (KHTML, like Gecko) Chrome/131.0.0.0 Safari/537.36"
154.28.229.106 - - [06/Jun/2026:10:08:59 +0200] "GET /wp-json/oembed/1.0/embed?url=https://myideas.pt/&lang=en HTTP/1.1" 499 0 "-" "Mozilla/5.0 (Windows NT 10.0; Win64; x64) AppleWebKit/537.36 (KHTML, like Gecko) Chrome/131.0.0.0 Safari/537.36"
75.119.139.177 - - [06/Jun/2026:10:10:00 +0200] "POST /wp-cron.php?doing_wp_cron=1780733399.9848089218139648437500 HTTP/1.1" 200 31 "-" "WordPress/7.0; https://myideas.pt"
205.185.123.198 - - [06/Jun/2026:10:10:00 +0200] "GET /wp-login.php HTTP/1.1" 200 6744 "-" "Mozilla/5.0 (Macintosh; Intel Mac OS X 10.15; rv:123.0) Gecko/20100101 Firefox/123.0"
139.59.109.12 - - [06/Jun/2026:10:10:15 +0200] "HEAD / HTTP/1.1" 200 0 "-" "downnotifier.com monitoring"
75.119.139.177 - - [06/Jun/2026:10:11:30 +0200] "POST /wp-cron.php?doing_wp_cron=1780733490.3113760948181152343750 HTTP/1.1" 200 31 "-" "WordPress/7.0; https://myideas.pt"
38.49.217.60 - - [06/Jun/2026:10:11:30 +0200] "POST /xmlrpc.php HTTP/1.1" 200 236 "-" "Mozilla/5.0 (Macintosh; Intel Mac OS X 10_15_7) AppleWebKit/537.36 (KHTML, like Gecko) Chrome/133.0.0.0 Safari/537.36 Edg/133.0.0.0"
75.119.139.177 - - [06/Jun/2026:10:16:51 +0200] "POST /wp-cron.php?doing_wp_cron=1780733811.6636691093444824218750 HTTP/1.1" 200 31 "-" "WordPress/7.0; https://myideas.pt"
198.98.56.118 - - [06/Jun/2026:10:16:51 +0200] "GET /wp-login.php HTTP/1.1" 200 6744 "-" "Mozilla/5.0 (X11; Fedora; Linux x86_64; rv:119.0) Gecko/20100101 Firefox/119.0"
75.119.139.177 - - [06/Jun/2026:10:18:45 +0200] "POST /wp-cron.php?doing_wp_cron=1780733925.3627419471740722656250 HTTP/1.1" 200 31 "-" "WordPress/7.0; https://myideas.pt"
206.189.127.129 - - [06/Jun/2026:10:18:45 +0200] "HEAD / HTTP/1.1" 301 0 "-" "downnotifier.com monitoring"
206.189.127.129 - - [06/Jun/2026:10:18:46 +0200] "HEAD / HTTP/1.1" 200 0 "-" "downnotifier.com monitoring"
43.230.201.87 - - [06/Jun/2026:10:19:12 +0200] "GET /wp-login.php HTTP/1.1" 200 2256 "-" "Mozilla/5.0 (X11; Linux i686) AppleWebKit/537.36 (KHTML, like Gecko) Chrome/133.0.0.0 Safari/537.36"
75.119.139.177 - - [06/Jun/2026:10:19:24 +0200] "POST /wp-cron.php?doing_wp_cron=1780733964.3325619697570800781250 HTTP/1.1" 200 31 "-" "WordPress/7.0; https://myideas.pt"
43.230.201.87 - - [06/Jun/2026:10:19:24 +0200] "POST /wp-login.php HTTP/1.1" 200 2416 "https://myideas.pt/wp-login.php" "Mozilla/5.0 (X11; Linux i686) AppleWebKit/537.36 (KHTML, like Gecko) Chrome/133.0.0.0 Safari/537.36"
198.98.56.118 - - [06/Jun/2026:10:19:50 +0200] "POST /wp-login.php HTTP/1.1" 200 7137 "-" "Mozilla/5.0 (X11; Fedora; Linux x86_64; rv:119.0) Gecko/20100101 Firefox/119.0"
75.119.139.177 - - [06/Jun/2026:10:20:16 +0200] "POST /wp-cron.php?doing_wp_cron=1780734016.4244780540466308593750 HTTP/1.1" 200 31 "-" "WordPress/7.0; https://myideas.pt"
108.61.201.55 - - [06/Jun/2026:10:20:16 +0200] "HEAD / HTTP/1.1" 200 0 "-" "downnotifier.com monitoring"
205.185.124.118 - - [06/Jun/2026:10:20:58 +0200] "GET /wp-login.php HTTP/1.1" 200 6744 "-" "Mozilla/5.0 (Windows NT 6.3; Win64; x64) AppleWebKit/537.36 (KHTML, like Gecko) Chrome/120.0.0.0 Safari/537.36"
75.119.139.177 - - [06/Jun/2026:10:21:28 +0200] "POST /wp-cron.php?doing_wp_cron=1780734088.8568639755249023437500 HTTP/1.1" 200 31 "-" "WordPress/7.0; https://myideas.pt"
205.185.124.118 - - [06/Jun/2026:10:21:28 +0200] "POST /wp-login.php HTTP/1.1" 200 7137 "-" "Mozilla/5.0 (Windows NT 6.3; Win64; x64) AppleWebKit/537.36 (KHTML, like Gecko) Chrome/120.0.0.0 Safari/537.36"
75.119.139.177 - - [06/Jun/2026:10:22:19 +0200] "POST /wp-cron.php?doing_wp_cron=1780734139.0667920112609863281250 HTTP/1.1" 200 31 "-" "WordPress/7.0; https://myideas.pt"
205.185.123.198 - - [06/Jun/2026:10:22:19 +0200] "POST /wp-login.php HTTP/1.1" 200 7167 "-" "Mozilla/5.0 (Macintosh; Intel Mac OS X 10.15; rv:123.0) Gecko/20100101 Firefox/123.0"
75.119.139.177 - - [06/Jun/2026:10:23:42 +0200] "POST /wp-cron.php?doing_wp_cron=1780734221.9786770343780517578125 HTTP/1.1" 200 31 "-" "WordPress/7.0; https://myideas.pt"
186.122.88.240 - - [06/Jun/2026:10:23:42 +0200] "GET /portfolio_category/websites/page/2/ HTTP/1.1" 200 14083 "-" "Mozilla/5.0 (Macintosh; Intel Mac OS X 10_15_7) AppleWebKit/537.36 (KHTML, like Gecko) Chrome/85.0.4183.102 Safari/537.36"
75.119.139.177 - - [06/Jun/2026:10:25:09 +0200] "POST /wp-cron.php?doing_wp_cron=1780734309.1626260280609130859375 HTTP/1.1" 200 31 "-" "WordPress/7.0; https://myideas.pt"
207.46.13.107 - - [06/Jun/2026:10:25:09 +0200] "GET /sitemap.xml HTTP/1.1" 301 5 "-" "Mozilla/5.0 AppleWebKit/537.36 (KHTML, like Gecko; compatible; bingbot/2.0; +http://www.bing.com/bingbot.htm) Chrome/116.0.1938.76 Safari/537.36"
207.46.13.107 - - [06/Jun/2026:10:25:11 +0200] "GET /sitemap_index.xml HTTP/1.1" 200 348 "-" "Mozilla/5.0 AppleWebKit/537.36 (KHTML, like Gecko; compatible; bingbot/2.0; +http://www.bing.com/bingbot.htm) Chrome/116.0.1938.76 Safari/537.36"
178.16.54.246 - - [06/Jun/2026:10:25:16 +0200] "GET / HTTP/1.1" 200 23869 "-" "Mozilla/5.0 (Windows NT 10.0; Win64; x64) AppleWebKit/537.36"
75.119.139.177 - - [06/Jun/2026:10:25:17 +0200] "POST /wp-cron.php?doing_wp_cron=1780734317.8076200485229492187500 HTTP/1.1" 200 31 "-" "WordPress/7.0; https://myideas.pt"
178.16.54.246 - - [06/Jun/2026:10:25:17 +0200] "GET /.env HTTP/1.1" 404 12539 "-" "python-httpx/0.28.1"
178.16.54.246 - - [06/Jun/2026:10:25:18 +0200] "GET /.env.local HTTP/1.1" 404 12542 "-" "python-httpx/0.28.1"
178.16.54.246 - - [06/Jun/2026:10:25:19 +0200] "GET /.env.production HTTP/1.1" 404 12546 "-" "python-httpx/0.28.1"
178.16.54.246 - - [06/Jun/2026:10:25:20 +0200] "GET /.env.development HTTP/1.1" 404 12546 "-" "python-httpx/0.28.1"
178.16.54.246 - - [06/Jun/2026:10:25:21 +0200] "GET /.env.staging HTTP/1.1" 404 12545 "-" "python-httpx/0.28.1"
178.16.54.246 - - [06/Jun/2026:10:25:22 +0200] "GET /.env.test HTTP/1.1" 404 12541 "-" "python-httpx/0.28.1"
178.16.54.246 - - [06/Jun/2026:10:25:23 +0200] "GET /.env.backup HTTP/1.1" 404 12543 "-" "python-httpx/0.28.1"
178.16.54.246 - - [06/Jun/2026:10:25:24 +0200] "GET /config.json HTTP/1.1" 404 12482 "-" "python-httpx/0.28.1"
178.16.54.246 - - [06/Jun/2026:10:25:24 +0200] "GET /config.js HTTP/1.1" 404 146 "-" "python-httpx/0.28.1"
178.16.54.246 - - [06/Jun/2026:10:25:25 +0200] "GET /settings.json HTTP/1.1" 404 12486 "-" "python-httpx/0.28.1"
178.16.54.246 - - [06/Jun/2026:10:25:26 +0200] "GET /secrets.json HTTP/1.1" 404 12484 "-" "python-httpx/0.28.1"
178.16.54.246 - - [06/Jun/2026:10:25:27 +0200] "GET /credentials.json HTTP/1.1" 404 12484 "-" "python-httpx/0.28.1"
178.16.54.246 - - [06/Jun/2026:10:25:28 +0200] "GET /database.yml HTTP/1.1" 404 12545 "-" "python-httpx/0.28.1"
178.16.54.246 - - [06/Jun/2026:10:25:29 +0200] "GET /backup.sql HTTP/1.1" 404 12543 "-" "python-httpx/0.28.1"
178.16.54.246 - - [06/Jun/2026:10:25:30 +0200] "GET /dump.sql HTTP/1.1" 404 12543 "-" "python-httpx/0.28.1"
178.16.54.246 - - [06/Jun/2026:10:25:31 +0200] "GET /db.sql HTTP/1.1" 404 12541 "-" "python-httpx/0.28.1"
178.16.54.246 - - [06/Jun/2026:10:25:32 +0200] "GET /database.sql HTTP/1.1" 404 12545 "-" "python-httpx/0.28.1"
178.16.54.246 - - [06/Jun/2026:10:25:32 +0200] "GET /backup.bak HTTP/1.1" 404 12543 "-" "python-httpx/0.28.1"
178.16.54.246 - - [06/Jun/2026:10:25:34 +0200] "GET /dump.bak HTTP/1.1" 404 12543 "-" "python-httpx/0.28.1"
178.16.54.246 - - [06/Jun/2026:10:25:35 +0200] "GET /db.bak HTTP/1.1" 404 12541 "-" "python-httpx/0.28.1"
178.16.54.246 - - [06/Jun/2026:10:25:35 +0200] "GET /swagger.json HTTP/1.1" 404 12486 "-" "python-httpx/0.28.1"
178.16.54.246 - - [06/Jun/2026:10:25:36 +0200] "GET /swagger.yaml HTTP/1.1" 404 12546 "-" "python-httpx/0.28.1"
178.16.54.246 - - [06/Jun/2026:10:25:37 +0200] "GET /openapi.json HTTP/1.1" 404 12483 "-" "python-httpx/0.28.1"
178.16.54.246 - - [06/Jun/2026:10:25:38 +0200] "GET /api-docs HTTP/1.1" 404 12541 "-" "python-httpx/0.28.1"
178.16.54.246 - - [06/Jun/2026:10:25:39 +0200] "GET /v1/api-docs HTTP/1.1" 404 12543 "-" "python-httpx/0.28.1"
178.16.54.246 - - [06/Jun/2026:10:25:40 +0200] "GET /v2/api-docs HTTP/1.1" 404 12543 "-" "python-httpx/0.28.1"
178.16.54.246 - - [06/Jun/2026:10:25:41 +0200] "GET /debug HTTP/1.1" 404 12540 "-" "python-httpx/0.28.1"
178.16.54.246 - - [06/Jun/2026:10:25:42 +0200] "GET /actuator/env HTTP/1.1" 404 12546 "-" "python-httpx/0.28.1"
178.16.54.246 - - [06/Jun/2026:10:25:43 +0200] "GET /actuator/configprops HTTP/1.1" 404 12549 "-" "python-httpx/0.28.1"
75.119.139.177 - - [06/Jun/2026:10:28:45 +0200] "POST /wp-cron.php?doing_wp_cron=1780734525.5606079101562500000000 HTTP/1.1" 200 31 "-" "WordPress/7.0; https://myideas.pt"
37.97.137.40 - - [06/Jun/2026:10:28:45 +0200] "HEAD / HTTP/1.1" 301 0 "-" "downnotifier.com monitoring"
37.97.137.40 - - [06/Jun/2026:10:28:46 +0200] "HEAD / HTTP/1.1" 200 0 "-" "downnotifier.com monitoring"
75.119.139.177 - - [06/Jun/2026:10:30:15 +0200] "POST /wp-cron.php?doing_wp_cron=1780734615.7617309093475341796875 HTTP/1.1" 200 31 "-" "WordPress/7.0; https://myideas.pt"
206.189.127.129 - - [06/Jun/2026:10:30:15 +0200] "HEAD / HTTP/1.1" 200 0 "-" "downnotifier.com monitoring"
75.119.139.177 - - [06/Jun/2026:10:30:43 +0200] "POST /wp-cron.php?doing_wp_cron=1780734643.0163669586181640625000 HTTP/1.1" 200 31 "-" "WordPress/7.0; https://myideas.pt"
54.87.95.7 - - [06/Jun/2026:10:30:43 +0200] "GET /wp-json/oembed/1.0/embed?lang=pt&url=https://myideas.pt/pt/marketing-como-lideranca-nao-como-pressao/ HTTP/1.1" 200 1212 "-" "Mozilla/5.0 AppleWebKit/537.36 (KHTML, like Gecko; compatible; Amazonbot/0.1; +https://developer.amazon.com/support/amazonbot) Chrome/119.0.6045.214 Safari/537.36"
75.119.139.177 - - [06/Jun/2026:10:31:40 +0200] "POST /wp-cron.php?doing_wp_cron=1780734700.0782659053802490234375 HTTP/1.1" 200 31 "-" "WordPress/7.0; https://myideas.pt"
64.31.25.250 - - [06/Jun/2026:10:31:40 +0200] "GET /wp-login.php HTTP/1.1" 200 2256 "-" "Mozilla/5.0 (Macintosh; Intel Mac OS X 10_15_7) AppleWebKit/537.36 (KHTML, like Gecko) Chrome/133.0.0.0 Safari/537.36 Edg/133.0.0.0"
64.31.25.250 - - [06/Jun/2026:10:31:41 +0200] "POST /wp-login.php HTTP/1.1" 200 2387 "https://www.myideas.pt/wp-login.php" "Mozilla/5.0 (Macintosh; Intel Mac OS X 10_15_7) AppleWebKit/537.36 (KHTML, like Gecko) Chrome/133.0.0.0 Safari/537.36 Edg/133.0.0.0"
111.172.5.113 - - [06/Jun/2026:10:32:08 +0200] "GET / HTTP/1.1" 200 24292 "-" "Mozilla/5.0 (Linux; Android 11; Pixel 5) AppleWebKit/537.36 (KHTML, like Gecko) Chrome/113.0.5672.53 Mobile Safari/537.36"
111.172.5.113 - - [06/Jun/2026:10:32:12 +0200] "GET /wp-content/cache/wpo-minify/1780673871/assets/wpo-minify-header-85140de2.min.css HTTP/1.1" 200 35213 "https://myideas.pt/" "Mozilla/5.0 (Linux; Android 11; Pixel 5) AppleWebKit/537.36 (KHTML, like Gecko) Chrome/113.0.5672.53 Mobile Safari/537.36"
75.119.139.177 - - [06/Jun/2026:10:35:41 +0200] "POST /wp-cron.php?doing_wp_cron=1780734941.8727130889892578125000 HTTP/1.1" 200 31 "-" "WordPress/7.0; https://myideas.pt"
51.79.151.214 - - [06/Jun/2026:10:35:41 +0200] "GET / HTTP/1.1" 301 5 "-" "Mozilla/5.0 (Linux; Android 11; CPH2185) AppleWebKit/537.36 (KHTML, like Gecko) Chrome/91.0.4472.101 Mobile Safari/537.36"
51.79.151.214 - - [06/Jun/2026:10:35:43 +0200] "GET / HTTP/1.1" 200 23869 "-" "Mozilla/5.0 (Linux; Android 11; CPH2185) AppleWebKit/537.36 (KHTML, like Gecko) Chrome/91.0.4472.101 Mobile Safari/537.36"
43.155.125.77 - - [06/Jun/2026:10:35:54 +0200] "GET /?p=29 HTTP/1.1" 301 5 "-" "Mozilla/5.0 (Windows NT 10.0; Win64; x64) AppleWebKit/537.36 (KHTML, like Gecko) Chrome/123.0.0.0 Safari/537.36"
43.155.125.77 - - [06/Jun/2026:10:35:54 +0200] "GET /client-journey/ HTTP/1.1" 200 18641 "-" "Mozilla/5.0 (Windows NT 10.0; Win64; x64) AppleWebKit/537.36 (KHTML, like Gecko) Chrome/123.0.0.0 Safari/537.36"
75.119.139.177 - - [06/Jun/2026:10:37:44 +0200] "POST /wp-cron.php?doing_wp_cron=1780735064.6965310573577880859375 HTTP/1.1" 200 31 "-" "WordPress/7.0; https://myideas.pt"
209.141.60.58 - - [06/Jun/2026:10:37:44 +0200] "GET /wp-login.php HTTP/1.1" 200 6744 "-" "Mozilla/5.0 (X11; Linux x86_64)"
159.75.35.32 - - [06/Jun/2026:10:37:59 +0200] "GET / HTTP/1.1" 200 169697 "https://m.baidu.com/s?word=www.altg.cn" "Mozilla/5.0 (iPhone; CPU iPhone OS 26_0 like Mac OS X) AppleWebKit/605.1.15 (KHTML, like Gecko) Version/26.0 Mobile/15E148 Safari/604.1"
75.119.139.177 - - [06/Jun/2026:10:38:46 +0200] "POST /wp-cron.php?doing_wp_cron=1780735126.4071130752563476562500 HTTP/1.1" 200 31 "-" "WordPress/7.0; https://myideas.pt"
206.189.127.129 - - [06/Jun/2026:10:38:46 +0200] "HEAD / HTTP/1.1" 301 0 "-" "downnotifier.com monitoring"
206.189.127.129 - - [06/Jun/2026:10:38:47 +0200] "HEAD / HTTP/1.1" 200 0 "-" "downnotifier.com monitoring"
51.79.254.190 - - [06/Jun/2026:10:39:13 +0200] "GET /wp-login.php HTTP/1.1" 200 2256 "-" "Mozilla/5.0 (Windows NT 10.0; Win64; x64) AppleWebKit/537.36 (KHTML, like Gecko) Chrome/120.0.0.0 Safari/537.36"
51.79.254.190 - - [06/Jun/2026:10:39:14 +0200] "POST /wp-login.php HTTP/1.1" 200 2387 "https://www.myideas.pt/wp-login.php" "Mozilla/5.0 (Windows NT 10.0; Win64; x64) AppleWebKit/537.36 (KHTML, like Gecko) Chrome/120.0.0.0 Safari/537.36"
75.119.139.177 - - [06/Jun/2026:10:39:42 +0200] "POST /wp-cron.php?doing_wp_cron=1780735181.9757010936737060546875 HTTP/1.1" 200 31 "-" "WordPress/7.0; https://myideas.pt"
209.141.60.58 - - [06/Jun/2026:10:39:42 +0200] "POST /wp-login.php HTTP/1.1" 200 7168 "-" "Mozilla/5.0 (X11; Linux x86_64)"
216.73.160.179 - - [06/Jun/2026:10:40:08 +0200] "GET /wp-content/plugins/burst-statistics/readme.txt HTTP/1.1" 404 13993 "-" "Mozilla/5.0 (Windows NT 10.0; Win64; x64)"
216.73.160.18 - - [06/Jun/2026:10:40:09 +0200] "GET /wordpress/wp-content/plugins/burst-statistics/readme.txt HTTP/1.1" 404 13999 "-" "Mozilla/5.0 (Windows NT 10.0; Win64; x64)"
216.73.160.18 - - [06/Jun/2026:10:40:11 +0200] "GET /wp/wp-content/plugins/burst-statistics/readme.txt HTTP/1.1" 404 13995 "-" "Mozilla/5.0 (Windows NT 10.0; Win64; x64)"
37.97.137.40 - - [06/Jun/2026:10:40:12 +0200] "HEAD / HTTP/1.1" 200 0 "-" "downnotifier.com monitoring"
75.119.139.177 - - [06/Jun/2026:10:40:18 +0200] "POST /wp-cron.php?doing_wp_cron=1780735218.5292921066284179687500 HTTP/1.1" 200 31 "-" "WordPress/7.0; https://myideas.pt"
198.98.56.118 - - [06/Jun/2026:10:40:18 +0200] "GET /wp-login.php HTTP/1.1" 200 6744 "-" "Mozilla/5.0 (iPhone; CPU iPhone OS 15_8 like Mac OS X) AppleWebKit/605.1.15 (KHTML, like Gecko) Version/15.8 Mobile/15E148 Safari/604.1"
75.119.139.177 - - [06/Jun/2026:10:41:23 +0200] "POST /wp-cron.php?doing_wp_cron=1780735283.6795709133148193359375 HTTP/1.1" 200 31 "-" "WordPress/7.0; https://myideas.pt"
198.98.56.118 - - [06/Jun/2026:10:41:23 +0200] "POST /wp-login.php HTTP/1.1" 200 7141 "-" "Mozilla/5.0 (iPhone; CPU iPhone OS 15_8 like Mac OS X) AppleWebKit/605.1.15 (KHTML, like Gecko) Version/15.8 Mobile/15E148 Safari/604.1"
111.172.5.113 - - [06/Jun/2026:10:42:15 +0200] "GET /wp-content/uploads/2025/11/MYIDEAS_BRANDING_MEANINGFUL_1-1024x768.jpg HTTP/1.1" 200 32383 "https://myideas.pt/" "Mozilla/5.0 (Linux; Android 11; Pixel 5) AppleWebKit/537.36 (KHTML, like Gecko) Chrome/113.0.5672.53 Mobile Safari/537.36"
75.119.139.177 - - [06/Jun/2026:10:44:09 +0200] "POST /wp-cron.php?doing_wp_cron=1780735449.5953059196472167968750 HTTP/1.1" 200 31 "-" "WordPress/7.0; https://myideas.pt"
143.110.183.208 - - [06/Jun/2026:10:44:09 +0200] "POST /xmlrpc.php HTTP/1.1" 200 236 "-" "Mozilla/5.0 (Macintosh; Intel Mac OS X 10_15_7) AppleWebKit/537.36 (KHTML, like Gecko) Chrome/133.0.0.0 Safari/537.36 Edg/133.0.0.0"
75.119.139.177 - - [06/Jun/2026:10:48:45 +0200] "POST /wp-cron.php?doing_wp_cron=1780735725.8124389648437500000000 HTTP/1.1" 200 31 "-" "WordPress/7.0; https://myideas.pt"
37.97.137.40 - - [06/Jun/2026:10:48:45 +0200] "HEAD / HTTP/1.1" 301 0 "-" "downnotifier.com monitoring"
37.97.137.40 - - [06/Jun/2026:10:48:46 +0200] "HEAD / HTTP/1.1" 200 0 "-" "downnotifier.com monitoring"
129.226.209.117 - - [06/Jun/2026:10:49:49 +0200] "GET / HTTP/1.1" 200 24292 "http://myideas.pt" "Mozilla/5.0 (iPhone; CPU iPhone OS 13_2_3 like Mac OS X) AppleWebKit/605.1.15 (KHTML, like Gecko) Version/13.0.3 Mobile/15E148 Safari/604.1"
75.119.139.177 - - [06/Jun/2026:10:50:11 +0200] "POST /wp-cron.php?doing_wp_cron=1780735811.0624580383300781250000 HTTP/1.1" 200 31 "-" "WordPress/7.0; https://myideas.pt"
206.189.127.129 - - [06/Jun/2026:10:50:11 +0200] "HEAD / HTTP/1.1" 200 0 "-" "downnotifier.com monitoring"
75.119.139.177 - - [06/Jun/2026:10:51:41 +0200] "POST /wp-cron.php?doing_wp_cron=1780735901.4911849498748779296875 HTTP/1.1" 200 31 "-" "WordPress/7.0; https://myideas.pt"
157.55.39.7 - - [06/Jun/2026:10:51:41 +0200] "GET /sitemap-hot-2266152.xml HTTP/1.1" 404 13930 "-" "Mozilla/5.0 AppleWebKit/537.36 (KHTML, like Gecko; compatible; bingbot/2.0; +http://www.bing.com/bingbot.htm) Chrome/116.0.1938.76 Safari/537.36"
75.119.139.177 - - [06/Jun/2026:10:57:13 +0200] "POST /wp-cron.php?doing_wp_cron=1780736233.4068870544433593750000 HTTP/1.1" 200 31 "-" "WordPress/7.0; https://myideas.pt"
119.93.249.179 - - [06/Jun/2026:10:57:13 +0200] "POST /xmlrpc.php HTTP/1.1" 200 415 "-" "Mozilla/5.0 (Linux; Android 10; x64) AppleWebKit/537.36 (KHTML, like Gecko) Chrome/115.0.0.0 Safari/537.36"
75.119.139.177 - - [06/Jun/2026:10:57:43 +0200] "POST /wp-cron.php?doing_wp_cron=1780736263.3375129699707031250000 HTTP/1.1" 200 31 "-" "WordPress/7.0; https://myideas.pt"
45.61.185.47 - - [06/Jun/2026:10:57:43 +0200] "GET /wp-login.php HTTP/1.1" 200 6744 "-" "Mozilla/5.0 (Windows NT 10.0; Win64; x64; rv:122.0) Gecko/20100101 Firefox/122.0"
51.79.151.214 - - [06/Jun/2026:10:57:44 +0200] "GET / HTTP/1.1" 301 5 "-" "Mozilla/5.0 (Linux; Android 11; CPH2185) AppleWebKit/537.36 (KHTML, like Gecko) Chrome/91.0.4472.101 Mobile Safari/537.36"
45.61.185.47 - - [06/Jun/2026:10:57:44 +0200] "POST /wp-login.php HTTP/1.1" 200 7167 "-" "Mozilla/5.0 (Windows NT 10.0; Win64; x64; rv:122.0) Gecko/20100101 Firefox/122.0"
51.79.151.214 - - [06/Jun/2026:10:57:46 +0200] "GET / HTTP/1.1" 200 23869 "-" "Mozilla/5.0 (Linux; Android 11; CPH2185) AppleWebKit/537.36 (KHTML, like Gecko) Chrome/91.0.4472.101 Mobile Safari/537.36"
75.119.139.177 - - [06/Jun/2026:10:58:47 +0200] "POST /wp-cron.php?doing_wp_cron=1780736327.6393980979919433593750 HTTP/1.1" 200 31 "-" "WordPress/7.0; https://myideas.pt"
206.189.127.129 - - [06/Jun/2026:10:58:47 +0200] "HEAD / HTTP/1.1" 301 0 "-" "downnotifier.com monitoring"
206.189.127.129 - - [06/Jun/2026:10:58:48 +0200] "HEAD / HTTP/1.1" 200 0 "-" "downnotifier.com monitoring"
45.61.185.47 - - [06/Jun/2026:10:58:58 +0200] "GET /wp-login.php HTTP/1.1" 200 6744 "-" "Mozilla/5.0 (Macintosh; Intel Mac OS X 10_15_7)"
75.119.139.177 - - [06/Jun/2026:10:59:28 +0200] "POST /wp-cron.php?doing_wp_cron=1780736368.2924609184265136718750 HTTP/1.1" 200 31 "-" "WordPress/7.0; https://myideas.pt"
45.61.185.47 - - [06/Jun/2026:10:59:28 +0200] "POST /wp-login.php HTTP/1.1" 200 7141 "-" "Mozilla/5.0 (Macintosh; Intel Mac OS X 10_15_7)"
108.61.201.55 - - [06/Jun/2026:11:00:10 +0200] "HEAD / HTTP/1.1" 200 0 "-" "downnotifier.com monitoring"
136.109.186.58 - - [06/Jun/2026:11:00:14 +0200] "GET /wp-content/uploads/2024/06/MYIDEAS_BRANDING_LUIS_SIMOES_3.jpg HTTP/1.1" 200 282000 "-" "Mozilla/5.0 (X11; Linux x86_64) AppleWebKit/537.36 (KHTML, like Gecko) Chrome/91.0.4472.114 Safari/537.36"
75.119.139.177 - - [06/Jun/2026:11:00:20 +0200] "POST /wp-cron.php?doing_wp_cron=1780736420.1948978900909423828125 HTTP/1.1" 200 31 "-" "WordPress/7.0; https://myideas.pt"
119.93.249.179 - - [06/Jun/2026:11:00:20 +0200] "GET /wp-json/wp/v2/users HTTP/1.1" 200 750 "-" "Mozilla/4.0 (compatible; Win32; WinHttp.WinHttpRequest.5)"
119.93.249.179 - - [06/Jun/2026:11:00:53 +0200] "POST /xmlrpc.php HTTP/1.1" 200 415 "-" "Mozilla/5.0 (X11; Ubuntu; Linux x86_64; x64) AppleWebKit/537.36 (KHTML, like Gecko) Edge/86.0.0.0 Safari/537.36"
75.119.139.177 - - [06/Jun/2026:11:01:25 +0200] "POST /wp-cron.php?doing_wp_cron=1780736485.7673890590667724609375 HTTP/1.1" 200 31 "-" "WordPress/7.0; https://myideas.pt"
119.93.249.179 - - [06/Jun/2026:11:01:25 +0200] "POST /xmlrpc.php HTTP/1.1" 200 415 "-" "Mozilla/5.0 (Linux; Android 10; arm64) AppleWebKit/537.36 (KHTML, like Gecko) Firefox/70.0.0.0 Safari/537.36"
75.119.139.177 - - [06/Jun/2026:11:01:45 +0200] "POST /wp-cron.php?doing_wp_cron=1780736505.8724050521850585937500 HTTP/1.1" 200 31 "-" "WordPress/7.0; https://myideas.pt"
209.141.51.192 - - [06/Jun/2026:11:01:46 +0200] "GET /wp-login.php HTTP/1.1" 200 6744 "-" "Mozilla/5.0 (Macintosh; Intel Mac OS X 10_9_3) AppleWebKit/537.36 (KHTML, like Gecko) Chrome/35.0.1916.153 Safari/537.36"
119.93.249.179 - - [06/Jun/2026:11:01:57 +0200] "POST /xmlrpc.php HTTP/1.1" 200 415 "-" "Mozilla/5.0 (Windows NT 10.0; arm64) AppleWebKit/537.36 (KHTML, like Gecko) Firefox/85.0.0.0 Safari/537.36"
75.119.139.177 - - [06/Jun/2026:11:02:34 +0200] "POST /wp-cron.php?doing_wp_cron=1780736553.9644470214843750000000 HTTP/1.1" 200 31 "-" "WordPress/7.0; https://myideas.pt"
119.93.249.179 - - [06/Jun/2026:11:02:34 +0200] "POST /xmlrpc.php HTTP/1.1" 200 415 "-" "Mozilla/5.0 (Windows NT 6.2; x64) AppleWebKit/537.36 (KHTML, like Gecko) Edge/82.0.0.0 Safari/537.36"
75.119.139.177 - - [06/Jun/2026:11:03:10 +0200] "POST /wp-cron.php?doing_wp_cron=1780736590.1217689514160156250000 HTTP/1.1" 200 31 "-" "WordPress/7.0; https://myideas.pt"
119.93.249.179 - - [06/Jun/2026:11:03:10 +0200] "POST /xmlrpc.php HTTP/1.1" 200 415 "-" "Mozilla/5.0 (Windows NT 10.0; x64) AppleWebKit/537.36 (KHTML, like Gecko) Opera/75.0.0.0 Safari/537.36"
75.119.139.177 - - [06/Jun/2026:11:03:41 +0200] "POST /wp-cron.php?doing_wp_cron=1780736621.9333159923553466796875 HTTP/1.1" 200 31 "-" "WordPress/7.0; https://myideas.pt"
119.93.249.179 - - [06/Jun/2026:11:03:41 +0200] "POST /xmlrpc.php HTTP/1.1" 200 415 "-" "Mozilla/5.0 (Linux; Android 10; arm64) AppleWebKit/537.36 (KHTML, like Gecko) Edge/91.0.0.0 Safari/537.36"
119.93.249.179 - - [06/Jun/2026:11:04:13 +0200] "POST /xmlrpc.php HTTP/1.1" 200 415 "-" "Mozilla/5.0 (Linux; Android 10; x86) AppleWebKit/537.36 (KHTML, like Gecko) Edge/95.0.0.0 Safari/537.36"
75.119.139.177 - - [06/Jun/2026:11:04:30 +0200] "POST /wp-cron.php?doing_wp_cron=1780736669.9172189235687255859375 HTTP/1.1" 200 31 "-" "WordPress/7.0; https://myideas.pt"
209.141.51.192 - - [06/Jun/2026:11:04:30 +0200] "POST /wp-login.php HTTP/1.1" 200 7168 "-" "Mozilla/5.0 (Macintosh; Intel Mac OS X 10_9_3) AppleWebKit/537.36 (KHTML, like Gecko) Chrome/35.0.1916.153 Safari/537.36"
119.93.249.179 - - [06/Jun/2026:11:04:45 +0200] "POST /xmlrpc.php HTTP/1.1" 200 415 "-" "Mozilla/5.0 (Macintosh; Intel Mac OS X 10_15_7; x64) AppleWebKit/537.36 (KHTML, like Gecko) Opera/66.0.0.0 Safari/537.36"
160.191.139.115 - - [06/Jun/2026:11:04:55 +0200] "POST /xmlrpc.php HTTP/1.1" 200 236 "-" "Mozilla/5.0 (Macintosh; Intel Mac OS X 10_15_7) AppleWebKit/537.36 (KHTML, like Gecko) Chrome/133.0.0.0 Safari/537.36 Edg/133.0.0.0"
75.119.139.177 - - [06/Jun/2026:11:05:17 +0200] "POST /wp-cron.php?doing_wp_cron=1780736717.9025840759277343750000 HTTP/1.1" 200 31 "-" "WordPress/7.0; https://myideas.pt"
119.93.249.179 - - [06/Jun/2026:11:05:17 +0200] "POST /xmlrpc.php HTTP/1.1" 200 415 "-" "Mozilla/5.0 (Windows NT 6.2; x86) AppleWebKit/537.36 (KHTML, like Gecko) Chrome/87.0.0.0 Safari/537.36"
198.98.59.131 - - [06/Jun/2026:11:05:44 +0200] "GET /wp-login.php HTTP/1.1" 200 6744 "-" "Mozilla/5.0 (X11; Linux x86_64) AppleWebKit/537.36 (KHTML, like Gecko) Chrome/36.0.1985.125 Safari/537.36"
119.93.249.179 - - [06/Jun/2026:11:05:45 +0200] "POST /xmlrpc.php HTTP/1.1" 200 415 "-" "Mozilla/5.0 (Linux; Android 10; x64) AppleWebKit/537.36 (KHTML, like Gecko) Opera/65.0.0.0 Safari/537.36"
119.93.249.179 - - [06/Jun/2026:11:06:13 +0200] "POST /xmlrpc.php HTTP/1.1" 200 415 "-" "Mozilla/5.0 (Windows NT 10.0; x86) AppleWebKit/537.36 (KHTML, like Gecko) Opera/67.0.0.0 Safari/537.36"
75.119.139.177 - - [06/Jun/2026:11:06:25 +0200] "POST /wp-cron.php?doing_wp_cron=1780736785.0184769630432128906250 HTTP/1.1" 200 31 "-" "WordPress/7.0; https://myideas.pt"
198.98.59.131 - - [06/Jun/2026:11:06:25 +0200] "POST /wp-login.php HTTP/1.1" 200 7137 "-" "Mozilla/5.0 (X11; Linux x86_64) AppleWebKit/537.36 (KHTML, like Gecko) Chrome/36.0.1985.125 Safari/537.36"
119.93.249.179 - - [06/Jun/2026:11:06:36 +0200] "POST /xmlrpc.php HTTP/1.1" 200 415 "-" "Mozilla/5.0 (Windows NT 6.2; x86) AppleWebKit/537.36 (KHTML, like Gecko) Chrome/98.0.0.0 Safari/537.36"
