74.7.243.203 - - [06/Jun/2026:08:22:12 +0200] "GET /sitemap-hot-2276152.xml HTTP/1.1" 404 13930 "-" "Mozilla/5.0 AppleWebKit/537.36 (KHTML, like Gecko; compatible; GPTBot/1.4; +https://openai.com/gptbot)"
20.243.17.216 - - [06/Jun/2026:08:22:16 +0200] "GET /mah.php HTTP/1.1" 404 47 "-" "Mozlila/5.0 (Linux; Android 7.0; SM-G892A Bulid/NRD90M; wv) AppleWebKit/537.36 (KHTML, like Gecko) Version/4.0 Chrome/60.0.3112.107 Moblie Safari/537.36"
20.243.17.216 - - [06/Jun/2026:08:22:27 +0200] "GET /simple.php HTTP/1.1" 404 47 "-" "Mozlila/5.0 (Linux; Android 7.0; SM-G892A Bulid/NRD90M; wv) AppleWebKit/537.36 (KHTML, like Gecko) Version/4.0 Chrome/60.0.3112.107 Moblie Safari/537.36"
20.243.17.216 - - [06/Jun/2026:08:22:36 +0200] "GET /wp-includes/ID3/ HTTP/1.1" 403 548 "-" "Mozlila/5.0 (Linux; Android 7.0; SM-G892A Bulid/NRD90M; wv) AppleWebKit/537.36 (KHTML, like Gecko) Version/4.0 Chrome/60.0.3112.107 Moblie Safari/537.36"
20.243.17.216 - - [06/Jun/2026:08:22:52 +0200] "GET /bless.php HTTP/1.1" 404 47 "-" "Mozlila/5.0 (Linux; Android 7.0; SM-G892A Bulid/NRD90M; wv) AppleWebKit/537.36 (KHTML, like Gecko) Version/4.0 Chrome/60.0.3112.107 Moblie Safari/537.36"
75.119.139.177 - - [06/Jun/2026:08:23:09 +0200] "POST /wp-cron.php?doing_wp_cron=1780726989.6199519634246826171875 HTTP/1.1" 200 31 "-" "WordPress/7.0; https://myideas.pt"
74.7.243.203 - - [06/Jun/2026:08:23:09 +0200] "GET /sitemap-hot-2296152.xml HTTP/1.1" 404 13930 "-" "Mozilla/5.0 AppleWebKit/537.36 (KHTML, like Gecko; compatible; GPTBot/1.4; +https://openai.com/gptbot)"
75.119.139.177 - - [06/Jun/2026:08:23:38 +0200] "POST /wp-cron.php?doing_wp_cron=1780727018.0847899913787841796875 HTTP/1.1" 200 31 "-" "WordPress/7.0; https://myideas.pt"
74.7.243.203 - - [06/Jun/2026:08:23:38 +0200] "GET /sitemap-hot-2268152.xml HTTP/1.1" 404 13930 "-" "Mozilla/5.0 AppleWebKit/537.36 (KHTML, like Gecko; compatible; GPTBot/1.4; +https://openai.com/gptbot)"
74.7.243.203 - - [06/Jun/2026:08:23:56 +0200] "GET /sitemapindex.xml HTTP/1.1" 404 13921 "-" "Mozilla/5.0 AppleWebKit/537.36 (KHTML, like Gecko; compatible; GPTBot/1.4; +https://openai.com/gptbot)"
75.119.139.177 - - [06/Jun/2026:08:24:19 +0200] "POST /wp-cron.php?doing_wp_cron=1780727059.7706470489501953125000 HTTP/1.1" 200 31 "-" "WordPress/7.0; https://myideas.pt"
62.77.224.67 - - [06/Jun/2026:08:24:19 +0200] "GET /wp-login.php HTTP/1.1" 200 2256 "-" "Mozilla/5.0 (Windows NT 10.0; Win64; x64) AppleWebKit/537.36 (KHTML, like Gecko) Chrome/120.0.0.0 Safari/537.36"
62.77.224.67 - - [06/Jun/2026:08:24:20 +0200] "POST /wp-login.php HTTP/1.1" 200 2387 "https://myideas.pt/wp-login.php" "Mozilla/5.0 (Windows NT 10.0; Win64; x64) AppleWebKit/537.36 (KHTML, like Gecko) Chrome/120.0.0.0 Safari/537.36"
74.7.243.203 - - [06/Jun/2026:08:24:46 +0200] "GET /sitemap-hot-2292152.xml HTTP/1.1" 404 13928 "-" "Mozilla/5.0 AppleWebKit/537.36 (KHTML, like Gecko; compatible; GPTBot/1.4; +https://openai.com/gptbot)"
223.109.255.228 - - [06/Jun/2026:08:25:25 +0200] "GET /wp-content/uploads/2024/06/universidade_aberta_clientes_myideas.png HTTP/1.1" 404 146 "http://pic.sogou.com" "Sogou Pic Spider/3.0(+http://www.sogou.com/docs/help/webmasters.htm#07)"
75.119.139.177 - - [06/Jun/2026:08:26:33 +0200] "POST /wp-cron.php?doing_wp_cron=1780727193.1217730045318603515625 HTTP/1.1" 200 31 "-" "WordPress/7.0; https://myideas.pt"
176.65.149.139 - - [06/Jun/2026:08:26:33 +0200] "GET / HTTP/1.1" 301 5 "-" "cam-scanner/1.0"
34.63.170.141 - - [06/Jun/2026:08:26:57 +0200] "HEAD /robots.txt HTTP/1.1" 200 0 "-" "Mozilla/5.0 (X11; Linux x86_64) AppleWebKit/537.36 (KHTML, like Gecko) Chrome/136.0.0.0 Safari/537.36"
34.63.170.141 - - [06/Jun/2026:08:26:57 +0200] "GET /robots.txt HTTP/1.1" 200 986 "-" "Mozilla/5.0 (X11; Linux x86_64) AppleWebKit/537.36 (KHTML, like Gecko) Chrome/136.0.0.0 Safari/537.36"
34.68.88.27 - - [06/Jun/2026:08:26:58 +0200] "HEAD /pt/relacoes-publicas HTTP/1.1" 301 0 "-" "Mozilla/5.0 (X11; Linux x86_64) AppleWebKit/537.36 (KHTML, like Gecko) Chrome/136.0.0.0 Safari/537.36"
34.68.88.27 - - [06/Jun/2026:08:26:59 +0200] "GET /pt/relacoes-publicas HTTP/1.1" 301 5 "-" "Mozilla/5.0 (X11; Linux x86_64) AppleWebKit/537.36 (KHTML, like Gecko) Chrome/136.0.0.0 Safari/537.36"
75.119.139.177 - - [06/Jun/2026:08:27:37 +0200] "POST /wp-cron.php?doing_wp_cron=1780727256.9951620101928710937500 HTTP/1.1" 200 31 "-" "WordPress/7.0; https://myideas.pt"
74.7.243.203 - - [06/Jun/2026:08:27:37 +0200] "GET /sitemap-hot-2282152.xml HTTP/1.1" 404 13930 "-" "Mozilla/5.0 AppleWebKit/537.36 (KHTML, like Gecko; compatible; GPTBot/1.4; +https://openai.com/gptbot)"
74.7.243.203 - - [06/Jun/2026:08:27:50 +0200] "GET /sitemap-hot-2286152.xml HTTP/1.1" 404 13930 "-" "Mozilla/5.0 AppleWebKit/537.36 (KHTML, like Gecko; compatible; GPTBot/1.4; +https://openai.com/gptbot)"
205.185.124.118 - - [06/Jun/2026:08:28:05 +0200] "GET /wp-login.php HTTP/1.1" 200 6744 "-" "Mozilla/5.0 (Windows NT 10.0; Win64; x64)"
75.119.139.177 - - [06/Jun/2026:08:28:45 +0200] "POST /wp-cron.php?doing_wp_cron=1780727325.5523939132690429687500 HTTP/1.1" 200 31 "-" "WordPress/7.0; https://myideas.pt"
37.97.137.40 - - [06/Jun/2026:08:28:45 +0200] "HEAD / HTTP/1.1" 301 0 "-" "downnotifier.com monitoring"
37.97.137.40 - - [06/Jun/2026:08:28:46 +0200] "HEAD / HTTP/1.1" 200 0 "-" "downnotifier.com monitoring"
74.7.243.203 - - [06/Jun/2026:08:28:58 +0200] "GET /sitemap-hot-2290152.xml HTTP/1.1" 404 13928 "-" "Mozilla/5.0 AppleWebKit/537.36 (KHTML, like Gecko; compatible; GPTBot/1.4; +https://openai.com/gptbot)"
75.119.139.177 - - [06/Jun/2026:08:29:16 +0200] "POST /wp-cron.php?doing_wp_cron=1780727356.6973381042480468750000 HTTP/1.1" 200 31 "-" "WordPress/7.0; https://myideas.pt"
74.7.243.203 - - [06/Jun/2026:08:29:16 +0200] "GET /sitemap-hot-2278152.xml HTTP/1.1" 404 13930 "-" "Mozilla/5.0 AppleWebKit/537.36 (KHTML, like Gecko; compatible; GPTBot/1.4; +https://openai.com/gptbot)"
205.185.124.118 - - [06/Jun/2026:08:29:22 +0200] "POST /wp-login.php HTTP/1.1" 200 7137 "-" "Mozilla/5.0 (Windows NT 10.0; Win64; x64)"
20.58.164.80 - - [06/Jun/2026:08:29:44 +0200] "GET /a.php HTTP/1.1" 404 47 "-" "Mozilla/5.0 (Windows NT 10.0; Win64; x64) AppleWebKit/537.36 (KHTML, like Gecko) Chrome/120.0.0.0 Safari/537.36"
20.58.164.80 - - [06/Jun/2026:08:29:44 +0200] "GET /aa.php HTTP/1.1" 404 47 "-" "Mozilla/5.0 (Windows NT 10.0; Win64; x64) AppleWebKit/537.36 (KHTML, like Gecko) Chrome/120.0.0.0 Safari/537.36"
20.58.164.80 - - [06/Jun/2026:08:29:45 +0200] "GET /aaa.php HTTP/1.1" 404 47 "-" "Mozilla/5.0 (Windows NT 10.0; Win64; x64) AppleWebKit/537.36 (KHTML, like Gecko) Chrome/120.0.0.0 Safari/537.36"
20.58.164.80 - - [06/Jun/2026:08:29:45 +0200] "GET /ab.php HTTP/1.1" 404 47 "-" "Mozilla/5.0 (Windows NT 10.0; Win64; x64) AppleWebKit/537.36 (KHTML, like Gecko) Chrome/120.0.0.0 Safari/537.36"
20.58.164.80 - - [06/Jun/2026:08:29:45 +0200] "GET /lock360.php HTTP/1.1" 404 47 "-" "Mozilla/5.0 (Windows NT 10.0; Win64; x64) AppleWebKit/537.36 (KHTML, like Gecko) Chrome/120.0.0.0 Safari/537.36"
20.58.164.80 - - [06/Jun/2026:08:29:46 +0200] "GET /anonse/lock360.php HTTP/1.1" 404 47 "-" "Mozilla/5.0 (Windows NT 10.0; Win64; x64) AppleWebKit/537.36 (KHTML, like Gecko) Chrome/120.0.0.0 Safari/537.36"
20.58.164.80 - - [06/Jun/2026:08:29:46 +0200] "GET /file5.php HTTP/1.1" 404 47 "-" "Mozilla/5.0 (Windows NT 10.0; Win64; x64) AppleWebKit/537.36 (KHTML, like Gecko) Chrome/120.0.0.0 Safari/537.36"
20.58.164.80 - - [06/Jun/2026:08:29:46 +0200] "GET /sitemaps.php HTTP/1.1" 404 47 "-" "Mozilla/5.0 (Windows NT 10.0; Win64; x64) AppleWebKit/537.36 (KHTML, like Gecko) Chrome/120.0.0.0 Safari/537.36"
20.58.164.80 - - [06/Jun/2026:08:29:46 +0200] "GET /ioxi-o.php HTTP/1.1" 404 47 "-" "Mozilla/5.0 (Windows NT 10.0; Win64; x64) AppleWebKit/537.36 (KHTML, like Gecko) Chrome/120.0.0.0 Safari/537.36"
20.58.164.80 - - [06/Jun/2026:08:29:47 +0200] "GET /load.php HTTP/1.1" 404 47 "-" "Mozilla/5.0 (Windows NT 10.0; Win64; x64) AppleWebKit/537.36 (KHTML, like Gecko) Chrome/120.0.0.0 Safari/537.36"
20.58.164.80 - - [06/Jun/2026:08:29:47 +0200] "GET /k.php HTTP/1.1" 404 47 "-" "Mozilla/5.0 (Windows NT 10.0; Win64; x64) AppleWebKit/537.36 (KHTML, like Gecko) Chrome/120.0.0.0 Safari/537.36"
20.58.164.80 - - [06/Jun/2026:08:29:47 +0200] "GET /autoload_classmap.php HTTP/1.1" 404 47 "-" "Mozilla/5.0 (Windows NT 10.0; Win64; x64) AppleWebKit/537.36 (KHTML, like Gecko) Chrome/120.0.0.0 Safari/537.36"
20.58.164.80 - - [06/Jun/2026:08:29:47 +0200] "GET /post.php HTTP/1.1" 404 47 "-" "Mozilla/5.0 (Windows NT 10.0; Win64; x64) AppleWebKit/537.36 (KHTML, like Gecko) Chrome/120.0.0.0 Safari/537.36"
20.58.164.80 - - [06/Jun/2026:08:29:48 +0200] "GET /1.php HTTP/1.1" 404 47 "-" "Mozilla/5.0 (Windows NT 10.0; Win64; x64) AppleWebKit/537.36 (KHTML, like Gecko) Chrome/120.0.0.0 Safari/537.36"
20.58.164.80 - - [06/Jun/2026:08:29:48 +0200] "GET /flower.php HTTP/1.1" 404 47 "-" "Mozilla/5.0 (Windows NT 10.0; Win64; x64) AppleWebKit/537.36 (KHTML, like Gecko) Chrome/120.0.0.0 Safari/537.36"
20.58.164.80 - - [06/Jun/2026:08:29:48 +0200] "GET /admin.php HTTP/1.1" 404 47 "-" "Mozilla/5.0 (Windows NT 10.0; Win64; x64) AppleWebKit/537.36 (KHTML, like Gecko) Chrome/120.0.0.0 Safari/537.36"
20.58.164.80 - - [06/Jun/2026:08:29:49 +0200] "GET /file.php HTTP/1.1" 404 47 "-" "Mozilla/5.0 (Windows NT 10.0; Win64; x64) AppleWebKit/537.36 (KHTML, like Gecko) Chrome/120.0.0.0 Safari/537.36"
20.58.164.80 - - [06/Jun/2026:08:29:49 +0200] "GET /default.php HTTP/1.1" 404 47 "-" "Mozilla/5.0 (Windows NT 10.0; Win64; x64) AppleWebKit/537.36 (KHTML, like Gecko) Chrome/120.0.0.0 Safari/537.36"
20.58.164.80 - - [06/Jun/2026:08:29:49 +0200] "GET /defaults.php HTTP/1.1" 404 47 "-" "Mozilla/5.0 (Windows NT 10.0; Win64; x64) AppleWebKit/537.36 (KHTML, like Gecko) Chrome/120.0.0.0 Safari/537.36"
20.58.164.80 - - [06/Jun/2026:08:29:49 +0200] "GET /meta.php HTTP/1.1" 404 47 "-" "Mozilla/5.0 (Windows NT 10.0; Win64; x64) AppleWebKit/537.36 (KHTML, like Gecko) Chrome/120.0.0.0 Safari/537.36"
20.58.164.80 - - [06/Jun/2026:08:29:50 +0200] "GET /index.php HTTP/1.1" 301 5 "-" "Mozilla/5.0 (Windows NT 10.0; Win64; x64) AppleWebKit/537.36 (KHTML, like Gecko) Chrome/120.0.0.0 Safari/537.36"
20.58.164.80 - - [06/Jun/2026:08:29:50 +0200] "GET /about.php HTTP/1.1" 404 47 "-" "Mozilla/5.0 (Windows NT 10.0; Win64; x64) AppleWebKit/537.36 (KHTML, like Gecko) Chrome/120.0.0.0 Safari/537.36"
20.58.164.80 - - [06/Jun/2026:08:29:51 +0200] "GET /randkeyword.php HTTP/1.1" 404 47 "-" "Mozilla/5.0 (Windows NT 10.0; Win64; x64) AppleWebKit/537.36 (KHTML, like Gecko) Chrome/120.0.0.0 Safari/537.36"
20.58.164.80 - - [06/Jun/2026:08:29:51 +0200] "GET /goods.php HTTP/1.1" 404 47 "-" "Mozilla/5.0 (Windows NT 10.0; Win64; x64) AppleWebKit/537.36 (KHTML, like Gecko) Chrome/120.0.0.0 Safari/537.36"
20.58.164.80 - - [06/Jun/2026:08:29:51 +0200] "GET /hehe.php HTTP/1.1" 404 47 "-" "Mozilla/5.0 (Windows NT 10.0; Win64; x64) AppleWebKit/537.36 (KHTML, like Gecko) Chrome/120.0.0.0 Safari/537.36"
20.58.164.80 - - [06/Jun/2026:08:29:52 +0200] "GET /user.php HTTP/1.1" 404 47 "-" "Mozilla/5.0 (Windows NT 10.0; Win64; x64) AppleWebKit/537.36 (KHTML, like Gecko) Chrome/120.0.0.0 Safari/537.36"
20.58.164.80 - - [06/Jun/2026:08:29:52 +0200] "GET /wp-2019.php HTTP/1.1" 404 47 "-" "Mozilla/5.0 (Windows NT 10.0; Win64; x64) AppleWebKit/537.36 (KHTML, like Gecko) Chrome/120.0.0.0 Safari/537.36"
20.58.164.80 - - [06/Jun/2026:08:29:52 +0200] "GET /chosen.php HTTP/1.1" 404 47 "-" "Mozilla/5.0 (Windows NT 10.0; Win64; x64) AppleWebKit/537.36 (KHTML, like Gecko) Chrome/120.0.0.0 Safari/537.36"
20.58.164.80 - - [06/Jun/2026:08:29:52 +0200] "GET /functions.php HTTP/1.1" 404 47 "-" "Mozilla/5.0 (Windows NT 10.0; Win64; x64) AppleWebKit/537.36 (KHTML, like Gecko) Chrome/120.0.0.0 Safari/537.36"
20.58.164.80 - - [06/Jun/2026:08:29:53 +0200] "GET /cron.php HTTP/1.1" 404 47 "-" "Mozilla/5.0 (Windows NT 10.0; Win64; x64) AppleWebKit/537.36 (KHTML, like Gecko) Chrome/120.0.0.0 Safari/537.36"
20.58.164.80 - - [06/Jun/2026:08:29:53 +0200] "GET /edit.php HTTP/1.1" 404 47 "-" "Mozilla/5.0 (Windows NT 10.0; Win64; x64) AppleWebKit/537.36 (KHTML, like Gecko) Chrome/120.0.0.0 Safari/537.36"
20.58.164.80 - - [06/Jun/2026:08:29:53 +0200] "GET /gecko-new.php HTTP/1.1" 404 47 "-" "Mozilla/5.0 (Windows NT 10.0; Win64; x64) AppleWebKit/537.36 (KHTML, like Gecko) Chrome/120.0.0.0 Safari/537.36"
20.58.164.80 - - [06/Jun/2026:08:29:53 +0200] "GET /cookie.php HTTP/1.1" 404 47 "-" "Mozilla/5.0 (Windows NT 10.0; Win64; x64) AppleWebKit/537.36 (KHTML, like Gecko) Chrome/120.0.0.0 Safari/537.36"
20.58.164.80 - - [06/Jun/2026:08:29:54 +0200] "GET /xleet.php HTTP/1.1" 404 47 "-" "Mozilla/5.0 (Windows NT 10.0; Win64; x64) AppleWebKit/537.36 (KHTML, like Gecko) Chrome/120.0.0.0 Safari/537.36"
20.58.164.80 - - [06/Jun/2026:08:29:54 +0200] "GET /spip.php HTTP/1.1" 404 47 "-" "Mozilla/5.0 (Windows NT 10.0; Win64; x64) AppleWebKit/537.36 (KHTML, like Gecko) Chrome/120.0.0.0 Safari/537.36"
20.58.164.80 - - [06/Jun/2026:08:29:54 +0200] "GET /22.php HTTP/1.1" 404 47 "-" "Mozilla/5.0 (Windows NT 10.0; Win64; x64) AppleWebKit/537.36 (KHTML, like Gecko) Chrome/120.0.0.0 Safari/537.36"
20.58.164.80 - - [06/Jun/2026:08:29:55 +0200] "GET /room.php HTTP/1.1" 404 47 "-" "Mozilla/5.0 (Windows NT 10.0; Win64; x64) AppleWebKit/537.36 (KHTML, like Gecko) Chrome/120.0.0.0 Safari/537.36"
20.58.164.80 - - [06/Jun/2026:08:29:55 +0200] "GET /disagreed.php HTTP/1.1" 404 47 "-" "Mozilla/5.0 (Windows NT 10.0; Win64; x64) AppleWebKit/537.36 (KHTML, like Gecko) Chrome/120.0.0.0 Safari/537.36"
20.58.164.80 - - [06/Jun/2026:08:29:55 +0200] "GET /text.php HTTP/1.1" 404 47 "-" "Mozilla/5.0 (Windows NT 10.0; Win64; x64) AppleWebKit/537.36 (KHTML, like Gecko) Chrome/120.0.0.0 Safari/537.36"
20.58.164.80 - - [06/Jun/2026:08:29:55 +0200] "GET /alfa-rex.php HTTP/1.1" 404 47 "-" "Mozilla/5.0 (Windows NT 10.0; Win64; x64) AppleWebKit/537.36 (KHTML, like Gecko) Chrome/120.0.0.0 Safari/537.36"
20.58.164.80 - - [06/Jun/2026:08:29:56 +0200] "GET /alfa-rex.php7 HTTP/1.1" 404 12545 "-" "Mozilla/5.0 (Windows NT 10.0; Win64; x64) AppleWebKit/537.36 (KHTML, like Gecko) Chrome/120.0.0.0 Safari/537.36"
20.58.164.80 - - [06/Jun/2026:08:29:57 +0200] "GET /feeds.php HTTP/1.1" 404 47 "-" "Mozilla/5.0 (Windows NT 10.0; Win64; x64) AppleWebKit/537.36 (KHTML, like Gecko) Chrome/120.0.0.0 Safari/537.36"
20.58.164.80 - - [06/Jun/2026:08:29:57 +0200] "GET /radio.php HTTP/1.1" 404 47 "-" "Mozilla/5.0 (Windows NT 10.0; Win64; x64) AppleWebKit/537.36 (KHTML, like Gecko) Chrome/120.0.0.0 Safari/537.36"
20.58.164.80 - - [06/Jun/2026:08:29:57 +0200] "GET /dropdown.php HTTP/1.1" 404 47 "-" "Mozilla/5.0 (Windows NT 10.0; Win64; x64) AppleWebKit/537.36 (KHTML, like Gecko) Chrome/120.0.0.0 Safari/537.36"
20.58.164.80 - - [06/Jun/2026:08:29:57 +0200] "GET /defaults.php HTTP/1.1" 404 47 "-" "Mozilla/5.0 (Windows NT 10.0; Win64; x64) AppleWebKit/537.36 (KHTML, like Gecko) Chrome/120.0.0.0 Safari/537.36"
20.58.164.80 - - [06/Jun/2026:08:29:58 +0200] "GET /system.php HTTP/1.1" 404 47 "-" "Mozilla/5.0 (Windows NT 10.0; Win64; x64) AppleWebKit/537.36 (KHTML, like Gecko) Chrome/120.0.0.0 Safari/537.36"
20.58.164.80 - - [06/Jun/2026:08:29:58 +0200] "GET /xmlrpc.php HTTP/1.1" 405 53 "-" "Mozilla/5.0 (Windows NT 10.0; Win64; x64) AppleWebKit/537.36 (KHTML, like Gecko) Chrome/120.0.0.0 Safari/537.36"
20.58.164.80 - - [06/Jun/2026:08:29:59 +0200] "GET /xmlrpc.php0 HTTP/1.1" 404 12537 "-" "Mozilla/5.0 (Windows NT 10.0; Win64; x64) AppleWebKit/537.36 (KHTML, like Gecko) Chrome/120.0.0.0 Safari/537.36"
20.58.164.80 - - [06/Jun/2026:08:30:00 +0200] "GET /colors.php HTTP/1.1" 404 47 "-" "Mozilla/5.0 (Windows NT 10.0; Win64; x64) AppleWebKit/537.36 (KHTML, like Gecko) Chrome/120.0.0.0 Safari/537.36"
20.58.164.80 - - [06/Jun/2026:08:30:00 +0200] "GET /updates.php HTTP/1.1" 404 47 "-" "Mozilla/5.0 (Windows NT 10.0; Win64; x64) AppleWebKit/537.36 (KHTML, like Gecko) Chrome/120.0.0.0 Safari/537.36"
20.58.164.80 - - [06/Jun/2026:08:30:00 +0200] "GET /alfa-rex1.php HTTP/1.1" 404 47 "-" "Mozilla/5.0 (Windows NT 10.0; Win64; x64) AppleWebKit/537.36 (KHTML, like Gecko) Chrome/120.0.0.0 Safari/537.36"
20.58.164.80 - - [06/Jun/2026:08:30:01 +0200] "GET /wp-index.php HTTP/1.1" 404 47 "-" "Mozilla/5.0 (Windows NT 10.0; Win64; x64) AppleWebKit/537.36 (KHTML, like Gecko) Chrome/120.0.0.0 Safari/537.36"
20.58.164.80 - - [06/Jun/2026:08:30:01 +0200] "GET /wp-admin.php HTTP/1.1" 404 47 "-" "Mozilla/5.0 (Windows NT 10.0; Win64; x64) AppleWebKit/537.36 (KHTML, like Gecko) Chrome/120.0.0.0 Safari/537.36"
20.58.164.80 - - [06/Jun/2026:08:30:01 +0200] "GET /alfa.php HTTP/1.1" 404 47 "-" "Mozilla/5.0 (Windows NT 10.0; Win64; x64) AppleWebKit/537.36 (KHTML, like Gecko) Chrome/120.0.0.0 Safari/537.36"
20.58.164.80 - - [06/Jun/2026:08:30:02 +0200] "GET /alfanew.php7 HTTP/1.1" 404 12545 "-" "Mozilla/5.0 (Windows NT 10.0; Win64; x64) AppleWebKit/537.36 (KHTML, like Gecko) Chrome/120.0.0.0 Safari/537.36"
20.58.164.80 - - [06/Jun/2026:08:30:03 +0200] "GET /locale.php HTTP/1.1" 404 47 "-" "Mozilla/5.0 (Windows NT 10.0; Win64; x64) AppleWebKit/537.36 (KHTML, like Gecko) Chrome/120.0.0.0 Safari/537.36"
20.58.164.80 - - [06/Jun/2026:08:30:03 +0200] "GET /wxo.php HTTP/1.1" 404 47 "-" "Mozilla/5.0 (Windows NT 10.0; Win64; x64) AppleWebKit/537.36 (KHTML, like Gecko) Chrome/120.0.0.0 Safari/537.36"
20.58.164.80 - - [06/Jun/2026:08:30:03 +0200] "GET /colour.php HTTP/1.1" 404 47 "-" "Mozilla/5.0 (Windows NT 10.0; Win64; x64) AppleWebKit/537.36 (KHTML, like Gecko) Chrome/120.0.0.0 Safari/537.36"
20.58.164.80 - - [06/Jun/2026:08:30:04 +0200] "GET /files.php HTTP/1.1" 404 47 "-" "Mozilla/5.0 (Windows NT 10.0; Win64; x64) AppleWebKit/537.36 (KHTML, like Gecko) Chrome/120.0.0.0 Safari/537.36"
20.58.164.80 - - [06/Jun/2026:08:30:04 +0200] "GET /install.php HTTP/1.1" 404 47 "-" "Mozilla/5.0 (Windows NT 10.0; Win64; x64) AppleWebKit/537.36 (KHTML, like Gecko) Chrome/120.0.0.0 Safari/537.36"
20.58.164.80 - - [06/Jun/2026:08:30:04 +0200] "GET /wp-contentt.php HTTP/1.1" 404 47 "-" "Mozilla/5.0 (Windows NT 10.0; Win64; x64) AppleWebKit/537.36 (KHTML, like Gecko) Chrome/120.0.0.0 Safari/537.36"
20.58.164.80 - - [06/Jun/2026:08:30:05 +0200] "GET /config.php7 HTTP/1.1" 404 12541 "-" "Mozilla/5.0 (Windows NT 10.0; Win64; x64) AppleWebKit/537.36 (KHTML, like Gecko) Chrome/120.0.0.0 Safari/537.36"
20.58.164.80 - - [06/Jun/2026:08:30:06 +0200] "GET /config.php HTTP/1.1" 404 47 "-" "Mozilla/5.0 (Windows NT 10.0; Win64; x64) AppleWebKit/537.36 (KHTML, like Gecko) Chrome/120.0.0.0 Safari/537.36"
20.58.164.80 - - [06/Jun/2026:08:30:06 +0200] "GET /theme.php HTTP/1.1" 404 47 "-" "Mozilla/5.0 (Windows NT 10.0; Win64; x64) AppleWebKit/537.36 (KHTML, like Gecko) Chrome/120.0.0.0 Safari/537.36"
20.58.164.80 - - [06/Jun/2026:08:30:06 +0200] "GET /block-bindings.php HTTP/1.1" 404 47 "-" "Mozilla/5.0 (Windows NT 10.0; Win64; x64) AppleWebKit/537.36 (KHTML, like Gecko) Chrome/120.0.0.0 Safari/537.36"
20.58.164.80 - - [06/Jun/2026:08:30:06 +0200] "GET /class_api.php HTTP/1.1" 404 47 "-" "Mozilla/5.0 (Windows NT 10.0; Win64; x64) AppleWebKit/537.36 (KHTML, like Gecko) Chrome/120.0.0.0 Safari/537.36"
20.58.164.80 - - [06/Jun/2026:08:30:07 +0200] "GET /inputs.php HTTP/1.1" 404 47 "-" "Mozilla/5.0 (Windows NT 10.0; Win64; x64) AppleWebKit/537.36 (KHTML, like Gecko) Chrome/120.0.0.0 Safari/537.36"
20.58.164.80 - - [06/Jun/2026:08:30:07 +0200] "GET /root.php HTTP/1.1" 404 47 "-" "Mozilla/5.0 (Windows NT 10.0; Win64; x64) AppleWebKit/537.36 (KHTML, like Gecko) Chrome/120.0.0.0 Safari/537.36"
20.58.164.80 - - [06/Jun/2026:08:30:07 +0200] "GET /menu.php HTTP/1.1" 404 47 "-" "Mozilla/5.0 (Windows NT 10.0; Win64; x64) AppleWebKit/537.36 (KHTML, like Gecko) Chrome/120.0.0.0 Safari/537.36"
20.58.164.80 - - [06/Jun/2026:08:30:08 +0200] "GET /plugin.php HTTP/1.1" 404 47 "-" "Mozilla/5.0 (Windows NT 10.0; Win64; x64) AppleWebKit/537.36 (KHTML, like Gecko) Chrome/120.0.0.0 Safari/537.36"
20.58.164.80 - - [06/Jun/2026:08:30:08 +0200] "GET /cloud.php HTTP/1.1" 404 47 "-" "Mozilla/5.0 (Windows NT 10.0; Win64; x64) AppleWebKit/537.36 (KHTML, like Gecko) Chrome/120.0.0.0 Safari/537.36"
20.58.164.80 - - [06/Jun/2026:08:30:08 +0200] "GET /configs.php HTTP/1.1" 404 47 "-" "Mozilla/5.0 (Windows NT 10.0; Win64; x64) AppleWebKit/537.36 (KHTML, like Gecko) Chrome/120.0.0.0 Safari/537.36"
20.58.164.80 - - [06/Jun/2026:08:30:08 +0200] "GET /wp-configs.php HTTP/1.1" 404 47 "-" "Mozilla/5.0 (Windows NT 10.0; Win64; x64) AppleWebKit/537.36 (KHTML, like Gecko) Chrome/120.0.0.0 Safari/537.36"
20.58.164.80 - - [06/Jun/2026:08:30:09 +0200] "GET /update.php HTTP/1.1" 404 47 "-" "Mozilla/5.0 (Windows NT 10.0; Win64; x64) AppleWebKit/537.36 (KHTML, like Gecko) Chrome/120.0.0.0 Safari/537.36"
20.58.164.80 - - [06/Jun/2026:08:30:09 +0200] "GET /2.php HTTP/1.1" 404 47 "-" "Mozilla/5.0 (Windows NT 10.0; Win64; x64) AppleWebKit/537.36 (KHTML, like Gecko) Chrome/120.0.0.0 Safari/537.36"
20.58.164.80 - - [06/Jun/2026:08:30:09 +0200] "GET /input.php HTTP/1.1" 404 47 "-" "Mozilla/5.0 (Windows NT 10.0; Win64; x64) AppleWebKit/537.36 (KHTML, like Gecko) Chrome/120.0.0.0 Safari/537.36"
20.58.164.80 - - [06/Jun/2026:08:30:09 +0200] "GET /aaa.php HTTP/1.1" 404 47 "-" "Mozilla/5.0 (Windows NT 10.0; Win64; x64) AppleWebKit/537.36 (KHTML, like Gecko) Chrome/120.0.0.0 Safari/537.36"
20.58.164.80 - - [06/Jun/2026:08:30:10 +0200] "GET /en-us/2021/04/30/php-community-sidesteps-its-third-supply-chain-attack-in-three-years/ HTTP/1.1" 404 12653 "-" "Mozilla/5.0 (Windows NT 10.0; Win64; x64) AppleWebKit/537.36 (KHTML, like Gecko) Chrome/120.0.0.0 Safari/537.36"
20.58.164.80 - - [06/Jun/2026:08:30:12 +0200] "GET /ALFA_DATA/alfacgiapi/ HTTP/1.1" 404 12554 "-" "Mozilla/5.0 (Windows NT 10.0; Win64; x64) AppleWebKit/537.36 (KHTML, like Gecko) Chrome/120.0.0.0 Safari/537.36"
20.58.164.80 - - [06/Jun/2026:08:30:12 +0200] "GET /wp-admin/images/ HTTP/1.1" 403 548 "-" "Mozilla/5.0 (Windows NT 10.0; Win64; x64) AppleWebKit/537.36 (KHTML, like Gecko) Chrome/120.0.0.0 Safari/537.36"
20.58.164.80 - - [06/Jun/2026:08:30:12 +0200] "GET /wp-admin/images/admin.php HTTP/1.1" 404 47 "-" "Mozilla/5.0 (Windows NT 10.0; Win64; x64) AppleWebKit/537.36 (KHTML, like Gecko) Chrome/120.0.0.0 Safari/537.36"
20.58.164.80 - - [06/Jun/2026:08:30:12 +0200] "GET /wp-admin/includes/moon.php HTTP/1.1" 404 47 "-" "Mozilla/5.0 (Windows NT 10.0; Win64; x64) AppleWebKit/537.36 (KHTML, like Gecko) Chrome/120.0.0.0 Safari/537.36"
20.58.164.80 - - [06/Jun/2026:08:30:13 +0200] "GET /wp-admin/maint/edit.php HTTP/1.1" 404 47 "-" "Mozilla/5.0 (Windows NT 10.0; Win64; x64) AppleWebKit/537.36 (KHTML, like Gecko) Chrome/120.0.0.0 Safari/537.36"
20.58.164.80 - - [06/Jun/2026:08:30:13 +0200] "GET /wp-content/1.php HTTP/1.1" 404 47 "-" "Mozilla/5.0 (Windows NT 10.0; Win64; x64) AppleWebKit/537.36 (KHTML, like Gecko) Chrome/120.0.0.0 Safari/537.36"
20.58.164.80 - - [06/Jun/2026:08:30:14 +0200] "GET /wp-content/plugins/WordPressCore/ HTTP/1.1" 404 12602 "-" "Mozilla/5.0 (Windows NT 10.0; Win64; x64) AppleWebKit/537.36 (KHTML, like Gecko) Chrome/120.0.0.0 Safari/537.36"
20.58.164.80 - - [06/Jun/2026:08:30:15 +0200] "GET /wp-content/plugins/ioxi/ioxi/ HTTP/1.1" 404 12600 "-" "Mozilla/5.0 (Windows NT 10.0; Win64; x64) AppleWebKit/537.36 (KHTML, like Gecko) Chrome/120.0.0.0 Safari/537.36"
20.58.164.80 - - [06/Jun/2026:08:30:15 +0200] "GET /wp-content/themes/404.php HTTP/1.1" 404 47 "-" "Mozilla/5.0 (Windows NT 10.0; Win64; x64) AppleWebKit/537.36 (KHTML, like Gecko) Chrome/120.0.0.0 Safari/537.36"
149.28.73.26 - - [06/Jun/2026:08:30:15 +0200] "HEAD / HTTP/1.1" 200 0 "-" "downnotifier.com monitoring"
75.119.139.177 - - [06/Jun/2026:08:30:16 +0200] "POST /wp-cron.php?doing_wp_cron=1780727416.8545999526977539062500 HTTP/1.1" 200 31 "-" "WordPress/7.0; https://myideas.pt"
20.58.164.80 - - [06/Jun/2026:08:30:16 +0200] "GET /wp-content/uploads/2018/03/ HTTP/1.1" 404 12594 "-" "Mozilla/5.0 (Windows NT 10.0; Win64; x64) AppleWebKit/537.36 (KHTML, like Gecko) Chrome/120.0.0.0 Safari/537.36"
65.254.225.216 - - [06/Jun/2026:08:30:17 +0200] "GET /wp-login.php HTTP/1.1" 200 2256 "-" "Mozilla/5.0 (X11; Ubuntu; Linux x86_64) AppleWebKit/537.36 (KHTML, like Gecko) Chrome/133.0.0.0 Safari/537.36"
20.58.164.80 - - [06/Jun/2026:08:30:17 +0200] "GET /wp-content/uploads/2022/07/ HTTP/1.1" 404 12592 "-" "Mozilla/5.0 (Windows NT 10.0; Win64; x64) AppleWebKit/537.36 (KHTML, like Gecko) Chrome/120.0.0.0 Safari/537.36"
20.58.164.80 - - [06/Jun/2026:08:30:18 +0200] "GET /wp-content/uploads/2023/03/ HTTP/1.1" 404 12593 "-" "Mozilla/5.0 (Windows NT 10.0; Win64; x64) AppleWebKit/537.36 (KHTML, like Gecko) Chrome/120.0.0.0 Safari/537.36"
20.58.164.80 - - [06/Jun/2026:08:30:19 +0200] "GET /wp-content/uploads/autoload_classmap.php HTTP/1.1" 404 47 "-" "Mozilla/5.0 (Windows NT 10.0; Win64; x64) AppleWebKit/537.36 (KHTML, like Gecko) Chrome/120.0.0.0 Safari/537.36"
20.58.164.80 - - [06/Jun/2026:08:30:19 +0200] "GET /wp-content/uploads/wp.php HTTP/1.1" 404 47 "-" "Mozilla/5.0 (Windows NT 10.0; Win64; x64) AppleWebKit/537.36 (KHTML, like Gecko) Chrome/120.0.0.0 Safari/537.36"
65.254.225.216 - - [06/Jun/2026:08:30:19 +0200] "POST /wp-login.php HTTP/1.1" 200 2387 "https://www.myideas.pt/wp-login.php" "Mozilla/5.0 (X11; Ubuntu; Linux x86_64) AppleWebKit/537.36 (KHTML, like Gecko) Chrome/133.0.0.0 Safari/537.36"
20.58.164.80 - - [06/Jun/2026:08:30:19 +0200] "GET /wp-includes/js/tinymce/skins/lightgray/ HTTP/1.1" 403 548 "-" "Mozilla/5.0 (Windows NT 10.0; Win64; x64) AppleWebKit/537.36 (KHTML, like Gecko) Chrome/120.0.0.0 Safari/537.36"
20.58.164.80 - - [06/Jun/2026:08:30:20 +0200] "GET /wp-includes/js/tinymce/themes/inlite/ HTTP/1.1" 403 548 "-" "Mozilla/5.0 (Windows NT 10.0; Win64; x64) AppleWebKit/537.36 (KHTML, like Gecko) Chrome/120.0.0.0 Safari/537.36"
20.58.164.80 - - [06/Jun/2026:08:30:20 +0200] "GET /wp-includes/mani.php HTTP/1.1" 404 47 "-" "Mozilla/5.0 (Windows NT 10.0; Win64; x64) AppleWebKit/537.36 (KHTML, like Gecko) Chrome/120.0.0.0 Safari/537.36"
20.58.164.80 - - [06/Jun/2026:08:30:20 +0200] "GET /wp-includes/sodium_compat/ HTTP/1.1" 403 548 "-" "Mozilla/5.0 (Windows NT 10.0; Win64; x64) AppleWebKit/537.36 (KHTML, like Gecko) Chrome/120.0.0.0 Safari/537.36"
20.58.164.80 - - [06/Jun/2026:08:30:20 +0200] "GET /wp-includes/theme-compat/ HTTP/1.1" 403 548 "-" "Mozilla/5.0 (Windows NT 10.0; Win64; x64) AppleWebKit/537.36 (KHTML, like Gecko) Chrome/120.0.0.0 Safari/537.36"
20.58.164.80 - - [06/Jun/2026:08:30:21 +0200] "GET /wp-logs.php HTTP/1.1" 404 47 "-" "Mozilla/5.0 (Windows NT 10.0; Win64; x64) AppleWebKit/537.36 (KHTML, like Gecko) Chrome/120.0.0.0 Safari/537.36"
145.239.10.137 - - [06/Jun/2026:08:30:25 +0200] "GET /ulad.php HTTP/1.1" 404 47 "https://myideas.pt/ulad.php" "Mozilla/5.0 (iPhone; CPU iPhone OS 17_5_1 like Mac OS X) AppleWebKit/605.1.15 (KHTML, like Gecko) Version/17.5 Mobile/15E148 Safari/604.1"
75.119.139.177 - - [06/Jun/2026:08:31:20 +0200] "POST /wp-cron.php?doing_wp_cron=1780727480.8580820560455322265625 HTTP/1.1" 200 31 "-" "WordPress/7.0; https://myideas.pt"
62.193.192.120 - - [06/Jun/2026:08:31:20 +0200] "GET /.well-known/acme-challenge/6S8FVJT6PWHMMO4SXJHSG28MN513Q8CA HTTP/1.1" 404 66870 "-" "Cpanel-HTTP-Client/1.0"
205.185.122.41 - - [06/Jun/2026:08:31:24 +0200] "GET /wp-login.php HTTP/1.1" 200 6744 "-" "Mozilla/5.0 (Android 13; Mobile; rv:121.0) Gecko/121.0 Firefox/121.0"
205.185.122.41 - - [06/Jun/2026:08:31:24 +0200] "POST /wp-login.php HTTP/1.1" 200 7137 "-" "Mozilla/5.0 (Android 13; Mobile; rv:121.0) Gecko/121.0 Firefox/121.0"
62.193.192.120 - - [06/Jun/2026:08:31:29 +0200] "GET /.well-known/acme-challenge/6ZGAHEJFGSI41ZGXIKPSEJDA42DFW_JW HTTP/1.1" 301 5 "-" "Cpanel-HTTP-Client/1.0"
62.193.192.120 - - [06/Jun/2026:08:31:30 +0200] "GET /.well-known/acme-challenge/6ZGAHEJFGSI41ZGXIKPSEJDA42DFW_JW HTTP/1.1" 404 66870 "-" "Cpanel-HTTP-Client/1.0"
75.119.139.177 - - [06/Jun/2026:08:32:19 +0200] "POST /wp-cron.php?doing_wp_cron=1780727539.3091609477996826171875 HTTP/1.1" 200 31 "-" "WordPress/7.0; https://myideas.pt"
74.7.243.203 - - [06/Jun/2026:08:32:19 +0200] "GET /sitemap-hot-2274152.xml HTTP/1.1" 404 13928 "-" "Mozilla/5.0 AppleWebKit/537.36 (KHTML, like Gecko; compatible; GPTBot/1.4; +https://openai.com/gptbot)"
72.167.50.103 - MyIdeas [06/Jun/2026:08:32:57 +0200] "GET /wp-json/wp/v2/users/me HTTP/1.1" 401 109 "-" "Mozilla/5.0 (X11; Linux i686) AppleWebKit/537.36 (KHTML, like Gecko) Chrome/133.0.0.0 Safari/537.36"
75.119.139.177 - - [06/Jun/2026:08:36:30 +0200] "POST /wp-cron.php?doing_wp_cron=1780727789.9956150054931640625000 HTTP/1.1" 200 31 "-" "WordPress/7.0; https://myideas.pt"
207.174.0.36 - - [06/Jun/2026:08:36:30 +0200] "GET /.env HTTP/1.1" 404 12539 "-" "python-requests/2.26.0"
207.174.0.36 - - [06/Jun/2026:08:36:30 +0200] "GET / HTTP/1.1" 200 23869 "-" "python-requests/2.26.0"
209.141.50.202 - - [06/Jun/2026:08:37:09 +0200] "GET /wp-login.php HTTP/1.1" 200 6744 "-" "Mozilla/5.0 (X11; Linux x86_64) AppleWebKit/537.36 (KHTML, like Gecko) Chrome/36.0.1985.125 Safari/537.36"
220.181.108.169 - - [06/Jun/2026:08:37:52 +0200] "GET /pt/o-que-e-o-geo/ HTTP/1.1" 200 21355 "-" "Mozilla/5.0 (compatible; Baiduspider/2.0; +http://www.baidu.com/search/spider.html)"
116.179.37.38 - - [06/Jun/2026:08:37:56 +0200] "GET /wp-content/cache/wpo-minify/1780673871/assets/wpo-minify-footer-f9e72a21.min.js HTTP/1.1" 200 96500 "https://myideas.pt/pt/o-que-e-o-geo/" "Mozilla/5.0 (compatible; Baiduspider-render/2.0; +http://www.baidu.com/search/spider.html)"
116.179.37.13 - - [06/Jun/2026:08:37:57 +0200] "GET /wp-content/cache/wpo-minify/1780673871/assets/wpo-minify-header-85140de2.min.css HTTP/1.1" 200 35213 "https://myideas.pt/pt/o-que-e-o-geo/" "Mozilla/5.0 (compatible; Baiduspider-render/2.0; +http://www.baidu.com/search/spider.html)"
75.119.139.177 - - [06/Jun/2026:08:38:20 +0200] "POST /wp-cron.php?doing_wp_cron=1780727900.9099431037902832031250 HTTP/1.1" 200 31 "-" "WordPress/7.0; https://myideas.pt"
209.141.50.202 - - [06/Jun/2026:08:38:20 +0200] "POST /wp-login.php HTTP/1.1" 200 7141 "-" "Mozilla/5.0 (X11; Linux x86_64) AppleWebKit/537.36 (KHTML, like Gecko) Chrome/36.0.1985.125 Safari/537.36"
206.189.127.129 - - [06/Jun/2026:08:38:45 +0200] "HEAD / HTTP/1.1" 301 0 "-" "downnotifier.com monitoring"
206.189.127.129 - - [06/Jun/2026:08:38:45 +0200] "HEAD / HTTP/1.1" 200 0 "-" "downnotifier.com monitoring"
51.68.107.149 - - [06/Jun/2026:08:39:10 +0200] "GET /robots.txt HTTP/1.1" 200 986 "-" "Mozilla/5.0 (compatible; MJ12bot/v2.0.5; http://mj12bot.com/)"
51.68.107.149 - - [06/Jun/2026:08:39:10 +0200] "GET / HTTP/1.1" 200 23869 "-" "Mozilla/5.0 (compatible; MJ12bot/v2.0.5; http://mj12bot.com/)"
75.119.139.177 - - [06/Jun/2026:08:39:29 +0200] "POST /wp-cron.php?doing_wp_cron=1780727969.3101499080657958984375 HTTP/1.1" 200 31 "-" "WordPress/7.0; https://myideas.pt"
40.77.167.55 - - [06/Jun/2026:08:39:29 +0200] "GET /sitemap-hot-2278152.xml HTTP/1.1" 404 13930 "-" "Mozilla/5.0 AppleWebKit/537.36 (KHTML, like Gecko; compatible; bingbot/2.0; +http://www.bing.com/bingbot.htm) Chrome/116.0.1938.76 Safari/537.36"
75.119.139.177 - - [06/Jun/2026:08:40:16 +0200] "POST /wp-cron.php?doing_wp_cron=1780728016.9232540130615234375000 HTTP/1.1" 200 31 "-" "WordPress/7.0; https://myideas.pt"
139.59.109.12 - - [06/Jun/2026:08:40:16 +0200] "HEAD / HTTP/1.1" 200 0 "-" "downnotifier.com monitoring"
189.142.250.130 - - [06/Jun/2026:08:41:58 +0200] "GET /work-portfolio/ HTTP/1.1" 200 17756 "-" "Mozilla/5.0 (Macintosh; Intel Mac OS X 11_7_0) AppleWebKit/537.36 (KHTML, like Gecko) Chrome/134.0.6998.88 Safari/537.36"
75.119.139.177 - - [06/Jun/2026:08:48:45 +0200] "POST /wp-cron.php?doing_wp_cron=1780728525.4086360931396484375000 HTTP/1.1" 200 31 "-" "WordPress/7.0; https://myideas.pt"
37.97.137.40 - - [06/Jun/2026:08:48:45 +0200] "HEAD / HTTP/1.1" 301 0 "-" "downnotifier.com monitoring"
37.97.137.40 - - [06/Jun/2026:08:48:46 +0200] "HEAD / HTTP/1.1" 200 0 "-" "downnotifier.com monitoring"
75.119.139.177 - - [06/Jun/2026:08:49:34 +0200] "POST /wp-cron.php?doing_wp_cron=1780728574.7470180988311767578125 HTTP/1.1" 200 31 "-" "WordPress/7.0; https://myideas.pt"
23.98.142.191 - - [06/Jun/2026:08:49:34 +0200] "GET /portfolio/inapem-angola-corporate-brochure/ HTTP/1.1" 200 18919 "-" "Mozilla/5.0 AppleWebKit/537.36 (KHTML, like Gecko); compatible; ChatGPT-User/1.0; +https://openai.com/bot"
130.51.22.201 - - [06/Jun/2026:08:49:39 +0200] "\x15\x03\x03\x00\x02\x02F" 400 150 "-" "-"
75.119.139.177 - - [06/Jun/2026:08:50:17 +0200] "POST /wp-cron.php?doing_wp_cron=1780728617.2340428829193115234375 HTTP/1.1" 200 31 "-" "WordPress/7.0; https://myideas.pt"
37.97.137.40 - - [06/Jun/2026:08:50:17 +0200] "HEAD / HTTP/1.1" 200 0 "-" "downnotifier.com monitoring"
130.51.22.201 - - [06/Jun/2026:08:50:17 +0200] "\x15\x03\x03\x00\x02\x02F" 400 150 "-" "-"
130.51.22.201 - - [06/Jun/2026:08:50:33 +0200] "\x15\x03\x03\x00\x02\x02F" 400 150 "-" "-"
130.51.22.201 - - [06/Jun/2026:08:50:49 +0200] "\x15\x03\x03\x00\x02\x02F" 400 150 "-" "-"
104.210.140.130 - - [06/Jun/2026:08:50:51 +0200] "GET /robots.txt HTTP/1.1" 200 986 "-" "Mozilla/5.0 (Macintosh; Intel Mac OS X 10_15_7) AppleWebKit/537.36 (KHTML, like Gecko) Chrome/131.0.0.0 Safari/537.36; compatible; OAI-SearchBot/1.0; +https://openai.com/searchbot"
130.51.22.201 - - [06/Jun/2026:08:52:22 +0200] "\x15\x03\x03\x00\x02\x02F" 400 150 "-" "-"
51.68.236.64 - - [06/Jun/2026:08:57:03 +0200] "GET /robots.txt HTTP/1.1" 200 986 "-" "Mozilla/5.0 (compatible; MJ12bot/v2.0.5; http://mj12bot.com/)"
51.68.236.64 - - [06/Jun/2026:08:57:03 +0200] "GET / HTTP/1.1" 200 23869 "-" "Mozilla/5.0 (compatible; MJ12bot/v2.0.5; http://mj12bot.com/)"
223.109.255.228 - - [06/Jun/2026:08:57:14 +0200] "GET /wp-content/uploads/2024/12/atlantic_clientes_myideas.png HTTP/1.1" 404 146 "http://pic.sogou.com" "Sogou Pic Spider/3.0(+http://www.sogou.com/docs/help/webmasters.htm#07)"
75.119.139.177 - - [06/Jun/2026:08:57:21 +0200] "POST /wp-cron.php?doing_wp_cron=1780729041.4554150104522705078125 HTTP/1.1" 200 31 "-" "WordPress/7.0; https://myideas.pt"
205.185.121.3 - - [06/Jun/2026:08:57:21 +0200] "GET /wp-login.php HTTP/1.1" 200 6744 "-" "Mozilla/5.0 (iPhone; CPU iPhone OS 7_1_1 like Mac OS X) AppleWebKit/537.51.2 (KHTML, like Gecko) Version/7.0 Mobile/11D201 Safari/9537.53"
45.198.224.22 - - [06/Jun/2026:08:57:46 +0200] "POST /boaform/adminformLogout//boaform/admin/formPing6 HTTP/1.1" 404 71005 "-" "Mozilla/5.0"
77.75.72.26 - - [06/Jun/2026:08:57:47 +0200] "GET /sitemap-hot-2280152.xml HTTP/1.1" 404 13930 "-" "Mozilla/5.0 (compatible; SeznamBot/4.0; +https://o-seznam.cz/napoveda/vyhledavani/en/seznambot-crawler/)"
75.119.139.177 - - [06/Jun/2026:08:58:44 +0200] "POST /wp-cron.php?doing_wp_cron=1780729124.7672889232635498046875 HTTP/1.1" 200 31 "-" "WordPress/7.0; https://myideas.pt"
206.189.127.129 - - [06/Jun/2026:08:58:44 +0200] "HEAD / HTTP/1.1" 301 0 "-" "downnotifier.com monitoring"
206.189.127.129 - - [06/Jun/2026:08:58:45 +0200] "HEAD / HTTP/1.1" 200 0 "-" "downnotifier.com monitoring"
40.77.167.75 - - [06/Jun/2026:08:59:01 +0200] "GET /portfolio/meaningful-website/ HTTP/1.1" 200 18462 "-" "Mozilla/5.0 AppleWebKit/537.36 (KHTML, like Gecko; compatible; bingbot/2.0; +http://www.bing.com/bingbot.htm) Chrome/116.0.1938.76 Safari/537.36"
40.77.167.75 - - [06/Jun/2026:08:59:17 +0200] "GET /wp-content/cache/wpo-minify/1780673871/assets/wpo-minify-footer-f9e72a21.min.js HTTP/1.1" 200 96500 "https://myideas.pt/portfolio/meaningful-website/" "Mozilla/5.0 AppleWebKit/537.36 (KHTML, like Gecko; compatible; bingbot/2.0; +http://www.bing.com/bingbot.htm) Chrome/136.0.0.0 Safari/537.36 AppleWebKit/537.36 (KHTML, like Gecko; compatible; bingbot/2.0; +http://www.bing.com/bingbot.htm) Chrome/116.0.1938.76 Safari/537.36"
207.46.13.150 - - [06/Jun/2026:08:59:30 +0200] "GET /wp-content/cache/wpo-minify/1780673871/assets/wpo-minify-header-85140de2.min.css HTTP/1.1" 200 35213 "https://myideas.pt/portfolio/meaningful-website/" "Mozilla/5.0 AppleWebKit/537.36 (KHTML, like Gecko; compatible; bingbot/2.0; +http://www.bing.com/bingbot.htm) Chrome/136.0.0.0 Safari/537.36 AppleWebKit/537.36 (KHTML, like Gecko; compatible; bingbot/2.0; +http://www.bing.com/bingbot.htm) Chrome/116.0.1938.76 Safari/537.36"
75.119.139.177 - - [06/Jun/2026:09:00:17 +0200] "POST /wp-cron.php?doing_wp_cron=1780729217.0264470577239990234375 HTTP/1.1" 200 31 "-" "WordPress/7.0; https://myideas.pt"
108.61.201.55 - - [06/Jun/2026:09:00:17 +0200] "HEAD / HTTP/1.1" 200 0 "-" "downnotifier.com monitoring"
205.185.121.3 - - [06/Jun/2026:09:01:11 +0200] "POST /wp-login.php HTTP/1.1" 200 7137 "-" "Mozilla/5.0 (iPhone; CPU iPhone OS 7_1_1 like Mac OS X) AppleWebKit/537.51.2 (KHTML, like Gecko) Version/7.0 Mobile/11D201 Safari/9537.53"
5.36.202.247 - - [06/Jun/2026:09:01:27 +0200] "GET /portfolio/cme-ramais-landing-page/ HTTP/1.1" 200 18147 "-" "Mozilla/5.0 (Macintosh; Intel Mac OS X 10_15_7) AppleWebKit/537.36 (KHTML, like Gecko) Chrome/100.0.4896.147 Safari/537.36"
75.119.139.177 - - [06/Jun/2026:09:04:31 +0200] "POST /wp-cron.php?doing_wp_cron=1780729471.7403380870819091796875 HTTP/1.1" 200 31 "-" "WordPress/7.0; https://myideas.pt"
209.141.52.4 - - [06/Jun/2026:09:04:31 +0200] "GET /wp-login.php HTTP/1.1" 200 6744 "-" "Mozilla/5.0 (iPhone; CPU iPhone OS 18_3 like Mac OS X) AppleWebKit/605.1.15 (KHTML, like Gecko) Version/18.3 Mobile/15E148 Safari/604.1"
209.141.52.4 - - [06/Jun/2026:09:04:32 +0200] "POST /wp-login.php HTTP/1.1" 200 7148 "-" "Mozilla/5.0 (iPhone; CPU iPhone OS 18_3 like Mac OS X) AppleWebKit/605.1.15 (KHTML, like Gecko) Version/18.3 Mobile/15E148 Safari/604.1"
43.165.170.119 - - [06/Jun/2026:09:04:57 +0200] "GET / HTTP/1.1" 400 248 "-" "Mozilla/5.0 (iPhone; CPU iPhone OS 13_2_3 like Mac OS X) AppleWebKit/605.1.15 (KHTML, like Gecko) Version/13.0.3 Mobile/15E148 Safari/604.1"
75.119.139.177 - - [06/Jun/2026:09:05:17 +0200] "POST /wp-cron.php?doing_wp_cron=1780729517.3663740158081054687500 HTTP/1.1" 200 31 "-" "WordPress/7.0; https://myideas.pt"
209.141.58.150 - - [06/Jun/2026:09:05:17 +0200] "GET /wp-login.php HTTP/1.1" 200 6744 "-" "Mozilla/5.0 (Windows NT 6.1; WOW64; rv:29.0) Gecko/20100101 Firefox/29.0"
110.249.201.170 - - [06/Jun/2026:09:06:02 +0200] "GET /robots.txt HTTP/1.1" 200 986 "-" "Mozilla/5.0 (Linux; Android 5.0) AppleWebKit/537.36 (KHTML, like Gecko) Mobile Safari/537.36 (compatible; Bytespider; https://zhanzhang.toutiao.com/)"
114.119.147.196 - - [06/Jun/2026:09:06:37 +0200] "GET /wp-content/uploads/2025/03/MYIDEAS_BRANDING_LUIS_SIMOES_3.jpg HTTP/1.1" 200 282000 "https://myideas.pt/portfolio/luis-simoes-70-years/" "Mozilla/5.0 (Linux; Android 7.0;) AppleWebKit/537.36 (HTML, like Gecko) Mobile Safari/537.36 (compatible; PetalBot;+https://webmaster.petalsearch.com/site/petalbot)"
185.12.59.118 - - [06/Jun/2026:09:08:06 +0200] "GET / HTTP/1.1" 400 248 "-" "Mozilla/5.0 (Windows NT 10.0; Win64; x64; rv:132.0) Gecko/20100101 Firefox/132.0"
75.119.139.177 - - [06/Jun/2026:09:08:30 +0200] "POST /wp-cron.php?doing_wp_cron=1780729710.8655331134796142578125 HTTP/1.1" 200 31 "-" "WordPress/7.0; https://myideas.pt"
114.119.147.196 - - [06/Jun/2026:09:08:30 +0200] "GET /pt/empresa-de-seo-geo-aeo/ HTTP/1.1" 200 16336 "https://myideas.pt/pt/portfolio/eurest-relatorio-de-sustentabilidade" "Mozilla/5.0 (Linux; Android 7.0;) AppleWebKit/537.36 (HTML, like Gecko) Mobile Safari/537.36 (compatible; PetalBot;+https://webmaster.petalsearch.com/site/petalbot)"
37.97.137.40 - - [06/Jun/2026:09:08:45 +0200] "HEAD / HTTP/1.1" 301 0 "-" "downnotifier.com monitoring"
37.97.137.40 - - [06/Jun/2026:09:08:46 +0200] "HEAD / HTTP/1.1" 200 0 "-" "downnotifier.com monitoring"
75.119.139.177 - - [06/Jun/2026:09:09:48 +0200] "POST /wp-cron.php?doing_wp_cron=1780729788.4348180294036865234375 HTTP/1.1" 200 31 "-" "WordPress/7.0; https://myideas.pt"
209.141.58.150 - - [06/Jun/2026:09:09:48 +0200] "POST /wp-login.php HTTP/1.1" 200 7136 "-" "Mozilla/5.0 (Windows NT 6.1; WOW64; rv:29.0) Gecko/20100101 Firefox/29.0"
82.165.2.98 - - [06/Jun/2026:09:10:11 +0200] "GET /wp-login.php HTTP/1.1" 200 2256 "-" "Mozilla/5.0 (X11; CrOS x86_64 14541.0.0) AppleWebKit/537.36 (KHTML, like Gecko) Chrome/133.0.0.0 Safari/537.36"
82.165.2.98 - - [06/Jun/2026:09:10:12 +0200] "POST /wp-login.php HTTP/1.1" 200 2387 "https://myideas.pt/wp-login.php" "Mozilla/5.0 (X11; CrOS x86_64 14541.0.0) AppleWebKit/537.36 (KHTML, like Gecko) Chrome/133.0.0.0 Safari/537.36"
75.119.139.177 - - [06/Jun/2026:09:10:16 +0200] "POST /wp-cron.php?doing_wp_cron=1780729816.6893370151519775390625 HTTP/1.1" 200 31 "-" "WordPress/7.0; https://myideas.pt"
206.189.127.129 - - [06/Jun/2026:09:10:16 +0200] "HEAD / HTTP/1.1" 200 0 "-" "downnotifier.com monitoring"
75.119.139.177 - - [06/Jun/2026:09:11:52 +0200] "POST /wp-cron.php?doing_wp_cron=1780729912.1039268970489501953125 HTTP/1.1" 200 31 "-" "WordPress/7.0; https://myideas.pt"
34.68.88.27 - - [06/Jun/2026:09:11:52 +0200] "HEAD / HTTP/1.1" 200 0 "-" "Mozilla/5.0 (X11; Linux x86_64) AppleWebKit/537.36 (KHTML, like Gecko) Chrome/136.0.0.0 Safari/537.36"
34.68.88.27 - - [06/Jun/2026:09:11:52 +0200] "GET / HTTP/1.1" 200 23869 "-" "Mozilla/5.0 (X11; Linux x86_64) AppleWebKit/537.36 (KHTML, like Gecko) Chrome/136.0.0.0 Safari/537.36"
194.165.16.163 - - [06/Jun/2026:09:16:25 +0200] "\x03\x00\x00/*\xE0\x00\x00\x00\x00\x00Cookie: mstshash=Administr" 400 150 "-" "-"
69.171.231.22 - - [06/Jun/2026:09:16:49 +0200] "GET /robots.txt HTTP/1.1" 206 986 "-" "facebookexternalhit/1.1 (+http://www.facebook.com/externalhit_uatext.php)"
157.55.39.14 - - [06/Jun/2026:09:17:22 +0200] "GET /pt/contactos/ HTTP/1.1" 200 13694 "-" "Mozilla/5.0 AppleWebKit/537.36 (KHTML, like Gecko; compatible; bingbot/2.0; +http://www.bing.com/bingbot.htm) Chrome/116.0.1938.76 Safari/537.36"
40.77.167.243 - - [06/Jun/2026:09:17:39 +0200] "GET /wp-content/cache/wpo-minify/1780673871/assets/wpo-minify-footer-38f725ad.min.js HTTP/1.1" 200 83926 "https://myideas.pt/pt/contactos/" "Mozilla/5.0 AppleWebKit/537.36 (KHTML, like Gecko; compatible; bingbot/2.0; +http://www.bing.com/bingbot.htm) Chrome/136.0.0.0 Safari/537.36 AppleWebKit/537.36 (KHTML, like Gecko; compatible; bingbot/2.0; +http://www.bing.com/bingbot.htm) Chrome/116.0.1938.76 Safari/537.36"
75.119.139.177 - - [06/Jun/2026:09:18:45 +0200] "POST /wp-cron.php?doing_wp_cron=1780730325.6046600341796875000000 HTTP/1.1" 200 31 "-" "WordPress/7.0; https://myideas.pt"
206.189.127.129 - - [06/Jun/2026:09:18:45 +0200] "HEAD / HTTP/1.1" 301 0 "-" "downnotifier.com monitoring"
206.189.127.129 - - [06/Jun/2026:09:18:46 +0200] "HEAD / HTTP/1.1" 200 0 "-" "downnotifier.com monitoring"
8.211.195.122 - - [06/Jun/2026:09:19:11 +0200] "GET /sites/favicon.png HTTP/1.1" 404 548 "-" "Mozilla/5.084743666 Mozilla/5.0 (Windows NT 10.0; Win64; x64) AppleWebKit/537.36 (KHTML, like Gecko) Chrome/64.0.3282.140 Safari/537.36 Edge/17.17134"
124.117.194.225 - - [06/Jun/2026:09:19:21 +0200] "GET / HTTP/1.1" 200 23869 "-" "Mozilla/5.062334851 Mozilla/5.0 (Windows NT 6.3; Win64; x64) AppleWebKit/537.36 (KHTML, like Gecko) Chrome/68.0.3440.106 Safari/537.36"
75.119.139.177 - - [06/Jun/2026:09:20:15 +0200] "POST /wp-cron.php?doing_wp_cron=1780730415.8000988960266113281250 HTTP/1.1" 200 31 "-" "WordPress/7.0; https://myideas.pt"
139.59.109.12 - - [06/Jun/2026:09:20:15 +0200] "HEAD / HTTP/1.1" 200 0 "-" "downnotifier.com monitoring"
75.119.139.177 - - [06/Jun/2026:09:25:07 +0200] "POST /wp-cron.php?doing_wp_cron=1780730707.1846559047698974609375 HTTP/1.1" 200 31 "-" "WordPress/7.0; https://myideas.pt"
172.212.200.188 - - [06/Jun/2026:09:25:07 +0200] "GET / HTTP/1.1" 301 5 "-" "Mozilla/5.0 zgrab/0.x"
172.212.200.188 - - [06/Jun/2026:09:25:13 +0200] "GET / HTTP/1.1" 200 23869 "https://75.119.139.177/" "Mozilla/5.0 zgrab/0.x"
172.212.200.188 - - [06/Jun/2026:09:25:13 +0200] "MGLNDD_75.119.139.177_443" 400 150 "-" "-"
182.10.225.150 - - [06/Jun/2026:09:26:46 +0200] "GET / HTTP/1.1" 200 24292 "-" "Mozilla/5.0 (Linux; Android 15; 25028PC03G Build/AP3A.240905.015.A2) AppleWebKit/537.36 (KHTML, like Gecko) Chrome/148.0.7778.179 Mobile Safari/537.36"
182.10.225.150 - - [06/Jun/2026:09:26:47 +0200] "GET /wp-content/cache/wpo-minify/1780673871/assets/wpo-minify-header-85140de2.min.css HTTP/1.1" 200 35213 "https://myideas.pt/" "Mozilla/5.0 (Linux; Android 15; 25028PC03G Build/AP3A.240905.015.A2) AppleWebKit/537.36 (KHTML, like Gecko) Chrome/148.0.7778.179 Mobile Safari/537.36"
182.10.225.150 - - [06/Jun/2026:09:26:47 +0200] "GET /wp-content/uploads/2025/03/BSO_CONSULTING_BRANDING_MYIDEAS_1-1000x750.jpg HTTP/1.1" 200 59609 "https://myideas.pt/" "Mozilla/5.0 (Linux; Android 15; 25028PC03G Build/AP3A.240905.015.A2) AppleWebKit/537.36 (KHTML, like Gecko) Chrome/148.0.7778.179 Mobile Safari/537.36"
182.10.225.150 - - [06/Jun/2026:09:26:47 +0200] "GET /wp-content/uploads/2025/03/MYIDEAS_DCG_BRANDING_1-1000x750.jpg HTTP/1.1" 200 27888 "https://myideas.pt/" "Mozilla/5.0 (Linux; Android 15; 25028PC03G Build/AP3A.240905.015.A2) AppleWebKit/537.36 (KHTML, like Gecko) Chrome/148.0.7778.179 Mobile Safari/537.36"
182.10.225.150 - - [06/Jun/2026:09:26:47 +0200] "GET /wp-content/uploads/2025/11/MYIDEAS_BRANDING_MEANINGFUL_1-1000x750.jpg HTTP/1.1" 200 191401 "https://myideas.pt/" "Mozilla/5.0 (Linux; Android 15; 25028PC03G Build/AP3A.240905.015.A2) AppleWebKit/537.36 (KHTML, like Gecko) Chrome/148.0.7778.179 Mobile Safari/537.36"
182.10.225.150 - - [06/Jun/2026:09:26:47 +0200] "GET /wp-content/themes/Impreza/fonts/fa-regular-400.woff2?ver=8.46 HTTP/1.1" 200 168824 "https://myideas.pt/" "Mozilla/5.0 (Linux; Android 15; 25028PC03G Build/AP3A.240905.015.A2) AppleWebKit/537.36 (KHTML, like Gecko) Chrome/148.0.7778.179 Mobile Safari/537.36"
182.10.225.150 - - [06/Jun/2026:09:26:47 +0200] "GET /wp-content/cache/wpo-minify/1780673871/assets/wpo-minify-footer-f9e72a21.min.js HTTP/1.1" 200 96500 "https://myideas.pt/" "Mozilla/5.0 (Linux; Android 15; 25028PC03G Build/AP3A.240905.015.A2) AppleWebKit/537.36 (KHTML, like Gecko) Chrome/148.0.7778.179 Mobile Safari/537.36"
182.10.225.150 - - [06/Jun/2026:09:26:47 +0200] "GET /wp-content/themes/Impreza/fonts/fa-brands-400.woff2?ver=8.46 HTTP/1.1" 200 76728 "https://myideas.pt/" "Mozilla/5.0 (Linux; Android 15; 25028PC03G Build/AP3A.240905.015.A2) AppleWebKit/537.36 (KHTML, like Gecko) Chrome/148.0.7778.179 Mobile Safari/537.36"
182.10.225.150 - - [06/Jun/2026:09:26:47 +0200] "GET /wp-content/themes/Impreza/fonts/fa-light-300.woff2?ver=8.46 HTTP/1.1" 200 184204 "https://myideas.pt/" "Mozilla/5.0 (Linux; Android 15; 25028PC03G Build/AP3A.240905.015.A2) AppleWebKit/537.36 (KHTML, like Gecko) Chrome/148.0.7778.179 Mobile Safari/537.36"
182.10.225.150 - - [06/Jun/2026:09:26:47 +0200] "GET /wp-content/uploads/2024/05/MYIDEAS_LOGO_BLACK.svg HTTP/1.1" 200 748 "https://myideas.pt/" "Mozilla/5.0 (Linux; Android 15; 25028PC03G Build/AP3A.240905.015.A2) AppleWebKit/537.36 (KHTML, like Gecko) Chrome/148.0.7778.179 Mobile Safari/537.36"
182.10.225.150 - - [06/Jun/2026:09:26:47 +0200] "GET /wp-content/uploads/2024/06/MYIDEAS_MOBILE_1.jpg HTTP/1.1" 200 49979 "https://myideas.pt/" "Mozilla/5.0 (Linux; Android 15; 25028PC03G Build/AP3A.240905.015.A2) AppleWebKit/537.36 (KHTML, like Gecko) Chrome/148.0.7778.179 Mobile Safari/537.36"
182.10.225.150 - - [06/Jun/2026:09:26:48 +0200] "GET /wp-content/uploads/2024/06/MYIDEAS_THE_JOURNEY_IS_ON_4.jpg HTTP/1.1" 200 87163 "https://myideas.pt/" "Mozilla/5.0 (Linux; Android 15; 25028PC03G Build/AP3A.240905.015.A2) AppleWebKit/537.36 (KHTML, like Gecko) Chrome/148.0.7778.179 Mobile Safari/537.36"
182.10.225.150 - - [06/Jun/2026:09:26:48 +0200] "GET /wp-content/uploads/2024/06/MYIDEAS_SUSTAINABLE_MARKETING_BLUE.jpg HTTP/1.1" 200 19790 "https://myideas.pt/" "Mozilla/5.0 (Linux; Android 15; 25028PC03G Build/AP3A.240905.015.A2) AppleWebKit/537.36 (KHTML, like Gecko) Chrome/148.0.7778.179 Mobile Safari/537.36"
182.10.225.150 - - [06/Jun/2026:09:26:48 +0200] "GET /wp-content/uploads/2024/06/MYIDEAS_MARKETING_STRATEGIES_BLUE.jpg HTTP/1.1" 200 23843 "https://myideas.pt/" "Mozilla/5.0 (Linux; Android 15; 25028PC03G Build/AP3A.240905.015.A2) AppleWebKit/537.36 (KHTML, like Gecko) Chrome/148.0.7778.179 Mobile Safari/537.36"
182.10.225.150 - - [06/Jun/2026:09:26:48 +0200] "GET /wp-content/uploads/2024/06/MYIDEAS_BRANDING_BLUE.jpg HTTP/1.1" 200 23798 "https://myideas.pt/" "Mozilla/5.0 (Linux; Android 15; 25028PC03G Build/AP3A.240905.015.A2) AppleWebKit/537.36 (KHTML, like Gecko) Chrome/148.0.7778.179 Mobile Safari/537.36"
182.10.225.150 - - [06/Jun/2026:09:26:48 +0200] "GET /wp-content/uploads/2024/06/MYIDEAS_WEBSITE_BLUE.jpg HTTP/1.1" 200 22897 "https://myideas.pt/" "Mozilla/5.0 (Linux; Android 15; 25028PC03G Build/AP3A.240905.015.A2) AppleWebKit/537.36 (KHTML, like Gecko) Chrome/148.0.7778.179 Mobile Safari/537.36"
182.10.225.150 - - [06/Jun/2026:09:26:48 +0200] "GET /wp-content/themes/Impreza/fonts/material-icons.woff2?ver=8.46 HTTP/1.1" 200 128352 "https://myideas.pt/" "Mozilla/5.0 (Linux; Android 15; 25028PC03G Build/AP3A.240905.015.A2) AppleWebKit/537.36 (KHTML, like Gecko) Chrome/148.0.7778.179 Mobile Safari/537.36"
182.10.225.150 - - [06/Jun/2026:09:26:48 +0200] "GET /wp-content/uploads/2024/06/MYIDEAS_SEO_BLUE.jpg HTTP/1.1" 200 23503 "https://myideas.pt/" "Mozilla/5.0 (Linux; Android 15; 25028PC03G Build/AP3A.240905.015.A2) AppleWebKit/537.36 (KHTML, like Gecko) Chrome/148.0.7778.179 Mobile Safari/537.36"
182.10.225.150 - - [06/Jun/2026:09:26:48 +0200] "GET /wp-content/uploads/2024/06/MYIDEAS_SOCIAL_MEDIA_BLUE.jpg HTTP/1.1" 200 25303 "https://myideas.pt/" "Mozilla/5.0 (Linux; Android 15; 25028PC03G Build/AP3A.240905.015.A2) AppleWebKit/537.36 (KHTML, like Gecko) Chrome/148.0.7778.179 Mobile Safari/537.36"
182.10.225.150 - - [06/Jun/2026:09:26:48 +0200] "GET /wp-content/uploads/2024/06/MYIDEAS_PR_BLUE.jpg HTTP/1.1" 200 22524 "https://myideas.pt/" "Mozilla/5.0 (Linux; Android 15; 25028PC03G Build/AP3A.240905.015.A2) AppleWebKit/537.36 (KHTML, like Gecko) Chrome/148.0.7778.179 Mobile Safari/537.36"
