104.198.9.134 - - [06/Jun/2026:22:52:56 +0200] "GET /wp-content/uploads/2025/03/MYIDEAS_PAROQUIA_TELHEIRAS_WEBSITE_1.jpg HTTP/1.1" 200 141123 "-" "Mozilla/5.0 (X11; Linux x86_64) AppleWebKit/537.36 (KHTML, like Gecko) Chrome/91.0.4472.114 Safari/537.36"
85.208.96.202 - - [06/Jun/2026:22:53:10 +0200] "GET /pt/portfolio/bso-consulting-branding/ HTTP/1.1" 200 19137 "-" "Mozilla/5.0 (compatible; SemrushBot/7~bl; +http://www.semrush.com/bot.html)"
51.68.107.149 - - [06/Jun/2026:22:53:47 +0200] "GET /robots.txt HTTP/1.1" 200 986 "-" "Mozilla/5.0 (compatible; MJ12bot/v2.0.5; http://mj12bot.com/)"
51.68.107.149 - - [06/Jun/2026:22:53:47 +0200] "GET / HTTP/1.1" 200 24292 "-" "Mozilla/5.0 (compatible; MJ12bot/v2.0.5; http://mj12bot.com/)"
223.109.255.223 - - [06/Jun/2026:22:57:29 +0200] "GET /wp-content/uploads/2024/06/faculdade_motricidade_humana_clientes_myideas_1.png HTTP/1.1" 404 146 "http://pic.sogou.com" "Sogou Pic Spider/3.0(+http://www.sogou.com/docs/help/webmasters.htm#07)"
20.84.145.61 - - [06/Jun/2026:22:57:38 +0200] "GET / HTTP/1.1" 400 248 "-" "Mozilla/5.0 zgrab/0.x"
20.84.145.61 - - [06/Jun/2026:22:57:38 +0200] "MGLNDD_75.119.139.177_443" 400 150 "-" "-"
75.119.139.177 - - [06/Jun/2026:22:58:06 +0200] "POST /wp-cron.php?doing_wp_cron=1780779486.2736589908599853515625 HTTP/1.1" 200 31 "-" "WordPress/7.0; https://myideas.pt"
43.135.145.77 - - [06/Jun/2026:22:58:06 +0200] "GET /portfolio/hosy/ HTTP/1.1" 200 18850 "-" "Mozilla/5.0 (iPhone; CPU iPhone OS 13_2_3 like Mac OS X) AppleWebKit/605.1.15 (KHTML, like Gecko) Version/13.0.3 Mobile/15E148 Safari/604.1"
47.128.31.237 - - [06/Jun/2026:22:58:27 +0200] "GET /news/ HTTP/1.1" 200 16135 "-" "Mozilla/5.0 (Linux; Android 5.0) AppleWebKit/537.36 (KHTML, like Gecko) Mobile Safari/537.36 (compatible; Bytespider; spider-feedback@bytedance.com)"
47.128.31.237 - - [06/Jun/2026:22:58:28 +0200] "GET /wp-content/uploads/AEO_ZERO_CLICK_SEARCH.jpg HTTP/1.1" 206 500 "https://myideas.pt/news/" "Mozilla/5.0 (Linux; Android 5.0) AppleWebKit/537.36 (KHTML, like Gecko) Mobile Safari/537.36 (compatible; Bytespider; spider-feedback@bytedance.com)"
47.128.31.237 - - [06/Jun/2026:22:58:28 +0200] "GET /wp-content/uploads/AEO_ZERO_CLICK_SEARCH.jpg HTTP/1.1" 304 0 "https://myideas.pt/news/" "Mozilla/5.0 (Linux; Android 5.0) AppleWebKit/537.36 (KHTML, like Gecko) Mobile Safari/537.36 (compatible; Bytespider; spider-feedback@bytedance.com)"
47.128.31.237 - - [06/Jun/2026:22:58:29 +0200] "GET /wp-content/uploads/AEO_ZERO_CLICK_SEARCH.jpg HTTP/1.1" 206 294731 "https://myideas.pt/news/" "Mozilla/5.0 (Linux; Android 5.0) AppleWebKit/537.36 (KHTML, like Gecko) Mobile Safari/537.36 (compatible; Bytespider; spider-feedback@bytedance.com)"
47.128.31.237 - - [06/Jun/2026:22:58:30 +0200] "GET /wp-content/uploads/2025/11/AI_ON_COPYWRITING_MYIDEAS.jpg HTTP/1.1" 206 500 "https://myideas.pt/news/" "Mozilla/5.0 (Linux; Android 5.0) AppleWebKit/537.36 (KHTML, like Gecko) Mobile Safari/537.36 (compatible; Bytespider; spider-feedback@bytedance.com)"
75.119.139.177 - - [06/Jun/2026:22:58:51 +0200] "POST /wp-cron.php?doing_wp_cron=1780779531.4442050457000732421875 HTTP/1.1" 200 31 "-" "WordPress/7.0; https://myideas.pt"
206.189.127.129 - - [06/Jun/2026:22:58:51 +0200] "HEAD / HTTP/1.1" 301 0 "-" "downnotifier.com monitoring"
206.189.127.129 - - [06/Jun/2026:22:58:52 +0200] "HEAD / HTTP/1.1" 200 0 "-" "downnotifier.com monitoring"
75.119.139.177 - - [06/Jun/2026:22:59:42 +0200] "POST /wp-cron.php?doing_wp_cron=1780779582.6256830692291259765625 HTTP/1.1" 200 31 "-" "WordPress/7.0; https://myideas.pt"
51.89.39.36 - - [06/Jun/2026:22:59:42 +0200] "GET /doors-test-article HTTP/1.1" 404 66652 "-" "Mozilla/5.0 (Macintosh; Intel Mac OS X 10_15_7) AppleWebKit/537.36 (KHTML, like Gecko) Chrome/147.0.0.0 Safari/537.36"
75.119.139.177 - - [06/Jun/2026:23:00:24 +0200] "POST /wp-cron.php?doing_wp_cron=1780779624.2327909469604492187500 HTTP/1.1" 200 31 "-" "WordPress/7.0; https://myideas.pt"
104.236.216.73 - - [06/Jun/2026:23:00:24 +0200] "HEAD / HTTP/1.1" 200 0 "-" "downnotifier.com monitoring"
216.73.217.122 - - [06/Jun/2026:23:02:46 +0200] "GET /robots.txt HTTP/1.1" 200 986 "-" "Mozilla/5.0 AppleWebKit/537.36 (KHTML, like Gecko; compatible; ClaudeBot/1.0; +claudebot@anthropic.com)"
75.119.139.177 - - [06/Jun/2026:23:02:47 +0200] "POST /wp-cron.php?doing_wp_cron=1780779767.3801999092102050781250 HTTP/1.1" 200 31 "-" "WordPress/7.0; https://myideas.pt"
216.73.217.122 - - [06/Jun/2026:23:02:47 +0200] "GET /sitemap-hot-2268152.xml HTTP/1.1" 404 13930 "-" "Mozilla/5.0 AppleWebKit/537.36 (KHTML, like Gecko; compatible; ClaudeBot/1.0; +claudebot@anthropic.com)"
216.73.217.122 - - [06/Jun/2026:23:03:14 +0200] "GET /sitemap-hot-2274152.xml HTTP/1.1" 404 13928 "-" "Mozilla/5.0 AppleWebKit/537.36 (KHTML, like Gecko; compatible; ClaudeBot/1.0; +claudebot@anthropic.com)"
75.119.139.177 - - [06/Jun/2026:23:03:17 +0200] "POST /wp-cron.php?doing_wp_cron=1780779797.7637119293212890625000 HTTP/1.1" 200 31 "-" "WordPress/7.0; https://myideas.pt"
216.73.217.122 - - [06/Jun/2026:23:03:17 +0200] "GET /sitemap-hot-2276152.xml HTTP/1.1" 404 13930 "-" "Mozilla/5.0 AppleWebKit/537.36 (KHTML, like Gecko; compatible; ClaudeBot/1.0; +claudebot@anthropic.com)"
216.73.217.122 - - [06/Jun/2026:23:03:35 +0200] "GET /sitemap-hot-2282152.xml HTTP/1.1" 404 13930 "-" "Mozilla/5.0 AppleWebKit/537.36 (KHTML, like Gecko; compatible; ClaudeBot/1.0; +claudebot@anthropic.com)"
35.252.151.155 - - [06/Jun/2026:23:03:53 +0200] "GET /wp-content/uploads/2024/07/MYIDEAS_BRIGHTEN_CONSULTING_WEBSITE_4.jpg HTTP/1.1" 200 387997 "-" "Mozilla/5.0 (X11; Linux x86_64) AppleWebKit/537.36 (KHTML, like Gecko) Chrome/91.0.4472.114 Safari/537.36"
43.164.197.117 - - [06/Jun/2026:23:06:00 +0200] "GET /google-ads/ HTTP/1.1" 200 15212 "-" "Mozilla/5.0 (iPhone; CPU iPhone OS 13_2_3 like Mac OS X) AppleWebKit/605.1.15 (KHTML, like Gecko) Version/13.0.3 Mobile/15E148 Safari/604.1"
75.119.139.177 - - [06/Jun/2026:23:07:32 +0200] "POST /wp-cron.php?doing_wp_cron=1780780052.9223389625549316406250 HTTP/1.1" 200 31 "-" "WordPress/7.0; https://myideas.pt"
209.141.58.150 - - [06/Jun/2026:23:07:32 +0200] "GET /wp-login.php HTTP/1.1" 200 6744 "-" "Mozilla/5.0 (X11; Ubuntu; Linux x86_64; rv:30.0) Gecko/20100101 Firefox/30.0"
75.119.139.177 - - [06/Jun/2026:23:08:51 +0200] "POST /wp-cron.php?doing_wp_cron=1780780131.4353699684143066406250 HTTP/1.1" 200 31 "-" "WordPress/7.0; https://myideas.pt"
37.97.137.40 - - [06/Jun/2026:23:08:51 +0200] "HEAD / HTTP/1.1" 301 0 "-" "downnotifier.com monitoring"
37.97.137.40 - - [06/Jun/2026:23:08:52 +0200] "HEAD / HTTP/1.1" 200 0 "-" "downnotifier.com monitoring"
216.73.217.122 - - [06/Jun/2026:23:09:04 +0200] "GET /sitemap-hot-2270152.xml HTTP/1.1" 404 13928 "-" "Mozilla/5.0 AppleWebKit/537.36 (KHTML, like Gecko; compatible; ClaudeBot/1.0; +claudebot@anthropic.com)"
157.55.39.62 - - [06/Jun/2026:23:09:06 +0200] "GET /portfolio/angola-economic-outlook HTTP/1.1" 301 5 "-" "Mozilla/5.0 AppleWebKit/537.36 (KHTML, like Gecko; compatible; bingbot/2.0; +http://www.bing.com/bingbot.htm) Chrome/116.0.1938.76 Safari/537.36"
216.73.217.122 - - [06/Jun/2026:23:09:06 +0200] "GET /sitemap-hot-2266152.xml HTTP/1.1" 404 13930 "-" "Mozilla/5.0 AppleWebKit/537.36 (KHTML, like Gecko; compatible; ClaudeBot/1.0; +claudebot@anthropic.com)"
157.55.39.62 - - [06/Jun/2026:23:09:08 +0200] "GET /portfolio/angola-economic-outlook/ HTTP/1.1" 200 18608 "-" "Mozilla/5.0 AppleWebKit/537.36 (KHTML, like Gecko; compatible; bingbot/2.0; +http://www.bing.com/bingbot.htm) Chrome/116.0.1938.76 Safari/537.36"
75.119.139.177 - - [06/Jun/2026:23:09:28 +0200] "POST /wp-cron.php?doing_wp_cron=1780780168.7887148857116699218750 HTTP/1.1" 200 31 "-" "WordPress/7.0; https://myideas.pt"
216.73.217.122 - - [06/Jun/2026:23:09:28 +0200] "GET /sitemap-hot-2278152.xml HTTP/1.1" 404 13930 "-" "Mozilla/5.0 AppleWebKit/537.36 (KHTML, like Gecko; compatible; ClaudeBot/1.0; +claudebot@anthropic.com)"
209.141.58.150 - - [06/Jun/2026:23:10:03 +0200] "POST /wp-login.php HTTP/1.1" 200 7137 "-" "Mozilla/5.0 (X11; Ubuntu; Linux x86_64; rv:30.0) Gecko/20100101 Firefox/30.0"
75.119.139.177 - - [06/Jun/2026:23:10:22 +0200] "POST /wp-cron.php?doing_wp_cron=1780780222.1987628936767578125000 HTTP/1.1" 200 31 "-" "WordPress/7.0; https://myideas.pt"
216.73.217.122 - - [06/Jun/2026:23:10:22 +0200] "GET /sitemapmobileindex.xml HTTP/1.1" 404 13923 "-" "Mozilla/5.0 AppleWebKit/537.36 (KHTML, like Gecko; compatible; ClaudeBot/1.0; +claudebot@anthropic.com)"
185.191.171.14 - - [06/Jun/2026:23:10:25 +0200] "GET /robots.txt HTTP/1.1" 200 986 "-" "Mozilla/5.0 (compatible; SemrushBot/7~bl; +http://www.semrush.com/bot.html)"
149.28.73.26 - - [06/Jun/2026:23:10:27 +0200] "HEAD / HTTP/1.1" 200 0 "-" "downnotifier.com monitoring"
185.191.171.6 - - [06/Jun/2026:23:10:27 +0200] "GET /pt/portfolio/alma-branding/ HTTP/1.1" 200 19478 "-" "Mozilla/5.0 (compatible; SemrushBot/7~bl; +http://www.semrush.com/bot.html)"
216.73.217.122 - - [06/Jun/2026:23:10:28 +0200] "GET /sitemap-hot-2284152.xml HTTP/1.1" 404 13930 "-" "Mozilla/5.0 AppleWebKit/537.36 (KHTML, like Gecko; compatible; ClaudeBot/1.0; +claudebot@anthropic.com)"
216.73.217.122 - - [06/Jun/2026:23:10:30 +0200] "GET /sitemap-hot-2292152.xml HTTP/1.1" 404 13928 "-" "Mozilla/5.0 AppleWebKit/537.36 (KHTML, like Gecko; compatible; ClaudeBot/1.0; +claudebot@anthropic.com)"
216.73.217.122 - - [06/Jun/2026:23:10:49 +0200] "GET /sitemap.xml HTTP/1.1" 301 5 "-" "Mozilla/5.0 AppleWebKit/537.36 (KHTML, like Gecko; compatible; ClaudeBot/1.0; +claudebot@anthropic.com)"
216.73.217.122 - - [06/Jun/2026:23:10:50 +0200] "GET /sitemap_index.xml HTTP/1.1" 200 348 "https://myideas.pt/sitemap.xml" "Mozilla/5.0 AppleWebKit/537.36 (KHTML, like Gecko; compatible; ClaudeBot/1.0; +claudebot@anthropic.com)"
75.119.139.177 - - [06/Jun/2026:23:11:51 +0200] "POST /wp-cron.php?doing_wp_cron=1780780311.5045700073242187500000 HTTP/1.1" 200 31 "-" "WordPress/7.0; https://myideas.pt"
216.73.217.122 - - [06/Jun/2026:23:11:51 +0200] "GET /sitemap-hot-2290152.xml HTTP/1.1" 404 13928 "-" "Mozilla/5.0 AppleWebKit/537.36 (KHTML, like Gecko; compatible; ClaudeBot/1.0; +claudebot@anthropic.com)"
216.73.217.122 - - [06/Jun/2026:23:12:08 +0200] "GET /sitemap-hot-2296152.xml HTTP/1.1" 404 13930 "-" "Mozilla/5.0 AppleWebKit/537.36 (KHTML, like Gecko; compatible; ClaudeBot/1.0; +claudebot@anthropic.com)"
75.119.139.177 - - [06/Jun/2026:23:12:39 +0200] "POST /wp-cron.php?doing_wp_cron=1780780359.5317180156707763671875 HTTP/1.1" 200 31 "-" "WordPress/7.0; https://myideas.pt"
216.73.217.122 - - [06/Jun/2026:23:12:39 +0200] "GET /sitemapindex.xml HTTP/1.1" 404 13921 "-" "Mozilla/5.0 AppleWebKit/537.36 (KHTML, like Gecko; compatible; ClaudeBot/1.0; +claudebot@anthropic.com)"
75.119.139.177 - - [06/Jun/2026:23:13:36 +0200] "POST /wp-cron.php?doing_wp_cron=1780780416.8685660362243652343750 HTTP/1.1" 200 31 "-" "WordPress/7.0; https://myideas.pt"
216.73.217.122 - - [06/Jun/2026:23:13:36 +0200] "GET /sitemap-hot-2272152.xml HTTP/1.1" 404 13928 "-" "Mozilla/5.0 AppleWebKit/537.36 (KHTML, like Gecko; compatible; ClaudeBot/1.0; +claudebot@anthropic.com)"
216.73.217.122 - - [06/Jun/2026:23:13:45 +0200] "GET /sitemap-hot-2288152.xml HTTP/1.1" 404 13930 "-" "Mozilla/5.0 AppleWebKit/537.36 (KHTML, like Gecko; compatible; ClaudeBot/1.0; +claudebot@anthropic.com)"
75.119.139.177 - - [06/Jun/2026:23:15:24 +0200] "POST /wp-cron.php?doing_wp_cron=1780780524.5467839241027832031250 HTTP/1.1" 200 31 "-" "WordPress/7.0; https://myideas.pt"
216.73.217.122 - - [06/Jun/2026:23:15:24 +0200] "GET /sitemap-hot-2280152.xml HTTP/1.1" 404 13930 "-" "Mozilla/5.0 AppleWebKit/537.36 (KHTML, like Gecko; compatible; ClaudeBot/1.0; +claudebot@anthropic.com)"
216.73.217.122 - - [06/Jun/2026:23:15:37 +0200] "GET /sitemap-hot-2286152.xml HTTP/1.1" 404 13930 "-" "Mozilla/5.0 AppleWebKit/537.36 (KHTML, like Gecko; compatible; ClaudeBot/1.0; +claudebot@anthropic.com)"
75.119.139.177 - - [06/Jun/2026:23:16:16 +0200] "POST /wp-cron.php?doing_wp_cron=1780780576.8226799964904785156250 HTTP/1.1" 200 31 "-" "WordPress/7.0; https://myideas.pt"
216.73.217.122 - - [06/Jun/2026:23:16:16 +0200] "GET /sitemap-hot-2294152.xml HTTP/1.1" 404 13928 "-" "Mozilla/5.0 AppleWebKit/537.36 (KHTML, like Gecko; compatible; ClaudeBot/1.0; +claudebot@anthropic.com)"
43.165.7.135 - - [06/Jun/2026:23:16:51 +0200] "GET /portfolio/map-group-corporate-brochure-2025/ HTTP/1.1" 200 19256 "-" "Mozilla/5.0 (iPhone; CPU iPhone OS 13_2_3 like Mac OS X) AppleWebKit/605.1.15 (KHTML, like Gecko) Version/13.0.3 Mobile/15E148 Safari/604.1"
200.62.70.228 - - [06/Jun/2026:23:17:08 +0200] "GET / HTTP/1.1" 200 24292 "-" "Mozilla/5.0 (Windows NT 10.0; WOW64) AppleWebKit/537.36 (KHTML, like Gecko) Chrome/68.0.3440.75 Safari/537.36"
75.119.139.177 - - [06/Jun/2026:23:17:32 +0200] "POST /wp-cron.php?doing_wp_cron=1780780652.6357769966125488281250 HTTP/1.1" 200 31 "-" "WordPress/7.0; https://myideas.pt"
198.235.24.238 - - [06/Jun/2026:23:17:32 +0200] "GET /wp-login.php HTTP/1.1" 200 6744 "-" "Hello from Palo Alto Networks, find out more about our scans in https://docs-cortex.paloaltonetworks.com/r/1/Cortex-Xpanse/Scanning-activity"
75.119.139.177 - - [06/Jun/2026:23:18:51 +0200] "POST /wp-cron.php?doing_wp_cron=1780780731.7787690162658691406250 HTTP/1.1" 200 31 "-" "WordPress/7.0; https://myideas.pt"
206.189.127.129 - - [06/Jun/2026:23:18:51 +0200] "HEAD / HTTP/1.1" 301 0 "-" "downnotifier.com monitoring"
206.189.127.129 - - [06/Jun/2026:23:18:52 +0200] "HEAD / HTTP/1.1" 200 0 "-" "downnotifier.com monitoring"
75.119.139.177 - - [06/Jun/2026:23:20:28 +0200] "POST /wp-cron.php?doing_wp_cron=1780780828.3519999980926513671875 HTTP/1.1" 200 31 "-" "WordPress/7.0; https://myideas.pt"
108.61.201.55 - - [06/Jun/2026:23:20:28 +0200] "HEAD / HTTP/1.1" 200 0 "-" "downnotifier.com monitoring"
134.209.252.42 - - [06/Jun/2026:23:20:45 +0200] "GET / HTTP/1.1" 400 248 "-" "HTTP Banner Detection (https://security.ipip.net)"
75.119.139.177 - - [06/Jun/2026:23:24:49 +0200] "POST /wp-cron.php?doing_wp_cron=1780781089.6911830902099609375000 HTTP/1.1" 200 31 "-" "WordPress/7.0; https://myideas.pt"
34.192.67.98 - - [06/Jun/2026:23:24:49 +0200] "GET /branding/ HTTP/1.1" 200 15687 "-" "Mozilla/5.0 AppleWebKit/537.36 (KHTML, like Gecko; compatible; Amazonbot/0.1; +https://developer.amazon.com/support/amazonbot) Chrome/119.0.6045.214 Safari/537.36"
75.119.139.177 - - [06/Jun/2026:23:28:15 +0200] "POST /wp-cron.php?doing_wp_cron=1780781295.5939350128173828125000 HTTP/1.1" 200 31 "-" "WordPress/7.0; https://myideas.pt"
43.133.42.227 - - [06/Jun/2026:23:28:15 +0200] "GET /portfolio/urbanos/ HTTP/1.1" 200 18377 "-" "Mozilla/5.0 (iPhone; CPU iPhone OS 13_2_3 like Mac OS X) AppleWebKit/605.1.15 (KHTML, like Gecko) Version/13.0.3 Mobile/15E148 Safari/604.1"
37.97.137.40 - - [06/Jun/2026:23:28:51 +0200] "HEAD / HTTP/1.1" 301 0 "-" "downnotifier.com monitoring"
37.97.137.40 - - [06/Jun/2026:23:28:52 +0200] "HEAD / HTTP/1.1" 200 0 "-" "downnotifier.com monitoring"
134.209.252.42 - - [06/Jun/2026:23:29:01 +0200] "GET / HTTP/1.1" 301 5 "-" "HTTP Banner Detection (https://security.ipip.net)"
134.209.252.42 - - [06/Jun/2026:23:29:01 +0200] "GET / HTTP/1.1" 200 172309 "-" "HTTP Banner Detection (https://security.ipip.net)"
75.119.139.177 - - [06/Jun/2026:23:30:29 +0200] "POST /wp-cron.php?doing_wp_cron=1780781429.1983139514923095703125 HTTP/1.1" 200 31 "-" "WordPress/7.0; https://myideas.pt"
206.189.127.129 - - [06/Jun/2026:23:30:29 +0200] "HEAD / HTTP/1.1" 200 0 "-" "downnotifier.com monitoring"
62.193.192.120 - - [06/Jun/2026:23:30:52 +0200] "GET /.well-known/acme-challenge/RZDAVDX2RP1R1ITE6FZPP024MK8VVLRY HTTP/1.1" 404 66870 "-" "Cpanel-HTTP-Client/1.0"
62.193.192.120 - - [06/Jun/2026:23:31:01 +0200] "GET /.well-known/acme-challenge/1SFOTX9TKQG0FNLTGNIB7P_7M910Q16_ HTTP/1.1" 301 5 "-" "Cpanel-HTTP-Client/1.0"
62.193.192.120 - - [06/Jun/2026:23:31:02 +0200] "GET /.well-known/acme-challenge/1SFOTX9TKQG0FNLTGNIB7P_7M910Q16_ HTTP/1.1" 404 66870 "-" "Cpanel-HTTP-Client/1.0"
75.119.139.177 - - [06/Jun/2026:23:31:28 +0200] "POST /wp-cron.php?doing_wp_cron=1780781488.8787379264831542968750 HTTP/1.1" 200 31 "-" "WordPress/7.0; https://myideas.pt"
113.183.130.28 - - [06/Jun/2026:23:31:28 +0200] "GET /what-is-geo/ HTTP/1.1" 200 21094 "-" "Mozilla/5.0 (Windows NT 10.0; Win64; x64) AppleWebKit/537.36 (KHTML, like Gecko) Chrome/80.0.3987.132 Safari/537.36"
75.119.139.177 - - [06/Jun/2026:23:33:34 +0200] "POST /wp-cron.php?doing_wp_cron=1780781614.7384579181671142578125 HTTP/1.1" 200 31 "-" "WordPress/7.0; https://myideas.pt"
45.61.186.169 - - [06/Jun/2026:23:33:34 +0200] "GET /wp-login.php HTTP/1.1" 200 6744 "-" "Mozilla/5.0 (Windows NT 10.0; ARM64; rv:115.0) Gecko/20100101 Firefox/115.0"
45.61.186.169 - - [06/Jun/2026:23:33:38 +0200] "POST /wp-login.php HTTP/1.1" 200 7137 "-" "Mozilla/5.0 (Windows NT 10.0; ARM64; rv:115.0) Gecko/20100101 Firefox/115.0"
173.252.82.20 - - [06/Jun/2026:23:34:34 +0200] "GET /robots.txt HTTP/1.1" 206 986 "-" "facebookexternalhit/1.1 (+http://www.facebook.com/externalhit_uatext.php)"
75.119.139.177 - - [06/Jun/2026:23:34:41 +0200] "POST /wp-cron.php?doing_wp_cron=1780781681.0873379707336425781250 HTTP/1.1" 200 31 "-" "WordPress/7.0; https://myideas.pt"
57.141.20.2 - - [06/Jun/2026:23:34:41 +0200] "GET / HTTP/1.1" 301 5 "-" "meta-externalagent/1.1 (+https://developers.facebook.com/docs/sharing/webmasters/crawler)"
75.119.139.177 - - [06/Jun/2026:23:35:40 +0200] "POST /wp-cron.php?doing_wp_cron=1780781740.5173299312591552734375 HTTP/1.1" 200 31 "-" "WordPress/7.0; https://myideas.pt"
213.171.208.232 - - [06/Jun/2026:23:35:40 +0200] "POST /xmlrpc.php HTTP/1.1" 200 236 "-" "Mozilla/5.0 (Windows NT 10.0; Win64; x64) AppleWebKit/537.36 (KHTML, like Gecko) Chrome/133.0.0.0 Safari/537.36"
185.211.94.76 - - [06/Jun/2026:23:36:22 +0200] "POST /cgi-bin/.%2e/.%2e/.%2e/.%2e/.%2e/.%2e/.%2e/.%2e/.%2e/.%2e/bin/sh HTTP/1.1" 400 150 "-" "-"
185.211.94.76 - - [06/Jun/2026:23:36:22 +0200] "POST /cgi-bin/%%32%65%%32%65/%%32%65%%32%65/%%32%65%%32%65/%%32%65%%32%65/%%32%65%%32%65/%%32%65%%32%65/%%32%65%%32%65/bin/sh HTTP/1.1" 400 150 "-" "-"
75.119.139.177 - - [06/Jun/2026:23:36:24 +0200] "POST /wp-cron.php?doing_wp_cron=1780781784.0276789665222167968750 HTTP/1.1" 200 31 "-" "WordPress/7.0; https://myideas.pt"
185.211.94.76 - - [06/Jun/2026:23:36:24 +0200] "POST /hello.world?%ADd+allow_url_include%3d1+%ADd+auto_prepend_file%3dphp://input HTTP/1.1" 404 70795 "-" "libredtail-http"
43.166.128.86 - - [06/Jun/2026:23:37:41 +0200] "GET /portfolio/uenji/ HTTP/1.1" 200 18631 "-" "Mozilla/5.0 (iPhone; CPU iPhone OS 13_2_3 like Mac OS X) AppleWebKit/605.1.15 (KHTML, like Gecko) Version/13.0.3 Mobile/15E148 Safari/604.1"
75.119.139.177 - - [06/Jun/2026:23:38:18 +0200] "POST /wp-cron.php?doing_wp_cron=1780781898.4832189083099365234375 HTTP/1.1" 200 31 "-" "WordPress/7.0; https://myideas.pt"
57.141.20.42 - - [06/Jun/2026:23:38:18 +0200] "GET /marketing-should-feel-like-leadership-not-pressure/ HTTP/1.1" 200 104838 "-" "meta-externalagent/1.1 (+https://developers.facebook.com/docs/sharing/webmasters/crawler)"
206.189.127.129 - - [06/Jun/2026:23:38:51 +0200] "HEAD / HTTP/1.1" 301 0 "-" "downnotifier.com monitoring"
206.189.127.129 - - [06/Jun/2026:23:38:52 +0200] "HEAD / HTTP/1.1" 200 0 "-" "downnotifier.com monitoring"
66.249.79.130 - - [06/Jun/2026:23:39:15 +0200] "GET /pt/gestao-de-redes-sociais/ HTTP/1.1" 200 15742 "-" "Mozilla/5.0 (Linux; Android 6.0.1; Nexus 5X Build/MMB29P) AppleWebKit/537.36 (KHTML, like Gecko) Chrome/148.0.7778.96 Mobile Safari/537.36 (compatible; Googlebot/2.1; +http://www.google.com/bot.html)"
66.249.79.130 - - [06/Jun/2026:23:39:19 +0200] "GET /wp-content/uploads/2024/06/COMMUNITY_MANAGEMENT.svg HTTP/1.1" 200 1371 "https://myideas.pt/pt/gestao-de-redes-sociais/" "Mozilla/5.0 (Linux; Android 6.0.1; Nexus 5X Build/MMB29P) AppleWebKit/537.36 (KHTML, like Gecko) Chrome/148.0.7778.96 Mobile Safari/537.36 (compatible; Googlebot/2.1; +http://www.google.com/bot.html)"
66.249.79.130 - - [06/Jun/2026:23:39:19 +0200] "GET /wp-content/uploads/2024/06/PLATFORM_STRATEGY.svg HTTP/1.1" 200 1238 "https://myideas.pt/pt/gestao-de-redes-sociais/" "Mozilla/5.0 (Linux; Android 6.0.1; Nexus 5X Build/MMB29P) AppleWebKit/537.36 (KHTML, like Gecko) Chrome/148.0.7778.96 Mobile Safari/537.36 (compatible; Googlebot/2.1; +http://www.google.com/bot.html)"
66.249.79.129 - - [06/Jun/2026:23:39:19 +0200] "GET /wp-content/uploads/2024/06/PAID_SOCIAL_ADVERTISING_1.svg HTTP/1.1" 200 1808 "https://myideas.pt/pt/gestao-de-redes-sociais/" "Mozilla/5.0 (Linux; Android 6.0.1; Nexus 5X Build/MMB29P) AppleWebKit/537.36 (KHTML, like Gecko) Chrome/148.0.7778.96 Mobile Safari/537.36 (compatible; Googlebot/2.1; +http://www.google.com/bot.html)"
66.249.79.130 - - [06/Jun/2026:23:39:20 +0200] "GET /wp-content/uploads/2024/06/CONTENT_CREATION_CURATION.svg HTTP/1.1" 200 783 "https://myideas.pt/pt/gestao-de-redes-sociais/" "Mozilla/5.0 (Linux; Android 6.0.1; Nexus 5X Build/MMB29P) AppleWebKit/537.36 (KHTML, like Gecko) Chrome/148.0.7778.96 Mobile Safari/537.36 (compatible; Googlebot/2.1; +http://www.google.com/bot.html)"
66.249.79.130 - - [06/Jun/2026:23:39:20 +0200] "GET /wp-content/uploads/2024/05/MYIDEAS_LOGO_BLACK.svg HTTP/1.1" 200 748 "https://myideas.pt/pt/gestao-de-redes-sociais/" "Mozilla/5.0 (Linux; Android 6.0.1; Nexus 5X Build/MMB29P) AppleWebKit/537.36 (KHTML, like Gecko) Chrome/148.0.7778.96 Mobile Safari/537.36 (compatible; Googlebot/2.1; +http://www.google.com/bot.html)"
75.119.139.177 - - [06/Jun/2026:23:39:22 +0200] "POST /wp-cron.php?doing_wp_cron=1780781962.1998829841613769531250 HTTP/1.1" 200 31 "-" "WordPress/7.0; https://myideas.pt"
45.132.227.77 - - [06/Jun/2026:23:39:22 +0200] "GET /wp-login.php HTTP/1.1" 200 2256 "-" "Mozilla/5.0 (Macintosh; Intel Mac OS X 10_15_7) AppleWebKit/605.1.15 Version/17.0 Safari/605.1.15"
45.132.227.77 - - [06/Jun/2026:23:39:23 +0200] "GET /?author=1 HTTP/1.1" 200 14910 "-" "Mozilla/5.0 (Macintosh; Intel Mac OS X 10_15_7) AppleWebKit/605.1.15 Version/17.0 Safari/605.1.15"
45.132.227.77 - - [06/Jun/2026:23:39:24 +0200] "GET /?rest_route=/wp/v2/users HTTP/1.1" 200 339 "-" "Mozilla/5.0 (Windows NT 10.0; Win64; rv:143.0) Gecko/20100101 Firefox/143.0"
75.119.139.177 - - [06/Jun/2026:23:40:30 +0200] "POST /wp-cron.php?doing_wp_cron=1780782030.4853730201721191406250 HTTP/1.1" 200 31 "-" "WordPress/7.0; https://myideas.pt"
149.28.73.26 - - [06/Jun/2026:23:40:30 +0200] "HEAD / HTTP/1.1" 200 0 "-" "downnotifier.com monitoring"
41.116.175.238 - - [06/Jun/2026:23:40:57 +0200] "GET /pt/portfolio/eurest-livro-de-receitas/ HTTP/1.1" 200 19027 "-" "Mozilla/5.0 (Windows NT 10.0; Win64; x64) AppleWebKit/537.36 (KHTML, like Gecko) Chrome/68.0.3440.106 Safari/537.36"
114.119.146.70 - - [06/Jun/2026:23:42:54 +0200] "GET /robots.txt HTTP/1.1" 200 986 "-" "Mozilla/5.0 (compatible;PetalBot;+https://webmaster.petalsearch.com/site/petalbot)"
75.119.139.177 - - [06/Jun/2026:23:47:06 +0200] "POST /wp-cron.php?doing_wp_cron=1780782426.5815539360046386718750 HTTP/1.1" 200 31 "-" "WordPress/7.0; https://myideas.pt"
43.134.111.60 - - [06/Jun/2026:23:47:06 +0200] "GET /portfolio/cme-ramais-landing-page/ HTTP/1.1" 200 18558 "-" "Mozilla/5.0 (iPhone; CPU iPhone OS 13_2_3 like Mac OS X) AppleWebKit/605.1.15 (KHTML, like Gecko) Version/13.0.3 Mobile/15E148 Safari/604.1"
75.119.139.177 - - [06/Jun/2026:23:48:51 +0200] "POST /wp-cron.php?doing_wp_cron=1780782531.9166150093078613281250 HTTP/1.1" 200 31 "-" "WordPress/7.0; https://myideas.pt"
37.97.137.40 - - [06/Jun/2026:23:48:51 +0200] "HEAD / HTTP/1.1" 301 0 "-" "downnotifier.com monitoring"
37.97.137.40 - - [06/Jun/2026:23:48:52 +0200] "HEAD / HTTP/1.1" 200 0 "-" "downnotifier.com monitoring"
75.119.139.177 - - [06/Jun/2026:23:50:31 +0200] "POST /wp-cron.php?doing_wp_cron=1780782631.6311779022216796875000 HTTP/1.1" 200 31 "-" "WordPress/7.0; https://myideas.pt"
108.61.201.55 - - [06/Jun/2026:23:50:31 +0200] "HEAD / HTTP/1.1" 200 0 "-" "downnotifier.com monitoring"
51.68.107.138 - - [06/Jun/2026:23:52:51 +0200] "GET /robots.txt HTTP/1.1" 200 986 "-" "Mozilla/5.0 (compatible; MJ12bot/v2.0.5; http://mj12bot.com/)"
51.68.107.138 - - [06/Jun/2026:23:52:51 +0200] "GET / HTTP/1.1" 200 24292 "-" "Mozilla/5.0 (compatible; MJ12bot/v2.0.5; http://mj12bot.com/)"
75.119.139.177 - - [06/Jun/2026:23:52:52 +0200] "POST /wp-cron.php?doing_wp_cron=1780782772.0565750598907470703125 HTTP/1.1" 200 31 "-" "WordPress/7.0; https://myideas.pt"
156.245.205.34 - - [06/Jun/2026:23:52:52 +0200] "GET / HTTP/1.1" 301 5 "-" "Mozilla/5.0 (Linux; Android 11; CPH2185) AppleWebKit/537.36 (KHTML, like Gecko) Chrome/91.0.4472.101 Mobile Safari/537.36"
156.245.205.34 - - [06/Jun/2026:23:52:53 +0200] "GET / HTTP/1.1" 200 24292 "-" "Mozilla/5.0 (Linux; Android 11; CPH2185) AppleWebKit/537.36 (KHTML, like Gecko) Chrome/91.0.4472.101 Mobile Safari/537.36"
216.73.217.122 - - [06/Jun/2026:23:53:04 +0200] "GET /sitemap-hot-2282152.xml HTTP/1.1" 404 13930 "-" "Mozilla/5.0 AppleWebKit/537.36 (KHTML, like Gecko; compatible; ClaudeBot/1.0; +claudebot@anthropic.com)"
45.61.187.176 - - [06/Jun/2026:23:53:11 +0200] "GET /wp-login.php HTTP/1.1" 200 6744 "-" "Mozilla/5.0 (Windows NT 10.0; Win64; x64) AppleWebKit/537.36 (KHTML, like Gecko) Chrome/146.0.0.0 Safari/537.36 Edg/146.0.0.0"
45.61.187.176 - - [06/Jun/2026:23:53:12 +0200] "POST /wp-login.php HTTP/1.1" 200 7137 "-" "Mozilla/5.0 (Windows NT 10.0; Win64; x64) AppleWebKit/537.36 (KHTML, like Gecko) Chrome/146.0.0.0 Safari/537.36 Edg/146.0.0.0"
75.119.139.177 - - [06/Jun/2026:23:54:26 +0200] "POST /wp-cron.php?doing_wp_cron=1780782866.9582951068878173828125 HTTP/1.1" 200 31 "-" "WordPress/7.0; https://myideas.pt"
216.73.217.122 - - [06/Jun/2026:23:54:26 +0200] "GET /sitemap-hot-2280152.xml HTTP/1.1" 404 13930 "-" "Mozilla/5.0 AppleWebKit/537.36 (KHTML, like Gecko; compatible; ClaudeBot/1.0; +claudebot@anthropic.com)"
216.73.217.122 - - [06/Jun/2026:23:54:32 +0200] "GET /sitemapmobileindex.xml HTTP/1.1" 404 13923 "-" "Mozilla/5.0 AppleWebKit/537.36 (KHTML, like Gecko; compatible; ClaudeBot/1.0; +claudebot@anthropic.com)"
75.119.139.177 - - [06/Jun/2026:23:55:21 +0200] "POST /wp-cron.php?doing_wp_cron=1780782921.5182249546051025390625 HTTP/1.1" 200 31 "-" "WordPress/7.0; https://myideas.pt"
216.73.217.122 - - [06/Jun/2026:23:55:21 +0200] "GET /sitemap-hot-2294152.xml HTTP/1.1" 404 13928 "-" "Mozilla/5.0 AppleWebKit/537.36 (KHTML, like Gecko; compatible; ClaudeBot/1.0; +claudebot@anthropic.com)"
31.145.16.12 - - [06/Jun/2026:23:55:39 +0200] "GET /wp-content/uploads/2024/06/WORLD_IT_CLIENTES_MYIDEAS.png HTTP/1.1" 200 6610 "-" "Mozilla/5.0 (compatible; crawler)"
43.164.190.124 - - [06/Jun/2026:23:56:08 +0200] "GET /portfolio/map-engenharia-corporate-brochure/ HTTP/1.1" 200 18751 "-" "Mozilla/5.0 (iPhone; CPU iPhone OS 13_2_3 like Mac OS X) AppleWebKit/605.1.15 (KHTML, like Gecko) Version/13.0.3 Mobile/15E148 Safari/604.1"
216.73.217.122 - - [06/Jun/2026:23:56:10 +0200] "GET /sitemap-hot-2278152.xml HTTP/1.1" 404 13930 "-" "Mozilla/5.0 AppleWebKit/537.36 (KHTML, like Gecko; compatible; ClaudeBot/1.0; +claudebot@anthropic.com)"
75.119.139.177 - - [06/Jun/2026:23:56:16 +0200] "POST /wp-cron.php?doing_wp_cron=1780782976.8677420616149902343750 HTTP/1.1" 200 31 "-" "WordPress/7.0; https://myideas.pt"
57.141.20.26 - - [06/Jun/2026:23:56:17 +0200] "GET /category/sem-categoria-en/ HTTP/1.1" 200 78374 "-" "meta-externalagent/1.1 (+https://developers.facebook.com/docs/sharing/webmasters/crawler)"
216.73.217.122 - - [06/Jun/2026:23:56:20 +0200] "GET /sitemapindex.xml HTTP/1.1" 404 13921 "-" "Mozilla/5.0 AppleWebKit/537.36 (KHTML, like Gecko; compatible; ClaudeBot/1.0; +claudebot@anthropic.com)"
216.73.217.122 - - [06/Jun/2026:23:56:22 +0200] "GET /sitemap-hot-2270152.xml HTTP/1.1" 404 13928 "-" "Mozilla/5.0 AppleWebKit/537.36 (KHTML, like Gecko; compatible; ClaudeBot/1.0; +claudebot@anthropic.com)"
43.134.33.236 - - [06/Jun/2026:23:56:26 +0200] "GET / HTTP/1.1" 400 248 "-" "Mozilla/5.0 (iPhone; CPU iPhone OS 13_2_3 like Mac OS X) AppleWebKit/605.1.15 (KHTML, like Gecko) Version/13.0.3 Mobile/15E148 Safari/604.1"
75.119.139.177 - - [06/Jun/2026:23:57:27 +0200] "POST /wp-cron.php?doing_wp_cron=1780783047.1855769157409667968750 HTTP/1.1" 200 31 "-" "WordPress/7.0; https://myideas.pt"
216.73.217.122 - - [06/Jun/2026:23:57:27 +0200] "GET /sitemap-hot-2272152.xml HTTP/1.1" 404 13928 "-" "Mozilla/5.0 AppleWebKit/537.36 (KHTML, like Gecko; compatible; ClaudeBot/1.0; +claudebot@anthropic.com)"
223.109.255.223 - - [06/Jun/2026:23:57:28 +0200] "GET /wp-content/uploads/2024/06/inapem_clientes_myideas.png HTTP/1.1" 404 146 "http://pic.sogou.com" "Sogou Pic Spider/3.0(+http://www.sogou.com/docs/help/webmasters.htm#07)"
216.73.217.122 - - [06/Jun/2026:23:57:54 +0200] "GET /sitemap-hot-2266152.xml HTTP/1.1" 404 13930 "-" "Mozilla/5.0 AppleWebKit/537.36 (KHTML, like Gecko; compatible; ClaudeBot/1.0; +claudebot@anthropic.com)"
75.119.139.177 - - [06/Jun/2026:23:58:17 +0200] "POST /wp-cron.php?doing_wp_cron=1780783097.4141430854797363281250 HTTP/1.1" 200 31 "-" "WordPress/7.0; https://myideas.pt"
216.73.217.122 - - [06/Jun/2026:23:58:17 +0200] "GET /sitemap-hot-2274152.xml HTTP/1.1" 404 13928 "-" "Mozilla/5.0 AppleWebKit/537.36 (KHTML, like Gecko; compatible; ClaudeBot/1.0; +claudebot@anthropic.com)"
216.73.217.122 - - [06/Jun/2026:23:58:19 +0200] "GET /sitemap-hot-2286152.xml HTTP/1.1" 404 13930 "-" "Mozilla/5.0 AppleWebKit/537.36 (KHTML, like Gecko; compatible; ClaudeBot/1.0; +claudebot@anthropic.com)"
216.73.217.122 - - [06/Jun/2026:23:58:22 +0200] "GET /sitemap.xml HTTP/1.1" 301 5 "-" "Mozilla/5.0 AppleWebKit/537.36 (KHTML, like Gecko; compatible; ClaudeBot/1.0; +claudebot@anthropic.com)"
216.73.217.122 - - [06/Jun/2026:23:58:23 +0200] "GET /sitemap_index.xml HTTP/1.1" 200 348 "https://myideas.pt/sitemap.xml" "Mozilla/5.0 AppleWebKit/537.36 (KHTML, like Gecko; compatible; ClaudeBot/1.0; +claudebot@anthropic.com)"
216.73.217.122 - - [06/Jun/2026:23:58:25 +0200] "GET /sitemap-hot-2288152.xml HTTP/1.1" 404 13930 "-" "Mozilla/5.0 AppleWebKit/537.36 (KHTML, like Gecko; compatible; ClaudeBot/1.0; +claudebot@anthropic.com)"
206.189.127.129 - - [06/Jun/2026:23:58:51 +0200] "HEAD / HTTP/1.1" 301 0 "-" "downnotifier.com monitoring"
206.189.127.129 - - [06/Jun/2026:23:58:52 +0200] "HEAD / HTTP/1.1" 200 0 "-" "downnotifier.com monitoring"
75.119.139.177 - - [06/Jun/2026:23:59:46 +0200] "POST /wp-cron.php?doing_wp_cron=1780783186.0805048942565917968750 HTTP/1.1" 200 31 "-" "WordPress/7.0; https://myideas.pt"
77.75.73.26 - - [06/Jun/2026:23:59:46 +0200] "GET /client-journey/ HTTP/1.1" 200 18641 "-" "Mozilla/5.0 (compatible; SeznamBot/4.0; +https://o-seznam.cz/napoveda/vyhledavani/en/seznambot-crawler/)"
216.73.217.122 - - [06/Jun/2026:23:59:53 +0200] "GET /sitemap-hot-2290152.xml HTTP/1.1" 404 13928 "-" "Mozilla/5.0 AppleWebKit/537.36 (KHTML, like Gecko; compatible; ClaudeBot/1.0; +claudebot@anthropic.com)"
216.73.217.122 - - [07/Jun/2026:00:00:07 +0200] "GET /sitemap-hot-2284152.xml HTTP/1.1" 404 13930 "-" "Mozilla/5.0 AppleWebKit/537.36 (KHTML, like Gecko; compatible; ClaudeBot/1.0; +claudebot@anthropic.com)"
216.73.217.122 - - [07/Jun/2026:00:00:10 +0200] "GET /sitemap-hot-2292152.xml HTTP/1.1" 404 13928 "-" "Mozilla/5.0 AppleWebKit/537.36 (KHTML, like Gecko; compatible; ClaudeBot/1.0; +claudebot@anthropic.com)"