45.61.186.169 - - [06/Jun/2026:15:54:28 +0200] "GET /wp-login.php HTTP/1.1" 200 6744 "-" "Mozilla/5.0 (iPhone; CPU iPhone OS 17_1 like Mac OS X) AppleWebKit/605.1.15 (KHTML, like Gecko) Version/17.1 Mobile/15E148 Safari/604.1"
45.61.186.169 - - [06/Jun/2026:15:54:28 +0200] "POST /wp-login.php HTTP/1.1" 200 7148 "-" "Mozilla/5.0 (iPhone; CPU iPhone OS 17_1 like Mac OS X) AppleWebKit/605.1.15 (KHTML, like Gecko) Version/17.1 Mobile/15E148 Safari/604.1"
186.122.88.197 - - [06/Jun/2026:15:54:41 +0200] "GET /sitemap-hot-2272152.xml HTTP/1.1" 404 13928 "-" "Mozilla/5.0 (Macintosh; Intel Mac OS X 15_1_1) AppleWebKit/537.36 (KHTML, like Gecko) Chrome/133.0.6943.53 Safari/537.36"
216.73.217.21 - - [06/Jun/2026:15:55:14 +0200] "GET /sitemap-hot-2266152.xml HTTP/1.1" 404 13930 "-" "Mozilla/5.0 AppleWebKit/537.36 (KHTML, like Gecko; compatible; ClaudeBot/1.0; +claudebot@anthropic.com)"
51.161.65.165 - - [06/Jun/2026:15:55:26 +0200] "GET /robots.txt HTTP/1.1" 200 986 "-" "Mozilla/5.0 (compatible; AhrefsBot/7.0; +http://ahrefs.com/robot/)"
75.119.139.177 - - [06/Jun/2026:15:55:29 +0200] "POST /wp-cron.php?doing_wp_cron=1780754129.5644769668579101562500 HTTP/1.1" 200 31 "-" "WordPress/7.0; https://myideas.pt"
216.73.217.21 - - [06/Jun/2026:15:55:29 +0200] "GET /sitemap-hot-2292152.xml HTTP/1.1" 404 13928 "-" "Mozilla/5.0 AppleWebKit/537.36 (KHTML, like Gecko; compatible; ClaudeBot/1.0; +claudebot@anthropic.com)"
198.244.168.209 - - [06/Jun/2026:15:55:30 +0200] "GET /sitemap-hot-2290152.xml HTTP/1.1" 404 13928 "-" "Mozilla/5.0 (compatible; AhrefsBot/7.0; +http://ahrefs.com/robot/)"
216.73.217.21 - - [06/Jun/2026:15:55:31 +0200] "GET /sitemap-hot-2294152.xml HTTP/1.1" 404 13928 "-" "Mozilla/5.0 AppleWebKit/537.36 (KHTML, like Gecko; compatible; ClaudeBot/1.0; +claudebot@anthropic.com)"
75.119.139.177 - - [06/Jun/2026:15:56:30 +0200] "POST /wp-cron.php?doing_wp_cron=1780754190.4792630672454833984375 HTTP/1.1" 200 31 "-" "WordPress/7.0; https://myideas.pt"
216.73.217.21 - - [06/Jun/2026:15:56:30 +0200] "GET /sitemapmobileindex.xml HTTP/1.1" 404 13923 "-" "Mozilla/5.0 AppleWebKit/537.36 (KHTML, like Gecko; compatible; ClaudeBot/1.0; +claudebot@anthropic.com)"
75.119.139.177 - - [06/Jun/2026:15:57:19 +0200] "POST /wp-cron.php?doing_wp_cron=1780754239.8729960918426513671875 HTTP/1.1" 200 31 "-" "WordPress/7.0; https://myideas.pt"
213.171.208.232 - - [06/Jun/2026:15:57:19 +0200] "POST /xmlrpc.php HTTP/1.1" 200 236 "-" "Mozilla/5.0 (Windows NT 10.0; Win64; x64) AppleWebKit/537.36 (KHTML, like Gecko) Chrome/133.0.0.0 Safari/537.36 Edg/133.0.0.0"
216.73.217.21 - - [06/Jun/2026:15:57:23 +0200] "GET /sitemap-hot-2288152.xml HTTP/1.1" 404 13930 "-" "Mozilla/5.0 AppleWebKit/537.36 (KHTML, like Gecko; compatible; ClaudeBot/1.0; +claudebot@anthropic.com)"
216.73.217.21 - - [06/Jun/2026:15:57:41 +0200] "GET /sitemap-hot-2276152.xml HTTP/1.1" 404 13930 "-" "Mozilla/5.0 AppleWebKit/537.36 (KHTML, like Gecko; compatible; ClaudeBot/1.0; +claudebot@anthropic.com)"
112.200.145.40 - - [06/Jun/2026:15:57:46 +0200] "GET /sitemap-hot-2268152.xml HTTP/1.1" 404 13930 "-" "Mozilla/5.0 (Macintosh; Intel Mac OS X 13_4_1) AppleWebKit/537.36 (KHTML, like Gecko) Chrome/130.0.6723.116 Safari/537.36"
75.119.139.177 - - [06/Jun/2026:15:58:45 +0200] "POST /wp-cron.php?doing_wp_cron=1780754325.0322699546813964843750 HTTP/1.1" 200 31 "-" "WordPress/7.0; https://myideas.pt"
216.73.217.21 - - [06/Jun/2026:15:58:45 +0200] "GET /sitemap-hot-2270152.xml HTTP/1.1" 404 13928 "-" "Mozilla/5.0 AppleWebKit/537.36 (KHTML, like Gecko; compatible; ClaudeBot/1.0; +claudebot@anthropic.com)"
206.189.127.129 - - [06/Jun/2026:15:58:51 +0200] "HEAD / HTTP/1.1" 301 0 "-" "downnotifier.com monitoring"
206.189.127.129 - - [06/Jun/2026:15:58:52 +0200] "HEAD / HTTP/1.1" 200 0 "-" "downnotifier.com monitoring"
75.119.139.177 - - [06/Jun/2026:15:59:36 +0200] "POST /wp-cron.php?doing_wp_cron=1780754376.1830511093139648437500 HTTP/1.1" 200 31 "-" "WordPress/7.0; https://myideas.pt"
216.73.217.21 - - [06/Jun/2026:15:59:36 +0200] "GET /sitemap-hot-2290152.xml HTTP/1.1" 404 13928 "-" "Mozilla/5.0 AppleWebKit/537.36 (KHTML, like Gecko; compatible; ClaudeBot/1.0; +claudebot@anthropic.com)"
149.28.73.26 - - [06/Jun/2026:16:00:12 +0200] "HEAD / HTTP/1.1" 200 0 "-" "downnotifier.com monitoring"
75.119.139.177 - - [06/Jun/2026:16:01:04 +0200] "POST /wp-cron.php?doing_wp_cron=1780754464.2785129547119140625000 HTTP/1.1" 200 31 "-" "WordPress/7.0; https://myideas.pt"
216.73.217.21 - - [06/Jun/2026:16:01:04 +0200] "GET /sitemap.xml HTTP/1.1" 301 5 "-" "Mozilla/5.0 AppleWebKit/537.36 (KHTML, like Gecko; compatible; ClaudeBot/1.0; +claudebot@anthropic.com)"
216.73.217.21 - - [06/Jun/2026:16:01:04 +0200] "GET /sitemap_index.xml HTTP/1.1" 200 348 "https://myideas.pt/sitemap.xml" "Mozilla/5.0 AppleWebKit/537.36 (KHTML, like Gecko; compatible; ClaudeBot/1.0; +claudebot@anthropic.com)"
216.73.217.21 - - [06/Jun/2026:16:01:09 +0200] "GET /sitemap-hot-2272152.xml HTTP/1.1" 404 13928 "-" "Mozilla/5.0 AppleWebKit/537.36 (KHTML, like Gecko; compatible; ClaudeBot/1.0; +claudebot@anthropic.com)"
75.119.139.177 - - [06/Jun/2026:16:01:50 +0200] "POST /wp-cron.php?doing_wp_cron=1780754510.9086101055145263671875 HTTP/1.1" 200 31 "-" "WordPress/7.0; https://myideas.pt"
216.73.217.21 - - [06/Jun/2026:16:01:50 +0200] "GET /sitemap-hot-2296152.xml HTTP/1.1" 404 13930 "-" "Mozilla/5.0 AppleWebKit/537.36 (KHTML, like Gecko; compatible; ClaudeBot/1.0; +claudebot@anthropic.com)"
75.119.139.177 - - [06/Jun/2026:16:02:37 +0200] "POST /wp-cron.php?doing_wp_cron=1780754557.4292459487915039062500 HTTP/1.1" 200 31 "-" "WordPress/7.0; https://myideas.pt"
216.73.217.21 - - [06/Jun/2026:16:02:37 +0200] "GET /sitemap-hot-2274152.xml HTTP/1.1" 404 13928 "-" "Mozilla/5.0 AppleWebKit/537.36 (KHTML, like Gecko; compatible; ClaudeBot/1.0; +claudebot@anthropic.com)"
49.51.183.75 - - [06/Jun/2026:16:02:45 +0200] "GET / HTTP/1.1" 301 5 "http://www.myideas.pt" "Mozilla/5.0 (iPhone; CPU iPhone OS 13_2_3 like Mac OS X) AppleWebKit/605.1.15 (KHTML, like Gecko) Version/13.0.3 Mobile/15E148 Safari/604.1"
49.51.183.75 - - [06/Jun/2026:16:02:46 +0200] "GET / HTTP/1.1" 200 24292 "https://www.myideas.pt/" "Mozilla/5.0 (iPhone; CPU iPhone OS 13_2_3 like Mac OS X) AppleWebKit/605.1.15 (KHTML, like Gecko) Version/13.0.3 Mobile/15E148 Safari/604.1"
185.191.171.17 - - [06/Jun/2026:16:02:54 +0200] "GET /robots.txt HTTP/1.1" 200 986 "-" "Mozilla/5.0 (compatible; SemrushBot/7~bl; +http://www.semrush.com/bot.html)"
85.208.96.206 - - [06/Jun/2026:16:02:54 +0200] "GET /pt/portfolio/catris-catalogo-de-servicos-de-infraestruturas-de-investigacao/ HTTP/1.1" 200 18867 "-" "Mozilla/5.0 (compatible; SemrushBot/7~bl; +http://www.semrush.com/bot.html)"
75.119.139.177 - - [06/Jun/2026:16:03:34 +0200] "POST /wp-cron.php?doing_wp_cron=1780754614.1061298847198486328125 HTTP/1.1" 200 31 "-" "WordPress/7.0; https://myideas.pt"
216.73.217.21 - - [06/Jun/2026:16:03:34 +0200] "GET /sitemapindex.xml HTTP/1.1" 404 13921 "-" "Mozilla/5.0 AppleWebKit/537.36 (KHTML, like Gecko; compatible; ClaudeBot/1.0; +claudebot@anthropic.com)"
216.73.217.21 - - [06/Jun/2026:16:03:42 +0200] "GET /sitemap-hot-2284152.xml HTTP/1.1" 404 13930 "-" "Mozilla/5.0 AppleWebKit/537.36 (KHTML, like Gecko; compatible; ClaudeBot/1.0; +claudebot@anthropic.com)"
216.73.217.21 - - [06/Jun/2026:16:04:09 +0200] "GET /sitemap-hot-2278152.xml HTTP/1.1" 404 13930 "-" "Mozilla/5.0 AppleWebKit/537.36 (KHTML, like Gecko; compatible; ClaudeBot/1.0; +claudebot@anthropic.com)"
35.245.219.202 - - [06/Jun/2026:16:05:17 +0200] "GET / HTTP/1.1" 200 24292 "-" "Mozilla/5.0 (compatible; Orbbot/1.1;)"
35.245.219.202 - - [06/Jun/2026:16:05:17 +0200] "GET /contacts/ HTTP/1.1" 200 13972 "-" "Mozilla/5.0 (compatible; Orbbot/1.1;)"
35.245.219.202 - - [06/Jun/2026:16:05:17 +0200] "GET /work-portfolio/ HTTP/1.1" 200 17756 "-" "Mozilla/5.0 (compatible; Orbbot/1.1;)"
35.245.219.202 - - [06/Jun/2026:16:05:17 +0200] "GET / HTTP/1.1" 200 24292 "-" "Mozilla/5.0 (compatible; Orbbot/1.1;)"
35.245.219.202 - - [06/Jun/2026:16:05:17 +0200] "GET /portfolio/stoa/ HTTP/1.1" 200 18623 "-" "Mozilla/5.0 (compatible; Orbbot/1.1;)"
35.245.45.168 - - [06/Jun/2026:16:05:17 +0200] "GET /what-we-do/ HTTP/1.1" 200 15666 "-" "Mozilla/5.0 (compatible; Orbbot/1.1;)"
35.245.45.168 - - [06/Jun/2026:16:05:17 +0200] "GET /branding/ HTTP/1.1" 200 15687 "-" "Mozilla/5.0 (compatible; Orbbot/1.1;)"
34.86.169.128 - - [06/Jun/2026:16:05:17 +0200] "GET /seo-geo-aeo/ HTTP/1.1" 200 15967 "-" "Mozilla/5.0 (compatible; Orbbot/1.1;)"
35.245.99.155 - - [06/Jun/2026:16:05:17 +0200] "GET /pt/ HTTP/1.1" 200 24342 "-" "Mozilla/5.0 (compatible; Orbbot/1.1;)"
35.245.45.168 - - [06/Jun/2026:16:05:17 +0200] "GET /careers/ HTTP/1.1" 200 15950 "-" "Mozilla/5.0 (compatible; Orbbot/1.1;)"
35.245.219.202 - - [06/Jun/2026:16:05:17 +0200] "GET /google-ads/ HTTP/1.1" 200 15212 "-" "Mozilla/5.0 (compatible; Orbbot/1.1;)"
34.181.252.179 - - [06/Jun/2026:16:05:17 +0200] "GET /social-media/ HTTP/1.1" 200 15386 "-" "Mozilla/5.0 (compatible; Orbbot/1.1;)"
35.245.94.82 - - [06/Jun/2026:16:05:17 +0200] "GET /portfolio/alma/ HTTP/1.1" 200 18965 "-" "Mozilla/5.0 (compatible; Orbbot/1.1;)"
35.245.45.168 - - [06/Jun/2026:16:05:17 +0200] "GET /portfolio/uenji/ HTTP/1.1" 200 18631 "-" "Mozilla/5.0 (compatible; Orbbot/1.1;)"
35.245.94.82 - - [06/Jun/2026:16:05:17 +0200] "GET /about-myideas/ HTTP/1.1" 200 15687 "-" "Mozilla/5.0 (compatible; Orbbot/1.1;)"
35.245.45.168 - - [06/Jun/2026:16:05:17 +0200] "GET /client-journey/ HTTP/1.1" 200 18641 "-" "Mozilla/5.0 (compatible; Orbbot/1.1;)"
35.236.235.113 - - [06/Jun/2026:16:05:17 +0200] "GET /news/ HTTP/1.1" 200 16134 "-" "Mozilla/5.0 (compatible; Orbbot/1.1;)"
34.48.255.245 - - [06/Jun/2026:16:05:17 +0200] "GET /websites/ HTTP/1.1" 200 15906 "-" "Mozilla/5.0 (compatible; Orbbot/1.1;)"
35.245.45.168 - - [06/Jun/2026:16:05:17 +0200] "GET /public-relations/ HTTP/1.1" 200 15478 "-" "Mozilla/5.0 (compatible; Orbbot/1.1;)"
35.245.45.168 - - [06/Jun/2026:16:05:17 +0200] "GET /portfolio/talia/ HTTP/1.1" 200 19053 "-" "Mozilla/5.0 (compatible; Orbbot/1.1;)"
35.245.45.168 - - [06/Jun/2026:16:05:17 +0200] "GET /privacy-policy/ HTTP/1.1" 200 18827 "-" "Mozilla/5.0 (compatible; Orbbot/1.1;)"
75.119.139.177 - - [06/Jun/2026:16:08:07 +0200] "POST /wp-cron.php?doing_wp_cron=1780754887.1144249439239501953125 HTTP/1.1" 200 31 "-" "WordPress/7.0; https://myideas.pt"
95.23.134.82 - - [06/Jun/2026:16:08:07 +0200] "GET /sitemapmobileindex.xml HTTP/1.1" 404 13923 "-" "Mozilla/5.0 (Macintosh; Intel Mac OS X 13.5; rv:136.0) Gecko/20100101 Firefox/136.0"
75.119.139.177 - - [06/Jun/2026:16:08:51 +0200] "POST /wp-cron.php?doing_wp_cron=1780754931.1452751159667968750000 HTTP/1.1" 200 31 "-" "WordPress/7.0; https://myideas.pt"
37.97.137.40 - - [06/Jun/2026:16:08:51 +0200] "HEAD / HTTP/1.1" 301 0 "-" "downnotifier.com monitoring"
37.97.137.40 - - [06/Jun/2026:16:08:51 +0200] "HEAD / HTTP/1.1" 200 0 "-" "downnotifier.com monitoring"
75.119.139.177 - - [06/Jun/2026:16:10:12 +0200] "POST /wp-cron.php?doing_wp_cron=1780755012.1769440174102783203125 HTTP/1.1" 200 31 "-" "WordPress/7.0; https://myideas.pt"
139.59.109.12 - - [06/Jun/2026:16:10:12 +0200] "HEAD / HTTP/1.1" 200 0 "-" "downnotifier.com monitoring"
81.193.162.152 - - [06/Jun/2026:16:11:04 +0200] "GET /wp-content/uploads/2024/06/UNIVERSIDADE_ABERTA_CLIENTES_MYIDEAS-300x131.png HTTP/1.1" 200 8477 "https://myideas.pt/pt/" "Mozilla/5.0 (Windows NT 10.0; Win64; x64) AppleWebKit/537.36 (KHTML, like Gecko) Chrome/148.0.0.0 Safari/537.36"
151.243.11.35 - - [06/Jun/2026:16:13:14 +0200] "GET / HTTP/1.1" 400 150 "-" "-"
75.119.139.177 - - [06/Jun/2026:16:13:19 +0200] "POST /wp-cron.php?doing_wp_cron=1780755198.7961440086364746093750 HTTP/1.1" 200 31 "-" "WordPress/7.0; https://myideas.pt"
198.98.56.118 - - [06/Jun/2026:16:13:19 +0200] "GET /wp-login.php HTTP/1.1" 200 6744 "-" "Mozilla/5.0 (Windows NT 5.1; rv:30.0) Gecko/20100101 Firefox/30.0"
174.169.201.56 - - [06/Jun/2026:16:13:32 +0200] "GET /sitemap-hot-2284152.xml HTTP/1.1" 404 13930 "-" "Mozilla/5.0 (Windows NT 10.0; Win64; x64) AppleWebKit/537.36 (KHTML, like Gecko) Chrome/126.0.6478.126 Safari/537.36"
75.119.139.177 - - [06/Jun/2026:16:14:11 +0200] "POST /wp-cron.php?doing_wp_cron=1780755251.5464689731597900390625 HTTP/1.1" 200 31 "-" "WordPress/7.0; https://myideas.pt"
198.98.56.118 - - [06/Jun/2026:16:14:11 +0200] "POST /wp-login.php HTTP/1.1" 200 7167 "-" "Mozilla/5.0 (Windows NT 5.1; rv:30.0) Gecko/20100101 Firefox/30.0"
75.119.139.177 - - [06/Jun/2026:16:14:46 +0200] "POST /wp-cron.php?doing_wp_cron=1780755286.1659569740295410156250 HTTP/1.1" 200 31 "-" "WordPress/7.0; https://myideas.pt"
38.49.217.60 - - [06/Jun/2026:16:14:46 +0200] "GET /wp-login.php HTTP/1.1" 200 2256 "-" "Mozilla/5.0 (Windows NT 10.0; Win64; x64) AppleWebKit/537.36 (KHTML, like Gecko) Chrome/120.0.0.0 Safari/537.36"
38.49.217.60 - - [06/Jun/2026:16:14:46 +0200] "POST /wp-login.php HTTP/1.1" 200 2416 "https://myideas.pt/wp-login.php" "Mozilla/5.0 (Windows NT 10.0; Win64; x64) AppleWebKit/537.36 (KHTML, like Gecko) Chrome/120.0.0.0 Safari/537.36"
51.116.2.90 - - [06/Jun/2026:16:15:29 +0200] "GET / HTTP/1.1" 200 24292 "-" "Mozilla/5.0 AppleWebKit/537.36 (KHTML, like Gecko); compatible; ChatGPT-User/1.0; +https://openai.com/bot"
75.119.139.177 - - [06/Jun/2026:16:17:18 +0200] "POST /wp-cron.php?doing_wp_cron=1780755438.8836479187011718750000 HTTP/1.1" 200 31 "-" "WordPress/7.0; https://myideas.pt"
205.185.122.41 - - [06/Jun/2026:16:17:18 +0200] "GET /wp-login.php HTTP/1.1" 200 6744 "-" "Mozilla/5.0 (X11; Linux x86_64) AppleWebKit/537.36 (KHTML, like Gecko) Chrome/35.0.1916.153 Safari/537.36"
205.185.122.41 - - [06/Jun/2026:16:17:19 +0200] "POST /wp-login.php HTTP/1.1" 200 7167 "-" "Mozilla/5.0 (X11; Linux x86_64) AppleWebKit/537.36 (KHTML, like Gecko) Chrome/35.0.1916.153 Safari/537.36"
75.119.139.177 - - [06/Jun/2026:16:18:13 +0200] "POST /wp-cron.php?doing_wp_cron=1780755493.4951670169830322265625 HTTP/1.1" 200 31 "-" "WordPress/7.0; https://myideas.pt"
198.244.183.216 - - [06/Jun/2026:16:18:13 +0200] "GET /sitemap-hot-2274152.xml HTTP/1.1" 404 13928 "-" "Mozilla/5.0 (compatible; AhrefsBot/7.0; +http://ahrefs.com/robot/)"
75.119.139.177 - - [06/Jun/2026:16:18:28 +0200] "POST /wp-cron.php?doing_wp_cron=1780755508.9410378932952880859375 HTTP/1.1" 200 31 "-" "WordPress/7.0; https://myideas.pt"
76.215.143.231 - - [06/Jun/2026:16:18:28 +0200] "GET /sitemap-hot-2276152.xml HTTP/1.1" 404 13930 "-" "Mozilla/5.0 (Macintosh; Intel Mac OS X 12.3; rv:136.0) Gecko/20100101 Firefox/136.0"
206.189.127.129 - - [06/Jun/2026:16:18:51 +0200] "HEAD / HTTP/1.1" 301 0 "-" "downnotifier.com monitoring"
206.189.127.129 - - [06/Jun/2026:16:18:52 +0200] "HEAD / HTTP/1.1" 200 0 "-" "downnotifier.com monitoring"
75.119.139.177 - - [06/Jun/2026:16:20:10 +0200] "POST /wp-cron.php?doing_wp_cron=1780755610.2012341022491455078125 HTTP/1.1" 200 31 "-" "WordPress/7.0; https://myideas.pt"
37.97.137.40 - - [06/Jun/2026:16:20:10 +0200] "HEAD / HTTP/1.1" 200 0 "-" "downnotifier.com monitoring"
75.119.139.177 - - [06/Jun/2026:16:23:18 +0200] "POST /wp-cron.php?doing_wp_cron=1780755798.6559700965881347656250 HTTP/1.1" 200 31 "-" "WordPress/7.0; https://myideas.pt"
205.185.122.174 - - [06/Jun/2026:16:23:18 +0200] "GET /wp-login.php HTTP/1.1" 200 6744 "-" "Mozilla/5.0 (Macintosh; Intel Mac OS X 10_9_2) AppleWebKit/537.36 (KHTML, like Gecko) Chrome/36.0.1985.125 Safari/537.36"
205.185.122.174 - - [06/Jun/2026:16:24:10 +0200] "POST /wp-login.php HTTP/1.1" 200 7134 "-" "Mozilla/5.0 (Macintosh; Intel Mac OS X 10_9_2) AppleWebKit/537.36 (KHTML, like Gecko) Chrome/36.0.1985.125 Safari/537.36"
75.119.139.177 - - [06/Jun/2026:16:25:03 +0200] "POST /wp-cron.php?doing_wp_cron=1780755903.4927279949188232421875 HTTP/1.1" 200 31 "-" "WordPress/7.0; https://myideas.pt"
198.244.226.95 - - [06/Jun/2026:16:25:03 +0200] "GET /sitemap-hot-2266152.xml HTTP/1.1" 404 13930 "-" "Mozilla/5.0 (compatible; AhrefsBot/7.0; +http://ahrefs.com/robot/)"
18.216.160.97 - - [06/Jun/2026:16:26:22 +0200] "GET / HTTP/1.1" 400 650 "-" "visionheight.com/scan Mozilla/5.0 (Macintosh; Intel Mac OS X 10_15_7) Chrome/126.0.0.0 Safari/537.36"
18.216.160.97 - - [06/Jun/2026:16:26:55 +0200] "GET / HTTP/1.1" 400 650 "-" "visionheight.com/scan Mozilla/5.0 (Macintosh; Intel Mac OS X 10_15_7) Chrome/126.0.0.0 Safari/537.36"
75.119.139.177 - - [06/Jun/2026:16:28:51 +0200] "POST /wp-cron.php?doing_wp_cron=1780756131.4882149696350097656250 HTTP/1.1" 200 31 "-" "WordPress/7.0; https://myideas.pt"
37.97.137.40 - - [06/Jun/2026:16:28:51 +0200] "HEAD / HTTP/1.1" 301 0 "-" "downnotifier.com monitoring"
37.97.137.40 - - [06/Jun/2026:16:28:52 +0200] "HEAD / HTTP/1.1" 200 0 "-" "downnotifier.com monitoring"
75.119.139.177 - - [06/Jun/2026:16:30:13 +0200] "POST /wp-cron.php?doing_wp_cron=1780756213.3868319988250732421875 HTTP/1.1" 200 31 "-" "WordPress/7.0; https://myideas.pt"
149.28.73.26 - - [06/Jun/2026:16:30:13 +0200] "HEAD / HTTP/1.1" 200 0 "-" "downnotifier.com monitoring"
75.119.139.177 - - [06/Jun/2026:16:36:26 +0200] "POST /wp-cron.php?doing_wp_cron=1780756586.7702329158782958984375 HTTP/1.1" 200 31 "-" "WordPress/7.0; https://myideas.pt"
34.100.167.237 - - [06/Jun/2026:16:36:26 +0200] "POST /xmlrpc.php HTTP/1.1" 200 236 "-" "Mozilla/5.0 (Windows NT 10.0; Win64; x64) AppleWebKit/537.36 (KHTML, like Gecko) Chrome/133.0.0.0 Safari/537.36 Edg/133.0.0.0"
87.220.173.96 - - [06/Jun/2026:16:37:04 +0200] "GET /sitemap.xml HTTP/1.1" 301 5 "-" "Mozilla/5.0 (Macintosh; Intel Mac OS X 15_0_1) AppleWebKit/537.36 (KHTML, like Gecko) Chrome/130.0.6723.116 Safari/537.36"
87.220.173.96 - - [06/Jun/2026:16:37:05 +0200] "GET /sitemap_index.xml HTTP/1.1" 200 348 "-" "Mozilla/5.0 (Macintosh; Intel Mac OS X 15_0_1) AppleWebKit/537.36 (KHTML, like Gecko) Chrome/130.0.6723.116 Safari/537.36"
75.119.139.177 - - [06/Jun/2026:16:38:52 +0200] "POST /wp-cron.php?doing_wp_cron=1780756732.1259028911590576171875 HTTP/1.1" 200 31 "-" "WordPress/7.0; https://myideas.pt"
206.189.127.129 - - [06/Jun/2026:16:38:52 +0200] "HEAD / HTTP/1.1" 301 0 "-" "downnotifier.com monitoring"
206.189.127.129 - - [06/Jun/2026:16:38:52 +0200] "HEAD / HTTP/1.1" 200 0 "-" "downnotifier.com monitoring"
75.119.139.177 - - [06/Jun/2026:16:40:11 +0200] "POST /wp-cron.php?doing_wp_cron=1780756810.9921970367431640625000 HTTP/1.1" 200 31 "-" "WordPress/7.0; https://myideas.pt"
37.97.137.40 - - [06/Jun/2026:16:40:11 +0200] "HEAD / HTTP/1.1" 200 0 "-" "downnotifier.com monitoring"
75.119.139.177 - - [06/Jun/2026:16:46:26 +0200] "POST /wp-cron.php?doing_wp_cron=1780757186.5133390426635742187500 HTTP/1.1" 200 31 "-" "WordPress/7.0; https://myideas.pt"
23.23.214.190 - - [06/Jun/2026:16:46:26 +0200] "GET /wp-json/oembed/1.0/embed?lang=pt&url=https://myideas.pt/pt/contactos/ HTTP/1.1" 200 1143 "-" "Mozilla/5.0 AppleWebKit/537.36 (KHTML, like Gecko; compatible; Amazonbot/0.1; +https://developer.amazon.com/support/amazonbot) Chrome/119.0.6045.214 Safari/537.36"
52.71.218.25 - - [06/Jun/2026:16:46:27 +0200] "GET /pt/o-que-e-o-geo/ HTTP/1.1" 200 21355 "-" "Mozilla/5.0 AppleWebKit/537.36 (KHTML, like Gecko; compatible; Amazonbot/0.1; +https://developer.amazon.com/support/amazonbot) Chrome/119.0.6045.214 Safari/537.36"
77.83.39.94 - - [06/Jun/2026:16:47:20 +0200] "GET /.git/config HTTP/1.1" 404 12542 "-" "Mozilla/5.0 (X11; Linux x86_64) AppleWebKit/537.36 (KHTML, like Gecko) Chrome/66.0.3359.181 Safari/537.36"
75.119.139.177 - - [06/Jun/2026:16:47:20 +0200] "POST /wp-cron.php?doing_wp_cron=1780757240.2964410781860351562500 HTTP/1.1" 200 31 "-" "WordPress/7.0; https://myideas.pt"
140.207.119.89 - - [06/Jun/2026:16:47:20 +0200] "GET /pt/portfolio/eurest-relatorio-de-sustentabilidade HTTP/1.1" 301 5 "-" "Mozilla/5.0 (Windows NT 10.0; Win64; x64) AppleWebKit/537.36 (KHTML, like Gecko) Chrome/122.0.0.0 Safari/537.36 Edg/122.0.0.0"
140.207.119.89 - - [06/Jun/2026:16:47:20 +0200] "GET /pt/portfolio/eurest-relatorio-de-sustentabilidade/ HTTP/1.1" 200 18583 "-" "Mozilla/5.0 (Windows NT 10.0; Win64; x64) AppleWebKit/537.36 (KHTML, like Gecko) Chrome/122.0.0.0 Safari/537.36 Edg/122.0.0.0"
75.119.139.177 - - [06/Jun/2026:16:48:51 +0200] "POST /wp-cron.php?doing_wp_cron=1780757331.4068291187286376953125 HTTP/1.1" 200 31 "-" "WordPress/7.0; https://myideas.pt"
37.97.137.40 - - [06/Jun/2026:16:48:51 +0200] "HEAD / HTTP/1.1" 301 0 "-" "downnotifier.com monitoring"
37.97.137.40 - - [06/Jun/2026:16:48:52 +0200] "HEAD / HTTP/1.1" 200 0 "-" "downnotifier.com monitoring"
75.119.139.177 - - [06/Jun/2026:16:50:10 +0200] "POST /wp-cron.php?doing_wp_cron=1780757410.3937809467315673828125 HTTP/1.1" 200 31 "-" "WordPress/7.0; https://myideas.pt"
108.61.201.55 - - [06/Jun/2026:16:50:10 +0200] "HEAD / HTTP/1.1" 200 0 "-" "downnotifier.com monitoring"
17.241.227.206 - - [06/Jun/2026:16:50:24 +0200] "GET /why-choose-myideas/ HTTP/1.1" 200 19855 "-" "Mozilla/5.0 (Macintosh; Intel Mac OS X 10_15_7) AppleWebKit/605.1.15 (KHTML, like Gecko) Version/17.4 Safari/605.1.15 (Applebot/0.1; +http://www.apple.com/go/applebot)"
75.119.139.177 - - [06/Jun/2026:16:56:01 +0200] "POST /wp-cron.php?doing_wp_cron=1780757761.3166079521179199218750 HTTP/1.1" 200 31 "-" "WordPress/7.0; https://myideas.pt"
136.118.183.33 - - [06/Jun/2026:16:56:01 +0200] "GET / HTTP/1.1" 301 5 "-" "Mozilla/5.0 (Linux; Android 12; Pixel 6) AppleWebKit/537.36 (KHTML, like Gecko) Chrome/114.0.0.0 Mobile Safari/537.36"
136.118.183.33 - - [06/Jun/2026:16:56:02 +0200] "GET / HTTP/1.1" 200 24292 "-" "Mozilla/5.0 (Linux; Android 12; Pixel 6) AppleWebKit/537.36 (KHTML, like Gecko) Chrome/114.0.0.0 Mobile Safari/537.36"
185.191.171.17 - - [06/Jun/2026:16:57:33 +0200] "GET /why-choose-myideas/ HTTP/1.1" 200 19855 "-" "Mozilla/5.0 (compatible; SemrushBot/7~bl; +http://www.semrush.com/bot.html)"
75.119.139.177 - - [06/Jun/2026:16:57:39 +0200] "POST /wp-cron.php?doing_wp_cron=1780757858.5827500820159912109375 HTTP/1.1" 200 31 "-" "WordPress/7.0; https://myideas.pt"
198.244.168.111 - - [06/Jun/2026:16:57:39 +0200] "GET /sitemapindex.xml HTTP/1.1" 404 13921 "-" "Mozilla/5.0 (compatible; AhrefsBot/7.0; +http://ahrefs.com/robot/)"
75.119.139.177 - - [06/Jun/2026:16:58:51 +0200] "POST /wp-cron.php?doing_wp_cron=1780757931.8091731071472167968750 HTTP/1.1" 200 31 "-" "WordPress/7.0; https://myideas.pt"
206.189.127.129 - - [06/Jun/2026:16:58:51 +0200] "HEAD / HTTP/1.1" 301 0 "-" "downnotifier.com monitoring"
206.189.127.129 - - [06/Jun/2026:16:58:52 +0200] "HEAD / HTTP/1.1" 200 0 "-" "downnotifier.com monitoring"
75.119.139.177 - - [06/Jun/2026:17:00:11 +0200] "POST /wp-cron.php?doing_wp_cron=1780758011.8839390277862548828125 HTTP/1.1" 200 31 "-" "WordPress/7.0; https://myideas.pt"
139.59.109.12 - - [06/Jun/2026:17:00:11 +0200] "HEAD / HTTP/1.1" 200 0 "-" "downnotifier.com monitoring"
157.55.39.7 - - [06/Jun/2026:17:03:55 +0200] "GET /wp-content/uploads/2025/03/MYIDEAS_DCG_BRANDING_1-300x225.jpg HTTP/1.1" 200 5789 "-" "Mozilla/5.0 AppleWebKit/537.36 (KHTML, like Gecko; compatible; bingbot/2.0; +http://www.bing.com/bingbot.htm) Chrome/116.0.1938.76 Safari/537.36"
18.217.177.214 - - [06/Jun/2026:17:04:25 +0200] "GET / HTTP/1.1" 400 650 "-" "visionheight.com/scan Mozilla/5.0 (Macintosh; Intel Mac OS X 10_15_7) Chrome/126.0.0.0 Safari/537.36"
75.119.139.177 - - [06/Jun/2026:17:04:42 +0200] "POST /wp-cron.php?doing_wp_cron=1780758282.8962540626525878906250 HTTP/1.1" 200 31 "-" "WordPress/7.0; https://myideas.pt"
8.209.125.138 - - [06/Jun/2026:17:04:42 +0200] "GET / HTTP/1.1" 301 5 "-" "curl/7.64.1"
18.217.177.214 - - [06/Jun/2026:17:05:00 +0200] "GET / HTTP/1.1" 400 650 "-" "visionheight.com/scan Mozilla/5.0 (Macintosh; Intel Mac OS X 10_15_7) Chrome/126.0.0.0 Safari/537.36"
8.209.125.138 - - [06/Jun/2026:17:05:13 +0200] "GET / HTTP/1.1" 301 5 "-" "curl/7.74.0"
8.209.125.138 - - [06/Jun/2026:17:05:13 +0200] "GET / HTTP/1.1" 200 23869 "https://75.119.139.177:443" "curl/7.74.0"
223.109.255.232 - - [06/Jun/2026:17:05:52 +0200] "GET /wp-content/uploads/2024/12/myideas_catris_branding_1-1024x768.jpg HTTP/1.1" 404 146 "http://pic.sogou.com" "Sogou Pic Spider/3.0(+http://www.sogou.com/docs/help/webmasters.htm#07)"
75.119.139.177 - - [06/Jun/2026:17:08:51 +0200] "POST /wp-cron.php?doing_wp_cron=1780758531.8850340843200683593750 HTTP/1.1" 200 31 "-" "WordPress/7.0; https://myideas.pt"
37.97.137.40 - - [06/Jun/2026:17:08:51 +0200] "HEAD / HTTP/1.1" 301 0 "-" "downnotifier.com monitoring"
37.97.137.40 - - [06/Jun/2026:17:08:52 +0200] "HEAD / HTTP/1.1" 200 0 "-" "downnotifier.com monitoring"
18.217.177.214 - - [06/Jun/2026:17:09:14 +0200] "" 408 0 "-" "-"
75.119.139.177 - - [06/Jun/2026:17:10:13 +0200] "POST /wp-cron.php?doing_wp_cron=1780758613.5754148960113525390625 HTTP/1.1" 200 31 "-" "WordPress/7.0; https://myideas.pt"
104.236.216.73 - - [06/Jun/2026:17:10:13 +0200] "HEAD / HTTP/1.1" 200 0 "-" "downnotifier.com monitoring"
75.119.139.177 - - [06/Jun/2026:17:11:13 +0200] "POST /wp-cron.php?doing_wp_cron=1780758673.2943210601806640625000 HTTP/1.1" 200 31 "-" "WordPress/7.0; https://myideas.pt"
195.201.228.164 - - [06/Jun/2026:17:11:13 +0200] "GET /wp-login.php HTTP/1.1" 200 2256 "-" "Mozilla/5.0 (X11; Linux x86_64; rv:133.0) Gecko/20100101 Firefox/133.0"
195.201.228.164 - - [06/Jun/2026:17:11:13 +0200] "POST /wp-login.php HTTP/1.1" 200 2386 "https://myideas.pt/wp-login.php" "Mozilla/5.0 (X11; Linux x86_64; rv:133.0) Gecko/20100101 Firefox/133.0"
75.119.139.177 - - [06/Jun/2026:17:12:26 +0200] "POST /wp-cron.php?doing_wp_cron=1780758746.4903550148010253906250 HTTP/1.1" 200 31 "-" "WordPress/7.0; https://myideas.pt"
18.217.177.214 - - [06/Jun/2026:17:12:26 +0200] "GET / HTTP/1.1" 301 5 "-" "visionheight.com/scan Mozilla/5.0 (Macintosh; Intel Mac OS X 10_15_7) Chrome/126.0.0.0 Safari/537.36"
18.217.177.214 - - [06/Jun/2026:17:12:27 +0200] "GET / HTTP/1.1" 200 23869 "https://75.119.139.177/" "visionheight.com/scan Mozilla/5.0 (Macintosh; Intel Mac OS X 10_15_7) Chrome/126.0.0.0 Safari/537.36"
75.119.139.177 - - [06/Jun/2026:17:14:52 +0200] "POST /wp-cron.php?doing_wp_cron=1780758891.9137361049652099609375 HTTP/1.1" 200 31 "-" "WordPress/7.0; https://myideas.pt"
205.185.127.250 - - [06/Jun/2026:17:14:52 +0200] "GET /wp-login.php HTTP/1.1" 200 6744 "-" "Mozilla/5.0 (Windows NT 5.1; rv:30.0) Gecko/20100101 Firefox/30.0"
205.185.127.250 - - [06/Jun/2026:17:15:04 +0200] "POST /wp-login.php HTTP/1.1" 200 7137 "-" "Mozilla/5.0 (Windows NT 5.1; rv:30.0) Gecko/20100101 Firefox/30.0"
75.119.139.177 - - [06/Jun/2026:17:15:41 +0200] "POST /wp-cron.php?doing_wp_cron=1780758941.7279160022735595703125 HTTP/1.1" 200 31 "-" "WordPress/7.0; https://myideas.pt"
209.141.44.244 - - [06/Jun/2026:17:15:41 +0200] "GET /wp-login.php HTTP/1.1" 200 6744 "-" "Mozilla/5.0 (compatible; MSIE 9.0; Windows NT 6.1; Trident/5.0)"
75.119.139.177 - - [06/Jun/2026:17:18:05 +0200] "POST /wp-cron.php?doing_wp_cron=1780759085.0567429065704345703125 HTTP/1.1" 200 31 "-" "WordPress/7.0; https://myideas.pt"
209.141.44.244 - - [06/Jun/2026:17:18:05 +0200] "POST /wp-login.php HTTP/1.1" 200 7137 "-" "Mozilla/5.0 (compatible; MSIE 9.0; Windows NT 6.1; Trident/5.0)"
75.119.139.177 - - [06/Jun/2026:17:18:51 +0200] "POST /wp-cron.php?doing_wp_cron=1780759131.6415948867797851562500 HTTP/1.1" 200 31 "-" "WordPress/7.0; https://myideas.pt"
206.189.127.129 - - [06/Jun/2026:17:18:51 +0200] "HEAD / HTTP/1.1" 301 0 "-" "downnotifier.com monitoring"
206.189.127.129 - - [06/Jun/2026:17:18:52 +0200] "HEAD / HTTP/1.1" 200 0 "-" "downnotifier.com monitoring"
75.119.139.177 - - [06/Jun/2026:17:20:13 +0200] "POST /wp-cron.php?doing_wp_cron=1780759213.4410290718078613281250 HTTP/1.1" 200 31 "-" "WordPress/7.0; https://myideas.pt"
108.61.201.55 - - [06/Jun/2026:17:20:13 +0200] "HEAD / HTTP/1.1" 200 0 "-" "downnotifier.com monitoring"
75.119.139.177 - - [06/Jun/2026:17:23:20 +0200] "POST /wp-cron.php?doing_wp_cron=1780759400.2325100898742675781250 HTTP/1.1" 200 31 "-" "WordPress/7.0; https://myideas.pt"
51.195.244.79 - - [06/Jun/2026:17:23:20 +0200] "GET /sitemapmobileindex.xml HTTP/1.1" 404 13923 "-" "Mozilla/5.0 (compatible; AhrefsBot/7.0; +http://ahrefs.com/robot/)"
51.68.236.93 - - [06/Jun/2026:17:24:28 +0200] "GET /robots.txt HTTP/1.1" 200 986 "-" "Mozilla/5.0 (compatible; MJ12bot/v2.0.5; http://mj12bot.com/)"
51.68.236.93 - - [06/Jun/2026:17:24:28 +0200] "GET / HTTP/1.1" 200 23869 "-" "Mozilla/5.0 (compatible; MJ12bot/v2.0.5; http://mj12bot.com/)"
104.152.52.65 - - [06/Jun/2026:17:25:02 +0200] "SSTP_DUPLEX_POST /sra_{BA195980-CD49-458b-9E23-C84EE0ADCD75}/ HTTP/1.1" 400 150 "-" "-"
123.25.144.216 - - [06/Jun/2026:17:28:35 +0200] "GET /marketing-should-feel-like-leadership-not-pressure/ HTTP/1.1" 200 20110 "-" "Mozilla/5.0 (Macintosh; Intel Mac OS X 11_2) AppleWebKit/537.36 (KHTML, like Gecko) Chrome/96.0.4702.147 Safari/537.36"
75.119.139.177 - - [06/Jun/2026:17:28:52 +0200] "POST /wp-cron.php?doing_wp_cron=1780759732.0923750400543212890625 HTTP/1.1" 200 31 "-" "WordPress/7.0; https://myideas.pt"
37.97.137.40 - - [06/Jun/2026:17:28:52 +0200] "HEAD / HTTP/1.1" 301 0 "-" "downnotifier.com monitoring"
37.97.137.40 - - [06/Jun/2026:17:28:52 +0200] "HEAD / HTTP/1.1" 200 0 "-" "downnotifier.com monitoring"
198.244.242.227 - - [06/Jun/2026:17:28:56 +0200] "GET /sitemap-hot-2280152.xml HTTP/1.1" 404 13930 "-" "Mozilla/5.0 (compatible; AhrefsBot/7.0; +http://ahrefs.com/robot/)"
75.119.139.177 - - [06/Jun/2026:17:30:13 +0200] "POST /wp-cron.php?doing_wp_cron=1780759813.5332510471343994140625 HTTP/1.1" 200 31 "-" "WordPress/7.0; https://myideas.pt"
206.189.127.129 - - [06/Jun/2026:17:30:13 +0200] "HEAD / HTTP/1.1" 200 0 "-" "downnotifier.com monitoring"
75.119.139.177 - - [06/Jun/2026:17:31:30 +0200] "POST /wp-cron.php?doing_wp_cron=1780759890.3993930816650390625000 HTTP/1.1" 200 31 "-" "WordPress/7.0; https://myideas.pt"
62.193.192.120 - - [06/Jun/2026:17:31:30 +0200] "GET /.well-known/acme-challenge/AN4C6DE-83_JMC5UX5GMSE00HMWDC8BD HTTP/1.1" 404 66870 "-" "Cpanel-HTTP-Client/1.0"
62.193.192.120 - - [06/Jun/2026:17:31:39 +0200] "GET /.well-known/acme-challenge/5ML34Y0A513IM4T0_OGQ6QT0ISSYI3EH HTTP/1.1" 301 5 "-" "Cpanel-HTTP-Client/1.0"
62.193.192.120 - - [06/Jun/2026:17:31:40 +0200] "GET /.well-known/acme-challenge/5ML34Y0A513IM4T0_OGQ6QT0ISSYI3EH HTTP/1.1" 404 66870 "-" "Cpanel-HTTP-Client/1.0"
216.73.216.54 - - [06/Jun/2026:17:37:55 +0200] "GET /robots.txt HTTP/1.1" 200 986 "-" "Mozilla/5.0 AppleWebKit/537.36 (KHTML, like Gecko; compatible; ClaudeBot/1.0; +claudebot@anthropic.com)"
75.119.139.177 - - [06/Jun/2026:17:37:58 +0200] "POST /wp-cron.php?doing_wp_cron=1780760278.1803679466247558593750 HTTP/1.1" 200 31 "-" "WordPress/7.0; https://myideas.pt"
216.73.216.54 - - [06/Jun/2026:17:37:58 +0200] "GET /sitemap-hot-2274152.xml HTTP/1.1" 404 13928 "-" "Mozilla/5.0 AppleWebKit/537.36 (KHTML, like Gecko; compatible; ClaudeBot/1.0; +claudebot@anthropic.com)"
216.73.216.54 - - [06/Jun/2026:17:38:15 +0200] "GET /sitemapmobileindex.xml HTTP/1.1" 404 13923 "-" "Mozilla/5.0 AppleWebKit/537.36 (KHTML, like Gecko; compatible; ClaudeBot/1.0; +claudebot@anthropic.com)"
75.119.139.177 - - [06/Jun/2026:17:38:51 +0200] "POST /wp-cron.php?doing_wp_cron=1780760331.6539149284362792968750 HTTP/1.1" 200 31 "-" "WordPress/7.0; https://myideas.pt"
206.189.127.129 - - [06/Jun/2026:17:38:51 +0200] "HEAD / HTTP/1.1" 301 0 "-" "downnotifier.com monitoring"
206.189.127.129 - - [06/Jun/2026:17:38:52 +0200] "HEAD / HTTP/1.1" 200 0 "-" "downnotifier.com monitoring"
75.119.139.177 - - [06/Jun/2026:17:39:52 +0200] "POST /wp-cron.php?doing_wp_cron=1780760392.8903830051422119140625 HTTP/1.1" 200 31 "-" "WordPress/7.0; https://myideas.pt"
216.73.216.54 - - [06/Jun/2026:17:39:52 +0200] "GET /sitemapindex.xml HTTP/1.1" 404 13921 "-" "Mozilla/5.0 AppleWebKit/537.36 (KHTML, like Gecko; compatible; ClaudeBot/1.0; +claudebot@anthropic.com)"
216.73.216.54 - - [06/Jun/2026:17:39:55 +0200] "GET /sitemap-hot-2278152.xml HTTP/1.1" 404 13930 "-" "Mozilla/5.0 AppleWebKit/537.36 (KHTML, like Gecko; compatible; ClaudeBot/1.0; +claudebot@anthropic.com)"
216.73.216.54 - - [06/Jun/2026:17:39:58 +0200] "GET /sitemap.xml HTTP/1.1" 301 5 "-" "Mozilla/5.0 AppleWebKit/537.36 (KHTML, like Gecko; compatible; ClaudeBot/1.0; +claudebot@anthropic.com)"
216.73.216.54 - - [06/Jun/2026:17:39:58 +0200] "GET /sitemap_index.xml HTTP/1.1" 200 348 "https://myideas.pt/sitemap.xml" "Mozilla/5.0 AppleWebKit/537.36 (KHTML, like Gecko; compatible; ClaudeBot/1.0; +claudebot@anthropic.com)"
64.31.25.250 - admin [06/Jun/2026:17:40:07 +0200] "GET /wp-json/wp/v2/users/me HTTP/1.1" 401 109 "-" "Mozilla/5.0 (Windows NT 10.0) AppleWebKit/537.36 (KHTML, like Gecko) Chrome/133.0.0.0 Safari/537.36"
75.119.139.177 - - [06/Jun/2026:17:40:22 +0200] "POST /wp-cron.php?doing_wp_cron=1780760422.2779719829559326171875 HTTP/1.1" 200 31 "-" "WordPress/7.0; https://myideas.pt"
149.28.73.26 - - [06/Jun/2026:17:40:22 +0200] "HEAD / HTTP/1.1" 200 0 "-" "downnotifier.com monitoring"
75.119.139.177 - - [06/Jun/2026:17:41:31 +0200] "POST /wp-cron.php?doing_wp_cron=1780760491.7279729843139648437500 HTTP/1.1" 200 31 "-" "WordPress/7.0; https://myideas.pt"
216.73.216.54 - - [06/Jun/2026:17:41:31 +0200] "GET /sitemap-hot-2272152.xml HTTP/1.1" 404 13928 "-" "Mozilla/5.0 AppleWebKit/537.36 (KHTML, like Gecko; compatible; ClaudeBot/1.0; +claudebot@anthropic.com)"
75.119.139.177 - - [06/Jun/2026:17:43:03 +0200] "POST /wp-cron.php?doing_wp_cron=1780760583.6790530681610107421875 HTTP/1.1" 200 31 "-" "WordPress/7.0; https://myideas.pt"
216.73.216.54 - - [06/Jun/2026:17:43:03 +0200] "GET /sitemap-hot-2286152.xml HTTP/1.1" 404 13930 "-" "Mozilla/5.0 AppleWebKit/537.36 (KHTML, like Gecko; compatible; ClaudeBot/1.0; +claudebot@anthropic.com)"
216.73.216.54 - - [06/Jun/2026:17:43:05 +0200] "GET /sitemap-hot-2294152.xml HTTP/1.1" 404 13928 "-" "Mozilla/5.0 AppleWebKit/537.36 (KHTML, like Gecko; compatible; ClaudeBot/1.0; +claudebot@anthropic.com)"
75.119.139.177 - - [06/Jun/2026:17:44:15 +0200] "POST /wp-cron.php?doing_wp_cron=1780760655.8328399658203125000000 HTTP/1.1" 200 31 "-" "WordPress/7.0; https://myideas.pt"
216.73.216.54 - - [06/Jun/2026:17:44:15 +0200] "GET /sitemap-hot-2296152.xml HTTP/1.1" 404 13930 "-" "Mozilla/5.0 AppleWebKit/537.36 (KHTML, like Gecko; compatible; ClaudeBot/1.0; +claudebot@anthropic.com)"
216.73.216.54 - - [06/Jun/2026:17:44:18 +0200] "GET /sitemap-hot-2290152.xml HTTP/1.1" 404 13928 "-" "Mozilla/5.0 AppleWebKit/537.36 (KHTML, like Gecko; compatible; ClaudeBot/1.0; +claudebot@anthropic.com)"
216.73.216.54 - - [06/Jun/2026:17:44:29 +0200] "GET /sitemap-hot-2266152.xml HTTP/1.1" 404 13930 "-" "Mozilla/5.0 AppleWebKit/537.36 (KHTML, like Gecko; compatible; ClaudeBot/1.0; +claudebot@anthropic.com)"
216.73.216.54 - - [06/Jun/2026:17:44:54 +0200] "GET /sitemap-hot-2280152.xml HTTP/1.1" 404 13930 "-" "Mozilla/5.0 AppleWebKit/537.36 (KHTML, like Gecko; compatible; ClaudeBot/1.0; +claudebot@anthropic.com)"
216.73.216.54 - - [06/Jun/2026:17:44:56 +0200] "GET /sitemap-hot-2284152.xml HTTP/1.1" 404 13930 "-" "Mozilla/5.0 AppleWebKit/537.36 (KHTML, like Gecko; compatible; ClaudeBot/1.0; +claudebot@anthropic.com)"
75.119.139.177 - - [06/Jun/2026:17:46:25 +0200] "POST /wp-cron.php?doing_wp_cron=1780760785.0300600528717041015625 HTTP/1.1" 200 31 "-" "WordPress/7.0; https://myideas.pt"
216.73.216.54 - - [06/Jun/2026:17:46:25 +0200] "GET /sitemap-hot-2288152.xml HTTP/1.1" 404 13930 "-" "Mozilla/5.0 AppleWebKit/537.36 (KHTML, like Gecko; compatible; ClaudeBot/1.0; +claudebot@anthropic.com)"
75.119.139.177 - - [06/Jun/2026:17:47:25 +0200] "POST /wp-cron.php?doing_wp_cron=1780760845.9590020179748535156250 HTTP/1.1" 200 31 "-" "WordPress/7.0; https://myideas.pt"
216.73.216.54 - - [06/Jun/2026:17:47:25 +0200] "GET /sitemap-hot-2282152.xml HTTP/1.1" 404 13930 "-" "Mozilla/5.0 AppleWebKit/537.36 (KHTML, like Gecko; compatible; ClaudeBot/1.0; +claudebot@anthropic.com)"
216.73.216.54 - - [06/Jun/2026:17:47:50 +0200] "GET /sitemap-hot-2276152.xml HTTP/1.1" 404 13930 "-" "Mozilla/5.0 AppleWebKit/537.36 (KHTML, like Gecko; compatible; ClaudeBot/1.0; +claudebot@anthropic.com)"
75.119.139.177 - - [06/Jun/2026:17:48:31 +0200] "POST /wp-cron.php?doing_wp_cron=1780760911.5893020629882812500000 HTTP/1.1" 200 31 "-" "WordPress/7.0; https://myideas.pt"
216.73.216.54 - - [06/Jun/2026:17:48:31 +0200] "GET /sitemap-hot-2292152.xml HTTP/1.1" 404 13928 "-" "Mozilla/5.0 AppleWebKit/537.36 (KHTML, like Gecko; compatible; ClaudeBot/1.0; +claudebot@anthropic.com)"
162.55.238.165 - - [06/Jun/2026:17:48:45 +0200] "GET /wp-login.php HTTP/1.1" 200 2256 "-" "Mozilla/5.0 (Windows NT 10.0; Win64; x64) AppleWebKit/537.36 (KHTML, like Gecko) Chrome/120.0.0.0 Safari/537.36"
162.55.238.165 - - [06/Jun/2026:17:48:45 +0200] "POST /wp-login.php HTTP/1.1" 200 2416 "https://myideas.pt/wp-login.php" "Mozilla/5.0 (Windows NT 10.0; Win64; x64) AppleWebKit/537.36 (KHTML, like Gecko) Chrome/120.0.0.0 Safari/537.36"
37.97.137.40 - - [06/Jun/2026:17:48:51 +0200] "HEAD / HTTP/1.1" 301 0 "-" "downnotifier.com monitoring"
37.97.137.40 - - [06/Jun/2026:17:48:52 +0200] "HEAD / HTTP/1.1" 200 0 "-" "downnotifier.com monitoring"
216.73.216.54 - - [06/Jun/2026:17:49:02 +0200] "GET /sitemap-hot-2270152.xml HTTP/1.1" 404 13928 "-" "Mozilla/5.0 AppleWebKit/537.36 (KHTML, like Gecko; compatible; ClaudeBot/1.0; +claudebot@anthropic.com)"
95.108.213.212 - - [06/Jun/2026:17:50:17 +0200] "GET /robots.txt HTTP/1.1" 200 986 "-" "Mozilla/5.0 (compatible; YandexBot/3.0; +http://yandex.com/bots)"
213.180.203.94 - - [06/Jun/2026:17:50:18 +0200] "GET /wp-content/uploads/2024/07/MYIDEAS_UENJI_ARENA_BRANDING_1.jpg HTTP/1.1" 200 147593 "-" "Mozilla/5.0 (compatible; YandexImages/3.0; +http://yandex.com/bots)"
75.119.139.177 - - [06/Jun/2026:17:50:22 +0200] "POST /wp-cron.php?doing_wp_cron=1780761022.2843990325927734375000 HTTP/1.1" 200 31 "-" "WordPress/7.0; https://myideas.pt"
108.61.201.55 - - [06/Jun/2026:17:50:22 +0200] "HEAD / HTTP/1.1" 200 0 "-" "downnotifier.com monitoring"
85.208.96.207 - - [06/Jun/2026:17:51:18 +0200] "GET /robots.txt HTTP/1.1" 200 986 "-" "Mozilla/5.0 (compatible; SemrushBot/7~bl; +http://www.semrush.com/bot.html)"
75.119.139.177 - - [06/Jun/2026:17:51:19 +0200] "POST /wp-cron.php?doing_wp_cron=1780761079.7415270805358886718750 HTTP/1.1" 200 31 "-" "WordPress/7.0; https://myideas.pt"
185.191.171.8 - - [06/Jun/2026:17:51:19 +0200] "GET /seo-geo-aeo HTTP/1.1" 301 5 "-" "Mozilla/5.0 (compatible; SemrushBot/7~bl; +http://www.semrush.com/bot.html)"
185.191.171.13 - - [06/Jun/2026:17:51:24 +0200] "GET /seo-geo-aeo/ HTTP/1.1" 200 15967 "-" "Mozilla/5.0 (compatible; SemrushBot/7~bl; +http://www.semrush.com/bot.html)"
75.119.139.177 - - [06/Jun/2026:17:53:27 +0200] "POST /wp-cron.php?doing_wp_cron=1780761207.7841849327087402343750 HTTP/1.1" 200 31 "-" "WordPress/7.0; https://myideas.pt"
216.73.216.54 - - [06/Jun/2026:17:53:27 +0200] "GET /sitemap-hot-2268152.xml HTTP/1.1" 404 13930 "-" "Mozilla/5.0 AppleWebKit/537.36 (KHTML, like Gecko; compatible; ClaudeBot/1.0; +claudebot@anthropic.com)"
198.244.240.206 - - [06/Jun/2026:17:53:31 +0200] "GET /sitemap-hot-2292152.xml HTTP/1.1" 404 13928 "-" "Mozilla/5.0 (compatible; AhrefsBot/7.0; +http://ahrefs.com/robot/)"
75.119.139.177 - - [06/Jun/2026:17:56:24 +0200] "POST /wp-cron.php?doing_wp_cron=1780761384.5222110748291015625000 HTTP/1.1" 200 31 "-" "WordPress/7.0; https://myideas.pt"
66.249.68.167 - - [06/Jun/2026:17:56:24 +0200] "GET / HTTP/1.1" 301 5 "-" "Mozilla/5.0 (Linux; Android 6.0.1; Nexus 5X Build/MMB29P) AppleWebKit/537.36 (KHTML, like Gecko) Chrome/148.0.7778.96 Mobile Safari/537.36 (compatible; Googlebot/2.1; +http://www.google.com/bot.html)"
66.249.79.129 - - [06/Jun/2026:17:56:26 +0200] "GET / HTTP/1.1" 200 24292 "-" "Mozilla/5.0 (Linux; Android 6.0.1; Nexus 5X Build/MMB29P) AppleWebKit/537.36 (KHTML, like Gecko) Chrome/148.0.7778.96 Mobile Safari/537.36 (compatible; Googlebot/2.1; +http://www.google.com/bot.html)"
66.249.79.129 - - [06/Jun/2026:17:56:44 +0200] "GET /wp-content/cache/wpo-minify/1780673871/assets/wpo-minify-header-85140de2.min.css HTTP/1.1" 200 35213 "https://myideas.pt/" "Mozilla/5.0 (Linux; Android 6.0.1; Nexus 5X Build/MMB29P) AppleWebKit/537.36 (KHTML, like Gecko) Chrome/148.0.7778.96 Mobile Safari/537.36 (compatible; Googlebot/2.1; +http://www.google.com/bot.html)"
66.249.79.130 - - [06/Jun/2026:17:56:44 +0200] "GET /wp-content/cache/wpo-minify/1780673871/assets/wpo-minify-footer-f9e72a21.min.js HTTP/1.1" 200 96500 "https://myideas.pt/" "Mozilla/5.0 (Linux; Android 6.0.1; Nexus 5X Build/MMB29P) AppleWebKit/537.36 (KHTML, like Gecko) Chrome/148.0.7778.96 Mobile Safari/537.36 (compatible; Googlebot/2.1; +http://www.google.com/bot.html)"
66.249.79.130 - - [06/Jun/2026:17:56:45 +0200] "GET /wp-content/uploads/2024/06/COLLABORATIVE_MODELS_MYIDEAS_RETAINER-BASED_MODEL.svg HTTP/1.1" 200 2800 "https://myideas.pt/" "Mozilla/5.0 (Linux; Android 6.0.1; Nexus 5X Build/MMB29P) AppleWebKit/537.36 (KHTML, like Gecko) Chrome/148.0.7778.96 Mobile Safari/537.36 (compatible; Googlebot/2.1; +http://www.google.com/bot.html)"
66.249.68.166 - - [06/Jun/2026:17:57:21 +0200] "GET / HTTP/1.1" 301 5 "-" "Mozilla/5.0 (Linux; Android 6.0.1; Nexus 5X Build/MMB29P) AppleWebKit/537.36 (KHTML, like Gecko) Chrome/99.0.4844.84 Mobile Safari/537.36 (compatible; Googlebot/2.1; +http://www.google.com/bot.html)"
75.119.139.177 - - [06/Jun/2026:17:57:21 +0200] "POST /wp-cron.php?doing_wp_cron=1780761441.7006900310516357421875 HTTP/1.1" 200 31 "-" "WordPress/7.0; https://myideas.pt"
66.249.68.166 - - [06/Jun/2026:17:57:21 +0200] "GET / HTTP/1.1" 301 5 "-" "Mozilla/5.0 (compatible; Googlebot/2.1; +http://www.google.com/bot.html)"
66.249.79.129 - - [06/Jun/2026:17:57:22 +0200] "GET / HTTP/1.1" 200 24292 "-" "Mozilla/5.0 (Linux; Android 6.0.1; Nexus 5X Build/MMB29P) AppleWebKit/537.36 (KHTML, like Gecko) Chrome/99.0.4844.84 Mobile Safari/537.36 (compatible; Googlebot/2.1; +http://www.google.com/bot.html)"
66.249.79.130 - - [06/Jun/2026:17:57:22 +0200] "GET / HTTP/1.1" 200 24292 "-" "Mozilla/5.0 (compatible; Googlebot/2.1; +http://www.google.com/bot.html)"
66.249.79.130 - - [06/Jun/2026:17:57:23 +0200] "GET /wp-content/uploads/2024/06/COLLABORATIVE_MODELS_MYIDEAS_CONSULTING_AND_TRAINING.svg HTTP/1.1" 200 2450 "https://myideas.pt/" "Mozilla/5.0 (Linux; Android 6.0.1; Nexus 5X Build/MMB29P) AppleWebKit/537.36 (KHTML, like Gecko) Chrome/147.0.7727.116 Mobile Safari/537.36 (compatible; Googlebot/2.1; +http://www.google.com/bot.html)"
66.249.79.129 - - [06/Jun/2026:17:57:23 +0200] "GET /wp-content/uploads/2024/06/COLLABORATIVE_MODELS_MYIDEAS_CONSULTING_AND_TRAINING.svg HTTP/1.1" 200 2450 "https://myideas.pt/" "Mozilla/5.0 AppleWebKit/537.36 (KHTML, like Gecko; compatible; Googlebot/2.1; +http://www.google.com/bot.html) Chrome/147.0.7727.116 Safari/537.36"
66.249.79.130 - - [06/Jun/2026:17:57:23 +0200] "GET /wp-content/uploads/2024/06/ASPAS_TESTEMUNHOS_CLIENTES_MYIDEAS.svg HTTP/1.1" 200 1045 "https://myideas.pt/" "Mozilla/5.0 (Linux; Android 6.0.1; Nexus 5X Build/MMB29P) AppleWebKit/537.36 (KHTML, like Gecko) Chrome/147.0.7727.116 Mobile Safari/537.36 (compatible; Googlebot/2.1; +http://www.google.com/bot.html)"
66.249.79.130 - - [06/Jun/2026:17:57:23 +0200] "GET /wp-content/uploads/2024/06/ASPAS_TESTEMUNHOS_CLIENTES_MYIDEAS.svg HTTP/1.1" 200 1045 "https://myideas.pt/" "Mozilla/5.0 AppleWebKit/537.36 (KHTML, like Gecko; compatible; Googlebot/2.1; +http://www.google.com/bot.html) Chrome/147.0.7727.116 Safari/537.36"
75.119.139.177 - - [06/Jun/2026:17:58:52 +0200] "POST /wp-cron.php?doing_wp_cron=1780761531.6156899929046630859375 HTTP/1.1" 200 31 "-" "WordPress/7.0; https://myideas.pt"
206.189.127.129 - - [06/Jun/2026:17:58:52 +0200] "HEAD / HTTP/1.1" 301 0 "-" "downnotifier.com monitoring"
206.189.127.129 - - [06/Jun/2026:17:58:52 +0200] "HEAD / HTTP/1.1" 200 0 "-" "downnotifier.com monitoring"
75.119.139.177 - - [06/Jun/2026:17:59:23 +0200] "POST /wp-cron.php?doing_wp_cron=1780761563.5837609767913818359375 HTTP/1.1" 200 31 "-" "WordPress/7.0; https://myideas.pt"
198.244.183.243 - - [06/Jun/2026:17:59:23 +0200] "GET /sitemap-hot-2286152.xml HTTP/1.1" 404 13930 "-" "Mozilla/5.0 (compatible; AhrefsBot/7.0; +http://ahrefs.com/robot/)"
94.63.69.105 - - [06/Jun/2026:18:00:14 +0200] "GET / HTTP/1.1" 200 24291 "https://portadoceu.org/" "Mozilla/5.0 (X11; Linux x86_64) AppleWebKit/537.36 (KHTML, like Gecko) Chrome/148.0.0.0 Safari/537.36"
94.63.69.105 - - [06/Jun/2026:18:00:14 +0200] "GET /wp-content/cache/wpo-minify/1780673871/assets/wpo-minify-header-85140de2.min.css HTTP/1.1" 200 35213 "https://myideas.pt/" "Mozilla/5.0 (X11; Linux x86_64) AppleWebKit/537.36 (KHTML, like Gecko) Chrome/148.0.0.0 Safari/537.36"
94.63.69.105 - - [06/Jun/2026:18:00:14 +0200] "GET /wp-content/uploads/2025/03/BSO_CONSULTING_BRANDING_MYIDEAS_1-1024x768.jpg HTTP/1.1" 200 61352 "https://myideas.pt/" "Mozilla/5.0 (X11; Linux x86_64) AppleWebKit/537.36 (KHTML, like Gecko) Chrome/148.0.0.0 Safari/537.36"
94.63.69.105 - - [06/Jun/2026:18:00:14 +0200] "GET /wp-content/uploads/2025/03/MYIDEAS_DCG_BRANDING_1-1024x768.jpg HTTP/1.1" 200 29071 "https://myideas.pt/" "Mozilla/5.0 (X11; Linux x86_64) AppleWebKit/537.36 (KHTML, like Gecko) Chrome/148.0.0.0 Safari/537.36"
94.63.69.105 - - [06/Jun/2026:18:00:14 +0200] "GET /wp-content/uploads/2025/11/MYIDEAS_BRANDING_MEANINGFUL_1-1024x768.jpg HTTP/1.1" 200 196520 "https://myideas.pt/" "Mozilla/5.0 (X11; Linux x86_64) AppleWebKit/537.36 (KHTML, like Gecko) Chrome/148.0.0.0 Safari/537.36"
94.63.69.105 - - [06/Jun/2026:18:00:14 +0200] "GET /wp-content/themes/Impreza/fonts/fa-regular-400.woff2?ver=8.46 HTTP/1.1" 200 168824 "https://myideas.pt/" "Mozilla/5.0 (X11; Linux x86_64) AppleWebKit/537.36 (KHTML, like Gecko) Chrome/148.0.0.0 Safari/537.36"
94.63.69.105 - - [06/Jun/2026:18:00:14 +0200] "GET /wp-content/uploads/2024/06/MYIDEAS_MOBILE_1.jpg HTTP/1.1" 200 49979 "https://myideas.pt/" "Mozilla/5.0 (X11; Linux x86_64) AppleWebKit/537.36 (KHTML, like Gecko) Chrome/148.0.0.0 Safari/537.36"
94.63.69.105 - - [06/Jun/2026:18:00:14 +0200] "GET /wp-content/cache/wpo-minify/1780673871/assets/wpo-minify-footer-f9e72a21.min.js HTTP/1.1" 200 96500 "https://myideas.pt/" "Mozilla/5.0 (X11; Linux x86_64) AppleWebKit/537.36 (KHTML, like Gecko) Chrome/148.0.0.0 Safari/537.36"
94.63.69.105 - - [06/Jun/2026:18:00:14 +0200] "GET /wp-content/themes/Impreza/fonts/fa-brands-400.woff2?ver=8.46 HTTP/1.1" 200 76728 "https://myideas.pt/" "Mozilla/5.0 (X11; Linux x86_64) AppleWebKit/537.36 (KHTML, like Gecko) Chrome/148.0.0.0 Safari/537.36"
94.63.69.105 - - [06/Jun/2026:18:00:14 +0200] "GET /wp-content/themes/Impreza/fonts/fa-light-300.woff2?ver=8.46 HTTP/1.1" 200 184204 "https://myideas.pt/" "Mozilla/5.0 (X11; Linux x86_64) AppleWebKit/537.36 (KHTML, like Gecko) Chrome/148.0.0.0 Safari/537.36"
94.63.69.105 - - [06/Jun/2026:18:00:15 +0200] "GET /wp-content/themes/Impreza/fonts/material-icons.woff2?ver=8.46 HTTP/1.1" 200 128352 "https://myideas.pt/" "Mozilla/5.0 (X11; Linux x86_64) AppleWebKit/537.36 (KHTML, like Gecko) Chrome/148.0.0.0 Safari/537.36"
94.63.69.105 - - [06/Jun/2026:18:00:15 +0200] "GET /wp-content/uploads/2024/06/MYIDEAS_THE_JOURNEY_IS_ON_4.jpg HTTP/1.1" 200 87163 "https://myideas.pt/" "Mozilla/5.0 (X11; Linux x86_64) AppleWebKit/537.36 (KHTML, like Gecko) Chrome/148.0.0.0 Safari/537.36"
94.63.69.105 - - [06/Jun/2026:18:00:15 +0200] "GET /wp-content/uploads/2024/06/MYIDEAS_SUSTAINABLE_MARKETING_BLUE.jpg HTTP/1.1" 200 19790 "https://myideas.pt/" "Mozilla/5.0 (X11; Linux x86_64) AppleWebKit/537.36 (KHTML, like Gecko) Chrome/148.0.0.0 Safari/537.36"
94.63.69.105 - - [06/Jun/2026:18:00:15 +0200] "GET /wp-content/uploads/2024/06/MYIDEAS_MARKETING_STRATEGIES_BLUE.jpg HTTP/1.1" 200 23843 "https://myideas.pt/" "Mozilla/5.0 (X11; Linux x86_64) AppleWebKit/537.36 (KHTML, like Gecko) Chrome/148.0.0.0 Safari/537.36"
94.63.69.105 - - [06/Jun/2026:18:00:15 +0200] "GET /wp-content/uploads/2024/06/MYIDEAS_BRANDING_BLUE.jpg HTTP/1.1" 200 23798 "https://myideas.pt/" "Mozilla/5.0 (X11; Linux x86_64) AppleWebKit/537.36 (KHTML, like Gecko) Chrome/148.0.0.0 Safari/537.36"
94.63.69.105 - - [06/Jun/2026:18:00:15 +0200] "GET /wp-content/uploads/2024/06/MYIDEAS_WEBSITE_BLUE.jpg HTTP/1.1" 200 22897 "https://myideas.pt/" "Mozilla/5.0 (X11; Linux x86_64) AppleWebKit/537.36 (KHTML, like Gecko) Chrome/148.0.0.0 Safari/537.36"
94.63.69.105 - - [06/Jun/2026:18:00:15 +0200] "GET /wp-content/uploads/2024/06/MYIDEAS_SEO_BLUE.jpg HTTP/1.1" 200 23503 "https://myideas.pt/" "Mozilla/5.0 (X11; Linux x86_64) AppleWebKit/537.36 (KHTML, like Gecko) Chrome/148.0.0.0 Safari/537.36"
94.63.69.105 - - [06/Jun/2026:18:00:15 +0200] "GET /wp-content/uploads/2024/06/MYIDEAS_SOCIAL_MEDIA_BLUE.jpg HTTP/1.1" 200 25303 "https://myideas.pt/" "Mozilla/5.0 (X11; Linux x86_64) AppleWebKit/537.36 (KHTML, like Gecko) Chrome/148.0.0.0 Safari/537.36"
94.63.69.105 - - [06/Jun/2026:18:00:15 +0200] "GET /wp-content/uploads/2024/06/MYIDEAS_PR_BLUE.jpg HTTP/1.1" 200 22524 "https://myideas.pt/" "Mozilla/5.0 (X11; Linux x86_64) AppleWebKit/537.36 (KHTML, like Gecko) Chrome/148.0.0.0 Safari/537.36"
94.63.69.105 - - [06/Jun/2026:18:00:15 +0200] "GET /wp-content/uploads/2024/06/MYIDEAS_GOOGLE_ADS_BLUE.jpg HTTP/1.1" 200 25461 "https://myideas.pt/" "Mozilla/5.0 (X11; Linux x86_64) AppleWebKit/537.36 (KHTML, like Gecko) Chrome/148.0.0.0 Safari/537.36"
94.63.69.105 - - [06/Jun/2026:18:00:15 +0200] "GET /wp-content/uploads/2024/06/COLLABORATIVE_MODELS_MYIDEAS_PROJECT-BASED_COLLABORATION.svg HTTP/1.1" 200 2978 "https://myideas.pt/" "Mozilla/5.0 (X11; Linux x86_64) AppleWebKit/537.36 (KHTML, like Gecko) Chrome/148.0.0.0 Safari/537.36"
94.63.69.105 - - [06/Jun/2026:18:00:15 +0200] "GET /wp-content/uploads/2024/06/COLLABORATIVE_MODELS_MYIDEAS_RETAINER-BASED_MODEL.svg HTTP/1.1" 200 2800 "https://myideas.pt/" "Mozilla/5.0 (X11; Linux x86_64) AppleWebKit/537.36 (KHTML, like Gecko) Chrome/148.0.0.0 Safari/537.36"
