206.189.127.129 - - [06/Jun/2026:18:58:51 +0200] "HEAD / HTTP/1.1" 301 0 "-" "downnotifier.com monitoring"
206.189.127.129 - - [06/Jun/2026:18:58:52 +0200] "HEAD / HTTP/1.1" 200 0 "-" "downnotifier.com monitoring"
75.119.139.177 - - [06/Jun/2026:19:00:14 +0200] "POST /wp-cron.php?doing_wp_cron=1780765214.8712019920349121093750 HTTP/1.1" 200 31 "-" "WordPress/7.0; https://myideas.pt"
206.189.127.129 - - [06/Jun/2026:19:00:14 +0200] "HEAD / HTTP/1.1" 200 0 "-" "downnotifier.com monitoring"
43.163.206.70 - - [06/Jun/2026:19:00:27 +0200] "GET / HTTP/1.1" 400 248 "-" "Mozilla/5.0 (iPhone; CPU iPhone OS 13_2_3 like Mac OS X) AppleWebKit/605.1.15 (KHTML, like Gecko) Version/13.0.3 Mobile/15E148 Safari/604.1"
75.119.139.177 - - [06/Jun/2026:19:00:41 +0200] "POST /wp-cron.php?doing_wp_cron=1780765241.4036018848419189453125 HTTP/1.1" 200 31 "-" "WordPress/7.0; https://myideas.pt"
78.153.140.251 - - [06/Jun/2026:19:00:41 +0200] "GET /.env HTTP/1.1" 404 12539 "-" "Mozilla/5.0 (Windows NT 10.0; Win64; x64) AppleWebKit/537.36 (KHTML, like Gecko) Chrome/116.0.5845.140 Safari/537.36"
78.153.140.251 - - [06/Jun/2026:19:00:43 +0200] "POST / HTTP/1.1" 200 26087 "-" "Mozilla/5.0 (Windows NT 10.0; Win64; x64) AppleWebKit/537.36 (KHTML, like Gecko) Chrome/116.0.5845.140 Safari/537.36"
57.141.20.59 - - [06/Jun/2026:19:01:01 +0200] "GET /pt/noticias/ HTTP/1.1" 200 85388 "-" "meta-externalagent/1.1 (+https://developers.facebook.com/docs/sharing/webmasters/crawler)"
216.73.217.122 - - [06/Jun/2026:19:03:23 +0200] "GET /robots.txt HTTP/1.1" 200 986 "-" "Mozilla/5.0 AppleWebKit/537.36 (KHTML, like Gecko; compatible; ClaudeBot/1.0; +claudebot@anthropic.com)"
216.73.217.122 - - [06/Jun/2026:19:03:23 +0200] "GET / HTTP/1.1" 200 24292 "-" "Mozilla/5.0 AppleWebKit/537.36 (KHTML, like Gecko; compatible; ClaudeBot/1.0; +claudebot@anthropic.com)"
75.119.139.177 - - [06/Jun/2026:19:08:52 +0200] "POST /wp-cron.php?doing_wp_cron=1780765731.9888079166412353515625 HTTP/1.1" 200 31 "-" "WordPress/7.0; https://myideas.pt"
37.97.137.40 - - [06/Jun/2026:19:08:52 +0200] "HEAD / HTTP/1.1" 301 0 "-" "downnotifier.com monitoring"
37.97.137.40 - - [06/Jun/2026:19:08:52 +0200] "HEAD / HTTP/1.1" 200 0 "-" "downnotifier.com monitoring"
75.119.139.177 - - [06/Jun/2026:19:10:14 +0200] "POST /wp-cron.php?doing_wp_cron=1780765814.3052470684051513671875 HTTP/1.1" 200 31 "-" "WordPress/7.0; https://myideas.pt"
139.59.109.12 - - [06/Jun/2026:19:10:14 +0200] "HEAD / HTTP/1.1" 200 0 "-" "downnotifier.com monitoring"
121.229.156.12 - - [06/Jun/2026:19:11:35 +0200] "GET / HTTP/1.1" 200 24292 "-" "MQQBrowser/26 Mozilla/5.0 (Linux; U; Android 4.4.2; zh-cn; MB200 Build/GRJ22; CyanogenMod-7) AppleWebKit/533.1 (KHTML, like Gecko) Version/4.0 Mobile Safari/533.1 (compatible; Sogou web spider/4.0; +http://www.sogou.com/docs/help/webmasters.htm#07)"
20.89.43.232 - - [06/Jun/2026:19:12:04 +0200] "GET /a.php HTTP/1.1" 404 47 "-" "Mozilla/5.0 (Windows NT 10.0; Win64; x64) AppleWebKit/537.36 (KHTML, like Gecko) Chrome/120.0.0.0 Safari/537.36"
20.89.43.232 - - [06/Jun/2026:19:12:04 +0200] "GET /aa.php HTTP/1.1" 404 47 "-" "Mozilla/5.0 (Windows NT 10.0; Win64; x64) AppleWebKit/537.36 (KHTML, like Gecko) Chrome/120.0.0.0 Safari/537.36"
20.89.43.232 - - [06/Jun/2026:19:12:04 +0200] "GET /aaa.php HTTP/1.1" 404 47 "-" "Mozilla/5.0 (Windows NT 10.0; Win64; x64) AppleWebKit/537.36 (KHTML, like Gecko) Chrome/120.0.0.0 Safari/537.36"
20.89.43.232 - - [06/Jun/2026:19:12:05 +0200] "GET /ab.php HTTP/1.1" 404 47 "-" "Mozilla/5.0 (Windows NT 10.0; Win64; x64) AppleWebKit/537.36 (KHTML, like Gecko) Chrome/120.0.0.0 Safari/537.36"
20.89.43.232 - - [06/Jun/2026:19:12:05 +0200] "GET /lock360.php HTTP/1.1" 404 47 "-" "Mozilla/5.0 (Windows NT 10.0; Win64; x64) AppleWebKit/537.36 (KHTML, like Gecko) Chrome/120.0.0.0 Safari/537.36"
20.89.43.232 - - [06/Jun/2026:19:12:05 +0200] "GET /anonse/lock360.php HTTP/1.1" 404 47 "-" "Mozilla/5.0 (Windows NT 10.0; Win64; x64) AppleWebKit/537.36 (KHTML, like Gecko) Chrome/120.0.0.0 Safari/537.36"
20.89.43.232 - - [06/Jun/2026:19:12:05 +0200] "GET /file5.php HTTP/1.1" 404 47 "-" "Mozilla/5.0 (Windows NT 10.0; Win64; x64) AppleWebKit/537.36 (KHTML, like Gecko) Chrome/120.0.0.0 Safari/537.36"
20.89.43.232 - - [06/Jun/2026:19:12:06 +0200] "GET /sitemaps.php HTTP/1.1" 404 47 "-" "Mozilla/5.0 (Windows NT 10.0; Win64; x64) AppleWebKit/537.36 (KHTML, like Gecko) Chrome/120.0.0.0 Safari/537.36"
20.89.43.232 - - [06/Jun/2026:19:12:06 +0200] "GET /ioxi-o.php HTTP/1.1" 404 47 "-" "Mozilla/5.0 (Windows NT 10.0; Win64; x64) AppleWebKit/537.36 (KHTML, like Gecko) Chrome/120.0.0.0 Safari/537.36"
20.89.43.232 - - [06/Jun/2026:19:12:06 +0200] "GET /load.php HTTP/1.1" 404 47 "-" "Mozilla/5.0 (Windows NT 10.0; Win64; x64) AppleWebKit/537.36 (KHTML, like Gecko) Chrome/120.0.0.0 Safari/537.36"
20.89.43.232 - - [06/Jun/2026:19:12:06 +0200] "GET /k.php HTTP/1.1" 404 47 "-" "Mozilla/5.0 (Windows NT 10.0; Win64; x64) AppleWebKit/537.36 (KHTML, like Gecko) Chrome/120.0.0.0 Safari/537.36"
20.89.43.232 - - [06/Jun/2026:19:12:07 +0200] "GET /autoload_classmap.php HTTP/1.1" 404 47 "-" "Mozilla/5.0 (Windows NT 10.0; Win64; x64) AppleWebKit/537.36 (KHTML, like Gecko) Chrome/120.0.0.0 Safari/537.36"
20.89.43.232 - - [06/Jun/2026:19:12:07 +0200] "GET /post.php HTTP/1.1" 404 47 "-" "Mozilla/5.0 (Windows NT 10.0; Win64; x64) AppleWebKit/537.36 (KHTML, like Gecko) Chrome/120.0.0.0 Safari/537.36"
20.89.43.232 - - [06/Jun/2026:19:12:07 +0200] "GET /1.php HTTP/1.1" 404 47 "-" "Mozilla/5.0 (Windows NT 10.0; Win64; x64) AppleWebKit/537.36 (KHTML, like Gecko) Chrome/120.0.0.0 Safari/537.36"
20.89.43.232 - - [06/Jun/2026:19:12:07 +0200] "GET /flower.php HTTP/1.1" 404 47 "-" "Mozilla/5.0 (Windows NT 10.0; Win64; x64) AppleWebKit/537.36 (KHTML, like Gecko) Chrome/120.0.0.0 Safari/537.36"
20.89.43.232 - - [06/Jun/2026:19:12:08 +0200] "GET /admin.php HTTP/1.1" 404 47 "-" "Mozilla/5.0 (Windows NT 10.0; Win64; x64) AppleWebKit/537.36 (KHTML, like Gecko) Chrome/120.0.0.0 Safari/537.36"
20.89.43.232 - - [06/Jun/2026:19:12:08 +0200] "GET /file.php HTTP/1.1" 404 47 "-" "Mozilla/5.0 (Windows NT 10.0; Win64; x64) AppleWebKit/537.36 (KHTML, like Gecko) Chrome/120.0.0.0 Safari/537.36"
20.89.43.232 - - [06/Jun/2026:19:12:08 +0200] "GET /default.php HTTP/1.1" 404 47 "-" "Mozilla/5.0 (Windows NT 10.0; Win64; x64) AppleWebKit/537.36 (KHTML, like Gecko) Chrome/120.0.0.0 Safari/537.36"
20.89.43.232 - - [06/Jun/2026:19:12:08 +0200] "GET /defaults.php HTTP/1.1" 404 47 "-" "Mozilla/5.0 (Windows NT 10.0; Win64; x64) AppleWebKit/537.36 (KHTML, like Gecko) Chrome/120.0.0.0 Safari/537.36"
20.89.43.232 - - [06/Jun/2026:19:12:09 +0200] "GET /meta.php HTTP/1.1" 404 47 "-" "Mozilla/5.0 (Windows NT 10.0; Win64; x64) AppleWebKit/537.36 (KHTML, like Gecko) Chrome/120.0.0.0 Safari/537.36"
75.119.139.177 - - [06/Jun/2026:19:12:09 +0200] "POST /wp-cron.php?doing_wp_cron=1780765929.9099099636077880859375 HTTP/1.1" 200 31 "-" "WordPress/7.0; https://myideas.pt"
20.89.43.232 - - [06/Jun/2026:19:12:09 +0200] "GET /index.php HTTP/1.1" 301 5 "-" "Mozilla/5.0 (Windows NT 10.0; Win64; x64) AppleWebKit/537.36 (KHTML, like Gecko) Chrome/120.0.0.0 Safari/537.36"
20.89.43.232 - - [06/Jun/2026:19:12:10 +0200] "GET /about.php HTTP/1.1" 404 47 "-" "Mozilla/5.0 (Windows NT 10.0; Win64; x64) AppleWebKit/537.36 (KHTML, like Gecko) Chrome/120.0.0.0 Safari/537.36"
20.89.43.232 - - [06/Jun/2026:19:12:10 +0200] "GET /randkeyword.php HTTP/1.1" 404 47 "-" "Mozilla/5.0 (Windows NT 10.0; Win64; x64) AppleWebKit/537.36 (KHTML, like Gecko) Chrome/120.0.0.0 Safari/537.36"
20.89.43.232 - - [06/Jun/2026:19:12:10 +0200] "GET /goods.php HTTP/1.1" 404 47 "-" "Mozilla/5.0 (Windows NT 10.0; Win64; x64) AppleWebKit/537.36 (KHTML, like Gecko) Chrome/120.0.0.0 Safari/537.36"
20.89.43.232 - - [06/Jun/2026:19:12:10 +0200] "GET /hehe.php HTTP/1.1" 404 47 "-" "Mozilla/5.0 (Windows NT 10.0; Win64; x64) AppleWebKit/537.36 (KHTML, like Gecko) Chrome/120.0.0.0 Safari/537.36"
20.89.43.232 - - [06/Jun/2026:19:12:11 +0200] "GET /user.php HTTP/1.1" 404 47 "-" "Mozilla/5.0 (Windows NT 10.0; Win64; x64) AppleWebKit/537.36 (KHTML, like Gecko) Chrome/120.0.0.0 Safari/537.36"
20.89.43.232 - - [06/Jun/2026:19:12:11 +0200] "GET /wp-2019.php HTTP/1.1" 404 47 "-" "Mozilla/5.0 (Windows NT 10.0; Win64; x64) AppleWebKit/537.36 (KHTML, like Gecko) Chrome/120.0.0.0 Safari/537.36"
20.89.43.232 - - [06/Jun/2026:19:12:11 +0200] "GET /chosen.php HTTP/1.1" 404 47 "-" "Mozilla/5.0 (Windows NT 10.0; Win64; x64) AppleWebKit/537.36 (KHTML, like Gecko) Chrome/120.0.0.0 Safari/537.36"
20.89.43.232 - - [06/Jun/2026:19:12:11 +0200] "GET /functions.php HTTP/1.1" 404 47 "-" "Mozilla/5.0 (Windows NT 10.0; Win64; x64) AppleWebKit/537.36 (KHTML, like Gecko) Chrome/120.0.0.0 Safari/537.36"
20.89.43.232 - - [06/Jun/2026:19:12:12 +0200] "GET /cron.php HTTP/1.1" 404 47 "-" "Mozilla/5.0 (Windows NT 10.0; Win64; x64) AppleWebKit/537.36 (KHTML, like Gecko) Chrome/120.0.0.0 Safari/537.36"
20.89.43.232 - - [06/Jun/2026:19:12:12 +0200] "GET /edit.php HTTP/1.1" 404 47 "-" "Mozilla/5.0 (Windows NT 10.0; Win64; x64) AppleWebKit/537.36 (KHTML, like Gecko) Chrome/120.0.0.0 Safari/537.36"
20.89.43.232 - - [06/Jun/2026:19:12:12 +0200] "GET /gecko-new.php HTTP/1.1" 404 47 "-" "Mozilla/5.0 (Windows NT 10.0; Win64; x64) AppleWebKit/537.36 (KHTML, like Gecko) Chrome/120.0.0.0 Safari/537.36"
20.89.43.232 - - [06/Jun/2026:19:12:12 +0200] "GET /cookie.php HTTP/1.1" 404 47 "-" "Mozilla/5.0 (Windows NT 10.0; Win64; x64) AppleWebKit/537.36 (KHTML, like Gecko) Chrome/120.0.0.0 Safari/537.36"
20.89.43.232 - - [06/Jun/2026:19:12:13 +0200] "GET /xleet.php HTTP/1.1" 404 47 "-" "Mozilla/5.0 (Windows NT 10.0; Win64; x64) AppleWebKit/537.36 (KHTML, like Gecko) Chrome/120.0.0.0 Safari/537.36"
20.89.43.232 - - [06/Jun/2026:19:12:13 +0200] "GET /spip.php HTTP/1.1" 404 47 "-" "Mozilla/5.0 (Windows NT 10.0; Win64; x64) AppleWebKit/537.36 (KHTML, like Gecko) Chrome/120.0.0.0 Safari/537.36"
20.89.43.232 - - [06/Jun/2026:19:12:13 +0200] "GET /22.php HTTP/1.1" 404 47 "-" "Mozilla/5.0 (Windows NT 10.0; Win64; x64) AppleWebKit/537.36 (KHTML, like Gecko) Chrome/120.0.0.0 Safari/537.36"
20.89.43.232 - - [06/Jun/2026:19:12:13 +0200] "GET /room.php HTTP/1.1" 404 47 "-" "Mozilla/5.0 (Windows NT 10.0; Win64; x64) AppleWebKit/537.36 (KHTML, like Gecko) Chrome/120.0.0.0 Safari/537.36"
20.89.43.232 - - [06/Jun/2026:19:12:14 +0200] "GET /disagreed.php HTTP/1.1" 404 47 "-" "Mozilla/5.0 (Windows NT 10.0; Win64; x64) AppleWebKit/537.36 (KHTML, like Gecko) Chrome/120.0.0.0 Safari/537.36"
20.89.43.232 - - [06/Jun/2026:19:12:14 +0200] "GET /text.php HTTP/1.1" 404 47 "-" "Mozilla/5.0 (Windows NT 10.0; Win64; x64) AppleWebKit/537.36 (KHTML, like Gecko) Chrome/120.0.0.0 Safari/537.36"
20.89.43.232 - - [06/Jun/2026:19:12:14 +0200] "GET /alfa-rex.php HTTP/1.1" 404 47 "-" "Mozilla/5.0 (Windows NT 10.0; Win64; x64) AppleWebKit/537.36 (KHTML, like Gecko) Chrome/120.0.0.0 Safari/537.36"
20.89.43.232 - - [06/Jun/2026:19:12:15 +0200] "GET /alfa-rex.php7 HTTP/1.1" 404 12545 "-" "Mozilla/5.0 (Windows NT 10.0; Win64; x64) AppleWebKit/537.36 (KHTML, like Gecko) Chrome/120.0.0.0 Safari/537.36"
20.89.43.232 - - [06/Jun/2026:19:12:15 +0200] "GET /feeds.php HTTP/1.1" 404 47 "-" "Mozilla/5.0 (Windows NT 10.0; Win64; x64) AppleWebKit/537.36 (KHTML, like Gecko) Chrome/120.0.0.0 Safari/537.36"
20.89.43.232 - - [06/Jun/2026:19:12:16 +0200] "GET /radio.php HTTP/1.1" 404 47 "-" "Mozilla/5.0 (Windows NT 10.0; Win64; x64) AppleWebKit/537.36 (KHTML, like Gecko) Chrome/120.0.0.0 Safari/537.36"
20.89.43.232 - - [06/Jun/2026:19:12:16 +0200] "GET /dropdown.php HTTP/1.1" 404 47 "-" "Mozilla/5.0 (Windows NT 10.0; Win64; x64) AppleWebKit/537.36 (KHTML, like Gecko) Chrome/120.0.0.0 Safari/537.36"
20.89.43.232 - - [06/Jun/2026:19:12:16 +0200] "GET /defaults.php HTTP/1.1" 404 47 "-" "Mozilla/5.0 (Windows NT 10.0; Win64; x64) AppleWebKit/537.36 (KHTML, like Gecko) Chrome/120.0.0.0 Safari/537.36"
20.89.43.232 - - [06/Jun/2026:19:12:16 +0200] "GET /system.php HTTP/1.1" 404 47 "-" "Mozilla/5.0 (Windows NT 10.0; Win64; x64) AppleWebKit/537.36 (KHTML, like Gecko) Chrome/120.0.0.0 Safari/537.36"
75.119.139.177 - - [06/Jun/2026:19:12:17 +0200] "POST /wp-cron.php?doing_wp_cron=1780765937.7485899925231933593750 HTTP/1.1" 200 31 "-" "WordPress/7.0; https://myideas.pt"
20.89.43.232 - - [06/Jun/2026:19:12:17 +0200] "GET /xmlrpc.php HTTP/1.1" 405 53 "-" "Mozilla/5.0 (Windows NT 10.0; Win64; x64) AppleWebKit/537.36 (KHTML, like Gecko) Chrome/120.0.0.0 Safari/537.36"
20.89.43.232 - - [06/Jun/2026:19:12:18 +0200] "GET /xmlrpc.php0 HTTP/1.1" 404 12537 "-" "Mozilla/5.0 (Windows NT 10.0; Win64; x64) AppleWebKit/537.36 (KHTML, like Gecko) Chrome/120.0.0.0 Safari/537.36"
20.89.43.232 - - [06/Jun/2026:19:12:18 +0200] "GET /colors.php HTTP/1.1" 404 47 "-" "Mozilla/5.0 (Windows NT 10.0; Win64; x64) AppleWebKit/537.36 (KHTML, like Gecko) Chrome/120.0.0.0 Safari/537.36"
20.89.43.232 - - [06/Jun/2026:19:12:19 +0200] "GET /updates.php HTTP/1.1" 404 47 "-" "Mozilla/5.0 (Windows NT 10.0; Win64; x64) AppleWebKit/537.36 (KHTML, like Gecko) Chrome/120.0.0.0 Safari/537.36"
20.89.43.232 - - [06/Jun/2026:19:12:19 +0200] "GET /alfa-rex1.php HTTP/1.1" 404 47 "-" "Mozilla/5.0 (Windows NT 10.0; Win64; x64) AppleWebKit/537.36 (KHTML, like Gecko) Chrome/120.0.0.0 Safari/537.36"
20.89.43.232 - - [06/Jun/2026:19:12:19 +0200] "GET /wp-index.php HTTP/1.1" 404 47 "-" "Mozilla/5.0 (Windows NT 10.0; Win64; x64) AppleWebKit/537.36 (KHTML, like Gecko) Chrome/120.0.0.0 Safari/537.36"
20.89.43.232 - - [06/Jun/2026:19:12:19 +0200] "GET /wp-admin.php HTTP/1.1" 404 47 "-" "Mozilla/5.0 (Windows NT 10.0; Win64; x64) AppleWebKit/537.36 (KHTML, like Gecko) Chrome/120.0.0.0 Safari/537.36"
20.89.43.232 - - [06/Jun/2026:19:12:20 +0200] "GET /alfa.php HTTP/1.1" 404 47 "-" "Mozilla/5.0 (Windows NT 10.0; Win64; x64) AppleWebKit/537.36 (KHTML, like Gecko) Chrome/120.0.0.0 Safari/537.36"
20.89.43.232 - - [06/Jun/2026:19:12:21 +0200] "GET /alfanew.php7 HTTP/1.1" 404 12545 "-" "Mozilla/5.0 (Windows NT 10.0; Win64; x64) AppleWebKit/537.36 (KHTML, like Gecko) Chrome/120.0.0.0 Safari/537.36"
20.89.43.232 - - [06/Jun/2026:19:12:21 +0200] "GET /locale.php HTTP/1.1" 404 47 "-" "Mozilla/5.0 (Windows NT 10.0; Win64; x64) AppleWebKit/537.36 (KHTML, like Gecko) Chrome/120.0.0.0 Safari/537.36"
20.89.43.232 - - [06/Jun/2026:19:12:21 +0200] "GET /wxo.php HTTP/1.1" 404 47 "-" "Mozilla/5.0 (Windows NT 10.0; Win64; x64) AppleWebKit/537.36 (KHTML, like Gecko) Chrome/120.0.0.0 Safari/537.36"
20.89.43.232 - - [06/Jun/2026:19:12:21 +0200] "GET /colour.php HTTP/1.1" 404 47 "-" "Mozilla/5.0 (Windows NT 10.0; Win64; x64) AppleWebKit/537.36 (KHTML, like Gecko) Chrome/120.0.0.0 Safari/537.36"
20.89.43.232 - - [06/Jun/2026:19:12:22 +0200] "GET /files.php HTTP/1.1" 404 47 "-" "Mozilla/5.0 (Windows NT 10.0; Win64; x64) AppleWebKit/537.36 (KHTML, like Gecko) Chrome/120.0.0.0 Safari/537.36"
20.89.43.232 - - [06/Jun/2026:19:12:22 +0200] "GET /install.php HTTP/1.1" 404 47 "-" "Mozilla/5.0 (Windows NT 10.0; Win64; x64) AppleWebKit/537.36 (KHTML, like Gecko) Chrome/120.0.0.0 Safari/537.36"
20.89.43.232 - - [06/Jun/2026:19:12:22 +0200] "GET /wp-contentt.php HTTP/1.1" 404 47 "-" "Mozilla/5.0 (Windows NT 10.0; Win64; x64) AppleWebKit/537.36 (KHTML, like Gecko) Chrome/120.0.0.0 Safari/537.36"
20.89.43.232 - - [06/Jun/2026:19:12:23 +0200] "GET /config.php7 HTTP/1.1" 404 12541 "-" "Mozilla/5.0 (Windows NT 10.0; Win64; x64) AppleWebKit/537.36 (KHTML, like Gecko) Chrome/120.0.0.0 Safari/537.36"
20.89.43.232 - - [06/Jun/2026:19:12:23 +0200] "GET /config.php HTTP/1.1" 404 47 "-" "Mozilla/5.0 (Windows NT 10.0; Win64; x64) AppleWebKit/537.36 (KHTML, like Gecko) Chrome/120.0.0.0 Safari/537.36"
20.89.43.232 - - [06/Jun/2026:19:12:24 +0200] "GET /theme.php HTTP/1.1" 404 47 "-" "Mozilla/5.0 (Windows NT 10.0; Win64; x64) AppleWebKit/537.36 (KHTML, like Gecko) Chrome/120.0.0.0 Safari/537.36"
20.89.43.232 - - [06/Jun/2026:19:12:24 +0200] "GET /block-bindings.php HTTP/1.1" 404 47 "-" "Mozilla/5.0 (Windows NT 10.0; Win64; x64) AppleWebKit/537.36 (KHTML, like Gecko) Chrome/120.0.0.0 Safari/537.36"
20.89.43.232 - - [06/Jun/2026:19:12:24 +0200] "GET /class_api.php HTTP/1.1" 404 47 "-" "Mozilla/5.0 (Windows NT 10.0; Win64; x64) AppleWebKit/537.36 (KHTML, like Gecko) Chrome/120.0.0.0 Safari/537.36"
20.89.43.232 - - [06/Jun/2026:19:12:24 +0200] "GET /inputs.php HTTP/1.1" 404 47 "-" "Mozilla/5.0 (Windows NT 10.0; Win64; x64) AppleWebKit/537.36 (KHTML, like Gecko) Chrome/120.0.0.0 Safari/537.36"
20.89.43.232 - - [06/Jun/2026:19:12:25 +0200] "GET /root.php HTTP/1.1" 404 47 "-" "Mozilla/5.0 (Windows NT 10.0; Win64; x64) AppleWebKit/537.36 (KHTML, like Gecko) Chrome/120.0.0.0 Safari/537.36"
20.89.43.232 - - [06/Jun/2026:19:12:25 +0200] "GET /menu.php HTTP/1.1" 404 47 "-" "Mozilla/5.0 (Windows NT 10.0; Win64; x64) AppleWebKit/537.36 (KHTML, like Gecko) Chrome/120.0.0.0 Safari/537.36"
20.89.43.232 - - [06/Jun/2026:19:12:25 +0200] "GET /plugin.php HTTP/1.1" 404 47 "-" "Mozilla/5.0 (Windows NT 10.0; Win64; x64) AppleWebKit/537.36 (KHTML, like Gecko) Chrome/120.0.0.0 Safari/537.36"
20.89.43.232 - - [06/Jun/2026:19:12:25 +0200] "GET /cloud.php HTTP/1.1" 404 47 "-" "Mozilla/5.0 (Windows NT 10.0; Win64; x64) AppleWebKit/537.36 (KHTML, like Gecko) Chrome/120.0.0.0 Safari/537.36"
20.89.43.232 - - [06/Jun/2026:19:12:25 +0200] "GET /configs.php HTTP/1.1" 404 47 "-" "Mozilla/5.0 (Windows NT 10.0; Win64; x64) AppleWebKit/537.36 (KHTML, like Gecko) Chrome/120.0.0.0 Safari/537.36"
20.89.43.232 - - [06/Jun/2026:19:12:26 +0200] "GET /wp-configs.php HTTP/1.1" 404 47 "-" "Mozilla/5.0 (Windows NT 10.0; Win64; x64) AppleWebKit/537.36 (KHTML, like Gecko) Chrome/120.0.0.0 Safari/537.36"
20.89.43.232 - - [06/Jun/2026:19:12:26 +0200] "GET /update.php HTTP/1.1" 404 47 "-" "Mozilla/5.0 (Windows NT 10.0; Win64; x64) AppleWebKit/537.36 (KHTML, like Gecko) Chrome/120.0.0.0 Safari/537.36"
20.89.43.232 - - [06/Jun/2026:19:12:26 +0200] "GET /2.php HTTP/1.1" 404 47 "-" "Mozilla/5.0 (Windows NT 10.0; Win64; x64) AppleWebKit/537.36 (KHTML, like Gecko) Chrome/120.0.0.0 Safari/537.36"
20.89.43.232 - - [06/Jun/2026:19:12:26 +0200] "GET /input.php HTTP/1.1" 404 47 "-" "Mozilla/5.0 (Windows NT 10.0; Win64; x64) AppleWebKit/537.36 (KHTML, like Gecko) Chrome/120.0.0.0 Safari/537.36"
20.89.43.232 - - [06/Jun/2026:19:12:27 +0200] "GET /aaa.php HTTP/1.1" 404 47 "-" "Mozilla/5.0 (Windows NT 10.0; Win64; x64) AppleWebKit/537.36 (KHTML, like Gecko) Chrome/120.0.0.0 Safari/537.36"
20.89.43.232 - - [06/Jun/2026:19:12:28 +0200] "GET /en-us/2021/04/30/php-community-sidesteps-its-third-supply-chain-attack-in-three-years/ HTTP/1.1" 404 12653 "-" "Mozilla/5.0 (Windows NT 10.0; Win64; x64) AppleWebKit/537.36 (KHTML, like Gecko) Chrome/120.0.0.0 Safari/537.36"
20.89.43.232 - - [06/Jun/2026:19:12:29 +0200] "GET /ALFA_DATA/alfacgiapi/ HTTP/1.1" 404 12554 "-" "Mozilla/5.0 (Windows NT 10.0; Win64; x64) AppleWebKit/537.36 (KHTML, like Gecko) Chrome/120.0.0.0 Safari/537.36"
20.89.43.232 - - [06/Jun/2026:19:12:29 +0200] "GET /wp-admin/images/ HTTP/1.1" 403 548 "-" "Mozilla/5.0 (Windows NT 10.0; Win64; x64) AppleWebKit/537.36 (KHTML, like Gecko) Chrome/120.0.0.0 Safari/537.36"
20.89.43.232 - - [06/Jun/2026:19:12:29 +0200] "GET /wp-admin/images/admin.php HTTP/1.1" 404 47 "-" "Mozilla/5.0 (Windows NT 10.0; Win64; x64) AppleWebKit/537.36 (KHTML, like Gecko) Chrome/120.0.0.0 Safari/537.36"
20.89.43.232 - - [06/Jun/2026:19:12:29 +0200] "GET /wp-admin/includes/moon.php HTTP/1.1" 404 47 "-" "Mozilla/5.0 (Windows NT 10.0; Win64; x64) AppleWebKit/537.36 (KHTML, like Gecko) Chrome/120.0.0.0 Safari/537.36"
20.89.43.232 - - [06/Jun/2026:19:12:30 +0200] "GET /wp-admin/maint/edit.php HTTP/1.1" 404 47 "-" "Mozilla/5.0 (Windows NT 10.0; Win64; x64) AppleWebKit/537.36 (KHTML, like Gecko) Chrome/120.0.0.0 Safari/537.36"
20.89.43.232 - - [06/Jun/2026:19:12:30 +0200] "GET /wp-content/1.php HTTP/1.1" 404 47 "-" "Mozilla/5.0 (Windows NT 10.0; Win64; x64) AppleWebKit/537.36 (KHTML, like Gecko) Chrome/120.0.0.0 Safari/537.36"
20.89.43.232 - - [06/Jun/2026:19:12:31 +0200] "GET /wp-content/plugins/WordPressCore/ HTTP/1.1" 404 12602 "-" "Mozilla/5.0 (Windows NT 10.0; Win64; x64) AppleWebKit/537.36 (KHTML, like Gecko) Chrome/120.0.0.0 Safari/537.36"
20.89.43.232 - - [06/Jun/2026:19:12:32 +0200] "GET /wp-content/plugins/ioxi/ioxi/ HTTP/1.1" 404 12600 "-" "Mozilla/5.0 (Windows NT 10.0; Win64; x64) AppleWebKit/537.36 (KHTML, like Gecko) Chrome/120.0.0.0 Safari/537.36"
20.89.43.232 - - [06/Jun/2026:19:12:32 +0200] "GET /wp-content/themes/404.php HTTP/1.1" 404 47 "-" "Mozilla/5.0 (Windows NT 10.0; Win64; x64) AppleWebKit/537.36 (KHTML, like Gecko) Chrome/120.0.0.0 Safari/537.36"
20.89.43.232 - - [06/Jun/2026:19:12:33 +0200] "GET /wp-content/uploads/2018/03/ HTTP/1.1" 404 12594 "-" "Mozilla/5.0 (Windows NT 10.0; Win64; x64) AppleWebKit/537.36 (KHTML, like Gecko) Chrome/120.0.0.0 Safari/537.36"
20.89.43.232 - - [06/Jun/2026:19:12:34 +0200] "GET /wp-content/uploads/2022/07/ HTTP/1.1" 404 12592 "-" "Mozilla/5.0 (Windows NT 10.0; Win64; x64) AppleWebKit/537.36 (KHTML, like Gecko) Chrome/120.0.0.0 Safari/537.36"
20.89.43.232 - - [06/Jun/2026:19:12:35 +0200] "GET /wp-content/uploads/2023/03/ HTTP/1.1" 404 12593 "-" "Mozilla/5.0 (Windows NT 10.0; Win64; x64) AppleWebKit/537.36 (KHTML, like Gecko) Chrome/120.0.0.0 Safari/537.36"
20.89.43.232 - - [06/Jun/2026:19:12:35 +0200] "GET /wp-content/uploads/autoload_classmap.php HTTP/1.1" 404 47 "-" "Mozilla/5.0 (Windows NT 10.0; Win64; x64) AppleWebKit/537.36 (KHTML, like Gecko) Chrome/120.0.0.0 Safari/537.36"
20.89.43.232 - - [06/Jun/2026:19:12:36 +0200] "GET /wp-content/uploads/wp.php HTTP/1.1" 404 47 "-" "Mozilla/5.0 (Windows NT 10.0; Win64; x64) AppleWebKit/537.36 (KHTML, like Gecko) Chrome/120.0.0.0 Safari/537.36"
20.89.43.232 - - [06/Jun/2026:19:12:36 +0200] "GET /wp-includes/js/tinymce/skins/lightgray/ HTTP/1.1" 403 548 "-" "Mozilla/5.0 (Windows NT 10.0; Win64; x64) AppleWebKit/537.36 (KHTML, like Gecko) Chrome/120.0.0.0 Safari/537.36"
20.89.43.232 - - [06/Jun/2026:19:12:36 +0200] "GET /wp-includes/js/tinymce/themes/inlite/ HTTP/1.1" 403 548 "-" "Mozilla/5.0 (Windows NT 10.0; Win64; x64) AppleWebKit/537.36 (KHTML, like Gecko) Chrome/120.0.0.0 Safari/537.36"
20.89.43.232 - - [06/Jun/2026:19:12:36 +0200] "GET /wp-includes/mani.php HTTP/1.1" 404 47 "-" "Mozilla/5.0 (Windows NT 10.0; Win64; x64) AppleWebKit/537.36 (KHTML, like Gecko) Chrome/120.0.0.0 Safari/537.36"
20.89.43.232 - - [06/Jun/2026:19:12:37 +0200] "GET /wp-includes/sodium_compat/ HTTP/1.1" 403 548 "-" "Mozilla/5.0 (Windows NT 10.0; Win64; x64) AppleWebKit/537.36 (KHTML, like Gecko) Chrome/120.0.0.0 Safari/537.36"
20.89.43.232 - - [06/Jun/2026:19:12:37 +0200] "GET /wp-includes/theme-compat/ HTTP/1.1" 403 548 "-" "Mozilla/5.0 (Windows NT 10.0; Win64; x64) AppleWebKit/537.36 (KHTML, like Gecko) Chrome/120.0.0.0 Safari/537.36"
20.89.43.232 - - [06/Jun/2026:19:12:37 +0200] "GET /wp-logs.php HTTP/1.1" 404 47 "-" "Mozilla/5.0 (Windows NT 10.0; Win64; x64) AppleWebKit/537.36 (KHTML, like Gecko) Chrome/120.0.0.0 Safari/537.36"
75.119.139.177 - - [06/Jun/2026:19:18:44 +0200] "POST /wp-cron.php?doing_wp_cron=1780766324.4372889995574951171875 HTTP/1.1" 200 31 "-" "WordPress/7.0; https://myideas.pt"
54.225.199.17 - - [06/Jun/2026:19:18:44 +0200] "GET /wp-json/wp/v2/posts/4300 HTTP/1.1" 200 3287 "-" "Mozilla/5.0 AppleWebKit/537.36 (KHTML, like Gecko; compatible; Amazonbot/0.1; +https://developer.amazon.com/support/amazonbot) Chrome/119.0.6045.214 Safari/537.36"
206.189.127.129 - - [06/Jun/2026:19:18:51 +0200] "HEAD / HTTP/1.1" 301 0 "-" "downnotifier.com monitoring"
206.189.127.129 - - [06/Jun/2026:19:18:52 +0200] "HEAD / HTTP/1.1" 200 0 "-" "downnotifier.com monitoring"
47.128.31.209 - - [06/Jun/2026:19:19:27 +0200] "GET /robots.txt HTTP/1.1" 200 986 "-" "Mozilla/5.0 (Linux; Android 5.0) AppleWebKit/537.36 (KHTML, like Gecko) Mobile Safari/537.36 (compatible; Bytespider; spider-feedback@bytedance.com)"
75.119.139.177 - - [06/Jun/2026:19:20:14 +0200] "POST /wp-cron.php?doing_wp_cron=1780766414.5260660648345947265625 HTTP/1.1" 200 31 "-" "WordPress/7.0; https://myideas.pt"
108.61.201.55 - - [06/Jun/2026:19:20:14 +0200] "HEAD / HTTP/1.1" 200 0 "-" "downnotifier.com monitoring"
110.249.202.135 - - [06/Jun/2026:19:21:44 +0200] "GET /robots.txt HTTP/1.1" 200 986 "-" "Mozilla/5.0 (Linux; Android 5.0) AppleWebKit/537.36 (KHTML, like Gecko) Mobile Safari/537.36 (compatible; Bytespider; https://zhanzhang.toutiao.com/)"
77.91.97.7 - - [06/Jun/2026:19:22:26 +0200] "GET / HTTP/1.1" 200 24292 "-" "Mozilla/5.0 (Windows NT 10.0; Win64; x64; rv:109.0) Gecko/20100101 Firefox/111.0"
74.7.241.133 - - [06/Jun/2026:19:24:26 +0200] "GET /robots.txt HTTP/1.1" 200 986 "-" "Mozilla/5.0 (Macintosh; Intel Mac OS X 10_15_7) AppleWebKit/537.36 (KHTML, like Gecko) Chrome/131.0.0.0 Safari/537.36; compatible; OAI-SearchBot/1.4; robots.txt; +https://openai.com/searchbot"
75.119.139.177 - - [06/Jun/2026:19:26:01 +0200] "POST /wp-cron.php?doing_wp_cron=1780766761.8907840251922607421875 HTTP/1.1" 200 31 "-" "WordPress/7.0; https://myideas.pt"
209.141.51.192 - - [06/Jun/2026:19:26:01 +0200] "GET /wp-login.php HTTP/1.1" 200 6744 "-" "Mozilla/5.0 (X11; Linux x86_64) AppleWebKit/537.36 (KHTML, like Gecko) Chrome/35.0.1916.153 Safari/537.36"
209.141.51.192 - - [06/Jun/2026:19:26:03 +0200] "POST /wp-login.php HTTP/1.1" 200 7168 "-" "Mozilla/5.0 (X11; Linux x86_64) AppleWebKit/537.36 (KHTML, like Gecko) Chrome/35.0.1916.153 Safari/537.36"
35.252.105.236 - - [06/Jun/2026:19:27:08 +0200] "GET /wp-content/uploads/2025/07/MYDEAS_HOSY_WEBSITE_2.jpg HTTP/1.1" 200 458614 "-" "Mozilla/5.0 (X11; Linux x86_64) AppleWebKit/537.36 (KHTML, like Gecko) Chrome/91.0.4472.114 Safari/537.36"
75.119.139.177 - - [06/Jun/2026:19:27:08 +0200] "POST /wp-cron.php?doing_wp_cron=1780766828.9549469947814941406250 HTTP/1.1" 200 31 "-" "WordPress/7.0; https://myideas.pt"
43.132.141.191 - - [06/Jun/2026:19:27:08 +0200] "GET /pt/portfolio_category/brochuras HTTP/1.1" 301 5 "-" "Mozilla/5.0 (Windows NT 10.0; Win64; x64) AppleWebKit/537.36 (KHTML, like Gecko) Chrome/122.0.0.0 Safari/537.36"
43.132.141.191 - - [06/Jun/2026:19:27:10 +0200] "GET /pt/portfolio_category/brochuras/ HTTP/1.1" 200 14522 "-" "Mozilla/5.0 (Windows NT 10.0; Win64; x64) AppleWebKit/537.36 (KHTML, like Gecko) Chrome/122.0.0.0 Safari/537.36"
46.151.178.13 - - [06/Jun/2026:19:27:58 +0200] "PROPFIND / HTTP/1.1" 405 150 "http://75.119.139.177:443/" "-"
75.119.139.177 - - [06/Jun/2026:19:28:40 +0200] "POST /wp-cron.php?doing_wp_cron=1780766920.1437439918518066406250 HTTP/1.1" 200 31 "-" "WordPress/7.0; https://myideas.pt"
209.141.51.192 - - [06/Jun/2026:19:28:40 +0200] "GET /wp-login.php HTTP/1.1" 200 6744 "-" "Mozilla/5.0 (Macintosh; Intel Mac OS X 10_9_3) AppleWebKit/537.36 (KHTML, like Gecko) Chrome/35.0.1916.153 Safari/537.36"
209.141.51.192 - - [06/Jun/2026:19:28:42 +0200] "POST /wp-login.php HTTP/1.1" 200 7136 "-" "Mozilla/5.0 (Macintosh; Intel Mac OS X 10_9_3) AppleWebKit/537.36 (KHTML, like Gecko) Chrome/35.0.1916.153 Safari/537.36"
52.167.144.187 - - [06/Jun/2026:19:28:50 +0200] "GET /wp-content/uploads/2025/04/BSO_CLIENTES_MYIDEAS-300x131.png HTTP/1.1" 200 3805 "-" "Mozilla/5.0 AppleWebKit/537.36 (KHTML, like Gecko; compatible; bingbot/2.0; +http://www.bing.com/bingbot.htm) Chrome/116.0.1938.76 Safari/537.36"
37.97.137.40 - - [06/Jun/2026:19:28:51 +0200] "HEAD / HTTP/1.1" 301 0 "-" "downnotifier.com monitoring"
37.97.137.40 - - [06/Jun/2026:19:28:52 +0200] "HEAD / HTTP/1.1" 200 0 "-" "downnotifier.com monitoring"
75.119.139.177 - - [06/Jun/2026:19:30:16 +0200] "POST /wp-cron.php?doing_wp_cron=1780767015.8481519222259521484375 HTTP/1.1" 200 31 "-" "WordPress/7.0; https://myideas.pt"
139.59.109.12 - - [06/Jun/2026:19:30:16 +0200] "HEAD / HTTP/1.1" 200 0 "-" "downnotifier.com monitoring"
75.119.139.177 - - [06/Jun/2026:19:37:46 +0200] "POST /wp-cron.php?doing_wp_cron=1780767466.2992250919342041015625 HTTP/1.1" 200 31 "-" "WordPress/7.0; https://myideas.pt"
185.12.59.118 - - [06/Jun/2026:19:37:46 +0200] "GET / HTTP/1.1" 301 5 "-" "Mozilla/5.0 (Windows NT 10.0; Win64; x64; rv:132.0) Gecko/20100101 Firefox/132.0"
52.167.144.21 - - [06/Jun/2026:19:38:12 +0200] "GET /portfolio/uenji HTTP/1.1" 301 5 "-" "Mozilla/5.0 AppleWebKit/537.36 (KHTML, like Gecko; compatible; bingbot/2.0; +http://www.bing.com/bingbot.htm) Chrome/116.0.1938.76 Safari/537.36"
52.167.144.21 - - [06/Jun/2026:19:38:15 +0200] "GET /portfolio/uenji/ HTTP/1.1" 200 18631 "-" "Mozilla/5.0 AppleWebKit/537.36 (KHTML, like Gecko; compatible; bingbot/2.0; +http://www.bing.com/bingbot.htm) Chrome/116.0.1938.76 Safari/537.36"
75.119.139.177 - - [06/Jun/2026:19:38:51 +0200] "POST /wp-cron.php?doing_wp_cron=1780767531.8735949993133544921875 HTTP/1.1" 200 31 "-" "WordPress/7.0; https://myideas.pt"
206.189.127.129 - - [06/Jun/2026:19:38:51 +0200] "HEAD / HTTP/1.1" 301 0 "-" "downnotifier.com monitoring"
206.189.127.129 - - [06/Jun/2026:19:38:52 +0200] "HEAD / HTTP/1.1" 200 0 "-" "downnotifier.com monitoring"
75.119.139.177 - - [06/Jun/2026:19:40:17 +0200] "POST /wp-cron.php?doing_wp_cron=1780767617.7643549442291259765625 HTTP/1.1" 200 31 "-" "WordPress/7.0; https://myideas.pt"
108.61.201.55 - - [06/Jun/2026:19:40:17 +0200] "HEAD / HTTP/1.1" 200 0 "-" "downnotifier.com monitoring"
75.119.139.177 - - [06/Jun/2026:19:41:22 +0200] "POST /wp-cron.php?doing_wp_cron=1780767682.3338389396667480468750 HTTP/1.1" 200 31 "-" "WordPress/7.0; https://myideas.pt"
43.155.125.36 - - [06/Jun/2026:19:41:22 +0200] "GET /pt/como-trabalhamos-parceria HTTP/1.1" 301 5 "-" "Mozilla/5.0 (Windows NT 10.0; Win64; x64; rv:123.0) Gecko/20100101 Firefox/123.0"
43.155.125.36 - - [06/Jun/2026:19:41:22 +0200] "GET /pt/como-trabalhamos-parceria/ HTTP/1.1" 200 18977 "-" "Mozilla/5.0 (Windows NT 10.0; Win64; x64; rv:123.0) Gecko/20100101 Firefox/123.0"
75.119.139.177 - - [06/Jun/2026:19:45:00 +0200] "POST /wp-cron.php?doing_wp_cron=1780767900.6150929927825927734375 HTTP/1.1" 200 31 "-" "WordPress/7.0; https://myideas.pt"
205.185.124.128 - - [06/Jun/2026:19:45:00 +0200] "GET /wp-login.php HTTP/1.1" 200 6744 "-" "Mozilla/5.0 (iPhone; CPU iPhone OS 18_3 like Mac OS X) AppleWebKit/605.1.15 (KHTML, like Gecko) Version/18.3 Mobile/15E148 Safari/604.1"
75.119.139.177 - - [06/Jun/2026:19:45:54 +0200] "POST /wp-cron.php?doing_wp_cron=1780767954.0121951103210449218750 HTTP/1.1" 200 31 "-" "WordPress/7.0; https://myideas.pt"
216.73.217.122 - - [06/Jun/2026:19:45:54 +0200] "GET /sitemap-hot-2282152.xml HTTP/1.1" 404 13930 "-" "Mozilla/5.0 AppleWebKit/537.36 (KHTML, like Gecko; compatible; ClaudeBot/1.0; +claudebot@anthropic.com)"
75.119.139.177 - - [06/Jun/2026:19:46:20 +0200] "POST /wp-cron.php?doing_wp_cron=1780767980.4791400432586669921875 HTTP/1.1" 200 31 "-" "WordPress/7.0; https://myideas.pt"
216.73.217.122 - - [06/Jun/2026:19:46:20 +0200] "GET /sitemap-hot-2274152.xml HTTP/1.1" 404 13928 "-" "Mozilla/5.0 AppleWebKit/537.36 (KHTML, like Gecko; compatible; ClaudeBot/1.0; +claudebot@anthropic.com)"
216.73.217.122 - - [06/Jun/2026:19:46:42 +0200] "GET /sitemap-hot-2290152.xml HTTP/1.1" 404 13928 "-" "Mozilla/5.0 AppleWebKit/537.36 (KHTML, like Gecko; compatible; ClaudeBot/1.0; +claudebot@anthropic.com)"
223.109.255.223 - - [06/Jun/2026:19:46:43 +0200] "GET /wp-content/uploads/2025/04/villas_clientes_myideas.png HTTP/1.1" 404 146 "http://pic.sogou.com" "Sogou Pic Spider/3.0(+http://www.sogou.com/docs/help/webmasters.htm#07)"
137.184.227.205 - - [06/Jun/2026:19:46:53 +0200] "GET / HTTP/1.1" 200 24292 "-" "Mozilla/5.0 (Windows NT 10.0; Win64; x64) AppleWebKit/537.36 (KHTML, like Gecko) Chrome/131.0.0.0 Safari/537.36"
223.109.255.223 - - [06/Jun/2026:19:48:00 +0200] "GET /wp-content/uploads/2024/07/myideas_angola_economic_outlook_branding_1-1024x768.jpg HTTP/1.1" 404 146 "http://pic.sogou.com" "Sogou Pic Spider/3.0(+http://www.sogou.com/docs/help/webmasters.htm#07)"
75.119.139.177 - - [06/Jun/2026:19:48:13 +0200] "POST /wp-cron.php?doing_wp_cron=1780768093.5719621181488037109375 HTTP/1.1" 200 31 "-" "WordPress/7.0; https://myideas.pt"
205.185.124.128 - - [06/Jun/2026:19:48:13 +0200] "POST /wp-login.php HTTP/1.1" 200 7148 "-" "Mozilla/5.0 (iPhone; CPU iPhone OS 18_3 like Mac OS X) AppleWebKit/605.1.15 (KHTML, like Gecko) Version/18.3 Mobile/15E148 Safari/604.1"
75.119.139.177 - - [06/Jun/2026:19:48:30 +0200] "POST /wp-cron.php?doing_wp_cron=1780768110.3636140823364257812500 HTTP/1.1" 200 31 "-" "WordPress/7.0; https://myideas.pt"
216.73.217.122 - - [06/Jun/2026:19:48:30 +0200] "GET /sitemap-hot-2276152.xml HTTP/1.1" 404 13930 "-" "Mozilla/5.0 AppleWebKit/537.36 (KHTML, like Gecko; compatible; ClaudeBot/1.0; +claudebot@anthropic.com)"
216.73.217.122 - - [06/Jun/2026:19:48:33 +0200] "GET /sitemap-hot-2294152.xml HTTP/1.1" 404 13928 "-" "Mozilla/5.0 AppleWebKit/537.36 (KHTML, like Gecko; compatible; ClaudeBot/1.0; +claudebot@anthropic.com)"
37.97.137.40 - - [06/Jun/2026:19:48:51 +0200] "HEAD / HTTP/1.1" 301 0 "-" "downnotifier.com monitoring"
37.97.137.40 - - [06/Jun/2026:19:48:52 +0200] "HEAD / HTTP/1.1" 200 0 "-" "downnotifier.com monitoring"
216.73.217.122 - - [06/Jun/2026:19:48:53 +0200] "GET /sitemap-hot-2272152.xml HTTP/1.1" 404 13928 "-" "Mozilla/5.0 AppleWebKit/537.36 (KHTML, like Gecko; compatible; ClaudeBot/1.0; +claudebot@anthropic.com)"
44.215.199.25 - - [06/Jun/2026:19:48:54 +0200] "GET /robots.txt HTTP/1.1" 200 986 "-" "Mozilla/5.0 (Macintosh; Intel Mac OS X 10_10_1) AppleWebKit/600.2.5 (KHTML, like Gecko) Version/8.0.2 Safari/600.2.5 (Gort)"
85.208.96.204 - - [06/Jun/2026:19:49:19 +0200] "GET /robots.txt HTTP/1.1" 200 986 "-" "Mozilla/5.0 (compatible; SemrushBot/7~bl; +http://www.semrush.com/bot.html)"
75.119.139.177 - - [06/Jun/2026:19:49:19 +0200] "POST /wp-cron.php?doing_wp_cron=1780768159.8223690986633300781250 HTTP/1.1" 200 31 "-" "WordPress/7.0; https://myideas.pt"
216.73.217.122 - - [06/Jun/2026:19:49:19 +0200] "GET /sitemapindex.xml HTTP/1.1" 404 13921 "-" "Mozilla/5.0 AppleWebKit/537.36 (KHTML, like Gecko; compatible; ClaudeBot/1.0; +claudebot@anthropic.com)"
85.208.96.200 - - [06/Jun/2026:19:49:20 +0200] "GET /pt/portfolio/costa-goncalves-website/ HTTP/1.1" 200 19341 "-" "Mozilla/5.0 (compatible; SemrushBot/7~bl; +http://www.semrush.com/bot.html)"
43.156.206.229 - - [06/Jun/2026:19:49:40 +0200] "GET /ip HTTP/1.1" 404 66620 "-" "Mozilla/5.0 (Macintosh; Intel Mac OS X 10_15_7) AppleWebKit/537.36 (KHTML, like Gecko) Chrome/114.0.0.0 Safari/537.36"
43.154.191.108 - - [06/Jun/2026:19:49:40 +0200] "GET /ip HTTP/1.1" 404 66620 "-" "Mozilla/5.0 (Macintosh; Intel Mac OS X 10_15_7) AppleWebKit/537.36 (KHTML, like Gecko) Chrome/114.0.0.0 Safari/537.36"
43.153.82.138 - - [06/Jun/2026:19:49:41 +0200] "GET /ip HTTP/1.1" 404 66620 "-" "Mozilla/5.0 (Macintosh; Intel Mac OS X 10_15_7) AppleWebKit/537.36 (KHTML, like Gecko) Chrome/114.0.0.0 Safari/537.36"
216.73.217.122 - - [06/Jun/2026:19:50:08 +0200] "GET /sitemap-hot-2288152.xml HTTP/1.1" 404 13930 "-" "Mozilla/5.0 AppleWebKit/537.36 (KHTML, like Gecko; compatible; ClaudeBot/1.0; +claudebot@anthropic.com)"
75.119.139.177 - - [06/Jun/2026:19:50:18 +0200] "POST /wp-cron.php?doing_wp_cron=1780768218.6101329326629638671875 HTTP/1.1" 200 31 "-" "WordPress/7.0; https://myideas.pt"
206.189.127.129 - - [06/Jun/2026:19:50:18 +0200] "HEAD / HTTP/1.1" 200 0 "-" "downnotifier.com monitoring"
216.73.217.122 - - [06/Jun/2026:19:50:30 +0200] "GET /sitemap-hot-2296152.xml HTTP/1.1" 404 13930 "-" "Mozilla/5.0 AppleWebKit/537.36 (KHTML, like Gecko; compatible; ClaudeBot/1.0; +claudebot@anthropic.com)"
216.73.217.122 - - [06/Jun/2026:19:50:42 +0200] "GET /sitemap-hot-2286152.xml HTTP/1.1" 404 13930 "-" "Mozilla/5.0 AppleWebKit/537.36 (KHTML, like Gecko; compatible; ClaudeBot/1.0; +claudebot@anthropic.com)"
216.73.217.122 - - [06/Jun/2026:19:50:44 +0200] "GET /sitemap-hot-2278152.xml HTTP/1.1" 404 13930 "-" "Mozilla/5.0 AppleWebKit/537.36 (KHTML, like Gecko; compatible; ClaudeBot/1.0; +claudebot@anthropic.com)"
75.119.139.177 - - [06/Jun/2026:19:51:44 +0200] "POST /wp-cron.php?doing_wp_cron=1780768304.1998839378356933593750 HTTP/1.1" 200 31 "-" "WordPress/7.0; https://myideas.pt"
216.73.217.122 - - [06/Jun/2026:19:51:44 +0200] "GET /sitemap-hot-2268152.xml HTTP/1.1" 404 13930 "-" "Mozilla/5.0 AppleWebKit/537.36 (KHTML, like Gecko; compatible; ClaudeBot/1.0; +claudebot@anthropic.com)"
216.73.217.122 - - [06/Jun/2026:19:51:46 +0200] "GET /sitemapmobileindex.xml HTTP/1.1" 404 13923 "-" "Mozilla/5.0 AppleWebKit/537.36 (KHTML, like Gecko; compatible; ClaudeBot/1.0; +claudebot@anthropic.com)"
216.73.217.122 - - [06/Jun/2026:19:51:56 +0200] "GET /sitemap-hot-2292152.xml HTTP/1.1" 404 13928 "-" "Mozilla/5.0 AppleWebKit/537.36 (KHTML, like Gecko; compatible; ClaudeBot/1.0; +claudebot@anthropic.com)"
75.119.139.177 - - [06/Jun/2026:19:52:24 +0200] "POST /wp-cron.php?doing_wp_cron=1780768344.5637969970703125000000 HTTP/1.1" 200 31 "-" "WordPress/7.0; https://myideas.pt"
216.73.217.122 - - [06/Jun/2026:19:52:24 +0200] "GET /sitemap-hot-2266152.xml HTTP/1.1" 404 13930 "-" "Mozilla/5.0 AppleWebKit/537.36 (KHTML, like Gecko; compatible; ClaudeBot/1.0; +claudebot@anthropic.com)"
216.73.217.122 - - [06/Jun/2026:19:52:26 +0200] "GET /sitemap-hot-2284152.xml HTTP/1.1" 404 13930 "-" "Mozilla/5.0 AppleWebKit/537.36 (KHTML, like Gecko; compatible; ClaudeBot/1.0; +claudebot@anthropic.com)"
216.73.217.122 - - [06/Jun/2026:19:52:38 +0200] "GET /sitemap.xml HTTP/1.1" 301 5 "-" "Mozilla/5.0 AppleWebKit/537.36 (KHTML, like Gecko; compatible; ClaudeBot/1.0; +claudebot@anthropic.com)"
216.73.217.122 - - [06/Jun/2026:19:52:38 +0200] "GET /sitemap_index.xml HTTP/1.1" 200 348 "https://myideas.pt/sitemap.xml" "Mozilla/5.0 AppleWebKit/537.36 (KHTML, like Gecko; compatible; ClaudeBot/1.0; +claudebot@anthropic.com)"
216.73.217.122 - - [06/Jun/2026:19:52:50 +0200] "GET /sitemap-hot-2280152.xml HTTP/1.1" 404 13930 "-" "Mozilla/5.0 AppleWebKit/537.36 (KHTML, like Gecko; compatible; ClaudeBot/1.0; +claudebot@anthropic.com)"
75.119.139.177 - - [06/Jun/2026:19:53:28 +0200] "POST /wp-cron.php?doing_wp_cron=1780768408.2218599319458007812500 HTTP/1.1" 200 31 "-" "WordPress/7.0; https://myideas.pt"
216.73.217.122 - - [06/Jun/2026:19:53:28 +0200] "GET /sitemap-hot-2270152.xml HTTP/1.1" 404 13928 "-" "Mozilla/5.0 AppleWebKit/537.36 (KHTML, like Gecko; compatible; ClaudeBot/1.0; +claudebot@anthropic.com)"
20.186.232.154 - - [06/Jun/2026:19:54:10 +0200] "GET /developmentserver/metadatauploader HTTP/1.1" 404 12553 "-" "Mozilla/5.0 zgrab/0.x"
80.94.95.221 - - [06/Jun/2026:19:54:31 +0200] "\x03\x00\x00/*\xE0\x00\x00\x00\x00\x00Cookie: mstshash=Administr" 400 150 "-" "-"
75.119.139.177 - - [06/Jun/2026:19:54:37 +0200] "POST /wp-cron.php?doing_wp_cron=1780768477.3041889667510986328125 HTTP/1.1" 200 31 "-" "WordPress/7.0; https://myideas.pt"
78.153.140.251 - - [06/Jun/2026:19:54:37 +0200] "GET /.env HTTP/1.1" 404 12539 "-" "Mozilla/5.0 (Windows NT 10.0; Win64; x64) AppleWebKit/537.36 (KHTML, like Gecko) Chrome/116.0.5845.140 Safari/537.36"
78.153.140.251 - - [06/Jun/2026:19:54:38 +0200] "POST / HTTP/1.1" 200 26087 "-" "Mozilla/5.0 (Windows NT 10.0; Win64; x64) AppleWebKit/537.36 (KHTML, like Gecko) Chrome/116.0.5845.140 Safari/537.36"
43.134.186.61 - - [06/Jun/2026:19:55:30 +0200] "GET / HTTP/1.1" 200 24291 "http://myideas.pt" "Mozilla/5.0 (iPhone; CPU iPhone OS 13_2_3 like Mac OS X) AppleWebKit/605.1.15 (KHTML, like Gecko) Version/13.0.3 Mobile/15E148 Safari/604.1"
75.119.139.177 - - [06/Jun/2026:19:57:26 +0200] "POST /wp-cron.php?doing_wp_cron=1780768646.6341838836669921875000 HTTP/1.1" 200 31 "-" "WordPress/7.0; https://myideas.pt"
157.55.39.200 - - [06/Jun/2026:19:57:26 +0200] "GET /pt/empresa-de-seo-geo-aeo/ HTTP/1.1" 200 16337 "-" "Mozilla/5.0 AppleWebKit/537.36 (KHTML, like Gecko; compatible; bingbot/2.0; +http://www.bing.com/bingbot.htm) Chrome/116.0.1938.76 Safari/537.36"
94.248.78.124 - - [06/Jun/2026:19:57:36 +0200] "GET /pt/marketing-sustentavel/ HTTP/1.1" 200 16690 "-" "Mozilla/5.0 (Macintosh; Intel Mac OS X 11.2; rv:136.0) Gecko/20100101 Firefox/136.0"
75.119.139.177 - - [06/Jun/2026:19:58:51 +0200] "POST /wp-cron.php?doing_wp_cron=1780768731.7288839817047119140625 HTTP/1.1" 200 31 "-" "WordPress/7.0; https://myideas.pt"
206.189.127.129 - - [06/Jun/2026:19:58:51 +0200] "HEAD / HTTP/1.1" 301 0 "-" "downnotifier.com monitoring"
206.189.127.129 - - [06/Jun/2026:19:58:52 +0200] "HEAD / HTTP/1.1" 200 0 "-" "downnotifier.com monitoring"
75.119.139.177 - - [06/Jun/2026:20:00:15 +0200] "POST /wp-cron.php?doing_wp_cron=1780768815.7897009849548339843750 HTTP/1.1" 200 31 "-" "WordPress/7.0; https://myideas.pt"
37.97.137.40 - - [06/Jun/2026:20:00:15 +0200] "HEAD / HTTP/1.1" 200 0 "-" "downnotifier.com monitoring"
209.141.44.244 - - [06/Jun/2026:20:00:48 +0200] "GET /wp-login.php HTTP/1.1" 200 6744 "-" "Mozilla/5.0 (Windows NT 6.1; WOW64) AppleWebKit/537.36 (KHTML, like Gecko) Chrome/36.0.1985.143 Safari/537.36"
75.119.139.177 - - [06/Jun/2026:20:02:36 +0200] "POST /wp-cron.php?doing_wp_cron=1780768956.9367620944976806640625 HTTP/1.1" 200 31 "-" "WordPress/7.0; https://myideas.pt"
209.141.44.244 - - [06/Jun/2026:20:02:36 +0200] "POST /wp-login.php HTTP/1.1" 200 7137 "-" "Mozilla/5.0 (Windows NT 6.1; WOW64) AppleWebKit/537.36 (KHTML, like Gecko) Chrome/36.0.1985.143 Safari/537.36"
75.119.139.177 - - [06/Jun/2026:20:03:44 +0200] "POST /wp-cron.php?doing_wp_cron=1780769024.6359579563140869140625 HTTP/1.1" 200 31 "-" "WordPress/7.0; https://myideas.pt"
35.169.119.108 - - [06/Jun/2026:20:03:44 +0200] "GET /portfolio/feito-em-angola-websites/ HTTP/1.1" 200 18467 "-" "Mozilla/5.0 AppleWebKit/537.36 (KHTML, like Gecko; compatible; Amazonbot/0.1; +https://developer.amazon.com/support/amazonbot) Chrome/119.0.6045.214 Safari/537.36"
75.119.139.177 - - [06/Jun/2026:20:05:00 +0200] "POST /wp-cron.php?doing_wp_cron=1780769100.5157020092010498046875 HTTP/1.1" 200 31 "-" "WordPress/7.0; https://myideas.pt"
85.208.96.212 - - [06/Jun/2026:20:05:00 +0200] "GET /pt/portfolio/jose-ferreira-gomes-website/ HTTP/1.1" 200 19232 "-" "Mozilla/5.0 (compatible; SemrushBot/7~bl; +http://www.semrush.com/bot.html)"
52.248.43.226 - - [06/Jun/2026:20:05:15 +0200] "GET /manager/text/list HTTP/1.1" 400 248 "-" "Mozilla/5.0 zgrab/0.x"
40.77.167.32 - - [06/Jun/2026:20:06:35 +0200] "GET /wp-content/uploads/2024/05/DIOGO_COSTA_GONCALVES_TESTIMONY_MYIDEAS-150x150.jpg HTTP/1.1" 200 8291 "-" "Mozilla/5.0 AppleWebKit/537.36 (KHTML, like Gecko; compatible; bingbot/2.0; +http://www.bing.com/bingbot.htm) Chrome/116.0.1938.76 Safari/537.36"
8.231.51.89 - - [06/Jun/2026:20:07:34 +0200] "GET /wp-content/uploads/2025/03/MYIDEAS_JFG_WEBSITE_1.jpg HTTP/1.1" 200 899708 "-" "Mozilla/5.0 (X11; Linux x86_64) AppleWebKit/537.36 (KHTML, like Gecko) Chrome/91.0.4472.114 Safari/537.36"
75.119.139.177 - - [06/Jun/2026:20:08:25 +0200] "POST /wp-cron.php?doing_wp_cron=1780769305.2388010025024414062500 HTTP/1.1" 200 31 "-" "WordPress/7.0; https://myideas.pt"
38.248.18.15 - - [06/Jun/2026:20:08:25 +0200] "GET /pt/portfolio/urbanos-website/ HTTP/1.1" 200 18601 "-" "Mozilla/5.0 (Macintosh; Intel Mac OS X 10_14_5) AppleWebKit/537.36 (KHTML, like Gecko) Chrome/75.0.3770.142 Safari/537.36"
37.97.137.40 - - [06/Jun/2026:20:08:51 +0200] "HEAD / HTTP/1.1" 301 0 "-" "downnotifier.com monitoring"
37.97.137.40 - - [06/Jun/2026:20:08:52 +0200] "HEAD / HTTP/1.1" 200 0 "-" "downnotifier.com monitoring"
43.153.122.30 - - [06/Jun/2026:20:08:59 +0200] "GET / HTTP/1.1" 301 5 "-" "Mozilla/5.0 (iPhone; CPU iPhone OS 13_2_3 like Mac OS X) AppleWebKit/605.1.15 (KHTML, like Gecko) Version/13.0.3 Mobile/15E148 Safari/604.1"
43.153.122.30 - - [06/Jun/2026:20:09:02 +0200] "GET / HTTP/1.1" 200 24291 "https://www.myideas.pt" "Mozilla/5.0 (iPhone; CPU iPhone OS 13_2_3 like Mac OS X) AppleWebKit/605.1.15 (KHTML, like Gecko) Version/13.0.3 Mobile/15E148 Safari/604.1"
75.119.139.177 - - [06/Jun/2026:20:09:32 +0200] "POST /wp-cron.php?doing_wp_cron=1780769372.5334529876708984375000 HTTP/1.1" 200 31 "-" "WordPress/7.0; https://myideas.pt"
77.75.72.26 - - [06/Jun/2026:20:09:32 +0200] "GET /portfolio/alma/ HTTP/1.1" 200 18965 "-" "Mozilla/5.0 (compatible; SeznamBot/4.0; +https://o-seznam.cz/napoveda/vyhledavani/en/seznambot-crawler/)"
136.117.10.41 - - [06/Jun/2026:20:09:59 +0200] "GET /wp-content/uploads/2024/07/MYIDEAS_BRIGHTEN_CONSULTING_WEBSITE_3.jpg HTTP/1.1" 200 452406 "-" "Mozilla/5.0 (X11; Linux x86_64) AppleWebKit/537.36 (KHTML, like Gecko) Chrome/91.0.4472.114 Safari/537.36"
151.243.11.248 - - [06/Jun/2026:20:10:15 +0200] "GET / HTTP/1.1" 400 150 "-" "-"
75.119.139.177 - - [06/Jun/2026:20:10:18 +0200] "POST /wp-cron.php?doing_wp_cron=1780769418.8315420150756835937500 HTTP/1.1" 200 31 "-" "WordPress/7.0; https://myideas.pt"
149.28.73.26 - - [06/Jun/2026:20:10:18 +0200] "HEAD / HTTP/1.1" 200 0 "-" "downnotifier.com monitoring"
31.22.200.162 - - [06/Jun/2026:20:12:31 +0200] "GET / HTTP/1.1" 200 24291 "-" "Mozilla/5.0 (Linux; Android 10; K) AppleWebKit/537.36 (KHTML, like Gecko) Chrome/149.0.0.0 Mobile Safari/537.36"
31.22.200.162 - - [06/Jun/2026:20:12:31 +0200] "GET /wp-content/cache/wpo-minify/1780673871/assets/wpo-minify-header-85140de2.min.css HTTP/1.1" 200 35213 "https://myideas.pt/" "Mozilla/5.0 (Linux; Android 10; K) AppleWebKit/537.36 (KHTML, like Gecko) Chrome/149.0.0.0 Mobile Safari/537.36"
31.22.200.162 - - [06/Jun/2026:20:12:31 +0200] "GET /wp-content/uploads/2025/03/BSO_CONSULTING_BRANDING_MYIDEAS_1-1024x768.jpg HTTP/1.1" 200 61352 "https://myideas.pt/" "Mozilla/5.0 (Linux; Android 10; K) AppleWebKit/537.36 (KHTML, like Gecko) Chrome/149.0.0.0 Mobile Safari/537.36"
31.22.200.162 - - [06/Jun/2026:20:12:31 +0200] "GET /wp-content/uploads/2025/03/MYIDEAS_DCG_BRANDING_1.jpg HTTP/1.1" 200 130565 "https://myideas.pt/" "Mozilla/5.0 (Linux; Android 10; K) AppleWebKit/537.36 (KHTML, like Gecko) Chrome/149.0.0.0 Mobile Safari/537.36"
31.22.200.162 - - [06/Jun/2026:20:12:32 +0200] "GET /wp-content/uploads/2025/11/MYIDEAS_BRANDING_MEANINGFUL_1.jpg HTTP/1.1" 200 1277684 "https://myideas.pt/" "Mozilla/5.0 (Linux; Android 10; K) AppleWebKit/537.36 (KHTML, like Gecko) Chrome/149.0.0.0 Mobile Safari/537.36"
31.22.200.162 - - [06/Jun/2026:20:12:32 +0200] "GET /wp-content/cache/wpo-minify/1780673871/assets/wpo-minify-footer-f9e72a21.min.js HTTP/1.1" 200 96500 "https://myideas.pt/" "Mozilla/5.0 (Linux; Android 10; K) AppleWebKit/537.36 (KHTML, like Gecko) Chrome/149.0.0.0 Mobile Safari/537.36"
31.22.200.162 - - [06/Jun/2026:20:12:32 +0200] "GET /wp-content/themes/Impreza/fonts/fa-regular-400.woff2?ver=8.46 HTTP/1.1" 200 168824 "https://myideas.pt/" "Mozilla/5.0 (Linux; Android 10; K) AppleWebKit/537.36 (KHTML, like Gecko) Chrome/149.0.0.0 Mobile Safari/537.36"
31.22.200.162 - - [06/Jun/2026:20:12:32 +0200] "GET /wp-content/themes/Impreza/fonts/fa-brands-400.woff2?ver=8.46 HTTP/1.1" 200 76728 "https://myideas.pt/" "Mozilla/5.0 (Linux; Android 10; K) AppleWebKit/537.36 (KHTML, like Gecko) Chrome/149.0.0.0 Mobile Safari/537.36"
31.22.200.162 - - [06/Jun/2026:20:12:32 +0200] "GET /wp-content/themes/Impreza/fonts/fa-light-300.woff2?ver=8.46 HTTP/1.1" 200 184204 "https://myideas.pt/" "Mozilla/5.0 (Linux; Android 10; K) AppleWebKit/537.36 (KHTML, like Gecko) Chrome/149.0.0.0 Mobile Safari/537.36"
31.22.200.162 - - [06/Jun/2026:20:12:32 +0200] "GET /wp-content/themes/Impreza/fonts/material-icons.woff2?ver=8.46 HTTP/1.1" 200 128352 "https://myideas.pt/" "Mozilla/5.0 (Linux; Android 10; K) AppleWebKit/537.36 (KHTML, like Gecko) Chrome/149.0.0.0 Mobile Safari/537.36"
31.22.200.162 - - [06/Jun/2026:20:12:32 +0200] "GET /wp-content/uploads/2024/05/MYIDEAS_LOGO_BLACK.svg HTTP/1.1" 200 748 "https://myideas.pt/" "Mozilla/5.0 (Linux; Android 10; K) AppleWebKit/537.36 (KHTML, like Gecko) Chrome/149.0.0.0 Mobile Safari/537.36"
31.22.200.162 - - [06/Jun/2026:20:12:32 +0200] "GET /wp-content/uploads/2024/06/MYIDEAS_MOBILE_1.jpg HTTP/1.1" 200 49979 "https://myideas.pt/" "Mozilla/5.0 (Linux; Android 10; K) AppleWebKit/537.36 (KHTML, like Gecko) Chrome/149.0.0.0 Mobile Safari/537.36"
31.22.200.162 - - [06/Jun/2026:20:12:32 +0200] "GET /wp-content/uploads/2024/06/MYIDEAS_THE_JOURNEY_IS_ON_4.jpg HTTP/1.1" 200 87163 "https://myideas.pt/" "Mozilla/5.0 (Linux; Android 10; K) AppleWebKit/537.36 (KHTML, like Gecko) Chrome/149.0.0.0 Mobile Safari/537.36"
31.22.200.162 - - [06/Jun/2026:20:12:32 +0200] "GET /wp-content/uploads/2024/06/MYIDEAS_MARKETING_STRATEGIES_BLUE.jpg HTTP/1.1" 200 23843 "https://myideas.pt/" "Mozilla/5.0 (Linux; Android 10; K) AppleWebKit/537.36 (KHTML, like Gecko) Chrome/149.0.0.0 Mobile Safari/537.36"
31.22.200.162 - - [06/Jun/2026:20:12:32 +0200] "GET /wp-content/uploads/2024/06/MYIDEAS_SUSTAINABLE_MARKETING_BLUE.jpg HTTP/1.1" 200 19790 "https://myideas.pt/" "Mozilla/5.0 (Linux; Android 10; K) AppleWebKit/537.36 (KHTML, like Gecko) Chrome/149.0.0.0 Mobile Safari/537.36"
31.22.200.162 - - [06/Jun/2026:20:12:32 +0200] "GET /wp-content/uploads/2024/06/MYIDEAS_BRANDING_BLUE.jpg HTTP/1.1" 200 23798 "https://myideas.pt/" "Mozilla/5.0 (Linux; Android 10; K) AppleWebKit/537.36 (KHTML, like Gecko) Chrome/149.0.0.0 Mobile Safari/537.36"
31.22.200.162 - - [06/Jun/2026:20:12:32 +0200] "GET /wp-content/uploads/2024/06/MYIDEAS_WEBSITE_BLUE.jpg HTTP/1.1" 200 22897 "https://myideas.pt/" "Mozilla/5.0 (Linux; Android 10; K) AppleWebKit/537.36 (KHTML, like Gecko) Chrome/149.0.0.0 Mobile Safari/537.36"
31.22.200.162 - - [06/Jun/2026:20:12:32 +0200] "GET /wp-content/uploads/2024/06/MYIDEAS_SOCIAL_MEDIA_BLUE.jpg HTTP/1.1" 200 25303 "https://myideas.pt/" "Mozilla/5.0 (Linux; Android 10; K) AppleWebKit/537.36 (KHTML, like Gecko) Chrome/149.0.0.0 Mobile Safari/537.36"
31.22.200.162 - - [06/Jun/2026:20:12:32 +0200] "GET /wp-content/uploads/2024/06/MYIDEAS_SEO_BLUE.jpg HTTP/1.1" 200 23503 "https://myideas.pt/" "Mozilla/5.0 (Linux; Android 10; K) AppleWebKit/537.36 (KHTML, like Gecko) Chrome/149.0.0.0 Mobile Safari/537.36"
