27.115.124.53 - - [06/Jun/2026:06:02:31 +0200] "GET /wp-content/uploads/2024/07/MYIDEAS_BRANDING_FABRICO_1-1000x750.jpg HTTP/1.1" 200 27750 "https://myideas.pt/" "Mozilla/5.0 (Linux; Android 11; CPH2185) AppleWebKit/537.36 (KHTML, like Gecko) Chrome/91.0.4472.101 Mobile Safari/537.36"
27.115.124.6 - - [06/Jun/2026:06:02:31 +0200] "GET /wp-content/uploads/2024/12/MYIDEAS_CATRIS_BRANDING_1-1000x750.jpg HTTP/1.1" 200 99249 "https://myideas.pt/" "Mozilla/5.0 (Linux; Android 11; CPH2185) AppleWebKit/537.36 (KHTML, like Gecko) Chrome/91.0.4472.101 Mobile Safari/537.36"
27.115.124.38 - - [06/Jun/2026:06:02:31 +0200] "GET /wp-content/uploads/2024/07/MYIDEAS_BRANDING_ARMANDO_CUNHA_1-1000x750.jpg HTTP/1.1" 200 34719 "https://myideas.pt/" "Mozilla/5.0 (Linux; Android 11; CPH2185) AppleWebKit/537.36 (KHTML, like Gecko) Chrome/91.0.4472.101 Mobile Safari/537.36"
27.115.124.45 - - [06/Jun/2026:06:02:31 +0200] "GET /wp-content/uploads/2024/06/MYIDEAS_BRANDING_ALMA_1-1000x750.jpg HTTP/1.1" 200 40594 "https://myideas.pt/" "Mozilla/5.0 (Linux; Android 11; CPH2185) AppleWebKit/537.36 (KHTML, like Gecko) Chrome/91.0.4472.101 Mobile Safari/537.36"
27.115.124.53 - - [06/Jun/2026:06:02:31 +0200] "GET /wp-content/uploads/2025/03/MYIDEAS_BRANDING_LUIS_SIMOES_1-1000x750.jpg HTTP/1.1" 200 58893 "https://myideas.pt/" "Mozilla/5.0 (Linux; Android 11; CPH2185) AppleWebKit/537.36 (KHTML, like Gecko) Chrome/91.0.4472.101 Mobile Safari/537.36"
27.115.124.38 - - [06/Jun/2026:06:02:31 +0200] "GET /wp-content/uploads/2024/06/BRIGHTEN_CLIENTES_MYIDEAS-700x306.png HTTP/1.1" 200 11430 "https://myideas.pt/" "Mozilla/5.0 (Linux; Android 11; CPH2185) AppleWebKit/537.36 (KHTML, like Gecko) Chrome/91.0.4472.101 Mobile Safari/537.36"
27.115.124.6 - - [06/Jun/2026:06:02:31 +0200] "GET /wp-content/uploads/2024/06/AIR_D_CLIENTES_MYIDEAS-700x306.png HTTP/1.1" 200 28353 "https://myideas.pt/" "Mozilla/5.0 (Linux; Android 11; CPH2185) AppleWebKit/537.36 (KHTML, like Gecko) Chrome/91.0.4472.101 Mobile Safari/537.36"
27.115.124.6 - - [06/Jun/2026:06:02:31 +0200] "GET /wp-content/uploads/2024/12/ATLANTIC_CLIENTES_MYIDEAS.png HTTP/1.1" 200 18726 "https://myideas.pt/" "Mozilla/5.0 (Linux; Android 11; CPH2185) AppleWebKit/537.36 (KHTML, like Gecko) Chrome/91.0.4472.101 Mobile Safari/537.36"
27.115.124.53 - - [06/Jun/2026:06:02:31 +0200] "GET /wp-content/uploads/2024/06/CME_CLIENTES_MYIDEAS-700x306.png HTTP/1.1" 200 21533 "https://myideas.pt/" "Mozilla/5.0 (Linux; Android 11; CPH2185) AppleWebKit/537.36 (KHTML, like Gecko) Chrome/91.0.4472.101 Mobile Safari/537.36"
27.115.124.38 - - [06/Jun/2026:06:02:31 +0200] "GET /wp-content/uploads/2024/06/DCG_CLIENTES_MYIDEAS-700x306.png HTTP/1.1" 200 25894 "https://myideas.pt/" "Mozilla/5.0 (Linux; Android 11; CPH2185) AppleWebKit/537.36 (KHTML, like Gecko) Chrome/91.0.4472.101 Mobile Safari/537.36"
27.115.124.45 - - [06/Jun/2026:06:02:31 +0200] "GET /wp-content/uploads/2024/06/EUREST_CLIENTES_MYIDEAS-700x306.png HTTP/1.1" 200 18467 "https://myideas.pt/" "Mozilla/5.0 (Linux; Android 11; CPH2185) AppleWebKit/537.36 (KHTML, like Gecko) Chrome/91.0.4472.101 Mobile Safari/537.36"
27.115.124.109 - - [06/Jun/2026:06:02:31 +0200] "GET /wp-content/uploads/2025/04/BSO_CLIENTES_MYIDEAS.png HTTP/1.1" 200 7257 "https://myideas.pt/" "Mozilla/5.0 (Linux; Android 11; CPH2185) AppleWebKit/537.36 (KHTML, like Gecko) Chrome/91.0.4472.101 Mobile Safari/537.36"
27.115.124.6 - - [06/Jun/2026:06:02:31 +0200] "GET /wp-content/uploads/2024/06/FACULDADE_MEDICINA_LISBOA_CLIENTES_MYIDEAS-700x306.png HTTP/1.1" 200 31213 "https://myideas.pt/" "Mozilla/5.0 (Linux; Android 11; CPH2185) AppleWebKit/537.36 (KHTML, like Gecko) Chrome/91.0.4472.101 Mobile Safari/537.36"
27.115.124.6 - - [06/Jun/2026:06:02:31 +0200] "GET /wp-content/uploads/2024/06/EUROCEAN_CLIENTES_MYIDEAS-700x306.png HTTP/1.1" 200 20269 "https://myideas.pt/" "Mozilla/5.0 (Linux; Android 11; CPH2185) AppleWebKit/537.36 (KHTML, like Gecko) Chrome/91.0.4472.101 Mobile Safari/537.36"
27.115.124.53 - - [06/Jun/2026:06:02:31 +0200] "GET /wp-content/uploads/2024/06/FACULDADE_MOTRICIDADE_HUMANA_CLIENTES_MYIDEAS_1-700x306.png HTTP/1.1" 200 11935 "https://myideas.pt/" "Mozilla/5.0 (Linux; Android 11; CPH2185) AppleWebKit/537.36 (KHTML, like Gecko) Chrome/91.0.4472.101 Mobile Safari/537.36"
27.115.124.38 - - [06/Jun/2026:06:02:31 +0200] "GET /wp-content/uploads/2024/06/GOVERNO_ANGOLA_CLIENTES_MYIDEAS-700x306.png HTTP/1.1" 200 18544 "https://myideas.pt/" "Mozilla/5.0 (Linux; Android 11; CPH2185) AppleWebKit/537.36 (KHTML, like Gecko) Chrome/91.0.4472.101 Mobile Safari/537.36"
27.115.124.45 - - [06/Jun/2026:06:02:31 +0200] "GET /wp-content/uploads/2024/06/INAPEM_CLIENTES_MYIDEAS-700x306.png HTTP/1.1" 200 18729 "https://myideas.pt/" "Mozilla/5.0 (Linux; Android 11; CPH2185) AppleWebKit/537.36 (KHTML, like Gecko) Chrome/91.0.4472.101 Mobile Safari/537.36"
27.115.124.6 - - [06/Jun/2026:06:02:31 +0200] "GET /wp-content/uploads/2024/06/LUIS_SIMOES_CLIENTES_MYIDEAS-700x306.png HTTP/1.1" 200 16657 "https://myideas.pt/" "Mozilla/5.0 (Linux; Android 11; CPH2185) AppleWebKit/537.36 (KHTML, like Gecko) Chrome/91.0.4472.101 Mobile Safari/537.36"
27.115.124.109 - - [06/Jun/2026:06:02:31 +0200] "GET /wp-content/uploads/2024/06/GRANITRANS_CLIENTES_MYIDEAS-700x306.png HTTP/1.1" 200 10525 "https://myideas.pt/" "Mozilla/5.0 (Linux; Android 11; CPH2185) AppleWebKit/537.36 (KHTML, like Gecko) Chrome/91.0.4472.101 Mobile Safari/537.36"
27.115.124.53 - - [06/Jun/2026:06:02:31 +0200] "GET /wp-content/uploads/2024/12/MAP_EC_CLIENTES_MYIDEAS.png HTTP/1.1" 200 9588 "https://myideas.pt/" "Mozilla/5.0 (Linux; Android 11; CPH2185) AppleWebKit/537.36 (KHTML, like Gecko) Chrome/91.0.4472.101 Mobile Safari/537.36"
27.115.124.6 - - [06/Jun/2026:06:02:31 +0200] "GET /wp-content/uploads/2024/06/ISEG_LISBOA_CLIENTES_MYIDEAS-700x306.png HTTP/1.1" 200 34083 "https://myideas.pt/" "Mozilla/5.0 (Linux; Android 11; CPH2185) AppleWebKit/537.36 (KHTML, like Gecko) Chrome/91.0.4472.101 Mobile Safari/537.36"
27.115.124.38 - - [06/Jun/2026:06:02:31 +0200] "GET /wp-content/uploads/2024/12/MAP_GROUP_CLIENTES_MYIDEAS.png HTTP/1.1" 200 7439 "https://myideas.pt/" "Mozilla/5.0 (Linux; Android 11; CPH2185) AppleWebKit/537.36 (KHTML, like Gecko) Chrome/91.0.4472.101 Mobile Safari/537.36"
27.115.124.53 - - [06/Jun/2026:06:02:31 +0200] "GET /wp-content/uploads/2024/06/UNIVERSIDADE_CATOLICA_PORTUGUESA_CLIENTES_MYIDEAS-700x306.png HTTP/1.1" 200 50471 "https://myideas.pt/" "Mozilla/5.0 (Linux; Android 11; CPH2185) AppleWebKit/537.36 (KHTML, like Gecko) Chrome/91.0.4472.101 Mobile Safari/537.36"
27.115.124.6 - - [06/Jun/2026:06:02:31 +0200] "GET /wp-content/uploads/2024/06/URBANOS_CLIENTES_MYIDEAS-700x306.png HTTP/1.1" 200 17607 "https://myideas.pt/" "Mozilla/5.0 (Linux; Android 11; CPH2185) AppleWebKit/537.36 (KHTML, like Gecko) Chrome/91.0.4472.101 Mobile Safari/537.36"
27.115.124.45 - - [06/Jun/2026:06:02:31 +0200] "GET /wp-content/uploads/2024/06/UNIAO_MISERICORDIAS_PORTUGUESAS_CLIENTES_MYIDEAS-700x306.png HTTP/1.1" 200 29829 "https://myideas.pt/" "Mozilla/5.0 (Linux; Android 11; CPH2185) AppleWebKit/537.36 (KHTML, like Gecko) Chrome/91.0.4472.101 Mobile Safari/537.36"
27.115.124.38 - - [06/Jun/2026:06:02:31 +0200] "GET /wp-content/uploads/2025/04/VILLAS_CLIENTES_MYIDEAS.png HTTP/1.1" 200 7457 "https://myideas.pt/" "Mozilla/5.0 (Linux; Android 11; CPH2185) AppleWebKit/537.36 (KHTML, like Gecko) Chrome/91.0.4472.101 Mobile Safari/537.36"
27.115.124.109 - - [06/Jun/2026:06:02:31 +0200] "GET /wp-content/uploads/2024/06/THERION_STRATEGIC_SAFETY_WORKS_CLIENTES_MYIDEAS-700x306.png HTTP/1.1" 200 20924 "https://myideas.pt/" "Mozilla/5.0 (Linux; Android 11; CPH2185) AppleWebKit/537.36 (KHTML, like Gecko) Chrome/91.0.4472.101 Mobile Safari/537.36"
27.115.124.6 - - [06/Jun/2026:06:02:31 +0200] "GET /wp-content/uploads/2024/06/UNIVERSIDADE_ABERTA_CLIENTES_MYIDEAS-700x306.png HTTP/1.1" 200 28473 "https://myideas.pt/" "Mozilla/5.0 (Linux; Android 11; CPH2185) AppleWebKit/537.36 (KHTML, like Gecko) Chrome/91.0.4472.101 Mobile Safari/537.36"
27.115.124.53 - - [06/Jun/2026:06:02:32 +0200] "GET /wp-content/uploads/2024/06/WORLD_IT_CLIENTES_MYIDEAS-700x306.png HTTP/1.1" 200 20611 "https://myideas.pt/" "Mozilla/5.0 (Linux; Android 11; CPH2185) AppleWebKit/537.36 (KHTML, like Gecko) Chrome/91.0.4472.101 Mobile Safari/537.36"
27.115.124.38 - - [06/Jun/2026:06:02:32 +0200] "GET /wp-content/uploads/2025/07/YARA_VALDEZ_TESTEMUNHO_MYIDEAS.jpg HTTP/1.1" 200 132129 "https://myideas.pt/" "Mozilla/5.0 (Linux; Android 11; CPH2185) AppleWebKit/537.36 (KHTML, like Gecko) Chrome/91.0.4472.101 Mobile Safari/537.36"
27.115.124.6 - - [06/Jun/2026:06:02:32 +0200] "GET /wp-content/uploads/2024/12/TIAGO_GARCIA_TESTIMONY_MYIDEAS.jpg HTTP/1.1" 200 76054 "https://myideas.pt/" "Mozilla/5.0 (Linux; Android 11; CPH2185) AppleWebKit/537.36 (KHTML, like Gecko) Chrome/91.0.4472.101 Mobile Safari/537.36"
27.115.124.45 - - [06/Jun/2026:06:02:32 +0200] "GET /wp-content/uploads/2024/05/JOSE_RUI_MENESES_CASTRO_TESTIMONY_MYIDEAS.jpg HTTP/1.1" 200 63678 "https://myideas.pt/" "Mozilla/5.0 (Linux; Android 11; CPH2185) AppleWebKit/537.36 (KHTML, like Gecko) Chrome/91.0.4472.101 Mobile Safari/537.36"
27.115.124.6 - - [06/Jun/2026:06:02:32 +0200] "GET /wp-content/uploads/2025/03/ADRIANA_COUTINHO_TESTIMONY_MYIDEAS.png HTTP/1.1" 200 146968 "https://myideas.pt/" "Mozilla/5.0 (Linux; Android 11; CPH2185) AppleWebKit/537.36 (KHTML, like Gecko) Chrome/91.0.4472.101 Mobile Safari/537.36"
27.115.124.109 - - [06/Jun/2026:06:02:32 +0200] "GET /wp-content/uploads/2024/05/GRANITRANS_TESTIMONY_MYIDEAS.jpg HTTP/1.1" 200 8487 "https://myideas.pt/" "Mozilla/5.0 (Linux; Android 11; CPH2185) AppleWebKit/537.36 (KHTML, like Gecko) Chrome/91.0.4472.101 Mobile Safari/537.36"
27.115.124.53 - - [06/Jun/2026:06:02:32 +0200] "GET /wp-content/uploads/2024/05/WORLDIT_TESTIMONY_MYIDEAS_1.jpg HTTP/1.1" 200 18131 "https://myideas.pt/" "Mozilla/5.0 (Linux; Android 11; CPH2185) AppleWebKit/537.36 (KHTML, like Gecko) Chrome/91.0.4472.101 Mobile Safari/537.36"
27.115.124.6 - - [06/Jun/2026:06:02:32 +0200] "GET /wp-content/uploads/2024/05/THERION_TESTIMONY_MYIDEAS_1.jpg HTTP/1.1" 200 26091 "https://myideas.pt/" "Mozilla/5.0 (Linux; Android 11; CPH2185) AppleWebKit/537.36 (KHTML, like Gecko) Chrome/91.0.4472.101 Mobile Safari/537.36"
27.115.124.6 - - [06/Jun/2026:06:02:32 +0200] "GET /wp-content/uploads/2024/05/DIOGO_COSTA_GONCALVES_TESTIMONY_MYIDEAS.jpg HTTP/1.1" 200 111728 "https://myideas.pt/" "Mozilla/5.0 (Linux; Android 11; CPH2185) AppleWebKit/537.36 (KHTML, like Gecko) Chrome/91.0.4472.101 Mobile Safari/537.36"
27.115.124.45 - - [06/Jun/2026:06:02:32 +0200] "GET /wp-content/uploads/2024/05/BRIGHTEN_TESTIMONY_MYIDEAS.jpg HTTP/1.1" 200 33052 "https://myideas.pt/" "Mozilla/5.0 (Linux; Android 11; CPH2185) AppleWebKit/537.36 (KHTML, like Gecko) Chrome/91.0.4472.101 Mobile Safari/537.36"
27.115.124.109 - - [06/Jun/2026:06:02:32 +0200] "GET /wp-content/uploads/2024/05/HELENA_SILVA_TESTIMONY_MYIDEAS.jpg HTTP/1.1" 200 53716 "https://myideas.pt/" "Mozilla/5.0 (Linux; Android 11; CPH2185) AppleWebKit/537.36 (KHTML, like Gecko) Chrome/91.0.4472.101 Mobile Safari/537.36"
27.115.124.53 - - [06/Jun/2026:06:02:32 +0200] "GET /wp-content/uploads/2024/06/MYIDEAS_WORK_FOR_US.jpg HTTP/1.1" 200 571826 "https://myideas.pt/" "Mozilla/5.0 (Linux; Android 11; CPH2185) AppleWebKit/537.36 (KHTML, like Gecko) Chrome/91.0.4472.101 Mobile Safari/537.36"
27.115.124.38 - - [06/Jun/2026:06:02:32 +0200] "GET /wp-content/uploads/2024/06/MYIDEAS_WORK_WITH_US.jpg HTTP/1.1" 200 396530 "https://myideas.pt/" "Mozilla/5.0 (Linux; Android 11; CPH2185) AppleWebKit/537.36 (KHTML, like Gecko) Chrome/91.0.4472.101 Mobile Safari/537.36"
27.115.124.6 - - [06/Jun/2026:06:02:32 +0200] "GET /wp-content/uploads/2024/06/COLLABORATIVE_MODELS_MYIDEAS_HYBRID_MODEL.svg HTTP/1.1" 200 2461 "https://myideas.pt/" "Mozilla/5.0 (Linux; Android 11; CPH2185) AppleWebKit/537.36 (KHTML, like Gecko) Chrome/91.0.4472.101 Mobile Safari/537.36"
27.115.124.6 - - [06/Jun/2026:06:02:32 +0200] "GET /wp-content/uploads/2024/06/ASPAS_TESTEMUNHOS_CLIENTES_MYIDEAS.svg HTTP/1.1" 200 1045 "https://myideas.pt/" "Mozilla/5.0 (Linux; Android 11; CPH2185) AppleWebKit/537.36 (KHTML, like Gecko) Chrome/91.0.4472.101 Mobile Safari/537.36"
27.115.124.45 - - [06/Jun/2026:06:02:32 +0200] "GET /wp-content/uploads/2024/06/COLLABORATIVE_MODELS_MYIDEAS_RETAINER-BASED_MODEL.svg HTTP/1.1" 200 2800 "https://myideas.pt/" "Mozilla/5.0 (Linux; Android 11; CPH2185) AppleWebKit/537.36 (KHTML, like Gecko) Chrome/91.0.4472.101 Mobile Safari/537.36"
27.115.124.109 - - [06/Jun/2026:06:02:32 +0200] "GET /wp-content/uploads/2024/06/COLLABORATIVE_MODELS_MYIDEAS_CONSULTING_AND_TRAINING.svg HTTP/1.1" 200 2450 "https://myideas.pt/" "Mozilla/5.0 (Linux; Android 11; CPH2185) AppleWebKit/537.36 (KHTML, like Gecko) Chrome/91.0.4472.101 Mobile Safari/537.36"
27.115.124.38 - - [06/Jun/2026:06:02:32 +0200] "GET /wp-content/uploads/2024/06/COLLABORATIVE_MODELS_MYIDEAS_PROJECT-BASED_COLLABORATION.svg HTTP/1.1" 200 2978 "https://myideas.pt/" "Mozilla/5.0 (Linux; Android 11; CPH2185) AppleWebKit/537.36 (KHTML, like Gecko) Chrome/91.0.4472.101 Mobile Safari/537.36"
27.115.124.53 - - [06/Jun/2026:06:02:32 +0200] "GET /wp-content/uploads/2024/06/MYIDEAS_GOOGLE_ADS_BLUE.jpg HTTP/1.1" 200 25461 "https://myideas.pt/" "Mozilla/5.0 (Linux; Android 11; CPH2185) AppleWebKit/537.36 (KHTML, like Gecko) Chrome/91.0.4472.101 Mobile Safari/537.36"
27.115.124.6 - - [06/Jun/2026:06:02:32 +0200] "GET /wp-content/uploads/2024/06/MYIDEAS_SOCIAL_MEDIA_BLUE.jpg HTTP/1.1" 200 25303 "https://myideas.pt/" "Mozilla/5.0 (Linux; Android 11; CPH2185) AppleWebKit/537.36 (KHTML, like Gecko) Chrome/91.0.4472.101 Mobile Safari/537.36"
27.115.124.6 - - [06/Jun/2026:06:02:32 +0200] "GET /wp-content/uploads/2024/06/MYIDEAS_PR_BLUE.jpg HTTP/1.1" 200 22524 "https://myideas.pt/" "Mozilla/5.0 (Linux; Android 11; CPH2185) AppleWebKit/537.36 (KHTML, like Gecko) Chrome/91.0.4472.101 Mobile Safari/537.36"
27.115.124.38 - - [06/Jun/2026:06:02:32 +0200] "GET /wp-content/uploads/2024/06/MYIDEAS_BRANDING_BLUE.jpg HTTP/1.1" 200 23798 "https://myideas.pt/" "Mozilla/5.0 (Linux; Android 11; CPH2185) AppleWebKit/537.36 (KHTML, like Gecko) Chrome/91.0.4472.101 Mobile Safari/537.36"
27.115.124.53 - - [06/Jun/2026:06:02:32 +0200] "GET /wp-content/uploads/2024/06/MYIDEAS_MARKETING_STRATEGIES_BLUE.jpg HTTP/1.1" 200 23843 "https://myideas.pt/" "Mozilla/5.0 (Linux; Android 11; CPH2185) AppleWebKit/537.36 (KHTML, like Gecko) Chrome/91.0.4472.101 Mobile Safari/537.36"
27.115.124.45 - - [06/Jun/2026:06:02:32 +0200] "GET /wp-content/uploads/2024/06/MYIDEAS_WEBSITE_BLUE.jpg HTTP/1.1" 200 22897 "https://myideas.pt/" "Mozilla/5.0 (Linux; Android 11; CPH2185) AppleWebKit/537.36 (KHTML, like Gecko) Chrome/91.0.4472.101 Mobile Safari/537.36"
27.115.124.109 - - [06/Jun/2026:06:02:32 +0200] "GET /wp-content/uploads/2024/06/MYIDEAS_SEO_BLUE.jpg HTTP/1.1" 200 23503 "https://myideas.pt/" "Mozilla/5.0 (Linux; Android 11; CPH2185) AppleWebKit/537.36 (KHTML, like Gecko) Chrome/91.0.4472.101 Mobile Safari/537.36"
27.115.124.6 - - [06/Jun/2026:06:02:32 +0200] "GET /wp-content/uploads/2024/06/MYIDEAS_THE_JOURNEY_IS_ON_4.jpg HTTP/1.1" 200 87163 "https://myideas.pt/" "Mozilla/5.0 (Linux; Android 11; CPH2185) AppleWebKit/537.36 (KHTML, like Gecko) Chrome/91.0.4472.101 Mobile Safari/537.36"
27.115.124.6 - - [06/Jun/2026:06:02:32 +0200] "GET /wp-content/uploads/2024/06/MYIDEAS_SUSTAINABLE_MARKETING_BLUE.jpg HTTP/1.1" 200 19790 "https://myideas.pt/" "Mozilla/5.0 (Linux; Android 11; CPH2185) AppleWebKit/537.36 (KHTML, like Gecko) Chrome/91.0.4472.101 Mobile Safari/537.36"
27.115.124.53 - - [06/Jun/2026:06:02:33 +0200] "GET /wp-content/uploads/2024/06/MYIDEAS_VIDEO_HOMEPAGE.mov HTTP/1.1" 206 2064106 "https://myideas.pt/" "Mozilla/5.0 (Linux; Android 11; CPH2185) AppleWebKit/537.36 (KHTML, like Gecko) Chrome/91.0.4472.101 Mobile Safari/537.36"
27.115.124.6 - - [06/Jun/2026:06:02:33 +0200] "GET /wp-content/uploads/2024/06/MYIDEAS_VIDEO_HOMEPAGE.mov HTTP/1.1" 206 25095 "https://myideas.pt/" "Mozilla/5.0 (Linux; Android 11; CPH2185) AppleWebKit/537.36 (KHTML, like Gecko) Chrome/91.0.4472.101 Mobile Safari/537.36"
27.115.124.109 - - [06/Jun/2026:06:02:33 +0200] "GET /wp-content/uploads/2024/07/FAVICON_MYIDEAS-150x150.jpg HTTP/1.1" 200 3437 "-" "Mozilla/5.0 (Windows NT 10.0; WOW64) AppleWebKit/537.36 (KHTML, like Gecko) Chrome/129.0.3904.108 Safari/537.36"
27.115.124.53 - - [06/Jun/2026:06:02:34 +0200] "GET /wp-content/uploads/2024/07/FAVICON_MYIDEAS-300x300.jpg HTTP/1.1" 200 6981 "-" "Mozilla/5.0 (Windows NT 10.0; WOW64) AppleWebKit/537.36 (KHTML, like Gecko) Chrome/129.0.3904.108 Safari/537.36"
27.115.124.6 - - [06/Jun/2026:06:02:35 +0200] "GET /wp-content/uploads/2024/07/FAVICON_MYIDEAS-300x300.jpg HTTP/1.1" 200 6981 "-" "Mozilla/5.0 (Windows NT 10.0; WOW64) AppleWebKit/537.36 (KHTML, like Gecko) Chrome/129.0.3904.108 Safari/537.36"
27.115.124.70 - - [06/Jun/2026:06:02:35 +0200] "GET /wp-content/uploads/2024/07/FAVICON_MYIDEAS-300x300.jpg HTTP/1.1" 200 6981 "-" "Mozilla/5.0 (Windows NT 10.0; WOW64) AppleWebKit/537.36 (KHTML, like Gecko) Chrome/129.0.3904.108 Safari/537.36"
27.115.124.70 - - [06/Jun/2026:06:02:36 +0200] "GET /wp-content/uploads/2024/07/FAVICON_MYIDEAS-150x150.jpg HTTP/1.1" 200 3437 "-" "Mozilla/5.0 (Windows NT 10.0; WOW64) AppleWebKit/537.36 (KHTML, like Gecko) Chrome/129.0.3904.108 Safari/537.36"
27.115.124.6 - - [06/Jun/2026:06:02:37 +0200] "GET /wp-content/uploads/2024/06/MYIDEAS_VIDEO_HOMEPAGE.mov HTTP/1.1" 206 7290598 "https://myideas.pt/" "Mozilla/5.0 (Linux; Android 11; CPH2185) AppleWebKit/537.36 (KHTML, like Gecko) Chrome/91.0.4472.101 Mobile Safari/537.36"
27.115.124.101 - - [06/Jun/2026:06:02:41 +0200] "GET /client-journey/ HTTP/1.1" 200 18641 "-" "Mozilla/5.0 (Linux; Android 11; V2055A) AppleWebKit/537.36 (KHTML, like Gecko) Chrome/91.0.4472.101 Mobile Safari/537.36"
27.115.124.118 - - [06/Jun/2026:06:02:41 +0200] "GET /about-myideas/ HTTP/1.1" 200 15687 "-" "Mozilla/5.0 (Linux; Android 11; CPH2185) AppleWebKit/537.36 (KHTML, like Gecko) Chrome/91.0.4472.101 Mobile Safari/537.36"
123.6.49.12 - - [06/Jun/2026:06:02:41 +0200] "GET /why-choose-myideas/ HTTP/1.1" 200 20257 "-" "Mozilla/5.0 (Linux; Android 10; HUAWEI P30 Pro) AppleWebKit/537.36 (KHTML, like Gecko) Chrome/89.0.4389.105 Mobile Safari/537.36"
27.115.124.118 - - [06/Jun/2026:06:02:41 +0200] "GET /wp-content/cache/wpo-minify/1780673871/assets/wpo-minify-header-85140de2.min.css HTTP/1.1" 200 35213 "https://myideas.pt/about-myideas/" "Mozilla/5.0 (Linux; Android 11; CPH2185) AppleWebKit/537.36 (KHTML, like Gecko) Chrome/91.0.4472.101 Mobile Safari/537.36"
27.115.124.101 - - [06/Jun/2026:06:02:41 +0200] "GET /wp-content/cache/wpo-minify/1780673871/assets/wpo-minify-header-85140de2.min.css HTTP/1.1" 200 35213 "https://myideas.pt/client-journey/" "Mozilla/5.0 (Linux; Android 11; V2055A) AppleWebKit/537.36 (KHTML, like Gecko) Chrome/91.0.4472.101 Mobile Safari/537.36"
27.115.124.118 - - [06/Jun/2026:06:02:41 +0200] "GET /wp-content/cache/wpo-minify/1780673871/assets/wpo-minify-footer-38f725ad.min.js HTTP/1.1" 200 83926 "https://myideas.pt/about-myideas/" "Mozilla/5.0 (Linux; Android 11; CPH2185) AppleWebKit/537.36 (KHTML, like Gecko) Chrome/91.0.4472.101 Mobile Safari/537.36"
123.6.49.12 - - [06/Jun/2026:06:02:41 +0200] "GET /wp-content/cache/wpo-minify/1780673871/assets/wpo-minify-header-85140de2.min.css HTTP/1.1" 200 35213 "https://myideas.pt/why-choose-myideas/" "Mozilla/5.0 (Linux; Android 10; HUAWEI P30 Pro) AppleWebKit/537.36 (KHTML, like Gecko) Chrome/89.0.4389.105 Mobile Safari/537.36"
27.115.124.118 - - [06/Jun/2026:06:02:42 +0200] "GET /wp-content/uploads/2024/06/MYIDEAS_LOGO_WHITE.svg HTTP/1.1" 200 749 "https://myideas.pt/about-myideas/" "Mozilla/5.0 (Linux; Android 11; CPH2185) AppleWebKit/537.36 (KHTML, like Gecko) Chrome/91.0.4472.101 Mobile Safari/537.36"
27.115.124.101 - - [06/Jun/2026:06:02:42 +0200] "GET /wp-content/uploads/2024/05/MYIDEAS_LOGO_BLACK.svg HTTP/1.1" 200 748 "https://myideas.pt/about-myideas/" "Mozilla/5.0 (Linux; Android 11; CPH2185) AppleWebKit/537.36 (KHTML, like Gecko) Chrome/91.0.4472.101 Mobile Safari/537.36"
27.115.124.101 - - [06/Jun/2026:06:02:42 +0200] "GET /wp-content/cache/wpo-minify/1780673871/assets/wpo-minify-footer-f9e72a21.min.js HTTP/1.1" 200 96500 "https://myideas.pt/client-journey/" "Mozilla/5.0 (Linux; Android 11; V2055A) AppleWebKit/537.36 (KHTML, like Gecko) Chrome/91.0.4472.101 Mobile Safari/537.36"
123.6.49.12 - - [06/Jun/2026:06:02:42 +0200] "GET /wp-content/cache/wpo-minify/1780673871/assets/wpo-minify-footer-f9e72a21.min.js HTTP/1.1" 200 96500 "https://myideas.pt/why-choose-myideas/" "Mozilla/5.0 (Linux; Android 10; HUAWEI P30 Pro) AppleWebKit/537.36 (KHTML, like Gecko) Chrome/89.0.4389.105 Mobile Safari/537.36"
27.115.124.101 - - [06/Jun/2026:06:02:42 +0200] "GET /wp-content/uploads/2024/06/MYIDEAS_LOGO_WHITE.svg HTTP/1.1" 200 749 "https://myideas.pt/client-journey/" "Mozilla/5.0 (Linux; Android 11; V2055A) AppleWebKit/537.36 (KHTML, like Gecko) Chrome/91.0.4472.101 Mobile Safari/537.36"
123.6.49.47 - - [06/Jun/2026:06:02:42 +0200] "GET /wp-content/uploads/2024/06/MYIDEAS_LOGO_WHITE.svg HTTP/1.1" 200 749 "https://myideas.pt/why-choose-myideas/" "Mozilla/5.0 (Linux; Android 10; HUAWEI P30 Pro) AppleWebKit/537.36 (KHTML, like Gecko) Chrome/89.0.4389.105 Mobile Safari/537.36"
27.115.124.101 - - [06/Jun/2026:06:02:42 +0200] "GET /wp-content/themes/Impreza/fonts/fa-regular-400.woff2?ver=8.46 HTTP/1.1" 200 168824 "https://myideas.pt/client-journey/" "Mozilla/5.0 (Linux; Android 11; V2055A) AppleWebKit/537.36 (KHTML, like Gecko) Chrome/91.0.4472.101 Mobile Safari/537.36"
27.115.124.101 - - [06/Jun/2026:06:02:42 +0200] "GET /wp-content/themes/Impreza/fonts/fa-brands-400.woff2?ver=8.46 HTTP/1.1" 200 76728 "https://myideas.pt/about-myideas/" "Mozilla/5.0 (Linux; Android 11; CPH2185) AppleWebKit/537.36 (KHTML, like Gecko) Chrome/91.0.4472.101 Mobile Safari/537.36"
27.115.124.45 - - [06/Jun/2026:06:02:42 +0200] "GET /wp-content/uploads/2024/06/CLIENT_JOURNEY_MYIDEAS_DISCOVERY_PHASE-700x700.jpg HTTP/1.1" 200 71571 "https://myideas.pt/client-journey/" "Mozilla/5.0 (Linux; Android 11; V2055A) AppleWebKit/537.36 (KHTML, like Gecko) Chrome/91.0.4472.101 Mobile Safari/537.36"
27.115.124.53 - - [06/Jun/2026:06:02:42 +0200] "GET /wp-content/uploads/2024/06/CLIENT_JOURNEY_MYIDEAS_STRATEGY_DEVELOPMENT-700x700.jpg HTTP/1.1" 200 59625 "https://myideas.pt/client-journey/" "Mozilla/5.0 (Linux; Android 11; V2055A) AppleWebKit/537.36 (KHTML, like Gecko) Chrome/91.0.4472.101 Mobile Safari/537.36"
27.115.124.101 - - [06/Jun/2026:06:02:42 +0200] "GET /wp-content/uploads/2024/05/MYIDEAS_LOGO_BLACK.svg HTTP/1.1" 200 748 "https://myideas.pt/client-journey/" "Mozilla/5.0 (Linux; Android 11; V2055A) AppleWebKit/537.36 (KHTML, like Gecko) Chrome/91.0.4472.101 Mobile Safari/537.36"
123.6.49.47 - - [06/Jun/2026:06:02:42 +0200] "GET /wp-content/uploads/2024/05/MYIDEAS_LOGO_BLACK.svg HTTP/1.1" 200 748 "https://myideas.pt/why-choose-myideas/" "Mozilla/5.0 (Linux; Android 10; HUAWEI P30 Pro) AppleWebKit/537.36 (KHTML, like Gecko) Chrome/89.0.4389.105 Mobile Safari/537.36"
27.115.124.45 - - [06/Jun/2026:06:02:42 +0200] "GET /wp-content/uploads/2024/07/FUEL_YOUR_PASSION_ABOUT_MYIDEAS.jpg HTTP/1.1" 200 94634 "https://myideas.pt/about-myideas/" "Mozilla/5.0 (Linux; Android 11; CPH2185) AppleWebKit/537.36 (KHTML, like Gecko) Chrome/91.0.4472.101 Mobile Safari/537.36"
27.115.124.118 - - [06/Jun/2026:06:02:42 +0200] "GET /wp-content/themes/Impreza/fonts/fa-regular-400.woff2?ver=8.46 HTTP/1.1" 200 168824 "https://myideas.pt/about-myideas/" "Mozilla/5.0 (Linux; Android 11; CPH2185) AppleWebKit/537.36 (KHTML, like Gecko) Chrome/91.0.4472.101 Mobile Safari/537.36"
27.115.124.118 - - [06/Jun/2026:06:02:42 +0200] "GET /wp-content/uploads/2024/06/COLLABORATIVE_MODELS_MYIDEAS_HYBRID_MODEL.svg HTTP/1.1" 200 2461 "https://myideas.pt/about-myideas/" "Mozilla/5.0 (Linux; Android 11; CPH2185) AppleWebKit/537.36 (KHTML, like Gecko) Chrome/91.0.4472.101 Mobile Safari/537.36"
27.115.124.118 - - [06/Jun/2026:06:02:42 +0200] "GET /wp-content/uploads/2024/06/CLIENT_JOURNEY_MYIDEAS_IMPLEMENTATION_PHASE-700x700.jpg HTTP/1.1" 200 28209 "https://myideas.pt/client-journey/" "Mozilla/5.0 (Linux; Android 11; V2055A) AppleWebKit/537.36 (KHTML, like Gecko) Chrome/91.0.4472.101 Mobile Safari/537.36"
123.6.49.47 - - [06/Jun/2026:06:02:42 +0200] "GET /wp-content/themes/Impreza/fonts/fa-brands-400.woff2?ver=8.46 HTTP/1.1" 200 76728 "https://myideas.pt/why-choose-myideas/" "Mozilla/5.0 (Linux; Android 10; HUAWEI P30 Pro) AppleWebKit/537.36 (KHTML, like Gecko) Chrome/89.0.4389.105 Mobile Safari/537.36"
27.115.124.38 - - [06/Jun/2026:06:02:42 +0200] "GET /wp-content/uploads/2024/06/COLLABORATIVE_MODELS_MYIDEAS_CONSULTING_AND_TRAINING.svg HTTP/1.1" 200 2450 "https://myideas.pt/about-myideas/" "Mozilla/5.0 (Linux; Android 11; CPH2185) AppleWebKit/537.36 (KHTML, like Gecko) Chrome/91.0.4472.101 Mobile Safari/537.36"
123.6.49.12 - - [06/Jun/2026:06:02:42 +0200] "GET /wp-content/themes/Impreza/fonts/fa-regular-400.woff2?ver=8.46 HTTP/1.1" 200 168824 "https://myideas.pt/why-choose-myideas/" "Mozilla/5.0 (Linux; Android 10; HUAWEI P30 Pro) AppleWebKit/537.36 (KHTML, like Gecko) Chrome/89.0.4389.105 Mobile Safari/537.36"
27.115.124.45 - - [06/Jun/2026:06:02:42 +0200] "GET /wp-content/uploads/2024/06/COLLABORATIVE_MODELS_MYIDEAS_RETAINER-BASED_MODEL.svg HTTP/1.1" 200 2800 "https://myideas.pt/about-myideas/" "Mozilla/5.0 (Linux; Android 11; CPH2185) AppleWebKit/537.36 (KHTML, like Gecko) Chrome/91.0.4472.101 Mobile Safari/537.36"
27.115.124.101 - - [06/Jun/2026:06:02:42 +0200] "GET /wp-content/uploads/2024/06/CLIENT_JOURNEY_MYIDEAS_FINAL_DELIVERY_AND_FOLLOW-UP-700x700.jpg HTTP/1.1" 200 59441 "https://myideas.pt/client-journey/" "Mozilla/5.0 (Linux; Android 11; V2055A) AppleWebKit/537.36 (KHTML, like Gecko) Chrome/91.0.4472.101 Mobile Safari/537.36"
123.6.49.47 - - [06/Jun/2026:06:02:42 +0200] "GET /wp-content/uploads/2025/07/YARA_VALDEZ_TESTEMUNHO_MYIDEAS.jpg HTTP/1.1" 200 132129 "https://myideas.pt/why-choose-myideas/" "Mozilla/5.0 (Linux; Android 10; HUAWEI P30 Pro) AppleWebKit/537.36 (KHTML, like Gecko) Chrome/89.0.4389.105 Mobile Safari/537.36"
27.115.124.101 - - [06/Jun/2026:06:02:42 +0200] "GET /wp-content/uploads/2024/06/CLIENT_JOURNEY_MYIDEAS_REVIEW_AND_REFINEMENT-700x700.jpg HTTP/1.1" 200 33890 "https://myideas.pt/client-journey/" "Mozilla/5.0 (Linux; Android 11; V2055A) AppleWebKit/537.36 (KHTML, like Gecko) Chrome/91.0.4472.101 Mobile Safari/537.36"
27.115.124.118 - - [06/Jun/2026:06:02:42 +0200] "GET /wp-content/uploads/2024/06/COLLABORATIVE_MODELS_MYIDEAS_PROJECT-BASED_COLLABORATION.svg HTTP/1.1" 200 2978 "https://myideas.pt/about-myideas/" "Mozilla/5.0 (Linux; Android 11; CPH2185) AppleWebKit/537.36 (KHTML, like Gecko) Chrome/91.0.4472.101 Mobile Safari/537.36"
123.6.49.12 - - [06/Jun/2026:06:02:42 +0200] "GET /wp-content/themes/Impreza/fonts/material-icons.woff2?ver=8.46 HTTP/1.1" 200 128352 "https://myideas.pt/why-choose-myideas/" "Mozilla/5.0 (Linux; Android 10; HUAWEI P30 Pro) AppleWebKit/537.36 (KHTML, like Gecko) Chrome/89.0.4389.105 Mobile Safari/537.36"
123.6.49.12 - - [06/Jun/2026:06:02:42 +0200] "GET /wp-content/uploads/2024/12/TIAGO_GARCIA_TESTIMONY_MYIDEAS.jpg HTTP/1.1" 200 76054 "https://myideas.pt/why-choose-myideas/" "Mozilla/5.0 (Linux; Android 10; HUAWEI P30 Pro) AppleWebKit/537.36 (KHTML, like Gecko) Chrome/89.0.4389.105 Mobile Safari/537.36"
27.115.124.45 - - [06/Jun/2026:06:02:43 +0200] "GET /wp-content/uploads/2024/06/CLIENT_JOURNEY_MYIDEAS_ONGOING_SUPPORT_AND_RELATIONSHIP_BUILDING-700x700.jpg HTTP/1.1" 200 32234 "https://myideas.pt/client-journey/" "Mozilla/5.0 (Linux; Android 11; V2055A) AppleWebKit/537.36 (KHTML, like Gecko) Chrome/91.0.4472.101 Mobile Safari/537.36"
123.6.49.12 - - [06/Jun/2026:06:02:43 +0200] "GET /wp-content/uploads/2025/03/ADRIANA_COUTINHO_TESTIMONY_MYIDEAS.png HTTP/1.1" 200 146968 "https://myideas.pt/why-choose-myideas/" "Mozilla/5.0 (Linux; Android 10; HUAWEI P30 Pro) AppleWebKit/537.36 (KHTML, like Gecko) Chrome/89.0.4389.105 Mobile Safari/537.36"
27.115.124.101 - - [06/Jun/2026:06:02:43 +0200] "GET /wp-content/uploads/2024/12/ATLANTIC_CLIENTES_MYIDEAS.png HTTP/1.1" 200 18726 "https://myideas.pt/client-journey/" "Mozilla/5.0 (Linux; Android 11; V2055A) AppleWebKit/537.36 (KHTML, like Gecko) Chrome/91.0.4472.101 Mobile Safari/537.36"
27.115.124.53 - - [06/Jun/2026:06:02:43 +0200] "GET /wp-content/uploads/2024/06/AIR_D_CLIENTES_MYIDEAS-700x306.png HTTP/1.1" 200 28353 "https://myideas.pt/client-journey/" "Mozilla/5.0 (Linux; Android 11; V2055A) AppleWebKit/537.36 (KHTML, like Gecko) Chrome/91.0.4472.101 Mobile Safari/537.36"
123.6.49.12 - - [06/Jun/2026:06:02:43 +0200] "GET /wp-content/uploads/2024/05/JOSE_RUI_MENESES_CASTRO_TESTIMONY_MYIDEAS.jpg HTTP/1.1" 200 63678 "https://myideas.pt/why-choose-myideas/" "Mozilla/5.0 (Linux; Android 10; HUAWEI P30 Pro) AppleWebKit/537.36 (KHTML, like Gecko) Chrome/89.0.4389.105 Mobile Safari/537.36"
27.115.124.118 - - [06/Jun/2026:06:02:43 +0200] "GET /wp-content/uploads/2024/06/BRIGHTEN_CLIENTES_MYIDEAS-700x306.png HTTP/1.1" 200 11430 "https://myideas.pt/client-journey/" "Mozilla/5.0 (Linux; Android 11; V2055A) AppleWebKit/537.36 (KHTML, like Gecko) Chrome/91.0.4472.101 Mobile Safari/537.36"
27.115.124.101 - - [06/Jun/2026:06:02:43 +0200] "GET /wp-content/uploads/2024/06/MYIDEAS_ABOUT_MYIDEAS_1.jpg HTTP/1.1" 200 413762 "https://myideas.pt/about-myideas/" "Mozilla/5.0 (Linux; Android 11; CPH2185) AppleWebKit/537.36 (KHTML, like Gecko) Chrome/91.0.4472.101 Mobile Safari/537.36"
27.115.124.53 - - [06/Jun/2026:06:02:43 +0200] "GET /wp-content/uploads/2024/06/MYIDEAS_CLIENT_JOURNEY_1.jpg HTTP/1.1" 200 713964 "https://myideas.pt/client-journey/" "Mozilla/5.0 (Linux; Android 11; V2055A) AppleWebKit/537.36 (KHTML, like Gecko) Chrome/91.0.4472.101 Mobile Safari/537.36"
27.115.124.45 - - [06/Jun/2026:06:02:43 +0200] "GET /wp-content/uploads/2025/04/BSO_CLIENTES_MYIDEAS.png HTTP/1.1" 200 7257 "https://myideas.pt/client-journey/" "Mozilla/5.0 (Linux; Android 11; V2055A) AppleWebKit/537.36 (KHTML, like Gecko) Chrome/91.0.4472.101 Mobile Safari/537.36"
123.6.49.47 - - [06/Jun/2026:06:02:43 +0200] "GET /wp-content/uploads/2024/05/GRANITRANS_TESTIMONY_MYIDEAS.jpg HTTP/1.1" 200 8487 "https://myideas.pt/why-choose-myideas/" "Mozilla/5.0 (Linux; Android 10; HUAWEI P30 Pro) AppleWebKit/537.36 (KHTML, like Gecko) Chrome/89.0.4389.105 Mobile Safari/537.36"
123.6.49.47 - - [06/Jun/2026:06:02:43 +0200] "GET /wp-content/uploads/2024/06/MYIDEAS_WHY_CHOOSE_MYIDEAS_FINAL-2.jpg HTTP/1.1" 200 151636 "https://myideas.pt/why-choose-myideas/" "Mozilla/5.0 (Linux; Android 10; HUAWEI P30 Pro) AppleWebKit/537.36 (KHTML, like Gecko) Chrome/89.0.4389.105 Mobile Safari/537.36"
27.115.124.53 - - [06/Jun/2026:06:02:43 +0200] "GET /wp-content/uploads/2024/06/CME_CLIENTES_MYIDEAS-700x306.png HTTP/1.1" 200 21533 "https://myideas.pt/client-journey/" "Mozilla/5.0 (Linux; Android 11; V2055A) AppleWebKit/537.36 (KHTML, like Gecko) Chrome/91.0.4472.101 Mobile Safari/537.36"
27.115.124.101 - - [06/Jun/2026:06:02:43 +0200] "GET /wp-content/uploads/2024/06/DCG_CLIENTES_MYIDEAS-700x306.png HTTP/1.1" 200 25894 "https://myideas.pt/client-journey/" "Mozilla/5.0 (Linux; Android 11; V2055A) AppleWebKit/537.36 (KHTML, like Gecko) Chrome/91.0.4472.101 Mobile Safari/537.36"
123.6.49.12 - - [06/Jun/2026:06:02:43 +0200] "GET /wp-content/uploads/2024/05/WORLDIT_TESTIMONY_MYIDEAS_1.jpg HTTP/1.1" 200 18131 "https://myideas.pt/why-choose-myideas/" "Mozilla/5.0 (Linux; Android 10; HUAWEI P30 Pro) AppleWebKit/537.36 (KHTML, like Gecko) Chrome/89.0.4389.105 Mobile Safari/537.36"
123.6.49.47 - - [06/Jun/2026:06:02:43 +0200] "GET /wp-content/uploads/2024/05/DIOGO_COSTA_GONCALVES_TESTIMONY_MYIDEAS.jpg HTTP/1.1" 200 111728 "https://myideas.pt/why-choose-myideas/" "Mozilla/5.0 (Linux; Android 10; HUAWEI P30 Pro) AppleWebKit/537.36 (KHTML, like Gecko) Chrome/89.0.4389.105 Mobile Safari/537.36"
123.6.49.12 - - [06/Jun/2026:06:02:43 +0200] "GET /wp-content/uploads/2024/05/THERION_TESTIMONY_MYIDEAS_1.jpg HTTP/1.1" 200 26091 "https://myideas.pt/why-choose-myideas/" "Mozilla/5.0 (Linux; Android 10; HUAWEI P30 Pro) AppleWebKit/537.36 (KHTML, like Gecko) Chrome/89.0.4389.105 Mobile Safari/537.36"
27.115.124.118 - - [06/Jun/2026:06:02:43 +0200] "GET /wp-content/uploads/2024/06/EUREST_CLIENTES_MYIDEAS-700x306.png HTTP/1.1" 200 18467 "https://myideas.pt/client-journey/" "Mozilla/5.0 (Linux; Android 11; V2055A) AppleWebKit/537.36 (KHTML, like Gecko) Chrome/91.0.4472.101 Mobile Safari/537.36"
27.115.124.45 - - [06/Jun/2026:06:02:43 +0200] "GET /wp-content/uploads/2024/06/EUROCEAN_CLIENTES_MYIDEAS-700x306.png HTTP/1.1" 200 20269 "https://myideas.pt/client-journey/" "Mozilla/5.0 (Linux; Android 11; V2055A) AppleWebKit/537.36 (KHTML, like Gecko) Chrome/91.0.4472.101 Mobile Safari/537.36"
27.115.124.53 - - [06/Jun/2026:06:02:43 +0200] "GET /wp-content/uploads/2024/06/FACULDADE_MEDICINA_LISBOA_CLIENTES_MYIDEAS-700x306.png HTTP/1.1" 200 31213 "https://myideas.pt/client-journey/" "Mozilla/5.0 (Linux; Android 11; V2055A) AppleWebKit/537.36 (KHTML, like Gecko) Chrome/91.0.4472.101 Mobile Safari/537.36"
27.115.124.101 - - [06/Jun/2026:06:02:43 +0200] "GET /wp-content/uploads/2024/06/GOVERNO_ANGOLA_CLIENTES_MYIDEAS-700x306.png HTTP/1.1" 200 18544 "https://myideas.pt/client-journey/" "Mozilla/5.0 (Linux; Android 11; V2055A) AppleWebKit/537.36 (KHTML, like Gecko) Chrome/91.0.4472.101 Mobile Safari/537.36"
123.6.49.12 - - [06/Jun/2026:06:02:43 +0200] "GET /wp-content/uploads/2024/05/BRIGHTEN_TESTIMONY_MYIDEAS.jpg HTTP/1.1" 200 33052 "https://myideas.pt/why-choose-myideas/" "Mozilla/5.0 (Linux; Android 10; HUAWEI P30 Pro) AppleWebKit/537.36 (KHTML, like Gecko) Chrome/89.0.4389.105 Mobile Safari/537.36"
123.6.49.12 - - [06/Jun/2026:06:02:43 +0200] "GET /wp-content/uploads/2024/05/HELENA_SILVA_TESTIMONY_MYIDEAS.jpg HTTP/1.1" 200 53716 "https://myideas.pt/why-choose-myideas/" "Mozilla/5.0 (Linux; Android 10; HUAWEI P30 Pro) AppleWebKit/537.36 (KHTML, like Gecko) Chrome/89.0.4389.105 Mobile Safari/537.36"
27.115.124.101 - - [06/Jun/2026:06:02:43 +0200] "GET /wp-content/uploads/2024/06/FACULDADE_MOTRICIDADE_HUMANA_CLIENTES_MYIDEAS_1-700x306.png HTTP/1.1" 200 11935 "https://myideas.pt/client-journey/" "Mozilla/5.0 (Linux; Android 11; V2055A) AppleWebKit/537.36 (KHTML, like Gecko) Chrome/91.0.4472.101 Mobile Safari/537.36"
27.115.124.45 - - [06/Jun/2026:06:02:43 +0200] "GET /wp-content/uploads/2024/06/INAPEM_CLIENTES_MYIDEAS-700x306.png HTTP/1.1" 200 18729 "https://myideas.pt/client-journey/" "Mozilla/5.0 (Linux; Android 11; V2055A) AppleWebKit/537.36 (KHTML, like Gecko) Chrome/91.0.4472.101 Mobile Safari/537.36"
27.115.124.53 - - [06/Jun/2026:06:02:43 +0200] "GET /wp-content/uploads/2024/06/ISEG_LISBOA_CLIENTES_MYIDEAS-700x306.png HTTP/1.1" 200 34083 "https://myideas.pt/client-journey/" "Mozilla/5.0 (Linux; Android 11; V2055A) AppleWebKit/537.36 (KHTML, like Gecko) Chrome/91.0.4472.101 Mobile Safari/537.36"
27.115.124.118 - - [06/Jun/2026:06:02:43 +0200] "GET /wp-content/uploads/2024/06/GRANITRANS_CLIENTES_MYIDEAS-700x306.png HTTP/1.1" 200 10525 "https://myideas.pt/client-journey/" "Mozilla/5.0 (Linux; Android 11; V2055A) AppleWebKit/537.36 (KHTML, like Gecko) Chrome/91.0.4472.101 Mobile Safari/537.36"
123.6.49.47 - - [06/Jun/2026:06:02:43 +0200] "GET /wp-content/uploads/2024/06/MYIDEAS_WHY_CHOOSE_MYIDEAS_2_FINAL.jpg HTTP/1.1" 200 100693 "https://myideas.pt/why-choose-myideas/" "Mozilla/5.0 (Linux; Android 10; HUAWEI P30 Pro) AppleWebKit/537.36 (KHTML, like Gecko) Chrome/89.0.4389.105 Mobile Safari/537.36"
123.6.49.47 - - [06/Jun/2026:06:02:43 +0200] "GET /wp-content/uploads/2024/06/ASPAS_TESTEMUNHOS_CLIENTES_MYIDEAS.svg HTTP/1.1" 200 1045 "https://myideas.pt/why-choose-myideas/" "Mozilla/5.0 (Linux; Android 10; HUAWEI P30 Pro) AppleWebKit/537.36 (KHTML, like Gecko) Chrome/89.0.4389.105 Mobile Safari/537.36"
123.6.49.12 - - [06/Jun/2026:06:02:43 +0200] "GET /wp-content/uploads/2024/06/ICON_PROVEN_TRACK_RECORD.svg HTTP/1.1" 200 793 "https://myideas.pt/why-choose-myideas/" "Mozilla/5.0 (Linux; Android 10; HUAWEI P30 Pro) AppleWebKit/537.36 (KHTML, like Gecko) Chrome/89.0.4389.105 Mobile Safari/537.36"
123.6.49.47 - - [06/Jun/2026:06:02:43 +0200] "GET /wp-content/uploads/2024/06/ICON_SUSTAINABILITY_AND_RESPONSABILITY.svg HTTP/1.1" 200 1592 "https://myideas.pt/why-choose-myideas/" "Mozilla/5.0 (Linux; Android 10; HUAWEI P30 Pro) AppleWebKit/537.36 (KHTML, like Gecko) Chrome/89.0.4389.105 Mobile Safari/537.36"
123.6.49.12 - - [06/Jun/2026:06:02:43 +0200] "GET /wp-content/uploads/2024/06/ICON_ONGOING_SUPPORT_AND_GROWTH.svg HTTP/1.1" 200 403 "https://myideas.pt/why-choose-myideas/" "Mozilla/5.0 (Linux; Android 10; HUAWEI P30 Pro) AppleWebKit/537.36 (KHTML, like Gecko) Chrome/89.0.4389.105 Mobile Safari/537.36"
123.6.49.12 - - [06/Jun/2026:06:02:43 +0200] "GET /wp-content/uploads/2024/06/ICON_CLIENT_CENTRIC.svg HTTP/1.1" 200 1017 "https://myideas.pt/why-choose-myideas/" "Mozilla/5.0 (Linux; Android 10; HUAWEI P30 Pro) AppleWebKit/537.36 (KHTML, like Gecko) Chrome/89.0.4389.105 Mobile Safari/537.36"
27.115.124.45 - - [06/Jun/2026:06:02:43 +0200] "GET /wp-content/uploads/2024/06/LUIS_SIMOES_CLIENTES_MYIDEAS-700x306.png HTTP/1.1" 200 16657 "https://myideas.pt/client-journey/" "Mozilla/5.0 (Linux; Android 11; V2055A) AppleWebKit/537.36 (KHTML, like Gecko) Chrome/91.0.4472.101 Mobile Safari/537.36"
27.115.124.101 - - [06/Jun/2026:06:02:43 +0200] "GET /wp-content/uploads/2024/12/MAP_EC_CLIENTES_MYIDEAS.png HTTP/1.1" 200 9588 "https://myideas.pt/client-journey/" "Mozilla/5.0 (Linux; Android 11; V2055A) AppleWebKit/537.36 (KHTML, like Gecko) Chrome/91.0.4472.101 Mobile Safari/537.36"
123.6.49.47 - - [06/Jun/2026:06:02:43 +0200] "GET /wp-content/uploads/2024/06/ICON_COMMITMENT_TO_QUALITY.svg HTTP/1.1" 200 833 "https://myideas.pt/why-choose-myideas/" "Mozilla/5.0 (Linux; Android 10; HUAWEI P30 Pro) AppleWebKit/537.36 (KHTML, like Gecko) Chrome/89.0.4389.105 Mobile Safari/537.36"
123.6.49.47 - - [06/Jun/2026:06:02:43 +0200] "GET /wp-content/uploads/2024/06/WHY_PARTNERING_WITH_MYIDEAS_TAILOR_MADE_SOLUTIONS.svg HTTP/1.1" 200 1428 "https://myideas.pt/why-choose-myideas/" "Mozilla/5.0 (Linux; Android 10; HUAWEI P30 Pro) AppleWebKit/537.36 (KHTML, like Gecko) Chrome/89.0.4389.105 Mobile Safari/537.36"
27.115.124.118 - - [06/Jun/2026:06:02:43 +0200] "GET /wp-content/uploads/2024/12/MAP_GROUP_CLIENTES_MYIDEAS.png HTTP/1.1" 200 7439 "https://myideas.pt/client-journey/" "Mozilla/5.0 (Linux; Android 11; V2055A) AppleWebKit/537.36 (KHTML, like Gecko) Chrome/91.0.4472.101 Mobile Safari/537.36"
123.6.49.12 - - [06/Jun/2026:06:02:43 +0200] "GET /wp-content/uploads/2024/06/ICON_EXPERTISE_AND_EXPERIENCE.svg HTTP/1.1" 200 473 "https://myideas.pt/why-choose-myideas/" "Mozilla/5.0 (Linux; Android 10; HUAWEI P30 Pro) AppleWebKit/537.36 (KHTML, like Gecko) Chrome/89.0.4389.105 Mobile Safari/537.36"
27.115.124.101 - - [06/Jun/2026:06:02:43 +0200] "GET /wp-content/uploads/2024/06/THERION_STRATEGIC_SAFETY_WORKS_CLIENTES_MYIDEAS-700x306.png HTTP/1.1" 200 20924 "https://myideas.pt/client-journey/" "Mozilla/5.0 (Linux; Android 11; V2055A) AppleWebKit/537.36 (KHTML, like Gecko) Chrome/91.0.4472.101 Mobile Safari/537.36"
27.115.124.45 - - [06/Jun/2026:06:02:43 +0200] "GET /wp-content/uploads/2024/06/UNIVERSIDADE_ABERTA_CLIENTES_MYIDEAS-700x306.png HTTP/1.1" 200 28473 "https://myideas.pt/client-journey/" "Mozilla/5.0 (Linux; Android 11; V2055A) AppleWebKit/537.36 (KHTML, like Gecko) Chrome/91.0.4472.101 Mobile Safari/537.36"
27.115.124.53 - - [06/Jun/2026:06:02:43 +0200] "GET /wp-content/uploads/2024/06/UNIAO_MISERICORDIAS_PORTUGUESAS_CLIENTES_MYIDEAS-700x306.png HTTP/1.1" 200 29829 "https://myideas.pt/client-journey/" "Mozilla/5.0 (Linux; Android 11; V2055A) AppleWebKit/537.36 (KHTML, like Gecko) Chrome/91.0.4472.101 Mobile Safari/537.36"
27.115.124.53 - - [06/Jun/2026:06:02:43 +0200] "GET /wp-content/uploads/2024/06/UNIVERSIDADE_CATOLICA_PORTUGUESA_CLIENTES_MYIDEAS-700x306.png HTTP/1.1" 200 50471 "https://myideas.pt/client-journey/" "Mozilla/5.0 (Linux; Android 11; V2055A) AppleWebKit/537.36 (KHTML, like Gecko) Chrome/91.0.4472.101 Mobile Safari/537.36"
27.115.124.101 - - [06/Jun/2026:06:02:43 +0200] "GET /wp-content/uploads/2024/06/URBANOS_CLIENTES_MYIDEAS-700x306.png HTTP/1.1" 200 17607 "https://myideas.pt/client-journey/" "Mozilla/5.0 (Linux; Android 11; V2055A) AppleWebKit/537.36 (KHTML, like Gecko) Chrome/91.0.4472.101 Mobile Safari/537.36"
27.115.124.118 - - [06/Jun/2026:06:02:43 +0200] "GET /wp-content/uploads/2025/04/VILLAS_CLIENTES_MYIDEAS.png HTTP/1.1" 200 7457 "https://myideas.pt/client-journey/" "Mozilla/5.0 (Linux; Android 11; V2055A) AppleWebKit/537.36 (KHTML, like Gecko) Chrome/91.0.4472.101 Mobile Safari/537.36"
27.115.124.45 - - [06/Jun/2026:06:02:43 +0200] "GET /wp-content/uploads/2024/06/WORLD_IT_CLIENTES_MYIDEAS-700x306.png HTTP/1.1" 200 20611 "https://myideas.pt/client-journey/" "Mozilla/5.0 (Linux; Android 11; V2055A) AppleWebKit/537.36 (KHTML, like Gecko) Chrome/91.0.4472.101 Mobile Safari/537.36"
27.115.124.38 - - [06/Jun/2026:06:02:45 +0200] "GET /wp-content/uploads/2024/06/ABOUT_MYIDEAS_COMMITMENT_TO_SUSTAINABILITY_2.jpg HTTP/1.1" 200 1727820 "https://myideas.pt/about-myideas/" "Mozilla/5.0 (Linux; Android 11; CPH2185) AppleWebKit/537.36 (KHTML, like Gecko) Chrome/91.0.4472.101 Mobile Safari/537.36"
27.115.124.70 - - [06/Jun/2026:06:02:47 +0200] "GET /wp-content/uploads/2024/07/FAVICON_MYIDEAS-150x150.jpg HTTP/1.1" 200 3437 "-" "Mozilla/5.0 (Windows NT 10.0; WOW64) AppleWebKit/537.36 (KHTML, like Gecko) Chrome/129.0.3904.108 Safari/537.36"
123.6.49.18 - - [06/Jun/2026:06:02:47 +0200] "GET /wp-content/uploads/2024/07/FAVICON_MYIDEAS-150x150.jpg HTTP/1.1" 200 3437 "-" "Mozilla/5.0 (Windows NT 10.0; WOW64) AppleWebKit/537.36 (KHTML, like Gecko) Chrome/129.0.3904.108 Safari/537.36"
27.115.124.6 - - [06/Jun/2026:06:02:47 +0200] "GET /wp-content/uploads/2024/07/FAVICON_MYIDEAS-300x300.jpg HTTP/1.1" 200 6981 "-" "Mozilla/5.0 (Windows NT 10.0; WOW64) AppleWebKit/537.36 (KHTML, like Gecko) Chrome/129.0.3904.108 Safari/537.36"
123.6.49.15 - - [06/Jun/2026:06:02:48 +0200] "GET /wp-content/uploads/2024/07/FAVICON_MYIDEAS-300x300.jpg HTTP/1.1" 200 6981 "-" "Mozilla/5.0 (Windows NT 10.0; WOW64) AppleWebKit/537.36 (KHTML, like Gecko) Chrome/129.0.3904.108 Safari/537.36"
27.115.124.38 - - [06/Jun/2026:06:02:48 +0200] "GET /wp-content/uploads/2024/07/FAVICON_MYIDEAS-300x300.jpg HTTP/1.1" 200 6981 "-" "Mozilla/5.0 (Windows NT 10.0; WOW64) AppleWebKit/537.36 (KHTML, like Gecko) Chrome/129.0.3904.108 Safari/537.36"
123.6.49.50 - - [06/Jun/2026:06:02:48 +0200] "GET /wp-content/uploads/2024/07/FAVICON_MYIDEAS-300x300.jpg HTTP/1.1" 200 6981 "-" "Mozilla/5.0 (Windows NT 10.0; WOW64) AppleWebKit/537.36 (KHTML, like Gecko) Chrome/129.0.3904.108 Safari/537.36"
27.115.124.6 - - [06/Jun/2026:06:02:49 +0200] "GET /wp-content/uploads/2024/07/FAVICON_MYIDEAS-300x300.jpg HTTP/1.1" 200 6981 "-" "Mozilla/5.0 (Windows NT 10.0; WOW64) AppleWebKit/537.36 (KHTML, like Gecko) Chrome/129.0.3904.108 Safari/537.36"
123.6.49.18 - - [06/Jun/2026:06:02:49 +0200] "GET /wp-content/uploads/2024/07/FAVICON_MYIDEAS-300x300.jpg HTTP/1.1" 200 6981 "-" "Mozilla/5.0 (Windows NT 10.0; WOW64) AppleWebKit/537.36 (KHTML, like Gecko) Chrome/129.0.3904.108 Safari/537.36"
123.6.49.12 - - [06/Jun/2026:06:02:50 +0200] "GET /wp-content/uploads/2024/07/FAVICON_MYIDEAS-150x150.jpg HTTP/1.1" 200 3437 "-" "Mozilla/5.0 (Windows NT 10.0; WOW64) AppleWebKit/537.36 (KHTML, like Gecko) Chrome/129.0.3904.108 Safari/537.36"
27.115.124.53 - - [06/Jun/2026:06:02:50 +0200] "GET /wp-content/uploads/2024/07/FAVICON_MYIDEAS-150x150.jpg HTTP/1.1" 200 3437 "-" "Mozilla/5.0 (Windows NT 10.0; WOW64) AppleWebKit/537.36 (KHTML, like Gecko) Chrome/129.0.3904.108 Safari/537.36"
69.49.112.63 - - [06/Jun/2026:06:04:59 +0200] "POST /xmlrpc.php HTTP/1.1" 499 0 "-" "Mozilla/5.0 (X11; Fedora; Linux x86_64) AppleWebKit/537.36 (KHTML, like Gecko) Chrome/133.0.0.0 Safari/537.36"
69.49.112.63 - admin [06/Jun/2026:06:05:19 +0200] "GET /wp-json/wp/v2/users/me HTTP/1.1" 499 0 "-" "Mozilla/5.0 (X11; Fedora; Linux x86_64) AppleWebKit/537.36 (KHTML, like Gecko) Chrome/133.0.0.0 Safari/537.36"
205.185.120.21 - - [06/Jun/2026:06:06:44 +0200] "GET /wp-login.php HTTP/1.1" 499 0 "-" "Mozilla/5.0 (iPhone; CPU iPhone OS 18_3 like Mac OS X) AppleWebKit/605.1.15 (KHTML, like Gecko) Version/18.3 Mobile/15E148 Safari/604.1"
213.171.208.232 - - [06/Jun/2026:06:07:07 +0200] "GET /wp-login.php HTTP/1.1" 499 0 "-" "Mozilla/5.0 (X11; CrOS x86_64 14541.0.0) AppleWebKit/537.36 (KHTML, like Gecko) Chrome/133.0.0.0 Safari/537.36"
213.171.208.232 - admin [06/Jun/2026:06:07:27 +0200] "GET /wp-json/wp/v2/users/me HTTP/1.1" 499 0 "-" "Mozilla/5.0 (X11; CrOS x86_64 14541.0.0) AppleWebKit/537.36 (KHTML, like Gecko) Chrome/133.0.0.0 Safari/537.36"
75.119.139.177 - - [06/Jun/2026:06:07:49 +0200] "POST /wp-cron.php?doing_wp_cron=1780718868.5344130992889404296875 HTTP/1.1" 499 0 "-" "WordPress/7.0; https://myideas.pt"
75.119.139.177 - - [06/Jun/2026:06:08:45 +0200] "POST /wp-cron.php?doing_wp_cron=1780718925.5216751098632812500000 HTTP/1.1" 200 31 "-" "WordPress/7.0; https://myideas.pt"
37.97.137.40 - - [06/Jun/2026:06:08:45 +0200] "HEAD / HTTP/1.1" 301 0 "-" "downnotifier.com monitoring"
37.97.137.40 - - [06/Jun/2026:06:08:46 +0200] "HEAD / HTTP/1.1" 200 0 "-" "downnotifier.com monitoring"
104.248.125.128 - - [06/Jun/2026:06:08:50 +0200] "POST /xmlrpc.php HTTP/1.1" 200 236 "-" "Mozilla/5.0 (Macintosh; Intel Mac OS X 10_15_7) AppleWebKit/537.36 (KHTML, like Gecko) Chrome/133.0.0.0 Safari/537.36"
75.119.139.177 - - [06/Jun/2026:06:09:31 +0200] "POST /wp-cron.php?doing_wp_cron=1780718971.6158800125122070312500 HTTP/1.1" 200 31 "-" "WordPress/7.0; https://myideas.pt"
43.230.201.87 - - [06/Jun/2026:06:09:31 +0200] "GET /wp-login.php HTTP/1.1" 200 2256 "-" "Mozilla/5.0 (Windows NT 10.0; Win64; x64) AppleWebKit/537.36 (KHTML, like Gecko) Chrome/133.0.0.0 Safari/537.36 Edg/133.0.0.0"
43.230.201.87 - - [06/Jun/2026:06:09:32 +0200] "POST /wp-login.php HTTP/1.1" 200 2387 "https://www.myideas.pt/wp-login.php" "Mozilla/5.0 (Windows NT 10.0; Win64; x64) AppleWebKit/537.36 (KHTML, like Gecko) Chrome/133.0.0.0 Safari/537.36 Edg/133.0.0.0"
217.113.194.42 - - [06/Jun/2026:06:09:49 +0200] "GET /robots.txt HTTP/1.1" 200 986 "-" "Mozilla/5.0 (compatible; Barkrowler/0.9; +https://babbar.tech/crawler)"
217.113.194.44 - - [06/Jun/2026:06:10:04 +0200] "GET /portfolio/hosy/ HTTP/1.1" 200 18442 "-" "Mozilla/5.0 (compatible; Barkrowler/0.9; +https://babbar.tech/crawler)"
139.59.109.12 - - [06/Jun/2026:06:10:07 +0200] "HEAD / HTTP/1.1" 200 0 "-" "downnotifier.com monitoring"
217.113.194.212 - - [06/Jun/2026:06:10:19 +0200] "GET /portfolio/alma/ HTTP/1.1" 200 18546 "-" "Mozilla/5.0 (compatible; Barkrowler/0.9; +https://babbar.tech/crawler)"
217.113.194.252 - - [06/Jun/2026:06:10:34 +0200] "GET /portfolio/catris/ HTTP/1.1" 200 18596 "-" "Mozilla/5.0 (compatible; Barkrowler/0.9; +https://babbar.tech/crawler)"
217.113.194.46 - - [06/Jun/2026:06:10:50 +0200] "GET /pt/guia-empresas-2026/ HTTP/1.1" 200 20594 "-" "Mozilla/5.0 (compatible; Barkrowler/0.9; +https://babbar.tech/crawler)"
217.113.194.212 - - [06/Jun/2026:06:11:05 +0200] "GET /portfolio/angola-economic-outlook/ HTTP/1.1" 200 18199 "-" "Mozilla/5.0 (compatible; Barkrowler/0.9; +https://babbar.tech/crawler)"
217.113.194.44 - - [06/Jun/2026:06:11:20 +0200] "GET /portfolio/feito-em-angola-websites/ HTTP/1.1" 200 18057 "-" "Mozilla/5.0 (compatible; Barkrowler/0.9; +https://babbar.tech/crawler)"
197.57.7.28 - - [06/Jun/2026:06:11:33 +0200] "GET /portfolio/eurest-sustainability-report/ HTTP/1.1" 200 18249 "-" "Mozilla/5.0 (Windows NT 6.3; WOW64) AppleWebKit/537.36 (KHTML, like Gecko) Chrome/92.0.4515.131 Safari/537.36"
217.113.194.43 - - [06/Jun/2026:06:11:35 +0200] "GET /portfolio/paroquia-de-telheiras/ HTTP/1.1" 200 18653 "-" "Mozilla/5.0 (compatible; Barkrowler/0.9; +https://babbar.tech/crawler)"
217.113.194.48 - - [06/Jun/2026:06:11:50 +0200] "GET /portfolio/map-group-corporate-brochure-2025/ HTTP/1.1" 200 18858 "-" "Mozilla/5.0 (compatible; Barkrowler/0.9; +https://babbar.tech/crawler)"
75.119.139.177 - - [06/Jun/2026:06:11:56 +0200] "POST /wp-cron.php?doing_wp_cron=1780719115.9850819110870361328125 HTTP/1.1" 200 31 "-" "WordPress/7.0; https://myideas.pt"
43.245.131.60 - - [06/Jun/2026:06:11:56 +0200] "POST /xmlrpc.php HTTP/1.1" 200 415 "-" "Jetpack/12.5; WordPress/6.2; http://site90213649.com"
77.75.76.165 - - [06/Jun/2026:06:12:03 +0200] "GET /marketing-should-feel-like-leadership-not-pressure/ HTTP/1.1" 200 20110 "-" "Mozilla/5.0 (compatible; SeznamBot/4.0; +https://o-seznam.cz/napoveda/vyhledavani/en/seznambot-crawler/)"
43.245.131.60 - - [06/Jun/2026:06:12:04 +0200] "POST /xmlrpc.php HTTP/1.1" 200 415 "-" "WordPress.com; https://wordpress.com"
217.113.194.45 - - [06/Jun/2026:06:12:05 +0200] "GET /portfolio/diogo-costa-goncalves-branding/ HTTP/1.1" 200 18353 "-" "Mozilla/5.0 (compatible; Barkrowler/0.9; +https://babbar.tech/crawler)"
43.245.131.60 - - [06/Jun/2026:06:12:15 +0200] "POST /xmlrpc.php HTTP/1.1" 200 415 "-" "Jetpack by WordPress.com"
75.119.139.177 - - [06/Jun/2026:06:12:25 +0200] "POST /wp-cron.php?doing_wp_cron=1780719145.8710489273071289062500 HTTP/1.1" 200 31 "-" "WordPress/7.0; https://myideas.pt"
43.245.131.60 - - [06/Jun/2026:06:12:25 +0200] "POST /xmlrpc.php HTTP/1.1" 200 415 "-" "Jetpack by WordPress.com (Jetpack 13.0; WordPress 6.4)"
43.245.131.60 - - [06/Jun/2026:06:12:36 +0200] "POST /xmlrpc.php HTTP/1.1" 200 415 "-" "Jetpack/12.0; WordPress/6.3; http://site81908535.com"
43.245.131.60 - - [06/Jun/2026:06:12:46 +0200] "POST /xmlrpc.php HTTP/1.1" 200 415 "-" "Jetpack by WordPress.com (Jetpack 12.0; WordPress 6.2)"
43.245.131.60 - - [06/Jun/2026:06:12:56 +0200] "POST /xmlrpc.php HTTP/1.1" 200 415 "-" "WordPress.com; https://wordpress.com"
