213.58.128.81 - - [06/Jun/2026:13:46:54 +0200] "GET /wp-content/uploads/2024/07/MYIDEAS_BRIGHTEN_CONSULTING_WEBSITE_1-1000x750.jpg HTTP/1.1" 200 48107 "https://myideas.pt/work-portfolio/" "Mozilla/5.0 (X11; CrOS x86_64 14541.0.0) AppleWebKit/537.36 (KHTML, like Gecko) Chrome/148.0.0.0 Safari/537.36"
213.58.128.81 - - [06/Jun/2026:13:46:54 +0200] "GET /wp-content/uploads/2024/12/MYIDEAS_CATRIS_BRANDING_1-1000x750.jpg HTTP/1.1" 200 99249 "https://myideas.pt/work-portfolio/" "Mozilla/5.0 (X11; CrOS x86_64 14541.0.0) AppleWebKit/537.36 (KHTML, like Gecko) Chrome/148.0.0.0 Safari/537.36"
213.58.128.81 - - [06/Jun/2026:13:46:54 +0200] "GET /wp-content/uploads/2024/07/MYIDEAS_INAPEM_CORPORATE_BROCHURE_1-1000x750.jpg HTTP/1.1" 200 56259 "https://myideas.pt/work-portfolio/" "Mozilla/5.0 (X11; CrOS x86_64 14541.0.0) AppleWebKit/537.36 (KHTML, like Gecko) Chrome/148.0.0.0 Safari/537.36"
213.58.128.81 - - [06/Jun/2026:13:46:56 +0200] "GET /wp-content/uploads/2024/07/MYIDEAS_BRANDING_FABRICO_1-1000x750.jpg HTTP/1.1" 200 27750 "https://myideas.pt/work-portfolio/" "Mozilla/5.0 (X11; CrOS x86_64 14541.0.0) AppleWebKit/537.36 (KHTML, like Gecko) Chrome/148.0.0.0 Safari/537.36"
213.58.128.81 - - [06/Jun/2026:13:46:56 +0200] "GET /wp-content/uploads/2025/03/MYIDEAS_BRANDING_LUIS_SIMOES_1-1000x750.jpg HTTP/1.1" 200 58893 "https://myideas.pt/work-portfolio/" "Mozilla/5.0 (X11; CrOS x86_64 14541.0.0) AppleWebKit/537.36 (KHTML, like Gecko) Chrome/148.0.0.0 Safari/537.36"
213.58.128.81 - - [06/Jun/2026:13:46:56 +0200] "GET /wp-content/uploads/2024/06/MYIDEAS_BRANDING_ALMA_1-1000x750.jpg HTTP/1.1" 200 40594 "https://myideas.pt/work-portfolio/" "Mozilla/5.0 (X11; CrOS x86_64 14541.0.0) AppleWebKit/537.36 (KHTML, like Gecko) Chrome/148.0.0.0 Safari/537.36"
213.58.128.81 - - [06/Jun/2026:13:46:56 +0200] "GET /wp-content/uploads/2024/07/MYIDEAS_BRANDING_ARMANDO_CUNHA_1-1000x750.jpg HTTP/1.1" 200 34719 "https://myideas.pt/work-portfolio/" "Mozilla/5.0 (X11; CrOS x86_64 14541.0.0) AppleWebKit/537.36 (KHTML, like Gecko) Chrome/148.0.0.0 Safari/537.36"
213.58.128.81 - - [06/Jun/2026:13:47:20 +0200] "GET /portfolio/inapem-angola-corporate-brochure/ HTTP/1.1" 200 18919 "https://myideas.pt/work-portfolio/" "Mozilla/5.0 (X11; CrOS x86_64 14541.0.0) AppleWebKit/537.36 (KHTML, like Gecko) Chrome/148.0.0.0 Safari/537.36"
213.58.128.81 - - [06/Jun/2026:13:47:21 +0200] "GET /wp-content/themes/Impreza/fonts/fa-solid-900.woff2?ver=8.46 HTTP/1.1" 200 137104 "https://myideas.pt/portfolio/inapem-angola-corporate-brochure/" "Mozilla/5.0 (X11; CrOS x86_64 14541.0.0) AppleWebKit/537.36 (KHTML, like Gecko) Chrome/148.0.0.0 Safari/537.36"
213.58.128.81 - - [06/Jun/2026:13:47:21 +0200] "GET /wp-content/uploads/2024/07/MYIDEAS_INAPEM_CORPORATE_BROCHURE_2.jpg HTTP/1.1" 200 595273 "https://myideas.pt/portfolio/inapem-angola-corporate-brochure/" "Mozilla/5.0 (X11; CrOS x86_64 14541.0.0) AppleWebKit/537.36 (KHTML, like Gecko) Chrome/148.0.0.0 Safari/537.36"
213.58.128.81 - - [06/Jun/2026:13:47:21 +0200] "GET /wp-content/uploads/2024/07/MYIDEAS_INAPEM_CORPORATE_BROCHURE_1.jpg HTTP/1.1" 200 479383 "https://myideas.pt/portfolio/inapem-angola-corporate-brochure/" "Mozilla/5.0 (X11; CrOS x86_64 14541.0.0) AppleWebKit/537.36 (KHTML, like Gecko) Chrome/148.0.0.0 Safari/537.36"
213.58.128.81 - - [06/Jun/2026:13:47:21 +0200] "GET /wp-content/uploads/2024/07/MYIDEAS_INAPEM_CORPORATE_BROCHURE_5.jpg HTTP/1.1" 200 599085 "https://myideas.pt/portfolio/inapem-angola-corporate-brochure/" "Mozilla/5.0 (X11; CrOS x86_64 14541.0.0) AppleWebKit/537.36 (KHTML, like Gecko) Chrome/148.0.0.0 Safari/537.36"
66.249.79.129 - - [06/Jun/2026:13:47:23 +0200] "GET / HTTP/1.1" 200 23869 "-" "GoogleOther"
66.249.79.129 - - [06/Jun/2026:13:47:23 +0200] "GET / HTTP/1.1" 200 23869 "-" "GoogleOther"
213.58.128.81 - - [06/Jun/2026:13:47:24 +0200] "GET /wp-content/uploads/2024/07/MYIDEAS_INAPEM_CORPORATE_BROCHURE_3.jpg HTTP/1.1" 200 981643 "https://myideas.pt/portfolio/inapem-angola-corporate-brochure/" "Mozilla/5.0 (X11; CrOS x86_64 14541.0.0) AppleWebKit/537.36 (KHTML, like Gecko) Chrome/148.0.0.0 Safari/537.36"
213.58.128.81 - - [06/Jun/2026:13:47:27 +0200] "GET /wp-content/uploads/2024/07/MYIDEAS_INAPEM_CORPORATE_BROCHURE_4.jpg HTTP/1.1" 200 611774 "https://myideas.pt/portfolio/inapem-angola-corporate-brochure/" "Mozilla/5.0 (X11; CrOS x86_64 14541.0.0) AppleWebKit/537.36 (KHTML, like Gecko) Chrome/148.0.0.0 Safari/537.36"
75.119.139.177 - - [06/Jun/2026:13:47:40 +0200] "POST /wp-cron.php?doing_wp_cron=1780746460.3257100582122802734375 HTTP/1.1" 200 31 "-" "WordPress/7.0; https://myideas.pt"
78.142.18.172 - - [06/Jun/2026:13:47:40 +0200] "POST /xmlrpc.php HTTP/1.1" 200 236 "-" "Mozilla/5.0 (X11; Linux x86_64; rv:133.0) Gecko/20100101 Firefox/133.0"
146.174.175.19 - - [06/Jun/2026:13:47:57 +0200] "GET /sitemap-hot-2278152.xml HTTP/1.1" 404 13930 "-" "Mozilla/5.0 (Macintosh; Intel Mac OS X 11_7_0) AppleWebKit/537.36 (KHTML, like Gecko) Chrome/129.0.6668.29 Safari/537.36"
85.139.111.66 - - [06/Jun/2026:13:48:19 +0200] "GET /pt/contactos/ HTTP/1.1" 200 13694 "https://www.google.com/" "Mozilla/5.0 (iPhone; CPU iPhone OS 18_7 like Mac OS X) AppleWebKit/605.1.15 (KHTML, like Gecko) Version/26.5 Mobile/15E148 Safari/604.1"
85.139.111.66 - - [06/Jun/2026:13:48:20 +0200] "GET /wp-content/cache/wpo-minify/1780673871/assets/wpo-minify-header-85140de2.min.css HTTP/1.1" 200 35213 "https://myideas.pt/" "Mozilla/5.0 (iPhone; CPU iPhone OS 18_7 like Mac OS X) AppleWebKit/605.1.15 (KHTML, like Gecko) Version/26.5 Mobile/15E148 Safari/604.1"
85.139.111.66 - - [06/Jun/2026:13:48:20 +0200] "GET /wp-content/cache/wpo-minify/1780673871/assets/wpo-minify-footer-38f725ad.min.js HTTP/1.1" 200 83926 "https://myideas.pt/" "Mozilla/5.0 (iPhone; CPU iPhone OS 18_7 like Mac OS X) AppleWebKit/605.1.15 (KHTML, like Gecko) Version/26.5 Mobile/15E148 Safari/604.1"
85.139.111.66 - - [06/Jun/2026:13:48:20 +0200] "GET /wp-content/themes/Impreza/fonts/fa-regular-400.woff2?ver=8.46 HTTP/1.1" 200 168824 "https://myideas.pt/" "Mozilla/5.0 (iPhone; CPU iPhone OS 18_7 like Mac OS X) AppleWebKit/605.1.15 (KHTML, like Gecko) Version/26.5 Mobile/15E148 Safari/604.1"
85.139.111.66 - - [06/Jun/2026:13:48:20 +0200] "GET /wp-content/uploads/2024/06/MYIDEAS_CONTACTS_1-1.jpg HTTP/1.1" 200 583229 "https://myideas.pt/" "Mozilla/5.0 (iPhone; CPU iPhone OS 18_7 like Mac OS X) AppleWebKit/605.1.15 (KHTML, like Gecko) Version/26.5 Mobile/15E148 Safari/604.1"
85.139.111.66 - - [06/Jun/2026:13:48:20 +0200] "GET /wp-content/themes/Impreza/fonts/fa-brands-400.woff2?ver=8.46 HTTP/1.1" 200 76728 "https://myideas.pt/" "Mozilla/5.0 (iPhone; CPU iPhone OS 18_7 like Mac OS X) AppleWebKit/605.1.15 (KHTML, like Gecko) Version/26.5 Mobile/15E148 Safari/604.1"
85.139.111.66 - - [06/Jun/2026:13:48:20 +0200] "GET /wp-content/uploads/2024/06/ADDRESS_MYIDEAS.svg HTTP/1.1" 200 1032 "https://myideas.pt/" "Mozilla/5.0 (iPhone; CPU iPhone OS 18_7 like Mac OS X) AppleWebKit/605.1.15 (KHTML, like Gecko) Version/26.5 Mobile/15E148 Safari/604.1"
85.139.111.66 - - [06/Jun/2026:13:48:20 +0200] "GET /wp-content/uploads/2024/06/MOBILE_PHONE_MYIDEAS.svg HTTP/1.1" 200 1083 "https://myideas.pt/" "Mozilla/5.0 (iPhone; CPU iPhone OS 18_7 like Mac OS X) AppleWebKit/605.1.15 (KHTML, like Gecko) Version/26.5 Mobile/15E148 Safari/604.1"
85.139.111.66 - - [06/Jun/2026:13:48:20 +0200] "GET /wp-content/uploads/2024/06/EMAIL_MYIDEAS.svg HTTP/1.1" 200 915 "https://myideas.pt/" "Mozilla/5.0 (iPhone; CPU iPhone OS 18_7 like Mac OS X) AppleWebKit/605.1.15 (KHTML, like Gecko) Version/26.5 Mobile/15E148 Safari/604.1"
85.139.111.66 - - [06/Jun/2026:13:48:20 +0200] "GET /wp-content/uploads/2024/05/MYIDEAS_LOGO_BLACK.svg HTTP/1.1" 200 748 "https://myideas.pt/" "Mozilla/5.0 (iPhone; CPU iPhone OS 18_7 like Mac OS X) AppleWebKit/605.1.15 (KHTML, like Gecko) Version/26.5 Mobile/15E148 Safari/604.1"
85.139.111.66 - - [06/Jun/2026:13:48:20 +0200] "GET /wp-content/uploads/2024/07/FAVICON_MYIDEAS-300x300.jpg HTTP/1.1" 200 6981 "https://myideas.pt/" "Mozilla/5.0 (iPhone; CPU iPhone OS 18_7 like Mac OS X) AppleWebKit/605.1.15 (KHTML, like Gecko) Version/26.5 Mobile/15E148 Safari/604.1"
85.139.111.66 - - [06/Jun/2026:13:48:20 +0200] "GET /wp-content/uploads/2024/07/FAVICON_MYIDEAS-150x150.jpg HTTP/1.1" 200 3437 "https://myideas.pt/" "Mozilla/5.0 (iPhone; CPU iPhone OS 18_7 like Mac OS X) AppleWebKit/605.1.15 (KHTML, like Gecko) Version/26.5 Mobile/15E148 Safari/604.1"
85.139.111.66 - - [06/Jun/2026:13:48:23 +0200] "GET /wp-content/uploads/2024/06/MYIDEAS_LOGO_WHITE.svg HTTP/1.1" 200 749 "https://myideas.pt/" "Mozilla/5.0 (iPhone; CPU iPhone OS 18_7 like Mac OS X) AppleWebKit/605.1.15 (KHTML, like Gecko) Version/26.5 Mobile/15E148 Safari/604.1"
75.119.139.177 - - [06/Jun/2026:13:48:49 +0200] "POST /wp-cron.php?doing_wp_cron=1780746529.1648440361022949218750 HTTP/1.1" 200 31 "-" "WordPress/7.0; https://myideas.pt"
37.97.137.40 - - [06/Jun/2026:13:48:49 +0200] "HEAD / HTTP/1.1" 301 0 "-" "downnotifier.com monitoring"
37.97.137.40 - - [06/Jun/2026:13:48:49 +0200] "HEAD / HTTP/1.1" 200 0 "-" "downnotifier.com monitoring"
205.185.116.245 - - [06/Jun/2026:13:48:52 +0200] "GET /wp-login.php HTTP/1.1" 200 6744 "-" "Mozilla/5.0 (Windows NT 10.0; Win64; x64) AppleWebKit/537.36 (KHTML, like Gecko) Chrome/146.0.0.0 Safari/537.36"
51.195.215.47 - - [06/Jun/2026:13:49:00 +0200] "GET /sitemap-hot-2296152.xml HTTP/1.1" 404 13930 "-" "Mozilla/5.0 (compatible; AhrefsBot/7.0; +http://ahrefs.com/robot/)"
85.139.111.66 - - [06/Jun/2026:13:49:09 +0200] "GET /pt/marketing-sustentavel/ HTTP/1.1" 200 16292 "https://myideas.pt/" "Mozilla/5.0 (iPhone; CPU iPhone OS 18_7 like Mac OS X) AppleWebKit/605.1.15 (KHTML, like Gecko) Version/26.5 Mobile/15E148 Safari/604.1"
85.139.111.66 - - [06/Jun/2026:13:49:10 +0200] "GET /wp-content/uploads/2024/06/WHAT_WE_DO_SUSTAINABLE_MARKETING_MYIDEAS.jpg HTTP/1.1" 200 405150 "https://myideas.pt/" "Mozilla/5.0 (iPhone; CPU iPhone OS 18_7 like Mac OS X) AppleWebKit/605.1.15 (KHTML, like Gecko) Version/26.5 Mobile/15E148 Safari/604.1"
85.139.111.66 - - [06/Jun/2026:13:49:10 +0200] "GET /wp-content/uploads/2024/06/MYIDEAS_SUSTAINABLE_MARKETING_PARTE_1.jpg HTTP/1.1" 200 1348223 "https://myideas.pt/" "Mozilla/5.0 (iPhone; CPU iPhone OS 18_7 like Mac OS X) AppleWebKit/605.1.15 (KHTML, like Gecko) Version/26.5 Mobile/15E148 Safari/604.1"
85.139.111.66 - - [06/Jun/2026:13:49:10 +0200] "GET /wp-content/themes/Impreza/fonts/fa-light-300.woff2?ver=8.46 HTTP/1.1" 200 184204 "https://myideas.pt/" "Mozilla/5.0 (iPhone; CPU iPhone OS 18_7 like Mac OS X) AppleWebKit/605.1.15 (KHTML, like Gecko) Version/26.5 Mobile/15E148 Safari/604.1"
85.139.111.66 - - [06/Jun/2026:13:49:10 +0200] "GET /wp-content/uploads/2024/06/PURPOSE.svg HTTP/1.1" 200 1280 "https://myideas.pt/" "Mozilla/5.0 (iPhone; CPU iPhone OS 18_7 like Mac OS X) AppleWebKit/605.1.15 (KHTML, like Gecko) Version/26.5 Mobile/15E148 Safari/604.1"
85.139.111.66 - - [06/Jun/2026:13:49:10 +0200] "GET /wp-content/uploads/2024/06/CONTENT_CREATION.svg HTTP/1.1" 200 783 "https://myideas.pt/" "Mozilla/5.0 (iPhone; CPU iPhone OS 18_7 like Mac OS X) AppleWebKit/605.1.15 (KHTML, like Gecko) Version/26.5 Mobile/15E148 Safari/604.1"
85.139.111.66 - - [06/Jun/2026:13:49:10 +0200] "GET /wp-content/uploads/2024/06/SUSTAINABILITY_REPORT.svg HTTP/1.1" 200 1067 "https://myideas.pt/" "Mozilla/5.0 (iPhone; CPU iPhone OS 18_7 like Mac OS X) AppleWebKit/605.1.15 (KHTML, like Gecko) Version/26.5 Mobile/15E148 Safari/604.1"
85.139.111.66 - - [06/Jun/2026:13:49:10 +0200] "GET /wp-content/uploads/2024/06/WEBSITE_DEVELOPMENT.svg HTTP/1.1" 200 1068 "https://myideas.pt/" "Mozilla/5.0 (iPhone; CPU iPhone OS 18_7 like Mac OS X) AppleWebKit/605.1.15 (KHTML, like Gecko) Version/26.5 Mobile/15E148 Safari/604.1"
85.139.111.66 - - [06/Jun/2026:13:49:10 +0200] "GET /wp-content/uploads/2024/06/PROMOTION_GREEN_CERTIFICATION.svg HTTP/1.1" 200 1131 "https://myideas.pt/" "Mozilla/5.0 (iPhone; CPU iPhone OS 18_7 like Mac OS X) AppleWebKit/605.1.15 (KHTML, like Gecko) Version/26.5 Mobile/15E148 Safari/604.1"
85.139.111.66 - - [06/Jun/2026:13:49:10 +0200] "GET /wp-content/uploads/2024/06/CAUSE_MARKETING_CAMPAIGNS.svg HTTP/1.1" 200 1788 "https://myideas.pt/" "Mozilla/5.0 (iPhone; CPU iPhone OS 18_7 like Mac OS X) AppleWebKit/605.1.15 (KHTML, like Gecko) Version/26.5 Mobile/15E148 Safari/604.1"
85.139.111.66 - - [06/Jun/2026:13:49:10 +0200] "GET /wp-content/uploads/2024/06/GREEN_CAMPAIGNS.svg HTTP/1.1" 200 950 "https://myideas.pt/" "Mozilla/5.0 (iPhone; CPU iPhone OS 18_7 like Mac OS X) AppleWebKit/605.1.15 (KHTML, like Gecko) Version/26.5 Mobile/15E148 Safari/604.1"
85.139.111.66 - - [06/Jun/2026:13:49:10 +0200] "GET /wp-content/uploads/2024/06/EDUCATIONAL_CAMPAIGNS.svg HTTP/1.1" 200 1133 "https://myideas.pt/" "Mozilla/5.0 (iPhone; CPU iPhone OS 18_7 like Mac OS X) AppleWebKit/605.1.15 (KHTML, like Gecko) Version/26.5 Mobile/15E148 Safari/604.1"
85.139.111.66 - - [06/Jun/2026:13:49:10 +0200] "GET /wp-content/uploads/2024/06/STAKEHOLDER_COMMUNICATION.svg HTTP/1.1" 200 723 "https://myideas.pt/" "Mozilla/5.0 (iPhone; CPU iPhone OS 18_7 like Mac OS X) AppleWebKit/605.1.15 (KHTML, like Gecko) Version/26.5 Mobile/15E148 Safari/604.1"
85.139.111.66 - - [06/Jun/2026:13:49:10 +0200] "GET /wp-content/uploads/2024/06/BRAND_IDENTITY.svg HTTP/1.1" 200 2681 "https://myideas.pt/" "Mozilla/5.0 (iPhone; CPU iPhone OS 18_7 like Mac OS X) AppleWebKit/605.1.15 (KHTML, like Gecko) Version/26.5 Mobile/15E148 Safari/604.1"
85.139.111.66 - - [06/Jun/2026:13:49:10 +0200] "GET /wp-content/uploads/2024/06/MESSAGING_STRATEGY.svg HTTP/1.1" 200 1006 "https://myideas.pt/" "Mozilla/5.0 (iPhone; CPU iPhone OS 18_7 like Mac OS X) AppleWebKit/605.1.15 (KHTML, like Gecko) Version/26.5 Mobile/15E148 Safari/604.1"
85.139.111.66 - - [06/Jun/2026:13:49:10 +0200] "GET /wp-content/uploads/2024/06/SOCIAL_MEDIA_ENGAGEMENT.svg HTTP/1.1" 200 1096 "https://myideas.pt/" "Mozilla/5.0 (iPhone; CPU iPhone OS 18_7 like Mac OS X) AppleWebKit/605.1.15 (KHTML, like Gecko) Version/26.5 Mobile/15E148 Safari/604.1"
85.139.111.66 - - [06/Jun/2026:13:49:10 +0200] "GET /wp-content/uploads/2024/06/MYIDEAS_SUSTAINABLE_MARKETING_PARTE_2.jpg HTTP/1.1" 200 428911 "https://myideas.pt/" "Mozilla/5.0 (iPhone; CPU iPhone OS 18_7 like Mac OS X) AppleWebKit/605.1.15 (KHTML, like Gecko) Version/26.5 Mobile/15E148 Safari/604.1"
75.119.139.177 - - [06/Jun/2026:13:50:08 +0200] "POST /wp-cron.php?doing_wp_cron=1780746608.3083069324493408203125 HTTP/1.1" 200 31 "-" "WordPress/7.0; https://myideas.pt"
104.236.216.73 - - [06/Jun/2026:13:50:08 +0200] "HEAD / HTTP/1.1" 200 0 "-" "downnotifier.com monitoring"
75.119.139.177 - - [06/Jun/2026:13:50:24 +0200] "POST /wp-cron.php?doing_wp_cron=1780746623.9881379604339599609375 HTTP/1.1" 200 31 "-" "WordPress/7.0; https://myideas.pt"
205.185.116.245 - - [06/Jun/2026:13:50:24 +0200] "POST /wp-login.php HTTP/1.1" 200 7137 "-" "Mozilla/5.0 (Windows NT 10.0; Win64; x64) AppleWebKit/537.36 (KHTML, like Gecko) Chrome/146.0.0.0 Safari/537.36"
216.73.217.21 - - [06/Jun/2026:13:51:39 +0200] "GET /robots.txt HTTP/1.1" 200 986 "-" "Mozilla/5.0 AppleWebKit/537.36 (KHTML, like Gecko; compatible; ClaudeBot/1.0; +claudebot@anthropic.com)"
75.119.139.177 - - [06/Jun/2026:13:51:40 +0200] "POST /wp-cron.php?doing_wp_cron=1780746700.0966849327087402343750 HTTP/1.1" 200 31 "-" "WordPress/7.0; https://myideas.pt"
216.73.217.21 - - [06/Jun/2026:13:51:40 +0200] "GET /sitemap-hot-2282152.xml HTTP/1.1" 404 13930 "-" "Mozilla/5.0 AppleWebKit/537.36 (KHTML, like Gecko; compatible; ClaudeBot/1.0; +claudebot@anthropic.com)"
216.73.217.21 - - [06/Jun/2026:13:52:07 +0200] "GET /sitemap-hot-2290152.xml HTTP/1.1" 404 13928 "-" "Mozilla/5.0 AppleWebKit/537.36 (KHTML, like Gecko; compatible; ClaudeBot/1.0; +claudebot@anthropic.com)"
75.119.139.177 - - [06/Jun/2026:13:52:51 +0200] "POST /wp-cron.php?doing_wp_cron=1780746770.9164249897003173828125 HTTP/1.1" 200 31 "-" "WordPress/7.0; https://myideas.pt"
216.73.217.21 - - [06/Jun/2026:13:52:51 +0200] "GET /sitemap-hot-2296152.xml HTTP/1.1" 404 13930 "-" "Mozilla/5.0 AppleWebKit/537.36 (KHTML, like Gecko; compatible; ClaudeBot/1.0; +claudebot@anthropic.com)"
216.73.217.21 - - [06/Jun/2026:13:52:53 +0200] "GET /sitemap-hot-2276152.xml HTTP/1.1" 404 13930 "-" "Mozilla/5.0 AppleWebKit/537.36 (KHTML, like Gecko; compatible; ClaudeBot/1.0; +claudebot@anthropic.com)"
216.73.217.21 - - [06/Jun/2026:13:52:56 +0200] "GET /sitemap-hot-2292152.xml HTTP/1.1" 404 13928 "-" "Mozilla/5.0 AppleWebKit/537.36 (KHTML, like Gecko; compatible; ClaudeBot/1.0; +claudebot@anthropic.com)"
66.249.68.130 - - [06/Jun/2026:13:53:03 +0200] "GET /robots.txt HTTP/1.1" 200 986 "-" "Mozilla/5.0 (compatible; Googlebot/2.1; +http://www.google.com/bot.html)"
75.119.139.177 - - [06/Jun/2026:13:53:33 +0200] "POST /wp-cron.php?doing_wp_cron=1780746813.8138689994812011718750 HTTP/1.1" 200 31 "-" "WordPress/7.0; https://myideas.pt"
216.73.217.21 - - [06/Jun/2026:13:53:33 +0200] "GET /sitemap-hot-2280152.xml HTTP/1.1" 404 13930 "-" "Mozilla/5.0 AppleWebKit/537.36 (KHTML, like Gecko; compatible; ClaudeBot/1.0; +claudebot@anthropic.com)"
216.73.217.21 - - [06/Jun/2026:13:53:36 +0200] "GET /sitemap.xml HTTP/1.1" 301 5 "-" "Mozilla/5.0 AppleWebKit/537.36 (KHTML, like Gecko; compatible; ClaudeBot/1.0; +claudebot@anthropic.com)"
216.73.217.21 - - [06/Jun/2026:13:53:36 +0200] "GET /sitemap_index.xml HTTP/1.1" 200 348 "https://myideas.pt/sitemap.xml" "Mozilla/5.0 AppleWebKit/537.36 (KHTML, like Gecko; compatible; ClaudeBot/1.0; +claudebot@anthropic.com)"
75.119.139.177 - - [06/Jun/2026:13:55:49 +0200] "POST /wp-cron.php?doing_wp_cron=1780746949.3154139518737792968750 HTTP/1.1" 200 31 "-" "WordPress/7.0; https://myideas.pt"
198.244.183.198 - - [06/Jun/2026:13:55:49 +0200] "GET /sitemap-hot-2278152.xml HTTP/1.1" 404 13930 "-" "Mozilla/5.0 (compatible; AhrefsBot/7.0; +http://ahrefs.com/robot/)"
75.119.139.177 - - [06/Jun/2026:13:56:35 +0200] "POST /wp-cron.php?doing_wp_cron=1780746995.3572840690612792968750 HTTP/1.1" 200 31 "-" "WordPress/7.0; https://myideas.pt"
216.73.217.21 - - [06/Jun/2026:13:56:35 +0200] "GET /sitemap-hot-2278152.xml HTTP/1.1" 404 13930 "-" "Mozilla/5.0 AppleWebKit/537.36 (KHTML, like Gecko; compatible; ClaudeBot/1.0; +claudebot@anthropic.com)"
216.73.217.21 - - [06/Jun/2026:13:56:55 +0200] "GET /sitemap-hot-2294152.xml HTTP/1.1" 404 13928 "-" "Mozilla/5.0 AppleWebKit/537.36 (KHTML, like Gecko; compatible; ClaudeBot/1.0; +claudebot@anthropic.com)"
75.119.139.177 - - [06/Jun/2026:13:57:42 +0200] "POST /wp-cron.php?doing_wp_cron=1780747062.0839540958404541015625 HTTP/1.1" 200 31 "-" "WordPress/7.0; https://myideas.pt"
216.73.217.21 - - [06/Jun/2026:13:57:42 +0200] "GET /sitemap-hot-2270152.xml HTTP/1.1" 404 13928 "-" "Mozilla/5.0 AppleWebKit/537.36 (KHTML, like Gecko; compatible; ClaudeBot/1.0; +claudebot@anthropic.com)"
75.119.139.177 - - [06/Jun/2026:13:58:17 +0200] "POST /wp-cron.php?doing_wp_cron=1780747097.3261709213256835937500 HTTP/1.1" 200 31 "-" "WordPress/7.0; https://myideas.pt"
216.73.217.21 - - [06/Jun/2026:13:58:17 +0200] "GET /sitemap-hot-2286152.xml HTTP/1.1" 404 13930 "-" "Mozilla/5.0 AppleWebKit/537.36 (KHTML, like Gecko; compatible; ClaudeBot/1.0; +claudebot@anthropic.com)"
45.249.246.17 - - [06/Jun/2026:13:58:26 +0200] "GET / HTTP/1.1" 400 248 "-" "curl/7.29.0"
45.249.246.17 - - [06/Jun/2026:13:58:36 +0200] "GET / HTTP/1.1" 301 5 "-" "curl/7.29.0"
45.249.246.17 - - [06/Jun/2026:13:58:37 +0200] "t3 12.1.2" 400 150 "-" "-"
206.189.127.129 - - [06/Jun/2026:13:58:48 +0200] "HEAD / HTTP/1.1" 301 0 "-" "downnotifier.com monitoring"
206.189.127.129 - - [06/Jun/2026:13:58:49 +0200] "HEAD / HTTP/1.1" 200 0 "-" "downnotifier.com monitoring"
216.73.217.21 - - [06/Jun/2026:13:58:59 +0200] "GET /sitemap-hot-2266152.xml HTTP/1.1" 404 13930 "-" "Mozilla/5.0 AppleWebKit/537.36 (KHTML, like Gecko; compatible; ClaudeBot/1.0; +claudebot@anthropic.com)"
216.73.217.21 - - [06/Jun/2026:13:59:01 +0200] "GET /sitemap-hot-2284152.xml HTTP/1.1" 404 13930 "-" "Mozilla/5.0 AppleWebKit/537.36 (KHTML, like Gecko; compatible; ClaudeBot/1.0; +claudebot@anthropic.com)"
75.119.139.177 - - [06/Jun/2026:13:59:18 +0200] "POST /wp-cron.php?doing_wp_cron=1780747158.1019160747528076171875 HTTP/1.1" 200 31 "-" "WordPress/7.0; https://myideas.pt"
209.141.34.188 - - [06/Jun/2026:13:59:18 +0200] "GET /wp-login.php HTTP/1.1" 200 6744 "-" "Mozilla/5.0 (Windows NT 6.2; WOW64; rv:30.0) Gecko/20100101 Firefox/30.0"
209.141.34.188 - - [06/Jun/2026:13:59:18 +0200] "POST /wp-login.php HTTP/1.1" 200 7138 "-" "Mozilla/5.0 (Windows NT 6.2; WOW64; rv:30.0) Gecko/20100101 Firefox/30.0"
216.73.217.21 - - [06/Jun/2026:13:59:35 +0200] "GET /sitemapindex.xml HTTP/1.1" 404 13921 "-" "Mozilla/5.0 AppleWebKit/537.36 (KHTML, like Gecko; compatible; ClaudeBot/1.0; +claudebot@anthropic.com)"
216.73.217.21 - - [06/Jun/2026:14:00:00 +0200] "GET /sitemap-hot-2272152.xml HTTP/1.1" 404 13928 "-" "Mozilla/5.0 AppleWebKit/537.36 (KHTML, like Gecko; compatible; ClaudeBot/1.0; +claudebot@anthropic.com)"
108.61.201.55 - - [06/Jun/2026:14:00:10 +0200] "HEAD / HTTP/1.1" 200 0 "-" "downnotifier.com monitoring"
75.119.139.177 - - [06/Jun/2026:14:00:25 +0200] "POST /wp-cron.php?doing_wp_cron=1780747225.3463089466094970703125 HTTP/1.1" 200 31 "-" "WordPress/7.0; https://myideas.pt"
216.73.217.21 - - [06/Jun/2026:14:00:25 +0200] "GET /sitemap-hot-2288152.xml HTTP/1.1" 404 13930 "-" "Mozilla/5.0 AppleWebKit/537.36 (KHTML, like Gecko; compatible; ClaudeBot/1.0; +claudebot@anthropic.com)"
31.31.73.22 - - [06/Jun/2026:14:00:37 +0200] "GET / HTTP/1.1" 200 169697 "-" "Mozilla/5.0 (Macintosh; Intel Mac OS X 10_15_6) AppleWebKit/605.1.15 (KHTML, like Gecko) Version/13.0.5 Safari/605.1.15"
75.119.139.177 - - [06/Jun/2026:14:01:46 +0200] "POST /wp-cron.php?doing_wp_cron=1780747305.8398139476776123046875 HTTP/1.1" 200 31 "-" "WordPress/7.0; https://myideas.pt"
216.73.217.21 - - [06/Jun/2026:14:01:46 +0200] "GET /sitemap-hot-2274152.xml HTTP/1.1" 404 13928 "-" "Mozilla/5.0 AppleWebKit/537.36 (KHTML, like Gecko; compatible; ClaudeBot/1.0; +claudebot@anthropic.com)"
216.73.217.21 - - [06/Jun/2026:14:01:48 +0200] "GET /sitemapmobileindex.xml HTTP/1.1" 404 13923 "-" "Mozilla/5.0 AppleWebKit/537.36 (KHTML, like Gecko; compatible; ClaudeBot/1.0; +claudebot@anthropic.com)"
216.73.217.21 - - [06/Jun/2026:14:01:59 +0200] "GET /sitemap-hot-2268152.xml HTTP/1.1" 404 13930 "-" "Mozilla/5.0 AppleWebKit/537.36 (KHTML, like Gecko; compatible; ClaudeBot/1.0; +claudebot@anthropic.com)"
85.87.7.248 - - [06/Jun/2026:14:03:12 +0200] "GET /pt/marketing-sustentavel/ HTTP/1.1" 200 16292 "-" "Mozilla/5.0 (Macintosh; Intel Mac OS X 11.3; rv:130.0) Gecko/20100101 Firefox/130.0"
136.109.168.41 - - [06/Jun/2026:14:03:44 +0200] "GET /wp-content/uploads/2024/06/MYIDEAS_BRANDING_LUIS_SIMOES_5.jpg HTTP/1.1" 200 633524 "-" "Mozilla/5.0 (X11; Linux x86_64) AppleWebKit/537.36 (KHTML, like Gecko) Chrome/91.0.4472.114 Safari/537.36"
8.231.141.210 - - [06/Jun/2026:14:03:59 +0200] "GET /wp-content/uploads/2024/06/MYIDEAS_BRANDING_LUIS_SIMOES_4.jpg HTTP/1.1" 200 626557 "-" "Mozilla/5.0 (X11; Linux x86_64) AppleWebKit/537.36 (KHTML, like Gecko) Chrome/91.0.4472.114 Safari/537.36"
75.119.139.177 - - [06/Jun/2026:14:04:27 +0200] "POST /wp-cron.php?doing_wp_cron=1780747467.9445199966430664062500 HTTP/1.1" 200 31 "-" "WordPress/7.0; https://myideas.pt"
81.193.162.152 - - [06/Jun/2026:14:04:27 +0200] "GET /pt/como-trabalhamos-parceria/ HTTP/1.1" 200 18977 "https://myideas.pt/pt/" "Mozilla/5.0 (Windows NT 10.0; Win64; x64) AppleWebKit/537.36 (KHTML, like Gecko) Chrome/148.0.0.0 Safari/537.36"
81.193.162.152 - - [06/Jun/2026:14:04:28 +0200] "GET /wp-content/uploads/2024/12/ATLANTIC_CLIENTES_MYIDEAS.png HTTP/1.1" 200 18726 "https://myideas.pt/pt/como-trabalhamos-parceria/" "Mozilla/5.0 (Windows NT 10.0; Win64; x64) AppleWebKit/537.36 (KHTML, like Gecko) Chrome/148.0.0.0 Safari/537.36"
81.193.162.152 - - [06/Jun/2026:14:04:28 +0200] "GET /wp-content/uploads/2024/06/AIR_D_CLIENTES_MYIDEAS.png HTTP/1.1" 200 9513 "https://myideas.pt/pt/como-trabalhamos-parceria/" "Mozilla/5.0 (Windows NT 10.0; Win64; x64) AppleWebKit/537.36 (KHTML, like Gecko) Chrome/148.0.0.0 Safari/537.36"
81.193.162.152 - - [06/Jun/2026:14:04:28 +0200] "GET /wp-content/uploads/2024/06/BRIGHTEN_CLIENTES_MYIDEAS.png HTTP/1.1" 200 4102 "https://myideas.pt/pt/como-trabalhamos-parceria/" "Mozilla/5.0 (Windows NT 10.0; Win64; x64) AppleWebKit/537.36 (KHTML, like Gecko) Chrome/148.0.0.0 Safari/537.36"
81.193.162.152 - - [06/Jun/2026:14:04:28 +0200] "GET /wp-content/uploads/2024/06/CLIENT_JOURNEY_MYIDEAS_DISCOVERY_PHASE-700x700.jpg HTTP/1.1" 200 71571 "https://myideas.pt/pt/como-trabalhamos-parceria/" "Mozilla/5.0 (Windows NT 10.0; Win64; x64) AppleWebKit/537.36 (KHTML, like Gecko) Chrome/148.0.0.0 Safari/537.36"
81.193.162.152 - - [06/Jun/2026:14:04:28 +0200] "GET /wp-content/uploads/2024/06/MYIDEAS_CLIENT_JOURNEY_1.jpg HTTP/1.1" 200 713964 "https://myideas.pt/pt/como-trabalhamos-parceria/" "Mozilla/5.0 (Windows NT 10.0; Win64; x64) AppleWebKit/537.36 (KHTML, like Gecko) Chrome/148.0.0.0 Safari/537.36"
81.193.162.152 - - [06/Jun/2026:14:04:34 +0200] "GET /pt/carreiras/ HTTP/1.1" 200 16157 "https://myideas.pt/pt/como-trabalhamos-parceria/" "Mozilla/5.0 (Windows NT 10.0; Win64; x64) AppleWebKit/537.36 (KHTML, like Gecko) Chrome/148.0.0.0 Safari/537.36"
81.193.162.152 - - [06/Jun/2026:14:04:35 +0200] "GET /wp-content/cache/wpo-minify/1780673871/assets/wpo-minify-footer-38f725ad.min.js HTTP/1.1" 200 83926 "https://myideas.pt/pt/carreiras/" "Mozilla/5.0 (Windows NT 10.0; Win64; x64) AppleWebKit/537.36 (KHTML, like Gecko) Chrome/148.0.0.0 Safari/537.36"
81.193.162.152 - - [06/Jun/2026:14:04:35 +0200] "GET /wp-content/uploads/2024/06/CAREERS_MYIDEAS_WHAT_WE_STAND_FOR.svg HTTP/1.1" 200 1186 "https://myideas.pt/pt/carreiras/" "Mozilla/5.0 (Windows NT 10.0; Win64; x64) AppleWebKit/537.36 (KHTML, like Gecko) Chrome/148.0.0.0 Safari/537.36"
81.193.162.152 - - [06/Jun/2026:14:04:35 +0200] "GET /wp-content/uploads/2024/06/CAREERS_MYIDEAS_LIFE_AT_MYIDEAS.svg HTTP/1.1" 200 1205 "https://myideas.pt/pt/carreiras/" "Mozilla/5.0 (Windows NT 10.0; Win64; x64) AppleWebKit/537.36 (KHTML, like Gecko) Chrome/148.0.0.0 Safari/537.36"
81.193.162.152 - - [06/Jun/2026:14:04:35 +0200] "GET /wp-content/uploads/2024/06/CAREERS_MYIDEAS_OUR_ETHOS.svg HTTP/1.1" 200 1778 "https://myideas.pt/pt/carreiras/" "Mozilla/5.0 (Windows NT 10.0; Win64; x64) AppleWebKit/537.36 (KHTML, like Gecko) Chrome/148.0.0.0 Safari/537.36"
81.193.162.152 - - [06/Jun/2026:14:04:35 +0200] "GET /wp-content/uploads/2024/06/CAREERS_MYIDEAS_YOUR_IMPACT.svg HTTP/1.1" 200 2148 "https://myideas.pt/pt/carreiras/" "Mozilla/5.0 (Windows NT 10.0; Win64; x64) AppleWebKit/537.36 (KHTML, like Gecko) Chrome/148.0.0.0 Safari/537.36"
81.193.162.152 - - [06/Jun/2026:14:04:35 +0200] "GET /wp-content/uploads/2024/06/CAREERS_TEAM_MYIDEAS.jpg HTTP/1.1" 200 180566 "https://myideas.pt/pt/carreiras/" "Mozilla/5.0 (Windows NT 10.0; Win64; x64) AppleWebKit/537.36 (KHTML, like Gecko) Chrome/148.0.0.0 Safari/537.36"
81.193.162.152 - - [06/Jun/2026:14:04:35 +0200] "GET /wp-content/uploads/2024/06/CAREERS_MYIDEAS_INNOVATION_CREATIVITY.jpg HTTP/1.1" 200 640532 "https://myideas.pt/pt/carreiras/" "Mozilla/5.0 (Windows NT 10.0; Win64; x64) AppleWebKit/537.36 (KHTML, like Gecko) Chrome/148.0.0.0 Safari/537.36"
81.193.162.152 - - [06/Jun/2026:14:04:35 +0200] "GET /wp-content/uploads/2024/06/CAREERS_MYIDEAS_2_FINAL.jpg HTTP/1.1" 200 142897 "https://myideas.pt/pt/carreiras/" "Mozilla/5.0 (Windows NT 10.0; Win64; x64) AppleWebKit/537.36 (KHTML, like Gecko) Chrome/148.0.0.0 Safari/537.36"
81.193.162.152 - - [06/Jun/2026:14:04:35 +0200] "GET /wp-content/uploads/2024/06/CAREERS_MYIDEAS_TEAM_WELLBEING_2_FINAL.jpg HTTP/1.1" 200 825051 "https://myideas.pt/pt/carreiras/" "Mozilla/5.0 (Windows NT 10.0; Win64; x64) AppleWebKit/537.36 (KHTML, like Gecko) Chrome/148.0.0.0 Safari/537.36"
81.193.162.152 - - [06/Jun/2026:14:04:36 +0200] "GET /wp-content/uploads/2024/06/CAREERS_MYIDEAS_SUSTAINABILITY.jpg HTTP/1.1" 200 936299 "https://myideas.pt/pt/carreiras/" "Mozilla/5.0 (Windows NT 10.0; Win64; x64) AppleWebKit/537.36 (KHTML, like Gecko) Chrome/148.0.0.0 Safari/537.36"
81.193.162.152 - - [06/Jun/2026:14:04:37 +0200] "GET /wp-content/uploads/2024/07/MYIDEAS_PATH_CAREERS_FINAL.jpg HTTP/1.1" 200 2317662 "https://myideas.pt/pt/carreiras/" "Mozilla/5.0 (Windows NT 10.0; Win64; x64) AppleWebKit/537.36 (KHTML, like Gecko) Chrome/148.0.0.0 Safari/537.36"
81.193.162.152 - - [06/Jun/2026:14:05:00 +0200] "GET /pt/como-trabalhamos-parceria/ HTTP/1.1" 304 0 "https://myideas.pt/pt/carreiras/" "Mozilla/5.0 (Windows NT 10.0; Win64; x64) AppleWebKit/537.36 (KHTML, like Gecko) Chrome/148.0.0.0 Safari/537.36"
81.193.162.152 - - [06/Jun/2026:14:05:17 +0200] "GET /pt/contactos/ HTTP/1.1" 200 14091 "https://myideas.pt/pt/como-trabalhamos-parceria/" "Mozilla/5.0 (Windows NT 10.0; Win64; x64) AppleWebKit/537.36 (KHTML, like Gecko) Chrome/148.0.0.0 Safari/537.36"
81.193.162.152 - - [06/Jun/2026:14:05:17 +0200] "GET /wp-content/uploads/2024/06/MYIDEAS_CONTACTS_1-1.jpg HTTP/1.1" 200 583229 "https://myideas.pt/pt/contactos/" "Mozilla/5.0 (Windows NT 10.0; Win64; x64) AppleWebKit/537.36 (KHTML, like Gecko) Chrome/148.0.0.0 Safari/537.36"
81.193.162.152 - - [06/Jun/2026:14:05:17 +0200] "GET /wp-content/uploads/2024/06/ADDRESS_MYIDEAS.svg HTTP/1.1" 200 1032 "https://myideas.pt/pt/contactos/" "Mozilla/5.0 (Windows NT 10.0; Win64; x64) AppleWebKit/537.36 (KHTML, like Gecko) Chrome/148.0.0.0 Safari/537.36"
81.193.162.152 - - [06/Jun/2026:14:05:17 +0200] "GET /wp-content/uploads/2024/06/MOBILE_PHONE_MYIDEAS.svg HTTP/1.1" 200 1083 "https://myideas.pt/pt/contactos/" "Mozilla/5.0 (Windows NT 10.0; Win64; x64) AppleWebKit/537.36 (KHTML, like Gecko) Chrome/148.0.0.0 Safari/537.36"
81.193.162.152 - - [06/Jun/2026:14:05:17 +0200] "GET /wp-content/uploads/2024/06/EMAIL_MYIDEAS.svg HTTP/1.1" 200 915 "https://myideas.pt/pt/contactos/" "Mozilla/5.0 (Windows NT 10.0; Win64; x64) AppleWebKit/537.36 (KHTML, like Gecko) Chrome/148.0.0.0 Safari/537.36"
75.119.139.177 - - [06/Jun/2026:14:08:48 +0200] "POST /wp-cron.php?doing_wp_cron=1780747728.5325539112091064453125 HTTP/1.1" 200 31 "-" "WordPress/7.0; https://myideas.pt"
37.97.137.40 - - [06/Jun/2026:14:08:48 +0200] "HEAD / HTTP/1.1" 301 0 "-" "downnotifier.com monitoring"
37.97.137.40 - - [06/Jun/2026:14:08:49 +0200] "HEAD / HTTP/1.1" 200 0 "-" "downnotifier.com monitoring"
75.119.139.177 - - [06/Jun/2026:14:10:10 +0200] "POST /wp-cron.php?doing_wp_cron=1780747810.5295290946960449218750 HTTP/1.1" 200 31 "-" "WordPress/7.0; https://myideas.pt"
139.59.109.12 - - [06/Jun/2026:14:10:10 +0200] "HEAD / HTTP/1.1" 200 0 "-" "downnotifier.com monitoring"
75.119.139.177 - - [06/Jun/2026:14:15:14 +0200] "POST /wp-cron.php?doing_wp_cron=1780748114.9478220939636230468750 HTTP/1.1" 200 31 "-" "WordPress/7.0; https://myideas.pt"
205.185.120.21 - - [06/Jun/2026:14:15:15 +0200] "GET /wp-login.php HTTP/1.1" 200 6744 "-" "Mozilla/5.0 (Macintosh; Intel Mac OS X 10.9; rv:31.0) Gecko/20100101 Firefox/31.0"
47.128.31.176 - - [06/Jun/2026:14:16:17 +0200] "GET /news/ HTTP/1.1" 200 16134 "-" "Mozilla/5.0 (Linux; Android 5.0) AppleWebKit/537.36 (KHTML, like Gecko) Mobile Safari/537.36 (compatible; Bytespider; spider-feedback@bytedance.com)"
47.128.31.176 - - [06/Jun/2026:14:16:17 +0200] "GET /wp-content/uploads/AEO_ZERO_CLICK_SEARCH.jpg HTTP/1.1" 206 500 "https://myideas.pt/news/" "Mozilla/5.0 (Linux; Android 5.0) AppleWebKit/537.36 (KHTML, like Gecko) Mobile Safari/537.36 (compatible; Bytespider; spider-feedback@bytedance.com)"
47.128.31.176 - - [06/Jun/2026:14:16:18 +0200] "GET /wp-content/uploads/WHAT_IS_GEO.jpg HTTP/1.1" 206 500 "https://myideas.pt/news/" "Mozilla/5.0 (Linux; Android 5.0) AppleWebKit/537.36 (KHTML, like Gecko) Mobile Safari/537.36 (compatible; Bytespider; spider-feedback@bytedance.com)"
75.119.139.177 - - [06/Jun/2026:14:16:18 +0200] "POST /wp-cron.php?doing_wp_cron=1780748178.2248950004577636718750 HTTP/1.1" 200 31 "-" "WordPress/7.0; https://myideas.pt"
205.185.120.21 - - [06/Jun/2026:14:16:18 +0200] "POST /wp-login.php HTTP/1.1" 200 7136 "-" "Mozilla/5.0 (Macintosh; Intel Mac OS X 10.9; rv:31.0) Gecko/20100101 Firefox/31.0"
47.128.31.176 - - [06/Jun/2026:14:16:18 +0200] "GET /wp-content/uploads/AEO_ZERO_CLICK_SEARCH.jpg HTTP/1.1" 304 0 "https://myideas.pt/news/" "Mozilla/5.0 (Linux; Android 5.0) AppleWebKit/537.36 (KHTML, like Gecko) Mobile Safari/537.36 (compatible; Bytespider; spider-feedback@bytedance.com)"
47.128.31.176 - - [06/Jun/2026:14:16:18 +0200] "GET /wp-content/uploads/2025/11/GUIDE_TO_HELP_COMPANIES_2026_MYIDEAS.jpg HTTP/1.1" 206 500 "https://myideas.pt/news/" "Mozilla/5.0 (Linux; Android 5.0) AppleWebKit/537.36 (KHTML, like Gecko) Mobile Safari/537.36 (compatible; Bytespider; spider-feedback@bytedance.com)"
47.128.31.176 - - [06/Jun/2026:14:16:19 +0200] "GET /wp-content/uploads/WHAT_IS_GEO.jpg HTTP/1.1" 304 0 "https://myideas.pt/news/" "Mozilla/5.0 (Linux; Android 5.0) AppleWebKit/537.36 (KHTML, like Gecko) Mobile Safari/537.36 (compatible; Bytespider; spider-feedback@bytedance.com)"
47.128.31.176 - - [06/Jun/2026:14:16:19 +0200] "GET /wp-content/uploads/2025/11/AI_ON_COPYWRITING_MYIDEAS.jpg HTTP/1.1" 206 500 "https://myideas.pt/news/" "Mozilla/5.0 (Linux; Android 5.0) AppleWebKit/537.36 (KHTML, like Gecko) Mobile Safari/537.36 (compatible; Bytespider; spider-feedback@bytedance.com)"
47.128.31.176 - - [06/Jun/2026:14:16:19 +0200] "GET /wp-content/uploads/AEO_ZERO_CLICK_SEARCH.jpg HTTP/1.1" 206 294731 "https://myideas.pt/news/" "Mozilla/5.0 (Linux; Android 5.0) AppleWebKit/537.36 (KHTML, like Gecko) Mobile Safari/537.36 (compatible; Bytespider; spider-feedback@bytedance.com)"
47.128.31.176 - - [06/Jun/2026:14:16:20 +0200] "GET /wp-content/uploads/WHAT_IS_GEO.jpg HTTP/1.1" 206 497943 "https://myideas.pt/news/" "Mozilla/5.0 (Linux; Android 5.0) AppleWebKit/537.36 (KHTML, like Gecko) Mobile Safari/537.36 (compatible; Bytespider; spider-feedback@bytedance.com)"
75.119.139.177 - - [06/Jun/2026:14:17:50 +0200] "POST /wp-cron.php?doing_wp_cron=1780748270.5502750873565673828125 HTTP/1.1" 200 31 "-" "WordPress/7.0; https://myideas.pt"
198.244.183.154 - - [06/Jun/2026:14:17:50 +0200] "GET /sitemap-hot-2288152.xml HTTP/1.1" 404 13930 "-" "Mozilla/5.0 (compatible; AhrefsBot/7.0; +http://ahrefs.com/robot/)"
81.193.162.152 - - [06/Jun/2026:14:17:53 +0200] "GET /pt/noticias/ HTTP/1.1" 200 16306 "https://myideas.pt/pt/contactos/" "Mozilla/5.0 (Windows NT 10.0; Win64; x64) AppleWebKit/537.36 (KHTML, like Gecko) Chrome/148.0.0.0 Safari/537.36"
81.193.162.152 - - [06/Jun/2026:14:17:53 +0200] "GET /wp-content/uploads/PR_AND_REPUTATION_IN_AN_AI-DRIVEN_WORLD.jpg HTTP/1.1" 200 310274 "https://myideas.pt/pt/noticias/" "Mozilla/5.0 (Windows NT 10.0; Win64; x64) AppleWebKit/537.36 (KHTML, like Gecko) Chrome/148.0.0.0 Safari/537.36"
81.193.162.152 - - [06/Jun/2026:14:17:54 +0200] "GET /wp-content/cache/wpo-minify/1780673871/assets/wpo-minify-footer-38f725ad.min.js HTTP/1.1" 200 83926 "https://myideas.pt/pt/noticias/" "Mozilla/5.0 (Windows NT 10.0; Win64; x64) AppleWebKit/537.36 (KHTML, like Gecko) Chrome/148.0.0.0 Safari/537.36"
81.193.162.152 - - [06/Jun/2026:14:17:54 +0200] "GET /wp-content/uploads/MARKETING_SHOULD_FEEL_LIKE_LEADERSHIP.jpg HTTP/1.1" 200 359931 "https://myideas.pt/pt/noticias/" "Mozilla/5.0 (Windows NT 10.0; Win64; x64) AppleWebKit/537.36 (KHTML, like Gecko) Chrome/148.0.0.0 Safari/537.36"
81.193.162.152 - - [06/Jun/2026:14:17:54 +0200] "GET /wp-content/uploads/AEO_ZERO_CLICK_SEARCH.jpg HTTP/1.1" 200 295231 "https://myideas.pt/pt/noticias/" "Mozilla/5.0 (Windows NT 10.0; Win64; x64) AppleWebKit/537.36 (KHTML, like Gecko) Chrome/148.0.0.0 Safari/537.36"
81.193.162.152 - - [06/Jun/2026:14:17:54 +0200] "GET /wp-content/uploads/WHAT_IS_GEO.jpg HTTP/1.1" 200 498443 "https://myideas.pt/pt/noticias/" "Mozilla/5.0 (Windows NT 10.0; Win64; x64) AppleWebKit/537.36 (KHTML, like Gecko) Chrome/148.0.0.0 Safari/537.36"
81.193.162.152 - - [06/Jun/2026:14:17:54 +0200] "GET /wp-content/uploads/2025/11/AI_ON_COPYWRITING_MYIDEAS.jpg HTTP/1.1" 200 353030 "https://myideas.pt/pt/noticias/" "Mozilla/5.0 (Windows NT 10.0; Win64; x64) AppleWebKit/537.36 (KHTML, like Gecko) Chrome/148.0.0.0 Safari/537.36"
81.193.162.152 - - [06/Jun/2026:14:17:54 +0200] "GET /wp-content/uploads/2025/11/GUIDE_TO_HELP_COMPANIES_2026_MYIDEAS.jpg HTTP/1.1" 200 578658 "https://myideas.pt/pt/noticias/" "Mozilla/5.0 (Windows NT 10.0; Win64; x64) AppleWebKit/537.36 (KHTML, like Gecko) Chrome/148.0.0.0 Safari/537.36"
81.193.162.152 - - [06/Jun/2026:14:18:04 +0200] "GET /pt/portfolio/ HTTP/1.1" 200 17891 "https://myideas.pt/pt/noticias/" "Mozilla/5.0 (Windows NT 10.0; Win64; x64) AppleWebKit/537.36 (KHTML, like Gecko) Chrome/148.0.0.0 Safari/537.36"
81.193.162.152 - - [06/Jun/2026:14:18:04 +0200] "GET /wp-content/uploads/2025/11/MYIDEAS_EUREST_1-1000x750.jpg HTTP/1.1" 200 71703 "https://myideas.pt/pt/portfolio/" "Mozilla/5.0 (Windows NT 10.0; Win64; x64) AppleWebKit/537.36 (KHTML, like Gecko) Chrome/148.0.0.0 Safari/537.36"
81.193.162.152 - - [06/Jun/2026:14:18:04 +0200] "GET /wp-content/uploads/2025/07/MYDEAS_HOSY_WEBSITE_1-1000x750.jpg HTTP/1.1" 200 104230 "https://myideas.pt/pt/portfolio/" "Mozilla/5.0 (Windows NT 10.0; Win64; x64) AppleWebKit/537.36 (KHTML, like Gecko) Chrome/148.0.0.0 Safari/537.36"
81.193.162.152 - - [06/Jun/2026:14:18:04 +0200] "GET /wp-content/uploads/2025/11/MYIDEAS_WEBSITE_MEANINGFUL_1.jpg HTTP/1.1" 200 845156 "https://myideas.pt/pt/portfolio/" "Mozilla/5.0 (Windows NT 10.0; Win64; x64) AppleWebKit/537.36 (KHTML, like Gecko) Chrome/148.0.0.0 Safari/537.36"
81.193.162.152 - - [06/Jun/2026:14:18:04 +0200] "GET /wp-content/uploads/2025/03/BSO_CONSULTING_BRANDING_MYIDEAS_1-1000x750.jpg HTTP/1.1" 200 59609 "https://myideas.pt/pt/portfolio/" "Mozilla/5.0 (Windows NT 10.0; Win64; x64) AppleWebKit/537.36 (KHTML, like Gecko) Chrome/148.0.0.0 Safari/537.36"
81.193.162.152 - - [06/Jun/2026:14:18:04 +0200] "GET /wp-content/uploads/2025/11/MYIDEAS_WEBSITE_BSO_1.jpg HTTP/1.1" 200 511555 "https://myideas.pt/pt/portfolio/" "Mozilla/5.0 (Windows NT 10.0; Win64; x64) AppleWebKit/537.36 (KHTML, like Gecko) Chrome/148.0.0.0 Safari/537.36"
81.193.162.152 - - [06/Jun/2026:14:18:05 +0200] "GET /wp-content/uploads/2025/11/MYIDEAS_BRANDING_MEANINGFUL_1.jpg HTTP/1.1" 200 1277684 "https://myideas.pt/pt/portfolio/" "Mozilla/5.0 (Windows NT 10.0; Win64; x64) AppleWebKit/537.36 (KHTML, like Gecko) Chrome/148.0.0.0 Safari/537.36"
81.193.162.152 - - [06/Jun/2026:14:18:05 +0200] "GET /wp-content/uploads/2025/03/MYIDEAS_BROCHURE_MAP_GROUP_1-1000x750.jpg HTTP/1.1" 200 33194 "https://myideas.pt/pt/portfolio/" "Mozilla/5.0 (Windows NT 10.0; Win64; x64) AppleWebKit/537.36 (KHTML, like Gecko) Chrome/148.0.0.0 Safari/537.36"
81.193.162.152 - - [06/Jun/2026:14:18:05 +0200] "GET /wp-content/uploads/2025/03/MYIDEAS_JFG_WEBSITE_1-1000x750.jpg HTTP/1.1" 200 83127 "https://myideas.pt/pt/portfolio/" "Mozilla/5.0 (Windows NT 10.0; Win64; x64) AppleWebKit/537.36 (KHTML, like Gecko) Chrome/148.0.0.0 Safari/537.36"
81.193.162.152 - - [06/Jun/2026:14:18:05 +0200] "GET /wp-content/uploads/2024/11/MYIDEAS_EUREST_1-1000x750.jpg HTTP/1.1" 200 106709 "https://myideas.pt/pt/portfolio/" "Mozilla/5.0 (Windows NT 10.0; Win64; x64) AppleWebKit/537.36 (KHTML, like Gecko) Chrome/148.0.0.0 Safari/537.36"
81.193.162.152 - - [06/Jun/2026:14:18:05 +0200] "GET /wp-content/uploads/2024/11/MYIDEAS_DCG_WEBSITE_1-1000x750.jpg HTTP/1.1" 200 45949 "https://myideas.pt/pt/portfolio/" "Mozilla/5.0 (Windows NT 10.0; Win64; x64) AppleWebKit/537.36 (KHTML, like Gecko) Chrome/148.0.0.0 Safari/537.36"
81.193.162.152 - - [06/Jun/2026:14:18:05 +0200] "GET /wp-content/uploads/2025/03/MYIDEAS_DCG_BRANDING_1-1000x750.jpg HTTP/1.1" 200 27888 "https://myideas.pt/pt/portfolio/" "Mozilla/5.0 (Windows NT 10.0; Win64; x64) AppleWebKit/537.36 (KHTML, like Gecko) Chrome/148.0.0.0 Safari/537.36"
81.193.162.152 - - [06/Jun/2026:14:18:05 +0200] "GET /wp-content/uploads/2025/03/MYIDEAS_PAROQUIA_TELHEIRAS_WEBSITE_1-1000x750.jpg HTTP/1.1" 200 44486 "https://myideas.pt/pt/portfolio/" "Mozilla/5.0 (Windows NT 10.0; Win64; x64) AppleWebKit/537.36 (KHTML, like Gecko) Chrome/148.0.0.0 Safari/537.36"
81.193.162.152 - - [06/Jun/2026:14:18:05 +0200] "GET /wp-content/uploads/2024/07/MYIDEAS_UENJI_ARENA_BRANDING_1-1000x750.jpg HTTP/1.1" 200 30003 "https://myideas.pt/pt/portfolio/" "Mozilla/5.0 (Windows NT 10.0; Win64; x64) AppleWebKit/537.36 (KHTML, like Gecko) Chrome/148.0.0.0 Safari/537.36"
81.193.162.152 - - [06/Jun/2026:14:18:05 +0200] "GET /wp-content/uploads/2024/07/MYIDEAS_EUREST_SUSTAINABILITY_REPORT_1A-1000x750.jpg HTTP/1.1" 200 61598 "https://myideas.pt/pt/portfolio/" "Mozilla/5.0 (Windows NT 10.0; Win64; x64) AppleWebKit/537.36 (KHTML, like Gecko) Chrome/148.0.0.0 Safari/537.36"
81.193.162.152 - - [06/Jun/2026:14:18:05 +0200] "GET /wp-content/uploads/2024/07/MYIDEAS_BRANDING_TALIA_1-1000x750.jpg HTTP/1.1" 200 28425 "https://myideas.pt/pt/portfolio/" "Mozilla/5.0 (Windows NT 10.0; Win64; x64) AppleWebKit/537.36 (KHTML, like Gecko) Chrome/148.0.0.0 Safari/537.36"
81.193.162.152 - - [06/Jun/2026:14:18:05 +0200] "GET /wp-content/uploads/2024/07/MYIDEAS_REBRANDING_STOA_1-1000x750.jpg HTTP/1.1" 200 32052 "https://myideas.pt/pt/portfolio/" "Mozilla/5.0 (Windows NT 10.0; Win64; x64) AppleWebKit/537.36 (KHTML, like Gecko) Chrome/148.0.0.0 Safari/537.36"
81.193.162.152 - - [06/Jun/2026:14:18:05 +0200] "GET /wp-content/uploads/2024/07/MYIDEAS_FEITO_EM_ANGOLA_WEBSITES_1A-1000x750.jpg HTTP/1.1" 200 63262 "https://myideas.pt/pt/portfolio/" "Mozilla/5.0 (Windows NT 10.0; Win64; x64) AppleWebKit/537.36 (KHTML, like Gecko) Chrome/148.0.0.0 Safari/537.36"
81.193.162.152 - - [06/Jun/2026:14:18:05 +0200] "GET /wp-content/uploads/2024/07/MYIDEAS_ANGOLA_ECONOMIC_OUTLOOK_BRANDING_1-1000x750.jpg HTTP/1.1" 200 34006 "https://myideas.pt/pt/portfolio/" "Mozilla/5.0 (Windows NT 10.0; Win64; x64) AppleWebKit/537.36 (KHTML, like Gecko) Chrome/148.0.0.0 Safari/537.36"
81.193.162.152 - - [06/Jun/2026:14:18:05 +0200] "GET /wp-content/uploads/2024/07/MYIDEAS_MAP_ENGENHARIA_CORPORATE_BROCHURE_1-1000x750.jpg HTTP/1.1" 200 63243 "https://myideas.pt/pt/portfolio/" "Mozilla/5.0 (Windows NT 10.0; Win64; x64) AppleWebKit/537.36 (KHTML, like Gecko) Chrome/148.0.0.0 Safari/537.36"
81.193.162.152 - - [06/Jun/2026:14:18:05 +0200] "GET /wp-content/uploads/2024/07/MYDEAS_CME_LANDING_PAGE_RAMAIS-1000x750.jpg HTTP/1.1" 200 38680 "https://myideas.pt/pt/portfolio/" "Mozilla/5.0 (Windows NT 10.0; Win64; x64) AppleWebKit/537.36 (KHTML, like Gecko) Chrome/148.0.0.0 Safari/537.36"
81.193.162.152 - - [06/Jun/2026:14:18:07 +0200] "GET /wp-content/uploads/2024/07/MYIDEAS_INAPEM_CORPORATE_BROCHURE_1-1000x750.jpg HTTP/1.1" 200 56259 "https://myideas.pt/pt/portfolio/" "Mozilla/5.0 (Windows NT 10.0; Win64; x64) AppleWebKit/537.36 (KHTML, like Gecko) Chrome/148.0.0.0 Safari/537.36"
81.193.162.152 - - [06/Jun/2026:14:18:07 +0200] "GET /wp-content/uploads/2024/12/MYIDEAS_CATRIS_BRANDING_1-1000x750.jpg HTTP/1.1" 200 99249 "https://myideas.pt/pt/portfolio/" "Mozilla/5.0 (Windows NT 10.0; Win64; x64) AppleWebKit/537.36 (KHTML, like Gecko) Chrome/148.0.0.0 Safari/537.36"
81.193.162.152 - - [06/Jun/2026:14:18:07 +0200] "GET /wp-content/uploads/2024/07/MYIDEAS_BRIGHTEN_CONSULTING_WEBSITE_1-1000x750.jpg HTTP/1.1" 200 48107 "https://myideas.pt/pt/portfolio/" "Mozilla/5.0 (Windows NT 10.0; Win64; x64) AppleWebKit/537.36 (KHTML, like Gecko) Chrome/148.0.0.0 Safari/537.36"
81.193.162.152 - - [06/Jun/2026:14:18:07 +0200] "GET /wp-content/uploads/2024/07/MYIDEAS_URBANOS_WEBSITE-1000x750.jpg HTTP/1.1" 200 52710 "https://myideas.pt/pt/portfolio/" "Mozilla/5.0 (Windows NT 10.0; Win64; x64) AppleWebKit/537.36 (KHTML, like Gecko) Chrome/148.0.0.0 Safari/537.36"
81.193.162.152 - - [06/Jun/2026:14:18:07 +0200] "GET /wp-content/uploads/2024/07/MYIDEAS_BRANDING_FABRICO_1-1000x750.jpg HTTP/1.1" 200 27750 "https://myideas.pt/pt/portfolio/" "Mozilla/5.0 (Windows NT 10.0; Win64; x64) AppleWebKit/537.36 (KHTML, like Gecko) Chrome/148.0.0.0 Safari/537.36"
81.193.162.152 - - [06/Jun/2026:14:18:07 +0200] "GET /wp-content/uploads/2024/07/MYIDEAS_BRANDING_ARMANDO_CUNHA_1-1000x750.jpg HTTP/1.1" 200 34719 "https://myideas.pt/pt/portfolio/" "Mozilla/5.0 (Windows NT 10.0; Win64; x64) AppleWebKit/537.36 (KHTML, like Gecko) Chrome/148.0.0.0 Safari/537.36"
81.193.162.152 - - [06/Jun/2026:14:18:07 +0200] "GET /wp-content/uploads/2024/06/MYIDEAS_BRANDING_ALMA_1-1000x750.jpg HTTP/1.1" 200 40594 "https://myideas.pt/pt/portfolio/" "Mozilla/5.0 (Windows NT 10.0; Win64; x64) AppleWebKit/537.36 (KHTML, like Gecko) Chrome/148.0.0.0 Safari/537.36"
81.193.162.152 - - [06/Jun/2026:14:18:07 +0200] "GET /wp-content/uploads/2025/03/MYIDEAS_BRANDING_LUIS_SIMOES_1-1000x750.jpg HTTP/1.1" 200 58893 "https://myideas.pt/pt/portfolio/" "Mozilla/5.0 (Windows NT 10.0; Win64; x64) AppleWebKit/537.36 (KHTML, like Gecko) Chrome/148.0.0.0 Safari/537.36"
81.193.162.152 - - [06/Jun/2026:14:18:21 +0200] "GET /wp-content/uploads/2024/12/ATLANTIC_CLIENTES_MYIDEAS.png HTTP/1.1" 200 18726 "https://myideas.pt/pt/como-trabalhamos-parceria/" "Mozilla/5.0 (Windows NT 10.0; Win64; x64) AppleWebKit/537.36 (KHTML, like Gecko) Chrome/148.0.0.0 Safari/537.36"
81.193.162.152 - - [06/Jun/2026:14:18:21 +0200] "GET /wp-content/uploads/2024/06/AIR_D_CLIENTES_MYIDEAS.png HTTP/1.1" 200 9513 "https://myideas.pt/pt/como-trabalhamos-parceria/" "Mozilla/5.0 (Windows NT 10.0; Win64; x64) AppleWebKit/537.36 (KHTML, like Gecko) Chrome/148.0.0.0 Safari/537.36"
81.193.162.152 - - [06/Jun/2026:14:18:21 +0200] "GET /wp-content/uploads/2024/06/BRIGHTEN_CLIENTES_MYIDEAS.png HTTP/1.1" 200 4102 "https://myideas.pt/pt/como-trabalhamos-parceria/" "Mozilla/5.0 (Windows NT 10.0; Win64; x64) AppleWebKit/537.36 (KHTML, like Gecko) Chrome/148.0.0.0 Safari/537.36"
81.193.162.152 - - [06/Jun/2026:14:18:21 +0200] "GET /wp-content/uploads/2024/06/CLIENT_JOURNEY_MYIDEAS_DISCOVERY_PHASE-700x700.jpg HTTP/1.1" 200 71571 "https://myideas.pt/pt/como-trabalhamos-parceria/" "Mozilla/5.0 (Windows NT 10.0; Win64; x64) AppleWebKit/537.36 (KHTML, like Gecko) Chrome/148.0.0.0 Safari/537.36"
81.193.162.152 - - [06/Jun/2026:14:18:22 +0200] "GET /wp-content/uploads/2024/06/MYIDEAS_CLIENT_JOURNEY_1.jpg HTTP/1.1" 200 713964 "https://myideas.pt/pt/como-trabalhamos-parceria/" "Mozilla/5.0 (Windows NT 10.0; Win64; x64) AppleWebKit/537.36 (KHTML, like Gecko) Chrome/148.0.0.0 Safari/537.36"
81.193.162.152 - - [06/Jun/2026:14:18:22 +0200] "GET /pt/carreiras/ HTTP/1.1" 200 16157 "https://myideas.pt/pt/como-trabalhamos-parceria/" "Mozilla/5.0 (Windows NT 10.0; Win64; x64) AppleWebKit/537.36 (KHTML, like Gecko) Chrome/148.0.0.0 Safari/537.36"
81.193.162.152 - - [06/Jun/2026:14:18:22 +0200] "GET /wp-content/uploads/2024/06/CAREERS_TEAM_MYIDEAS.jpg HTTP/1.1" 200 180566 "https://myideas.pt/pt/carreiras/" "Mozilla/5.0 (Windows NT 10.0; Win64; x64) AppleWebKit/537.36 (KHTML, like Gecko) Chrome/148.0.0.0 Safari/537.36"
81.193.162.152 - - [06/Jun/2026:14:18:22 +0200] "GET /wp-content/uploads/2024/06/CAREERS_MYIDEAS_WHAT_WE_STAND_FOR.svg HTTP/1.1" 200 1186 "https://myideas.pt/pt/carreiras/" "Mozilla/5.0 (Windows NT 10.0; Win64; x64) AppleWebKit/537.36 (KHTML, like Gecko) Chrome/148.0.0.0 Safari/537.36"
81.193.162.152 - - [06/Jun/2026:14:18:22 +0200] "GET /wp-content/uploads/2024/06/CAREERS_MYIDEAS_LIFE_AT_MYIDEAS.svg HTTP/1.1" 200 1205 "https://myideas.pt/pt/carreiras/" "Mozilla/5.0 (Windows NT 10.0; Win64; x64) AppleWebKit/537.36 (KHTML, like Gecko) Chrome/148.0.0.0 Safari/537.36"
81.193.162.152 - - [06/Jun/2026:14:18:22 +0200] "GET /wp-content/uploads/2024/06/CAREERS_MYIDEAS_OUR_ETHOS.svg HTTP/1.1" 200 1778 "https://myideas.pt/pt/carreiras/" "Mozilla/5.0 (Windows NT 10.0; Win64; x64) AppleWebKit/537.36 (KHTML, like Gecko) Chrome/148.0.0.0 Safari/537.36"
81.193.162.152 - - [06/Jun/2026:14:18:22 +0200] "GET /wp-content/uploads/2024/06/CAREERS_MYIDEAS_YOUR_IMPACT.svg HTTP/1.1" 200 2148 "https://myideas.pt/pt/carreiras/" "Mozilla/5.0 (Windows NT 10.0; Win64; x64) AppleWebKit/537.36 (KHTML, like Gecko) Chrome/148.0.0.0 Safari/537.36"
81.193.162.152 - - [06/Jun/2026:14:18:22 +0200] "GET /wp-content/uploads/2024/06/CAREERS_MYIDEAS_2_FINAL.jpg HTTP/1.1" 200 142897 "https://myideas.pt/pt/carreiras/" "Mozilla/5.0 (Windows NT 10.0; Win64; x64) AppleWebKit/537.36 (KHTML, like Gecko) Chrome/148.0.0.0 Safari/537.36"
81.193.162.152 - - [06/Jun/2026:14:18:22 +0200] "GET /wp-content/uploads/2024/06/CAREERS_MYIDEAS_SUSTAINABILITY.jpg HTTP/1.1" 200 936299 "https://myideas.pt/pt/carreiras/" "Mozilla/5.0 (Windows NT 10.0; Win64; x64) AppleWebKit/537.36 (KHTML, like Gecko) Chrome/148.0.0.0 Safari/537.36"
81.193.162.152 - - [06/Jun/2026:14:18:22 +0200] "GET /wp-content/uploads/2024/06/CAREERS_MYIDEAS_TEAM_WELLBEING_2_FINAL.jpg HTTP/1.1" 200 825051 "https://myideas.pt/pt/carreiras/" "Mozilla/5.0 (Windows NT 10.0; Win64; x64) AppleWebKit/537.36 (KHTML, like Gecko) Chrome/148.0.0.0 Safari/537.36"
81.193.162.152 - - [06/Jun/2026:14:18:23 +0200] "GET /wp-content/uploads/2024/06/CAREERS_MYIDEAS_INNOVATION_CREATIVITY.jpg HTTP/1.1" 200 640532 "https://myideas.pt/pt/carreiras/" "Mozilla/5.0 (Windows NT 10.0; Win64; x64) AppleWebKit/537.36 (KHTML, like Gecko) Chrome/148.0.0.0 Safari/537.36"
81.193.162.152 - - [06/Jun/2026:14:18:24 +0200] "GET /wp-content/uploads/2024/07/MYIDEAS_PATH_CAREERS_FINAL.jpg HTTP/1.1" 200 1982077 "https://myideas.pt/pt/carreiras/" "Mozilla/5.0 (Windows NT 10.0; Win64; x64) AppleWebKit/537.36 (KHTML, like Gecko) Chrome/148.0.0.0 Safari/537.36"
81.193.162.152 - - [06/Jun/2026:14:18:25 +0200] "GET /pt/ HTTP/1.1" 200 24342 "https://www.google.com/" "Mozilla/5.0 (Windows NT 10.0; Win64; x64) AppleWebKit/537.36 (KHTML, like Gecko) Chrome/148.0.0.0 Safari/537.36"
