85.203.46.129 - - [06/Jun/2026:02:03:08 +0200] "GET /wp-content/plugins/burst-statistics/readme.txt HTTP/1.1" 301 5 "-" "Mozilla/5.0 (Windows NT 10.0; Win64; x64) AppleWebKit/537.36"
85.203.46.64 - - [06/Jun/2026:02:03:11 +0200] "GET /wp-content/plugins/burst-statistics/readme.txt HTTP/1.1" 404 13993 "-" "Mozilla/5.0 (Windows NT 10.0; Win64; x64) AppleWebKit/537.36"
85.203.46.129 - - [06/Jun/2026:02:03:12 +0200] "GET /wp-content/plugins/burst-statistics/ HTTP/1.1" 301 5 "-" "Mozilla/5.0 (Windows NT 10.0; Win64; x64) AppleWebKit/537.36"
85.203.46.64 - - [06/Jun/2026:02:03:13 +0200] "GET /wp-content/plugins/burst-statistics/ HTTP/1.1" 404 12606 "-" "Mozilla/5.0 (Windows NT 10.0; Win64; x64) AppleWebKit/537.36"
85.203.46.129 - - [06/Jun/2026:02:03:15 +0200] "GET /wp-json/burst/v1/mainwp-auth HTTP/1.1" 404 148 "-" "Mozilla/5.0 (Windows NT 10.0; Win64; x64) AppleWebKit/537.36"
75.119.139.177 - - [06/Jun/2026:02:03:39 +0200] "POST /wp-cron.php?doing_wp_cron=1780704219.3838028907775878906250 HTTP/1.1" 200 31 "-" "WordPress/7.0; https://myideas.pt"
85.203.46.153 - - [06/Jun/2026:02:03:39 +0200] "GET /wp-content/plugins/burst-statistics/readme.txt HTTP/1.1" 404 13993 "-" "Mozilla/5.0 (Windows NT 10.0; Win64; x64) AppleWebKit/537.36"
85.203.46.153 - - [06/Jun/2026:02:03:41 +0200] "GET /wp-content/plugins/burst-statistics/ HTTP/1.1" 404 12606 "-" "Mozilla/5.0 (Windows NT 10.0; Win64; x64) AppleWebKit/537.36"
85.203.46.153 - - [06/Jun/2026:02:03:43 +0200] "GET /wp-json/burst/v1/mainwp-auth HTTP/1.1" 404 148 "-" "Mozilla/5.0 (Windows NT 10.0; Win64; x64) AppleWebKit/537.36"
75.119.139.177 - - [06/Jun/2026:02:06:32 +0200] "POST /wp-cron.php?doing_wp_cron=1780704392.2720439434051513671875 HTTP/1.1" 200 31 "-" "WordPress/7.0; https://myideas.pt"
50.6.169.131 - MyIdeas [06/Jun/2026:02:06:32 +0200] "GET /wp-json/wp/v2/users/me HTTP/1.1" 401 109 "-" "Mozilla/5.0 (Windows NT 10.0; Win64; x64; rv:133.0) Gecko/20100101 Firefox/133.0"
47.128.31.232 - - [06/Jun/2026:02:07:07 +0200] "GET /news/ HTTP/1.1" 200 16134 "-" "Mozilla/5.0 (Linux; Android 5.0) AppleWebKit/537.36 (KHTML, like Gecko) Mobile Safari/537.36 (compatible; Bytespider; spider-feedback@bytedance.com)"
104.234.53.246 - - [06/Jun/2026:02:07:09 +0200] "POST /wp-login.php HTTP/1.1" 200 7153 "-" "Mozilla/5.0"
47.128.31.232 - - [06/Jun/2026:02:07:10 +0200] "GET /wp-content/cache/wpo-minify/1780673871/assets/wpo-minify-header-85140de2.min.css HTTP/1.1" 200 35213 "https://myideas.pt/news/" "Mozilla/5.0 (Linux; Android 5.0) AppleWebKit/537.36 (KHTML, like Gecko) Mobile Safari/537.36 (compatible; Bytespider; spider-feedback@bytedance.com)"
47.128.31.232 - - [06/Jun/2026:02:07:11 +0200] "GET /wp-content/uploads/PR_AND_REPUTATION_IN_AN_AI-DRIVEN_WORLD.jpg HTTP/1.1" 206 500 "https://myideas.pt/news/" "Mozilla/5.0 (Linux; Android 5.0) AppleWebKit/537.36 (KHTML, like Gecko) Mobile Safari/537.36 (compatible; Bytespider; spider-feedback@bytedance.com)"
47.128.31.232 - - [06/Jun/2026:02:07:11 +0200] "GET /wp-content/uploads/MARKETING_SHOULD_FEEL_LIKE_LEADERSHIP.jpg HTTP/1.1" 206 500 "https://myideas.pt/news/" "Mozilla/5.0 (Linux; Android 5.0) AppleWebKit/537.36 (KHTML, like Gecko) Mobile Safari/537.36 (compatible; Bytespider; spider-feedback@bytedance.com)"
47.128.31.232 - - [06/Jun/2026:02:07:12 +0200] "GET /wp-content/uploads/AEO_ZERO_CLICK_SEARCH.jpg HTTP/1.1" 206 500 "https://myideas.pt/news/" "Mozilla/5.0 (Linux; Android 5.0) AppleWebKit/537.36 (KHTML, like Gecko) Mobile Safari/537.36 (compatible; Bytespider; spider-feedback@bytedance.com)"
47.128.31.232 - - [06/Jun/2026:02:07:14 +0200] "GET /wp-content/uploads/PR_AND_REPUTATION_IN_AN_AI-DRIVEN_WORLD.jpg HTTP/1.1" 304 0 "https://myideas.pt/news/" "Mozilla/5.0 (Linux; Android 5.0) AppleWebKit/537.36 (KHTML, like Gecko) Mobile Safari/537.36 (compatible; Bytespider; spider-feedback@bytedance.com)"
47.128.31.232 - - [06/Jun/2026:02:07:14 +0200] "GET /wp-content/uploads/MARKETING_SHOULD_FEEL_LIKE_LEADERSHIP.jpg HTTP/1.1" 304 0 "https://myideas.pt/news/" "Mozilla/5.0 (Linux; Android 5.0) AppleWebKit/537.36 (KHTML, like Gecko) Mobile Safari/537.36 (compatible; Bytespider; spider-feedback@bytedance.com)"
47.128.31.232 - - [06/Jun/2026:02:07:14 +0200] "GET /wp-content/uploads/AEO_ZERO_CLICK_SEARCH.jpg HTTP/1.1" 304 0 "https://myideas.pt/news/" "Mozilla/5.0 (Linux; Android 5.0) AppleWebKit/537.36 (KHTML, like Gecko) Mobile Safari/537.36 (compatible; Bytespider; spider-feedback@bytedance.com)"
47.128.31.232 - - [06/Jun/2026:02:07:15 +0200] "GET /wp-content/uploads/AEO_ZERO_CLICK_SEARCH.jpg HTTP/1.1" 206 294731 "https://myideas.pt/news/" "Mozilla/5.0 (Linux; Android 5.0) AppleWebKit/537.36 (KHTML, like Gecko) Mobile Safari/537.36 (compatible; Bytespider; spider-feedback@bytedance.com)"
47.128.31.232 - - [06/Jun/2026:02:07:15 +0200] "GET /wp-content/uploads/PR_AND_REPUTATION_IN_AN_AI-DRIVEN_WORLD.jpg HTTP/1.1" 206 309774 "https://myideas.pt/news/" "Mozilla/5.0 (Linux; Android 5.0) AppleWebKit/537.36 (KHTML, like Gecko) Mobile Safari/537.36 (compatible; Bytespider; spider-feedback@bytedance.com)"
47.128.31.232 - - [06/Jun/2026:02:07:15 +0200] "GET /wp-content/uploads/MARKETING_SHOULD_FEEL_LIKE_LEADERSHIP.jpg HTTP/1.1" 206 359431 "https://myideas.pt/news/" "Mozilla/5.0 (Linux; Android 5.0) AppleWebKit/537.36 (KHTML, like Gecko) Mobile Safari/537.36 (compatible; Bytespider; spider-feedback@bytedance.com)"
47.128.31.232 - - [06/Jun/2026:02:07:19 +0200] "GET /wp-content/uploads/WHAT_IS_GEO.jpg HTTP/1.1" 206 500 "https://myideas.pt/news/" "Mozilla/5.0 (Linux; Android 5.0) AppleWebKit/537.36 (KHTML, like Gecko) Mobile Safari/537.36 (compatible; Bytespider; spider-feedback@bytedance.com)"
47.128.31.232 - - [06/Jun/2026:02:07:19 +0200] "GET /wp-content/uploads/2025/11/GUIDE_TO_HELP_COMPANIES_2026_MYIDEAS.jpg HTTP/1.1" 206 500 "https://myideas.pt/news/" "Mozilla/5.0 (Linux; Android 5.0) AppleWebKit/537.36 (KHTML, like Gecko) Mobile Safari/537.36 (compatible; Bytespider; spider-feedback@bytedance.com)"
47.128.31.232 - - [06/Jun/2026:02:07:19 +0200] "GET /wp-content/uploads/2025/11/AI_ON_COPYWRITING_MYIDEAS.jpg HTTP/1.1" 206 500 "https://myideas.pt/news/" "Mozilla/5.0 (Linux; Android 5.0) AppleWebKit/537.36 (KHTML, like Gecko) Mobile Safari/537.36 (compatible; Bytespider; spider-feedback@bytedance.com)"
47.128.31.232 - - [06/Jun/2026:02:07:25 +0200] "GET /wp-content/uploads/WHAT_IS_GEO.jpg HTTP/1.1" 304 0 "https://myideas.pt/news/" "Mozilla/5.0 (Linux; Android 5.0) AppleWebKit/537.36 (KHTML, like Gecko) Mobile Safari/537.36 (compatible; Bytespider; spider-feedback@bytedance.com)"
47.128.31.232 - - [06/Jun/2026:02:07:26 +0200] "GET /wp-content/uploads/WHAT_IS_GEO.jpg HTTP/1.1" 206 497943 "https://myideas.pt/news/" "Mozilla/5.0 (Linux; Android 5.0) AppleWebKit/537.36 (KHTML, like Gecko) Mobile Safari/537.36 (compatible; Bytespider; spider-feedback@bytedance.com)"
75.119.139.177 - - [06/Jun/2026:02:08:46 +0200] "POST /wp-cron.php?doing_wp_cron=1780704526.0083849430084228515625 HTTP/1.1" 200 31 "-" "WordPress/7.0; https://myideas.pt"
37.97.137.40 - - [06/Jun/2026:02:08:46 +0200] "HEAD / HTTP/1.1" 301 0 "-" "downnotifier.com monitoring"
37.97.137.40 - - [06/Jun/2026:02:08:46 +0200] "HEAD / HTTP/1.1" 200 0 "-" "downnotifier.com monitoring"
75.119.139.177 - - [06/Jun/2026:02:09:54 +0200] "POST /wp-cron.php?doing_wp_cron=1780704594.9075601100921630859375 HTTP/1.1" 200 31 "-" "WordPress/7.0; https://myideas.pt"
149.28.73.26 - - [06/Jun/2026:02:09:54 +0200] "HEAD / HTTP/1.1" 200 0 "-" "downnotifier.com monitoring"
75.119.139.177 - - [06/Jun/2026:02:11:41 +0200] "POST /wp-cron.php?doing_wp_cron=1780704701.0772910118103027343750 HTTP/1.1" 200 31 "-" "WordPress/7.0; https://myideas.pt"
43.166.1.243 - - [06/Jun/2026:02:11:41 +0200] "GET /embed/ HTTP/1.1" 200 17104 "-" "Mozilla/5.0 (iPhone; CPU iPhone OS 13_2_3 like Mac OS X) AppleWebKit/605.1.15 (KHTML, like Gecko) Version/13.0.3 Mobile/15E148 Safari/604.1"
75.119.139.177 - - [06/Jun/2026:02:13:09 +0200] "POST /wp-cron.php?doing_wp_cron=1780704789.0622119903564453125000 HTTP/1.1" 200 31 "-" "WordPress/7.0; https://myideas.pt"
209.141.60.58 - - [06/Jun/2026:02:13:09 +0200] "GET /wp-login.php HTTP/1.1" 200 6744 "-" "Mozilla/5.0 (Linux; Android 14; Pixel 8 Pro) AppleWebKit/537.36 (KHTML, like Gecko) Chrome/123.0.0.0 Mobile Safari/537.36"
209.141.60.58 - - [06/Jun/2026:02:13:11 +0200] "POST /wp-login.php HTTP/1.1" 200 7138 "-" "Mozilla/5.0 (Linux; Android 14; Pixel 8 Pro) AppleWebKit/537.36 (KHTML, like Gecko) Chrome/123.0.0.0 Mobile Safari/537.36"
75.119.139.177 - - [06/Jun/2026:02:13:48 +0200] "POST /wp-cron.php?doing_wp_cron=1780704828.6875379085540771484375 HTTP/1.1" 200 31 "-" "WordPress/7.0; https://myideas.pt"
123.30.233.12 - - [06/Jun/2026:02:13:48 +0200] "GET /wp-login.php HTTP/1.1" 200 2256 "-" "Mozilla/5.0 (X11; Ubuntu; Linux x86_64; rv:133.0) Gecko/20100101 Firefox/133.0"
123.30.233.12 - - [06/Jun/2026:02:13:49 +0200] "POST /wp-login.php HTTP/1.1" 200 2387 "https://www.myideas.pt/wp-login.php" "Mozilla/5.0 (X11; Ubuntu; Linux x86_64; rv:133.0) Gecko/20100101 Firefox/133.0"
113.82.138.162 - - [06/Jun/2026:02:14:23 +0200] "GET / HTTP/1.1" 200 169697 "https://www.whole-search.com/cache/Google/myideas.pt?q=Google+Classifica%C3%A7%C3%A3o+de+pesquisa+global+site%3Awww.whole-search.com" "Mozilla/5.0 (Windows NT 6.2; WOW64) AppleWebKit/537.36 (KHTML, like Gecko) Chrome/30.0.1599.17 Safari/537.36"
14.226.17.44 - - [06/Jun/2026:02:14:48 +0200] "GET /pt/portfolio/catris-catalogo-de-servicos-de-infraestruturas-de-investigacao/ HTTP/1.1" 200 18867 "-" "Mozilla/5.0 (Windows NT 10.0; Win64; x64) AppleWebKit/537.36 (KHTML, like Gecko) Chrome/131.0.6778.204 Safari/537.36"
152.32.189.128 - - [06/Jun/2026:02:14:59 +0200] "{\x22id\x22:1,\x22method\x22:\x22mining.subscribe\x22,\x22params\x22:[]}" 400 150 "-" "-"
152.32.189.128 - - [06/Jun/2026:02:14:59 +0200] "{\x22method\x22:\x22login\x22,\x22params\x22:{\x22login\x22:\x2245JymPWP1DeQxxMZNJv9w2bTQ2WJDAmw18wUSryDQa3RPrympJPoUSVcFEDv3bhiMJGWaCD4a3KrFCorJHCMqXJUKApSKDV\x22,\x22pass\x22:\x22xxoo\x22,\x22agent\x22:\x22xmr-stak-cpu/1.3.0-1.5.0\x22},\x22id\x22:1}" 400 150 "-" "-"
152.32.189.128 - - [06/Jun/2026:02:15:00 +0200] "{\x22params\x22: [\x22miner1\x22, \x22password\x22], \x22id\x22: 2, \x22method\x22: \x22mining.authorize\x22}" 400 150 "-" "-"
152.32.189.128 - - [06/Jun/2026:02:15:02 +0200] "{\x22id\x22:1,\x22jsonrpc\x22:\x222.0\x22,\x22method\x22:\x22login\x22,\x22params\x22:{\x22login\x22:\x22blue1\x22,\x22pass\x22:\x22x\x22,\x22agent\x22:\x22Windows NT 6.1; Win64; x64\x22}}" 400 150 "-" "-"
57.141.20.3 - - [06/Jun/2026:02:18:39 +0200] "GET /pr-and-reputation-in-the-ai-era/ HTTP/1.1" 200 104852 "-" "meta-externalagent/1.1 (+https://developers.facebook.com/docs/sharing/webmasters/crawler)"
75.119.139.177 - - [06/Jun/2026:02:18:45 +0200] "POST /wp-cron.php?doing_wp_cron=1780705125.6969621181488037109375 HTTP/1.1" 200 31 "-" "WordPress/7.0; https://myideas.pt"
206.189.127.129 - - [06/Jun/2026:02:18:45 +0200] "HEAD / HTTP/1.1" 301 0 "-" "downnotifier.com monitoring"
206.189.127.129 - - [06/Jun/2026:02:18:46 +0200] "HEAD / HTTP/1.1" 200 0 "-" "downnotifier.com monitoring"
17.241.75.196 - - [06/Jun/2026:02:19:07 +0200] "GET /social-media/ HTTP/1.1" 200 15003 "-" "Mozilla/5.0 (Macintosh; Intel Mac OS X 10_15_7) AppleWebKit/605.1.15 (KHTML, like Gecko) Version/17.4 Safari/605.1.15 (Applebot/0.1; +http://www.apple.com/go/applebot)"
75.119.139.177 - - [06/Jun/2026:02:19:26 +0200] "POST /wp-cron.php?doing_wp_cron=1780705166.0089399814605712890625 HTTP/1.1" 200 31 "-" "WordPress/7.0; https://myideas.pt"
129.226.213.145 - - [06/Jun/2026:02:19:26 +0200] "GET /portfolio/jose-ferreira-gomes/ HTTP/1.1" 200 18959 "-" "Mozilla/5.0 (iPhone; CPU iPhone OS 13_2_3 like Mac OS X) AppleWebKit/605.1.15 (KHTML, like Gecko) Version/13.0.3 Mobile/15E148 Safari/604.1"
139.59.109.12 - - [06/Jun/2026:02:19:54 +0200] "HEAD / HTTP/1.1" 200 0 "-" "downnotifier.com monitoring"
75.119.139.177 - - [06/Jun/2026:02:21:04 +0200] "POST /wp-cron.php?doing_wp_cron=1780705264.9264221191406250000000 HTTP/1.1" 200 31 "-" "WordPress/7.0; https://myideas.pt"
198.98.59.131 - - [06/Jun/2026:02:21:04 +0200] "GET /wp-login.php HTTP/1.1" 200 6744 "-" "Mozilla/5.0 (Macintosh; Intel Mac OS X 10_12_6) AppleWebKit/537.36 (KHTML, like Gecko) Chrome/115.0.0.0 Safari/537.36"
75.119.139.177 - - [06/Jun/2026:02:21:49 +0200] "POST /wp-cron.php?doing_wp_cron=1780705309.2114219665527343750000 HTTP/1.1" 200 31 "-" "WordPress/7.0; https://myideas.pt"
198.98.59.131 - - [06/Jun/2026:02:21:49 +0200] "POST /wp-login.php HTTP/1.1" 200 7137 "-" "Mozilla/5.0 (Macintosh; Intel Mac OS X 10_12_6) AppleWebKit/537.36 (KHTML, like Gecko) Chrome/115.0.0.0 Safari/537.36"
17.241.75.206 - - [06/Jun/2026:02:23:04 +0200] "GET /wp-content/cache/wpo-minify/1780673871/assets/wpo-minify-footer-38f725ad.min.js HTTP/1.1" 200 83926 "https://myideas.pt/social-media/" "Mozilla/5.0 (Macintosh; Intel Mac OS X 10_15_7) AppleWebKit/605.1.15 (KHTML, like Gecko) Version/17.4 Safari/605.1.15 (Applebot/0.1; +http://www.apple.com/go/applebot)"
75.119.139.177 - - [06/Jun/2026:02:23:56 +0200] "POST /wp-cron.php?doing_wp_cron=1780705436.0241699218750000000000 HTTP/1.1" 200 31 "-" "WordPress/7.0; https://myideas.pt"
148.66.130.53 - - [06/Jun/2026:02:23:56 +0200] "GET /wp-login.php HTTP/1.1" 200 2256 "-" "Mozilla/5.0 (Windows NT 10.0; Win64; x64) AppleWebKit/537.36 (KHTML, like Gecko) Chrome/120.0.0.0 Safari/537.36"
148.66.130.53 - - [06/Jun/2026:02:23:56 +0200] "POST /wp-login.php HTTP/1.1" 200 2387 "https://myideas.pt/wp-login.php" "Mozilla/5.0 (Windows NT 10.0; Win64; x64) AppleWebKit/537.36 (KHTML, like Gecko) Chrome/120.0.0.0 Safari/537.36"
75.119.139.177 - - [06/Jun/2026:02:25:30 +0200] "POST /wp-cron.php?doing_wp_cron=1780705530.2518379688262939453125 HTTP/1.1" 200 31 "-" "WordPress/7.0; https://myideas.pt"
198.38.94.18 - - [06/Jun/2026:02:25:30 +0200] "GET /wp-login.php HTTP/1.1" 200 2256 "-" "Mozilla/5.0 (Windows NT 10.0; Win64; x64) AppleWebKit/537.36 (KHTML, like Gecko) Chrome/120.0.0.0 Safari/537.36"
198.38.94.18 - - [06/Jun/2026:02:25:30 +0200] "POST /wp-login.php HTTP/1.1" 200 2387 "https://myideas.pt/wp-login.php" "Mozilla/5.0 (Windows NT 10.0; Win64; x64) AppleWebKit/537.36 (KHTML, like Gecko) Chrome/120.0.0.0 Safari/537.36"
75.119.139.177 - - [06/Jun/2026:02:26:57 +0200] "POST /wp-cron.php?doing_wp_cron=1780705617.7351670265197753906250 HTTP/1.1" 200 31 "-" "WordPress/7.0; https://myideas.pt"
45.61.187.176 - - [06/Jun/2026:02:26:57 +0200] "GET /wp-login.php HTTP/1.1" 200 6744 "-" "Mozilla/5.0 (Windows NT 10.0; Win64; x64) AppleWebKit/537.36 (KHTML, like Gecko) Chrome/144.0.0.0 Safari/537.36"
45.61.187.176 - - [06/Jun/2026:02:26:58 +0200] "POST /wp-login.php HTTP/1.1" 200 7137 "-" "Mozilla/5.0 (Windows NT 10.0; Win64; x64) AppleWebKit/537.36 (KHTML, like Gecko) Chrome/144.0.0.0 Safari/537.36"
75.119.139.177 - - [06/Jun/2026:02:28:03 +0200] "POST /wp-cron.php?doing_wp_cron=1780705683.6504349708557128906250 HTTP/1.1" 200 31 "-" "WordPress/7.0; https://myideas.pt"
144.217.254.10 - - [06/Jun/2026:02:28:03 +0200] "GET /wp-login.php HTTP/1.1" 200 2256 "-" "Mozilla/5.0 (Windows NT 10.0; Win64; x64) AppleWebKit/537.36 (KHTML, like Gecko) Chrome/120.0.0.0 Safari/537.36"
144.217.254.10 - - [06/Jun/2026:02:28:04 +0200] "POST /wp-login.php HTTP/1.1" 200 2387 "https://www.myideas.pt/wp-login.php" "Mozilla/5.0 (Windows NT 10.0; Win64; x64) AppleWebKit/537.36 (KHTML, like Gecko) Chrome/120.0.0.0 Safari/537.36"
75.119.139.177 - - [06/Jun/2026:02:28:17 +0200] "POST /wp-cron.php?doing_wp_cron=1780705697.3637731075286865234375 HTTP/1.1" 200 31 "-" "WordPress/7.0; https://myideas.pt"
77.83.39.54 - - [06/Jun/2026:02:28:17 +0200] "GET /.env HTTP/1.1" 404 12539 "-" "Mozilla/4.8 [en] (Windows NT 5.1; U)"
37.97.137.40 - - [06/Jun/2026:02:28:45 +0200] "HEAD / HTTP/1.1" 301 0 "-" "downnotifier.com monitoring"
37.97.137.40 - - [06/Jun/2026:02:28:46 +0200] "HEAD / HTTP/1.1" 200 0 "-" "downnotifier.com monitoring"
75.119.139.177 - - [06/Jun/2026:02:29:51 +0200] "POST /wp-cron.php?doing_wp_cron=1780705791.7872259616851806640625 HTTP/1.1" 200 31 "-" "WordPress/7.0; https://myideas.pt"
206.189.127.129 - - [06/Jun/2026:02:29:51 +0200] "HEAD / HTTP/1.1" 200 0 "-" "downnotifier.com monitoring"
69.49.112.68 - - [06/Jun/2026:02:30:07 +0200] "POST /xmlrpc.php HTTP/1.1" 200 236 "-" "Mozilla/5.0 (Macintosh; Intel Mac OS X 11_7_10) AppleWebKit/537.36 (KHTML, like Gecko) Chrome/133.0.0.0 Safari/537.36"
75.119.139.177 - - [06/Jun/2026:02:30:51 +0200] "POST /wp-cron.php?doing_wp_cron=1780705851.7886819839477539062500 HTTP/1.1" 200 31 "-" "WordPress/7.0; https://myideas.pt"
43.130.154.56 - - [06/Jun/2026:02:30:51 +0200] "GET /portfolio/bso-branding HTTP/1.1" 301 5 "-" "Mozilla/5.0 (iPhone; CPU iPhone OS 13_2_3 like Mac OS X) AppleWebKit/605.1.15 (KHTML, like Gecko) Version/13.0.3 Mobile/15E148 Safari/604.1"
43.130.154.56 - - [06/Jun/2026:02:30:54 +0200] "GET /portfolio/bso-branding/ HTTP/1.1" 200 18857 "https://myideas.pt/portfolio/bso-branding" "Mozilla/5.0 (iPhone; CPU iPhone OS 13_2_3 like Mac OS X) AppleWebKit/605.1.15 (KHTML, like Gecko) Version/13.0.3 Mobile/15E148 Safari/604.1"
75.119.139.177 - - [06/Jun/2026:02:31:24 +0200] "POST /wp-cron.php?doing_wp_cron=1780705884.0100080966949462890625 HTTP/1.1" 200 31 "-" "WordPress/7.0; https://myideas.pt"
62.193.192.120 - - [06/Jun/2026:02:31:24 +0200] "GET /.well-known/acme-challenge/0HUZV35PK8AGP84O5QCK7ZK89ZU3P7OP HTTP/1.1" 404 66870 "-" "Cpanel-HTTP-Client/1.0"
62.193.192.120 - - [06/Jun/2026:02:31:33 +0200] "GET /.well-known/acme-challenge/IZ5HHGPLN0R0X4BBJG0GWRIB3ZV1AVF1 HTTP/1.1" 301 5 "-" "Cpanel-HTTP-Client/1.0"
62.193.192.120 - - [06/Jun/2026:02:31:33 +0200] "GET /.well-known/acme-challenge/IZ5HHGPLN0R0X4BBJG0GWRIB3ZV1AVF1 HTTP/1.1" 404 66870 "-" "Cpanel-HTTP-Client/1.0"
75.119.139.177 - - [06/Jun/2026:02:32:53 +0200] "POST /wp-cron.php?doing_wp_cron=1780705973.7575759887695312500000 HTTP/1.1" 200 31 "-" "WordPress/7.0; https://myideas.pt"
64.89.163.50 - - [06/Jun/2026:02:32:53 +0200] "GET /.env HTTP/1.1" 404 66624 "-" "Mozilla/5.0 (Windows NT 10.0; Win64; x64) AppleWebKit/537.36 (KHTML, like Gecko) Chrome/137.0.0.0 Safari/537.36"
75.119.139.177 - - [06/Jun/2026:02:36:59 +0200] "POST /wp-cron.php?doing_wp_cron=1780706219.7892448902130126953125 HTTP/1.1" 200 31 "-" "WordPress/7.0; https://myideas.pt"
205.185.116.237 - - [06/Jun/2026:02:36:59 +0200] "GET /wp-login.php HTTP/1.1" 200 6744 "-" "Mozilla/5.0 (X11; Linux x86_64; rv:30.0) Gecko/20100101 Firefox/30.0"
75.119.139.177 - - [06/Jun/2026:02:38:04 +0200] "POST /wp-cron.php?doing_wp_cron=1780706284.3740150928497314453125 HTTP/1.1" 200 31 "-" "WordPress/7.0; https://myideas.pt"
205.185.116.237 - - [06/Jun/2026:02:38:04 +0200] "POST /wp-login.php HTTP/1.1" 200 7148 "-" "Mozilla/5.0 (X11; Linux x86_64; rv:30.0) Gecko/20100101 Firefox/30.0"
75.119.139.177 - - [06/Jun/2026:02:38:45 +0200] "POST /wp-cron.php?doing_wp_cron=1780706325.4783029556274414062500 HTTP/1.1" 200 31 "-" "WordPress/7.0; https://myideas.pt"
206.189.127.129 - - [06/Jun/2026:02:38:45 +0200] "HEAD / HTTP/1.1" 301 0 "-" "downnotifier.com monitoring"
206.189.127.129 - - [06/Jun/2026:02:38:46 +0200] "HEAD / HTTP/1.1" 200 0 "-" "downnotifier.com monitoring"
75.119.139.177 - - [06/Jun/2026:02:39:18 +0200] "POST /wp-cron.php?doing_wp_cron=1780706358.8616800308227539062500 HTTP/1.1" 200 31 "-" "WordPress/7.0; https://myideas.pt"
43.157.147.3 - - [06/Jun/2026:02:39:18 +0200] "GET /guide-to-help-companies-2026/ HTTP/1.1" 200 20620 "-" "Mozilla/5.0 (iPhone; CPU iPhone OS 13_2_3 like Mac OS X) AppleWebKit/605.1.15 (KHTML, like Gecko) Version/13.0.3 Mobile/15E148 Safari/604.1"
149.28.73.26 - - [06/Jun/2026:02:39:55 +0200] "HEAD / HTTP/1.1" 200 0 "-" "downnotifier.com monitoring"
222.89.169.98 - - [06/Jun/2026:02:40:02 +0200] "POST /cgi-bin/.%2e/.%2e/.%2e/.%2e/.%2e/.%2e/.%2e/.%2e/.%2e/.%2e/bin/sh HTTP/1.1" 400 150 "-" "-"
222.89.169.98 - - [06/Jun/2026:02:40:05 +0200] "POST /cgi-bin/%%32%65%%32%65/%%32%65%%32%65/%%32%65%%32%65/%%32%65%%32%65/%%32%65%%32%65/%%32%65%%32%65/%%32%65%%32%65/bin/sh HTTP/1.1" 400 150 "-" "-"
222.89.169.98 - - [06/Jun/2026:02:40:08 +0200] "POST /hello.world?%ADd+allow_url_include%3d1+%ADd+auto_prepend_file%3dphp://input HTTP/1.1" 404 70795 "-" "libredtail-http"
75.119.139.177 - - [06/Jun/2026:02:40:19 +0200] "POST /wp-cron.php?doing_wp_cron=1780706418.9934968948364257812500 HTTP/1.1" 200 31 "-" "WordPress/7.0; https://myideas.pt"
85.241.150.53 - - [06/Jun/2026:02:40:19 +0200] "POST /AutoDiscover/autodiscover.xml HTTP/1.1" 404 13929 "-" "Microsoft Office PowerPoint/16.109.531 (Mac OS/26.5.1; Desktop; en-GB; NonAppStore; Apple/Mac16,6)"
75.119.139.177 - - [06/Jun/2026:02:43:27 +0200] "POST /wp-cron.php?doing_wp_cron=1780706607.0100560188293457031250 HTTP/1.1" 200 31 "-" "WordPress/7.0; https://myideas.pt"
209.141.61.179 - - [06/Jun/2026:02:43:27 +0200] "GET /wp-login.php HTTP/1.1" 200 6744 "-" "Mozilla/5.0 (Macintosh; Intel Mac OS X 10_9_2) AppleWebKit/537.74.9 (KHTML, like Gecko) Version/7.0.2 Safari/537.74.9"
185.38.148.2 - - [06/Jun/2026:02:43:47 +0200] "POST /cgi-bin/.%2e/.%2e/.%2e/.%2e/.%2e/.%2e/.%2e/.%2e/.%2e/.%2e/bin/sh HTTP/1.1" 400 150 "-" "-"
185.38.148.2 - - [06/Jun/2026:02:43:47 +0200] "POST /cgi-bin/%%32%65%%32%65/%%32%65%%32%65/%%32%65%%32%65/%%32%65%%32%65/%%32%65%%32%65/%%32%65%%32%65/%%32%65%%32%65/bin/sh HTTP/1.1" 400 150 "-" "-"
185.38.148.2 - - [06/Jun/2026:02:43:47 +0200] "POST /hello.world?%ADd+allow_url_include%3d1+%ADd+auto_prepend_file%3dphp://input HTTP/1.1" 404 70795 "-" "libredtail-http"
209.141.61.179 - - [06/Jun/2026:02:44:03 +0200] "POST /wp-login.php HTTP/1.1" 200 7171 "-" "Mozilla/5.0 (Macintosh; Intel Mac OS X 10_9_2) AppleWebKit/537.74.9 (KHTML, like Gecko) Version/7.0.2 Safari/537.74.9"
75.119.139.177 - - [06/Jun/2026:02:45:16 +0200] "POST /wp-cron.php?doing_wp_cron=1780706716.9104449748992919921875 HTTP/1.1" 200 31 "-" "WordPress/7.0; https://myideas.pt"
209.235.136.138 - - [06/Jun/2026:02:45:16 +0200] "GET /wp-login.php HTTP/1.1" 200 2256 "-" "Mozilla/5.0 (Macintosh; Intel Mac OS X 10_15_7) AppleWebKit/605.1.15 (KHTML, like Gecko) Version/18.3 Safari/605.1.15"
209.235.136.138 - - [06/Jun/2026:02:45:17 +0200] "POST /wp-login.php HTTP/1.1" 200 2387 "https://myideas.pt/wp-login.php" "Mozilla/5.0 (Macintosh; Intel Mac OS X 10_15_7) AppleWebKit/605.1.15 (KHTML, like Gecko) Version/18.3 Safari/605.1.15"
50.6.169.131 - - [06/Jun/2026:02:45:39 +0200] "POST /xmlrpc.php HTTP/1.1" 200 236 "-" "Mozilla/5.0 (X11; Ubuntu; Linux x86_64; rv:133.0) Gecko/20100101 Firefox/133.0"
5.189.189.33 - - [06/Jun/2026:02:45:59 +0200] "GET /wp-login.php HTTP/1.1" 200 2256 "-" "Mozilla/5.0 (Windows NT 10.0; Win64; x64) AppleWebKit/537.36 (KHTML, like Gecko) Chrome/120.0.0.0 Safari/537.36"
5.189.189.33 - - [06/Jun/2026:02:45:59 +0200] "POST /wp-login.php HTTP/1.1" 200 2387 "https://myideas.pt/wp-login.php" "Mozilla/5.0 (Windows NT 10.0; Win64; x64) AppleWebKit/537.36 (KHTML, like Gecko) Chrome/120.0.0.0 Safari/537.36"
51.68.111.213 - - [06/Jun/2026:02:46:15 +0200] "GET /robots.txt HTTP/1.1" 200 986 "-" "Mozilla/5.0 (compatible; MJ12bot/v2.0.5; http://mj12bot.com/)"
75.119.139.177 - - [06/Jun/2026:02:46:16 +0200] "POST /wp-cron.php?doing_wp_cron=1780706776.5256869792938232421875 HTTP/1.1" 200 31 "-" "WordPress/7.0; https://myideas.pt"
51.68.111.213 - - [06/Jun/2026:02:46:16 +0200] "GET / HTTP/1.1" 301 5 "-" "Mozilla/5.0 (compatible; MJ12bot/v2.0.5; http://mj12bot.com/)"
51.68.111.213 - - [06/Jun/2026:02:46:16 +0200] "GET /robots.txt HTTP/1.1" 200 986 "-" "Mozilla/5.0 (compatible; MJ12bot/v2.0.5; http://mj12bot.com/)"
51.68.111.213 - - [06/Jun/2026:02:46:16 +0200] "GET / HTTP/1.1" 200 23869 "-" "Mozilla/5.0 (compatible; MJ12bot/v2.0.5; http://mj12bot.com/)"
209.141.61.179 - - [06/Jun/2026:02:47:00 +0200] "GET /wp-login.php HTTP/1.1" 200 6744 "-" "Mozilla/5.0 (Windows NT 6.3; WOW64) AppleWebKit/537.36 (KHTML, like Gecko) Chrome/36.0.1985.143 Safari/537.36"
75.119.139.177 - - [06/Jun/2026:02:47:16 +0200] "POST /wp-cron.php?doing_wp_cron=1780706836.8099210262298583984375 HTTP/1.1" 200 31 "-" "WordPress/7.0; https://myideas.pt"
213.32.122.82 - - [06/Jun/2026:02:47:16 +0200] "GET / HTTP/1.1" 301 5 "-" "Mozilla/5.0 (Windows NT 6.1) AppleWebKit/537.36 (KHTML, like Gecko) Chrome/41.0.2228.0 Safari/537.36"
216.73.217.21 - - [06/Jun/2026:02:48:01 +0200] "GET /robots.txt HTTP/1.1" 200 986 "-" "Mozilla/5.0 AppleWebKit/537.36 (KHTML, like Gecko; compatible; ClaudeBot/1.0; +claudebot@anthropic.com)"
216.73.217.21 - - [06/Jun/2026:02:48:01 +0200] "GET /sitemap-hot-2270152.xml HTTP/1.1" 404 13928 "-" "Mozilla/5.0 AppleWebKit/537.36 (KHTML, like Gecko; compatible; ClaudeBot/1.0; +claudebot@anthropic.com)"
63.135.161.95 - - [06/Jun/2026:02:48:15 +0200] "POST /wp-login.php HTTP/1.1" 200 7153 "-" "Mozilla/5.0"
75.119.139.177 - - [06/Jun/2026:02:48:34 +0200] "POST /wp-cron.php?doing_wp_cron=1780706913.8717069625854492187500 HTTP/1.1" 499 0 "-" "WordPress/7.0; https://myideas.pt"
216.73.217.21 - - [06/Jun/2026:02:48:34 +0200] "GET /sitemap-hot-2288152.xml HTTP/1.1" 404 13930 "-" "Mozilla/5.0 AppleWebKit/537.36 (KHTML, like Gecko; compatible; ClaudeBot/1.0; +claudebot@anthropic.com)"
51.68.107.150 - - [06/Jun/2026:02:48:34 +0200] "GET /robots.txt HTTP/1.1" 200 986 "-" "Mozilla/5.0 (compatible; MJ12bot/v2.0.5; http://mj12bot.com/)"
51.68.107.150 - - [06/Jun/2026:02:48:35 +0200] "GET / HTTP/1.1" 200 23869 "-" "Mozilla/5.0 (compatible; MJ12bot/v2.0.5; http://mj12bot.com/)"
37.97.137.40 - - [06/Jun/2026:02:48:45 +0200] "HEAD / HTTP/1.1" 301 0 "-" "downnotifier.com monitoring"
37.97.137.40 - - [06/Jun/2026:02:48:46 +0200] "HEAD / HTTP/1.1" 200 0 "-" "downnotifier.com monitoring"
209.141.61.179 - - [06/Jun/2026:02:49:15 +0200] "POST /wp-login.php HTTP/1.1" 200 7137 "-" "Mozilla/5.0 (Windows NT 6.3; WOW64) AppleWebKit/537.36 (KHTML, like Gecko) Chrome/36.0.1985.143 Safari/537.36"
43.162.95.192 - - [06/Jun/2026:02:49:50 +0200] "GET /portfolio/bso-consulting-website/ HTTP/1.1" 200 18882 "-" "Mozilla/5.0 (iPhone; CPU iPhone OS 13_2_3 like Mac OS X) AppleWebKit/605.1.15 (KHTML, like Gecko) Version/13.0.3 Mobile/15E148 Safari/604.1"
75.119.139.177 - - [06/Jun/2026:02:49:55 +0200] "POST /wp-cron.php?doing_wp_cron=1780706995.6834020614624023437500 HTTP/1.1" 200 31 "-" "WordPress/7.0; https://myideas.pt"
108.61.201.55 - - [06/Jun/2026:02:49:55 +0200] "HEAD / HTTP/1.1" 200 0 "-" "downnotifier.com monitoring"
75.119.139.177 - - [06/Jun/2026:02:51:35 +0200] "POST /wp-cron.php?doing_wp_cron=1780707094.9909710884094238281250 HTTP/1.1" 200 31 "-" "WordPress/7.0; https://myideas.pt"
205.185.124.118 - - [06/Jun/2026:02:51:35 +0200] "GET /wp-login.php HTTP/1.1" 200 6744 "-" "Mozilla/5.0 (iPhone; CPU iPhone OS 7_0_4 like Mac OS X) AppleWebKit/537.51.1 (KHTML, like Gecko) Version/7.0 Mobile/11B554a Safari/9537.53"
75.119.139.177 - - [06/Jun/2026:02:52:18 +0200] "POST /wp-cron.php?doing_wp_cron=1780707138.0341839790344238281250 HTTP/1.1" 200 31 "-" "WordPress/7.0; https://myideas.pt"
216.73.217.21 - - [06/Jun/2026:02:52:18 +0200] "GET /sitemap-hot-2282152.xml HTTP/1.1" 404 13930 "-" "Mozilla/5.0 AppleWebKit/537.36 (KHTML, like Gecko; compatible; ClaudeBot/1.0; +claudebot@anthropic.com)"
205.185.124.118 - - [06/Jun/2026:02:52:33 +0200] "POST /wp-login.php HTTP/1.1" 200 7136 "-" "Mozilla/5.0 (iPhone; CPU iPhone OS 7_0_4 like Mac OS X) AppleWebKit/537.51.1 (KHTML, like Gecko) Version/7.0 Mobile/11B554a Safari/9537.53"
216.73.217.21 - - [06/Jun/2026:02:53:06 +0200] "GET /sitemap-hot-2266152.xml HTTP/1.1" 404 13930 "-" "Mozilla/5.0 AppleWebKit/537.36 (KHTML, like Gecko; compatible; ClaudeBot/1.0; +claudebot@anthropic.com)"
66.132.172.198 - - [06/Jun/2026:02:53:23 +0200] "GET / HTTP/1.1" 400 150 "-" "Mozilla/5.0 (compatible; CensysInspect/1.1; +https://about.censys.io/)"
66.132.172.198 - - [06/Jun/2026:02:53:27 +0200] "PRI * HTTP/2.0" 400 150 "-" "-"
75.119.139.177 - - [06/Jun/2026:02:53:32 +0200] "POST /wp-cron.php?doing_wp_cron=1780707212.1680629253387451171875 HTTP/1.1" 200 31 "-" "WordPress/7.0; https://myideas.pt"
216.73.217.21 - - [06/Jun/2026:02:53:32 +0200] "GET /sitemapindex.xml HTTP/1.1" 404 13921 "-" "Mozilla/5.0 AppleWebKit/537.36 (KHTML, like Gecko; compatible; ClaudeBot/1.0; +claudebot@anthropic.com)"
75.119.139.177 - - [06/Jun/2026:02:55:12 +0200] "POST /wp-cron.php?doing_wp_cron=1780707312.1023569107055664062500 HTTP/1.1" 200 31 "-" "WordPress/7.0; https://myideas.pt"
66.132.172.198 - - [06/Jun/2026:02:55:12 +0200] "GET /sitemap.xml HTTP/1.1" 404 13625 "-" "Mozilla/5.0 (compatible; CensysInspect/1.1; +https://about.censys.io/)"
75.119.139.177 - - [06/Jun/2026:02:55:29 +0200] "POST /wp-cron.php?doing_wp_cron=1780707329.0827410221099853515625 HTTP/1.1" 200 31 "-" "WordPress/7.0; https://myideas.pt"
216.73.217.21 - - [06/Jun/2026:02:55:29 +0200] "GET /sitemap-hot-2294152.xml HTTP/1.1" 404 13928 "-" "Mozilla/5.0 AppleWebKit/537.36 (KHTML, like Gecko; compatible; ClaudeBot/1.0; +claudebot@anthropic.com)"
111.225.148.67 - - [06/Jun/2026:02:55:44 +0200] "GET /robots.txt HTTP/1.1" 200 986 "-" "Mozilla/5.0 (Linux; Android 5.0) AppleWebKit/537.36 (KHTML, like Gecko) Mobile Safari/537.36 (compatible; Bytespider; https://zhanzhang.toutiao.com/)"
77.68.83.86 - - [06/Jun/2026:02:56:24 +0200] "GET /images/images/cache.php HTTP/1.1" 404 140 "-" "Mozilla/5.0 (Windows NT 10.0; Win64; x64) AppleWebKit/537.36 (KHTML, like Gecko) Chrome/121.0.6167.85 Safari/537.36"
77.68.83.86 - - [06/Jun/2026:02:56:24 +0200] "GET /images/images/cache.php?p= HTTP/1.1" 404 1561 "-" "Mozilla/5.0 (Windows NT 10.0; Win64; x64; rv:119.0.1) Gecko/20100101 Firefox/119.0.1"
77.68.83.86 - - [06/Jun/2026:02:56:24 +0200] "GET /images/images/cache.php HTTP/1.1" 404 947 "-" "Mozilla/5.0 (X11; Linux x86_64) AppleWebKit/537.36 (KHTML, like Gecko) Chrome/120.0.6099.130 Safari/537.36"
77.68.83.86 - - [06/Jun/2026:02:56:24 +0200] "GET /images/images/cache.php?q=%E0%A6%95var%E0%A6%95www%E0%A6%95myideas HTTP/1.1" 404 896 "-" "Mozilla/5.0 (Macintosh; Intel Mac OS X 10_15_7) AppleWebKit/537.36 (KHTML, like Gecko) Chrome/121.0.6167.85 Safari/537.36"
77.68.83.86 - - [06/Jun/2026:02:56:24 +0200] "GET /memberfuns.php HTTP/1.1" 404 47 "-" "Mozilla/5.0 (Windows NT 10.0; Win64; x64; rv:122.0) Gecko/20100101 Firefox/122.0"
77.68.83.86 - - [06/Jun/2026:02:56:24 +0200] "GET /images/images/memberfuns.php HTTP/1.1" 404 47 "-" "Mozilla/5.0 (X11; Linux x86_64) AppleWebKit/537.36 (KHTML, like Gecko) Chrome/122.0.6261.57 Safari/537.36"
77.68.83.86 - - [06/Jun/2026:02:56:28 +0200] "GET /images/images/cache.php HTTP/1.1" 404 140 "-" "Mozilla/5.0 (Macintosh; Intel Mac OS X 10_15_7) AppleWebKit/537.36 (KHTML, like Gecko) Chrome/120.0.6099.130 Safari/537.36"
77.68.83.86 - - [06/Jun/2026:02:56:28 +0200] "POST /images/images/cache.php?p= HTTP/1.1" 404 1561 "-" "Mozilla/5.0 (X11; Ubuntu; Linux x86_64; rv:121.0) Gecko/20100101 Firefox/121.0"
77.68.83.86 - - [06/Jun/2026:02:56:28 +0200] "GET /images/images/cache.php HTTP/1.1" 404 947 "-" "Mozilla/5.0 (X11; Ubuntu; Linux x86_64; rv:121.0) Gecko/20100101 Firefox/121.0"
77.68.83.86 - - [06/Jun/2026:02:56:28 +0200] "POST /images/images/cache.php?q=%E0%A6%95var%E0%A6%95www%E0%A6%95myideas HTTP/1.1" 404 933 "-" "Mozilla/5.0 (Windows NT 10.0; Win64; x64; rv:121.0) Gecko/20100101 Firefox/121.0"
77.68.83.86 - - [06/Jun/2026:02:56:28 +0200] "GET /memberfuns.php HTTP/1.1" 404 47 "-" "Mozilla/5.0 (X11; Ubuntu; Linux x86_64; rv:122.0) Gecko/20100101 Firefox/122.0"
77.68.83.86 - - [06/Jun/2026:02:56:28 +0200] "GET /images/images/memberfuns.php HTTP/1.1" 404 47 "-" "Mozilla/5.0 (Windows NT 10.0; Win64; x64; rv:121.0) Gecko/20100101 Firefox/121.0"
77.68.83.86 - - [06/Jun/2026:02:57:02 +0200] "GET /images/images/cache.php HTTP/1.1" 404 140 "-" "Mozilla/5.0 (Windows NT 10.0; Win64; x64) AppleWebKit/537.36 (KHTML, like Gecko) Chrome/121.0.0.0 Safari/537.36 Edg/121.0.2277.83"
77.68.83.86 - - [06/Jun/2026:02:57:02 +0200] "GET /images/images/cache.php?p= HTTP/1.1" 404 1561 "-" "Mozilla/5.0 (X11; Linux x86_64) AppleWebKit/537.36 (KHTML, like Gecko) Chrome/120.0.6099.130 Safari/537.36"
77.68.83.86 - - [06/Jun/2026:02:57:02 +0200] "GET /images/images/cache.php HTTP/1.1" 404 947 "-" "Mozilla/5.0 (Windows NT 10.0; Win64; x64) AppleWebKit/537.36 (KHTML, like Gecko) Chrome/121.0.0.0 Safari/537.36 Edg/121.0.2277.83"
77.68.83.86 - - [06/Jun/2026:02:57:02 +0200] "GET /images/images/cache.php?q=%E0%A6%95var%E0%A6%95www%E0%A6%95myideas HTTP/1.1" 404 896 "-" "Mozilla/5.0 (Windows NT 10.0; Win64; x64) AppleWebKit/537.36 (KHTML, like Gecko) Chrome/121.0.0.0 Safari/537.36 Edg/121.0.2277.83"
77.68.83.86 - - [06/Jun/2026:02:57:02 +0200] "GET /memberfuns.php HTTP/1.1" 404 47 "-" "Mozilla/5.0 (X11; Linux x86_64) AppleWebKit/537.36 (KHTML, like Gecko) Chrome/121.0.6167.85 Safari/537.36"
77.68.83.86 - - [06/Jun/2026:02:57:02 +0200] "GET /images/images/memberfuns.php HTTP/1.1" 404 47 "-" "Mozilla/5.0 (Windows NT 10.0; Win64; x64) AppleWebKit/537.36 (KHTML, like Gecko) Chrome/120.0.0.0 Safari/537.36 Edg/120.0.2210.133"
77.68.83.86 - - [06/Jun/2026:02:57:06 +0200] "GET /images/images/cache.php HTTP/1.1" 404 140 "-" "Mozilla/5.0 (X11; Linux x86_64) AppleWebKit/537.36 (KHTML, like Gecko) Chrome/121.0.6167.85 Safari/537.36"
77.68.83.86 - - [06/Jun/2026:02:57:06 +0200] "POST /images/images/cache.php?p= HTTP/1.1" 404 1561 "-" "Mozilla/5.0 (X11; Ubuntu; Linux x86_64; rv:121.0) Gecko/20100101 Firefox/121.0"
77.68.83.86 - - [06/Jun/2026:02:57:06 +0200] "GET /images/images/cache.php HTTP/1.1" 404 947 "-" "Mozilla/5.0 (Windows NT 10.0; Win64; x64) AppleWebKit/537.36 (KHTML, like Gecko) Chrome/121.0.6167.85 Safari/537.36"
77.68.83.86 - - [06/Jun/2026:02:57:06 +0200] "POST /images/images/cache.php?q=%E0%A6%95var%E0%A6%95www%E0%A6%95myideas HTTP/1.1" 404 933 "-" "Mozilla/5.0 (Windows NT 10.0; Win64; x64) AppleWebKit/537.36 (KHTML, like Gecko) Chrome/121.0.6167.85 Safari/537.36"
77.68.83.86 - - [06/Jun/2026:02:57:06 +0200] "GET /memberfuns.php HTTP/1.1" 404 47 "-" "Mozilla/5.0 (Windows NT 10.0; Win64; x64; rv:119.0.1) Gecko/20100101 Firefox/119.0.1"
77.68.83.86 - - [06/Jun/2026:02:57:06 +0200] "GET /images/images/memberfuns.php HTTP/1.1" 404 47 "-" "Mozilla/5.0 (Windows NT 10.0; Win64; x64; rv:122.0) Gecko/20100101 Firefox/122.0"
75.119.139.177 - - [06/Jun/2026:02:57:10 +0200] "POST /wp-cron.php?doing_wp_cron=1780707429.6642990112304687500000 HTTP/1.1" 200 31 "-" "WordPress/7.0; https://myideas.pt"
216.73.217.21 - - [06/Jun/2026:02:57:10 +0200] "GET /sitemap-hot-2292152.xml HTTP/1.1" 404 13928 "-" "Mozilla/5.0 AppleWebKit/537.36 (KHTML, like Gecko; compatible; ClaudeBot/1.0; +claudebot@anthropic.com)"
75.119.139.177 - - [06/Jun/2026:02:57:32 +0200] "POST /wp-cron.php?doing_wp_cron=1780707452.7580149173736572265625 HTTP/1.1" 200 31 "-" "WordPress/7.0; https://myideas.pt"
216.73.217.21 - - [06/Jun/2026:02:57:32 +0200] "GET /sitemap-hot-2276152.xml HTTP/1.1" 404 13930 "-" "Mozilla/5.0 AppleWebKit/537.36 (KHTML, like Gecko; compatible; ClaudeBot/1.0; +claudebot@anthropic.com)"
43.156.156.96 - - [06/Jun/2026:02:58:07 +0200] "GET /wp-json/oembed/1.0/embed?url=https%3A%2F%2Fmyideas.pt%2Fportfolio%2Fbso-consulting-website%2F&format=xml&lang=en HTTP/1.1" 200 1211 "-" "Mozilla/5.0 (iPhone; CPU iPhone OS 13_2_3 like Mac OS X) AppleWebKit/605.1.15 (KHTML, like Gecko) Version/13.0.3 Mobile/15E148 Safari/604.1"
75.119.139.177 - - [06/Jun/2026:02:58:45 +0200] "POST /wp-cron.php?doing_wp_cron=1780707525.3334889411926269531250 HTTP/1.1" 200 31 "-" "WordPress/7.0; https://myideas.pt"
206.189.127.129 - - [06/Jun/2026:02:58:45 +0200] "HEAD / HTTP/1.1" 301 0 "-" "downnotifier.com monitoring"
206.189.127.129 - - [06/Jun/2026:02:58:46 +0200] "HEAD / HTTP/1.1" 200 0 "-" "downnotifier.com monitoring"
75.119.139.177 - - [06/Jun/2026:02:59:54 +0200] "POST /wp-cron.php?doing_wp_cron=1780707594.8631520271301269531250 HTTP/1.1" 200 31 "-" "WordPress/7.0; https://myideas.pt"
37.97.137.40 - - [06/Jun/2026:02:59:54 +0200] "HEAD / HTTP/1.1" 200 0 "-" "downnotifier.com monitoring"
77.68.83.86 - - [06/Jun/2026:03:00:52 +0200] "GET /images/images/cache.php HTTP/1.1" 404 140 "-" "Mozilla/5.0 (X11; Ubuntu; Linux x86_64; rv:119.0.1) Gecko/20100101 Firefox/119.0.1"
77.68.83.86 - - [06/Jun/2026:03:00:52 +0200] "POST /images/images/cache.php?p= HTTP/1.1" 404 1561 "-" "Mozilla/5.0 (Macintosh; Intel Mac OS X 10_15_7) AppleWebKit/537.36 (KHTML, like Gecko) Chrome/121.0.6167.85 Safari/537.36"
77.68.83.86 - - [06/Jun/2026:03:00:52 +0200] "GET /images/images/cache.php HTTP/1.1" 404 947 "-" "Mozilla/5.0 (Windows NT 10.0; Win64; x64) AppleWebKit/537.36 (KHTML, like Gecko) Chrome/120.0.0.0 Safari/537.36 Edg/120.0.2210.133"
77.68.83.86 - - [06/Jun/2026:03:00:52 +0200] "POST /images/images/cache.php?q=%E0%A6%95var%E0%A6%95www%E0%A6%95myideas HTTP/1.1" 404 933 "-" "Mozilla/5.0 (Windows NT 10.0; Win64; x64) AppleWebKit/537.36 (KHTML, like Gecko) Chrome/120.0.0.0 Safari/537.36 Edg/120.0.2210.133"
77.68.83.86 - - [06/Jun/2026:03:00:52 +0200] "GET /memberfuns.php HTTP/1.1" 404 47 "-" "Mozilla/5.0 (X11; Linux x86_64) AppleWebKit/537.36 (KHTML, like Gecko) Chrome/121.0.6167.85 Safari/537.36"
77.68.83.86 - - [06/Jun/2026:03:00:52 +0200] "GET /images/images/memberfuns.php HTTP/1.1" 404 47 "-" "Mozilla/5.0 (Windows NT 10.0; Win64; x64) AppleWebKit/537.36 (KHTML, like Gecko) Chrome/120.0.0.0 Safari/537.36 Edg/120.0.2210.133"
75.119.139.177 - - [06/Jun/2026:03:01:20 +0200] "POST /wp-cron.php?doing_wp_cron=1780707680.6886138916015625000000 HTTP/1.1" 200 31 "-" "WordPress/7.0; https://myideas.pt"
103.42.5.132 - - [06/Jun/2026:03:01:20 +0200] "GET /wp-login.php HTTP/1.1" 200 2256 "-" "Mozilla/5.0 (X11; Linux i686) AppleWebKit/537.36 (KHTML, like Gecko) Chrome/133.0.0.0 Safari/537.36"
103.42.5.132 - - [06/Jun/2026:03:01:21 +0200] "POST /wp-login.php HTTP/1.1" 200 2387 "https://www.myideas.pt/wp-login.php" "Mozilla/5.0 (X11; Linux i686) AppleWebKit/537.36 (KHTML, like Gecko) Chrome/133.0.0.0 Safari/537.36"
75.119.139.177 - - [06/Jun/2026:03:04:59 +0200] "POST /wp-cron.php?doing_wp_cron=1780707899.1967189311981201171875 HTTP/1.1" 200 31 "-" "WordPress/7.0; https://myideas.pt"
216.73.217.21 - - [06/Jun/2026:03:04:59 +0200] "GET /sitemap-hot-2296152.xml HTTP/1.1" 404 13930 "-" "Mozilla/5.0 AppleWebKit/537.36 (KHTML, like Gecko; compatible; ClaudeBot/1.0; +claudebot@anthropic.com)"
75.119.139.177 - - [06/Jun/2026:03:05:55 +0200] "POST /wp-cron.php?doing_wp_cron=1780707955.8875479698181152343750 HTTP/1.1" 200 31 "-" "WordPress/7.0; https://myideas.pt"
216.73.217.21 - - [06/Jun/2026:03:05:55 +0200] "GET /sitemap-hot-2268152.xml HTTP/1.1" 404 13930 "-" "Mozilla/5.0 AppleWebKit/537.36 (KHTML, like Gecko; compatible; ClaudeBot/1.0; +claudebot@anthropic.com)"
216.73.217.21 - - [06/Jun/2026:03:05:59 +0200] "GET /sitemap-hot-2286152.xml HTTP/1.1" 404 13930 "-" "Mozilla/5.0 AppleWebKit/537.36 (KHTML, like Gecko; compatible; ClaudeBot/1.0; +claudebot@anthropic.com)"
216.73.217.21 - - [06/Jun/2026:03:06:01 +0200] "GET /sitemap-hot-2278152.xml HTTP/1.1" 404 13930 "-" "Mozilla/5.0 AppleWebKit/537.36 (KHTML, like Gecko; compatible; ClaudeBot/1.0; +claudebot@anthropic.com)"
44.234.125.113 - - [06/Jun/2026:03:06:05 +0200] "GET / HTTP/1.1" 200 24292 "-" "Mozilla/5.0 (Macintosh; Intel Mac OS X 10_15_7) AppleWebKit/537.36 (KHTML, like Gecko) Chrome/131.0.0.0 Safari/537.36"
40.77.167.93 - - [06/Jun/2026:03:06:07 +0200] "GET /robots.txt HTTP/1.1" 200 986 "-" "Mozilla/5.0 AppleWebKit/537.36 (KHTML, like Gecko; compatible; bingbot/2.0; +http://www.bing.com/bingbot.htm) Chrome/116.0.1938.76 Safari/537.36"
216.73.217.21 - - [06/Jun/2026:03:06:09 +0200] "GET /sitemap-hot-2284152.xml HTTP/1.1" 404 13930 "-" "Mozilla/5.0 AppleWebKit/537.36 (KHTML, like Gecko; compatible; ClaudeBot/1.0; +claudebot@anthropic.com)"
75.119.139.177 - - [06/Jun/2026:03:07:11 +0200] "POST /wp-cron.php?doing_wp_cron=1780708031.2626440525054931640625 HTTP/1.1" 200 31 "-" "WordPress/7.0; https://myideas.pt"
216.73.217.21 - - [06/Jun/2026:03:07:11 +0200] "GET /sitemap-hot-2272152.xml HTTP/1.1" 404 13928 "-" "Mozilla/5.0 AppleWebKit/537.36 (KHTML, like Gecko; compatible; ClaudeBot/1.0; +claudebot@anthropic.com)"
75.119.139.177 - - [06/Jun/2026:03:07:59 +0200] "POST /wp-cron.php?doing_wp_cron=1780708079.5475449562072753906250 HTTP/1.1" 200 31 "-" "WordPress/7.0; https://myideas.pt"
43.156.232.190 - - [06/Jun/2026:03:07:59 +0200] "GET /marketing-should-feel-like-leadership-not-pressure/ HTTP/1.1" 200 20534 "-" "Mozilla/5.0 (iPhone; CPU iPhone OS 13_2_3 like Mac OS X) AppleWebKit/605.1.15 (KHTML, like Gecko) Version/13.0.3 Mobile/15E148 Safari/604.1"
216.73.217.21 - - [06/Jun/2026:03:08:11 +0200] "GET /sitemap-hot-2274152.xml HTTP/1.1" 404 13928 "-" "Mozilla/5.0 AppleWebKit/537.36 (KHTML, like Gecko; compatible; ClaudeBot/1.0; +claudebot@anthropic.com)"
216.73.217.21 - - [06/Jun/2026:03:08:13 +0200] "GET /sitemap.xml HTTP/1.1" 301 5 "-" "Mozilla/5.0 AppleWebKit/537.36 (KHTML, like Gecko; compatible; ClaudeBot/1.0; +claudebot@anthropic.com)"
216.73.217.21 - - [06/Jun/2026:03:08:14 +0200] "GET /sitemap_index.xml HTTP/1.1" 200 348 "https://myideas.pt/sitemap.xml" "Mozilla/5.0 AppleWebKit/537.36 (KHTML, like Gecko; compatible; ClaudeBot/1.0; +claudebot@anthropic.com)"
75.119.139.177 - - [06/Jun/2026:03:08:26 +0200] "POST /wp-cron.php?doing_wp_cron=1780708106.0525319576263427734375 HTTP/1.1" 200 31 "-" "WordPress/7.0; https://myideas.pt"
162.240.228.207 - - [06/Jun/2026:03:08:26 +0200] "POST /xmlrpc.php HTTP/1.1" 200 236 "-" "Mozilla/5.0 (X11; Linux x86_64; rv:133.0) Gecko/20100101 Firefox/133.0"
103.50.205.131 - - [06/Jun/2026:03:08:45 +0200] "GET /wp-login.php HTTP/1.1" 200 2256 "-" "Mozilla/5.0 (Windows NT 10.0; Win64; x64; rv:133.0) Gecko/20100101 Firefox/133.0"
37.97.137.40 - - [06/Jun/2026:03:08:46 +0200] "HEAD / HTTP/1.1" 301 0 "-" "downnotifier.com monitoring"
103.50.205.131 - - [06/Jun/2026:03:08:46 +0200] "POST /wp-login.php HTTP/1.1" 200 2387 "https://myideas.pt/wp-login.php" "Mozilla/5.0 (Windows NT 10.0; Win64; x64; rv:133.0) Gecko/20100101 Firefox/133.0"
37.97.137.40 - - [06/Jun/2026:03:08:47 +0200] "HEAD / HTTP/1.1" 200 0 "-" "downnotifier.com monitoring"
75.119.139.177 - - [06/Jun/2026:03:09:30 +0200] "POST /wp-cron.php?doing_wp_cron=1780708170.0192749500274658203125 HTTP/1.1" 200 31 "-" "WordPress/7.0; https://myideas.pt"
207.46.13.107 - - [06/Jun/2026:03:09:30 +0200] "GET /error HTTP/1.1" 301 5 "-" "Mozilla/5.0 AppleWebKit/537.36 (KHTML, like Gecko; compatible; bingbot/2.0; +http://www.bing.com/bingbot.htm) Chrome/116.0.1938.76 Safari/537.36"
104.236.216.73 - - [06/Jun/2026:03:09:59 +0200] "HEAD / HTTP/1.1" 200 0 "-" "downnotifier.com monitoring"
75.119.139.177 - - [06/Jun/2026:03:10:16 +0200] "POST /wp-cron.php?doing_wp_cron=1780708216.7613039016723632812500 HTTP/1.1" 200 31 "-" "WordPress/7.0; https://myideas.pt"
123.30.233.12 - - [06/Jun/2026:03:10:16 +0200] "POST /xmlrpc.php HTTP/1.1" 200 236 "-" "Mozilla/5.0 (X11; Linux i686) AppleWebKit/537.36 (KHTML, like Gecko) Chrome/133.0.0.0 Safari/537.36"
75.119.139.177 - - [06/Jun/2026:03:11:22 +0200] "POST /wp-cron.php?doing_wp_cron=1780708282.3753080368041992187500 HTTP/1.1" 200 31 "-" "WordPress/7.0; https://myideas.pt"
216.73.217.21 - - [06/Jun/2026:03:11:22 +0200] "GET /sitemap-hot-2290152.xml HTTP/1.1" 404 13928 "-" "Mozilla/5.0 AppleWebKit/537.36 (KHTML, like Gecko; compatible; ClaudeBot/1.0; +claudebot@anthropic.com)"
205.185.127.250 - - [06/Jun/2026:03:11:45 +0200] "GET /wp-login.php HTTP/1.1" 200 6744 "-" "Mozilla/5.0 (X11; Linux i686) AppleWebKit/537.36 (KHTML, like Gecko) Chrome/36.0.1985.125 Safari/537.36"
205.185.127.250 - - [06/Jun/2026:03:12:01 +0200] "POST /wp-login.php HTTP/1.1" 200 7136 "-" "Mozilla/5.0 (X11; Linux i686) AppleWebKit/537.36 (KHTML, like Gecko) Chrome/36.0.1985.125 Safari/537.36"
209.141.36.175 - - [06/Jun/2026:03:12:02 +0200] "GET /wp-login.php HTTP/1.1" 200 6744 "-" "Mozilla/5.0 (X11; Ubuntu; Linux x86_64; rv:30.0) Gecko/20100101 Firefox/30.0"
75.119.139.177 - - [06/Jun/2026:03:12:47 +0200] "POST /wp-cron.php?doing_wp_cron=1780708367.2692809104919433593750 HTTP/1.1" 200 31 "-" "WordPress/7.0; https://myideas.pt"
209.141.36.175 - - [06/Jun/2026:03:12:47 +0200] "POST /wp-login.php HTTP/1.1" 200 7137 "-" "Mozilla/5.0 (X11; Ubuntu; Linux x86_64; rv:30.0) Gecko/20100101 Firefox/30.0"
209.141.44.244 - - [06/Jun/2026:03:12:59 +0200] "GET /wp-login.php HTTP/1.1" 200 6744 "-" "Mozilla/5.0 (Windows NT 6.1; rv:30.0) Gecko/20100101 Firefox/30.0"
75.119.139.177 - - [06/Jun/2026:03:14:08 +0200] "POST /wp-cron.php?doing_wp_cron=1780708448.1503129005432128906250 HTTP/1.1" 200 31 "-" "WordPress/7.0; https://myideas.pt"
216.73.217.21 - - [06/Jun/2026:03:14:08 +0200] "GET /sitemap-hot-2280152.xml HTTP/1.1" 404 13930 "-" "Mozilla/5.0 AppleWebKit/537.36 (KHTML, like Gecko; compatible; ClaudeBot/1.0; +claudebot@anthropic.com)"
75.119.139.177 - - [06/Jun/2026:03:14:23 +0200] "POST /wp-cron.php?doing_wp_cron=1780708463.4021699428558349609375 HTTP/1.1" 200 31 "-" "WordPress/7.0; https://myideas.pt"
209.141.60.58 - - [06/Jun/2026:03:14:23 +0200] "GET /wp-login.php HTTP/1.1" 200 6744 "-" "Mozilla/5.0 (compatible; MSIE 10.0; Windows NT 6.1; WOW64; Trident/6.0)"
216.73.217.21 - - [06/Jun/2026:03:14:34 +0200] "GET /sitemapmobileindex.xml HTTP/1.1" 404 13923 "-" "Mozilla/5.0 AppleWebKit/537.36 (KHTML, like Gecko; compatible; ClaudeBot/1.0; +claudebot@anthropic.com)"
209.141.60.58 - - [06/Jun/2026:03:14:52 +0200] "POST /wp-login.php HTTP/1.1" 200 7138 "-" "Mozilla/5.0 (compatible; MSIE 10.0; Windows NT 6.1; WOW64; Trident/6.0)"
75.119.139.177 - - [06/Jun/2026:03:16:35 +0200] "POST /wp-cron.php?doing_wp_cron=1780708594.9745628833770751953125 HTTP/1.1" 200 31 "-" "WordPress/7.0; https://myideas.pt"
209.141.44.244 - - [06/Jun/2026:03:16:35 +0200] "POST /wp-login.php HTTP/1.1" 200 7134 "-" "Mozilla/5.0 (Windows NT 6.1; rv:30.0) Gecko/20100101 Firefox/30.0"
43.161.251.162 - - [06/Jun/2026:03:18:36 +0200] "GET /embed/ HTTP/1.1" 200 17104 "-" "Mozilla/5.0 (iPhone; CPU iPhone OS 13_2_3 like Mac OS X) AppleWebKit/605.1.15 (KHTML, like Gecko) Version/13.0.3 Mobile/15E148 Safari/604.1"
75.119.139.177 - - [06/Jun/2026:03:18:45 +0200] "POST /wp-cron.php?doing_wp_cron=1780708725.7288599014282226562500 HTTP/1.1" 200 31 "-" "WordPress/7.0; https://myideas.pt"
206.189.127.129 - - [06/Jun/2026:03:18:45 +0200] "HEAD / HTTP/1.1" 301 0 "-" "downnotifier.com monitoring"
206.189.127.129 - - [06/Jun/2026:03:18:46 +0200] "HEAD / HTTP/1.1" 200 0 "-" "downnotifier.com monitoring"
75.119.139.177 - - [06/Jun/2026:03:19:57 +0200] "POST /wp-cron.php?doing_wp_cron=1780708797.8566439151763916015625 HTTP/1.1" 200 31 "-" "WordPress/7.0; https://myideas.pt"
206.189.127.129 - - [06/Jun/2026:03:19:57 +0200] "HEAD / HTTP/1.1" 200 0 "-" "downnotifier.com monitoring"
75.119.139.177 - - [06/Jun/2026:03:20:26 +0200] "POST /wp-cron.php?doing_wp_cron=1780708826.8131549358367919921875 HTTP/1.1" 200 31 "-" "WordPress/7.0; https://myideas.pt"
185.167.90.252 - MyIdeas [06/Jun/2026:03:20:26 +0200] "GET /wp-json/wp/v2/users/me HTTP/1.1" 401 109 "-" "Mozilla/5.0 (X11; Fedora; Linux x86_64) AppleWebKit/537.36 (KHTML, like Gecko) Chrome/133.0.0.0 Safari/537.36"
72.167.50.103 - - [06/Jun/2026:03:20:33 +0200] "POST /xmlrpc.php HTTP/1.1" 200 236 "-" "Mozilla/5.0 (X11; Linux x86_64; rv:133.0) Gecko/20100101 Firefox/133.0"
75.119.139.177 - - [06/Jun/2026:03:24:40 +0200] "POST /wp-cron.php?doing_wp_cron=1780709080.7143080234527587890625 HTTP/1.1" 200 31 "-" "WordPress/7.0; https://myideas.pt"
64.31.25.250 - - [06/Jun/2026:03:24:40 +0200] "GET /wp-login.php HTTP/1.1" 200 2256 "-" "Mozilla/5.0 (X11; Ubuntu; Linux x86_64; rv:133.0) Gecko/20100101 Firefox/133.0"
64.31.25.250 - - [06/Jun/2026:03:24:41 +0200] "POST /wp-login.php HTTP/1.1" 200 2387 "https://www.myideas.pt/wp-login.php" "Mozilla/5.0 (X11; Ubuntu; Linux x86_64; rv:133.0) Gecko/20100101 Firefox/133.0"
75.119.139.177 - - [06/Jun/2026:03:28:45 +0200] "POST /wp-cron.php?doing_wp_cron=1780709325.6564970016479492187500 HTTP/1.1" 200 31 "-" "WordPress/7.0; https://myideas.pt"
37.97.137.40 - - [06/Jun/2026:03:28:45 +0200] "HEAD / HTTP/1.1" 301 0 "-" "downnotifier.com monitoring"
37.97.137.40 - - [06/Jun/2026:03:28:46 +0200] "HEAD / HTTP/1.1" 200 0 "-" "downnotifier.com monitoring"
75.119.139.177 - - [06/Jun/2026:03:29:16 +0200] "POST /wp-cron.php?doing_wp_cron=1780709356.9120509624481201171875 HTTP/1.1" 200 31 "-" "WordPress/7.0; https://myideas.pt"
43.164.0.21 - - [06/Jun/2026:03:29:16 +0200] "GET /wp-json/wp/v2/posts/4127 HTTP/1.1" 200 3021 "-" "Mozilla/5.0 (iPhone; CPU iPhone OS 13_2_3 like Mac OS X) AppleWebKit/605.1.15 (KHTML, like Gecko) Version/13.0.3 Mobile/15E148 Safari/604.1"
144.217.254.10 - - [06/Jun/2026:03:29:30 +0200] "GET /wp-login.php HTTP/1.1" 200 2256 "-" "Mozilla/5.0 (Windows NT 10.0; Win64; x64) AppleWebKit/537.36 (KHTML, like Gecko) Chrome/120.0.0.0 Safari/537.36"
144.217.254.10 - - [06/Jun/2026:03:29:31 +0200] "POST /wp-login.php HTTP/1.1" 200 2387 "https://www.myideas.pt/wp-login.php" "Mozilla/5.0 (Windows NT 10.0; Win64; x64) AppleWebKit/537.36 (KHTML, like Gecko) Chrome/120.0.0.0 Safari/537.36"
104.236.216.73 - - [06/Jun/2026:03:29:56 +0200] "HEAD / HTTP/1.1" 200 0 "-" "downnotifier.com monitoring"
152.32.189.121 - - [06/Jun/2026:03:30:13 +0200] "{\x22method\x22:\x22login\x22,\x22params\x22:{\x22login\x22:\x2245JymPWP1DeQxxMZNJv9w2bTQ2WJDAmw18wUSryDQa3RPrympJPoUSVcFEDv3bhiMJGWaCD4a3KrFCorJHCMqXJUKApSKDV\x22,\x22pass\x22:\x22xxoo\x22,\x22agent\x22:\x22xmr-stak-cpu/1.3.0-1.5.0\x22},\x22id\x22:1}" 400 150 "-" "-"
75.119.139.177 - - [06/Jun/2026:03:30:18 +0200] "POST /wp-cron.php?doing_wp_cron=1780709418.4319479465484619140625 HTTP/1.1" 200 31 "-" "WordPress/7.0; https://myideas.pt"
104.234.53.236 - - [06/Jun/2026:03:30:18 +0200] "POST /wp-login.php HTTP/1.1" 200 7153 "-" "Mozilla/5.0"
3.232.102.111 - - [06/Jun/2026:03:36:02 +0200] "GET /branding/ HTTP/1.1" 200 15311 "-" "Mozilla/5.0 AppleWebKit/537.36 (KHTML, like Gecko; compatible; Amazonbot/0.1; +https://developer.amazon.com/support/amazonbot) Chrome/119.0.6045.214 Safari/537.36"
