75.119.139.177 - - [06/Jun/2026:03:36:03 +0200] "POST /wp-cron.php?doing_wp_cron=1780709762.7325720787048339843750 HTTP/1.1" 200 31 "-" "WordPress/7.0; https://myideas.pt"
72.167.50.103 - - [06/Jun/2026:03:36:03 +0200] "POST /xmlrpc.php HTTP/1.1" 200 236 "-" "Mozilla/5.0 (Macintosh; Intel Mac OS X 14_7_4) AppleWebKit/537.36 (KHTML, like Gecko) Chrome/133.0.0.0 Safari/537.36"
75.119.139.177 - - [06/Jun/2026:03:38:45 +0200] "POST /wp-cron.php?doing_wp_cron=1780709925.5441188812255859375000 HTTP/1.1" 200 31 "-" "WordPress/7.0; https://myideas.pt"
206.189.127.129 - - [06/Jun/2026:03:38:45 +0200] "HEAD / HTTP/1.1" 301 0 "-" "downnotifier.com monitoring"
206.189.127.129 - - [06/Jun/2026:03:38:46 +0200] "HEAD / HTTP/1.1" 200 0 "-" "downnotifier.com monitoring"
52.7.45.143 - - [06/Jun/2026:03:39:49 +0200] "GET /robots.txt HTTP/1.1" 200 986 "-" "Mozilla/5.0 (Macintosh; Intel Mac OS X 10_10_1) AppleWebKit/600.2.5 (KHTML, like Gecko) Version/8.0.2 Safari/600.2.5 (Gort)"
75.119.139.177 - - [06/Jun/2026:03:39:55 +0200] "POST /wp-cron.php?doing_wp_cron=1780709995.6891338825225830078125 HTTP/1.1" 200 31 "-" "WordPress/7.0; https://myideas.pt"
108.61.201.55 - - [06/Jun/2026:03:39:55 +0200] "HEAD / HTTP/1.1" 200 0 "-" "downnotifier.com monitoring"
101.33.55.204 - - [06/Jun/2026:03:40:07 +0200] "GET /aeo-zero-click-search/ HTTP/1.1" 200 21560 "-" "Mozilla/5.0 (iPhone; CPU iPhone OS 13_2_3 like Mac OS X) AppleWebKit/605.1.15 (KHTML, like Gecko) Version/13.0.3 Mobile/15E148 Safari/604.1"
192.42.116.55 - - [06/Jun/2026:03:42:17 +0200] "GET / HTTP/1.1" 200 24292 "-" "\x22Mozilla/5.0 (Macintosh; Intel Mac OS X 10_15_7) AppleWebKit/537.36 (KHTML, like Gecko) Chrome/142.0.0.0 Safari/537.36\x22"
192.42.116.55 - - [06/Jun/2026:03:42:17 +0200] "GET /wp-content/cache/wpo-minify/1780673871/assets/wpo-minify-footer-f9e72a21.min.js HTTP/1.1" 200 96500 "https://myideas.pt/" "\x22Mozilla/5.0 (Macintosh; Intel Mac OS X 10_15_7) AppleWebKit/537.36 (KHTML, like Gecko) Chrome/142.0.0.0 Safari/537.36\x22"
192.42.116.55 - - [06/Jun/2026:03:42:22 +0200] "GET /contacts/ HTTP/1.1" 200 13972 "-" "\x22Mozilla/5.0 (Macintosh; Intel Mac OS X 10_15_7) AppleWebKit/537.36 (KHTML, like Gecko) Chrome/142.0.0.0 Safari/537.36\x22"
192.42.116.55 - - [06/Jun/2026:03:42:22 +0200] "GET /wp-content/cache/wpo-minify/1780673871/assets/wpo-minify-footer-38f725ad.min.js HTTP/1.1" 200 83926 "https://myideas.pt/contacts/" "\x22Mozilla/5.0 (Macintosh; Intel Mac OS X 10_15_7) AppleWebKit/537.36 (KHTML, like Gecko) Chrome/142.0.0.0 Safari/537.36\x22"
192.42.116.55 - - [06/Jun/2026:03:42:27 +0200] "GET /news/ HTTP/1.1" 200 16134 "-" "\x22Mozilla/5.0 (Macintosh; Intel Mac OS X 10_15_7) AppleWebKit/537.36 (KHTML, like Gecko) Chrome/142.0.0.0 Safari/537.36\x22"
192.42.116.55 - - [06/Jun/2026:03:42:32 +0200] "GET /pt/contactos/ HTTP/1.1" 200 14091 "-" "\x22Mozilla/5.0 (Macintosh; Intel Mac OS X 10_15_7) AppleWebKit/537.36 (KHTML, like Gecko) Chrome/142.0.0.0 Safari/537.36\x22"
5.102.173.71 - - [06/Jun/2026:03:44:11 +0200] "GET /robots.txt HTTP/1.1" 200 986 "-" "Mozilla/5.0 (compatible; MojeekBot/0.11; +https://www.mojeek.com/bot.html)"
75.119.139.177 - - [06/Jun/2026:03:44:12 +0200] "POST /wp-cron.php?doing_wp_cron=1780710252.6686160564422607421875 HTTP/1.1" 200 31 "-" "WordPress/7.0; https://myideas.pt"
5.102.173.71 - - [06/Jun/2026:03:44:12 +0200] "GET /portfolio/linhas-gerais HTTP/1.1" 404 12551 "-" "Mozilla/5.0 (compatible; MojeekBot/0.11; +https://www.mojeek.com/bot.html)"
75.119.139.177 - - [06/Jun/2026:03:46:59 +0200] "POST /wp-cron.php?doing_wp_cron=1780710419.4836740493774414062500 HTTP/1.1" 200 31 "-" "WordPress/7.0; https://myideas.pt"
72.167.50.103 - - [06/Jun/2026:03:46:59 +0200] "GET /wp-login.php HTTP/1.1" 200 2256 "-" "Mozilla/5.0 (Macintosh; Intel Mac OS X 10_15_7) AppleWebKit/537.36 (KHTML, like Gecko) Chrome/133.0.0.0 Safari/537.36 Edg/133.0.0.0"
72.167.50.103 - - [06/Jun/2026:03:47:03 +0200] "POST /wp-login.php HTTP/1.1" 200 2387 "https://www.myideas.pt/wp-login.php" "Mozilla/5.0 (Macintosh; Intel Mac OS X 10_15_7) AppleWebKit/537.36 (KHTML, like Gecko) Chrome/133.0.0.0 Safari/537.36 Edg/133.0.0.0"
74.7.241.133 - - [06/Jun/2026:03:47:59 +0200] "GET /robots.txt HTTP/1.1" 200 986 "-" "Mozilla/5.0 (Macintosh; Intel Mac OS X 10_15_7) AppleWebKit/537.36 (KHTML, like Gecko) Chrome/131.0.0.0 Safari/537.36; compatible; OAI-SearchBot/1.4; robots.txt; +https://openai.com/searchbot"
66.228.53.162 - - [06/Jun/2026:03:48:04 +0200] "GET / HTTP/1.1" 400 650 "-" "Mozilla/5.0 (Macintosh; Intel Mac OS X 13_1) AppleWebKit/537.36 (KHTML, like Gecko) Chrome/108.0.0.0 Safari/537.36"
75.119.139.177 - - [06/Jun/2026:03:48:45 +0200] "POST /wp-cron.php?doing_wp_cron=1780710525.6258490085601806640625 HTTP/1.1" 200 31 "-" "WordPress/7.0; https://myideas.pt"
37.97.137.40 - - [06/Jun/2026:03:48:45 +0200] "HEAD / HTTP/1.1" 301 0 "-" "downnotifier.com monitoring"
37.97.137.40 - - [06/Jun/2026:03:48:46 +0200] "HEAD / HTTP/1.1" 200 0 "-" "downnotifier.com monitoring"
75.119.139.177 - - [06/Jun/2026:03:49:36 +0200] "POST /wp-cron.php?doing_wp_cron=1780710576.1837298870086669921875 HTTP/1.1" 200 31 "-" "WordPress/7.0; https://myideas.pt"
205.210.31.246 - - [06/Jun/2026:03:49:36 +0200] "GET / HTTP/1.1" 301 5 "-" "Hello from Palo Alto Networks, find out more about our scans in https://docs-cortex.paloaltonetworks.com/r/1/Cortex-Xpanse/Scanning-activity"
205.210.31.246 - - [06/Jun/2026:03:49:37 +0200] "GET / HTTP/1.1" 200 23869 "-" "Hello from Palo Alto Networks, find out more about our scans in https://docs-cortex.paloaltonetworks.com/r/1/Cortex-Xpanse/Scanning-activity"
206.189.127.129 - - [06/Jun/2026:03:49:55 +0200] "HEAD / HTTP/1.1" 200 0 "-" "downnotifier.com monitoring"
191.116.111.87 - - [06/Jun/2026:03:51:56 +0200] "GET /portfolio/alma/ HTTP/1.1" 200 18546 "-" "Mozilla/5.0 (Macintosh; Intel Mac OS X 10_11_6) AppleWebKit/537.36 (KHTML, like Gecko) Chrome/80.0.3987.87 Safari/537.36"
46.105.42.135 - - [06/Jun/2026:03:52:59 +0200] "GET /robots.txt HTTP/1.1" 200 986 "-" "Mozilla/5.0 (compatible; MJ12bot/v2.0.5; http://mj12bot.com/)"
46.105.42.135 - - [06/Jun/2026:03:52:59 +0200] "GET / HTTP/1.1" 200 23869 "-" "Mozilla/5.0 (compatible; MJ12bot/v2.0.5; http://mj12bot.com/)"
57.141.20.73 - - [06/Jun/2026:03:58:39 +0200] "GET /pt/o-que-e-o-geo/ HTTP/1.1" 200 108201 "-" "meta-externalagent/1.1 (+https://developers.facebook.com/docs/sharing/webmasters/crawler)"
75.119.139.177 - - [06/Jun/2026:03:58:45 +0200] "POST /wp-cron.php?doing_wp_cron=1780711125.7239420413970947265625 HTTP/1.1" 200 31 "-" "WordPress/7.0; https://myideas.pt"
206.189.127.129 - - [06/Jun/2026:03:58:45 +0200] "HEAD / HTTP/1.1" 301 0 "-" "downnotifier.com monitoring"
206.189.127.129 - - [06/Jun/2026:03:58:46 +0200] "HEAD / HTTP/1.1" 200 0 "-" "downnotifier.com monitoring"
75.119.139.177 - - [06/Jun/2026:03:59:56 +0200] "POST /wp-cron.php?doing_wp_cron=1780711196.6852660179138183593750 HTTP/1.1" 200 31 "-" "WordPress/7.0; https://myideas.pt"
149.28.73.26 - - [06/Jun/2026:03:59:56 +0200] "HEAD / HTTP/1.1" 200 0 "-" "downnotifier.com monitoring"
75.119.139.177 - - [06/Jun/2026:04:01:14 +0200] "POST /wp-cron.php?doing_wp_cron=1780711274.0476820468902587890625 HTTP/1.1" 200 31 "-" "WordPress/7.0; https://myideas.pt"
14.245.4.75 - - [06/Jun/2026:04:01:14 +0200] "GET / HTTP/1.1" 301 5 "-" "Mozilla/5.0 (Windows NT 6.1; WOW64) AppleWebKit/537.36 (KHTML, like Gecko) Chrome/86.0.4240.198 Safari/537.36"
201.206.191.37 - - [06/Jun/2026:04:01:16 +0200] "GET / HTTP/1.1" 200 23869 "-" "Mozilla/5.0 (Windows NT 6.1; WOW64) AppleWebKit/537.36 (KHTML, like Gecko) Chrome/86.0.4240.198 Safari/537.36"
75.119.139.177 - - [06/Jun/2026:04:01:33 +0200] "POST /wp-cron.php?doing_wp_cron=1780711293.3325090408325195312500 HTTP/1.1" 200 31 "-" "WordPress/7.0; https://myideas.pt"
40.77.167.6 - - [06/Jun/2026:04:01:33 +0200] "GET /sitemap-hot-2288152.xml HTTP/1.1" 404 13930 "-" "Mozilla/5.0 AppleWebKit/537.36 (KHTML, like Gecko; compatible; bingbot/2.0; +http://www.bing.com/bingbot.htm) Chrome/116.0.1938.76 Safari/537.36"
75.119.139.177 - - [06/Jun/2026:04:02:46 +0200] "POST /wp-cron.php?doing_wp_cron=1780711366.7875130176544189453125 HTTP/1.1" 200 31 "-" "WordPress/7.0; https://myideas.pt"
91.126.186.28 - - [06/Jun/2026:04:02:46 +0200] "GET /page-sitemap.xml HTTP/1.1" 200 2047 "-" "Mozilla/5.0 (Macintosh; Intel Mac OS X 12_5_0) AppleWebKit/537.36 (KHTML, like Gecko) Chrome/132.0.6834.160 Safari/537.36"
75.119.139.177 - - [06/Jun/2026:04:04:47 +0200] "POST /wp-cron.php?doing_wp_cron=1780711487.1992499828338623046875 HTTP/1.1" 200 31 "-" "WordPress/7.0; https://myideas.pt"
88.185.12.85 - - [06/Jun/2026:04:04:47 +0200] "GET /us_portfolio-sitemap.xml HTTP/1.1" 200 1250 "-" "Mozilla/5.0 (Macintosh; Intel Mac OS X 11_4_1) AppleWebKit/537.36 (KHTML, like Gecko) Chrome/127.0.6533.120 Safari/537.36"
75.119.139.177 - - [06/Jun/2026:04:06:14 +0200] "POST /wp-cron.php?doing_wp_cron=1780711574.1589589118957519531250 HTTP/1.1" 200 31 "-" "WordPress/7.0; https://myideas.pt"
64.31.25.250 - - [06/Jun/2026:04:06:14 +0200] "GET /wp-login.php HTTP/1.1" 200 2256 "-" "Mozilla/5.0 (X11; Ubuntu; Linux x86_64) AppleWebKit/537.36 (KHTML, like Gecko) Chrome/133.0.0.0 Safari/537.36"
64.31.25.250 - - [06/Jun/2026:04:06:15 +0200] "POST /wp-login.php HTTP/1.1" 200 2387 "https://www.myideas.pt/wp-login.php" "Mozilla/5.0 (X11; Ubuntu; Linux x86_64) AppleWebKit/537.36 (KHTML, like Gecko) Chrome/133.0.0.0 Safari/537.36"
75.119.139.177 - - [06/Jun/2026:04:07:49 +0200] "POST /wp-cron.php?doing_wp_cron=1780711669.7413129806518554687500 HTTP/1.1" 200 31 "-" "WordPress/7.0; https://myideas.pt"
77.75.78.164 - - [06/Jun/2026:04:07:49 +0200] "GET /page-sitemap.xml HTTP/1.1" 200 2047 "-" "Mozilla/5.0 (compatible; SeznamBot/4.0; +https://o-seznam.cz/napoveda/vyhledavani/en/seznambot-crawler/)"
75.119.139.177 - - [06/Jun/2026:04:08:45 +0200] "POST /wp-cron.php?doing_wp_cron=1780711725.6054830551147460937500 HTTP/1.1" 200 31 "-" "WordPress/7.0; https://myideas.pt"
37.97.137.40 - - [06/Jun/2026:04:08:45 +0200] "HEAD / HTTP/1.1" 301 0 "-" "downnotifier.com monitoring"
37.97.137.40 - - [06/Jun/2026:04:08:46 +0200] "HEAD / HTTP/1.1" 200 0 "-" "downnotifier.com monitoring"
205.185.127.250 - - [06/Jun/2026:04:09:14 +0200] "GET /wp-login.php HTTP/1.1" 200 6744 "-" "Mozilla/5.0 (Android 13; Mobile; rv:121.0) Gecko/121.0 Firefox/121.0"
205.185.127.250 - - [06/Jun/2026:04:09:15 +0200] "POST /wp-login.php HTTP/1.1" 200 7141 "-" "Mozilla/5.0 (Android 13; Mobile; rv:121.0) Gecko/121.0 Firefox/121.0"
4.230.28.141 - - [06/Jun/2026:04:09:55 +0200] "GET /a.php HTTP/1.1" 404 47 "-" "Mozilla/5.0 (Windows NT 10.0; Win64; x64) AppleWebKit/537.36 (KHTML, like Gecko) Chrome/120.0.0.0 Safari/537.36"
4.230.28.141 - - [06/Jun/2026:04:09:55 +0200] "GET /aa.php HTTP/1.1" 404 47 "-" "Mozilla/5.0 (Windows NT 10.0; Win64; x64) AppleWebKit/537.36 (KHTML, like Gecko) Chrome/120.0.0.0 Safari/537.36"
4.230.28.141 - - [06/Jun/2026:04:09:55 +0200] "GET /aaa.php HTTP/1.1" 404 47 "-" "Mozilla/5.0 (Windows NT 10.0; Win64; x64) AppleWebKit/537.36 (KHTML, like Gecko) Chrome/120.0.0.0 Safari/537.36"
4.230.28.141 - - [06/Jun/2026:04:09:56 +0200] "GET /ab.php HTTP/1.1" 404 47 "-" "Mozilla/5.0 (Windows NT 10.0; Win64; x64) AppleWebKit/537.36 (KHTML, like Gecko) Chrome/120.0.0.0 Safari/537.36"
4.230.28.141 - - [06/Jun/2026:04:09:56 +0200] "GET /lock360.php HTTP/1.1" 404 47 "-" "Mozilla/5.0 (Windows NT 10.0; Win64; x64) AppleWebKit/537.36 (KHTML, like Gecko) Chrome/120.0.0.0 Safari/537.36"
4.230.28.141 - - [06/Jun/2026:04:09:56 +0200] "GET /anonse/lock360.php HTTP/1.1" 404 47 "-" "Mozilla/5.0 (Windows NT 10.0; Win64; x64) AppleWebKit/537.36 (KHTML, like Gecko) Chrome/120.0.0.0 Safari/537.36"
4.230.28.141 - - [06/Jun/2026:04:09:56 +0200] "GET /file5.php HTTP/1.1" 404 47 "-" "Mozilla/5.0 (Windows NT 10.0; Win64; x64) AppleWebKit/537.36 (KHTML, like Gecko) Chrome/120.0.0.0 Safari/537.36"
4.230.28.141 - - [06/Jun/2026:04:09:57 +0200] "GET /sitemaps.php HTTP/1.1" 404 47 "-" "Mozilla/5.0 (Windows NT 10.0; Win64; x64) AppleWebKit/537.36 (KHTML, like Gecko) Chrome/120.0.0.0 Safari/537.36"
4.230.28.141 - - [06/Jun/2026:04:09:57 +0200] "GET /ioxi-o.php HTTP/1.1" 404 47 "-" "Mozilla/5.0 (Windows NT 10.0; Win64; x64) AppleWebKit/537.36 (KHTML, like Gecko) Chrome/120.0.0.0 Safari/537.36"
4.230.28.141 - - [06/Jun/2026:04:09:57 +0200] "GET /load.php HTTP/1.1" 404 47 "-" "Mozilla/5.0 (Windows NT 10.0; Win64; x64) AppleWebKit/537.36 (KHTML, like Gecko) Chrome/120.0.0.0 Safari/537.36"
4.230.28.141 - - [06/Jun/2026:04:09:57 +0200] "GET /k.php HTTP/1.1" 404 47 "-" "Mozilla/5.0 (Windows NT 10.0; Win64; x64) AppleWebKit/537.36 (KHTML, like Gecko) Chrome/120.0.0.0 Safari/537.36"
75.119.139.177 - - [06/Jun/2026:04:09:57 +0200] "POST /wp-cron.php?doing_wp_cron=1780711797.8796560764312744140625 HTTP/1.1" 200 31 "-" "WordPress/7.0; https://myideas.pt"
108.61.201.55 - - [06/Jun/2026:04:09:57 +0200] "HEAD / HTTP/1.1" 200 0 "-" "downnotifier.com monitoring"
4.230.28.141 - - [06/Jun/2026:04:09:58 +0200] "GET /autoload_classmap.php HTTP/1.1" 404 47 "-" "Mozilla/5.0 (Windows NT 10.0; Win64; x64) AppleWebKit/537.36 (KHTML, like Gecko) Chrome/120.0.0.0 Safari/537.36"
4.230.28.141 - - [06/Jun/2026:04:09:58 +0200] "GET /post.php HTTP/1.1" 404 47 "-" "Mozilla/5.0 (Windows NT 10.0; Win64; x64) AppleWebKit/537.36 (KHTML, like Gecko) Chrome/120.0.0.0 Safari/537.36"
4.230.28.141 - - [06/Jun/2026:04:09:58 +0200] "GET /1.php HTTP/1.1" 404 47 "-" "Mozilla/5.0 (Windows NT 10.0; Win64; x64) AppleWebKit/537.36 (KHTML, like Gecko) Chrome/120.0.0.0 Safari/537.36"
4.230.28.141 - - [06/Jun/2026:04:09:58 +0200] "GET /flower.php HTTP/1.1" 404 47 "-" "Mozilla/5.0 (Windows NT 10.0; Win64; x64) AppleWebKit/537.36 (KHTML, like Gecko) Chrome/120.0.0.0 Safari/537.36"
4.230.28.141 - - [06/Jun/2026:04:09:58 +0200] "GET /admin.php HTTP/1.1" 404 47 "-" "Mozilla/5.0 (Windows NT 10.0; Win64; x64) AppleWebKit/537.36 (KHTML, like Gecko) Chrome/120.0.0.0 Safari/537.36"
4.230.28.141 - - [06/Jun/2026:04:09:59 +0200] "GET /file.php HTTP/1.1" 404 47 "-" "Mozilla/5.0 (Windows NT 10.0; Win64; x64) AppleWebKit/537.36 (KHTML, like Gecko) Chrome/120.0.0.0 Safari/537.36"
4.230.28.141 - - [06/Jun/2026:04:09:59 +0200] "GET /default.php HTTP/1.1" 404 47 "-" "Mozilla/5.0 (Windows NT 10.0; Win64; x64) AppleWebKit/537.36 (KHTML, like Gecko) Chrome/120.0.0.0 Safari/537.36"
4.230.28.141 - - [06/Jun/2026:04:09:59 +0200] "GET /defaults.php HTTP/1.1" 404 47 "-" "Mozilla/5.0 (Windows NT 10.0; Win64; x64) AppleWebKit/537.36 (KHTML, like Gecko) Chrome/120.0.0.0 Safari/537.36"
4.230.28.141 - - [06/Jun/2026:04:09:59 +0200] "GET /meta.php HTTP/1.1" 404 47 "-" "Mozilla/5.0 (Windows NT 10.0; Win64; x64) AppleWebKit/537.36 (KHTML, like Gecko) Chrome/120.0.0.0 Safari/537.36"
4.230.28.141 - - [06/Jun/2026:04:10:00 +0200] "GET /index.php HTTP/1.1" 301 5 "-" "Mozilla/5.0 (Windows NT 10.0; Win64; x64) AppleWebKit/537.36 (KHTML, like Gecko) Chrome/120.0.0.0 Safari/537.36"
4.230.28.141 - - [06/Jun/2026:04:10:01 +0200] "GET /about.php HTTP/1.1" 404 47 "-" "Mozilla/5.0 (Windows NT 10.0; Win64; x64) AppleWebKit/537.36 (KHTML, like Gecko) Chrome/120.0.0.0 Safari/537.36"
4.230.28.141 - - [06/Jun/2026:04:10:01 +0200] "GET /randkeyword.php HTTP/1.1" 404 47 "-" "Mozilla/5.0 (Windows NT 10.0; Win64; x64) AppleWebKit/537.36 (KHTML, like Gecko) Chrome/120.0.0.0 Safari/537.36"
4.230.28.141 - - [06/Jun/2026:04:10:01 +0200] "GET /goods.php HTTP/1.1" 404 47 "-" "Mozilla/5.0 (Windows NT 10.0; Win64; x64) AppleWebKit/537.36 (KHTML, like Gecko) Chrome/120.0.0.0 Safari/537.36"
4.230.28.141 - - [06/Jun/2026:04:10:01 +0200] "GET /hehe.php HTTP/1.1" 404 47 "-" "Mozilla/5.0 (Windows NT 10.0; Win64; x64) AppleWebKit/537.36 (KHTML, like Gecko) Chrome/120.0.0.0 Safari/537.36"
4.230.28.141 - - [06/Jun/2026:04:10:01 +0200] "GET /user.php HTTP/1.1" 404 47 "-" "Mozilla/5.0 (Windows NT 10.0; Win64; x64) AppleWebKit/537.36 (KHTML, like Gecko) Chrome/120.0.0.0 Safari/537.36"
4.230.28.141 - - [06/Jun/2026:04:10:02 +0200] "GET /wp-2019.php HTTP/1.1" 404 47 "-" "Mozilla/5.0 (Windows NT 10.0; Win64; x64) AppleWebKit/537.36 (KHTML, like Gecko) Chrome/120.0.0.0 Safari/537.36"
4.230.28.141 - - [06/Jun/2026:04:10:02 +0200] "GET /chosen.php HTTP/1.1" 404 47 "-" "Mozilla/5.0 (Windows NT 10.0; Win64; x64) AppleWebKit/537.36 (KHTML, like Gecko) Chrome/120.0.0.0 Safari/537.36"
4.230.28.141 - - [06/Jun/2026:04:10:02 +0200] "GET /functions.php HTTP/1.1" 404 47 "-" "Mozilla/5.0 (Windows NT 10.0; Win64; x64) AppleWebKit/537.36 (KHTML, like Gecko) Chrome/120.0.0.0 Safari/537.36"
4.230.28.141 - - [06/Jun/2026:04:10:02 +0200] "GET /cron.php HTTP/1.1" 404 47 "-" "Mozilla/5.0 (Windows NT 10.0; Win64; x64) AppleWebKit/537.36 (KHTML, like Gecko) Chrome/120.0.0.0 Safari/537.36"
4.230.28.141 - - [06/Jun/2026:04:10:03 +0200] "GET /edit.php HTTP/1.1" 404 47 "-" "Mozilla/5.0 (Windows NT 10.0; Win64; x64) AppleWebKit/537.36 (KHTML, like Gecko) Chrome/120.0.0.0 Safari/537.36"
4.230.28.141 - - [06/Jun/2026:04:10:03 +0200] "GET /gecko-new.php HTTP/1.1" 404 47 "-" "Mozilla/5.0 (Windows NT 10.0; Win64; x64) AppleWebKit/537.36 (KHTML, like Gecko) Chrome/120.0.0.0 Safari/537.36"
4.230.28.141 - - [06/Jun/2026:04:10:03 +0200] "GET /cookie.php HTTP/1.1" 404 47 "-" "Mozilla/5.0 (Windows NT 10.0; Win64; x64) AppleWebKit/537.36 (KHTML, like Gecko) Chrome/120.0.0.0 Safari/537.36"
4.230.28.141 - - [06/Jun/2026:04:10:03 +0200] "GET /xleet.php HTTP/1.1" 404 47 "-" "Mozilla/5.0 (Windows NT 10.0; Win64; x64) AppleWebKit/537.36 (KHTML, like Gecko) Chrome/120.0.0.0 Safari/537.36"
4.230.28.141 - - [06/Jun/2026:04:10:04 +0200] "GET /spip.php HTTP/1.1" 404 47 "-" "Mozilla/5.0 (Windows NT 10.0; Win64; x64) AppleWebKit/537.36 (KHTML, like Gecko) Chrome/120.0.0.0 Safari/537.36"
4.230.28.141 - - [06/Jun/2026:04:10:04 +0200] "GET /22.php HTTP/1.1" 404 47 "-" "Mozilla/5.0 (Windows NT 10.0; Win64; x64) AppleWebKit/537.36 (KHTML, like Gecko) Chrome/120.0.0.0 Safari/537.36"
4.230.28.141 - - [06/Jun/2026:04:10:04 +0200] "GET /room.php HTTP/1.1" 404 47 "-" "Mozilla/5.0 (Windows NT 10.0; Win64; x64) AppleWebKit/537.36 (KHTML, like Gecko) Chrome/120.0.0.0 Safari/537.36"
4.230.28.141 - - [06/Jun/2026:04:10:04 +0200] "GET /disagreed.php HTTP/1.1" 404 47 "-" "Mozilla/5.0 (Windows NT 10.0; Win64; x64) AppleWebKit/537.36 (KHTML, like Gecko) Chrome/120.0.0.0 Safari/537.36"
4.230.28.141 - - [06/Jun/2026:04:10:05 +0200] "GET /text.php HTTP/1.1" 404 47 "-" "Mozilla/5.0 (Windows NT 10.0; Win64; x64) AppleWebKit/537.36 (KHTML, like Gecko) Chrome/120.0.0.0 Safari/537.36"
4.230.28.141 - - [06/Jun/2026:04:10:05 +0200] "GET /alfa-rex.php HTTP/1.1" 404 47 "-" "Mozilla/5.0 (Windows NT 10.0; Win64; x64) AppleWebKit/537.36 (KHTML, like Gecko) Chrome/120.0.0.0 Safari/537.36"
4.230.28.141 - - [06/Jun/2026:04:10:06 +0200] "GET /alfa-rex.php7 HTTP/1.1" 404 12545 "-" "Mozilla/5.0 (Windows NT 10.0; Win64; x64) AppleWebKit/537.36 (KHTML, like Gecko) Chrome/120.0.0.0 Safari/537.36"
4.230.28.141 - - [06/Jun/2026:04:10:06 +0200] "GET /feeds.php HTTP/1.1" 404 47 "-" "Mozilla/5.0 (Windows NT 10.0; Win64; x64) AppleWebKit/537.36 (KHTML, like Gecko) Chrome/120.0.0.0 Safari/537.36"
4.230.28.141 - - [06/Jun/2026:04:10:06 +0200] "GET /radio.php HTTP/1.1" 404 47 "-" "Mozilla/5.0 (Windows NT 10.0; Win64; x64) AppleWebKit/537.36 (KHTML, like Gecko) Chrome/120.0.0.0 Safari/537.36"
4.230.28.141 - - [06/Jun/2026:04:10:06 +0200] "GET /dropdown.php HTTP/1.1" 404 47 "-" "Mozilla/5.0 (Windows NT 10.0; Win64; x64) AppleWebKit/537.36 (KHTML, like Gecko) Chrome/120.0.0.0 Safari/537.36"
4.230.28.141 - - [06/Jun/2026:04:10:07 +0200] "GET /defaults.php HTTP/1.1" 404 47 "-" "Mozilla/5.0 (Windows NT 10.0; Win64; x64) AppleWebKit/537.36 (KHTML, like Gecko) Chrome/120.0.0.0 Safari/537.36"
4.230.28.141 - - [06/Jun/2026:04:10:07 +0200] "GET /system.php HTTP/1.1" 404 47 "-" "Mozilla/5.0 (Windows NT 10.0; Win64; x64) AppleWebKit/537.36 (KHTML, like Gecko) Chrome/120.0.0.0 Safari/537.36"
4.230.28.141 - - [06/Jun/2026:04:10:08 +0200] "GET /xmlrpc.php HTTP/1.1" 405 53 "-" "Mozilla/5.0 (Windows NT 10.0; Win64; x64) AppleWebKit/537.36 (KHTML, like Gecko) Chrome/120.0.0.0 Safari/537.36"
4.230.28.141 - - [06/Jun/2026:04:10:09 +0200] "GET /xmlrpc.php0 HTTP/1.1" 404 12537 "-" "Mozilla/5.0 (Windows NT 10.0; Win64; x64) AppleWebKit/537.36 (KHTML, like Gecko) Chrome/120.0.0.0 Safari/537.36"
4.230.28.141 - - [06/Jun/2026:04:10:09 +0200] "GET /colors.php HTTP/1.1" 404 47 "-" "Mozilla/5.0 (Windows NT 10.0; Win64; x64) AppleWebKit/537.36 (KHTML, like Gecko) Chrome/120.0.0.0 Safari/537.36"
4.230.28.141 - - [06/Jun/2026:04:10:09 +0200] "GET /updates.php HTTP/1.1" 404 47 "-" "Mozilla/5.0 (Windows NT 10.0; Win64; x64) AppleWebKit/537.36 (KHTML, like Gecko) Chrome/120.0.0.0 Safari/537.36"
4.230.28.141 - - [06/Jun/2026:04:10:10 +0200] "GET /alfa-rex1.php HTTP/1.1" 404 47 "-" "Mozilla/5.0 (Windows NT 10.0; Win64; x64) AppleWebKit/537.36 (KHTML, like Gecko) Chrome/120.0.0.0 Safari/537.36"
4.230.28.141 - - [06/Jun/2026:04:10:10 +0200] "GET /wp-index.php HTTP/1.1" 404 47 "-" "Mozilla/5.0 (Windows NT 10.0; Win64; x64) AppleWebKit/537.36 (KHTML, like Gecko) Chrome/120.0.0.0 Safari/537.36"
4.230.28.141 - - [06/Jun/2026:04:10:10 +0200] "GET /wp-admin.php HTTP/1.1" 404 47 "-" "Mozilla/5.0 (Windows NT 10.0; Win64; x64) AppleWebKit/537.36 (KHTML, like Gecko) Chrome/120.0.0.0 Safari/537.36"
4.230.28.141 - - [06/Jun/2026:04:10:10 +0200] "GET /alfa.php HTTP/1.1" 404 47 "-" "Mozilla/5.0 (Windows NT 10.0; Win64; x64) AppleWebKit/537.36 (KHTML, like Gecko) Chrome/120.0.0.0 Safari/537.36"
4.230.28.141 - - [06/Jun/2026:04:10:11 +0200] "GET /alfanew.php7 HTTP/1.1" 404 12545 "-" "Mozilla/5.0 (Windows NT 10.0; Win64; x64) AppleWebKit/537.36 (KHTML, like Gecko) Chrome/120.0.0.0 Safari/537.36"
4.230.28.141 - - [06/Jun/2026:04:10:11 +0200] "GET /locale.php HTTP/1.1" 404 47 "-" "Mozilla/5.0 (Windows NT 10.0; Win64; x64) AppleWebKit/537.36 (KHTML, like Gecko) Chrome/120.0.0.0 Safari/537.36"
4.230.28.141 - - [06/Jun/2026:04:10:12 +0200] "GET /wxo.php HTTP/1.1" 404 47 "-" "Mozilla/5.0 (Windows NT 10.0; Win64; x64) AppleWebKit/537.36 (KHTML, like Gecko) Chrome/120.0.0.0 Safari/537.36"
4.230.28.141 - - [06/Jun/2026:04:10:12 +0200] "GET /colour.php HTTP/1.1" 404 47 "-" "Mozilla/5.0 (Windows NT 10.0; Win64; x64) AppleWebKit/537.36 (KHTML, like Gecko) Chrome/120.0.0.0 Safari/537.36"
4.230.28.141 - - [06/Jun/2026:04:10:12 +0200] "GET /files.php HTTP/1.1" 404 47 "-" "Mozilla/5.0 (Windows NT 10.0; Win64; x64) AppleWebKit/537.36 (KHTML, like Gecko) Chrome/120.0.0.0 Safari/537.36"
4.230.28.141 - - [06/Jun/2026:04:10:12 +0200] "GET /install.php HTTP/1.1" 404 47 "-" "Mozilla/5.0 (Windows NT 10.0; Win64; x64) AppleWebKit/537.36 (KHTML, like Gecko) Chrome/120.0.0.0 Safari/537.36"
4.230.28.141 - - [06/Jun/2026:04:10:13 +0200] "GET /wp-contentt.php HTTP/1.1" 404 47 "-" "Mozilla/5.0 (Windows NT 10.0; Win64; x64) AppleWebKit/537.36 (KHTML, like Gecko) Chrome/120.0.0.0 Safari/537.36"
4.230.28.141 - - [06/Jun/2026:04:10:14 +0200] "GET /config.php7 HTTP/1.1" 404 12541 "-" "Mozilla/5.0 (Windows NT 10.0; Win64; x64) AppleWebKit/537.36 (KHTML, like Gecko) Chrome/120.0.0.0 Safari/537.36"
4.230.28.141 - - [06/Jun/2026:04:10:14 +0200] "GET /config.php HTTP/1.1" 404 47 "-" "Mozilla/5.0 (Windows NT 10.0; Win64; x64) AppleWebKit/537.36 (KHTML, like Gecko) Chrome/120.0.0.0 Safari/537.36"
4.230.28.141 - - [06/Jun/2026:04:10:14 +0200] "GET /theme.php HTTP/1.1" 404 47 "-" "Mozilla/5.0 (Windows NT 10.0; Win64; x64) AppleWebKit/537.36 (KHTML, like Gecko) Chrome/120.0.0.0 Safari/537.36"
4.230.28.141 - - [06/Jun/2026:04:10:14 +0200] "GET /block-bindings.php HTTP/1.1" 404 47 "-" "Mozilla/5.0 (Windows NT 10.0; Win64; x64) AppleWebKit/537.36 (KHTML, like Gecko) Chrome/120.0.0.0 Safari/537.36"
4.230.28.141 - - [06/Jun/2026:04:10:15 +0200] "GET /class_api.php HTTP/1.1" 404 47 "-" "Mozilla/5.0 (Windows NT 10.0; Win64; x64) AppleWebKit/537.36 (KHTML, like Gecko) Chrome/120.0.0.0 Safari/537.36"
4.230.28.141 - - [06/Jun/2026:04:10:15 +0200] "GET /inputs.php HTTP/1.1" 404 47 "-" "Mozilla/5.0 (Windows NT 10.0; Win64; x64) AppleWebKit/537.36 (KHTML, like Gecko) Chrome/120.0.0.0 Safari/537.36"
4.230.28.141 - - [06/Jun/2026:04:10:15 +0200] "GET /root.php HTTP/1.1" 404 47 "-" "Mozilla/5.0 (Windows NT 10.0; Win64; x64) AppleWebKit/537.36 (KHTML, like Gecko) Chrome/120.0.0.0 Safari/537.36"
4.230.28.141 - - [06/Jun/2026:04:10:15 +0200] "GET /menu.php HTTP/1.1" 404 47 "-" "Mozilla/5.0 (Windows NT 10.0; Win64; x64) AppleWebKit/537.36 (KHTML, like Gecko) Chrome/120.0.0.0 Safari/537.36"
4.230.28.141 - - [06/Jun/2026:04:10:16 +0200] "GET /plugin.php HTTP/1.1" 404 47 "-" "Mozilla/5.0 (Windows NT 10.0; Win64; x64) AppleWebKit/537.36 (KHTML, like Gecko) Chrome/120.0.0.0 Safari/537.36"
4.230.28.141 - - [06/Jun/2026:04:10:16 +0200] "GET /cloud.php HTTP/1.1" 404 47 "-" "Mozilla/5.0 (Windows NT 10.0; Win64; x64) AppleWebKit/537.36 (KHTML, like Gecko) Chrome/120.0.0.0 Safari/537.36"
4.230.28.141 - - [06/Jun/2026:04:10:16 +0200] "GET /configs.php HTTP/1.1" 404 47 "-" "Mozilla/5.0 (Windows NT 10.0; Win64; x64) AppleWebKit/537.36 (KHTML, like Gecko) Chrome/120.0.0.0 Safari/537.36"
4.230.28.141 - - [06/Jun/2026:04:10:16 +0200] "GET /wp-configs.php HTTP/1.1" 404 47 "-" "Mozilla/5.0 (Windows NT 10.0; Win64; x64) AppleWebKit/537.36 (KHTML, like Gecko) Chrome/120.0.0.0 Safari/537.36"
4.230.28.141 - - [06/Jun/2026:04:10:16 +0200] "GET /update.php HTTP/1.1" 404 47 "-" "Mozilla/5.0 (Windows NT 10.0; Win64; x64) AppleWebKit/537.36 (KHTML, like Gecko) Chrome/120.0.0.0 Safari/537.36"
4.230.28.141 - - [06/Jun/2026:04:10:17 +0200] "GET /2.php HTTP/1.1" 404 47 "-" "Mozilla/5.0 (Windows NT 10.0; Win64; x64) AppleWebKit/537.36 (KHTML, like Gecko) Chrome/120.0.0.0 Safari/537.36"
4.230.28.141 - - [06/Jun/2026:04:10:17 +0200] "GET /input.php HTTP/1.1" 404 47 "-" "Mozilla/5.0 (Windows NT 10.0; Win64; x64) AppleWebKit/537.36 (KHTML, like Gecko) Chrome/120.0.0.0 Safari/537.36"
4.230.28.141 - - [06/Jun/2026:04:10:17 +0200] "GET /aaa.php HTTP/1.1" 404 47 "-" "Mozilla/5.0 (Windows NT 10.0; Win64; x64) AppleWebKit/537.36 (KHTML, like Gecko) Chrome/120.0.0.0 Safari/537.36"
75.119.139.177 - - [06/Jun/2026:04:10:18 +0200] "POST /wp-cron.php?doing_wp_cron=1780711818.7073249816894531250000 HTTP/1.1" 200 31 "-" "WordPress/7.0; https://myideas.pt"
4.230.28.141 - - [06/Jun/2026:04:10:18 +0200] "GET /en-us/2021/04/30/php-community-sidesteps-its-third-supply-chain-attack-in-three-years/ HTTP/1.1" 404 12653 "-" "Mozilla/5.0 (Windows NT 10.0; Win64; x64) AppleWebKit/537.36 (KHTML, like Gecko) Chrome/120.0.0.0 Safari/537.36"
4.230.28.141 - - [06/Jun/2026:04:10:19 +0200] "GET /ALFA_DATA/alfacgiapi/ HTTP/1.1" 404 12554 "-" "Mozilla/5.0 (Windows NT 10.0; Win64; x64) AppleWebKit/537.36 (KHTML, like Gecko) Chrome/120.0.0.0 Safari/537.36"
4.230.28.141 - - [06/Jun/2026:04:10:19 +0200] "GET /wp-admin/images/ HTTP/1.1" 403 548 "-" "Mozilla/5.0 (Windows NT 10.0; Win64; x64) AppleWebKit/537.36 (KHTML, like Gecko) Chrome/120.0.0.0 Safari/537.36"
4.230.28.141 - - [06/Jun/2026:04:10:20 +0200] "GET /wp-admin/images/admin.php HTTP/1.1" 404 47 "-" "Mozilla/5.0 (Windows NT 10.0; Win64; x64) AppleWebKit/537.36 (KHTML, like Gecko) Chrome/120.0.0.0 Safari/537.36"
4.230.28.141 - - [06/Jun/2026:04:10:20 +0200] "GET /wp-admin/includes/moon.php HTTP/1.1" 404 47 "-" "Mozilla/5.0 (Windows NT 10.0; Win64; x64) AppleWebKit/537.36 (KHTML, like Gecko) Chrome/120.0.0.0 Safari/537.36"
4.230.28.141 - - [06/Jun/2026:04:10:20 +0200] "GET /wp-admin/maint/edit.php HTTP/1.1" 404 47 "-" "Mozilla/5.0 (Windows NT 10.0; Win64; x64) AppleWebKit/537.36 (KHTML, like Gecko) Chrome/120.0.0.0 Safari/537.36"
4.230.28.141 - - [06/Jun/2026:04:10:20 +0200] "GET /wp-content/1.php HTTP/1.1" 404 47 "-" "Mozilla/5.0 (Windows NT 10.0; Win64; x64) AppleWebKit/537.36 (KHTML, like Gecko) Chrome/120.0.0.0 Safari/537.36"
4.230.28.141 - - [06/Jun/2026:04:10:21 +0200] "GET /wp-content/plugins/WordPressCore/ HTTP/1.1" 404 12602 "-" "Mozilla/5.0 (Windows NT 10.0; Win64; x64) AppleWebKit/537.36 (KHTML, like Gecko) Chrome/120.0.0.0 Safari/537.36"
4.230.28.141 - - [06/Jun/2026:04:10:22 +0200] "GET /wp-content/plugins/ioxi/ioxi/ HTTP/1.1" 404 12600 "-" "Mozilla/5.0 (Windows NT 10.0; Win64; x64) AppleWebKit/537.36 (KHTML, like Gecko) Chrome/120.0.0.0 Safari/537.36"
4.230.28.141 - - [06/Jun/2026:04:10:22 +0200] "GET /wp-content/themes/404.php HTTP/1.1" 404 47 "-" "Mozilla/5.0 (Windows NT 10.0; Win64; x64) AppleWebKit/537.36 (KHTML, like Gecko) Chrome/120.0.0.0 Safari/537.36"
4.230.28.141 - - [06/Jun/2026:04:10:23 +0200] "GET /wp-content/uploads/2018/03/ HTTP/1.1" 404 12594 "-" "Mozilla/5.0 (Windows NT 10.0; Win64; x64) AppleWebKit/537.36 (KHTML, like Gecko) Chrome/120.0.0.0 Safari/537.36"
4.230.28.141 - - [06/Jun/2026:04:10:24 +0200] "GET /wp-content/uploads/2022/07/ HTTP/1.1" 404 12592 "-" "Mozilla/5.0 (Windows NT 10.0; Win64; x64) AppleWebKit/537.36 (KHTML, like Gecko) Chrome/120.0.0.0 Safari/537.36"
4.230.28.141 - - [06/Jun/2026:04:10:25 +0200] "GET /wp-content/uploads/2023/03/ HTTP/1.1" 404 12593 "-" "Mozilla/5.0 (Windows NT 10.0; Win64; x64) AppleWebKit/537.36 (KHTML, like Gecko) Chrome/120.0.0.0 Safari/537.36"
4.230.28.141 - - [06/Jun/2026:04:10:26 +0200] "GET /wp-content/uploads/autoload_classmap.php HTTP/1.1" 404 47 "-" "Mozilla/5.0 (Windows NT 10.0; Win64; x64) AppleWebKit/537.36 (KHTML, like Gecko) Chrome/120.0.0.0 Safari/537.36"
4.230.28.141 - - [06/Jun/2026:04:10:26 +0200] "GET /wp-content/uploads/wp.php HTTP/1.1" 404 47 "-" "Mozilla/5.0 (Windows NT 10.0; Win64; x64) AppleWebKit/537.36 (KHTML, like Gecko) Chrome/120.0.0.0 Safari/537.36"
4.230.28.141 - - [06/Jun/2026:04:10:26 +0200] "GET /wp-includes/js/tinymce/skins/lightgray/ HTTP/1.1" 403 548 "-" "Mozilla/5.0 (Windows NT 10.0; Win64; x64) AppleWebKit/537.36 (KHTML, like Gecko) Chrome/120.0.0.0 Safari/537.36"
4.230.28.141 - - [06/Jun/2026:04:10:26 +0200] "GET /wp-includes/js/tinymce/themes/inlite/ HTTP/1.1" 403 548 "-" "Mozilla/5.0 (Windows NT 10.0; Win64; x64) AppleWebKit/537.36 (KHTML, like Gecko) Chrome/120.0.0.0 Safari/537.36"
4.230.28.141 - - [06/Jun/2026:04:10:27 +0200] "GET /wp-includes/mani.php HTTP/1.1" 404 47 "-" "Mozilla/5.0 (Windows NT 10.0; Win64; x64) AppleWebKit/537.36 (KHTML, like Gecko) Chrome/120.0.0.0 Safari/537.36"
4.230.28.141 - - [06/Jun/2026:04:10:27 +0200] "GET /wp-includes/sodium_compat/ HTTP/1.1" 403 548 "-" "Mozilla/5.0 (Windows NT 10.0; Win64; x64) AppleWebKit/537.36 (KHTML, like Gecko) Chrome/120.0.0.0 Safari/537.36"
4.230.28.141 - - [06/Jun/2026:04:10:27 +0200] "GET /wp-includes/theme-compat/ HTTP/1.1" 403 548 "-" "Mozilla/5.0 (Windows NT 10.0; Win64; x64) AppleWebKit/537.36 (KHTML, like Gecko) Chrome/120.0.0.0 Safari/537.36"
4.230.28.141 - - [06/Jun/2026:04:10:27 +0200] "GET /wp-logs.php HTTP/1.1" 404 47 "-" "Mozilla/5.0 (Windows NT 10.0; Win64; x64) AppleWebKit/537.36 (KHTML, like Gecko) Chrome/120.0.0.0 Safari/537.36"
75.119.139.177 - - [06/Jun/2026:04:11:37 +0200] "POST /wp-cron.php?doing_wp_cron=1780711897.1303689479827880859375 HTTP/1.1" 200 31 "-" "WordPress/7.0; https://myideas.pt"
57.134.128.215 - - [06/Jun/2026:04:11:37 +0200] "GET /post-sitemap.xml HTTP/1.1" 200 659 "-" "Mozilla/5.0 (Macintosh; Intel Mac OS X 12.6; rv:129.0) Gecko/20100101 Firefox/129.0"
75.119.139.177 - - [06/Jun/2026:04:12:42 +0200] "POST /wp-cron.php?doing_wp_cron=1780711962.1847209930419921875000 HTTP/1.1" 200 31 "-" "WordPress/7.0; https://myideas.pt"
38.49.217.60 - - [06/Jun/2026:04:12:42 +0200] "GET /wp-login.php HTTP/1.1" 200 2256 "-" "Mozilla/5.0 (Windows NT 10.0; Win64; x64) AppleWebKit/537.36 (KHTML, like Gecko) Chrome/120.0.0.0 Safari/537.36"
38.49.217.60 - - [06/Jun/2026:04:12:42 +0200] "POST /wp-login.php HTTP/1.1" 200 2416 "https://myideas.pt/wp-login.php" "Mozilla/5.0 (Windows NT 10.0; Win64; x64) AppleWebKit/537.36 (KHTML, like Gecko) Chrome/120.0.0.0 Safari/537.36"
75.119.139.177 - - [06/Jun/2026:04:14:25 +0200] "POST /wp-cron.php?doing_wp_cron=1780712065.0939719676971435546875 HTTP/1.1" 200 31 "-" "WordPress/7.0; https://myideas.pt"
90.196.181.138 - - [06/Jun/2026:04:14:25 +0200] "GET /category-sitemap.xml HTTP/1.1" 200 382 "-" "Mozilla/5.0 (Macintosh; U; PPC Mac OS X; en) AppleWebKit/412.7 (KHTML, like Gecko) Safari/412.6"
75.119.139.177 - - [06/Jun/2026:04:17:29 +0200] "POST /wp-cron.php?doing_wp_cron=1780712249.6359279155731201171875 HTTP/1.1" 200 31 "-" "WordPress/7.0; https://myideas.pt"
45.61.187.176 - - [06/Jun/2026:04:17:29 +0200] "GET /wp-login.php HTTP/1.1" 200 6744 "-" "Mozilla/5.0 (compatible; MSIE 9.0; Windows NT 6.1; WOW64; Trident/5.0)"
45.61.187.176 - - [06/Jun/2026:04:18:03 +0200] "POST /wp-login.php HTTP/1.1" 200 7148 "-" "Mozilla/5.0 (compatible; MSIE 9.0; Windows NT 6.1; WOW64; Trident/5.0)"
75.119.139.177 - - [06/Jun/2026:04:18:45 +0200] "POST /wp-cron.php?doing_wp_cron=1780712325.7266969680786132812500 HTTP/1.1" 200 31 "-" "WordPress/7.0; https://myideas.pt"
206.189.127.129 - - [06/Jun/2026:04:18:45 +0200] "HEAD / HTTP/1.1" 301 0 "-" "downnotifier.com monitoring"
206.189.127.129 - - [06/Jun/2026:04:18:46 +0200] "HEAD / HTTP/1.1" 200 0 "-" "downnotifier.com monitoring"
69.49.112.73 - - [06/Jun/2026:04:18:52 +0200] "GET /wp-login.php HTTP/1.1" 200 2256 "-" "Mozilla/5.0 (Windows NT 10.0; Win64; x64) AppleWebKit/537.36 (KHTML, like Gecko) Chrome/133.0.0.0 Safari/537.36 Edg/133.0.0.0"
69.49.112.73 - - [06/Jun/2026:04:18:53 +0200] "POST /wp-login.php HTTP/1.1" 200 2387 "https://myideas.pt/wp-login.php" "Mozilla/5.0 (Windows NT 10.0; Win64; x64) AppleWebKit/537.36 (KHTML, like Gecko) Chrome/133.0.0.0 Safari/537.36 Edg/133.0.0.0"
75.119.139.177 - - [06/Jun/2026:04:19:57 +0200] "POST /wp-cron.php?doing_wp_cron=1780712397.4176630973815917968750 HTTP/1.1" 200 31 "-" "WordPress/7.0; https://myideas.pt"
206.189.127.129 - - [06/Jun/2026:04:19:57 +0200] "HEAD / HTTP/1.1" 200 0 "-" "downnotifier.com monitoring"
75.119.139.177 - - [06/Jun/2026:04:20:26 +0200] "POST /wp-cron.php?doing_wp_cron=1780712426.7450489997863769531250 HTTP/1.1" 200 31 "-" "WordPress/7.0; https://myideas.pt"
205.185.120.156 - - [06/Jun/2026:04:20:26 +0200] "GET /wp-login.php HTTP/1.1" 200 6744 "-" "Mozilla/5.0 (X11; Linux x86_64)"
113.190.40.93 - - [06/Jun/2026:04:20:55 +0200] "GET /wp-login.php HTTP/1.1" 200 2256 "-" "Mozilla/5.0 (Windows NT 10.0; WOW64) AppleWebKit/537.36 (KHTML, like Gecko) Chrome/133.0.0.0 Safari/537.36"
113.190.40.93 - - [06/Jun/2026:04:20:57 +0200] "POST /wp-login.php HTTP/1.1" 200 2416 "https://myideas.pt/wp-login.php" "Mozilla/5.0 (Windows NT 10.0; WOW64) AppleWebKit/537.36 (KHTML, like Gecko) Chrome/133.0.0.0 Safari/537.36"
75.119.139.177 - - [06/Jun/2026:04:21:24 +0200] "POST /wp-cron.php?doing_wp_cron=1780712484.0109019279479980468750 HTTP/1.1" 200 31 "-" "WordPress/7.0; https://myideas.pt"
78.142.18.172 - - [06/Jun/2026:04:21:24 +0200] "POST /xmlrpc.php HTTP/1.1" 200 236 "-" "Mozilla/5.0 (Windows NT 10.0; Win64; x64) AppleWebKit/537.36 (KHTML, like Gecko) Chrome/133.0.0.0 Safari/537.36 Edg/133.0.0.0"
205.185.120.156 - - [06/Jun/2026:04:22:04 +0200] "POST /wp-login.php HTTP/1.1" 200 7148 "-" "Mozilla/5.0 (X11; Linux x86_64)"
223.109.255.228 - - [06/Jun/2026:04:24:53 +0200] "GET /wp-content/uploads/2024/07/myideas_branding_fabrico_1-1024x768.jpg HTTP/1.1" 404 146 "http://pic.sogou.com" "Sogou Pic Spider/3.0(+http://www.sogou.com/docs/help/webmasters.htm#07)"
51.68.111.218 - - [06/Jun/2026:04:25:07 +0200] "GET /robots.txt HTTP/1.1" 200 986 "-" "Mozilla/5.0 (compatible; MJ12bot/v2.0.5; http://mj12bot.com/)"
51.68.111.218 - - [06/Jun/2026:04:25:07 +0200] "GET / HTTP/1.1" 200 23869 "-" "Mozilla/5.0 (compatible; MJ12bot/v2.0.5; http://mj12bot.com/)"
75.119.139.177 - - [06/Jun/2026:04:25:12 +0200] "POST /wp-cron.php?doing_wp_cron=1780712712.9061419963836669921875 HTTP/1.1" 200 31 "-" "WordPress/7.0; https://myideas.pt"
188.241.62.83 - - [06/Jun/2026:04:25:12 +0200] "POST /xmlrpc.php HTTP/1.1" 200 236 "-" "Mozilla/5.0 (Windows NT 10.0; Win64; x64) AppleWebKit/537.36 (KHTML, like Gecko) Chrome/133.0.0.0 Safari/537.36 Edg/133.0.0.0"
75.119.139.177 - - [06/Jun/2026:04:28:24 +0200] "POST /wp-cron.php?doing_wp_cron=1780712904.0290050506591796875000 HTTP/1.1" 200 31 "-" "WordPress/7.0; https://myideas.pt"
79.124.40.174 - - [06/Jun/2026:04:28:24 +0200] "GET /?XDEBUG_SESSION_START=phpstorm HTTP/1.1" 301 5 "-" "Mozilla/5.0 (Windows NT 10.0; Win64; x64) AppleWebKit/537.36 (KHTML, like Gecko) Chrome/78.0.3904.108 Safari/537.36"
79.124.40.174 - - [06/Jun/2026:04:28:31 +0200] "GET /?XDEBUG_SESSION_START=phpstorm HTTP/1.1" 200 24618 "https://75.119.139.177:443/?XDEBUG_SESSION_START=phpstorm" "Mozilla/5.0 (Windows NT 10.0; Win64; x64) AppleWebKit/537.36 (KHTML, like Gecko) Chrome/78.0.3904.108 Safari/537.36"
37.97.137.40 - - [06/Jun/2026:04:28:45 +0200] "HEAD / HTTP/1.1" 301 0 "-" "downnotifier.com monitoring"
37.97.137.40 - - [06/Jun/2026:04:28:46 +0200] "HEAD / HTTP/1.1" 200 0 "-" "downnotifier.com monitoring"
75.119.139.177 - - [06/Jun/2026:04:29:56 +0200] "POST /wp-cron.php?doing_wp_cron=1780712996.7154240608215332031250 HTTP/1.1" 200 31 "-" "WordPress/7.0; https://myideas.pt"
104.236.216.73 - - [06/Jun/2026:04:29:56 +0200] "HEAD / HTTP/1.1" 200 0 "-" "downnotifier.com monitoring"
75.119.139.177 - - [06/Jun/2026:04:35:53 +0200] "POST /wp-cron.php?doing_wp_cron=1780713353.9229810237884521484375 HTTP/1.1" 200 31 "-" "WordPress/7.0; https://myideas.pt"
78.153.140.251 - - [06/Jun/2026:04:35:53 +0200] "GET /.env HTTP/1.1" 404 12539 "-" "Mozilla/5.0 (Windows NT 10.0; Win64; x64) AppleWebKit/537.36 (KHTML, like Gecko) Chrome/116.0.5845.140 Safari/537.36"
78.153.140.251 - - [06/Jun/2026:04:35:55 +0200] "POST / HTTP/1.1" 200 26087 "-" "Mozilla/5.0 (Windows NT 10.0; Win64; x64) AppleWebKit/537.36 (KHTML, like Gecko) Chrome/116.0.5845.140 Safari/537.36"
75.119.139.177 - - [06/Jun/2026:04:37:29 +0200] "POST /wp-cron.php?doing_wp_cron=1780713448.8227488994598388671875 HTTP/1.1" 200 31 "-" "WordPress/7.0; https://myideas.pt"
57.141.20.18 - - [06/Jun/2026:04:37:29 +0200] "GET /category-sitemap.xml HTTP/1.1" 200 748 "-" "meta-externalagent/1.1 (+https://developers.facebook.com/docs/sharing/webmasters/crawler)"
91.230.168.142 - - [06/Jun/2026:04:38:14 +0200] "GET / HTTP/1.1" 301 5 "-" "Mozilla/5.0 (X11; Ubuntu; Linux x86_64; rv:134.0) Gecko/20100101 Firefox/134.0"
103.77.16.137 - - [06/Jun/2026:04:38:15 +0200] "GET /sobre-a-myideas/ HTTP/1.1" 301 5 "-" "Mozilla/5.0 (Macintosh; Intel Mac OS X 10_11_6) AppleWebKit/537.36 (KHTML, like Gecko) Brave Chrome/86.0.4240.75 Safari/537.36"
103.77.16.137 - - [06/Jun/2026:04:38:15 +0200] "GET /pt/sobre-a-myideas/ HTTP/1.1" 200 15817 "-" "Mozilla/5.0 (Macintosh; Intel Mac OS X 10_11_6) AppleWebKit/537.36 (KHTML, like Gecko) Brave Chrome/86.0.4240.75 Safari/537.36"
75.119.139.177 - - [06/Jun/2026:04:38:46 +0200] "POST /wp-cron.php?doing_wp_cron=1780713526.2642059326171875000000 HTTP/1.1" 200 31 "-" "WordPress/7.0; https://myideas.pt"
206.189.127.129 - - [06/Jun/2026:04:38:46 +0200] "HEAD / HTTP/1.1" 301 0 "-" "downnotifier.com monitoring"
206.189.127.129 - - [06/Jun/2026:04:38:47 +0200] "HEAD / HTTP/1.1" 200 0 "-" "downnotifier.com monitoring"
45.87.252.97 - - [06/Jun/2026:04:38:59 +0200] "GET / HTTP/1.0" 200 172295 "https://myideas.pt/" "Mozilla/5.0 (Windows NT 10.0; Win64; x64) AppleWebKit/537.36 (KHTML, like Gecko) Chrome/130.0.0.0 Safari/537.36"
104.234.53.232 - - [06/Jun/2026:04:39:14 +0200] "POST /wp-login.php HTTP/1.1" 200 7153 "-" "Mozilla/5.0"
104.28.152.40 - - [06/Jun/2026:04:39:16 +0200] "GET / HTTP/1.1" 200 24292 "https://www.google.com/search?q=site" "Mozilla/5.0 (X11; Linux x86_64) AppleWebKit/537.36 (KHTML, like Gecko) Chrome/148.0.0.0 Safari/537.36 OPR/132.0.0.0"
75.119.139.177 - - [06/Jun/2026:04:39:27 +0200] "POST /wp-cron.php?doing_wp_cron=1780713567.0381369590759277343750 HTTP/1.1" 200 31 "-" "WordPress/7.0; https://myideas.pt"
64.62.156.142 - - [06/Jun/2026:04:39:27 +0200] "GET / HTTP/1.1" 301 5 "-" "Mozilla/5.0 (X11; Linux x86_64; rv:91.0) Gecko/20100101 Firefox/91.0"
206.189.127.129 - - [06/Jun/2026:04:39:55 +0200] "HEAD / HTTP/1.1" 200 0 "-" "downnotifier.com monitoring"
195.184.76.138 - - [06/Jun/2026:04:40:11 +0200] "GET /favicon.ico HTTP/1.1" 404 146 "-" "Mozilla/5.0 (X11; Ubuntu; Linux x86_64; rv:134.0) Gecko/20100101 Firefox/134.0"
75.119.139.177 - - [06/Jun/2026:04:40:27 +0200] "POST /wp-cron.php?doing_wp_cron=1780713627.8480141162872314453125 HTTP/1.1" 200 31 "-" "WordPress/7.0; https://myideas.pt"
205.185.127.250 - - [06/Jun/2026:04:40:27 +0200] "GET /wp-login.php HTTP/1.1" 200 6744 "-" "Mozilla/5.0 (iPad; CPU OS 18_3 like Mac OS X) AppleWebKit/605.1.15 (KHTML, like Gecko) Version/18.3 Mobile/15E148 Safari/604.1"
205.185.127.250 - - [06/Jun/2026:04:41:01 +0200] "POST /wp-login.php HTTP/1.1" 200 7134 "-" "Mozilla/5.0 (iPad; CPU OS 18_3 like Mac OS X) AppleWebKit/605.1.15 (KHTML, like Gecko) Version/18.3 Mobile/15E148 Safari/604.1"
75.119.139.177 - - [06/Jun/2026:04:42:20 +0200] "POST /wp-cron.php?doing_wp_cron=1780713740.7432749271392822265625 HTTP/1.1" 200 31 "-" "WordPress/7.0; https://myideas.pt"
76.74.150.109 - - [06/Jun/2026:04:42:20 +0200] "GET /wp-login.php HTTP/1.1" 200 2256 "-" "Mozilla/5.0 (Windows NT 10.0; Win64; x64) AppleWebKit/537.36 (KHTML, like Gecko) Chrome/120.0.0.0 Safari/537.36"
76.74.150.109 - - [06/Jun/2026:04:42:21 +0200] "POST /wp-login.php HTTP/1.1" 200 2387 "https://www.myideas.pt/wp-login.php" "Mozilla/5.0 (Windows NT 10.0; Win64; x64) AppleWebKit/537.36 (KHTML, like Gecko) Chrome/120.0.0.0 Safari/537.36"
75.119.139.177 - - [06/Jun/2026:04:45:23 +0200] "POST /wp-cron.php?doing_wp_cron=1780713923.2548389434814453125000 HTTP/1.1" 200 31 "-" "WordPress/7.0; https://myideas.pt"
64.62.156.142 - - [06/Jun/2026:04:45:23 +0200] "GET /webui/ HTTP/1.1" 404 12539 "-" "Mozilla/5.0 (Macintosh; Intel Mac OS X 10_15_7) AppleWebKit/537.36 (KHTML, like Gecko) Chrome/124.0.0.0 Safari/537.36 Edg/124.0.0.0"
37.183.129.252 - - [06/Jun/2026:04:47:38 +0200] "GET /ai-on-copywriting/ HTTP/1.1" 200 20732 "-" "Mozilla/5.0 (Macintosh; Intel Mac OS X 12_4_1) AppleWebKit/537.36 (KHTML, like Gecko) Chrome/128.0.6613.36 Safari/537.36"
75.119.139.177 - - [06/Jun/2026:04:48:39 +0200] "POST /wp-cron.php?doing_wp_cron=1780714119.8936219215393066406250 HTTP/1.1" 200 31 "-" "WordPress/7.0; https://myideas.pt"
45.61.186.169 - - [06/Jun/2026:04:48:39 +0200] "GET /wp-login.php HTTP/1.1" 200 6744 "-" "Mozilla/5.0 (iPhone; CPU iPhone OS 16_0 like Mac OS X)"
37.97.137.40 - - [06/Jun/2026:04:48:45 +0200] "HEAD / HTTP/1.1" 301 0 "-" "downnotifier.com monitoring"
37.97.137.40 - - [06/Jun/2026:04:48:46 +0200] "HEAD / HTTP/1.1" 200 0 "-" "downnotifier.com monitoring"
45.61.186.169 - - [06/Jun/2026:04:48:52 +0200] "POST /wp-login.php HTTP/1.1" 200 7138 "-" "Mozilla/5.0 (iPhone; CPU iPhone OS 16_0 like Mac OS X)"
189.75.233.148 - - [06/Jun/2026:04:49:00 +0200] "POST /xmlrpc.php HTTP/1.1" 200 415 "-" "Jetpack by WordPress.com"
189.75.233.148 - - [06/Jun/2026:04:49:10 +0200] "POST /xmlrpc.php HTTP/1.1" 200 415 "-" "WordPress.com; https://wordpress.com"
39.97.110.217 - - [06/Jun/2026:04:49:12 +0200] "GET /wp-login.php HTTP/1.1" 200 2256 "-" "Mozilla/5.0 (Macintosh; Intel Mac OS X 10_15_7) AppleWebKit/605.1.15 (KHTML, like Gecko) Version/18.3 Safari/605.1.15"
39.97.110.217 - - [06/Jun/2026:04:49:15 +0200] "POST /wp-login.php HTTP/1.1" 200 2387 "https://www.myideas.pt/wp-login.php" "Mozilla/5.0 (Macintosh; Intel Mac OS X 10_15_7) AppleWebKit/605.1.15 (KHTML, like Gecko) Version/18.3 Safari/605.1.15"
75.119.139.177 - - [06/Jun/2026:04:49:20 +0200] "POST /wp-cron.php?doing_wp_cron=1780714160.8553140163421630859375 HTTP/1.1" 200 31 "-" "WordPress/7.0; https://myideas.pt"
189.75.233.148 - - [06/Jun/2026:04:49:20 +0200] "POST /xmlrpc.php HTTP/1.1" 200 415 "-" "WordPress.com; https://wordpress.com"
189.75.233.148 - - [06/Jun/2026:04:49:31 +0200] "POST /xmlrpc.php HTTP/1.1" 200 415 "-" "Jetpack by WordPress.com (Jetpack 12.0; WordPress 6.1)"
189.75.233.148 - - [06/Jun/2026:04:49:42 +0200] "POST /xmlrpc.php HTTP/1.1" 200 415 "-" "Jetpack by WordPress.com"
64.62.156.147 - - [06/Jun/2026:04:49:46 +0200] "GET / HTTP/1.1" 301 5 "-" "Mozilla/5.0 (X11; Linux x86_64; rv:91.0) Gecko/20100101 Firefox/91.0"
189.75.233.148 - - [06/Jun/2026:04:49:53 +0200] "POST /xmlrpc.php HTTP/1.1" 200 415 "-" "Jetpack by WordPress.com (Jetpack 13.0; WordPress 6.4)"
139.59.109.12 - - [06/Jun/2026:04:49:54 +0200] "HEAD / HTTP/1.1" 200 0 "-" "downnotifier.com monitoring"
189.75.233.148 - - [06/Jun/2026:04:50:04 +0200] "POST /xmlrpc.php HTTP/1.1" 200 415 "-" "WordPress.com; https://wordpress.com"
189.75.233.148 - - [06/Jun/2026:04:50:14 +0200] "POST /xmlrpc.php HTTP/1.1" 200 415 "-" "WordPress.com; https://wordpress.com"
64.89.160.167 - - [06/Jun/2026:04:50:21 +0200] "GET /admin/plugins/elfinder/connectors/php/connector.php HTTP/1.1" 404 27 "-" "ALittle Client"
75.119.139.177 - - [06/Jun/2026:04:50:25 +0200] "POST /wp-cron.php?doing_wp_cron=1780714225.4651899337768554687500 HTTP/1.1" 200 31 "-" "WordPress/7.0; https://myideas.pt"
189.75.233.148 - - [06/Jun/2026:04:50:25 +0200] "POST /xmlrpc.php HTTP/1.1" 200 415 "-" "Jetpack by WordPress.com"
189.75.233.148 - - [06/Jun/2026:04:50:36 +0200] "POST /xmlrpc.php HTTP/1.1" 200 415 "-" "Jetpack by WordPress.com"
189.75.233.148 - - [06/Jun/2026:04:50:46 +0200] "POST /xmlrpc.php HTTP/1.1" 200 415 "-" "WordPress.com; https://wordpress.com"
198.98.59.131 - - [06/Jun/2026:04:50:54 +0200] "GET /wp-login.php HTTP/1.1" 200 6744 "-" "Mozilla/5.0 (Macintosh; Intel Mac OS X 10_10) AppleWebKit/538.46 (KHTML, like Gecko) Version/8.0 Safari/538.46"
189.75.233.148 - - [06/Jun/2026:04:50:57 +0200] "POST /xmlrpc.php HTTP/1.1" 200 415 "-" "Jetpack by WordPress.com (Jetpack 13.0; WordPress 6.4)"
189.75.233.148 - - [06/Jun/2026:04:51:08 +0200] "POST /xmlrpc.php HTTP/1.1" 200 415 "-" "WordPress.com; https://wordpress.com"
75.119.139.177 - - [06/Jun/2026:04:51:19 +0200] "POST /wp-cron.php?doing_wp_cron=1780714279.0861670970916748046875 HTTP/1.1" 200 31 "-" "WordPress/7.0; https://myideas.pt"
189.75.233.148 - - [06/Jun/2026:04:51:19 +0200] "POST /xmlrpc.php HTTP/1.1" 200 415 "-" "Jetpack by WordPress.com (Jetpack 13.0; WordPress 6.4)"
64.62.156.150 - - [06/Jun/2026:04:51:27 +0200] "GET / HTTP/1.1" 499 0 "-" "Mozilla/5.0 (Windows NT 10.0; Win64; x64; rv:107.0) Gecko/20100101 Firefox/107.0"
189.75.233.148 - - [06/Jun/2026:04:51:29 +0200] "POST /xmlrpc.php HTTP/1.1" 200 415 "-" "Jetpack/12.1; WordPress/6.1; http://site72874327.com"
198.98.59.131 - - [06/Jun/2026:04:51:32 +0200] "POST /wp-login.php HTTP/1.1" 200 7137 "-" "Mozilla/5.0 (Macintosh; Intel Mac OS X 10_10) AppleWebKit/538.46 (KHTML, like Gecko) Version/8.0 Safari/538.46"
189.75.233.148 - - [06/Jun/2026:04:51:40 +0200] "POST /xmlrpc.php HTTP/1.1" 200 415 "-" "Jetpack by WordPress.com (Jetpack 12.5; WordPress 6.4)"
189.75.233.148 - - [06/Jun/2026:04:51:51 +0200] "POST /xmlrpc.php HTTP/1.1" 200 415 "-" "Jetpack by WordPress.com"
189.75.233.148 - - [06/Jun/2026:04:52:02 +0200] "POST /xmlrpc.php HTTP/1.1" 200 415 "-" "Jetpack by WordPress.com"
189.75.233.148 - - [06/Jun/2026:04:52:13 +0200] "POST /xmlrpc.php HTTP/1.1" 200 415 "-" "WordPress.com; https://wordpress.com"
75.119.139.177 - - [06/Jun/2026:04:52:23 +0200] "POST /wp-cron.php?doing_wp_cron=1780714343.6681859493255615234375 HTTP/1.1" 200 31 "-" "WordPress/7.0; https://myideas.pt"
189.75.233.148 - - [06/Jun/2026:04:52:23 +0200] "POST /xmlrpc.php HTTP/1.1" 200 415 "-" "Jetpack/12.0; WordPress/6.4; http://site18580524.com"
66.132.172.143 - - [06/Jun/2026:04:52:30 +0200] "GET /robots.txt HTTP/1.1" 200 986 "-" "Mozilla/5.0 (compatible; CensysInspect/1.1; +https://about.censys.io/)"
66.132.172.143 - - [06/Jun/2026:04:52:33 +0200] "GET /favicon.ico HTTP/1.1" 404 146 "-" "Mozilla/5.0 (compatible; CensysInspect/1.1; +https://about.censys.io/)"
189.75.233.148 - - [06/Jun/2026:04:52:34 +0200] "POST /xmlrpc.php HTTP/1.1" 200 415 "-" "Jetpack by WordPress.com"
66.132.172.143 - - [06/Jun/2026:04:52:35 +0200] "GET /dui92xopgpbrhnmh HTTP/1.1" 404 12549 "-" "Mozilla/5.0 (compatible; CensysInspect/1.1; +https://about.censys.io/)"
189.75.233.148 - - [06/Jun/2026:04:52:45 +0200] "POST /xmlrpc.php HTTP/1.1" 200 415 "-" "Jetpack by WordPress.com"
189.75.233.148 - - [06/Jun/2026:04:52:56 +0200] "POST /xmlrpc.php HTTP/1.1" 200 415 "-" "Jetpack by WordPress.com"
189.75.233.148 - - [06/Jun/2026:04:53:06 +0200] "POST /xmlrpc.php HTTP/1.1" 200 415 "-" "WordPress.com; https://wordpress.com"
75.119.139.177 - - [06/Jun/2026:04:53:17 +0200] "POST /wp-cron.php?doing_wp_cron=1780714397.7006490230560302734375 HTTP/1.1" 200 31 "-" "WordPress/7.0; https://myideas.pt"
189.75.233.148 - - [06/Jun/2026:04:53:17 +0200] "POST /xmlrpc.php HTTP/1.1" 200 415 "-" "Jetpack/13.0; WordPress/6.3; http://site64810743.com"
162.240.228.207 - - [06/Jun/2026:04:53:23 +0200] "POST /xmlrpc.php HTTP/1.1" 200 236 "-" "Mozilla/5.0 (Windows NT 10.0; Win64; x64) AppleWebKit/537.36 (KHTML, like Gecko) Chrome/133.0.0.0 Safari/537.36"
189.75.233.148 - - [06/Jun/2026:04:53:28 +0200] "POST /xmlrpc.php HTTP/1.1" 200 415 "-" "Jetpack by WordPress.com"
189.75.233.148 - - [06/Jun/2026:04:53:39 +0200] "POST /xmlrpc.php HTTP/1.1" 200 415 "-" "Jetpack by WordPress.com"
75.119.139.177 - - [06/Jun/2026:04:53:49 +0200] "POST /wp-cron.php?doing_wp_cron=1780714429.8638839721679687500000 HTTP/1.1" 200 31 "-" "WordPress/7.0; https://myideas.pt"
189.75.233.148 - - [06/Jun/2026:04:53:49 +0200] "POST /xmlrpc.php HTTP/1.1" 200 415 "-" "Jetpack by WordPress.com (Jetpack 13.0; WordPress 6.2)"
91.199.236.33 - - [06/Jun/2026:04:53:58 +0200] "GET /.env.local HTTP/1.1" 404 12542 "-" "Mozilla/5.0 (Windows NT 10.0; Win64; x64) AppleWebKit/537.36 (KHTML, like Gecko) Chrome/124.0.0.0 Safari/537.36 Edg/124.0.0.0"
189.75.233.148 - - [06/Jun/2026:04:54:00 +0200] "POST /xmlrpc.php HTTP/1.1" 200 415 "-" "Jetpack by WordPress.com (Jetpack 12.0; WordPress 6.2)"
91.199.236.33 - - [06/Jun/2026:04:54:10 +0200] "GET /.env.backup HTTP/1.1" 404 12543 "-" "Mozilla/5.0 (Windows NT 10.0; Win64; x64) AppleWebKit/537.36 (KHTML, like Gecko) Chrome/124.0.0.0 Safari/537.36"
189.75.233.148 - - [06/Jun/2026:04:54:11 +0200] "POST /xmlrpc.php HTTP/1.1" 200 415 "-" "Jetpack by WordPress.com"
