62.60.130.230 - - [06/Jun/2026:18:23:09 +0200] "GET /wp-login.php?redirect_to=https%3A%2F%2Fmyideas.pt%2Fwp-admin%2Findex.php&reauth=1 HTTP/1.1" 200 2265 "https://myideas.pt/wp-login.php" "Mozilla/5.0 (Windows NT 10.0; Win64; x64) AppleWebKit/605.1.15 (KHTML, like Gecko) Version/14.1 Safari/605.1.15"
62.60.130.230 - - [06/Jun/2026:18:23:09 +0200] "GET /wp-admin/index.php HTTP/1.1" 302 5 "https://myideas.pt/wp-login.php" "Mozilla/5.0 (Windows NT 10.0; Win64; x64) AppleWebKit/605.1.15 (KHTML, like Gecko) Version/14.1 Safari/605.1.15"
62.60.130.230 - - [06/Jun/2026:18:23:10 +0200] "GET /wp-login.php?redirect_to=https%3A%2F%2Fmyideas.pt%2Fwp-admin%2Findex.php&reauth=1 HTTP/1.1" 200 2265 "https://myideas.pt/wp-login.php" "Mozilla/5.0 (Windows NT 10.0; Win64; x64) AppleWebKit/605.1.15 (KHTML, like Gecko) Version/14.1 Safari/605.1.15"
62.60.130.230 - - [06/Jun/2026:18:23:10 +0200] "POST /wp-login.php HTTP/1.1" 200 2407 "https://myideas.pt/wp-login.php" "Mozilla/5.0 (X11; Linux x86_64) AppleWebKit/537.36 (KHTML, like Gecko) Chrome/93.0.4577.63 Safari/537.36"
62.60.130.230 - - [06/Jun/2026:18:23:11 +0200] "GET /wp-admin/index.php HTTP/1.1" 302 5 "https://myideas.pt/wp-login.php" "Mozilla/5.0 (Macintosh; Intel Mac OS X 10_15_7) AppleWebKit/537.36 (KHTML, like Gecko) Chrome/91.0.4472.124 Safari/537.36"
62.60.130.230 - - [06/Jun/2026:18:23:11 +0200] "GET /wp-login.php?redirect_to=https%3A%2F%2Fmyideas.pt%2Fwp-admin%2Findex.php&reauth=1 HTTP/1.1" 200 2265 "https://myideas.pt/wp-login.php" "Mozilla/5.0 (Macintosh; Intel Mac OS X 10_15_7) AppleWebKit/537.36 (KHTML, like Gecko) Chrome/91.0.4472.124 Safari/537.36"
62.60.130.230 - - [06/Jun/2026:18:23:12 +0200] "GET /wp-admin/index.php HTTP/1.1" 302 5 "https://myideas.pt/wp-login.php" "Mozilla/5.0 (Macintosh; Intel Mac OS X 10_15_7) AppleWebKit/537.36 (KHTML, like Gecko) Chrome/91.0.4472.124 Safari/537.36"
62.60.130.230 - - [06/Jun/2026:18:23:12 +0200] "GET /wp-login.php?redirect_to=https%3A%2F%2Fmyideas.pt%2Fwp-admin%2Findex.php&reauth=1 HTTP/1.1" 200 2265 "https://myideas.pt/wp-login.php" "Mozilla/5.0 (Macintosh; Intel Mac OS X 10_15_7) AppleWebKit/537.36 (KHTML, like Gecko) Chrome/91.0.4472.124 Safari/537.36"
62.60.130.230 - - [06/Jun/2026:18:23:13 +0200] "POST /wp-login.php HTTP/1.1" 200 2407 "https://myideas.pt/wp-login.php" "Mozilla/5.0 (Macintosh; Intel Mac OS X 10_15_7) AppleWebKit/537.36 (KHTML, like Gecko) Chrome/92.0.4515.131 Safari/537.36"
62.60.130.230 - - [06/Jun/2026:18:23:13 +0200] "GET /wp-admin/index.php HTTP/1.1" 302 5 "https://myideas.pt/wp-login.php" "Mozilla/5.0 (Windows NT 6.1; Win64; x64) AppleWebKit/537.36 (KHTML, like Gecko) Chrome/94.0.4606.71 Safari/537.36"
62.60.130.230 - - [06/Jun/2026:18:23:14 +0200] "GET /wp-login.php?redirect_to=https%3A%2F%2Fmyideas.pt%2Fwp-admin%2Findex.php&reauth=1 HTTP/1.1" 200 2265 "https://myideas.pt/wp-login.php" "Mozilla/5.0 (Windows NT 6.1; Win64; x64) AppleWebKit/537.36 (KHTML, like Gecko) Chrome/94.0.4606.71 Safari/537.36"
62.60.130.230 - - [06/Jun/2026:18:23:15 +0200] "GET /wp-admin/index.php HTTP/1.1" 302 5 "https://myideas.pt/wp-login.php" "Mozilla/5.0 (Windows NT 6.1; Win64; x64) AppleWebKit/537.36 (KHTML, like Gecko) Chrome/94.0.4606.71 Safari/537.36"
62.60.130.230 - - [06/Jun/2026:18:23:15 +0200] "GET /wp-login.php?redirect_to=https%3A%2F%2Fmyideas.pt%2Fwp-admin%2Findex.php&reauth=1 HTTP/1.1" 200 2265 "https://myideas.pt/wp-login.php" "Mozilla/5.0 (Windows NT 6.1; Win64; x64) AppleWebKit/537.36 (KHTML, like Gecko) Chrome/94.0.4606.71 Safari/537.36"
75.119.139.177 - - [06/Jun/2026:18:23:16 +0200] "POST /wp-cron.php?doing_wp_cron=1780762996.0065889358520507812500 HTTP/1.1" 200 31 "-" "WordPress/7.0; https://myideas.pt"
62.60.130.230 - - [06/Jun/2026:18:23:16 +0200] "POST /wp-login.php HTTP/1.1" 200 2407 "https://myideas.pt/wp-login.php" "Mozilla/5.0 (Windows NT 6.1; Win64; x64) AppleWebKit/537.36 (KHTML, like Gecko) Chrome/94.0.4606.71 Safari/537.36"
62.60.130.230 - - [06/Jun/2026:18:23:16 +0200] "GET /wp-admin/index.php HTTP/1.1" 302 5 "https://myideas.pt/wp-login.php" "Mozilla/5.0 (Macintosh; Intel Mac OS X 10_15_7) AppleWebKit/537.36 (KHTML, like Gecko) Chrome/93.0.4577.63 Safari/537.36"
62.60.130.230 - - [06/Jun/2026:18:23:17 +0200] "GET /wp-login.php?redirect_to=https%3A%2F%2Fmyideas.pt%2Fwp-admin%2Findex.php&reauth=1 HTTP/1.1" 200 2265 "https://myideas.pt/wp-login.php" "Mozilla/5.0 (Macintosh; Intel Mac OS X 10_15_7) AppleWebKit/537.36 (KHTML, like Gecko) Chrome/93.0.4577.63 Safari/537.36"
62.60.130.230 - - [06/Jun/2026:18:23:17 +0200] "GET /wp-admin/index.php HTTP/1.1" 302 5 "https://myideas.pt/wp-login.php" "Mozilla/5.0 (Macintosh; Intel Mac OS X 10_15_7) AppleWebKit/537.36 (KHTML, like Gecko) Chrome/93.0.4577.63 Safari/537.36"
62.60.130.230 - - [06/Jun/2026:18:23:18 +0200] "GET /wp-login.php?redirect_to=https%3A%2F%2Fmyideas.pt%2Fwp-admin%2Findex.php&reauth=1 HTTP/1.1" 200 2265 "https://myideas.pt/wp-login.php" "Mozilla/5.0 (Macintosh; Intel Mac OS X 10_15_7) AppleWebKit/537.36 (KHTML, like Gecko) Chrome/93.0.4577.63 Safari/537.36"
62.60.130.230 - - [06/Jun/2026:18:23:18 +0200] "POST /wp-login.php HTTP/1.1" 200 2407 "https://myideas.pt/wp-login.php" "Mozilla/5.0 (Windows NT 6.1; Win64; x64; rv:91.0) Gecko/20100101 Firefox/91.0"
62.60.130.230 - - [06/Jun/2026:18:23:19 +0200] "GET /wp-admin/index.php HTTP/1.1" 302 5 "https://myideas.pt/wp-login.php" "Mozilla/5.0 (Windows NT 6.1; Win64; x64; rv:91.0) Gecko/20100101 Firefox/91.0"
62.60.130.230 - - [06/Jun/2026:18:23:19 +0200] "GET /wp-login.php?redirect_to=https%3A%2F%2Fmyideas.pt%2Fwp-admin%2Findex.php&reauth=1 HTTP/1.1" 200 2265 "https://myideas.pt/wp-login.php" "Mozilla/5.0 (Windows NT 6.1; Win64; x64; rv:91.0) Gecko/20100101 Firefox/91.0"
62.60.130.230 - - [06/Jun/2026:18:23:20 +0200] "GET /wp-admin/index.php HTTP/1.1" 302 5 "https://myideas.pt/wp-login.php" "Mozilla/5.0 (Windows NT 6.1; Win64; x64; rv:91.0) Gecko/20100101 Firefox/91.0"
62.60.130.230 - - [06/Jun/2026:18:23:20 +0200] "GET /wp-login.php?redirect_to=https%3A%2F%2Fmyideas.pt%2Fwp-admin%2Findex.php&reauth=1 HTTP/1.1" 200 2265 "https://myideas.pt/wp-login.php" "Mozilla/5.0 (Windows NT 6.1; Win64; x64; rv:91.0) Gecko/20100101 Firefox/91.0"
62.60.130.230 - - [06/Jun/2026:18:23:21 +0200] "POST /wp-login.php HTTP/1.1" 200 2407 "https://myideas.pt/wp-login.php" "Mozilla/5.0 (Macintosh; Intel Mac OS X 10_15_7) AppleWebKit/537.36 (KHTML, like Gecko) Chrome/93.0.4577.63 Safari/537.36"
62.60.130.230 - - [06/Jun/2026:18:23:21 +0200] "GET /wp-admin/index.php HTTP/1.1" 302 5 "https://myideas.pt/wp-login.php" "Mozilla/5.0 (Macintosh; Intel Mac OS X 10_15_7) AppleWebKit/537.36 (KHTML, like Gecko) Chrome/90.0.4430.212 Safari/537.36"
62.60.130.230 - - [06/Jun/2026:18:23:22 +0200] "GET /wp-login.php?redirect_to=https%3A%2F%2Fmyideas.pt%2Fwp-admin%2Findex.php&reauth=1 HTTP/1.1" 200 2265 "https://myideas.pt/wp-login.php" "Mozilla/5.0 (Macintosh; Intel Mac OS X 10_15_7) AppleWebKit/537.36 (KHTML, like Gecko) Chrome/90.0.4430.212 Safari/537.36"
62.60.130.230 - - [06/Jun/2026:18:23:22 +0200] "GET /wp-admin/index.php HTTP/1.1" 302 5 "https://myideas.pt/wp-login.php" "Mozilla/5.0 (Macintosh; Intel Mac OS X 10_15_7) AppleWebKit/537.36 (KHTML, like Gecko) Chrome/90.0.4430.212 Safari/537.36"
62.60.130.230 - - [06/Jun/2026:18:23:23 +0200] "GET /wp-login.php?redirect_to=https%3A%2F%2Fmyideas.pt%2Fwp-admin%2Findex.php&reauth=1 HTTP/1.1" 200 2265 "https://myideas.pt/wp-login.php" "Mozilla/5.0 (Macintosh; Intel Mac OS X 10_15_7) AppleWebKit/537.36 (KHTML, like Gecko) Chrome/90.0.4430.212 Safari/537.36"
62.60.130.230 - - [06/Jun/2026:18:23:23 +0200] "POST /wp-login.php HTTP/1.1" 200 2407 "https://myideas.pt/wp-login.php" "Mozilla/5.0 (Windows NT 10.0; Win64; x64) AppleWebKit/537.36 (KHTML, like Gecko) Chrome/94.0.4606.71 Safari/537.36"
62.60.130.230 - - [06/Jun/2026:18:23:24 +0200] "GET /wp-admin/index.php HTTP/1.1" 302 5 "https://myideas.pt/wp-login.php" "Mozilla/5.0 (Macintosh; Intel Mac OS X 10_15_7) AppleWebKit/537.36 (KHTML, like Gecko) Chrome/91.0.4472.124 Safari/537.36"
62.60.130.230 - - [06/Jun/2026:18:23:25 +0200] "GET /wp-login.php?redirect_to=https%3A%2F%2Fmyideas.pt%2Fwp-admin%2Findex.php&reauth=1 HTTP/1.1" 200 2265 "https://myideas.pt/wp-login.php" "Mozilla/5.0 (Macintosh; Intel Mac OS X 10_15_7) AppleWebKit/537.36 (KHTML, like Gecko) Chrome/91.0.4472.124 Safari/537.36"
62.60.130.230 - - [06/Jun/2026:18:23:25 +0200] "GET /wp-admin/index.php HTTP/1.1" 302 5 "https://myideas.pt/wp-login.php" "Mozilla/5.0 (Macintosh; Intel Mac OS X 10_15_7) AppleWebKit/537.36 (KHTML, like Gecko) Chrome/91.0.4472.124 Safari/537.36"
62.60.130.230 - - [06/Jun/2026:18:23:26 +0200] "GET /wp-login.php?redirect_to=https%3A%2F%2Fmyideas.pt%2Fwp-admin%2Findex.php&reauth=1 HTTP/1.1" 200 2265 "https://myideas.pt/wp-login.php" "Mozilla/5.0 (Macintosh; Intel Mac OS X 10_15_7) AppleWebKit/537.36 (KHTML, like Gecko) Chrome/91.0.4472.124 Safari/537.36"
62.60.130.230 - - [06/Jun/2026:18:23:26 +0200] "POST /wp-login.php HTTP/1.1" 200 2407 "https://myideas.pt/wp-login.php" "Mozilla/5.0 (Windows NT 6.1; Win64; x64) AppleWebKit/537.36 (KHTML, like Gecko) Chrome/93.0.4577.63 Safari/537.36"
62.60.130.230 - - [06/Jun/2026:18:23:27 +0200] "GET /wp-admin/index.php HTTP/1.1" 302 5 "https://myideas.pt/wp-login.php" "Mozilla/5.0 (Windows NT 6.1; Win64; x64) AppleWebKit/537.36 (KHTML, like Gecko) Chrome/91.0.4472.124 Safari/537.36"
62.60.130.230 - - [06/Jun/2026:18:23:27 +0200] "GET /wp-login.php?redirect_to=https%3A%2F%2Fmyideas.pt%2Fwp-admin%2Findex.php&reauth=1 HTTP/1.1" 200 2265 "https://myideas.pt/wp-login.php" "Mozilla/5.0 (Windows NT 6.1; Win64; x64) AppleWebKit/537.36 (KHTML, like Gecko) Chrome/91.0.4472.124 Safari/537.36"
62.60.130.230 - - [06/Jun/2026:18:23:28 +0200] "GET /wp-admin/index.php HTTP/1.1" 302 5 "https://myideas.pt/wp-login.php" "Mozilla/5.0 (Windows NT 6.1; Win64; x64) AppleWebKit/537.36 (KHTML, like Gecko) Chrome/91.0.4472.124 Safari/537.36"
62.60.130.230 - - [06/Jun/2026:18:23:28 +0200] "GET /wp-login.php?redirect_to=https%3A%2F%2Fmyideas.pt%2Fwp-admin%2Findex.php&reauth=1 HTTP/1.1" 200 2265 "https://myideas.pt/wp-login.php" "Mozilla/5.0 (Windows NT 6.1; Win64; x64) AppleWebKit/537.36 (KHTML, like Gecko) Chrome/91.0.4472.124 Safari/537.36"
62.60.130.230 - - [06/Jun/2026:18:23:29 +0200] "POST /wp-login.php HTTP/1.1" 200 2407 "https://myideas.pt/wp-login.php" "Mozilla/5.0 (X11; Linux x86_64; rv:92.0) Gecko/20100101 Firefox/92.0"
62.60.130.230 - - [06/Jun/2026:18:23:29 +0200] "GET /wp-admin/index.php HTTP/1.1" 302 5 "https://myideas.pt/wp-login.php" "Mozilla/5.0 (Macintosh; Intel Mac OS X 10_15_7) AppleWebKit/537.36 (KHTML, like Gecko) Chrome/90.0.4430.212 Safari/537.36"
62.60.130.230 - - [06/Jun/2026:18:23:30 +0200] "GET /wp-login.php?redirect_to=https%3A%2F%2Fmyideas.pt%2Fwp-admin%2Findex.php&reauth=1 HTTP/1.1" 200 2265 "https://myideas.pt/wp-login.php" "Mozilla/5.0 (Macintosh; Intel Mac OS X 10_15_7) AppleWebKit/537.36 (KHTML, like Gecko) Chrome/90.0.4430.212 Safari/537.36"
62.60.130.230 - - [06/Jun/2026:18:23:30 +0200] "GET /wp-admin/index.php HTTP/1.1" 302 5 "https://myideas.pt/wp-login.php" "Mozilla/5.0 (Macintosh; Intel Mac OS X 10_15_7) AppleWebKit/537.36 (KHTML, like Gecko) Chrome/90.0.4430.212 Safari/537.36"
62.60.130.230 - - [06/Jun/2026:18:23:31 +0200] "GET /wp-login.php?redirect_to=https%3A%2F%2Fmyideas.pt%2Fwp-admin%2Findex.php&reauth=1 HTTP/1.1" 200 2265 "https://myideas.pt/wp-login.php" "Mozilla/5.0 (Macintosh; Intel Mac OS X 10_15_7) AppleWebKit/537.36 (KHTML, like Gecko) Chrome/90.0.4430.212 Safari/537.36"
62.60.130.230 - - [06/Jun/2026:18:23:32 +0200] "POST /wp-login.php HTTP/1.1" 200 2407 "https://myideas.pt/wp-login.php" "Mozilla/5.0 (X11; Linux x86_64) AppleWebKit/537.36 (KHTML, like Gecko) Chrome/94.0.4606.71 Safari/537.36"
62.60.130.230 - - [06/Jun/2026:18:23:33 +0200] "GET /wp-admin/index.php HTTP/1.1" 302 5 "https://myideas.pt/wp-login.php" "Mozilla/5.0 (X11; Linux x86_64; rv:90.0) Gecko/20100101 Firefox/90.0.1"
62.60.130.230 - - [06/Jun/2026:18:23:33 +0200] "GET /wp-login.php?redirect_to=https%3A%2F%2Fmyideas.pt%2Fwp-admin%2Findex.php&reauth=1 HTTP/1.1" 200 2265 "https://myideas.pt/wp-login.php" "Mozilla/5.0 (X11; Linux x86_64; rv:90.0) Gecko/20100101 Firefox/90.0.1"
62.60.130.230 - - [06/Jun/2026:18:23:34 +0200] "GET /wp-admin/index.php HTTP/1.1" 302 5 "https://myideas.pt/wp-login.php" "Mozilla/5.0 (X11; Linux x86_64; rv:90.0) Gecko/20100101 Firefox/90.0.1"
62.60.130.230 - - [06/Jun/2026:18:23:35 +0200] "GET /wp-login.php?redirect_to=https%3A%2F%2Fmyideas.pt%2Fwp-admin%2Findex.php&reauth=1 HTTP/1.1" 200 2265 "https://myideas.pt/wp-login.php" "Mozilla/5.0 (X11; Linux x86_64; rv:90.0) Gecko/20100101 Firefox/90.0.1"
62.60.130.230 - - [06/Jun/2026:18:23:35 +0200] "POST /wp-login.php HTTP/1.1" 200 2407 "https://myideas.pt/wp-login.php" "Mozilla/5.0 (Windows NT 10.0; Win64; x64) AppleWebKit/537.36 (KHTML, like Gecko) Chrome/94.0.4606.71 Safari/537.36"
62.60.130.230 - - [06/Jun/2026:18:23:36 +0200] "GET /wp-admin/index.php HTTP/1.1" 302 5 "https://myideas.pt/wp-login.php" "Mozilla/5.0 (X11; Linux x86_64; rv:92.0) Gecko/20100101 Firefox/92.0"
62.60.130.230 - - [06/Jun/2026:18:23:36 +0200] "GET /wp-login.php?redirect_to=https%3A%2F%2Fmyideas.pt%2Fwp-admin%2Findex.php&reauth=1 HTTP/1.1" 200 2265 "https://myideas.pt/wp-login.php" "Mozilla/5.0 (X11; Linux x86_64; rv:92.0) Gecko/20100101 Firefox/92.0"
62.60.130.230 - - [06/Jun/2026:18:23:37 +0200] "GET /wp-admin/index.php HTTP/1.1" 302 5 "https://myideas.pt/wp-login.php" "Mozilla/5.0 (X11; Linux x86_64; rv:92.0) Gecko/20100101 Firefox/92.0"
62.60.130.230 - - [06/Jun/2026:18:23:37 +0200] "GET /wp-login.php?redirect_to=https%3A%2F%2Fmyideas.pt%2Fwp-admin%2Findex.php&reauth=1 HTTP/1.1" 200 2265 "https://myideas.pt/wp-login.php" "Mozilla/5.0 (X11; Linux x86_64; rv:92.0) Gecko/20100101 Firefox/92.0"
62.60.130.230 - - [06/Jun/2026:18:23:38 +0200] "POST /wp-login.php HTTP/1.1" 200 2407 "https://myideas.pt/wp-login.php" "Mozilla/5.0 (Windows NT 6.1; Win64; x64; rv:89.0) Gecko/20100101 Firefox/89.0.2"
62.60.130.230 - - [06/Jun/2026:18:23:39 +0200] "GET /wp-admin/index.php HTTP/1.1" 302 5 "https://myideas.pt/wp-login.php" "Mozilla/5.0 (Windows NT 6.1; Win64; x64) AppleWebKit/537.36 (KHTML, like Gecko) Chrome/91.0.4472.124 Safari/537.36"
62.60.130.230 - - [06/Jun/2026:18:23:39 +0200] "GET /wp-login.php?redirect_to=https%3A%2F%2Fmyideas.pt%2Fwp-admin%2Findex.php&reauth=1 HTTP/1.1" 200 2265 "https://myideas.pt/wp-login.php" "Mozilla/5.0 (Windows NT 6.1; Win64; x64) AppleWebKit/537.36 (KHTML, like Gecko) Chrome/91.0.4472.124 Safari/537.36"
62.60.130.230 - - [06/Jun/2026:18:23:40 +0200] "GET /wp-admin/index.php HTTP/1.1" 302 5 "https://myideas.pt/wp-login.php" "Mozilla/5.0 (Windows NT 6.1; Win64; x64) AppleWebKit/537.36 (KHTML, like Gecko) Chrome/91.0.4472.124 Safari/537.36"
62.60.130.230 - - [06/Jun/2026:18:23:40 +0200] "GET /wp-login.php?redirect_to=https%3A%2F%2Fmyideas.pt%2Fwp-admin%2Findex.php&reauth=1 HTTP/1.1" 200 2265 "https://myideas.pt/wp-login.php" "Mozilla/5.0 (Windows NT 6.1; Win64; x64) AppleWebKit/537.36 (KHTML, like Gecko) Chrome/91.0.4472.124 Safari/537.36"
62.60.130.230 - - [06/Jun/2026:18:23:41 +0200] "POST /wp-login.php HTTP/1.1" 200 2407 "https://myideas.pt/wp-login.php" "Mozilla/5.0 (Windows NT 10.0; Win64; x64) AppleWebKit/537.36 (KHTML, like Gecko) Chrome/93.0.4577.63 Safari/537.36"
62.60.130.230 - - [06/Jun/2026:18:23:41 +0200] "GET /wp-admin/index.php HTTP/1.1" 302 5 "https://myideas.pt/wp-login.php" "Mozilla/5.0 (Windows NT 10.0; Win64; x64) AppleWebKit/605.1.15 (KHTML, like Gecko) Version/14.1.2 Safari/605.1.15"
62.60.130.230 - - [06/Jun/2026:18:23:42 +0200] "GET /wp-login.php?redirect_to=https%3A%2F%2Fmyideas.pt%2Fwp-admin%2Findex.php&reauth=1 HTTP/1.1" 200 2265 "https://myideas.pt/wp-login.php" "Mozilla/5.0 (Windows NT 10.0; Win64; x64) AppleWebKit/605.1.15 (KHTML, like Gecko) Version/14.1.2 Safari/605.1.15"
62.60.130.230 - - [06/Jun/2026:18:23:42 +0200] "GET /wp-admin/index.php HTTP/1.1" 302 5 "https://myideas.pt/wp-login.php" "Mozilla/5.0 (Windows NT 10.0; Win64; x64) AppleWebKit/605.1.15 (KHTML, like Gecko) Version/14.1.2 Safari/605.1.15"
62.60.130.230 - - [06/Jun/2026:18:23:43 +0200] "GET /wp-login.php?redirect_to=https%3A%2F%2Fmyideas.pt%2Fwp-admin%2Findex.php&reauth=1 HTTP/1.1" 200 2265 "https://myideas.pt/wp-login.php" "Mozilla/5.0 (Windows NT 10.0; Win64; x64) AppleWebKit/605.1.15 (KHTML, like Gecko) Version/14.1.2 Safari/605.1.15"
62.60.130.230 - - [06/Jun/2026:18:23:43 +0200] "POST /wp-login.php HTTP/1.1" 200 2407 "https://myideas.pt/wp-login.php" "Mozilla/5.0 (Windows NT 10.0; Win64; x64) AppleWebKit/537.36 (KHTML, like Gecko) Chrome/91.0.4472.124 Safari/537.36"
62.60.130.230 - - [06/Jun/2026:18:23:44 +0200] "GET /wp-admin/index.php HTTP/1.1" 302 5 "https://myideas.pt/wp-login.php" "Mozilla/5.0 (Macintosh; Intel Mac OS X 10_15_7) AppleWebKit/605.1.15 (KHTML, like Gecko) Version/14.0.3 Safari/605.1.15"
62.60.130.230 - - [06/Jun/2026:18:23:44 +0200] "GET /wp-login.php?redirect_to=https%3A%2F%2Fmyideas.pt%2Fwp-admin%2Findex.php&reauth=1 HTTP/1.1" 200 2265 "https://myideas.pt/wp-login.php" "Mozilla/5.0 (Macintosh; Intel Mac OS X 10_15_7) AppleWebKit/605.1.15 (KHTML, like Gecko) Version/14.0.3 Safari/605.1.15"
62.60.130.230 - - [06/Jun/2026:18:23:45 +0200] "GET /wp-admin/index.php HTTP/1.1" 302 5 "https://myideas.pt/wp-login.php" "Mozilla/5.0 (Macintosh; Intel Mac OS X 10_15_7) AppleWebKit/605.1.15 (KHTML, like Gecko) Version/14.0.3 Safari/605.1.15"
62.60.130.230 - - [06/Jun/2026:18:23:45 +0200] "GET /wp-login.php?redirect_to=https%3A%2F%2Fmyideas.pt%2Fwp-admin%2Findex.php&reauth=1 HTTP/1.1" 200 2265 "https://myideas.pt/wp-login.php" "Mozilla/5.0 (Macintosh; Intel Mac OS X 10_15_7) AppleWebKit/605.1.15 (KHTML, like Gecko) Version/14.0.3 Safari/605.1.15"
62.60.130.230 - - [06/Jun/2026:18:23:46 +0200] "POST /wp-login.php HTTP/1.1" 200 2406 "https://myideas.pt/wp-login.php" "Mozilla/5.0 (Macintosh; Intel Mac OS X 10_15_7; rv:93.0) Gecko/20100101 Firefox/93.0"
62.60.130.230 - - [06/Jun/2026:18:23:47 +0200] "GET /wp-admin/index.php HTTP/1.1" 302 5 "https://myideas.pt/wp-login.php" "Mozilla/5.0 (Windows NT 10.0; Win64; x64) AppleWebKit/605.1.15 (KHTML, like Gecko) Version/14.0.3 Safari/605.1.15"
62.60.130.230 - - [06/Jun/2026:18:23:47 +0200] "GET /wp-login.php?redirect_to=https%3A%2F%2Fmyideas.pt%2Fwp-admin%2Findex.php&reauth=1 HTTP/1.1" 200 2265 "https://myideas.pt/wp-login.php" "Mozilla/5.0 (Windows NT 10.0; Win64; x64) AppleWebKit/605.1.15 (KHTML, like Gecko) Version/14.0.3 Safari/605.1.15"
62.60.130.230 - - [06/Jun/2026:18:23:48 +0200] "GET /wp-admin/index.php HTTP/1.1" 302 5 "https://myideas.pt/wp-login.php" "Mozilla/5.0 (Windows NT 10.0; Win64; x64) AppleWebKit/605.1.15 (KHTML, like Gecko) Version/14.0.3 Safari/605.1.15"
62.60.130.230 - - [06/Jun/2026:18:23:48 +0200] "GET /wp-login.php?redirect_to=https%3A%2F%2Fmyideas.pt%2Fwp-admin%2Findex.php&reauth=1 HTTP/1.1" 200 2265 "https://myideas.pt/wp-login.php" "Mozilla/5.0 (Windows NT 10.0; Win64; x64) AppleWebKit/605.1.15 (KHTML, like Gecko) Version/14.0.3 Safari/605.1.15"
62.60.130.230 - - [06/Jun/2026:18:23:49 +0200] "POST /wp-login.php HTTP/1.1" 200 2406 "https://myideas.pt/wp-login.php" "Mozilla/5.0 (X11; Linux x86_64) AppleWebKit/537.36 (KHTML, like Gecko) Chrome/94.0.4606.71 Safari/537.36"
62.60.130.230 - - [06/Jun/2026:18:23:49 +0200] "GET /wp-admin/index.php HTTP/1.1" 302 5 "https://myideas.pt/wp-login.php" "Mozilla/5.0 (Windows NT 10.0; Win64; x64) AppleWebKit/537.36 (KHTML, like Gecko) Chrome/92.0.4515.131 Safari/537.36"
62.60.130.230 - - [06/Jun/2026:18:23:50 +0200] "GET /wp-login.php?redirect_to=https%3A%2F%2Fmyideas.pt%2Fwp-admin%2Findex.php&reauth=1 HTTP/1.1" 200 2265 "https://myideas.pt/wp-login.php" "Mozilla/5.0 (Windows NT 10.0; Win64; x64) AppleWebKit/537.36 (KHTML, like Gecko) Chrome/92.0.4515.131 Safari/537.36"
62.60.130.230 - - [06/Jun/2026:18:23:50 +0200] "GET /wp-admin/index.php HTTP/1.1" 302 5 "https://myideas.pt/wp-login.php" "Mozilla/5.0 (Windows NT 10.0; Win64; x64) AppleWebKit/537.36 (KHTML, like Gecko) Chrome/92.0.4515.131 Safari/537.36"
62.60.130.230 - - [06/Jun/2026:18:23:51 +0200] "GET /wp-login.php?redirect_to=https%3A%2F%2Fmyideas.pt%2Fwp-admin%2Findex.php&reauth=1 HTTP/1.1" 200 2265 "https://myideas.pt/wp-login.php" "Mozilla/5.0 (Windows NT 10.0; Win64; x64) AppleWebKit/537.36 (KHTML, like Gecko) Chrome/92.0.4515.131 Safari/537.36"
62.60.130.230 - - [06/Jun/2026:18:23:51 +0200] "POST /wp-login.php HTTP/1.1" 200 2406 "https://myideas.pt/wp-login.php" "Mozilla/5.0 (X11; Linux x86_64) AppleWebKit/537.36 (KHTML, like Gecko) Chrome/94.0.4606.71 Safari/537.36"
62.60.130.230 - - [06/Jun/2026:18:23:52 +0200] "GET /wp-admin/index.php HTTP/1.1" 302 5 "https://myideas.pt/wp-login.php" "Mozilla/5.0 (Windows NT 6.1; Win64; x64) AppleWebKit/537.36 (KHTML, like Gecko) Chrome/93.0.4577.63 Safari/537.36"
62.60.130.230 - - [06/Jun/2026:18:23:52 +0200] "GET /wp-login.php?redirect_to=https%3A%2F%2Fmyideas.pt%2Fwp-admin%2Findex.php&reauth=1 HTTP/1.1" 200 2265 "https://myideas.pt/wp-login.php" "Mozilla/5.0 (Windows NT 6.1; Win64; x64) AppleWebKit/537.36 (KHTML, like Gecko) Chrome/93.0.4577.63 Safari/537.36"
62.60.130.230 - - [06/Jun/2026:18:23:53 +0200] "GET /wp-admin/index.php HTTP/1.1" 302 5 "https://myideas.pt/wp-login.php" "Mozilla/5.0 (Windows NT 6.1; Win64; x64) AppleWebKit/537.36 (KHTML, like Gecko) Chrome/93.0.4577.63 Safari/537.36"
62.60.130.230 - - [06/Jun/2026:18:23:53 +0200] "GET /wp-login.php?redirect_to=https%3A%2F%2Fmyideas.pt%2Fwp-admin%2Findex.php&reauth=1 HTTP/1.1" 200 2265 "https://myideas.pt/wp-login.php" "Mozilla/5.0 (Windows NT 6.1; Win64; x64) AppleWebKit/537.36 (KHTML, like Gecko) Chrome/93.0.4577.63 Safari/537.36"
62.60.130.230 - - [06/Jun/2026:18:23:54 +0200] "POST /wp-login.php HTTP/1.1" 200 2406 "https://myideas.pt/wp-login.php" "Mozilla/5.0 (Windows NT 6.1; Win64; x64; rv:90.0) Gecko/20100101 Firefox/90.0.1"
62.60.130.230 - - [06/Jun/2026:18:23:54 +0200] "GET /wp-admin/index.php HTTP/1.1" 302 5 "https://myideas.pt/wp-login.php" "Mozilla/5.0 (X11; Linux x86_64) AppleWebKit/537.36 (KHTML, like Gecko) Chrome/93.0.4577.63 Safari/537.36"
62.60.130.230 - - [06/Jun/2026:18:23:55 +0200] "GET /wp-login.php?redirect_to=https%3A%2F%2Fmyideas.pt%2Fwp-admin%2Findex.php&reauth=1 HTTP/1.1" 200 2265 "https://myideas.pt/wp-login.php" "Mozilla/5.0 (X11; Linux x86_64) AppleWebKit/537.36 (KHTML, like Gecko) Chrome/93.0.4577.63 Safari/537.36"
62.60.130.230 - - [06/Jun/2026:18:23:55 +0200] "GET /wp-admin/index.php HTTP/1.1" 302 5 "https://myideas.pt/wp-login.php" "Mozilla/5.0 (X11; Linux x86_64) AppleWebKit/537.36 (KHTML, like Gecko) Chrome/93.0.4577.63 Safari/537.36"
62.60.130.230 - - [06/Jun/2026:18:23:56 +0200] "GET /wp-login.php?redirect_to=https%3A%2F%2Fmyideas.pt%2Fwp-admin%2Findex.php&reauth=1 HTTP/1.1" 200 2265 "https://myideas.pt/wp-login.php" "Mozilla/5.0 (X11; Linux x86_64) AppleWebKit/537.36 (KHTML, like Gecko) Chrome/93.0.4577.63 Safari/537.36"
62.60.130.230 - - [06/Jun/2026:18:23:56 +0200] "POST /wp-login.php HTTP/1.1" 200 2406 "https://myideas.pt/wp-login.php" "Mozilla/5.0 (Windows NT 10.0; Win64; x64) AppleWebKit/537.36 (KHTML, like Gecko) Chrome/91.0.4472.124 Safari/537.36"
62.60.130.230 - - [06/Jun/2026:18:23:57 +0200] "GET /wp-admin/index.php HTTP/1.1" 302 5 "https://myideas.pt/wp-login.php" "Mozilla/5.0 (Macintosh; Intel Mac OS X 10_15_7) AppleWebKit/537.36 (KHTML, like Gecko) Chrome/94.0.4606.71 Safari/537.36"
62.60.130.230 - - [06/Jun/2026:18:23:57 +0200] "GET /wp-login.php?redirect_to=https%3A%2F%2Fmyideas.pt%2Fwp-admin%2Findex.php&reauth=1 HTTP/1.1" 200 2265 "https://myideas.pt/wp-login.php" "Mozilla/5.0 (Macintosh; Intel Mac OS X 10_15_7) AppleWebKit/537.36 (KHTML, like Gecko) Chrome/94.0.4606.71 Safari/537.36"
62.60.130.230 - - [06/Jun/2026:18:23:58 +0200] "GET /wp-admin/index.php HTTP/1.1" 302 5 "https://myideas.pt/wp-login.php" "Mozilla/5.0 (Macintosh; Intel Mac OS X 10_15_7) AppleWebKit/537.36 (KHTML, like Gecko) Chrome/94.0.4606.71 Safari/537.36"
62.60.130.230 - - [06/Jun/2026:18:23:58 +0200] "GET /wp-login.php?redirect_to=https%3A%2F%2Fmyideas.pt%2Fwp-admin%2Findex.php&reauth=1 HTTP/1.1" 200 2265 "https://myideas.pt/wp-login.php" "Mozilla/5.0 (Macintosh; Intel Mac OS X 10_15_7) AppleWebKit/537.36 (KHTML, like Gecko) Chrome/94.0.4606.71 Safari/537.36"
62.60.130.230 - - [06/Jun/2026:18:23:59 +0200] "POST /wp-login.php HTTP/1.1" 200 2406 "https://myideas.pt/wp-login.php" "Mozilla/5.0 (Windows NT 10.0; Win64; x64) AppleWebKit/537.36 (KHTML, like Gecko) Chrome/92.0.4515.131 Safari/537.36"
62.60.130.230 - - [06/Jun/2026:18:24:00 +0200] "GET /wp-admin/index.php HTTP/1.1" 302 5 "https://myideas.pt/wp-login.php" "Mozilla/5.0 (Windows NT 6.1; Win64; x64) AppleWebKit/537.36 (KHTML, like Gecko) Chrome/94.0.4606.71 Safari/537.36"
62.60.130.230 - - [06/Jun/2026:18:24:00 +0200] "GET /wp-login.php?redirect_to=https%3A%2F%2Fmyideas.pt%2Fwp-admin%2Findex.php&reauth=1 HTTP/1.1" 200 2265 "https://myideas.pt/wp-login.php" "Mozilla/5.0 (Windows NT 6.1; Win64; x64) AppleWebKit/537.36 (KHTML, like Gecko) Chrome/94.0.4606.71 Safari/537.36"
62.60.130.230 - - [06/Jun/2026:18:24:01 +0200] "GET /wp-admin/index.php HTTP/1.1" 302 5 "https://myideas.pt/wp-login.php" "Mozilla/5.0 (Windows NT 6.1; Win64; x64) AppleWebKit/537.36 (KHTML, like Gecko) Chrome/94.0.4606.71 Safari/537.36"
62.60.130.230 - - [06/Jun/2026:18:24:01 +0200] "GET /wp-login.php?redirect_to=https%3A%2F%2Fmyideas.pt%2Fwp-admin%2Findex.php&reauth=1 HTTP/1.1" 200 2265 "https://myideas.pt/wp-login.php" "Mozilla/5.0 (Windows NT 6.1; Win64; x64) AppleWebKit/537.36 (KHTML, like Gecko) Chrome/94.0.4606.71 Safari/537.36"
62.60.130.230 - - [06/Jun/2026:18:24:02 +0200] "POST /wp-login.php HTTP/1.1" 200 2406 "https://myideas.pt/wp-login.php" "Mozilla/5.0 (X11; Linux x86_64) AppleWebKit/537.36 (KHTML, like Gecko) Chrome/93.0.4577.63 Safari/537.36"
62.60.130.230 - - [06/Jun/2026:18:24:03 +0200] "GET /wp-admin/index.php HTTP/1.1" 302 5 "https://myideas.pt/wp-login.php" "Mozilla/5.0 (X11; Linux x86_64) AppleWebKit/537.36 (KHTML, like Gecko) Chrome/90.0.4430.212 Safari/537.36"
62.60.130.230 - - [06/Jun/2026:18:24:03 +0200] "GET /wp-login.php?redirect_to=https%3A%2F%2Fmyideas.pt%2Fwp-admin%2Findex.php&reauth=1 HTTP/1.1" 200 2265 "https://myideas.pt/wp-login.php" "Mozilla/5.0 (X11; Linux x86_64) AppleWebKit/537.36 (KHTML, like Gecko) Chrome/90.0.4430.212 Safari/537.36"
62.60.130.230 - - [06/Jun/2026:18:24:04 +0200] "GET /wp-admin/index.php HTTP/1.1" 302 5 "https://myideas.pt/wp-login.php" "Mozilla/5.0 (X11; Linux x86_64) AppleWebKit/537.36 (KHTML, like Gecko) Chrome/90.0.4430.212 Safari/537.36"
62.60.130.230 - - [06/Jun/2026:18:24:05 +0200] "GET /wp-login.php?redirect_to=https%3A%2F%2Fmyideas.pt%2Fwp-admin%2Findex.php&reauth=1 HTTP/1.1" 200 2265 "https://myideas.pt/wp-login.php" "Mozilla/5.0 (X11; Linux x86_64) AppleWebKit/537.36 (KHTML, like Gecko) Chrome/90.0.4430.212 Safari/537.36"
62.60.130.230 - - [06/Jun/2026:18:24:05 +0200] "POST /wp-login.php HTTP/1.1" 200 2406 "https://myideas.pt/wp-login.php" "Mozilla/5.0 (X11; Linux x86_64; rv:93.0) Gecko/20100101 Firefox/93.0"
62.60.130.230 - - [06/Jun/2026:18:24:06 +0200] "GET /wp-admin/index.php HTTP/1.1" 302 5 "https://myideas.pt/wp-login.php" "Mozilla/5.0 (Windows NT 10.0; Win64; x64) AppleWebKit/605.1.15 (KHTML, like Gecko) Version/14.1 Safari/605.1.15"
62.60.130.230 - - [06/Jun/2026:18:24:06 +0200] "GET /wp-login.php?redirect_to=https%3A%2F%2Fmyideas.pt%2Fwp-admin%2Findex.php&reauth=1 HTTP/1.1" 200 2265 "https://myideas.pt/wp-login.php" "Mozilla/5.0 (Windows NT 10.0; Win64; x64) AppleWebKit/605.1.15 (KHTML, like Gecko) Version/14.1 Safari/605.1.15"
62.60.130.230 - - [06/Jun/2026:18:24:07 +0200] "GET /wp-admin/index.php HTTP/1.1" 302 5 "https://myideas.pt/wp-login.php" "Mozilla/5.0 (Windows NT 10.0; Win64; x64) AppleWebKit/605.1.15 (KHTML, like Gecko) Version/14.1 Safari/605.1.15"
62.60.130.230 - - [06/Jun/2026:18:24:07 +0200] "GET /wp-login.php?redirect_to=https%3A%2F%2Fmyideas.pt%2Fwp-admin%2Findex.php&reauth=1 HTTP/1.1" 200 2265 "https://myideas.pt/wp-login.php" "Mozilla/5.0 (Windows NT 10.0; Win64; x64) AppleWebKit/605.1.15 (KHTML, like Gecko) Version/14.1 Safari/605.1.15"
62.60.130.230 - - [06/Jun/2026:18:24:08 +0200] "POST /wp-login.php HTTP/1.1" 200 2406 "https://myideas.pt/wp-login.php" "Mozilla/5.0 (Macintosh; Intel Mac OS X 10_15_7; rv:91.0) Gecko/20100101 Firefox/91.0"
62.60.130.230 - - [06/Jun/2026:18:24:08 +0200] "GET /wp-admin/index.php HTTP/1.1" 302 5 "https://myideas.pt/wp-login.php" "Mozilla/5.0 (Windows NT 10.0; Win64; x64) AppleWebKit/605.1.15 (KHTML, like Gecko) Version/14.1 Safari/605.1.15"
62.60.130.230 - - [06/Jun/2026:18:24:09 +0200] "GET /wp-login.php?redirect_to=https%3A%2F%2Fmyideas.pt%2Fwp-admin%2Findex.php&reauth=1 HTTP/1.1" 200 2265 "https://myideas.pt/wp-login.php" "Mozilla/5.0 (Windows NT 10.0; Win64; x64) AppleWebKit/605.1.15 (KHTML, like Gecko) Version/14.1 Safari/605.1.15"
62.60.130.230 - - [06/Jun/2026:18:24:10 +0200] "GET /wp-admin/index.php HTTP/1.1" 302 5 "https://myideas.pt/wp-login.php" "Mozilla/5.0 (Windows NT 10.0; Win64; x64) AppleWebKit/605.1.15 (KHTML, like Gecko) Version/14.1 Safari/605.1.15"
62.60.130.230 - - [06/Jun/2026:18:24:10 +0200] "GET /wp-login.php?redirect_to=https%3A%2F%2Fmyideas.pt%2Fwp-admin%2Findex.php&reauth=1 HTTP/1.1" 200 2265 "https://myideas.pt/wp-login.php" "Mozilla/5.0 (Windows NT 10.0; Win64; x64) AppleWebKit/605.1.15 (KHTML, like Gecko) Version/14.1 Safari/605.1.15"
62.60.130.230 - - [06/Jun/2026:18:24:11 +0200] "POST /wp-login.php HTTP/1.1" 200 2406 "https://myideas.pt/wp-login.php" "Mozilla/5.0 (Windows NT 10.0; Win64; x64; rv:91.0) Gecko/20100101 Firefox/91.0"
62.60.130.230 - - [06/Jun/2026:18:24:11 +0200] "GET /wp-admin/index.php HTTP/1.1" 302 5 "https://myideas.pt/wp-login.php" "Mozilla/5.0 (Windows NT 10.0; Win64; x64) AppleWebKit/537.36 (KHTML, like Gecko) Chrome/93.0.4577.63 Safari/537.36"
62.60.130.230 - - [06/Jun/2026:18:24:12 +0200] "GET /wp-login.php?redirect_to=https%3A%2F%2Fmyideas.pt%2Fwp-admin%2Findex.php&reauth=1 HTTP/1.1" 200 2265 "https://myideas.pt/wp-login.php" "Mozilla/5.0 (Windows NT 10.0; Win64; x64) AppleWebKit/537.36 (KHTML, like Gecko) Chrome/93.0.4577.63 Safari/537.36"
62.60.130.230 - - [06/Jun/2026:18:24:12 +0200] "GET /wp-admin/index.php HTTP/1.1" 302 5 "https://myideas.pt/wp-login.php" "Mozilla/5.0 (Windows NT 10.0; Win64; x64) AppleWebKit/537.36 (KHTML, like Gecko) Chrome/93.0.4577.63 Safari/537.36"
62.60.130.230 - - [06/Jun/2026:18:24:13 +0200] "GET /wp-login.php?redirect_to=https%3A%2F%2Fmyideas.pt%2Fwp-admin%2Findex.php&reauth=1 HTTP/1.1" 200 2265 "https://myideas.pt/wp-login.php" "Mozilla/5.0 (Windows NT 10.0; Win64; x64) AppleWebKit/537.36 (KHTML, like Gecko) Chrome/93.0.4577.63 Safari/537.36"
62.60.130.230 - - [06/Jun/2026:18:24:13 +0200] "POST /wp-login.php HTTP/1.1" 200 2406 "https://myideas.pt/wp-login.php" "Mozilla/5.0 (Macintosh; Intel Mac OS X 10_15_7) AppleWebKit/605.1.15 (KHTML, like Gecko) Version/14.1 Safari/605.1.15"
62.60.130.230 - - [06/Jun/2026:18:24:14 +0200] "GET /wp-admin/index.php HTTP/1.1" 302 5 "https://myideas.pt/wp-login.php" "Mozilla/5.0 (Macintosh; Intel Mac OS X 10_15_7) AppleWebKit/537.36 (KHTML, like Gecko) Chrome/92.0.4515.131 Safari/537.36"
62.60.130.230 - - [06/Jun/2026:18:24:14 +0200] "GET /wp-login.php?redirect_to=https%3A%2F%2Fmyideas.pt%2Fwp-admin%2Findex.php&reauth=1 HTTP/1.1" 200 2265 "https://myideas.pt/wp-login.php" "Mozilla/5.0 (Macintosh; Intel Mac OS X 10_15_7) AppleWebKit/537.36 (KHTML, like Gecko) Chrome/92.0.4515.131 Safari/537.36"
62.60.130.230 - - [06/Jun/2026:18:24:15 +0200] "GET /wp-admin/index.php HTTP/1.1" 302 5 "https://myideas.pt/wp-login.php" "Mozilla/5.0 (Macintosh; Intel Mac OS X 10_15_7) AppleWebKit/537.36 (KHTML, like Gecko) Chrome/92.0.4515.131 Safari/537.36"
62.60.130.230 - - [06/Jun/2026:18:24:15 +0200] "GET /wp-login.php?redirect_to=https%3A%2F%2Fmyideas.pt%2Fwp-admin%2Findex.php&reauth=1 HTTP/1.1" 200 2265 "https://myideas.pt/wp-login.php" "Mozilla/5.0 (Macintosh; Intel Mac OS X 10_15_7) AppleWebKit/537.36 (KHTML, like Gecko) Chrome/92.0.4515.131 Safari/537.36"
75.119.139.177 - - [06/Jun/2026:18:24:16 +0200] "POST /wp-cron.php?doing_wp_cron=1780763056.4190390110015869140625 HTTP/1.1" 200 31 "-" "WordPress/7.0; https://myideas.pt"
62.60.130.230 - - [06/Jun/2026:18:24:16 +0200] "POST /wp-login.php HTTP/1.1" 200 2406 "https://myideas.pt/wp-login.php" "Mozilla/5.0 (Windows NT 10.0; Win64; x64) AppleWebKit/537.36 (KHTML, like Gecko) Chrome/94.0.4606.71 Safari/537.36"
62.60.130.230 - - [06/Jun/2026:18:24:17 +0200] "GET /wp-admin/index.php HTTP/1.1" 302 5 "https://myideas.pt/wp-login.php" "Mozilla/5.0 (Windows NT 10.0; Win64; x64) AppleWebKit/537.36 (KHTML, like Gecko) Chrome/92.0.4515.131 Safari/537.36"
62.60.130.230 - - [06/Jun/2026:18:24:17 +0200] "GET /wp-login.php?redirect_to=https%3A%2F%2Fmyideas.pt%2Fwp-admin%2Findex.php&reauth=1 HTTP/1.1" 200 2265 "https://myideas.pt/wp-login.php" "Mozilla/5.0 (Windows NT 10.0; Win64; x64) AppleWebKit/537.36 (KHTML, like Gecko) Chrome/92.0.4515.131 Safari/537.36"
62.60.130.230 - - [06/Jun/2026:18:24:18 +0200] "GET /wp-admin/index.php HTTP/1.1" 302 5 "https://myideas.pt/wp-login.php" "Mozilla/5.0 (Windows NT 10.0; Win64; x64) AppleWebKit/537.36 (KHTML, like Gecko) Chrome/92.0.4515.131 Safari/537.36"
62.60.130.230 - - [06/Jun/2026:18:24:18 +0200] "GET /wp-login.php?redirect_to=https%3A%2F%2Fmyideas.pt%2Fwp-admin%2Findex.php&reauth=1 HTTP/1.1" 200 2265 "https://myideas.pt/wp-login.php" "Mozilla/5.0 (Windows NT 10.0; Win64; x64) AppleWebKit/537.36 (KHTML, like Gecko) Chrome/92.0.4515.131 Safari/537.36"
62.60.130.230 - - [06/Jun/2026:18:24:19 +0200] "POST /wp-login.php HTTP/1.1" 200 2406 "https://myideas.pt/wp-login.php" "Mozilla/5.0 (Macintosh; Intel Mac OS X 10_15_7) AppleWebKit/537.36 (KHTML, like Gecko) Chrome/90.0.4430.212 Safari/537.36"
62.60.130.230 - - [06/Jun/2026:18:24:19 +0200] "GET /wp-admin/index.php HTTP/1.1" 302 5 "https://myideas.pt/wp-login.php" "Mozilla/5.0 (Macintosh; Intel Mac OS X 10_15_7) AppleWebKit/537.36 (KHTML, like Gecko) Chrome/94.0.4606.71 Safari/537.36"
62.60.130.230 - - [06/Jun/2026:18:24:20 +0200] "GET /wp-login.php?redirect_to=https%3A%2F%2Fmyideas.pt%2Fwp-admin%2Findex.php&reauth=1 HTTP/1.1" 200 2265 "https://myideas.pt/wp-login.php" "Mozilla/5.0 (Macintosh; Intel Mac OS X 10_15_7) AppleWebKit/537.36 (KHTML, like Gecko) Chrome/94.0.4606.71 Safari/537.36"
62.60.130.230 - - [06/Jun/2026:18:24:20 +0200] "GET /wp-admin/index.php HTTP/1.1" 302 5 "https://myideas.pt/wp-login.php" "Mozilla/5.0 (Macintosh; Intel Mac OS X 10_15_7) AppleWebKit/537.36 (KHTML, like Gecko) Chrome/94.0.4606.71 Safari/537.36"
62.60.130.230 - - [06/Jun/2026:18:24:21 +0200] "GET /wp-login.php?redirect_to=https%3A%2F%2Fmyideas.pt%2Fwp-admin%2Findex.php&reauth=1 HTTP/1.1" 200 2265 "https://myideas.pt/wp-login.php" "Mozilla/5.0 (Macintosh; Intel Mac OS X 10_15_7) AppleWebKit/537.36 (KHTML, like Gecko) Chrome/94.0.4606.71 Safari/537.36"
62.60.130.230 - - [06/Jun/2026:18:24:21 +0200] "POST /wp-login.php HTTP/1.1" 200 2406 "https://myideas.pt/wp-login.php" "Mozilla/5.0 (Macintosh; Intel Mac OS X 10_15_7) AppleWebKit/605.1.15 (KHTML, like Gecko) Version/14.1.1 Safari/605.1.15"
62.60.130.230 - - [06/Jun/2026:18:24:22 +0200] "GET /wp-admin/index.php HTTP/1.1" 302 5 "https://myideas.pt/wp-login.php" "Mozilla/5.0 (Macintosh; Intel Mac OS X 10_15_7) AppleWebKit/605.1.15 (KHTML, like Gecko) Version/14.1.2 Safari/605.1.15"
62.60.130.230 - - [06/Jun/2026:18:24:22 +0200] "GET /wp-login.php?redirect_to=https%3A%2F%2Fmyideas.pt%2Fwp-admin%2Findex.php&reauth=1 HTTP/1.1" 200 2265 "https://myideas.pt/wp-login.php" "Mozilla/5.0 (Macintosh; Intel Mac OS X 10_15_7) AppleWebKit/605.1.15 (KHTML, like Gecko) Version/14.1.2 Safari/605.1.15"
62.60.130.230 - - [06/Jun/2026:18:24:23 +0200] "GET /wp-admin/index.php HTTP/1.1" 302 5 "https://myideas.pt/wp-login.php" "Mozilla/5.0 (Macintosh; Intel Mac OS X 10_15_7) AppleWebKit/605.1.15 (KHTML, like Gecko) Version/14.1.2 Safari/605.1.15"
62.60.130.230 - - [06/Jun/2026:18:24:23 +0200] "GET /wp-login.php?redirect_to=https%3A%2F%2Fmyideas.pt%2Fwp-admin%2Findex.php&reauth=1 HTTP/1.1" 200 2265 "https://myideas.pt/wp-login.php" "Mozilla/5.0 (Macintosh; Intel Mac OS X 10_15_7) AppleWebKit/605.1.15 (KHTML, like Gecko) Version/14.1.2 Safari/605.1.15"
62.60.130.230 - - [06/Jun/2026:18:24:24 +0200] "POST /wp-login.php HTTP/1.1" 200 2406 "https://myideas.pt/wp-login.php" "Mozilla/5.0 (Macintosh; Intel Mac OS X 10_15_7; rv:89.0) Gecko/20100101 Firefox/89.0.2"
62.60.130.230 - - [06/Jun/2026:18:24:24 +0200] "GET /wp-admin/index.php HTTP/1.1" 302 5 "https://myideas.pt/wp-login.php" "Mozilla/5.0 (Macintosh; Intel Mac OS X 10_15_7) AppleWebKit/605.1.15 (KHTML, like Gecko) Version/14.1.2 Safari/605.1.15"
62.60.130.230 - - [06/Jun/2026:18:24:25 +0200] "GET /wp-login.php?redirect_to=https%3A%2F%2Fmyideas.pt%2Fwp-admin%2Findex.php&reauth=1 HTTP/1.1" 200 2265 "https://myideas.pt/wp-login.php" "Mozilla/5.0 (Macintosh; Intel Mac OS X 10_15_7) AppleWebKit/605.1.15 (KHTML, like Gecko) Version/14.1.2 Safari/605.1.15"
62.60.130.230 - - [06/Jun/2026:18:24:25 +0200] "GET /wp-admin/index.php HTTP/1.1" 302 5 "https://myideas.pt/wp-login.php" "Mozilla/5.0 (Macintosh; Intel Mac OS X 10_15_7) AppleWebKit/605.1.15 (KHTML, like Gecko) Version/14.1.2 Safari/605.1.15"
62.60.130.230 - - [06/Jun/2026:18:24:26 +0200] "GET /wp-login.php?redirect_to=https%3A%2F%2Fmyideas.pt%2Fwp-admin%2Findex.php&reauth=1 HTTP/1.1" 200 2265 "https://myideas.pt/wp-login.php" "Mozilla/5.0 (Macintosh; Intel Mac OS X 10_15_7) AppleWebKit/605.1.15 (KHTML, like Gecko) Version/14.1.2 Safari/605.1.15"
107.189.13.180 - - [06/Jun/2026:18:24:55 +0200] "GET / HTTP/1.1" 301 5 "https://www.myideas.pt" "Mozilla/5.0 (X11; Linux x86_64) AppleWebKit/537.36 (KHTML, like Gecko) Chrome/140.0.0.0 Safari/537.36"
107.189.13.180 - - [06/Jun/2026:18:24:56 +0200] "GET / HTTP/1.1" 200 172309 "https://www.myideas.pt" "Mozilla/5.0 (X11; Linux x86_64) AppleWebKit/537.36 (KHTML, like Gecko) Chrome/140.0.0.0 Safari/537.36"
51.68.107.137 - - [06/Jun/2026:18:25:36 +0200] "GET /robots.txt HTTP/1.1" 200 986 "-" "Mozilla/5.0 (compatible; MJ12bot/v2.0.5; http://mj12bot.com/)"
51.68.107.137 - - [06/Jun/2026:18:25:36 +0200] "GET / HTTP/1.1" 200 24292 "-" "Mozilla/5.0 (compatible; MJ12bot/v2.0.5; http://mj12bot.com/)"
75.119.139.177 - - [06/Jun/2026:18:27:28 +0200] "POST /wp-cron.php?doing_wp_cron=1780763248.5176579952239990234375 HTTP/1.1" 200 31 "-" "WordPress/7.0; https://myideas.pt"
64.89.163.50 - - [06/Jun/2026:18:27:28 +0200] "GET /.env HTTP/1.1" 404 66624 "-" "Mozilla/5.0 (Windows NT 10.0; Win64; x64) AppleWebKit/537.36 (KHTML, like Gecko) Chrome/137.0.0.0 Safari/537.36"
75.119.139.177 - - [06/Jun/2026:18:27:48 +0200] "POST /wp-cron.php?doing_wp_cron=1780763268.7242529392242431640625 HTTP/1.1" 200 31 "-" "WordPress/7.0; https://myideas.pt"
185.191.171.2 - - [06/Jun/2026:18:27:48 +0200] "GET /pt/solucoes-de-marketing/ HTTP/1.1" 200 16091 "-" "Mozilla/5.0 (compatible; SemrushBot/7~bl; +http://www.semrush.com/bot.html)"
75.119.139.177 - - [06/Jun/2026:18:28:52 +0200] "POST /wp-cron.php?doing_wp_cron=1780763332.8179719448089599609375 HTTP/1.1" 200 31 "-" "WordPress/7.0; https://myideas.pt"
37.97.137.40 - - [06/Jun/2026:18:28:52 +0200] "HEAD / HTTP/1.1" 301 0 "-" "downnotifier.com monitoring"
37.97.137.40 - - [06/Jun/2026:18:28:53 +0200] "HEAD / HTTP/1.1" 200 0 "-" "downnotifier.com monitoring"
75.119.139.177 - - [06/Jun/2026:18:30:18 +0200] "POST /wp-cron.php?doing_wp_cron=1780763418.8953471183776855468750 HTTP/1.1" 200 31 "-" "WordPress/7.0; https://myideas.pt"
37.97.137.40 - - [06/Jun/2026:18:30:18 +0200] "HEAD / HTTP/1.1" 200 0 "-" "downnotifier.com monitoring"
34.105.42.207 - - [06/Jun/2026:18:33:02 +0200] "GET /wp-content/uploads/2025/03/MYIDEAS_PAROQUIA_TELHEIRAS_WEBSITE_3.jpg HTTP/1.1" 200 279118 "-" "Mozilla/5.0 (X11; Linux x86_64) AppleWebKit/537.36 (KHTML, like Gecko) Chrome/91.0.4472.114 Safari/537.36"
75.119.139.177 - - [06/Jun/2026:18:34:40 +0200] "POST /wp-cron.php?doing_wp_cron=1780763680.7746009826660156250000 HTTP/1.1" 200 31 "-" "WordPress/7.0; https://myideas.pt"
209.141.60.58 - - [06/Jun/2026:18:34:40 +0200] "GET /wp-login.php HTTP/1.1" 200 6744 "-" "Mozilla/5.0 (Macintosh; Intel Mac OS X 10_15_7) AppleWebKit/605.1.15 (KHTML, like Gecko) Version/18.3 Safari/605.1.15"
75.119.139.177 - - [06/Jun/2026:18:35:57 +0200] "POST /wp-cron.php?doing_wp_cron=1780763757.1138050556182861328125 HTTP/1.1" 200 31 "-" "WordPress/7.0; https://myideas.pt"
158.94.210.233 - - [06/Jun/2026:18:35:57 +0200] "GET /.git/HEAD HTTP/1.1" 404 12544 "-" "Mozilla/5.0 (Macintosh; Intel Mac OS X 10_15_7) AppleWebKit/605.1.15 (KHTML, like Gecko) Version/14.1.2 Safari/605.1.15"
75.119.139.177 - - [06/Jun/2026:18:36:19 +0200] "POST /wp-cron.php?doing_wp_cron=1780763779.4885890483856201171875 HTTP/1.1" 200 31 "-" "WordPress/7.0; https://myideas.pt"
209.141.60.58 - - [06/Jun/2026:18:36:19 +0200] "POST /wp-login.php HTTP/1.1" 200 7148 "-" "Mozilla/5.0 (Macintosh; Intel Mac OS X 10_15_7) AppleWebKit/605.1.15 (KHTML, like Gecko) Version/18.3 Safari/605.1.15"
75.119.139.177 - - [06/Jun/2026:18:38:51 +0200] "POST /wp-cron.php?doing_wp_cron=1780763931.9219870567321777343750 HTTP/1.1" 200 31 "-" "WordPress/7.0; https://myideas.pt"
206.189.127.129 - - [06/Jun/2026:18:38:51 +0200] "HEAD / HTTP/1.1" 301 0 "-" "downnotifier.com monitoring"
206.189.127.129 - - [06/Jun/2026:18:38:52 +0200] "HEAD / HTTP/1.1" 200 0 "-" "downnotifier.com monitoring"
75.119.139.177 - - [06/Jun/2026:18:40:17 +0200] "POST /wp-cron.php?doing_wp_cron=1780764017.0221059322357177734375 HTTP/1.1" 200 31 "-" "WordPress/7.0; https://myideas.pt"
104.236.216.73 - - [06/Jun/2026:18:40:17 +0200] "HEAD / HTTP/1.1" 200 0 "-" "downnotifier.com monitoring"
75.119.139.177 - - [06/Jun/2026:18:42:43 +0200] "POST /wp-cron.php?doing_wp_cron=1780764163.3202500343322753906250 HTTP/1.1" 200 31 "-" "WordPress/7.0; https://myideas.pt"
109.156.210.30 - - [06/Jun/2026:18:42:43 +0200] "GET /sitemap-hot-2280152.xml HTTP/1.1" 404 70717 "-" "Mozilla/4.0 (compatible; MSIE 5.0; Windows NT 6.0; Trident/4.0; InfoPath.1; SV1; .NET CLR 3.0.04506.648; .NET4.0C; .NET4.0E)"
75.119.139.177 - - [06/Jun/2026:18:43:54 +0200] "POST /wp-cron.php?doing_wp_cron=1780764234.4488279819488525390625 HTTP/1.1" 200 31 "-" "WordPress/7.0; https://myideas.pt"
209.141.61.179 - - [06/Jun/2026:18:43:54 +0200] "GET /wp-login.php HTTP/1.1" 200 6744 "-" "Mozilla/5.0 (X11; Ubuntu; Linux x86_64; rv:122.0) Gecko/20100101 Firefox/122.0"
75.119.139.177 - - [06/Jun/2026:18:44:21 +0200] "POST /wp-cron.php?doing_wp_cron=1780764260.9457190036773681640625 HTTP/1.1" 200 31 "-" "WordPress/7.0; https://myideas.pt"
209.141.61.179 - - [06/Jun/2026:18:44:21 +0200] "POST /wp-login.php HTTP/1.1" 200 7141 "-" "Mozilla/5.0 (X11; Ubuntu; Linux x86_64; rv:122.0) Gecko/20100101 Firefox/122.0"
77.75.72.26 - - [06/Jun/2026:18:44:31 +0200] "GET /post-sitemap.xml HTTP/1.1" 200 659 "-" "Mozilla/5.0 (compatible; SeznamBot/4.0; +https://o-seznam.cz/napoveda/vyhledavani/en/seznambot-crawler/)"
45.148.10.67 - - [06/Jun/2026:18:44:55 +0200] "GET / HTTP/1.1" 301 5 "-" "Mozilla/5.0 (Windows NT 10.0; Win64; x64) AppleWebKit/537.36 (KHTML, like Gecko) Chrome/131.0.0.0 Safari/537.36"
45.148.10.67 - - [06/Jun/2026:18:44:55 +0200] "GET / HTTP/1.1" 200 24292 "https://75.119.139.177:443/" "Mozilla/5.0 (Windows NT 10.0; Win64; x64) AppleWebKit/537.36 (KHTML, like Gecko) Chrome/131.0.0.0 Safari/537.36"
34.61.96.200 - - [06/Jun/2026:18:46:05 +0200] "GET / HTTP/1.1" 200 24292 "-" "Mozilla/5.0 AppleWebKit/537.36 (KHTML, like Gecko; compatible; SleepBot/1.0; +http://sleepbot.com/) Chrome/131.0.0.0 Safari/537.36"
75.119.139.177 - - [06/Jun/2026:18:47:10 +0200] "POST /wp-cron.php?doing_wp_cron=1780764430.6886689662933349609375 HTTP/1.1" 200 31 "-" "WordPress/7.0; https://myideas.pt"
47.128.31.166 - - [06/Jun/2026:18:47:10 +0200] "GET /news/ HTTP/1.1" 200 16135 "-" "Mozilla/5.0 (Linux; Android 5.0) AppleWebKit/537.36 (KHTML, like Gecko) Mobile Safari/537.36 (compatible; Bytespider; spider-feedback@bytedance.com)"
47.128.31.166 - - [06/Jun/2026:18:47:11 +0200] "GET /wp-content/uploads/AEO_ZERO_CLICK_SEARCH.jpg HTTP/1.1" 206 500 "https://myideas.pt/news/" "Mozilla/5.0 (Linux; Android 5.0) AppleWebKit/537.36 (KHTML, like Gecko) Mobile Safari/537.36 (compatible; Bytespider; spider-feedback@bytedance.com)"
47.128.31.166 - - [06/Jun/2026:18:47:12 +0200] "GET /wp-content/uploads/WHAT_IS_GEO.jpg HTTP/1.1" 206 500 "https://myideas.pt/news/" "Mozilla/5.0 (Linux; Android 5.0) AppleWebKit/537.36 (KHTML, like Gecko) Mobile Safari/537.36 (compatible; Bytespider; spider-feedback@bytedance.com)"
47.128.31.166 - - [06/Jun/2026:18:47:12 +0200] "GET /wp-content/uploads/AEO_ZERO_CLICK_SEARCH.jpg HTTP/1.1" 304 0 "https://myideas.pt/news/" "Mozilla/5.0 (Linux; Android 5.0) AppleWebKit/537.36 (KHTML, like Gecko) Mobile Safari/537.36 (compatible; Bytespider; spider-feedback@bytedance.com)"
47.128.31.166 - - [06/Jun/2026:18:47:13 +0200] "GET /wp-content/uploads/2025/11/GUIDE_TO_HELP_COMPANIES_2026_MYIDEAS.jpg HTTP/1.1" 206 500 "https://myideas.pt/news/" "Mozilla/5.0 (Linux; Android 5.0) AppleWebKit/537.36 (KHTML, like Gecko) Mobile Safari/537.36 (compatible; Bytespider; spider-feedback@bytedance.com)"
47.128.31.166 - - [06/Jun/2026:18:47:13 +0200] "GET /wp-content/uploads/2025/11/AI_ON_COPYWRITING_MYIDEAS.jpg HTTP/1.1" 206 500 "https://myideas.pt/news/" "Mozilla/5.0 (Linux; Android 5.0) AppleWebKit/537.36 (KHTML, like Gecko) Mobile Safari/537.36 (compatible; Bytespider; spider-feedback@bytedance.com)"
47.128.31.166 - - [06/Jun/2026:18:47:13 +0200] "GET /wp-content/uploads/WHAT_IS_GEO.jpg HTTP/1.1" 304 0 "https://myideas.pt/news/" "Mozilla/5.0 (Linux; Android 5.0) AppleWebKit/537.36 (KHTML, like Gecko) Mobile Safari/537.36 (compatible; Bytespider; spider-feedback@bytedance.com)"
47.128.31.166 - - [06/Jun/2026:18:47:13 +0200] "GET /wp-content/uploads/AEO_ZERO_CLICK_SEARCH.jpg HTTP/1.1" 206 228960 "https://myideas.pt/news/" "Mozilla/5.0 (Linux; Android 5.0) AppleWebKit/537.36 (KHTML, like Gecko) Mobile Safari/537.36 (compatible; Bytespider; spider-feedback@bytedance.com)"
47.128.31.166 - - [06/Jun/2026:18:47:14 +0200] "GET /wp-content/uploads/WHAT_IS_GEO.jpg HTTP/1.1" 206 497943 "https://myideas.pt/news/" "Mozilla/5.0 (Linux; Android 5.0) AppleWebKit/537.36 (KHTML, like Gecko) Mobile Safari/537.36 (compatible; Bytespider; spider-feedback@bytedance.com)"
75.119.139.177 - - [06/Jun/2026:18:47:29 +0200] "POST /wp-cron.php?doing_wp_cron=1780764449.0130329132080078125000 HTTP/1.1" 200 31 "-" "WordPress/7.0; https://myideas.pt"
209.141.52.4 - - [06/Jun/2026:18:47:29 +0200] "GET /wp-login.php HTTP/1.1" 200 6744 "-" "Mozilla/5.0 (X11; Linux x86_64) AppleWebKit/537.36 (KHTML, like Gecko) Chrome/35.0.1916.153 Safari/537.36"
209.141.52.4 - - [06/Jun/2026:18:47:29 +0200] "POST /wp-login.php HTTP/1.1" 200 7137 "-" "Mozilla/5.0 (X11; Linux x86_64) AppleWebKit/537.36 (KHTML, like Gecko) Chrome/35.0.1916.153 Safari/537.36"
75.119.139.177 - - [06/Jun/2026:18:48:51 +0200] "POST /wp-cron.php?doing_wp_cron=1780764531.8179221153259277343750 HTTP/1.1" 200 31 "-" "WordPress/7.0; https://myideas.pt"
37.97.137.40 - - [06/Jun/2026:18:48:51 +0200] "HEAD / HTTP/1.1" 301 0 "-" "downnotifier.com monitoring"
37.97.137.40 - - [06/Jun/2026:18:48:52 +0200] "HEAD / HTTP/1.1" 200 0 "-" "downnotifier.com monitoring"
34.29.24.9 - - [06/Jun/2026:18:49:55 +0200] "GET /robots.txt HTTP/1.1" 200 986 "-" "Mozilla/5.0 AppleWebKit/537.36 (KHTML, like Gecko; compatible; SleepBot/1.0; +http://sleepbot.com/) Chrome/131.0.0.0 Safari/537.36"
75.119.139.177 - - [06/Jun/2026:18:50:03 +0200] "POST /wp-cron.php?doing_wp_cron=1780764602.9735689163208007812500 HTTP/1.1" 200 31 "-" "WordPress/7.0; https://myideas.pt"
209.141.61.179 - - [06/Jun/2026:18:50:03 +0200] "GET /wp-login.php HTTP/1.1" 200 6744 "-" "Mozilla/5.0 (X11; Linux x86_64) AppleWebKit/537.36 (KHTML, like Gecko) Ubuntu Chromium/36.0.1985.125 Chrome/36.0.1985.125 Safari/537.36"
75.119.139.177 - - [06/Jun/2026:18:50:16 +0200] "POST /wp-cron.php?doing_wp_cron=1780764616.3329949378967285156250 HTTP/1.1" 200 31 "-" "WordPress/7.0; https://myideas.pt"
108.61.201.55 - - [06/Jun/2026:18:50:16 +0200] "HEAD / HTTP/1.1" 200 0 "-" "downnotifier.com monitoring"
209.141.61.179 - - [06/Jun/2026:18:50:34 +0200] "POST /wp-login.php HTTP/1.1" 200 7171 "-" "Mozilla/5.0 (X11; Linux x86_64) AppleWebKit/537.36 (KHTML, like Gecko) Ubuntu Chromium/36.0.1985.125 Chrome/36.0.1985.125 Safari/537.36"
198.235.24.87 - - [06/Jun/2026:18:50:50 +0200] "GET / HTTP/1.1" 301 5 "-" "Hello from Palo Alto Networks, find out more about our scans in https://docs-cortex.paloaltonetworks.com/r/1/Cortex-Xpanse/Scanning-activity"
198.235.24.87 - - [06/Jun/2026:18:50:51 +0200] "GET / HTTP/1.1" 200 24292 "-" "Hello from Palo Alto Networks, find out more about our scans in https://docs-cortex.paloaltonetworks.com/r/1/Cortex-Xpanse/Scanning-activity"
216.73.217.122 - - [06/Jun/2026:18:56:03 +0200] "GET /robots.txt HTTP/1.1" 200 986 "-" "Mozilla/5.0 AppleWebKit/537.36 (KHTML, like Gecko; compatible; ClaudeBot/1.0; +claudebot@anthropic.com)"
75.119.139.177 - - [06/Jun/2026:18:56:04 +0200] "POST /wp-cron.php?doing_wp_cron=1780764964.1538209915161132812500 HTTP/1.1" 200 31 "-" "WordPress/7.0; https://myideas.pt"
216.73.217.122 - - [06/Jun/2026:18:56:04 +0200] "GET / HTTP/1.1" 301 5 "-" "Mozilla/5.0 AppleWebKit/537.36 (KHTML, like Gecko; compatible; ClaudeBot/1.0; +claudebot@anthropic.com)"
216.73.217.122 - - [06/Jun/2026:18:56:04 +0200] "GET / HTTP/1.1" 200 24292 "https://www.myideas.pt/" "Mozilla/5.0 AppleWebKit/537.36 (KHTML, like Gecko; compatible; ClaudeBot/1.0; +claudebot@anthropic.com)"
223.109.252.192 - - [06/Jun/2026:18:58:33 +0200] "GET / HTTP/1.1" 200 24292 "-" "Sogou web spider/4.0(+http://www.sogou.com/docs/help/webmasters.htm#07)"
75.119.139.177 - - [06/Jun/2026:18:58:51 +0200] "POST /wp-cron.php?doing_wp_cron=1780765131.7654058933258056640625 HTTP/1.1" 200 31 "-" "WordPress/7.0; https://myideas.pt"
