75.119.139.177 - - [06/Jun/2026:20:40:21 +0200] "POST /wp-cron.php?doing_wp_cron=1780771221.5461549758911132812500 HTTP/1.1" 200 31 "-" "WordPress/7.0; https://myideas.pt"
149.28.73.26 - - [06/Jun/2026:20:40:21 +0200] "HEAD / HTTP/1.1" 200 0 "-" "downnotifier.com monitoring"
43.153.12.58 - - [06/Jun/2026:20:41:01 +0200] "GET /about-myideas/ HTTP/1.1" 200 15687 "-" "Mozilla/5.0 (iPhone; CPU iPhone OS 13_2_3 like Mac OS X) AppleWebKit/605.1.15 (KHTML, like Gecko) Version/13.0.3 Mobile/15E148 Safari/604.1"
8.229.207.28 - - [06/Jun/2026:20:43:59 +0200] "GET /wp-content/uploads/2025/03/MYIDEAS_JFG_WEBSITE_2.jpg HTTP/1.1" 200 583533 "-" "Mozilla/5.0 (X11; Linux x86_64) AppleWebKit/537.36 (KHTML, like Gecko) Chrome/91.0.4472.114 Safari/537.36"
51.89.39.36 - - [06/Jun/2026:20:44:16 +0200] "GET /wp-content/plugins/wp-mail/modules/tags-contribute.php HTTP/1.1" 404 27 "-" "Mozilla/5.0 (Macintosh; Intel Mac OS X 10_15_7) AppleWebKit/537.36 (KHTML, like Gecko) Chrome/147.0.0.0 Safari/537.36"
51.89.39.36 - - [06/Jun/2026:20:44:17 +0200] "GET /wp-content/plugins/fancy-elementor-gallery-box/assets/js/fancy-elementor-flipbox.js HTTP/1.1" 404 146 "-" "Mozilla/5.0 (Macintosh; Intel Mac OS X 10.15; rv:150.0) Gecko/20100101 Firefox/150.0"
216.73.217.122 - - [06/Jun/2026:20:45:01 +0200] "GET /robots.txt HTTP/1.1" 200 986 "-" "Mozilla/5.0 AppleWebKit/537.36 (KHTML, like Gecko; compatible; ClaudeBot/1.0; +claudebot@anthropic.com)"
75.119.139.177 - - [06/Jun/2026:20:45:04 +0200] "POST /wp-cron.php?doing_wp_cron=1780771503.9695429801940917968750 HTTP/1.1" 200 31 "-" "WordPress/7.0; https://myideas.pt"
216.73.217.122 - - [06/Jun/2026:20:45:04 +0200] "GET /sitemap-hot-2296152.xml HTTP/1.1" 404 13930 "-" "Mozilla/5.0 AppleWebKit/537.36 (KHTML, like Gecko; compatible; ClaudeBot/1.0; +claudebot@anthropic.com)"
216.73.217.122 - - [06/Jun/2026:20:45:06 +0200] "GET /sitemap-hot-2292152.xml HTTP/1.1" 404 13928 "-" "Mozilla/5.0 AppleWebKit/537.36 (KHTML, like Gecko; compatible; ClaudeBot/1.0; +claudebot@anthropic.com)"
75.119.139.177 - - [06/Jun/2026:20:45:50 +0200] "POST /wp-cron.php?doing_wp_cron=1780771550.0384020805358886718750 HTTP/1.1" 200 31 "-" "WordPress/7.0; https://myideas.pt"
216.73.217.122 - - [06/Jun/2026:20:45:50 +0200] "GET /sitemap-hot-2276152.xml HTTP/1.1" 404 13930 "-" "Mozilla/5.0 AppleWebKit/537.36 (KHTML, like Gecko; compatible; ClaudeBot/1.0; +claudebot@anthropic.com)"
216.73.217.122 - - [06/Jun/2026:20:45:56 +0200] "GET /sitemap-hot-2286152.xml HTTP/1.1" 404 13930 "-" "Mozilla/5.0 AppleWebKit/537.36 (KHTML, like Gecko; compatible; ClaudeBot/1.0; +claudebot@anthropic.com)"
75.119.139.177 - - [06/Jun/2026:20:46:36 +0200] "POST /wp-cron.php?doing_wp_cron=1780771596.4688589572906494140625 HTTP/1.1" 200 31 "-" "WordPress/7.0; https://myideas.pt"
216.73.217.122 - - [06/Jun/2026:20:46:36 +0200] "GET /sitemap-hot-2270152.xml HTTP/1.1" 404 13928 "-" "Mozilla/5.0 AppleWebKit/537.36 (KHTML, like Gecko; compatible; ClaudeBot/1.0; +claudebot@anthropic.com)"
216.73.217.122 - - [06/Jun/2026:20:46:39 +0200] "GET /sitemap-hot-2282152.xml HTTP/1.1" 404 13930 "-" "Mozilla/5.0 AppleWebKit/537.36 (KHTML, like Gecko; compatible; ClaudeBot/1.0; +claudebot@anthropic.com)"
114.119.137.249 - - [06/Jun/2026:20:47:14 +0200] "GET / HTTP/1.1" 200 24291 "https://myideas.pt/" "Mozilla/5.0 (Linux; Android 7.0;) AppleWebKit/537.36 (HTML, like Gecko) Mobile Safari/537.36 (compatible; PetalBot;+https://webmaster.petalsearch.com/site/petalbot)"
75.119.139.177 - - [06/Jun/2026:20:47:19 +0200] "POST /wp-cron.php?doing_wp_cron=1780771639.0026690959930419921875 HTTP/1.1" 200 31 "-" "WordPress/7.0; https://myideas.pt"
45.61.188.26 - - [06/Jun/2026:20:47:19 +0200] "GET /wp-login.php HTTP/1.1" 200 6744 "-" "Mozilla/5.0 (Macintosh; Intel Mac OS X 10_15_7) AppleWebKit/537.36 (KHTML, like Gecko) Chrome/145.0.0.0 Safari/537.36"
45.61.188.26 - - [06/Jun/2026:20:47:19 +0200] "POST /wp-login.php HTTP/1.1" 200 7137 "-" "Mozilla/5.0 (Macintosh; Intel Mac OS X 10_15_7) AppleWebKit/537.36 (KHTML, like Gecko) Chrome/145.0.0.0 Safari/537.36"
216.73.217.122 - - [06/Jun/2026:20:47:46 +0200] "GET /sitemap-hot-2284152.xml HTTP/1.1" 404 13930 "-" "Mozilla/5.0 AppleWebKit/537.36 (KHTML, like Gecko; compatible; ClaudeBot/1.0; +claudebot@anthropic.com)"
85.208.96.207 - - [06/Jun/2026:20:47:46 +0200] "GET /pt/portfolio/feito-em-angola/ HTTP/1.1" 200 18686 "-" "Mozilla/5.0 (compatible; SemrushBot/7~bl; +http://www.semrush.com/bot.html)"
75.119.139.177 - - [06/Jun/2026:20:48:51 +0200] "POST /wp-cron.php?doing_wp_cron=1780771731.3766078948974609375000 HTTP/1.1" 200 31 "-" "WordPress/7.0; https://myideas.pt"
37.97.137.40 - - [06/Jun/2026:20:48:51 +0200] "HEAD / HTTP/1.1" 301 0 "-" "downnotifier.com monitoring"
37.97.137.40 - - [06/Jun/2026:20:48:52 +0200] "HEAD / HTTP/1.1" 200 0 "-" "downnotifier.com monitoring"
114.119.137.249 - - [06/Jun/2026:20:49:07 +0200] "GET / HTTP/1.1" 200 24291 "https://myideas.pt/" "Mozilla/5.0 (Linux; Android 7.0;) AppleWebKit/537.36 (HTML, like Gecko) Mobile Safari/537.36 (compatible; PetalBot;+https://webmaster.petalsearch.com/site/petalbot)"
216.73.217.122 - - [06/Jun/2026:20:49:12 +0200] "GET /sitemap.xml HTTP/1.1" 301 5 "-" "Mozilla/5.0 AppleWebKit/537.36 (KHTML, like Gecko; compatible; ClaudeBot/1.0; +claudebot@anthropic.com)"
216.73.217.122 - - [06/Jun/2026:20:49:12 +0200] "GET /sitemap_index.xml HTTP/1.1" 200 348 "https://myideas.pt/sitemap.xml" "Mozilla/5.0 AppleWebKit/537.36 (KHTML, like Gecko; compatible; ClaudeBot/1.0; +claudebot@anthropic.com)"
216.73.217.122 - - [06/Jun/2026:20:49:14 +0200] "GET /sitemap-hot-2266152.xml HTTP/1.1" 404 13930 "-" "Mozilla/5.0 AppleWebKit/537.36 (KHTML, like Gecko; compatible; ClaudeBot/1.0; +claudebot@anthropic.com)"
75.119.139.177 - - [06/Jun/2026:20:49:18 +0200] "POST /wp-cron.php?doing_wp_cron=1780771758.4125878810882568359375 HTTP/1.1" 200 31 "-" "WordPress/7.0; https://myideas.pt"
216.73.217.122 - - [06/Jun/2026:20:49:18 +0200] "GET /sitemap-hot-2294152.xml HTTP/1.1" 404 13928 "-" "Mozilla/5.0 AppleWebKit/537.36 (KHTML, like Gecko; compatible; ClaudeBot/1.0; +claudebot@anthropic.com)"
216.73.217.122 - - [06/Jun/2026:20:50:07 +0200] "GET /sitemapmobileindex.xml HTTP/1.1" 404 13923 "-" "Mozilla/5.0 AppleWebKit/537.36 (KHTML, like Gecko; compatible; ClaudeBot/1.0; +claudebot@anthropic.com)"
75.119.139.177 - - [06/Jun/2026:20:50:22 +0200] "POST /wp-cron.php?doing_wp_cron=1780771822.4324269294738769531250 HTTP/1.1" 200 31 "-" "WordPress/7.0; https://myideas.pt"
139.59.109.12 - - [06/Jun/2026:20:50:22 +0200] "HEAD / HTTP/1.1" 200 0 "-" "downnotifier.com monitoring"
75.119.139.177 - - [06/Jun/2026:20:51:40 +0200] "POST /wp-cron.php?doing_wp_cron=1780771900.1960880756378173828125 HTTP/1.1" 200 31 "-" "WordPress/7.0; https://myideas.pt"
216.73.217.122 - - [06/Jun/2026:20:51:40 +0200] "GET /sitemap-hot-2290152.xml HTTP/1.1" 404 13928 "-" "Mozilla/5.0 AppleWebKit/537.36 (KHTML, like Gecko; compatible; ClaudeBot/1.0; +claudebot@anthropic.com)"
103.131.71.30 - - [06/Jun/2026:20:51:53 +0200] "GET /robots.txt HTTP/1.1" 200 986 "-" "Mozilla/5.0 (compatible; coccocbot-image/1.0; +http://help.coccoc.com/searchengine)"
103.131.71.45 - - [06/Jun/2026:20:51:56 +0200] "GET /wp-content/uploads/2024/05/JOSE_RUI_MENESES_CASTRO_TESTIMONY_MYIDEAS.jpg HTTP/1.1" 200 63678 "-" "Mozilla/5.0 (compatible; coccocbot-image/1.0; +http://help.coccoc.com/searchengine)"
216.73.217.122 - - [06/Jun/2026:20:52:09 +0200] "GET /sitemap-hot-2274152.xml HTTP/1.1" 404 13928 "-" "Mozilla/5.0 AppleWebKit/537.36 (KHTML, like Gecko; compatible; ClaudeBot/1.0; +claudebot@anthropic.com)"
216.73.217.122 - - [06/Jun/2026:20:52:11 +0200] "GET /sitemap-hot-2268152.xml HTTP/1.1" 404 13930 "-" "Mozilla/5.0 AppleWebKit/537.36 (KHTML, like Gecko; compatible; ClaudeBot/1.0; +claudebot@anthropic.com)"
216.73.217.122 - - [06/Jun/2026:20:52:15 +0200] "GET /sitemap-hot-2288152.xml HTTP/1.1" 404 13930 "-" "Mozilla/5.0 AppleWebKit/537.36 (KHTML, like Gecko; compatible; ClaudeBot/1.0; +claudebot@anthropic.com)"
75.119.139.177 - - [06/Jun/2026:20:52:22 +0200] "POST /wp-cron.php?doing_wp_cron=1780771942.0716750621795654296875 HTTP/1.1" 200 31 "-" "WordPress/7.0; https://myideas.pt"
45.61.186.169 - - [06/Jun/2026:20:52:22 +0200] "GET /wp-login.php HTTP/1.1" 200 6744 "-" "Mozilla/5.0 (Macintosh; Intel Mac OS X 10_9_3) AppleWebKit/537.75.14 (KHTML, like Gecko) Version/7.0.3 Safari/537.75.14"
45.61.186.169 - - [06/Jun/2026:20:52:23 +0200] "POST /wp-login.php HTTP/1.1" 200 7141 "-" "Mozilla/5.0 (Macintosh; Intel Mac OS X 10_9_3) AppleWebKit/537.75.14 (KHTML, like Gecko) Version/7.0.3 Safari/537.75.14"
66.249.79.131 - - [06/Jun/2026:20:52:31 +0200] "GET /portfolio_category/websites/ HTTP/1.1" 200 14781 "-" "Mozilla/5.0 (Linux; Android 6.0.1; Nexus 5X Build/MMB29P) AppleWebKit/537.36 (KHTML, like Gecko) Chrome/148.0.7778.96 Mobile Safari/537.36 (compatible; Googlebot/2.1; +http://www.google.com/bot.html)"
66.249.79.130 - - [06/Jun/2026:20:52:34 +0200] "GET /wp-content/cache/wpo-minify/1780673871/assets/wpo-minify-footer-38f725ad.min.js HTTP/1.1" 200 83926 "https://myideas.pt/portfolio_category/websites/" "Mozilla/5.0 (Linux; Android 6.0.1; Nexus 5X Build/MMB29P) AppleWebKit/537.36 (KHTML, like Gecko) Chrome/148.0.7778.96 Mobile Safari/537.36 (compatible; Googlebot/2.1; +http://www.google.com/bot.html)"
66.249.79.130 - - [06/Jun/2026:20:52:36 +0200] "GET /wp-content/uploads/2024/06/MYIDEAS_LOGO_WHITE.svg HTTP/1.1" 200 749 "https://myideas.pt/portfolio_category/websites/" "Mozilla/5.0 (Linux; Android 6.0.1; Nexus 5X Build/MMB29P) AppleWebKit/537.36 (KHTML, like Gecko) Chrome/148.0.7778.96 Mobile Safari/537.36 (compatible; Googlebot/2.1; +http://www.google.com/bot.html)"
216.73.217.122 - - [06/Jun/2026:20:52:40 +0200] "GET /sitemapindex.xml HTTP/1.1" 404 13921 "-" "Mozilla/5.0 AppleWebKit/537.36 (KHTML, like Gecko; compatible; ClaudeBot/1.0; +claudebot@anthropic.com)"
216.73.217.122 - - [06/Jun/2026:20:53:07 +0200] "GET /sitemap-hot-2272152.xml HTTP/1.1" 404 13928 "-" "Mozilla/5.0 AppleWebKit/537.36 (KHTML, like Gecko; compatible; ClaudeBot/1.0; +claudebot@anthropic.com)"
216.73.217.122 - - [06/Jun/2026:20:53:09 +0200] "GET /sitemap-hot-2280152.xml HTTP/1.1" 404 13930 "-" "Mozilla/5.0 AppleWebKit/537.36 (KHTML, like Gecko; compatible; ClaudeBot/1.0; +claudebot@anthropic.com)"
75.119.139.177 - - [06/Jun/2026:20:53:36 +0200] "POST /wp-cron.php?doing_wp_cron=1780772016.3732380867004394531250 HTTP/1.1" 200 31 "-" "WordPress/7.0; https://myideas.pt"
216.73.217.122 - - [06/Jun/2026:20:53:36 +0200] "GET /sitemap-hot-2278152.xml HTTP/1.1" 404 13930 "-" "Mozilla/5.0 AppleWebKit/537.36 (KHTML, like Gecko; compatible; ClaudeBot/1.0; +claudebot@anthropic.com)"
75.119.139.177 - - [06/Jun/2026:20:55:22 +0200] "POST /wp-cron.php?doing_wp_cron=1780772122.1418631076812744140625 HTTP/1.1" 200 31 "-" "WordPress/7.0; https://myideas.pt"
213.171.208.232 - - [06/Jun/2026:20:55:22 +0200] "GET /wp-login.php HTTP/1.1" 200 2256 "-" "Mozilla/5.0 (X11; Linux x86_64) AppleWebKit/537.36 (KHTML, like Gecko) Chrome/133.0.0.0 Safari/537.36"
213.171.208.232 - - [06/Jun/2026:20:55:22 +0200] "POST /wp-login.php HTTP/1.1" 200 2386 "https://www.myideas.pt/wp-login.php" "Mozilla/5.0 (X11; Linux x86_64) AppleWebKit/537.36 (KHTML, like Gecko) Chrome/133.0.0.0 Safari/537.36"
223.109.255.223 - - [06/Jun/2026:20:56:30 +0200] "GET /wp-content/uploads/2024/06/inapem_clientes_myideas.png HTTP/1.1" 404 146 "http://pic.sogou.com" "Sogou Pic Spider/3.0(+http://www.sogou.com/docs/help/webmasters.htm#07)"
75.119.139.177 - - [06/Jun/2026:20:57:59 +0200] "POST /wp-cron.php?doing_wp_cron=1780772279.0822739601135253906250 HTTP/1.1" 200 31 "-" "WordPress/7.0; https://myideas.pt"
51.89.39.36 - - [06/Jun/2026:20:57:59 +0200] "GET /doors-test-article HTTP/1.1" 404 66652 "-" "Mozilla/5.0 (Windows NT 10.0; Win64; x64) AppleWebKit/537.36 (KHTML, like Gecko) Chrome/146.0.0.0 Safari/537.36"
75.119.139.177 - - [06/Jun/2026:20:58:32 +0200] "POST /wp-cron.php?doing_wp_cron=1780772312.1495480537414550781250 HTTP/1.1" 200 31 "-" "WordPress/7.0; https://myideas.pt"
76.74.150.109 - - [06/Jun/2026:20:58:32 +0200] "GET /wp-login.php HTTP/1.1" 200 2256 "-" "Mozilla/5.0 (Windows NT 10.0; Win64; x64) AppleWebKit/537.36 (KHTML, like Gecko) Chrome/120.0.0.0 Safari/537.36"
76.74.150.109 - - [06/Jun/2026:20:58:32 +0200] "POST /wp-login.php HTTP/1.1" 200 2386 "https://www.myideas.pt/wp-login.php" "Mozilla/5.0 (Windows NT 10.0; Win64; x64) AppleWebKit/537.36 (KHTML, like Gecko) Chrome/120.0.0.0 Safari/537.36"
43.162.95.192 - - [06/Jun/2026:20:58:49 +0200] "GET /pt/ HTTP/1.1" 200 24342 "-" "Mozilla/5.0 (iPhone; CPU iPhone OS 13_2_3 like Mac OS X) AppleWebKit/605.1.15 (KHTML, like Gecko) Version/13.0.3 Mobile/15E148 Safari/604.1"
206.189.127.129 - - [06/Jun/2026:20:58:51 +0200] "HEAD / HTTP/1.1" 301 0 "-" "downnotifier.com monitoring"
206.189.127.129 - - [06/Jun/2026:20:58:52 +0200] "HEAD / HTTP/1.1" 200 0 "-" "downnotifier.com monitoring"
75.119.139.177 - - [06/Jun/2026:20:59:21 +0200] "POST /wp-cron.php?doing_wp_cron=1780772361.7830901145935058593750 HTTP/1.1" 200 31 "-" "WordPress/7.0; https://myideas.pt"
209.141.36.175 - - [06/Jun/2026:20:59:21 +0200] "GET /wp-login.php HTTP/1.1" 200 6744 "-" "Mozilla/5.0 (Macintosh; Intel Mac OS X 10.7; rv:31.0) Gecko/20100101 Firefox/31.0"
75.119.139.177 - - [06/Jun/2026:21:00:17 +0200] "POST /wp-cron.php?doing_wp_cron=1780772416.9734249114990234375000 HTTP/1.1" 200 31 "-" "WordPress/7.0; https://myideas.pt"
209.141.36.175 - - [06/Jun/2026:21:00:17 +0200] "POST /wp-login.php HTTP/1.1" 200 7137 "-" "Mozilla/5.0 (Macintosh; Intel Mac OS X 10.7; rv:31.0) Gecko/20100101 Firefox/31.0"
108.61.201.55 - - [06/Jun/2026:21:00:23 +0200] "HEAD / HTTP/1.1" 200 0 "-" "downnotifier.com monitoring"
205.185.124.128 - - [06/Jun/2026:21:01:14 +0200] "GET /wp-login.php HTTP/1.1" 200 6744 "-" "Mozilla/5.0 (Android 13; Mobile; rv:121.0) Gecko/121.0 Firefox/121.0"
75.119.139.177 - - [06/Jun/2026:21:01:46 +0200] "POST /wp-cron.php?doing_wp_cron=1780772506.6310510635375976562500 HTTP/1.1" 200 31 "-" "WordPress/7.0; https://myideas.pt"
205.185.124.128 - - [06/Jun/2026:21:01:46 +0200] "POST /wp-login.php HTTP/1.1" 200 7167 "-" "Mozilla/5.0 (Android 13; Mobile; rv:121.0) Gecko/121.0 Firefox/121.0"
205.185.127.250 - - [06/Jun/2026:21:01:50 +0200] "GET /wp-login.php HTTP/1.1" 200 6744 "-" "Mozilla/5.0 (Macintosh; Intel Mac OS X 10_7_5) AppleWebKit/537.77.4 (KHTML, like Gecko) Version/6.1.5 Safari/537.77.4"
79.117.251.79 - - [06/Jun/2026:21:02:09 +0200] "HEAD / HTTP/1.1" 200 0 "-" "Mozilla/5.0 (Macintosh; Intel Mac OS X 10_15_7) AppleWebKit/537.36 (KHTML, like Gecko) Chrome/124.0.0.0 Safari/537.36"
79.117.251.79 - - [06/Jun/2026:21:02:09 +0200] "GET / HTTP/1.1" 200 24291 "-" "Mozilla/5.0 (Macintosh; Intel Mac OS X 10_15_7) AppleWebKit/537.36 (KHTML, like Gecko) Chrome/124.0.0.0 Safari/537.36"
205.185.127.250 - - [06/Jun/2026:21:02:09 +0200] "POST /wp-login.php HTTP/1.1" 200 7148 "-" "Mozilla/5.0 (Macintosh; Intel Mac OS X 10_7_5) AppleWebKit/537.77.4 (KHTML, like Gecko) Version/6.1.5 Safari/537.77.4"
79.117.251.79 - - [06/Jun/2026:21:02:09 +0200] "GET / HTTP/1.1" 200 24291 "-" "Mozilla/5.0 (Macintosh; Intel Mac OS X 10_15_7) AppleWebKit/537.36 (KHTML, like Gecko) Chrome/124.0.0.0 Safari/537.36"
79.117.251.79 - - [06/Jun/2026:21:02:09 +0200] "GET /news/ HTTP/1.1" 200 16135 "-" "Mozilla/5.0 (Macintosh; Intel Mac OS X 10_15_7) AppleWebKit/537.36 (KHTML, like Gecko) Chrome/124.0.0.0 Safari/537.36"
79.117.251.79 - - [06/Jun/2026:21:02:10 +0200] "GET / HTTP/1.1" 200 24291 "-" "Mozilla/5.0 (Macintosh; Intel Mac OS X 10_15_7) AppleWebKit/537.36 (KHTML, like Gecko) Chrome/124.0.0.0 Safari/537.36"
79.117.251.79 - - [06/Jun/2026:21:02:10 +0200] "GET /privacy-policy/ HTTP/1.1" 200 18827 "-" "Mozilla/5.0 (Macintosh; Intel Mac OS X 10_15_7) AppleWebKit/537.36 (KHTML, like Gecko) Chrome/124.0.0.0 Safari/537.36"
79.117.251.79 - - [06/Jun/2026:21:02:10 +0200] "GET /about-myideas/ HTTP/1.1" 200 15687 "-" "Mozilla/5.0 (Macintosh; Intel Mac OS X 10_15_7) AppleWebKit/537.36 (KHTML, like Gecko) Chrome/124.0.0.0 Safari/537.36"
79.117.251.79 - - [06/Jun/2026:21:02:10 +0200] "GET /contacts/ HTTP/1.1" 200 13972 "-" "Mozilla/5.0 (Macintosh; Intel Mac OS X 10_15_7) AppleWebKit/537.36 (KHTML, like Gecko) Chrome/124.0.0.0 Safari/537.36"
79.117.251.79 - - [06/Jun/2026:21:02:11 +0200] "GET /portfolio/diogo-costa-goncalves-branding/ HTTP/1.1" 200 18766 "-" "Mozilla/5.0 (Macintosh; Intel Mac OS X 10_15_7) AppleWebKit/537.36 (KHTML, like Gecko) Chrome/124.0.0.0 Safari/537.36"
79.117.251.79 - - [06/Jun/2026:21:02:11 +0200] "GET /google-ads/ HTTP/1.1" 200 15212 "-" "Mozilla/5.0 (Macintosh; Intel Mac OS X 10_15_7) AppleWebKit/537.36 (KHTML, like Gecko) Chrome/124.0.0.0 Safari/537.36"
79.117.251.79 - - [06/Jun/2026:21:02:11 +0200] "GET /portfolio/catris/ HTTP/1.1" 200 18996 "-" "Mozilla/5.0 (Macintosh; Intel Mac OS X 10_15_7) AppleWebKit/537.36 (KHTML, like Gecko) Chrome/124.0.0.0 Safari/537.36"
79.117.251.79 - - [06/Jun/2026:21:02:11 +0200] "GET /portfolio/bso-branding/ HTTP/1.1" 200 18857 "-" "Mozilla/5.0 (Macintosh; Intel Mac OS X 10_15_7) AppleWebKit/537.36 (KHTML, like Gecko) Chrome/124.0.0.0 Safari/537.36"
79.117.251.79 - - [06/Jun/2026:21:02:12 +0200] "GET /portfolio/armando-cunha/ HTTP/1.1" 200 18940 "-" "Mozilla/5.0 (Macintosh; Intel Mac OS X 10_15_7) AppleWebKit/537.36 (KHTML, like Gecko) Chrome/124.0.0.0 Safari/537.36"
79.117.251.79 - - [06/Jun/2026:21:02:12 +0200] "GET /portfolio/alma/ HTTP/1.1" 200 18965 "-" "Mozilla/5.0 (Macintosh; Intel Mac OS X 10_15_7) AppleWebKit/537.36 (KHTML, like Gecko) Chrome/124.0.0.0 Safari/537.36"
79.117.251.79 - - [06/Jun/2026:21:02:12 +0200] "GET /portfolio/fabrico/ HTTP/1.1" 200 18672 "-" "Mozilla/5.0 (Macintosh; Intel Mac OS X 10_15_7) AppleWebKit/537.36 (KHTML, like Gecko) Chrome/124.0.0.0 Safari/537.36"
79.117.251.79 - - [06/Jun/2026:21:02:12 +0200] "GET /portfolio/angola-economic-outlook/ HTTP/1.1" 200 18608 "-" "Mozilla/5.0 (Macintosh; Intel Mac OS X 10_15_7) AppleWebKit/537.36 (KHTML, like Gecko) Chrome/124.0.0.0 Safari/537.36"
79.117.251.79 - - [06/Jun/2026:21:02:12 +0200] "GET /marketing-strategies/ HTTP/1.1" 200 15583 "-" "Mozilla/5.0 (Macintosh; Intel Mac OS X 10_15_7) AppleWebKit/537.36 (KHTML, like Gecko) Chrome/124.0.0.0 Safari/537.36"
79.117.251.79 - - [06/Jun/2026:21:02:12 +0200] "GET /careers/ HTTP/1.1" 200 15950 "-" "Mozilla/5.0 (Macintosh; Intel Mac OS X 10_15_7) AppleWebKit/537.36 (KHTML, like Gecko) Chrome/124.0.0.0 Safari/537.36"
79.117.251.79 - - [06/Jun/2026:21:02:12 +0200] "GET /portfolio/stoa/ HTTP/1.1" 200 18623 "-" "Mozilla/5.0 (Macintosh; Intel Mac OS X 10_15_7) AppleWebKit/537.36 (KHTML, like Gecko) Chrome/124.0.0.0 Safari/537.36"
79.117.251.79 - - [06/Jun/2026:21:02:12 +0200] "GET /branding/ HTTP/1.1" 200 15687 "-" "Mozilla/5.0 (Macintosh; Intel Mac OS X 10_15_7) AppleWebKit/537.36 (KHTML, like Gecko) Chrome/124.0.0.0 Safari/537.36"
79.117.251.79 - - [06/Jun/2026:21:02:12 +0200] "GET /pt/ HTTP/1.1" 200 24342 "-" "Mozilla/5.0 (Macintosh; Intel Mac OS X 10_15_7) AppleWebKit/537.36 (KHTML, like Gecko) Chrome/124.0.0.0 Safari/537.36"
79.117.251.79 - - [06/Jun/2026:21:02:13 +0200] "GET /seo-geo-aeo/ HTTP/1.1" 200 15967 "-" "Mozilla/5.0 (Macintosh; Intel Mac OS X 10_15_7) AppleWebKit/537.36 (KHTML, like Gecko) Chrome/124.0.0.0 Safari/537.36"
79.117.251.79 - - [06/Jun/2026:21:02:13 +0200] "GET /client-journey/ HTTP/1.1" 200 18642 "-" "Mozilla/5.0 (Macintosh; Intel Mac OS X 10_15_7) AppleWebKit/537.36 (KHTML, like Gecko) Chrome/124.0.0.0 Safari/537.36"
79.117.251.79 - - [06/Jun/2026:21:02:13 +0200] "GET /portfolio/meaningful-branding/ HTTP/1.1" 200 18967 "-" "Mozilla/5.0 (Macintosh; Intel Mac OS X 10_15_7) AppleWebKit/537.36 (KHTML, like Gecko) Chrome/124.0.0.0 Safari/537.36"
79.117.251.79 - - [06/Jun/2026:21:02:13 +0200] "GET /social-media/ HTTP/1.1" 200 15386 "-" "Mozilla/5.0 (Macintosh; Intel Mac OS X 10_15_7) AppleWebKit/537.36 (KHTML, like Gecko) Chrome/124.0.0.0 Safari/537.36"
79.117.251.79 - - [06/Jun/2026:21:02:13 +0200] "GET /sustainable-marketing/ HTTP/1.1" 200 16221 "-" "Mozilla/5.0 (Macintosh; Intel Mac OS X 10_15_7) AppleWebKit/537.36 (KHTML, like Gecko) Chrome/124.0.0.0 Safari/537.36"
79.117.251.79 - - [06/Jun/2026:21:02:14 +0200] "GET /portfolio/uenji/ HTTP/1.1" 200 18631 "-" "Mozilla/5.0 (Macintosh; Intel Mac OS X 10_15_7) AppleWebKit/537.36 (KHTML, like Gecko) Chrome/124.0.0.0 Safari/537.36"
79.117.251.79 - - [06/Jun/2026:21:02:14 +0200] "GET /portfolio/luis-simoes-70-years/ HTTP/1.1" 200 19047 "-" "Mozilla/5.0 (Macintosh; Intel Mac OS X 10_15_7) AppleWebKit/537.36 (KHTML, like Gecko) Chrome/124.0.0.0 Safari/537.36"
79.117.251.79 - - [06/Jun/2026:21:02:14 +0200] "GET /public-relations/ HTTP/1.1" 200 15478 "-" "Mozilla/5.0 (Macintosh; Intel Mac OS X 10_15_7) AppleWebKit/537.36 (KHTML, like Gecko) Chrome/124.0.0.0 Safari/537.36"
79.117.251.79 - - [06/Jun/2026:21:02:14 +0200] "GET /portfolio/talia/ HTTP/1.1" 200 19053 "-" "Mozilla/5.0 (Macintosh; Intel Mac OS X 10_15_7) AppleWebKit/537.36 (KHTML, like Gecko) Chrome/124.0.0.0 Safari/537.36"
79.117.251.79 - - [06/Jun/2026:21:02:15 +0200] "GET /what-we-do/ HTTP/1.1" 200 15666 "-" "Mozilla/5.0 (Macintosh; Intel Mac OS X 10_15_7) AppleWebKit/537.36 (KHTML, like Gecko) Chrome/124.0.0.0 Safari/537.36"
79.117.251.79 - - [06/Jun/2026:21:02:15 +0200] "GET /work-portfolio/ HTTP/1.1" 200 17756 "-" "Mozilla/5.0 (Macintosh; Intel Mac OS X 10_15_7) AppleWebKit/537.36 (KHTML, like Gecko) Chrome/124.0.0.0 Safari/537.36"
79.117.251.79 - - [06/Jun/2026:21:02:15 +0200] "GET /websites/ HTTP/1.1" 200 15906 "-" "Mozilla/5.0 (Macintosh; Intel Mac OS X 10_15_7) AppleWebKit/537.36 (KHTML, like Gecko) Chrome/124.0.0.0 Safari/537.36"
79.117.251.79 - - [06/Jun/2026:21:02:15 +0200] "GET /why-choose-myideas/ HTTP/1.1" 200 20257 "-" "Mozilla/5.0 (Macintosh; Intel Mac OS X 10_15_7) AppleWebKit/537.36 (KHTML, like Gecko) Chrome/124.0.0.0 Safari/537.36"
79.117.251.79 - - [06/Jun/2026:21:02:16 +0200] "GET /aviso_legal HTTP/1.1" 404 12544 "-" "Mozilla/5.0 (Macintosh; Intel Mac OS X 10_15_7) AppleWebKit/537.36 (KHTML, like Gecko) Chrome/124.0.0.0 Safari/537.36"
79.117.251.79 - - [06/Jun/2026:21:02:16 +0200] "GET /aviso-legal HTTP/1.1" 404 12544 "-" "Mozilla/5.0 (Macintosh; Intel Mac OS X 10_15_7) AppleWebKit/537.36 (KHTML, like Gecko) Chrome/124.0.0.0 Safari/537.36"
79.117.251.79 - - [06/Jun/2026:21:02:16 +0200] "GET /aviso-privacidad HTTP/1.1" 404 12549 "-" "Mozilla/5.0 (Macintosh; Intel Mac OS X 10_15_7) AppleWebKit/537.36 (KHTML, like Gecko) Chrome/124.0.0.0 Safari/537.36"
79.117.251.79 - - [06/Jun/2026:21:02:17 +0200] "GET /legal-notice HTTP/1.1" 404 12543 "-" "Mozilla/5.0 (Macintosh; Intel Mac OS X 10_15_7) AppleWebKit/537.36 (KHTML, like Gecko) Chrome/124.0.0.0 Safari/537.36"
79.117.251.79 - - [06/Jun/2026:21:02:17 +0200] "GET /politica-privacidad HTTP/1.1" 404 12550 "-" "Mozilla/5.0 (Macintosh; Intel Mac OS X 10_15_7) AppleWebKit/537.36 (KHTML, like Gecko) Chrome/124.0.0.0 Safari/537.36"
79.117.251.79 - - [06/Jun/2026:21:02:17 +0200] "GET /politica-cookies HTTP/1.1" 404 12544 "-" "Mozilla/5.0 (Macintosh; Intel Mac OS X 10_15_7) AppleWebKit/537.36 (KHTML, like Gecko) Chrome/124.0.0.0 Safari/537.36"
75.119.139.177 - - [06/Jun/2026:21:02:17 +0200] "POST /wp-cron.php?doing_wp_cron=1780772536.7440199851989746093750 HTTP/1.1" 499 0 "-" "WordPress/7.0; https://myideas.pt"
79.117.251.79 - - [06/Jun/2026:21:02:17 +0200] "GET /privacy HTTP/1.1" 301 5 "-" "Mozilla/5.0 (Macintosh; Intel Mac OS X 10_15_7) AppleWebKit/537.36 (KHTML, like Gecko) Chrome/124.0.0.0 Safari/537.36"
79.117.251.79 - - [06/Jun/2026:21:02:17 +0200] "GET /legalidad HTTP/1.1" 404 12543 "-" "Mozilla/5.0 (Macintosh; Intel Mac OS X 10_15_7) AppleWebKit/537.36 (KHTML, like Gecko) Chrome/124.0.0.0 Safari/537.36"
79.117.251.79 - - [06/Jun/2026:21:02:18 +0200] "GET /legal HTTP/1.1" 404 12539 "-" "Mozilla/5.0 (Macintosh; Intel Mac OS X 10_15_7) AppleWebKit/537.36 (KHTML, like Gecko) Chrome/124.0.0.0 Safari/537.36"
79.117.251.79 - - [06/Jun/2026:21:02:18 +0200] "GET /contact HTTP/1.1" 301 5 "-" "Mozilla/5.0 (Macintosh; Intel Mac OS X 10_15_7) AppleWebKit/537.36 (KHTML, like Gecko) Chrome/124.0.0.0 Safari/537.36"
79.117.251.79 - - [06/Jun/2026:21:02:18 +0200] "GET /contacto HTTP/1.1" 301 5 "-" "Mozilla/5.0 (Macintosh; Intel Mac OS X 10_15_7) AppleWebKit/537.36 (KHTML, like Gecko) Chrome/124.0.0.0 Safari/537.36"
79.117.251.79 - - [06/Jun/2026:21:02:18 +0200] "GET /terms HTTP/1.1" 404 12538 "-" "Mozilla/5.0 (Macintosh; Intel Mac OS X 10_15_7) AppleWebKit/537.36 (KHTML, like Gecko) Chrome/124.0.0.0 Safari/537.36"
79.117.251.79 - - [06/Jun/2026:21:02:18 +0200] "GET /privacidad HTTP/1.1" 404 12544 "-" "Mozilla/5.0 (Macintosh; Intel Mac OS X 10_15_7) AppleWebKit/537.36 (KHTML, like Gecko) Chrome/124.0.0.0 Safari/537.36"
79.117.251.79 - - [06/Jun/2026:21:02:18 +0200] "GET /empresa HTTP/1.1" 301 5 "-" "Mozilla/5.0 (Macintosh; Intel Mac OS X 10_15_7) AppleWebKit/537.36 (KHTML, like Gecko) Chrome/124.0.0.0 Safari/537.36"
79.117.251.79 - - [06/Jun/2026:21:02:19 +0200] "GET /contact-us HTTP/1.1" 404 12541 "-" "Mozilla/5.0 (Macintosh; Intel Mac OS X 10_15_7) AppleWebKit/537.36 (KHTML, like Gecko) Chrome/124.0.0.0 Safari/537.36"
79.117.251.79 - - [06/Jun/2026:21:02:19 +0200] "GET /proteccion-de-datos HTTP/1.1" 404 12550 "-" "Mozilla/5.0 (Macintosh; Intel Mac OS X 10_15_7) AppleWebKit/537.36 (KHTML, like Gecko) Chrome/124.0.0.0 Safari/537.36"
79.117.251.79 - - [06/Jun/2026:21:02:19 +0200] "GET /sobre-nosotros HTTP/1.1" 404 12547 "-" "Mozilla/5.0 (Macintosh; Intel Mac OS X 10_15_7) AppleWebKit/537.36 (KHTML, like Gecko) Chrome/124.0.0.0 Safari/537.36"
79.117.251.79 - - [06/Jun/2026:21:02:19 +0200] "GET /proteccion-datos HTTP/1.1" 404 12547 "-" "Mozilla/5.0 (Macintosh; Intel Mac OS X 10_15_7) AppleWebKit/537.36 (KHTML, like Gecko) Chrome/124.0.0.0 Safari/537.36"
79.117.251.79 - - [06/Jun/2026:21:02:19 +0200] "GET /quienes-somos HTTP/1.1" 404 12545 "-" "Mozilla/5.0 (Macintosh; Intel Mac OS X 10_15_7) AppleWebKit/537.36 (KHTML, like Gecko) Chrome/124.0.0.0 Safari/537.36"
79.117.251.79 - - [06/Jun/2026:21:02:20 +0200] "GET /condiciones HTTP/1.1" 404 12541 "-" "Mozilla/5.0 (Macintosh; Intel Mac OS X 10_15_7) AppleWebKit/537.36 (KHTML, like Gecko) Chrome/124.0.0.0 Safari/537.36"
79.117.251.79 - - [06/Jun/2026:21:02:20 +0200] "GET /terminos-y-condiciones HTTP/1.1" 404 12551 "-" "Mozilla/5.0 (Macintosh; Intel Mac OS X 10_15_7) AppleWebKit/537.36 (KHTML, like Gecko) Chrome/124.0.0.0 Safari/537.36"
79.117.251.79 - - [06/Jun/2026:21:02:20 +0200] "GET /equipo HTTP/1.1" 404 12541 "-" "Mozilla/5.0 (Macintosh; Intel Mac OS X 10_15_7) AppleWebKit/537.36 (KHTML, like Gecko) Chrome/124.0.0.0 Safari/537.36"
79.117.251.79 - - [06/Jun/2026:21:02:20 +0200] "GET /transparencia HTTP/1.1" 404 12542 "-" "Mozilla/5.0 (Macintosh; Intel Mac OS X 10_15_7) AppleWebKit/537.36 (KHTML, like Gecko) Chrome/124.0.0.0 Safari/537.36"
79.117.251.79 - - [06/Jun/2026:21:02:20 +0200] "GET /condiciones-generales HTTP/1.1" 404 12546 "-" "Mozilla/5.0 (Macintosh; Intel Mac OS X 10_15_7) AppleWebKit/537.36 (KHTML, like Gecko) Chrome/124.0.0.0 Safari/537.36"
79.117.251.79 - - [06/Jun/2026:21:02:20 +0200] "GET /about HTTP/1.1" 301 5 "-" "Mozilla/5.0 (Macintosh; Intel Mac OS X 10_15_7) AppleWebKit/537.36 (KHTML, like Gecko) Chrome/124.0.0.0 Safari/537.36"
79.117.251.79 - - [06/Jun/2026:21:02:20 +0200] "GET /about-us HTTP/1.1" 404 12541 "-" "Mozilla/5.0 (Macintosh; Intel Mac OS X 10_15_7) AppleWebKit/537.36 (KHTML, like Gecko) Chrome/124.0.0.0 Safari/537.36"
79.117.251.79 - - [06/Jun/2026:21:02:20 +0200] "GET /politica-de-privacidad HTTP/1.1" 301 5 "-" "Mozilla/5.0 (Macintosh; Intel Mac OS X 10_15_7) AppleWebKit/537.36 (KHTML, like Gecko) Chrome/124.0.0.0 Safari/537.36"
79.117.251.79 - - [06/Jun/2026:21:02:20 +0200] "GET /privacy-policy/ HTTP/1.1" 200 18827 "-" "Mozilla/5.0 (Macintosh; Intel Mac OS X 10_15_7) AppleWebKit/537.36 (KHTML, like Gecko) Chrome/124.0.0.0 Safari/537.36"
79.117.251.79 - - [06/Jun/2026:21:02:21 +0200] "GET /team HTTP/1.1" 404 12539 "-" "Mozilla/5.0 (Macintosh; Intel Mac OS X 10_15_7) AppleWebKit/537.36 (KHTML, like Gecko) Chrome/124.0.0.0 Safari/537.36"
79.117.251.79 - - [06/Jun/2026:21:02:21 +0200] "GET /company HTTP/1.1" 404 12539 "-" "Mozilla/5.0 (Macintosh; Intel Mac OS X 10_15_7) AppleWebKit/537.36 (KHTML, like Gecko) Chrome/124.0.0.0 Safari/537.36"
79.117.251.79 - - [06/Jun/2026:21:02:21 +0200] "GET /cookies HTTP/1.1" 404 12536 "-" "Mozilla/5.0 (Macintosh; Intel Mac OS X 10_15_7) AppleWebKit/537.36 (KHTML, like Gecko) Chrome/124.0.0.0 Safari/537.36"
79.117.251.79 - - [06/Jun/2026:21:02:21 +0200] "GET /pt/empresa-de-seo-geo-aeo/ HTTP/1.1" 200 16336 "-" "Mozilla/5.0 (Macintosh; Intel Mac OS X 10_15_7) AppleWebKit/537.36 (KHTML, like Gecko) Chrome/124.0.0.0 Safari/537.36"
79.117.251.79 - - [06/Jun/2026:21:02:21 +0200] "GET /about-myideas/ HTTP/1.1" 200 15687 "-" "Mozilla/5.0 (Macintosh; Intel Mac OS X 10_15_7) AppleWebKit/537.36 (KHTML, like Gecko) Chrome/124.0.0.0 Safari/537.36"
79.117.251.79 - - [06/Jun/2026:21:02:21 +0200] "GET /pt/contactos/ HTTP/1.1" 200 14091 "-" "Mozilla/5.0 (Macintosh; Intel Mac OS X 10_15_7) AppleWebKit/537.36 (KHTML, like Gecko) Chrome/124.0.0.0 Safari/537.36"
79.117.251.79 - - [06/Jun/2026:21:02:21 +0200] "GET /pt/contactos/ HTTP/1.1" 200 14091 "-" "Mozilla/5.0 (Macintosh; Intel Mac OS X 10_15_7) AppleWebKit/537.36 (KHTML, like Gecko) Chrome/124.0.0.0 Safari/537.36"
79.117.251.79 - - [06/Jun/2026:21:02:21 +0200] "GET /pt/politica-de-privacidade/ HTTP/1.1" 200 19415 "-" "Mozilla/5.0 (Macintosh; Intel Mac OS X 10_15_7) AppleWebKit/537.36 (KHTML, like Gecko) Chrome/124.0.0.0 Safari/537.36"
75.119.139.177 - - [06/Jun/2026:21:04:20 +0200] "POST /wp-cron.php?doing_wp_cron=1780772660.4185149669647216796875 HTTP/1.1" 200 31 "-" "WordPress/7.0; https://myideas.pt"
52.7.33.248 - - [06/Jun/2026:21:04:20 +0200] "GET /google-ads/ HTTP/1.1" 200 15212 "-" "Mozilla/5.0 AppleWebKit/537.36 (KHTML, like Gecko; compatible; Amazonbot/0.1; +https://developer.amazon.com/support/amazonbot) Chrome/119.0.6045.214 Safari/537.36"
75.119.139.177 - - [06/Jun/2026:21:07:24 +0200] "POST /wp-cron.php?doing_wp_cron=1780772844.4547419548034667968750 HTTP/1.1" 200 31 "-" "WordPress/7.0; https://myideas.pt"
198.38.94.14 - - [06/Jun/2026:21:07:24 +0200] "GET /wp-login.php HTTP/1.1" 200 2256 "-" "Mozilla/5.0 (Windows NT 10.0; Win64; x64) AppleWebKit/537.36 (KHTML, like Gecko) Chrome/120.0.0.0 Safari/537.36"
198.38.94.14 - - [06/Jun/2026:21:07:25 +0200] "POST /wp-login.php HTTP/1.1" 200 2416 "https://myideas.pt/wp-login.php" "Mozilla/5.0 (Windows NT 10.0; Win64; x64) AppleWebKit/537.36 (KHTML, like Gecko) Chrome/120.0.0.0 Safari/537.36"
114.119.132.36 - - [06/Jun/2026:21:07:28 +0200] "GET / HTTP/1.1" 301 5 "https://www.myideas.pt/" "Mozilla/5.0 (Linux; Android 7.0;) AppleWebKit/537.36 (HTML, like Gecko) Mobile Safari/537.36 (compatible; PetalBot;+https://webmaster.petalsearch.com/site/petalbot)"
114.119.132.36 - - [06/Jun/2026:21:07:29 +0200] "GET / HTTP/1.1" 200 24291 "https://www.myideas.pt/" "Mozilla/5.0 (Linux; Android 7.0;) AppleWebKit/537.36 (HTML, like Gecko) Mobile Safari/537.36 (compatible; PetalBot;+https://webmaster.petalsearch.com/site/petalbot)"
75.119.139.177 - - [06/Jun/2026:21:08:35 +0200] "POST /wp-cron.php?doing_wp_cron=1780772915.2530419826507568359375 HTTP/1.1" 200 31 "-" "WordPress/7.0; https://myideas.pt"
85.241.150.53 - - [06/Jun/2026:21:08:35 +0200] "POST /autodiscover/autodiscover.xml HTTP/1.1" 404 13924 "-" "MacOutlook/16.109.26053122 (ARM64 Mac OS X 26.5.1 (Build 25F80)) Legacy"
37.97.137.40 - - [06/Jun/2026:21:08:51 +0200] "HEAD / HTTP/1.1" 301 0 "-" "downnotifier.com monitoring"
37.97.137.40 - - [06/Jun/2026:21:08:52 +0200] "HEAD / HTTP/1.1" 200 0 "-" "downnotifier.com monitoring"
75.119.139.177 - - [06/Jun/2026:21:10:22 +0200] "POST /wp-cron.php?doing_wp_cron=1780773022.2211339473724365234375 HTTP/1.1" 200 31 "-" "WordPress/7.0; https://myideas.pt"
37.97.137.40 - - [06/Jun/2026:21:10:22 +0200] "HEAD / HTTP/1.1" 200 0 "-" "downnotifier.com monitoring"
75.119.139.177 - - [06/Jun/2026:21:15:28 +0200] "POST /wp-cron.php?doing_wp_cron=1780773328.0681710243225097656250 HTTP/1.1" 200 31 "-" "WordPress/7.0; https://myideas.pt"
165.232.171.33 - - [06/Jun/2026:21:15:28 +0200] "GET /file-manager/tinymce HTTP/1.1" 301 5 "-" "Mozilla/5.0 (Linux; Android 11; Redmi Note 9 Pro Build/RKQ1.200826.002; wv) AppleWebKit/537.36 (KHTML, like Gecko) Version/4.0 Chrome/101.0.4951.61 Mobile Safari/537.36"
165.232.171.33 - - [06/Jun/2026:21:15:30 +0200] "GET /file-manager/tinymce HTTP/1.1" 404 12548 "-" "Mozilla/5.0 (Linux; Android 11; Redmi Note 9 Pro Build/RKQ1.200826.002; wv) AppleWebKit/537.36 (KHTML, like Gecko) Version/4.0 Chrome/101.0.4951.61 Mobile Safari/537.36"
165.232.171.33 - - [06/Jun/2026:21:15:32 +0200] "GET /public/file-manager/tinymce HTTP/1.1" 301 5 "-" "Mozilla/5.0 (Linux; Android 11; Redmi Note 9 Pro Build/RKQ1.200826.002; wv) AppleWebKit/537.36 (KHTML, like Gecko) Version/4.0 Chrome/101.0.4951.61 Mobile Safari/537.36"
165.232.171.33 - - [06/Jun/2026:21:15:34 +0200] "GET /public/file-manager/tinymce HTTP/1.1" 404 12610 "-" "Mozilla/5.0 (Linux; Android 11; Redmi Note 9 Pro Build/RKQ1.200826.002; wv) AppleWebKit/537.36 (KHTML, like Gecko) Version/4.0 Chrome/101.0.4951.61 Mobile Safari/537.36"
165.232.171.33 - - [06/Jun/2026:21:15:37 +0200] "GET /file-manager/content HTTP/1.1" 301 5 "-" "Mozilla/5.0 (Linux; Android 11; Redmi Note 9 Pro Build/RKQ1.200826.002; wv) AppleWebKit/537.36 (KHTML, like Gecko) Version/4.0 Chrome/101.0.4951.61 Mobile Safari/537.36"
165.232.171.33 - - [06/Jun/2026:21:15:38 +0200] "GET /file-manager/content HTTP/1.1" 404 12544 "-" "Mozilla/5.0 (Linux; Android 11; Redmi Note 9 Pro Build/RKQ1.200826.002; wv) AppleWebKit/537.36 (KHTML, like Gecko) Version/4.0 Chrome/101.0.4951.61 Mobile Safari/537.36"
165.232.171.33 - - [06/Jun/2026:21:15:41 +0200] "GET /public/file-manager/content HTTP/1.1" 301 5 "-" "Mozilla/5.0 (Linux; Android 11; Redmi Note 9 Pro Build/RKQ1.200826.002; wv) AppleWebKit/537.36 (KHTML, like Gecko) Version/4.0 Chrome/101.0.4951.61 Mobile Safari/537.36"
165.232.171.33 - - [06/Jun/2026:21:15:43 +0200] "GET /public/file-manager/content HTTP/1.1" 404 12606 "-" "Mozilla/5.0 (Linux; Android 11; Redmi Note 9 Pro Build/RKQ1.200826.002; wv) AppleWebKit/537.36 (KHTML, like Gecko) Version/4.0 Chrome/101.0.4951.61 Mobile Safari/537.36"
165.232.171.33 - - [06/Jun/2026:21:15:45 +0200] "GET /laravel-file-manager/tinymce HTTP/1.1" 301 5 "-" "Mozilla/5.0 (Linux; Android 11; Redmi Note 9 Pro Build/RKQ1.200826.002; wv) AppleWebKit/537.36 (KHTML, like Gecko) Version/4.0 Chrome/101.0.4951.61 Mobile Safari/537.36"
165.232.171.33 - - [06/Jun/2026:21:15:50 +0200] "GET /laravel-file-manager/tinymce HTTP/1.1" 404 12555 "-" "Mozilla/5.0 (Linux; Android 11; Redmi Note 9 Pro Build/RKQ1.200826.002; wv) AppleWebKit/537.36 (KHTML, like Gecko) Version/4.0 Chrome/101.0.4951.61 Mobile Safari/537.36"
165.232.171.33 - - [06/Jun/2026:21:15:53 +0200] "GET /public/laravel-file-manager/tinymce HTTP/1.1" 301 5 "-" "Mozilla/5.0 (Linux; Android 11; Redmi Note 9 Pro Build/RKQ1.200826.002; wv) AppleWebKit/537.36 (KHTML, like Gecko) Version/4.0 Chrome/101.0.4951.61 Mobile Safari/537.36"
165.232.171.33 - - [06/Jun/2026:21:15:54 +0200] "GET /public/laravel-file-manager/tinymce HTTP/1.1" 404 12616 "-" "Mozilla/5.0 (Linux; Android 11; Redmi Note 9 Pro Build/RKQ1.200826.002; wv) AppleWebKit/537.36 (KHTML, like Gecko) Version/4.0 Chrome/101.0.4951.61 Mobile Safari/537.36"
75.119.139.177 - - [06/Jun/2026:21:16:39 +0200] "POST /wp-cron.php?doing_wp_cron=1780773399.2960679531097412109375 HTTP/1.1" 200 31 "-" "WordPress/7.0; https://myideas.pt"
43.173.1.57 - - [06/Jun/2026:21:16:39 +0200] "GET / HTTP/1.1" 301 5 "http://www.myideas.pt" "Mozilla/5.0 (iPhone; CPU iPhone OS 13_2_3 like Mac OS X) AppleWebKit/605.1.15 (KHTML, like Gecko) Version/13.0.3 Mobile/15E148 Safari/604.1"
43.157.175.122 - - [06/Jun/2026:21:16:39 +0200] "GET /social-media/ HTTP/1.1" 200 15386 "-" "Mozilla/5.0 (iPhone; CPU iPhone OS 13_2_3 like Mac OS X) AppleWebKit/605.1.15 (KHTML, like Gecko) Version/13.0.3 Mobile/15E148 Safari/604.1"
43.173.1.57 - - [06/Jun/2026:21:16:41 +0200] "GET / HTTP/1.1" 200 24291 "https://www.myideas.pt/" "Mozilla/5.0 (iPhone; CPU iPhone OS 13_2_3 like Mac OS X) AppleWebKit/605.1.15 (KHTML, like Gecko) Version/13.0.3 Mobile/15E148 Safari/604.1"
75.119.139.177 - - [06/Jun/2026:21:18:51 +0200] "POST /wp-cron.php?doing_wp_cron=1780773531.7513298988342285156250 HTTP/1.1" 200 31 "-" "WordPress/7.0; https://myideas.pt"
206.189.127.129 - - [06/Jun/2026:21:18:51 +0200] "HEAD / HTTP/1.1" 301 0 "-" "downnotifier.com monitoring"
206.189.127.129 - - [06/Jun/2026:21:18:52 +0200] "HEAD / HTTP/1.1" 200 0 "-" "downnotifier.com monitoring"
75.119.139.177 - - [06/Jun/2026:21:20:21 +0200] "POST /wp-cron.php?doing_wp_cron=1780773621.5274319648742675781250 HTTP/1.1" 200 31 "-" "WordPress/7.0; https://myideas.pt"
139.59.109.12 - - [06/Jun/2026:21:20:21 +0200] "HEAD / HTTP/1.1" 200 0 "-" "downnotifier.com monitoring"
192.36.109.84 - - [06/Jun/2026:21:23:39 +0200] "GET / HTTP/1.1" 200 24292 "http://myideas.pt/" "Mozilla/5.0 (Windows NT 6.3; Win64; x64; rv:109.0) Gecko/20100101 Firefox/115"
75.119.139.177 - - [06/Jun/2026:21:23:40 +0200] "POST /wp-cron.php?doing_wp_cron=1780773820.5470180511474609375000 HTTP/1.1" 200 31 "-" "WordPress/7.0; https://myideas.pt"
192.36.109.70 - - [06/Jun/2026:21:23:40 +0200] "GET /portfolio/diogo-costa-goncalves-branding/ HTTP/1.1" 200 18766 "-" "Mozilla/5.0 (Windows NT 6.3; Win64; x64; rv:109.0) Gecko/20100101 Firefox/115"
192.36.109.99 - - [06/Jun/2026:21:23:41 +0200] "GET /portfolio/eurest-cookbook-great-taste-without-waste/ HTTP/1.1" 200 18762 "-" "Mozilla/5.0 (Windows NT 6.3; Win64; x64; rv:109.0) Gecko/20100101 Firefox/115"
192.36.109.120 - - [06/Jun/2026:21:23:42 +0200] "GET /portfolio/map-group-corporate-brochure-2025/ HTTP/1.1" 200 19256 "-" "Mozilla/5.0 (Windows NT 6.3; Win64; x64; rv:109.0) Gecko/20100101 Firefox/115"
4.194.3.176 - - [06/Jun/2026:21:25:19 +0200] "GET /a.php HTTP/1.1" 404 47 "-" "Mozilla/5.0 (Windows NT 10.0; Win64; x64) AppleWebKit/537.36 (KHTML, like Gecko) Chrome/120.0.0.0 Safari/537.36"
4.194.3.176 - - [06/Jun/2026:21:25:20 +0200] "GET /aa.php HTTP/1.1" 404 47 "-" "Mozilla/5.0 (Windows NT 10.0; Win64; x64) AppleWebKit/537.36 (KHTML, like Gecko) Chrome/120.0.0.0 Safari/537.36"
4.194.3.176 - - [06/Jun/2026:21:25:20 +0200] "GET /aaa.php HTTP/1.1" 404 47 "-" "Mozilla/5.0 (Windows NT 10.0; Win64; x64) AppleWebKit/537.36 (KHTML, like Gecko) Chrome/120.0.0.0 Safari/537.36"
4.194.3.176 - - [06/Jun/2026:21:25:20 +0200] "GET /ab.php HTTP/1.1" 404 47 "-" "Mozilla/5.0 (Windows NT 10.0; Win64; x64) AppleWebKit/537.36 (KHTML, like Gecko) Chrome/120.0.0.0 Safari/537.36"
4.194.3.176 - - [06/Jun/2026:21:25:20 +0200] "GET /lock360.php HTTP/1.1" 404 47 "-" "Mozilla/5.0 (Windows NT 10.0; Win64; x64) AppleWebKit/537.36 (KHTML, like Gecko) Chrome/120.0.0.0 Safari/537.36"
4.194.3.176 - - [06/Jun/2026:21:25:20 +0200] "GET /anonse/lock360.php HTTP/1.1" 404 47 "-" "Mozilla/5.0 (Windows NT 10.0; Win64; x64) AppleWebKit/537.36 (KHTML, like Gecko) Chrome/120.0.0.0 Safari/537.36"
4.194.3.176 - - [06/Jun/2026:21:25:20 +0200] "GET /file5.php HTTP/1.1" 404 47 "-" "Mozilla/5.0 (Windows NT 10.0; Win64; x64) AppleWebKit/537.36 (KHTML, like Gecko) Chrome/120.0.0.0 Safari/537.36"
4.194.3.176 - - [06/Jun/2026:21:25:21 +0200] "GET /sitemaps.php HTTP/1.1" 404 47 "-" "Mozilla/5.0 (Windows NT 10.0; Win64; x64) AppleWebKit/537.36 (KHTML, like Gecko) Chrome/120.0.0.0 Safari/537.36"
4.194.3.176 - - [06/Jun/2026:21:25:21 +0200] "GET /ioxi-o.php HTTP/1.1" 404 47 "-" "Mozilla/5.0 (Windows NT 10.0; Win64; x64) AppleWebKit/537.36 (KHTML, like Gecko) Chrome/120.0.0.0 Safari/537.36"
4.194.3.176 - - [06/Jun/2026:21:25:21 +0200] "GET /load.php HTTP/1.1" 404 47 "-" "Mozilla/5.0 (Windows NT 10.0; Win64; x64) AppleWebKit/537.36 (KHTML, like Gecko) Chrome/120.0.0.0 Safari/537.36"
4.194.3.176 - - [06/Jun/2026:21:25:21 +0200] "GET /k.php HTTP/1.1" 404 47 "-" "Mozilla/5.0 (Windows NT 10.0; Win64; x64) AppleWebKit/537.36 (KHTML, like Gecko) Chrome/120.0.0.0 Safari/537.36"
4.194.3.176 - - [06/Jun/2026:21:25:21 +0200] "GET /autoload_classmap.php HTTP/1.1" 404 47 "-" "Mozilla/5.0 (Windows NT 10.0; Win64; x64) AppleWebKit/537.36 (KHTML, like Gecko) Chrome/120.0.0.0 Safari/537.36"
4.194.3.176 - - [06/Jun/2026:21:25:21 +0200] "GET /post.php HTTP/1.1" 404 47 "-" "Mozilla/5.0 (Windows NT 10.0; Win64; x64) AppleWebKit/537.36 (KHTML, like Gecko) Chrome/120.0.0.0 Safari/537.36"
4.194.3.176 - - [06/Jun/2026:21:25:22 +0200] "GET /1.php HTTP/1.1" 404 47 "-" "Mozilla/5.0 (Windows NT 10.0; Win64; x64) AppleWebKit/537.36 (KHTML, like Gecko) Chrome/120.0.0.0 Safari/537.36"
4.194.3.176 - - [06/Jun/2026:21:25:22 +0200] "GET /flower.php HTTP/1.1" 404 47 "-" "Mozilla/5.0 (Windows NT 10.0; Win64; x64) AppleWebKit/537.36 (KHTML, like Gecko) Chrome/120.0.0.0 Safari/537.36"
4.194.3.176 - - [06/Jun/2026:21:25:22 +0200] "GET /admin.php HTTP/1.1" 404 47 "-" "Mozilla/5.0 (Windows NT 10.0; Win64; x64) AppleWebKit/537.36 (KHTML, like Gecko) Chrome/120.0.0.0 Safari/537.36"
4.194.3.176 - - [06/Jun/2026:21:25:22 +0200] "GET /file.php HTTP/1.1" 404 47 "-" "Mozilla/5.0 (Windows NT 10.0; Win64; x64) AppleWebKit/537.36 (KHTML, like Gecko) Chrome/120.0.0.0 Safari/537.36"
4.194.3.176 - - [06/Jun/2026:21:25:22 +0200] "GET /default.php HTTP/1.1" 404 47 "-" "Mozilla/5.0 (Windows NT 10.0; Win64; x64) AppleWebKit/537.36 (KHTML, like Gecko) Chrome/120.0.0.0 Safari/537.36"
4.194.3.176 - - [06/Jun/2026:21:25:22 +0200] "GET /defaults.php HTTP/1.1" 404 47 "-" "Mozilla/5.0 (Windows NT 10.0; Win64; x64) AppleWebKit/537.36 (KHTML, like Gecko) Chrome/120.0.0.0 Safari/537.36"
4.194.3.176 - - [06/Jun/2026:21:25:23 +0200] "GET /meta.php HTTP/1.1" 404 47 "-" "Mozilla/5.0 (Windows NT 10.0; Win64; x64) AppleWebKit/537.36 (KHTML, like Gecko) Chrome/120.0.0.0 Safari/537.36"
75.119.139.177 - - [06/Jun/2026:21:25:23 +0200] "POST /wp-cron.php?doing_wp_cron=1780773923.8669331073760986328125 HTTP/1.1" 200 31 "-" "WordPress/7.0; https://myideas.pt"
4.194.3.176 - - [06/Jun/2026:21:25:23 +0200] "GET /index.php HTTP/1.1" 301 5 "-" "Mozilla/5.0 (Windows NT 10.0; Win64; x64) AppleWebKit/537.36 (KHTML, like Gecko) Chrome/120.0.0.0 Safari/537.36"
4.194.3.176 - - [06/Jun/2026:21:25:24 +0200] "GET /about.php HTTP/1.1" 404 47 "-" "Mozilla/5.0 (Windows NT 10.0; Win64; x64) AppleWebKit/537.36 (KHTML, like Gecko) Chrome/120.0.0.0 Safari/537.36"
4.194.3.176 - - [06/Jun/2026:21:25:24 +0200] "GET /randkeyword.php HTTP/1.1" 404 47 "-" "Mozilla/5.0 (Windows NT 10.0; Win64; x64) AppleWebKit/537.36 (KHTML, like Gecko) Chrome/120.0.0.0 Safari/537.36"
4.194.3.176 - - [06/Jun/2026:21:25:24 +0200] "GET /goods.php HTTP/1.1" 404 47 "-" "Mozilla/5.0 (Windows NT 10.0; Win64; x64) AppleWebKit/537.36 (KHTML, like Gecko) Chrome/120.0.0.0 Safari/537.36"
4.194.3.176 - - [06/Jun/2026:21:25:24 +0200] "GET /hehe.php HTTP/1.1" 404 47 "-" "Mozilla/5.0 (Windows NT 10.0; Win64; x64) AppleWebKit/537.36 (KHTML, like Gecko) Chrome/120.0.0.0 Safari/537.36"
4.194.3.176 - - [06/Jun/2026:21:25:24 +0200] "GET /user.php HTTP/1.1" 404 47 "-" "Mozilla/5.0 (Windows NT 10.0; Win64; x64) AppleWebKit/537.36 (KHTML, like Gecko) Chrome/120.0.0.0 Safari/537.36"
4.194.3.176 - - [06/Jun/2026:21:25:24 +0200] "GET /wp-2019.php HTTP/1.1" 404 47 "-" "Mozilla/5.0 (Windows NT 10.0; Win64; x64) AppleWebKit/537.36 (KHTML, like Gecko) Chrome/120.0.0.0 Safari/537.36"
4.194.3.176 - - [06/Jun/2026:21:25:25 +0200] "GET /chosen.php HTTP/1.1" 404 47 "-" "Mozilla/5.0 (Windows NT 10.0; Win64; x64) AppleWebKit/537.36 (KHTML, like Gecko) Chrome/120.0.0.0 Safari/537.36"
4.194.3.176 - - [06/Jun/2026:21:25:25 +0200] "GET /functions.php HTTP/1.1" 404 47 "-" "Mozilla/5.0 (Windows NT 10.0; Win64; x64) AppleWebKit/537.36 (KHTML, like Gecko) Chrome/120.0.0.0 Safari/537.36"
4.194.3.176 - - [06/Jun/2026:21:25:25 +0200] "GET /cron.php HTTP/1.1" 404 47 "-" "Mozilla/5.0 (Windows NT 10.0; Win64; x64) AppleWebKit/537.36 (KHTML, like Gecko) Chrome/120.0.0.0 Safari/537.36"
4.194.3.176 - - [06/Jun/2026:21:25:25 +0200] "GET /edit.php HTTP/1.1" 404 47 "-" "Mozilla/5.0 (Windows NT 10.0; Win64; x64) AppleWebKit/537.36 (KHTML, like Gecko) Chrome/120.0.0.0 Safari/537.36"
4.194.3.176 - - [06/Jun/2026:21:25:26 +0200] "GET /gecko-new.php HTTP/1.1" 404 47 "-" "Mozilla/5.0 (Windows NT 10.0; Win64; x64) AppleWebKit/537.36 (KHTML, like Gecko) Chrome/120.0.0.0 Safari/537.36"
4.194.3.176 - - [06/Jun/2026:21:25:26 +0200] "GET /cookie.php HTTP/1.1" 404 47 "-" "Mozilla/5.0 (Windows NT 10.0; Win64; x64) AppleWebKit/537.36 (KHTML, like Gecko) Chrome/120.0.0.0 Safari/537.36"
4.194.3.176 - - [06/Jun/2026:21:25:26 +0200] "GET /xleet.php HTTP/1.1" 404 47 "-" "Mozilla/5.0 (Windows NT 10.0; Win64; x64) AppleWebKit/537.36 (KHTML, like Gecko) Chrome/120.0.0.0 Safari/537.36"
4.194.3.176 - - [06/Jun/2026:21:25:26 +0200] "GET /spip.php HTTP/1.1" 404 47 "-" "Mozilla/5.0 (Windows NT 10.0; Win64; x64) AppleWebKit/537.36 (KHTML, like Gecko) Chrome/120.0.0.0 Safari/537.36"
4.194.3.176 - - [06/Jun/2026:21:25:26 +0200] "GET /22.php HTTP/1.1" 404 47 "-" "Mozilla/5.0 (Windows NT 10.0; Win64; x64) AppleWebKit/537.36 (KHTML, like Gecko) Chrome/120.0.0.0 Safari/537.36"
4.194.3.176 - - [06/Jun/2026:21:25:26 +0200] "GET /room.php HTTP/1.1" 404 47 "-" "Mozilla/5.0 (Windows NT 10.0; Win64; x64) AppleWebKit/537.36 (KHTML, like Gecko) Chrome/120.0.0.0 Safari/537.36"
4.194.3.176 - - [06/Jun/2026:21:25:27 +0200] "GET /disagreed.php HTTP/1.1" 404 47 "-" "Mozilla/5.0 (Windows NT 10.0; Win64; x64) AppleWebKit/537.36 (KHTML, like Gecko) Chrome/120.0.0.0 Safari/537.36"
4.194.3.176 - - [06/Jun/2026:21:25:27 +0200] "GET /text.php HTTP/1.1" 404 47 "-" "Mozilla/5.0 (Windows NT 10.0; Win64; x64) AppleWebKit/537.36 (KHTML, like Gecko) Chrome/120.0.0.0 Safari/537.36"
4.194.3.176 - - [06/Jun/2026:21:25:27 +0200] "GET /alfa-rex.php HTTP/1.1" 404 47 "-" "Mozilla/5.0 (Windows NT 10.0; Win64; x64) AppleWebKit/537.36 (KHTML, like Gecko) Chrome/120.0.0.0 Safari/537.36"
4.194.3.176 - - [06/Jun/2026:21:25:28 +0200] "GET /alfa-rex.php7 HTTP/1.1" 301 5 "-" "Mozilla/5.0 (Windows NT 10.0; Win64; x64) AppleWebKit/537.36 (KHTML, like Gecko) Chrome/120.0.0.0 Safari/537.36"
4.194.3.176 - - [06/Jun/2026:21:25:28 +0200] "GET /feeds.php HTTP/1.1" 404 47 "-" "Mozilla/5.0 (Windows NT 10.0; Win64; x64) AppleWebKit/537.36 (KHTML, like Gecko) Chrome/120.0.0.0 Safari/537.36"
4.194.3.176 - - [06/Jun/2026:21:25:28 +0200] "GET /radio.php HTTP/1.1" 404 47 "-" "Mozilla/5.0 (Windows NT 10.0; Win64; x64) AppleWebKit/537.36 (KHTML, like Gecko) Chrome/120.0.0.0 Safari/537.36"
4.194.3.176 - - [06/Jun/2026:21:25:28 +0200] "GET /dropdown.php HTTP/1.1" 404 47 "-" "Mozilla/5.0 (Windows NT 10.0; Win64; x64) AppleWebKit/537.36 (KHTML, like Gecko) Chrome/120.0.0.0 Safari/537.36"
4.194.3.176 - - [06/Jun/2026:21:25:28 +0200] "GET /defaults.php HTTP/1.1" 404 47 "-" "Mozilla/5.0 (Windows NT 10.0; Win64; x64) AppleWebKit/537.36 (KHTML, like Gecko) Chrome/120.0.0.0 Safari/537.36"
4.194.3.176 - - [06/Jun/2026:21:25:28 +0200] "GET /system.php HTTP/1.1" 404 47 "-" "Mozilla/5.0 (Windows NT 10.0; Win64; x64) AppleWebKit/537.36 (KHTML, like Gecko) Chrome/120.0.0.0 Safari/537.36"
4.194.3.176 - - [06/Jun/2026:21:25:29 +0200] "GET /xmlrpc.php HTTP/1.1" 405 53 "-" "Mozilla/5.0 (Windows NT 10.0; Win64; x64) AppleWebKit/537.36 (KHTML, like Gecko) Chrome/120.0.0.0 Safari/537.36"
4.194.3.176 - - [06/Jun/2026:21:25:30 +0200] "GET /xmlrpc.php0 HTTP/1.1" 301 5 "-" "Mozilla/5.0 (Windows NT 10.0; Win64; x64) AppleWebKit/537.36 (KHTML, like Gecko) Chrome/120.0.0.0 Safari/537.36"
4.194.3.176 - - [06/Jun/2026:21:25:30 +0200] "GET /colors.php HTTP/1.1" 404 47 "-" "Mozilla/5.0 (Windows NT 10.0; Win64; x64) AppleWebKit/537.36 (KHTML, like Gecko) Chrome/120.0.0.0 Safari/537.36"
4.194.3.176 - - [06/Jun/2026:21:25:30 +0200] "GET /updates.php HTTP/1.1" 404 47 "-" "Mozilla/5.0 (Windows NT 10.0; Win64; x64) AppleWebKit/537.36 (KHTML, like Gecko) Chrome/120.0.0.0 Safari/537.36"
4.194.3.176 - - [06/Jun/2026:21:25:30 +0200] "GET /alfa-rex1.php HTTP/1.1" 404 47 "-" "Mozilla/5.0 (Windows NT 10.0; Win64; x64) AppleWebKit/537.36 (KHTML, like Gecko) Chrome/120.0.0.0 Safari/537.36"
4.194.3.176 - - [06/Jun/2026:21:25:30 +0200] "GET /wp-index.php HTTP/1.1" 404 47 "-" "Mozilla/5.0 (Windows NT 10.0; Win64; x64) AppleWebKit/537.36 (KHTML, like Gecko) Chrome/120.0.0.0 Safari/537.36"
4.194.3.176 - - [06/Jun/2026:21:25:31 +0200] "GET /wp-admin.php HTTP/1.1" 404 47 "-" "Mozilla/5.0 (Windows NT 10.0; Win64; x64) AppleWebKit/537.36 (KHTML, like Gecko) Chrome/120.0.0.0 Safari/537.36"
4.194.3.176 - - [06/Jun/2026:21:25:31 +0200] "GET /alfa.php HTTP/1.1" 404 47 "-" "Mozilla/5.0 (Windows NT 10.0; Win64; x64) AppleWebKit/537.36 (KHTML, like Gecko) Chrome/120.0.0.0 Safari/537.36"
4.194.3.176 - - [06/Jun/2026:21:25:31 +0200] "GET /alfanew.php7 HTTP/1.1" 301 5 "-" "Mozilla/5.0 (Windows NT 10.0; Win64; x64) AppleWebKit/537.36 (KHTML, like Gecko) Chrome/120.0.0.0 Safari/537.36"
4.194.3.176 - - [06/Jun/2026:21:25:32 +0200] "GET /locale.php HTTP/1.1" 404 47 "-" "Mozilla/5.0 (Windows NT 10.0; Win64; x64) AppleWebKit/537.36 (KHTML, like Gecko) Chrome/120.0.0.0 Safari/537.36"
4.194.3.176 - - [06/Jun/2026:21:25:32 +0200] "GET /wxo.php HTTP/1.1" 404 47 "-" "Mozilla/5.0 (Windows NT 10.0; Win64; x64) AppleWebKit/537.36 (KHTML, like Gecko) Chrome/120.0.0.0 Safari/537.36"
4.194.3.176 - - [06/Jun/2026:21:25:32 +0200] "GET /colour.php HTTP/1.1" 404 47 "-" "Mozilla/5.0 (Windows NT 10.0; Win64; x64) AppleWebKit/537.36 (KHTML, like Gecko) Chrome/120.0.0.0 Safari/537.36"
4.194.3.176 - - [06/Jun/2026:21:25:32 +0200] "GET /files.php HTTP/1.1" 404 47 "-" "Mozilla/5.0 (Windows NT 10.0; Win64; x64) AppleWebKit/537.36 (KHTML, like Gecko) Chrome/120.0.0.0 Safari/537.36"
4.194.3.176 - - [06/Jun/2026:21:25:32 +0200] "GET /install.php HTTP/1.1" 404 47 "-" "Mozilla/5.0 (Windows NT 10.0; Win64; x64) AppleWebKit/537.36 (KHTML, like Gecko) Chrome/120.0.0.0 Safari/537.36"
