119.93.249.179 - - [06/Jun/2026:11:06:53 +0200] "POST /xmlrpc.php HTTP/1.1" 200 415 "-" "Mozilla/5.0 (X11; Ubuntu; Linux x86_64; arm64) AppleWebKit/537.36 (KHTML, like Gecko) Edge/86.0.0.0 Safari/537.36"
119.93.249.179 - - [06/Jun/2026:11:07:11 +0200] "POST /xmlrpc.php HTTP/1.1" 200 415 "-" "Mozilla/5.0 (Windows NT 6.3; x86) AppleWebKit/537.36 (KHTML, like Gecko) Firefox/83.0.0.0 Safari/537.36"
75.119.139.177 - - [06/Jun/2026:11:07:26 +0200] "POST /wp-cron.php?doing_wp_cron=1780736846.4587199687957763671875 HTTP/1.1" 200 31 "-" "WordPress/7.0; https://myideas.pt"
119.93.249.179 - - [06/Jun/2026:11:07:26 +0200] "POST /xmlrpc.php HTTP/1.1" 200 415 "-" "Mozilla/5.0 (Windows NT 6.3; x64) AppleWebKit/537.36 (KHTML, like Gecko) Firefox/93.0.0.0 Safari/537.36"
119.93.249.179 - - [06/Jun/2026:11:07:40 +0200] "POST /xmlrpc.php HTTP/1.1" 200 415 "-" "Mozilla/5.0 (Macintosh; Intel Mac OS X 10_15_7; x64) AppleWebKit/537.36 (KHTML, like Gecko) Firefox/99.0.0.0 Safari/537.36"
119.93.249.179 - - [06/Jun/2026:11:07:55 +0200] "POST /xmlrpc.php HTTP/1.1" 200 415 "-" "Mozilla/5.0 (Windows NT 6.3; x86) AppleWebKit/537.36 (KHTML, like Gecko) Chrome/84.0.0.0 Safari/537.36"
119.93.249.179 - - [06/Jun/2026:11:08:10 +0200] "POST /xmlrpc.php HTTP/1.1" 200 415 "-" "Mozilla/5.0 (X11; Ubuntu; Linux x86_64; x64) AppleWebKit/537.36 (KHTML, like Gecko) Opera/72.0.0.0 Safari/537.36"
75.119.139.177 - - [06/Jun/2026:11:08:23 +0200] "POST /wp-cron.php?doing_wp_cron=1780736903.7635049819946289062500 HTTP/1.1" 200 31 "-" "WordPress/7.0; https://myideas.pt"
119.93.249.179 - - [06/Jun/2026:11:08:23 +0200] "POST /xmlrpc.php HTTP/1.1" 200 415 "-" "Mozilla/5.0 (Windows NT 6.3; x64) AppleWebKit/537.36 (KHTML, like Gecko) Firefox/95.0.0.0 Safari/537.36"
119.93.249.179 - - [06/Jun/2026:11:08:37 +0200] "POST /xmlrpc.php HTTP/1.1" 200 415 "-" "Mozilla/5.0 (Windows NT 6.3; arm64) AppleWebKit/537.36 (KHTML, like Gecko) Firefox/76.0.0.0 Safari/537.36"
75.119.139.177 - - [06/Jun/2026:11:08:47 +0200] "POST /wp-cron.php?doing_wp_cron=1780736927.5560040473937988281250 HTTP/1.1" 200 31 "-" "WordPress/7.0; https://myideas.pt"
37.97.137.40 - - [06/Jun/2026:11:08:47 +0200] "HEAD / HTTP/1.1" 301 0 "-" "downnotifier.com monitoring"
37.97.137.40 - - [06/Jun/2026:11:08:48 +0200] "HEAD / HTTP/1.1" 200 0 "-" "downnotifier.com monitoring"
119.93.249.179 - - [06/Jun/2026:11:08:49 +0200] "POST /xmlrpc.php HTTP/1.1" 200 415 "-" "Mozilla/5.0 (Windows NT 10.0; arm64) AppleWebKit/537.36 (KHTML, like Gecko) Safari/12.0.0.0 Safari/537.36"
119.93.249.179 - - [06/Jun/2026:11:09:04 +0200] "POST /xmlrpc.php HTTP/1.1" 200 415 "-" "Mozilla/5.0 (Macintosh; Intel Mac OS X 10_15_7; x86) AppleWebKit/537.36 (KHTML, like Gecko) Safari/15.0.0.0 Safari/537.36"
75.119.139.177 - - [06/Jun/2026:11:09:18 +0200] "POST /wp-cron.php?doing_wp_cron=1780736958.5350461006164550781250 HTTP/1.1" 200 31 "-" "WordPress/7.0; https://myideas.pt"
119.93.249.179 - - [06/Jun/2026:11:09:19 +0200] "POST /xmlrpc.php HTTP/1.1" 200 415 "-" "Mozilla/5.0 (Windows NT 10.0; x86) AppleWebKit/537.36 (KHTML, like Gecko) Opera/74.0.0.0 Safari/537.36"
119.93.249.179 - - [06/Jun/2026:11:09:33 +0200] "POST /xmlrpc.php HTTP/1.1" 200 415 "-" "Mozilla/5.0 (Windows NT 6.3; x86) AppleWebKit/537.36 (KHTML, like Gecko) Edge/82.0.0.0 Safari/537.36"
119.93.249.179 - - [06/Jun/2026:11:09:46 +0200] "POST /xmlrpc.php HTTP/1.1" 200 415 "-" "Mozilla/5.0 (Windows NT 6.3; arm64) AppleWebKit/537.36 (KHTML, like Gecko) Safari/10.0.0.0 Safari/537.36"
119.93.249.179 - - [06/Jun/2026:11:09:59 +0200] "POST /xmlrpc.php HTTP/1.1" 200 415 "-" "Mozilla/5.0 (Windows NT 10.0; x64) AppleWebKit/537.36 (KHTML, like Gecko) Safari/12.0.0.0 Safari/537.36"
206.189.127.129 - - [06/Jun/2026:11:10:12 +0200] "HEAD / HTTP/1.1" 200 0 "-" "downnotifier.com monitoring"
119.93.249.179 - - [06/Jun/2026:11:10:12 +0200] "POST /xmlrpc.php HTTP/1.1" 200 415 "-" "Mozilla/5.0 (Windows NT 6.2; x86) AppleWebKit/537.36 (KHTML, like Gecko) Chrome/101.0.0.0 Safari/537.36"
75.119.139.177 - - [06/Jun/2026:11:10:26 +0200] "POST /wp-cron.php?doing_wp_cron=1780737025.9233810901641845703125 HTTP/1.1" 200 31 "-" "WordPress/7.0; https://myideas.pt"
119.93.249.179 - - [06/Jun/2026:11:10:26 +0200] "POST /xmlrpc.php HTTP/1.1" 200 415 "-" "Mozilla/5.0 (Windows NT 6.2; arm64) AppleWebKit/537.36 (KHTML, like Gecko) Safari/10.0.0.0 Safari/537.36"
119.93.249.179 - - [06/Jun/2026:11:10:40 +0200] "POST /xmlrpc.php HTTP/1.1" 200 415 "-" "Mozilla/5.0 (Windows NT 10.0; x64) AppleWebKit/537.36 (KHTML, like Gecko) Firefox/94.0.0.0 Safari/537.36"
119.93.249.179 - - [06/Jun/2026:11:10:53 +0200] "POST /xmlrpc.php HTTP/1.1" 200 415 "-" "Mozilla/5.0 (Windows NT 10.0; arm64) AppleWebKit/537.36 (KHTML, like Gecko) Chrome/111.0.0.0 Safari/537.36"
119.93.249.179 - - [06/Jun/2026:11:11:08 +0200] "POST /xmlrpc.php HTTP/1.1" 200 415 "-" "Mozilla/5.0 (Windows NT 6.3; x64) AppleWebKit/537.36 (KHTML, like Gecko) Opera/75.0.0.0 Safari/537.36"
75.119.139.177 - - [06/Jun/2026:11:11:22 +0200] "POST /wp-cron.php?doing_wp_cron=1780737082.8493580818176269531250 HTTP/1.1" 200 31 "-" "WordPress/7.0; https://myideas.pt"
119.93.249.179 - - [06/Jun/2026:11:11:22 +0200] "POST /xmlrpc.php HTTP/1.1" 200 415 "-" "Mozilla/5.0 (Windows NT 10.0; arm64) AppleWebKit/537.36 (KHTML, like Gecko) Opera/69.0.0.0 Safari/537.36"
119.93.249.179 - - [06/Jun/2026:11:11:37 +0200] "POST /xmlrpc.php HTTP/1.1" 200 415 "-" "Mozilla/5.0 (Macintosh; Intel Mac OS X 10_15_7; x64) AppleWebKit/537.36 (KHTML, like Gecko) Chrome/114.0.0.0 Safari/537.36"
119.93.249.179 - - [06/Jun/2026:11:11:52 +0200] "POST /xmlrpc.php HTTP/1.1" 200 415 "-" "Mozilla/5.0 (X11; Ubuntu; Linux x86_64; x86) AppleWebKit/537.36 (KHTML, like Gecko) Chrome/81.0.0.0 Safari/537.36"
119.93.249.179 - - [06/Jun/2026:11:12:06 +0200] "POST /xmlrpc.php HTTP/1.1" 200 415 "-" "Mozilla/5.0 (Macintosh; Intel Mac OS X 10_15_7; arm64) AppleWebKit/537.36 (KHTML, like Gecko) Opera/76.0.0.0 Safari/537.36"
75.119.139.177 - - [06/Jun/2026:11:12:21 +0200] "POST /wp-cron.php?doing_wp_cron=1780737141.2987799644470214843750 HTTP/1.1" 200 31 "-" "WordPress/7.0; https://myideas.pt"
119.93.249.179 - - [06/Jun/2026:11:12:21 +0200] "POST /xmlrpc.php HTTP/1.1" 200 415 "-" "Mozilla/5.0 (Linux; Android 10; x64) AppleWebKit/537.36 (KHTML, like Gecko) Safari/11.0.0.0 Safari/537.36"
119.93.249.179 - - [06/Jun/2026:11:12:35 +0200] "POST /xmlrpc.php HTTP/1.1" 200 415 "-" "Mozilla/5.0 (X11; Ubuntu; Linux x86_64; arm64) AppleWebKit/537.36 (KHTML, like Gecko) Opera/72.0.0.0 Safari/537.36"
119.93.249.179 - - [06/Jun/2026:11:12:48 +0200] "POST /xmlrpc.php HTTP/1.1" 200 415 "-" "Mozilla/5.0 (Windows NT 6.3; arm64) AppleWebKit/537.36 (KHTML, like Gecko) Firefox/91.0.0.0 Safari/537.36"
177.124.88.216 - - [06/Jun/2026:11:12:49 +0200] "GET / HTTP/1.0" 400 248 "-" "ivre-masscan/1.3 https://github.com/robertdavidgraham/"
119.93.249.179 - - [06/Jun/2026:11:13:02 +0200] "POST /xmlrpc.php HTTP/1.1" 200 415 "-" "Mozilla/5.0 (Windows NT 6.3; x86) AppleWebKit/537.36 (KHTML, like Gecko) Safari/14.0.0.0 Safari/537.36"
119.93.249.179 - - [06/Jun/2026:11:13:15 +0200] "POST /xmlrpc.php HTTP/1.1" 200 415 "-" "Mozilla/5.0 (Macintosh; Intel Mac OS X 10_15_7; x64) AppleWebKit/537.36 (KHTML, like Gecko) Edge/98.0.0.0 Safari/537.36"
75.119.139.177 - - [06/Jun/2026:11:13:29 +0200] "POST /wp-cron.php?doing_wp_cron=1780737209.9504580497741699218750 HTTP/1.1" 200 31 "-" "WordPress/7.0; https://myideas.pt"
119.93.249.179 - - [06/Jun/2026:11:13:29 +0200] "POST /xmlrpc.php HTTP/1.1" 200 415 "-" "Mozilla/5.0 (Windows NT 6.3; x64) AppleWebKit/537.36 (KHTML, like Gecko) Opera/78.0.0.0 Safari/537.36"
45.148.10.67 - - [06/Jun/2026:11:13:40 +0200] "GET / HTTP/1.1" 301 5 "-" "Mozilla/5.0 (Windows NT 10.0; Win64; x64) AppleWebKit/537.36 (KHTML, like Gecko) Chrome/131.0.0.0 Safari/537.36"
45.148.10.67 - - [06/Jun/2026:11:13:40 +0200] "GET / HTTP/1.1" 200 23869 "https://75.119.139.177:443/" "Mozilla/5.0 (Windows NT 10.0; Win64; x64) AppleWebKit/537.36 (KHTML, like Gecko) Chrome/131.0.0.0 Safari/537.36"
119.93.249.179 - - [06/Jun/2026:11:13:43 +0200] "POST /xmlrpc.php HTTP/1.1" 200 415 "-" "Mozilla/5.0 (Linux; Android 10; x64) AppleWebKit/537.36 (KHTML, like Gecko) Opera/76.0.0.0 Safari/537.36"
119.93.249.179 - - [06/Jun/2026:11:13:55 +0200] "POST /xmlrpc.php HTTP/1.1" 200 415 "-" "Mozilla/5.0 (Windows NT 10.0; x86) AppleWebKit/537.36 (KHTML, like Gecko) Opera/80.0.0.0 Safari/537.36"
119.93.249.179 - - [06/Jun/2026:11:14:10 +0200] "POST /xmlrpc.php HTTP/1.1" 200 415 "-" "Mozilla/5.0 (Windows NT 6.3; arm64) AppleWebKit/537.36 (KHTML, like Gecko) Opera/62.0.0.0 Safari/537.36"
75.119.139.177 - - [06/Jun/2026:11:14:25 +0200] "POST /wp-cron.php?doing_wp_cron=1780737264.7177939414978027343750 HTTP/1.1" 200 31 "-" "WordPress/7.0; https://myideas.pt"
119.93.249.179 - - [06/Jun/2026:11:14:25 +0200] "POST /xmlrpc.php HTTP/1.1" 200 415 "-" "Mozilla/5.0 (Windows NT 10.0; arm64) AppleWebKit/537.36 (KHTML, like Gecko) Opera/75.0.0.0 Safari/537.36"
119.93.249.179 - - [06/Jun/2026:11:14:39 +0200] "POST /xmlrpc.php HTTP/1.1" 200 415 "-" "Mozilla/5.0 (Macintosh; Intel Mac OS X 10_15_7; arm64) AppleWebKit/537.36 (KHTML, like Gecko) Edge/98.0.0.0 Safari/537.36"
119.93.249.179 - - [06/Jun/2026:11:14:53 +0200] "POST /xmlrpc.php HTTP/1.1" 200 415 "-" "Mozilla/5.0 (Windows NT 6.2; arm64) AppleWebKit/537.36 (KHTML, like Gecko) Opera/63.0.0.0 Safari/537.36"
119.93.249.179 - - [06/Jun/2026:11:15:07 +0200] "POST /xmlrpc.php HTTP/1.1" 200 415 "-" "Mozilla/5.0 (Windows NT 10.0; x86) AppleWebKit/537.36 (KHTML, like Gecko) Safari/14.0.0.0 Safari/537.36"
75.119.139.177 - - [06/Jun/2026:11:15:28 +0200] "POST /wp-cron.php?doing_wp_cron=1780737328.6271939277648925781250 HTTP/1.1" 200 31 "-" "WordPress/7.0; https://myideas.pt"
119.93.249.179 - - [06/Jun/2026:11:15:28 +0200] "POST /xmlrpc.php HTTP/1.1" 200 415 "-" "Mozilla/5.0 (Linux; Android 10; x86) AppleWebKit/537.36 (KHTML, like Gecko) Opera/75.0.0.0 Safari/537.36"
64.31.25.250 - - [06/Jun/2026:11:15:41 +0200] "GET /wp-login.php HTTP/1.1" 200 2256 "-" "Mozilla/5.0 (Windows NT 10.0) AppleWebKit/537.36 (KHTML, like Gecko) Chrome/133.0.0.0 Safari/537.36"
64.31.25.250 - - [06/Jun/2026:11:15:43 +0200] "POST /wp-login.php HTTP/1.1" 200 2387 "https://www.myideas.pt/wp-login.php" "Mozilla/5.0 (Windows NT 10.0) AppleWebKit/537.36 (KHTML, like Gecko) Chrome/133.0.0.0 Safari/537.36"
119.93.249.179 - - [06/Jun/2026:11:15:46 +0200] "POST /xmlrpc.php HTTP/1.1" 200 415 "-" "Mozilla/5.0 (X11; Ubuntu; Linux x86_64; x64) AppleWebKit/537.36 (KHTML, like Gecko) Opera/74.0.0.0 Safari/537.36"
119.93.249.179 - - [06/Jun/2026:11:15:59 +0200] "POST /xmlrpc.php HTTP/1.1" 200 415 "-" "Mozilla/5.0 (Windows NT 6.3; x64) AppleWebKit/537.36 (KHTML, like Gecko) Opera/79.0.0.0 Safari/537.36"
119.93.249.179 - - [06/Jun/2026:11:16:13 +0200] "POST /xmlrpc.php HTTP/1.1" 200 415 "-" "Mozilla/5.0 (Windows NT 6.3; x64) AppleWebKit/537.36 (KHTML, like Gecko) Edge/97.0.0.0 Safari/537.36"
75.119.139.177 - - [06/Jun/2026:11:16:30 +0200] "POST /wp-cron.php?doing_wp_cron=1780737390.0733840465545654296875 HTTP/1.1" 200 31 "-" "WordPress/7.0; https://myideas.pt"
119.93.249.179 - - [06/Jun/2026:11:16:30 +0200] "POST /xmlrpc.php HTTP/1.1" 200 415 "-" "Mozilla/5.0 (Windows NT 6.3; x64) AppleWebKit/537.36 (KHTML, like Gecko) Safari/14.0.0.0 Safari/537.36"
119.93.249.179 - - [06/Jun/2026:11:16:45 +0200] "POST /xmlrpc.php HTTP/1.1" 200 415 "-" "Mozilla/5.0 (Linux; Android 10; x64) AppleWebKit/537.36 (KHTML, like Gecko) Safari/10.0.0.0 Safari/537.36"
23.20.178.124 - - [06/Jun/2026:11:16:48 +0200] "GET /seo/ HTTP/1.1" 301 5 "-" "Mozilla/5.0 AppleWebKit/537.36 (KHTML, like Gecko; compatible; Amazonbot/0.1; +https://developer.amazon.com/support/amazonbot) Chrome/119.0.6045.214 Safari/537.36"
54.80.185.200 - - [06/Jun/2026:11:16:49 +0200] "GET /seo-geo-aeo/ HTTP/1.1" 200 15608 "-" "Mozilla/5.0 AppleWebKit/537.36 (KHTML, like Gecko; compatible; Amazonbot/0.1; +https://developer.amazon.com/support/amazonbot) Chrome/119.0.6045.214 Safari/537.36"
119.93.249.179 - - [06/Jun/2026:11:17:00 +0200] "POST /xmlrpc.php HTTP/1.1" 200 415 "-" "Mozilla/5.0 (Windows NT 6.3; x64) AppleWebKit/537.36 (KHTML, like Gecko) Firefox/77.0.0.0 Safari/537.36"
75.119.139.177 - - [06/Jun/2026:11:17:17 +0200] "POST /wp-cron.php?doing_wp_cron=1780737437.5038220882415771484375 HTTP/1.1" 200 31 "-" "WordPress/7.0; https://myideas.pt"
119.93.249.179 - - [06/Jun/2026:11:17:17 +0200] "POST /xmlrpc.php HTTP/1.1" 200 415 "-" "Mozilla/5.0 (Windows NT 10.0; x86) AppleWebKit/537.36 (KHTML, like Gecko) Edge/96.0.0.0 Safari/537.36"
119.93.249.179 - - [06/Jun/2026:11:17:32 +0200] "POST /xmlrpc.php HTTP/1.1" 200 415 "-" "Mozilla/5.0 (Windows NT 6.2; arm64) AppleWebKit/537.36 (KHTML, like Gecko) Firefox/80.0.0.0 Safari/537.36"
119.93.249.179 - - [06/Jun/2026:11:17:46 +0200] "POST /xmlrpc.php HTTP/1.1" 200 415 "-" "Mozilla/5.0 (Windows NT 10.0; x64) AppleWebKit/537.36 (KHTML, like Gecko) Safari/12.0.0.0 Safari/537.36"
162.220.15.214 - - [06/Jun/2026:11:17:57 +0200] "GET / HTTP/1.1" 301 5 "-" "Mozilla/5.0 (compatible; Googlebot/2.1; +http://www.google.com/bot.html)"
162.220.15.214 - - [06/Jun/2026:11:17:59 +0200] "GET / HTTP/1.1" 200 23869 "-" "Mozilla/5.0 (compatible; Googlebot/2.1; +http://www.google.com/bot.html)"
119.93.249.179 - - [06/Jun/2026:11:18:00 +0200] "POST /xmlrpc.php HTTP/1.1" 200 415 "-" "Mozilla/5.0 (Windows NT 10.0; x64) AppleWebKit/537.36 (KHTML, like Gecko) Opera/62.0.0.0 Safari/537.36"
75.119.139.177 - - [06/Jun/2026:11:18:13 +0200] "POST /wp-cron.php?doing_wp_cron=1780737493.9617629051208496093750 HTTP/1.1" 200 31 "-" "WordPress/7.0; https://myideas.pt"
119.93.249.179 - - [06/Jun/2026:11:18:13 +0200] "POST /xmlrpc.php HTTP/1.1" 200 415 "-" "Mozilla/5.0 (Windows NT 10.0; x64) AppleWebKit/537.36 (KHTML, like Gecko) Edge/84.0.0.0 Safari/537.36"
75.119.139.177 - - [06/Jun/2026:11:18:27 +0200] "POST /wp-cron.php?doing_wp_cron=1780737507.0198860168457031250000 HTTP/1.1" 200 31 "-" "WordPress/7.0; https://myideas.pt"
119.93.249.179 - - [06/Jun/2026:11:18:27 +0200] "POST /xmlrpc.php HTTP/1.1" 200 415 "-" "Mozilla/5.0 (Windows NT 6.3; x64) AppleWebKit/537.36 (KHTML, like Gecko) Safari/11.0.0.0 Safari/537.36"
119.93.249.179 - - [06/Jun/2026:11:18:41 +0200] "POST /xmlrpc.php HTTP/1.1" 200 415 "-" "Mozilla/5.0 (X11; Ubuntu; Linux x86_64; x86) AppleWebKit/537.36 (KHTML, like Gecko) Edge/81.0.0.0 Safari/537.36"
206.189.127.129 - - [06/Jun/2026:11:18:48 +0200] "HEAD / HTTP/1.1" 301 0 "-" "downnotifier.com monitoring"
206.189.127.129 - - [06/Jun/2026:11:18:49 +0200] "HEAD / HTTP/1.1" 200 0 "-" "downnotifier.com monitoring"
119.93.249.179 - - [06/Jun/2026:11:18:54 +0200] "POST /xmlrpc.php HTTP/1.1" 200 415 "-" "Mozilla/5.0 (Windows NT 10.0; x86) AppleWebKit/537.36 (KHTML, like Gecko) Firefox/73.0.0.0 Safari/537.36"
119.93.249.179 - - [06/Jun/2026:11:19:06 +0200] "POST /xmlrpc.php HTTP/1.1" 200 415 "-" "Mozilla/5.0 (Windows NT 10.0; x86) AppleWebKit/537.36 (KHTML, like Gecko) Edge/96.0.0.0 Safari/537.36"
75.119.139.177 - - [06/Jun/2026:11:19:20 +0200] "POST /wp-cron.php?doing_wp_cron=1780737560.2171618938446044921875 HTTP/1.1" 200 31 "-" "WordPress/7.0; https://myideas.pt"
119.93.249.179 - - [06/Jun/2026:11:19:20 +0200] "POST /xmlrpc.php HTTP/1.1" 200 415 "-" "Mozilla/5.0 (Linux; Android 10; x86) AppleWebKit/537.36 (KHTML, like Gecko) Chrome/84.0.0.0 Safari/537.36"
119.93.249.179 - - [06/Jun/2026:11:19:36 +0200] "POST /xmlrpc.php HTTP/1.1" 200 415 "-" "Mozilla/5.0 (Linux; Android 10; arm64) AppleWebKit/537.36 (KHTML, like Gecko) Opera/62.0.0.0 Safari/537.36"
119.93.249.179 - - [06/Jun/2026:11:19:50 +0200] "POST /xmlrpc.php HTTP/1.1" 200 415 "-" "Mozilla/5.0 (Linux; Android 10; x86) AppleWebKit/537.36 (KHTML, like Gecko) Safari/13.0.0.0 Safari/537.36"
119.93.249.179 - - [06/Jun/2026:11:20:03 +0200] "POST /xmlrpc.php HTTP/1.1" 200 415 "-" "Mozilla/5.0 (Linux; Android 10; x86) AppleWebKit/537.36 (KHTML, like Gecko) Chrome/84.0.0.0 Safari/537.36"
104.236.216.73 - - [06/Jun/2026:11:20:11 +0200] "HEAD / HTTP/1.1" 200 0 "-" "downnotifier.com monitoring"
75.119.139.177 - - [06/Jun/2026:11:20:18 +0200] "POST /wp-cron.php?doing_wp_cron=1780737618.0383710861206054687500 HTTP/1.1" 200 31 "-" "WordPress/7.0; https://myideas.pt"
119.93.249.179 - - [06/Jun/2026:11:20:18 +0200] "POST /xmlrpc.php HTTP/1.1" 200 415 "-" "Mozilla/5.0 (Windows NT 6.2; x86) AppleWebKit/537.36 (KHTML, like Gecko) Firefox/96.0.0.0 Safari/537.36"
75.119.139.177 - - [06/Jun/2026:11:20:31 +0200] "POST /wp-cron.php?doing_wp_cron=1780737631.0851080417633056640625 HTTP/1.1" 200 31 "-" "WordPress/7.0; https://myideas.pt"
119.93.249.179 - - [06/Jun/2026:11:20:31 +0200] "POST /xmlrpc.php HTTP/1.1" 200 415 "-" "Mozilla/5.0 (Windows NT 6.3; x86) AppleWebKit/537.36 (KHTML, like Gecko) Firefox/91.0.0.0 Safari/537.36"
119.93.249.179 - - [06/Jun/2026:11:20:45 +0200] "POST /xmlrpc.php HTTP/1.1" 200 415 "-" "Mozilla/5.0 (X11; Ubuntu; Linux x86_64; x86) AppleWebKit/537.36 (KHTML, like Gecko) Firefox/72.0.0.0 Safari/537.36"
119.93.249.179 - - [06/Jun/2026:11:20:58 +0200] "POST /xmlrpc.php HTTP/1.1" 200 415 "-" "Mozilla/5.0 (Windows NT 6.2; x86) AppleWebKit/537.36 (KHTML, like Gecko) Edge/93.0.0.0 Safari/537.36"
119.93.249.179 - - [06/Jun/2026:11:21:12 +0200] "POST /xmlrpc.php HTTP/1.1" 200 415 "-" "Mozilla/5.0 (Windows NT 10.0; arm64) AppleWebKit/537.36 (KHTML, like Gecko) Opera/68.0.0.0 Safari/537.36"
75.119.139.177 - - [06/Jun/2026:11:21:26 +0200] "POST /wp-cron.php?doing_wp_cron=1780737686.2316720485687255859375 HTTP/1.1" 200 31 "-" "WordPress/7.0; https://myideas.pt"
119.93.249.179 - - [06/Jun/2026:11:21:26 +0200] "POST /xmlrpc.php HTTP/1.1" 200 415 "-" "Mozilla/5.0 (Linux; Android 10; arm64) AppleWebKit/537.36 (KHTML, like Gecko) Safari/15.0.0.0 Safari/537.36"
136.118.246.169 - - [06/Jun/2026:11:21:38 +0200] "GET /wp-content/uploads/2024/06/MYIDEAS_BRANDING_LUIS_SIMOES_2.jpg HTTP/1.1" 200 641308 "-" "Mozilla/5.0 (X11; Linux x86_64) AppleWebKit/537.36 (KHTML, like Gecko) Chrome/91.0.4472.114 Safari/537.36"
119.93.249.179 - - [06/Jun/2026:11:21:39 +0200] "POST /xmlrpc.php HTTP/1.1" 200 415 "-" "Mozilla/5.0 (Windows NT 6.3; x86) AppleWebKit/537.36 (KHTML, like Gecko) Opera/79.0.0.0 Safari/537.36"
119.93.249.179 - - [06/Jun/2026:11:21:55 +0200] "POST /xmlrpc.php HTTP/1.1" 200 415 "-" "Mozilla/5.0 (Linux; Android 10; x86) AppleWebKit/537.36 (KHTML, like Gecko) Firefox/75.0.0.0 Safari/537.36"
119.93.249.179 - - [06/Jun/2026:11:22:11 +0200] "POST /xmlrpc.php HTTP/1.1" 200 415 "-" "Mozilla/5.0 (Macintosh; Intel Mac OS X 10_15_7; arm64) AppleWebKit/537.36 (KHTML, like Gecko) Safari/15.0.0.0 Safari/537.36"
75.119.139.177 - - [06/Jun/2026:11:22:25 +0200] "POST /wp-cron.php?doing_wp_cron=1780737745.5836229324340820312500 HTTP/1.1" 200 31 "-" "WordPress/7.0; https://myideas.pt"
119.93.249.179 - - [06/Jun/2026:11:22:25 +0200] "POST /xmlrpc.php HTTP/1.1" 200 415 "-" "Mozilla/5.0 (Windows NT 10.0; arm64) AppleWebKit/537.36 (KHTML, like Gecko) Firefox/75.0.0.0 Safari/537.36"
119.93.249.179 - - [06/Jun/2026:11:22:38 +0200] "POST /xmlrpc.php HTTP/1.1" 200 415 "-" "Mozilla/5.0 (Windows NT 6.2; x86) AppleWebKit/537.36 (KHTML, like Gecko) Safari/15.0.0.0 Safari/537.36"
119.93.249.179 - - [06/Jun/2026:11:22:52 +0200] "POST /xmlrpc.php HTTP/1.1" 200 415 "-" "Mozilla/5.0 (Linux; Android 10; x64) AppleWebKit/537.36 (KHTML, like Gecko) Safari/10.0.0.0 Safari/537.36"
119.93.249.179 - - [06/Jun/2026:11:23:05 +0200] "POST /xmlrpc.php HTTP/1.1" 200 415 "-" "Mozilla/5.0 (Linux; Android 10; x86) AppleWebKit/537.36 (KHTML, like Gecko) Chrome/99.0.0.0 Safari/537.36"
75.119.139.177 - - [06/Jun/2026:11:23:19 +0200] "POST /wp-cron.php?doing_wp_cron=1780737799.3669269084930419921875 HTTP/1.1" 200 31 "-" "WordPress/7.0; https://myideas.pt"
119.93.249.179 - - [06/Jun/2026:11:23:19 +0200] "POST /xmlrpc.php HTTP/1.1" 200 415 "-" "Mozilla/5.0 (Windows NT 6.2; x86) AppleWebKit/537.36 (KHTML, like Gecko) Firefox/75.0.0.0 Safari/537.36"
119.93.249.179 - - [06/Jun/2026:11:23:32 +0200] "POST /xmlrpc.php HTTP/1.1" 200 415 "-" "Mozilla/5.0 (Linux; Android 10; x64) AppleWebKit/537.36 (KHTML, like Gecko) Edge/81.0.0.0 Safari/537.36"
119.93.249.179 - - [06/Jun/2026:11:23:45 +0200] "POST /xmlrpc.php HTTP/1.1" 200 415 "-" "Mozilla/5.0 (Linux; Android 10; arm64) AppleWebKit/537.36 (KHTML, like Gecko) Chrome/100.0.0.0 Safari/537.36"
119.93.249.179 - - [06/Jun/2026:11:24:00 +0200] "POST /xmlrpc.php HTTP/1.1" 200 415 "-" "Mozilla/5.0 (Windows NT 6.2; arm64) AppleWebKit/537.36 (KHTML, like Gecko) Opera/62.0.0.0 Safari/537.36"
119.93.249.179 - - [06/Jun/2026:11:24:13 +0200] "POST /xmlrpc.php HTTP/1.1" 200 415 "-" "Mozilla/5.0 (Windows NT 6.2; x86) AppleWebKit/537.36 (KHTML, like Gecko) Edge/88.0.0.0 Safari/537.36"
207.46.13.151 - - [06/Jun/2026:11:24:16 +0200] "GET /portfolio/angola-economic-outlook/ HTTP/1.1" 200 18199 "-" "Mozilla/5.0 AppleWebKit/537.36 (KHTML, like Gecko; compatible; bingbot/2.0; +http://www.bing.com/bingbot.htm) Chrome/116.0.1938.76 Safari/537.36"
75.119.139.177 - - [06/Jun/2026:11:24:29 +0200] "POST /wp-cron.php?doing_wp_cron=1780737868.9999229907989501953125 HTTP/1.1" 200 31 "-" "WordPress/7.0; https://myideas.pt"
119.93.249.179 - - [06/Jun/2026:11:24:29 +0200] "POST /xmlrpc.php HTTP/1.1" 200 415 "-" "Mozilla/5.0 (X11; Ubuntu; Linux x86_64; arm64) AppleWebKit/537.36 (KHTML, like Gecko) Edge/93.0.0.0 Safari/537.36"
119.93.249.179 - - [06/Jun/2026:11:24:42 +0200] "POST /xmlrpc.php HTTP/1.1" 200 415 "-" "Mozilla/5.0 (Windows NT 10.0; x64) AppleWebKit/537.36 (KHTML, like Gecko) Opera/69.0.0.0 Safari/537.36"
109.248.128.135 - - [06/Jun/2026:11:24:48 +0200] "GET / HTTP/1.1" 200 23869 "http://myideas.pt/" "Mozilla/5.0 (keys-so-bot)"
119.93.249.179 - - [06/Jun/2026:11:24:59 +0200] "POST /xmlrpc.php HTTP/1.1" 200 415 "-" "Mozilla/5.0 (Windows NT 10.0; arm64) AppleWebKit/537.36 (KHTML, like Gecko) Chrome/100.0.0.0 Safari/537.36"
64.31.25.250 - - [06/Jun/2026:11:25:05 +0200] "POST /xmlrpc.php HTTP/1.1" 200 236 "-" "Mozilla/5.0 (X11; Ubuntu; Linux x86_64; rv:133.0) Gecko/20100101 Firefox/133.0"
119.93.249.179 - - [06/Jun/2026:11:25:14 +0200] "POST /xmlrpc.php HTTP/1.1" 200 415 "-" "Mozilla/5.0 (X11; Ubuntu; Linux x86_64; x64) AppleWebKit/537.36 (KHTML, like Gecko) Firefox/83.0.0.0 Safari/537.36"
75.119.139.177 - - [06/Jun/2026:11:25:31 +0200] "POST /wp-cron.php?doing_wp_cron=1780737931.1223409175872802734375 HTTP/1.1" 200 31 "-" "WordPress/7.0; https://myideas.pt"
119.93.249.179 - - [06/Jun/2026:11:25:31 +0200] "POST /xmlrpc.php HTTP/1.1" 200 415 "-" "Mozilla/5.0 (X11; Ubuntu; Linux x86_64; arm64) AppleWebKit/537.36 (KHTML, like Gecko) Chrome/109.0.0.0 Safari/537.36"
119.93.249.179 - - [06/Jun/2026:11:25:45 +0200] "POST /xmlrpc.php HTTP/1.1" 200 415 "-" "Mozilla/5.0 (Linux; Android 10; x64) AppleWebKit/537.36 (KHTML, like Gecko) Chrome/97.0.0.0 Safari/537.36"
3.216.86.144 - - [06/Jun/2026:11:25:48 +0200] "GET /wp-json/wp/v2/pages/3738 HTTP/1.1" 200 1791 "-" "Mozilla/5.0 AppleWebKit/537.36 (KHTML, like Gecko; compatible; Amazonbot/0.1; +https://developer.amazon.com/support/amazonbot) Chrome/119.0.6045.214 Safari/537.36"
119.93.249.179 - - [06/Jun/2026:11:25:58 +0200] "POST /xmlrpc.php HTTP/1.1" 200 415 "-" "Mozilla/5.0 (X11; Ubuntu; Linux x86_64; x86) AppleWebKit/537.36 (KHTML, like Gecko) Chrome/109.0.0.0 Safari/537.36"
119.93.249.179 - - [06/Jun/2026:11:26:11 +0200] "POST /xmlrpc.php HTTP/1.1" 200 415 "-" "Mozilla/5.0 (Macintosh; Intel Mac OS X 10_15_7; x64) AppleWebKit/537.36 (KHTML, like Gecko) Opera/74.0.0.0 Safari/537.36"
75.119.139.177 - - [06/Jun/2026:11:26:24 +0200] "POST /wp-cron.php?doing_wp_cron=1780737984.3505949974060058593750 HTTP/1.1" 200 31 "-" "WordPress/7.0; https://myideas.pt"
119.93.249.179 - - [06/Jun/2026:11:26:24 +0200] "POST /xmlrpc.php HTTP/1.1" 200 415 "-" "Mozilla/5.0 (Windows NT 6.3; arm64) AppleWebKit/537.36 (KHTML, like Gecko) Chrome/85.0.0.0 Safari/537.36"
75.119.139.177 - - [06/Jun/2026:11:26:38 +0200] "POST /wp-cron.php?doing_wp_cron=1780737998.8532059192657470703125 HTTP/1.1" 200 31 "-" "WordPress/7.0; https://myideas.pt"
119.93.249.179 - - [06/Jun/2026:11:26:38 +0200] "POST /xmlrpc.php HTTP/1.1" 200 415 "-" "Mozilla/5.0 (Windows NT 6.2; x64) AppleWebKit/537.36 (KHTML, like Gecko) Edge/89.0.0.0 Safari/537.36"
119.93.249.179 - - [06/Jun/2026:11:26:52 +0200] "POST /xmlrpc.php HTTP/1.1" 200 415 "-" "Mozilla/5.0 (Windows NT 6.3; x64) AppleWebKit/537.36 (KHTML, like Gecko) Chrome/106.0.0.0 Safari/537.36"
119.93.249.179 - - [06/Jun/2026:11:27:04 +0200] "POST /xmlrpc.php HTTP/1.1" 200 415 "-" "Mozilla/5.0 (X11; Ubuntu; Linux x86_64; x86) AppleWebKit/537.36 (KHTML, like Gecko) Safari/11.0.0.0 Safari/537.36"
75.119.139.177 - - [06/Jun/2026:11:27:21 +0200] "POST /wp-cron.php?doing_wp_cron=1780738041.3998110294342041015625 HTTP/1.1" 200 31 "-" "WordPress/7.0; https://myideas.pt"
119.93.249.179 - - [06/Jun/2026:11:27:21 +0200] "POST /xmlrpc.php HTTP/1.1" 200 415 "-" "Mozilla/5.0 (Macintosh; Intel Mac OS X 10_15_7; arm64) AppleWebKit/537.36 (KHTML, like Gecko) Firefox/82.0.0.0 Safari/537.36"
119.93.249.179 - - [06/Jun/2026:11:27:38 +0200] "POST /xmlrpc.php HTTP/1.1" 200 415 "-" "Mozilla/5.0 (Macintosh; Intel Mac OS X 10_15_7; x86) AppleWebKit/537.36 (KHTML, like Gecko) Opera/73.0.0.0 Safari/537.36"
119.93.249.179 - - [06/Jun/2026:11:27:55 +0200] "POST /xmlrpc.php HTTP/1.1" 200 415 "-" "Mozilla/5.0 (X11; Ubuntu; Linux x86_64; x86) AppleWebKit/537.36 (KHTML, like Gecko) Safari/14.0.0.0 Safari/537.36"
119.93.249.179 - - [06/Jun/2026:11:28:09 +0200] "POST /xmlrpc.php HTTP/1.1" 200 415 "-" "Mozilla/5.0 (Windows NT 6.2; x64) AppleWebKit/537.36 (KHTML, like Gecko) Edge/90.0.0.0 Safari/537.36"
75.119.139.177 - - [06/Jun/2026:11:28:22 +0200] "POST /wp-cron.php?doing_wp_cron=1780738102.1444380283355712890625 HTTP/1.1" 200 31 "-" "WordPress/7.0; https://myideas.pt"
119.93.249.179 - - [06/Jun/2026:11:28:22 +0200] "POST /xmlrpc.php HTTP/1.1" 200 415 "-" "Mozilla/5.0 (Linux; Android 10; x86) AppleWebKit/537.36 (KHTML, like Gecko) Opera/64.0.0.0 Safari/537.36"
119.93.249.179 - - [06/Jun/2026:11:28:35 +0200] "POST /xmlrpc.php HTTP/1.1" 200 415 "-" "Mozilla/5.0 (Macintosh; Intel Mac OS X 10_15_7; arm64) AppleWebKit/537.36 (KHTML, like Gecko) Chrome/81.0.0.0 Safari/537.36"
119.93.249.179 - - [06/Jun/2026:11:28:48 +0200] "POST /xmlrpc.php HTTP/1.1" 200 415 "-" "Mozilla/5.0 (Linux; Android 10; x86) AppleWebKit/537.36 (KHTML, like Gecko) Edge/83.0.0.0 Safari/537.36"
37.97.137.40 - - [06/Jun/2026:11:28:48 +0200] "HEAD / HTTP/1.1" 301 0 "-" "downnotifier.com monitoring"
37.97.137.40 - - [06/Jun/2026:11:28:49 +0200] "HEAD / HTTP/1.1" 200 0 "-" "downnotifier.com monitoring"
119.93.249.179 - - [06/Jun/2026:11:29:02 +0200] "POST /xmlrpc.php HTTP/1.1" 200 415 "-" "Mozilla/5.0 (Linux; Android 10; x64) AppleWebKit/537.36 (KHTML, like Gecko) Opera/74.0.0.0 Safari/537.36"
75.119.139.177 - - [06/Jun/2026:11:29:16 +0200] "POST /wp-cron.php?doing_wp_cron=1780738156.1703779697418212890625 HTTP/1.1" 200 31 "-" "WordPress/7.0; https://myideas.pt"
119.93.249.179 - - [06/Jun/2026:11:29:16 +0200] "POST /xmlrpc.php HTTP/1.1" 200 415 "-" "Mozilla/5.0 (Windows NT 10.0; x86) AppleWebKit/537.36 (KHTML, like Gecko) Safari/10.0.0.0 Safari/537.36"
119.93.249.179 - - [06/Jun/2026:11:29:29 +0200] "POST /xmlrpc.php HTTP/1.1" 200 415 "-" "Mozilla/5.0 (Windows NT 6.3; x64) AppleWebKit/537.36 (KHTML, like Gecko) Opera/77.0.0.0 Safari/537.36"
119.93.249.179 - - [06/Jun/2026:11:29:42 +0200] "POST /xmlrpc.php HTTP/1.1" 200 415 "-" "Mozilla/5.0 (Macintosh; Intel Mac OS X 10_15_7; x86) AppleWebKit/537.36 (KHTML, like Gecko) Safari/10.0.0.0 Safari/537.36"
119.93.249.179 - - [06/Jun/2026:11:29:54 +0200] "POST /xmlrpc.php HTTP/1.1" 200 415 "-" "Mozilla/5.0 (Macintosh; Intel Mac OS X 10_15_7; arm64) AppleWebKit/537.36 (KHTML, like Gecko) Firefox/97.0.0.0 Safari/537.36"
108.61.201.55 - - [06/Jun/2026:11:30:10 +0200] "HEAD / HTTP/1.1" 200 0 "-" "downnotifier.com monitoring"
119.93.249.179 - - [06/Jun/2026:11:30:11 +0200] "POST /xmlrpc.php HTTP/1.1" 200 415 "-" "Mozilla/5.0 (Linux; Android 10; arm64) AppleWebKit/537.36 (KHTML, like Gecko) Chrome/105.0.0.0 Safari/537.36"
75.119.139.177 - - [06/Jun/2026:11:30:24 +0200] "POST /wp-cron.php?doing_wp_cron=1780738224.4922549724578857421875 HTTP/1.1" 200 31 "-" "WordPress/7.0; https://myideas.pt"
119.93.249.179 - - [06/Jun/2026:11:30:24 +0200] "POST /xmlrpc.php HTTP/1.1" 200 415 "-" "Mozilla/5.0 (Windows NT 6.3; arm64) AppleWebKit/537.36 (KHTML, like Gecko) Firefox/99.0.0.0 Safari/537.36"
119.93.249.179 - - [06/Jun/2026:11:30:38 +0200] "POST /xmlrpc.php HTTP/1.1" 200 415 "-" "Mozilla/5.0 (X11; Ubuntu; Linux x86_64; x86) AppleWebKit/537.36 (KHTML, like Gecko) Firefox/78.0.0.0 Safari/537.36"
119.93.249.179 - - [06/Jun/2026:11:30:51 +0200] "POST /xmlrpc.php HTTP/1.1" 200 415 "-" "Mozilla/5.0 (Linux; Android 10; arm64) AppleWebKit/537.36 (KHTML, like Gecko) Opera/60.0.0.0 Safari/537.36"
223.109.255.228 - - [06/Jun/2026:11:31:05 +0200] "GET /wp-content/uploads/2024/07/myideas_uenji_arena_branding_1-1024x768.jpg HTTP/1.1" 404 146 "http://pic.sogou.com" "Sogou Pic Spider/3.0(+http://www.sogou.com/docs/help/webmasters.htm#07)"
119.93.249.179 - - [06/Jun/2026:11:31:05 +0200] "POST /xmlrpc.php HTTP/1.1" 200 415 "-" "Mozilla/5.0 (Windows NT 6.2; x64) AppleWebKit/537.36 (KHTML, like Gecko) Opera/72.0.0.0 Safari/537.36"
62.193.192.120 - - [06/Jun/2026:11:31:14 +0200] "GET /.well-known/acme-challenge/_3WXN6ICNACPUBPO8ZKXU18TQC0ECWKE HTTP/1.1" 404 66870 "-" "Cpanel-HTTP-Client/1.0"
75.119.139.177 - - [06/Jun/2026:11:31:23 +0200] "POST /wp-cron.php?doing_wp_cron=1780738283.3446710109710693359375 HTTP/1.1" 200 31 "-" "WordPress/7.0; https://myideas.pt"
62.193.192.120 - - [06/Jun/2026:11:31:23 +0200] "GET /.well-known/acme-challenge/STTL8PMRK4L3KBK1X_HJ_H8T8B1GP7HE HTTP/1.1" 301 5 "-" "Cpanel-HTTP-Client/1.0"
62.193.192.120 - - [06/Jun/2026:11:31:24 +0200] "GET /.well-known/acme-challenge/STTL8PMRK4L3KBK1X_HJ_H8T8B1GP7HE HTTP/1.1" 404 66870 "-" "Cpanel-HTTP-Client/1.0"
119.93.249.179 - - [06/Jun/2026:11:31:24 +0200] "POST /xmlrpc.php HTTP/1.1" 200 415 "-" "Mozilla/5.0 (Windows NT 6.3; x86) AppleWebKit/537.36 (KHTML, like Gecko) Firefox/87.0.0.0 Safari/537.36"
119.93.249.179 - - [06/Jun/2026:11:31:37 +0200] "POST /xmlrpc.php HTTP/1.1" 200 415 "-" "Mozilla/5.0 (Linux; Android 10; x86) AppleWebKit/537.36 (KHTML, like Gecko) Opera/80.0.0.0 Safari/537.36"
119.93.249.179 - - [06/Jun/2026:11:31:50 +0200] "POST /xmlrpc.php HTTP/1.1" 200 415 "-" "Mozilla/5.0 (Macintosh; Intel Mac OS X 10_15_7; x86) AppleWebKit/537.36 (KHTML, like Gecko) Firefox/99.0.0.0 Safari/537.36"
119.93.249.179 - - [06/Jun/2026:11:32:03 +0200] "POST /xmlrpc.php HTTP/1.1" 200 415 "-" "Mozilla/5.0 (X11; Ubuntu; Linux x86_64; x86) AppleWebKit/537.36 (KHTML, like Gecko) Firefox/74.0.0.0 Safari/537.36"
75.119.139.177 - - [06/Jun/2026:11:32:16 +0200] "POST /wp-cron.php?doing_wp_cron=1780738336.5338320732116699218750 HTTP/1.1" 200 31 "-" "WordPress/7.0; https://myideas.pt"
119.93.249.179 - - [06/Jun/2026:11:32:16 +0200] "POST /xmlrpc.php HTTP/1.1" 200 415 "-" "Mozilla/5.0 (Windows NT 6.2; x86) AppleWebKit/537.36 (KHTML, like Gecko) Edge/81.0.0.0 Safari/537.36"
75.119.139.177 - - [06/Jun/2026:11:32:31 +0200] "POST /wp-cron.php?doing_wp_cron=1780738351.1772239208221435546875 HTTP/1.1" 200 31 "-" "WordPress/7.0; https://myideas.pt"
119.93.249.179 - - [06/Jun/2026:11:32:31 +0200] "POST /xmlrpc.php HTTP/1.1" 200 415 "-" "Mozilla/5.0 (Macintosh; Intel Mac OS X 10_15_7; arm64) AppleWebKit/537.36 (KHTML, like Gecko) Chrome/93.0.0.0 Safari/537.36"
119.93.249.179 - - [06/Jun/2026:11:32:44 +0200] "POST /xmlrpc.php HTTP/1.1" 200 415 "-" "Mozilla/5.0 (Windows NT 6.3; x64) AppleWebKit/537.36 (KHTML, like Gecko) Safari/11.0.0.0 Safari/537.36"
119.93.249.179 - - [06/Jun/2026:11:32:55 +0200] "POST /xmlrpc.php HTTP/1.1" 200 415 "-" "Mozilla/5.0 (Windows NT 6.2; x64) AppleWebKit/537.36 (KHTML, like Gecko) Firefox/76.0.0.0 Safari/537.36"
119.93.249.179 - - [06/Jun/2026:11:33:09 +0200] "POST /xmlrpc.php HTTP/1.1" 200 415 "-" "Mozilla/5.0 (Macintosh; Intel Mac OS X 10_15_7; arm64) AppleWebKit/537.36 (KHTML, like Gecko) Firefox/76.0.0.0 Safari/537.36"
75.119.139.177 - - [06/Jun/2026:11:33:26 +0200] "POST /wp-cron.php?doing_wp_cron=1780738405.8113698959350585937500 HTTP/1.1" 200 31 "-" "WordPress/7.0; https://myideas.pt"
119.93.249.179 - - [06/Jun/2026:11:33:26 +0200] "POST /xmlrpc.php HTTP/1.1" 200 415 "-" "Mozilla/5.0 (X11; Ubuntu; Linux x86_64; x86) AppleWebKit/537.36 (KHTML, like Gecko) Firefox/92.0.0.0 Safari/537.36"
119.93.249.179 - - [06/Jun/2026:11:33:38 +0200] "POST /xmlrpc.php HTTP/1.1" 200 415 "-" "Mozilla/5.0 (Windows NT 10.0; x64) AppleWebKit/537.36 (KHTML, like Gecko) Edge/95.0.0.0 Safari/537.36"
172.236.228.193 - - [06/Jun/2026:11:33:45 +0200] "GET / HTTP/1.1" 400 650 "-" "Mozilla/5.0 (Macintosh; Intel Mac OS X 13_1) AppleWebKit/537.36 (KHTML, like Gecko) Chrome/108.0.0.0 Safari/537.36"
119.93.249.179 - - [06/Jun/2026:11:33:52 +0200] "POST /xmlrpc.php HTTP/1.1" 200 415 "-" "Mozilla/5.0 (Macintosh; Intel Mac OS X 10_15_7; x86) AppleWebKit/537.36 (KHTML, like Gecko) Opera/73.0.0.0 Safari/537.36"
43.131.26.226 - - [06/Jun/2026:11:34:00 +0200] "GET / HTTP/1.1" 301 5 "http://www.myideas.pt" "Mozilla/5.0 (iPhone; CPU iPhone OS 13_2_3 like Mac OS X) AppleWebKit/605.1.15 (KHTML, like Gecko) Version/13.0.3 Mobile/15E148 Safari/604.1"
43.131.26.226 - - [06/Jun/2026:11:34:01 +0200] "GET / HTTP/1.1" 200 24292 "https://www.myideas.pt/" "Mozilla/5.0 (iPhone; CPU iPhone OS 13_2_3 like Mac OS X) AppleWebKit/605.1.15 (KHTML, like Gecko) Version/13.0.3 Mobile/15E148 Safari/604.1"
119.93.249.179 - - [06/Jun/2026:11:34:05 +0200] "POST /xmlrpc.php HTTP/1.1" 200 415 "-" "Mozilla/5.0 (Windows NT 6.2; arm64) AppleWebKit/537.36 (KHTML, like Gecko) Firefox/79.0.0.0 Safari/537.36"
45.205.1.241 - - [06/Jun/2026:11:35:05 +0200] "GET / HTTP/1.1" 400 150 "-" "-"
75.119.139.177 - - [06/Jun/2026:11:36:15 +0200] "POST /wp-cron.php?doing_wp_cron=1780738575.4525671005249023437500 HTTP/1.1" 200 31 "-" "WordPress/7.0; https://myideas.pt"
78.153.140.251 - - [06/Jun/2026:11:36:15 +0200] "GET /.env HTTP/1.1" 404 12539 "-" "Mozilla/5.0 (Windows NT 10.0; Win64; x64) AppleWebKit/537.36 (KHTML, like Gecko) Chrome/116.0.5845.140 Safari/537.36"
78.153.140.251 - - [06/Jun/2026:11:36:17 +0200] "POST / HTTP/1.1" 200 26087 "-" "Mozilla/5.0 (Windows NT 10.0; Win64; x64) AppleWebKit/537.36 (KHTML, like Gecko) Chrome/116.0.5845.140 Safari/537.36"
51.68.236.70 - - [06/Jun/2026:11:37:35 +0200] "GET /robots.txt HTTP/1.1" 200 986 "-" "Mozilla/5.0 (compatible; MJ12bot/v2.0.5; http://mj12bot.com/)"
51.68.236.70 - - [06/Jun/2026:11:37:35 +0200] "GET / HTTP/1.1" 200 23869 "-" "Mozilla/5.0 (compatible; MJ12bot/v2.0.5; http://mj12bot.com/)"
34.169.80.22 - - [06/Jun/2026:11:37:42 +0200] "GET /wp-content/uploads/2024/07/MYIDEAS_FEITO_EM_ANGOLA_WEBSITE_1A.jpg HTTP/1.1" 200 569481 "-" "Mozilla/5.0 (X11; Linux x86_64) AppleWebKit/537.36 (KHTML, like Gecko) Chrome/91.0.4472.114 Safari/537.36"
75.119.139.177 - - [06/Jun/2026:11:38:48 +0200] "POST /wp-cron.php?doing_wp_cron=1780738728.7957079410552978515625 HTTP/1.1" 200 31 "-" "WordPress/7.0; https://myideas.pt"
206.189.127.129 - - [06/Jun/2026:11:38:48 +0200] "HEAD / HTTP/1.1" 301 0 "-" "downnotifier.com monitoring"
206.189.127.129 - - [06/Jun/2026:11:38:49 +0200] "HEAD / HTTP/1.1" 200 0 "-" "downnotifier.com monitoring"
75.119.139.177 - - [06/Jun/2026:11:40:06 +0200] "POST /wp-cron.php?doing_wp_cron=1780738806.5307519435882568359375 HTTP/1.1" 200 31 "-" "WordPress/7.0; https://myideas.pt"
205.185.119.54 - - [06/Jun/2026:11:40:06 +0200] "GET /wp-login.php HTTP/1.1" 200 6744 "-" "Mozilla/5.0 (X11; Ubuntu; Linux x86_64; rv:31.0) Gecko/20100101 Firefox/31.0"
206.189.127.129 - - [06/Jun/2026:11:40:09 +0200] "HEAD / HTTP/1.1" 200 0 "-" "downnotifier.com monitoring"
75.119.139.177 - - [06/Jun/2026:11:40:36 +0200] "POST /wp-cron.php?doing_wp_cron=1780738836.5662009716033935546875 HTTP/1.1" 200 31 "-" "WordPress/7.0; https://myideas.pt"
40.77.167.136 - - [06/Jun/2026:11:40:36 +0200] "GET /sitemapmobileindex.xml HTTP/1.1" 404 13923 "-" "Mozilla/5.0 AppleWebKit/537.36 (KHTML, like Gecko; compatible; bingbot/2.0; +http://www.bing.com/bingbot.htm) Chrome/116.0.1938.76 Safari/537.36"
205.185.119.54 - - [06/Jun/2026:11:41:02 +0200] "POST /wp-login.php HTTP/1.1" 200 7137 "-" "Mozilla/5.0 (X11; Ubuntu; Linux x86_64; rv:31.0) Gecko/20100101 Firefox/31.0"
75.119.139.177 - - [06/Jun/2026:11:48:49 +0200] "POST /wp-cron.php?doing_wp_cron=1780739329.0328199863433837890625 HTTP/1.1" 200 31 "-" "WordPress/7.0; https://myideas.pt"
37.97.137.40 - - [06/Jun/2026:11:48:49 +0200] "HEAD / HTTP/1.1" 301 0 "-" "downnotifier.com monitoring"
37.97.137.40 - - [06/Jun/2026:11:48:49 +0200] "HEAD / HTTP/1.1" 200 0 "-" "downnotifier.com monitoring"
75.119.139.177 - - [06/Jun/2026:11:50:09 +0200] "POST /wp-cron.php?doing_wp_cron=1780739409.1907138824462890625000 HTTP/1.1" 200 31 "-" "WordPress/7.0; https://myideas.pt"
108.61.201.55 - - [06/Jun/2026:11:50:09 +0200] "HEAD / HTTP/1.1" 200 0 "-" "downnotifier.com monitoring"
75.119.139.177 - - [06/Jun/2026:11:54:43 +0200] "POST /wp-cron.php?doing_wp_cron=1780739683.6016709804534912109375 HTTP/1.1" 200 31 "-" "WordPress/7.0; https://myideas.pt"
72.167.50.103 - - [06/Jun/2026:11:54:43 +0200] "GET /wp-login.php HTTP/1.1" 200 2256 "-" "Mozilla/5.0 (Macintosh; Intel Mac OS X 11_7_10) AppleWebKit/537.36 (KHTML, like Gecko) Chrome/133.0.0.0 Safari/537.36"
72.167.50.103 - - [06/Jun/2026:11:54:49 +0200] "POST /wp-login.php HTTP/1.1" 200 2416 "https://myideas.pt/wp-login.php" "Mozilla/5.0 (Macintosh; Intel Mac OS X 11_7_10) AppleWebKit/537.36 (KHTML, like Gecko) Chrome/133.0.0.0 Safari/537.36"
189.1.170.12 - - [06/Jun/2026:11:55:51 +0200] "GET / HTTP/1.1" 200 23869 "-" "Mozilla/5.0 (Windows NT 10.0; Win64; x64; rv:109.0) Gecko/20100101 Firefox/111.0"
94.60.75.208 - - [06/Jun/2026:11:56:10 +0200] "GET /portfolio_category/websites/page/2/ HTTP/1.1" 200 14083 "-" "Mozilla/5.0 (X11; Linux x86_64; rv:151.0) Gecko/20100101 Firefox/151.0"
216.73.217.21 - - [06/Jun/2026:11:56:54 +0200] "GET /robots.txt HTTP/1.1" 200 986 "-" "Mozilla/5.0 AppleWebKit/537.36 (KHTML, like Gecko; compatible; ClaudeBot/1.0; +claudebot@anthropic.com)"
75.119.139.177 - - [06/Jun/2026:11:56:56 +0200] "POST /wp-cron.php?doing_wp_cron=1780739815.8550920486450195312500 HTTP/1.1" 200 31 "-" "WordPress/7.0; https://myideas.pt"
216.73.217.21 - - [06/Jun/2026:11:56:56 +0200] "GET /sitemap-hot-2292152.xml HTTP/1.1" 404 13928 "-" "Mozilla/5.0 AppleWebKit/537.36 (KHTML, like Gecko; compatible; ClaudeBot/1.0; +claudebot@anthropic.com)"
216.73.217.21 - - [06/Jun/2026:11:57:02 +0200] "GET /sitemap-hot-2280152.xml HTTP/1.1" 404 13930 "-" "Mozilla/5.0 AppleWebKit/537.36 (KHTML, like Gecko; compatible; ClaudeBot/1.0; +claudebot@anthropic.com)"
216.73.217.21 - - [06/Jun/2026:11:57:04 +0200] "GET /sitemap-hot-2290152.xml HTTP/1.1" 404 13928 "-" "Mozilla/5.0 AppleWebKit/537.36 (KHTML, like Gecko; compatible; ClaudeBot/1.0; +claudebot@anthropic.com)"
216.73.217.21 - - [06/Jun/2026:11:57:07 +0200] "GET /sitemapmobileindex.xml HTTP/1.1" 404 13923 "-" "Mozilla/5.0 AppleWebKit/537.36 (KHTML, like Gecko; compatible; ClaudeBot/1.0; +claudebot@anthropic.com)"
45.205.1.243 - - [06/Jun/2026:11:57:35 +0200] "GET / HTTP/1.1" 400 150 "-" "-"
75.119.139.177 - - [06/Jun/2026:11:57:52 +0200] "POST /wp-cron.php?doing_wp_cron=1780739872.5525228977203369140625 HTTP/1.1" 200 31 "-" "WordPress/7.0; https://myideas.pt"
216.73.217.21 - - [06/Jun/2026:11:57:52 +0200] "GET /sitemap-hot-2270152.xml HTTP/1.1" 404 13928 "-" "Mozilla/5.0 AppleWebKit/537.36 (KHTML, like Gecko; compatible; ClaudeBot/1.0; +claudebot@anthropic.com)"
216.73.217.21 - - [06/Jun/2026:11:57:55 +0200] "GET /sitemap-hot-2282152.xml HTTP/1.1" 404 13930 "-" "Mozilla/5.0 AppleWebKit/537.36 (KHTML, like Gecko; compatible; ClaudeBot/1.0; +claudebot@anthropic.com)"
75.119.139.177 - - [06/Jun/2026:11:58:21 +0200] "POST /wp-cron.php?doing_wp_cron=1780739901.9265038967132568359375 HTTP/1.1" 200 31 "-" "WordPress/7.0; https://myideas.pt"
216.73.217.21 - - [06/Jun/2026:11:58:21 +0200] "GET /sitemapindex.xml HTTP/1.1" 404 13921 "-" "Mozilla/5.0 AppleWebKit/537.36 (KHTML, like Gecko; compatible; ClaudeBot/1.0; +claudebot@anthropic.com)"
220.196.160.218 - - [06/Jun/2026:11:58:37 +0200] "GET /?p=3715 HTTP/1.1" 301 5 "-" "Mozilla/5.0 (X11; Linux x86_64) AppleWebKit/537.36 (KHTML, like Gecko) Chrome/122.0.0.0 Safari/537.36"
216.73.217.21 - - [06/Jun/2026:11:58:37 +0200] "GET /sitemap-hot-2284152.xml HTTP/1.1" 404 13930 "-" "Mozilla/5.0 AppleWebKit/537.36 (KHTML, like Gecko; compatible; ClaudeBot/1.0; +claudebot@anthropic.com)"
220.196.160.218 - - [06/Jun/2026:11:58:37 +0200] "GET /pt/solucoes-de-marketing/ HTTP/1.1" 200 15698 "-" "Mozilla/5.0 (X11; Linux x86_64) AppleWebKit/537.36 (KHTML, like Gecko) Chrome/122.0.0.0 Safari/537.36"
206.189.127.129 - - [06/Jun/2026:11:58:48 +0200] "HEAD / HTTP/1.1" 301 0 "-" "downnotifier.com monitoring"
206.189.127.129 - - [06/Jun/2026:11:58:49 +0200] "HEAD / HTTP/1.1" 200 0 "-" "downnotifier.com monitoring"
75.119.139.177 - - [06/Jun/2026:11:59:21 +0200] "POST /wp-cron.php?doing_wp_cron=1780739961.8539810180664062500000 HTTP/1.1" 200 31 "-" "WordPress/7.0; https://myideas.pt"
216.73.217.21 - - [06/Jun/2026:11:59:21 +0200] "GET /sitemap-hot-2296152.xml HTTP/1.1" 404 13930 "-" "Mozilla/5.0 AppleWebKit/537.36 (KHTML, like Gecko; compatible; ClaudeBot/1.0; +claudebot@anthropic.com)"
209.141.44.244 - - [06/Jun/2026:11:59:29 +0200] "GET /wp-login.php HTTP/1.1" 200 6744 "-" "Mozilla/5.0 (Windows NT 10.0; Win64; x64) AppleWebKit/537.36 (KHTML, like Gecko) Chrome/121.0.0.0 Safari/537.36 Edg/121.0.0.0"
37.97.137.40 - - [06/Jun/2026:12:00:08 +0200] "HEAD / HTTP/1.1" 200 0 "-" "downnotifier.com monitoring"
75.119.139.177 - - [06/Jun/2026:12:00:30 +0200] "POST /wp-cron.php?doing_wp_cron=1780740030.4124200344085693359375 HTTP/1.1" 200 31 "-" "WordPress/7.0; https://myideas.pt"
209.141.44.244 - - [06/Jun/2026:12:00:30 +0200] "POST /wp-login.php HTTP/1.1" 200 7171 "-" "Mozilla/5.0 (Windows NT 10.0; Win64; x64) AppleWebKit/537.36 (KHTML, like Gecko) Chrome/121.0.0.0 Safari/537.36 Edg/121.0.0.0"
75.119.139.177 - - [06/Jun/2026:12:01:29 +0200] "POST /wp-cron.php?doing_wp_cron=1780740089.2710399627685546875000 HTTP/1.1" 200 31 "-" "WordPress/7.0; https://myideas.pt"
216.73.217.21 - - [06/Jun/2026:12:01:29 +0200] "GET /sitemap-hot-2268152.xml HTTP/1.1" 404 13930 "-" "Mozilla/5.0 AppleWebKit/537.36 (KHTML, like Gecko; compatible; ClaudeBot/1.0; +claudebot@anthropic.com)"
216.73.217.21 - - [06/Jun/2026:12:01:45 +0200] "GET /sitemap-hot-2278152.xml HTTP/1.1" 404 13930 "-" "Mozilla/5.0 AppleWebKit/537.36 (KHTML, like Gecko; compatible; ClaudeBot/1.0; +claudebot@anthropic.com)"
75.119.139.177 - - [06/Jun/2026:12:03:54 +0200] "POST /wp-cron.php?doing_wp_cron=1780740234.4682619571685791015625 HTTP/1.1" 200 31 "-" "WordPress/7.0; https://myideas.pt"
216.73.217.21 - - [06/Jun/2026:12:03:54 +0200] "GET /sitemap-hot-2272152.xml HTTP/1.1" 404 13928 "-" "Mozilla/5.0 AppleWebKit/537.36 (KHTML, like Gecko; compatible; ClaudeBot/1.0; +claudebot@anthropic.com)"
75.119.139.177 - - [06/Jun/2026:12:04:26 +0200] "POST /wp-cron.php?doing_wp_cron=1780740266.0481889247894287109375 HTTP/1.1" 200 31 "-" "WordPress/7.0; https://myideas.pt"
216.73.217.21 - - [06/Jun/2026:12:04:26 +0200] "GET /sitemap-hot-2294152.xml HTTP/1.1" 404 13928 "-" "Mozilla/5.0 AppleWebKit/537.36 (KHTML, like Gecko; compatible; ClaudeBot/1.0; +claudebot@anthropic.com)"
216.73.217.21 - - [06/Jun/2026:12:04:42 +0200] "GET /sitemap.xml HTTP/1.1" 301 5 "-" "Mozilla/5.0 AppleWebKit/537.36 (KHTML, like Gecko; compatible; ClaudeBot/1.0; +claudebot@anthropic.com)"
216.73.217.21 - - [06/Jun/2026:12:04:43 +0200] "GET /sitemap_index.xml HTTP/1.1" 200 348 "https://myideas.pt/sitemap.xml" "Mozilla/5.0 AppleWebKit/537.36 (KHTML, like Gecko; compatible; ClaudeBot/1.0; +claudebot@anthropic.com)"
172.203.234.251 - - [06/Jun/2026:12:05:02 +0200] "GET /owa/auth/logon.aspx HTTP/1.1" 404 12607 "-" "Mozilla/5.0 zgrab/0.x"
35.252.214.71 - - [06/Jun/2026:12:05:21 +0200] "GET /wp-content/uploads/2024/07/MYIDEAS_FEITO_EM_ANGOLA_WEBSITE_2A.jpg HTTP/1.1" 200 503859 "-" "Mozilla/5.0 (X11; Linux x86_64) AppleWebKit/537.36 (KHTML, like Gecko) Chrome/91.0.4472.114 Safari/537.36"
47.128.31.223 - - [06/Jun/2026:12:05:45 +0200] "GET / HTTP/1.1" 200 24292 "-" "Mozilla/5.0 (Linux; Android 5.0) AppleWebKit/537.36 (KHTML, like Gecko) Mobile Safari/537.36 (compatible; Bytespider; spider-feedback@bytedance.com)"
47.128.31.223 - - [06/Jun/2026:12:05:45 +0200] "GET /wp-content/cache/wpo-minify/1780673871/assets/wpo-minify-header-85140de2.min.css HTTP/1.1" 200 35213 "https://myideas.pt/" "Mozilla/5.0 (Linux; Android 5.0) AppleWebKit/537.36 (KHTML, like Gecko) Mobile Safari/537.36 (compatible; Bytespider; spider-feedback@bytedance.com)"
47.128.31.223 - - [06/Jun/2026:12:05:46 +0200] "GET /wp-content/uploads/2025/11/MYIDEAS_BRANDING_MEANINGFUL_1-1000x750.jpg HTTP/1.1" 206 500 "https://myideas.pt/" "Mozilla/5.0 (Linux; Android 5.0) AppleWebKit/537.36 (KHTML, like Gecko) Mobile Safari/537.36 (compatible; Bytespider; spider-feedback@bytedance.com)"
47.128.31.223 - - [06/Jun/2026:12:05:46 +0200] "GET /wp-content/uploads/2024/06/MYIDEAS_MOBILE_1.jpg HTTP/1.1" 206 500 "https://myideas.pt/" "Mozilla/5.0 (Linux; Android 5.0) AppleWebKit/537.36 (KHTML, like Gecko) Mobile Safari/537.36 (compatible; Bytespider; spider-feedback@bytedance.com)"
47.128.31.223 - - [06/Jun/2026:12:05:46 +0200] "GET /wp-content/uploads/2024/06/MYIDEAS_THE_JOURNEY_IS_ON_4.jpg HTTP/1.1" 206 500 "https://myideas.pt/" "Mozilla/5.0 (Linux; Android 5.0) AppleWebKit/537.36 (KHTML, like Gecko) Mobile Safari/537.36 (compatible; Bytespider; spider-feedback@bytedance.com)"
47.128.31.223 - - [06/Jun/2026:12:05:46 +0200] "GET /wp-content/uploads/2025/03/BSO_CONSULTING_BRANDING_MYIDEAS_1-1000x750.jpg HTTP/1.1" 206 500 "https://myideas.pt/" "Mozilla/5.0 (Linux; Android 5.0) AppleWebKit/537.36 (KHTML, like Gecko) Mobile Safari/537.36 (compatible; Bytespider; spider-feedback@bytedance.com)"
47.128.31.223 - - [06/Jun/2026:12:05:46 +0200] "GET /wp-content/uploads/2025/03/MYIDEAS_DCG_BRANDING_1-1000x750.jpg HTTP/1.1" 206 500 "https://myideas.pt/" "Mozilla/5.0 (Linux; Android 5.0) AppleWebKit/537.36 (KHTML, like Gecko) Mobile Safari/537.36 (compatible; Bytespider; spider-feedback@bytedance.com)"
47.128.31.223 - - [06/Jun/2026:12:05:47 +0200] "GET /wp-content/uploads/2024/06/MYIDEAS_BRANDING_BLUE.jpg HTTP/1.1" 206 500 "https://myideas.pt/" "Mozilla/5.0 (Linux; Android 5.0) AppleWebKit/537.36 (KHTML, like Gecko) Mobile Safari/537.36 (compatible; Bytespider; spider-feedback@bytedance.com)"
47.128.31.223 - - [06/Jun/2026:12:05:47 +0200] "GET /wp-content/uploads/2024/06/MYIDEAS_SUSTAINABLE_MARKETING_BLUE.jpg HTTP/1.1" 206 500 "https://myideas.pt/" "Mozilla/5.0 (Linux; Android 5.0) AppleWebKit/537.36 (KHTML, like Gecko) Mobile Safari/537.36 (compatible; Bytespider; spider-feedback@bytedance.com)"
47.128.31.223 - - [06/Jun/2026:12:05:47 +0200] "GET /wp-content/uploads/2024/06/MYIDEAS_MARKETING_STRATEGIES_BLUE.jpg HTTP/1.1" 206 500 "https://myideas.pt/" "Mozilla/5.0 (Linux; Android 5.0) AppleWebKit/537.36 (KHTML, like Gecko) Mobile Safari/537.36 (compatible; Bytespider; spider-feedback@bytedance.com)"
47.128.31.223 - - [06/Jun/2026:12:05:47 +0200] "GET /wp-content/uploads/2024/06/MYIDEAS_WEBSITE_BLUE.jpg HTTP/1.1" 206 500 "https://myideas.pt/" "Mozilla/5.0 (Linux; Android 5.0) AppleWebKit/537.36 (KHTML, like Gecko) Mobile Safari/537.36 (compatible; Bytespider; spider-feedback@bytedance.com)"
47.128.31.223 - - [06/Jun/2026:12:05:47 +0200] "GET /wp-content/uploads/2024/06/MYIDEAS_PR_BLUE.jpg HTTP/1.1" 206 500 "https://myideas.pt/" "Mozilla/5.0 (Linux; Android 5.0) AppleWebKit/537.36 (KHTML, like Gecko) Mobile Safari/537.36 (compatible; Bytespider; spider-feedback@bytedance.com)"
47.128.31.223 - - [06/Jun/2026:12:05:47 +0200] "GET /wp-content/uploads/2025/03/BSO_CONSULTING_BRANDING_MYIDEAS_1-1000x750.jpg HTTP/1.1" 304 0 "https://myideas.pt/" "Mozilla/5.0 (Linux; Android 5.0) AppleWebKit/537.36 (KHTML, like Gecko) Mobile Safari/537.36 (compatible; Bytespider; spider-feedback@bytedance.com)"
47.128.31.223 - - [06/Jun/2026:12:05:47 +0200] "GET /wp-content/uploads/2024/06/MYIDEAS_SOCIAL_MEDIA_BLUE.jpg HTTP/1.1" 206 500 "https://myideas.pt/" "Mozilla/5.0 (Linux; Android 5.0) AppleWebKit/537.36 (KHTML, like Gecko) Mobile Safari/537.36 (compatible; Bytespider; spider-feedback@bytedance.com)"
47.128.31.223 - - [06/Jun/2026:12:05:47 +0200] "GET /wp-content/uploads/2024/06/MYIDEAS_WORK_WITH_US.jpg HTTP/1.1" 206 500 "https://myideas.pt/" "Mozilla/5.0 (Linux; Android 5.0) AppleWebKit/537.36 (KHTML, like Gecko) Mobile Safari/537.36 (compatible; Bytespider; spider-feedback@bytedance.com)"
47.128.31.223 - - [06/Jun/2026:12:05:47 +0200] "GET /wp-content/uploads/2024/06/MYIDEAS_WORK_FOR_US.jpg HTTP/1.1" 206 500 "https://myideas.pt/" "Mozilla/5.0 (Linux; Android 5.0) AppleWebKit/537.36 (KHTML, like Gecko) Mobile Safari/537.36 (compatible; Bytespider; spider-feedback@bytedance.com)"
47.128.31.223 - - [06/Jun/2026:12:05:47 +0200] "GET /wp-content/uploads/2024/06/ASPAS_TESTEMUNHOS_CLIENTES_MYIDEAS.svg HTTP/1.1" 206 500 "https://myideas.pt/" "Mozilla/5.0 (Linux; Android 5.0) AppleWebKit/537.36 (KHTML, like Gecko) Mobile Safari/537.36 (compatible; Bytespider; spider-feedback@bytedance.com)"
47.128.31.223 - - [06/Jun/2026:12:05:47 +0200] "GET /wp-content/uploads/2024/06/MYIDEAS_GOOGLE_ADS_BLUE.jpg HTTP/1.1" 206 500 "https://myideas.pt/" "Mozilla/5.0 (Linux; Android 5.0) AppleWebKit/537.36 (KHTML, like Gecko) Mobile Safari/537.36 (compatible; Bytespider; spider-feedback@bytedance.com)"
47.128.31.223 - - [06/Jun/2026:12:05:47 +0200] "GET /wp-content/uploads/2025/03/BSO_CONSULTING_BRANDING_MYIDEAS_1-1000x750.jpg HTTP/1.1" 206 59109 "https://myideas.pt/" "Mozilla/5.0 (Linux; Android 5.0) AppleWebKit/537.36 (KHTML, like Gecko) Mobile Safari/537.36 (compatible; Bytespider; spider-feedback@bytedance.com)"
