43.245.131.60 - - [06/Jun/2026:06:13:07 +0200] "POST /xmlrpc.php HTTP/1.1" 200 415 "-" "Jetpack by WordPress.com"
75.119.139.177 - - [06/Jun/2026:06:13:17 +0200] "POST /wp-cron.php?doing_wp_cron=1780719197.8617091178894042968750 HTTP/1.1" 200 31 "-" "WordPress/7.0; https://myideas.pt"
43.245.131.60 - - [06/Jun/2026:06:13:17 +0200] "POST /xmlrpc.php HTTP/1.1" 200 415 "-" "Jetpack by WordPress.com (Jetpack 12.0; WordPress 6.4)"
43.245.131.60 - - [06/Jun/2026:06:13:28 +0200] "POST /xmlrpc.php HTTP/1.1" 200 415 "-" "Jetpack by WordPress.com (Jetpack 12.0; WordPress 6.1)"
43.245.131.60 - - [06/Jun/2026:06:13:39 +0200] "POST /xmlrpc.php HTTP/1.1" 200 415 "-" "Jetpack by WordPress.com (Jetpack 13.0; WordPress 6.3)"
75.119.139.177 - - [06/Jun/2026:06:13:49 +0200] "POST /wp-cron.php?doing_wp_cron=1780719229.4566400051116943359375 HTTP/1.1" 200 31 "-" "WordPress/7.0; https://myideas.pt"
43.245.131.60 - - [06/Jun/2026:06:13:49 +0200] "POST /xmlrpc.php HTTP/1.1" 200 415 "-" "Jetpack by WordPress.com"
43.245.131.60 - - [06/Jun/2026:06:14:00 +0200] "POST /xmlrpc.php HTTP/1.1" 200 415 "-" "Jetpack by WordPress.com"
43.245.131.60 - - [06/Jun/2026:06:14:11 +0200] "POST /xmlrpc.php HTTP/1.1" 200 415 "-" "Jetpack by WordPress.com (Jetpack 12.1; WordPress 6.3)"
75.119.139.177 - - [06/Jun/2026:06:14:21 +0200] "POST /wp-cron.php?doing_wp_cron=1780719261.8764939308166503906250 HTTP/1.1" 200 31 "-" "WordPress/7.0; https://myideas.pt"
43.245.131.60 - - [06/Jun/2026:06:14:21 +0200] "POST /xmlrpc.php HTTP/1.1" 200 415 "-" "Jetpack by WordPress.com (Jetpack 12.1; WordPress 6.4)"
43.245.131.60 - - [06/Jun/2026:06:14:32 +0200] "POST /xmlrpc.php HTTP/1.1" 200 415 "-" "Jetpack by WordPress.com"
43.245.131.60 - - [06/Jun/2026:06:14:42 +0200] "POST /xmlrpc.php HTTP/1.1" 200 415 "-" "WordPress.com; https://wordpress.com"
43.245.131.60 - - [06/Jun/2026:06:14:52 +0200] "POST /xmlrpc.php HTTP/1.1" 200 415 "-" "Jetpack by WordPress.com (Jetpack 13.0; WordPress 6.2)"
43.245.131.60 - - [06/Jun/2026:06:15:04 +0200] "POST /xmlrpc.php HTTP/1.1" 200 415 "-" "WordPress.com; https://wordpress.com"
94.46.163.142 - - [06/Jun/2026:06:15:11 +0200] "POST /___proxy_subdomain_whm/login/?login_only=1 HTTP/1.1" 404 13993 "-" "Mozilla/5.0 (Macintosh; Intel Mac OS X 14_4_1) AppleWebKit/605.1.15 (KHTML, like Gecko) Version/17.4 Safari/605.1.15"
94.46.163.142 - - [06/Jun/2026:06:15:13 +0200] "GET /___proxy_subdomain_whm/login/ HTTP/1.1" 404 12559 "-" "Mozilla/5.0 (Macintosh; Intel Mac OS X 14.4; rv:125.0) Gecko/20100101 Firefox/125.0"
43.245.131.60 - - [06/Jun/2026:06:15:13 +0200] "POST /xmlrpc.php HTTP/1.1" 200 415 "-" "Jetpack by WordPress.com (Jetpack 12.0; WordPress 6.3)"
75.119.139.177 - - [06/Jun/2026:06:15:27 +0200] "POST /wp-cron.php?doing_wp_cron=1780719326.5133280754089355468750 HTTP/1.1" 200 31 "-" "WordPress/7.0; https://myideas.pt"
43.245.131.60 - - [06/Jun/2026:06:15:27 +0200] "POST /xmlrpc.php HTTP/1.1" 200 415 "-" "Jetpack/12.0; WordPress/6.2; http://site95297283.com"
43.245.131.60 - - [06/Jun/2026:06:15:35 +0200] "POST /xmlrpc.php HTTP/1.1" 200 415 "-" "Jetpack by WordPress.com (Jetpack 13.0; WordPress 6.4)"
43.245.131.60 - - [06/Jun/2026:06:15:46 +0200] "POST /xmlrpc.php HTTP/1.1" 200 415 "-" "Jetpack by WordPress.com"
43.245.131.60 - - [06/Jun/2026:06:15:56 +0200] "POST /xmlrpc.php HTTP/1.1" 200 415 "-" "Jetpack by WordPress.com"
43.245.131.60 - - [06/Jun/2026:06:16:06 +0200] "POST /xmlrpc.php HTTP/1.1" 200 415 "-" "Jetpack by WordPress.com (Jetpack 12.0; WordPress 6.1)"
75.119.139.177 - - [06/Jun/2026:06:16:16 +0200] "POST /wp-cron.php?doing_wp_cron=1780719376.8153839111328125000000 HTTP/1.1" 200 31 "-" "WordPress/7.0; https://myideas.pt"
43.245.131.60 - - [06/Jun/2026:06:16:16 +0200] "POST /xmlrpc.php HTTP/1.1" 200 415 "-" "WordPress.com; https://wordpress.com"
43.245.131.60 - - [06/Jun/2026:06:16:27 +0200] "POST /xmlrpc.php HTTP/1.1" 200 415 "-" "WordPress.com; https://wordpress.com"
212.73.35.175 - - [06/Jun/2026:06:17:07 +0200] "GET /client-journey/ HTTP/1.1" 200 18233 "-" "Mozilla/5.0 (Macintosh; Intel Mac OS X 11.1; rv:135.0) Gecko/20100101 Firefox/135.0"
75.119.139.177 - - [06/Jun/2026:06:18:45 +0200] "POST /wp-cron.php?doing_wp_cron=1780719525.7734870910644531250000 HTTP/1.1" 200 31 "-" "WordPress/7.0; https://myideas.pt"
206.189.127.129 - - [06/Jun/2026:06:18:45 +0200] "HEAD / HTTP/1.1" 301 0 "-" "downnotifier.com monitoring"
206.189.127.129 - - [06/Jun/2026:06:18:46 +0200] "HEAD / HTTP/1.1" 200 0 "-" "downnotifier.com monitoring"
75.119.139.177 - - [06/Jun/2026:06:20:07 +0200] "POST /wp-cron.php?doing_wp_cron=1780719607.4713950157165527343750 HTTP/1.1" 200 31 "-" "WordPress/7.0; https://myideas.pt"
108.61.201.55 - - [06/Jun/2026:06:20:07 +0200] "HEAD / HTTP/1.1" 200 0 "-" "downnotifier.com monitoring"
75.119.139.177 - - [06/Jun/2026:06:23:09 +0200] "POST /wp-cron.php?doing_wp_cron=1780719789.8112919330596923828125 HTTP/1.1" 200 31 "-" "WordPress/7.0; https://myideas.pt"
156.245.205.34 - - [06/Jun/2026:06:23:09 +0200] "GET / HTTP/1.1" 301 5 "-" "Mozilla/5.0 (Linux; Android 11; CPH2185) AppleWebKit/537.36 (KHTML, like Gecko) Chrome/91.0.4472.101 Mobile Safari/537.36"
156.245.205.34 - - [06/Jun/2026:06:23:14 +0200] "GET / HTTP/1.1" 200 23869 "-" "Mozilla/5.0 (Linux; Android 11; CPH2185) AppleWebKit/537.36 (KHTML, like Gecko) Chrome/91.0.4472.101 Mobile Safari/537.36"
75.119.139.177 - - [06/Jun/2026:06:23:27 +0200] "POST /wp-cron.php?doing_wp_cron=1780719807.4355568885803222656250 HTTP/1.1" 200 31 "-" "WordPress/7.0; https://myideas.pt"
205.185.122.41 - - [06/Jun/2026:06:23:27 +0200] "GET /wp-login.php HTTP/1.1" 200 6744 "-" "Mozilla/5.0 (Macintosh; Intel Mac OS X 10.6; rv:31.0) Gecko/20100101 Firefox/31.0"
205.185.122.41 - - [06/Jun/2026:06:23:28 +0200] "POST /wp-login.php HTTP/1.1" 200 7171 "-" "Mozilla/5.0 (Macintosh; Intel Mac OS X 10.6; rv:31.0) Gecko/20100101 Firefox/31.0"
75.119.139.177 - - [06/Jun/2026:06:24:55 +0200] "POST /wp-cron.php?doing_wp_cron=1780719894.9793329238891601562500 HTTP/1.1" 200 31 "-" "WordPress/7.0; https://myideas.pt"
64.31.25.250 - - [06/Jun/2026:06:24:55 +0200] "GET /wp-login.php HTTP/1.1" 200 2256 "-" "Mozilla/5.0 (Macintosh; Intel Mac OS X 11_7_10) AppleWebKit/537.36 (KHTML, like Gecko) Chrome/133.0.0.0 Safari/537.36"
64.31.25.250 - - [06/Jun/2026:06:24:56 +0200] "POST /wp-login.php HTTP/1.1" 200 2387 "https://www.myideas.pt/wp-login.php" "Mozilla/5.0 (Macintosh; Intel Mac OS X 11_7_10) AppleWebKit/537.36 (KHTML, like Gecko) Chrome/133.0.0.0 Safari/537.36"
75.119.139.177 - - [06/Jun/2026:06:26:17 +0200] "POST /wp-cron.php?doing_wp_cron=1780719977.0496850013732910156250 HTTP/1.1" 200 31 "-" "WordPress/7.0; https://myideas.pt"
18.232.11.247 - - [06/Jun/2026:06:26:17 +0200] "GET /wp-json/oembed/1.0/embed?format=xml&lang=pt&url=https://myideas.pt/pt/marketing-como-lideranca-nao-como-pressao/ HTTP/1.1" 200 1254 "-" "Mozilla/5.0 AppleWebKit/537.36 (KHTML, like Gecko; compatible; Amazonbot/0.1; +https://developer.amazon.com/support/amazonbot) Chrome/119.0.6045.214 Safari/537.36"
182.252.94.138 - - [06/Jun/2026:06:27:08 +0200] "GET /pt/portfolio/talia-branding/ HTTP/1.1" 200 18816 "-" "Mozilla/5.0 (Macintosh; Intel Mac OS X 10_15_3) AppleWebKit/537.36 (KHTML, like Gecko) Chrome/98.0.4758.80 Safari/537.36"
75.119.139.177 - - [06/Jun/2026:06:27:36 +0200] "POST /wp-cron.php?doing_wp_cron=1780720055.9868280887603759765625 HTTP/1.1" 200 31 "-" "WordPress/7.0; https://myideas.pt"
78.153.140.251 - - [06/Jun/2026:06:27:36 +0200] "GET /.env HTTP/1.1" 404 12539 "-" "Mozilla/5.0 (Windows NT 10.0; Win64; x64) AppleWebKit/537.36 (KHTML, like Gecko) Chrome/116.0.5845.140 Safari/537.36"
78.153.140.251 - - [06/Jun/2026:06:27:38 +0200] "POST / HTTP/1.1" 200 26087 "-" "Mozilla/5.0 (Windows NT 10.0; Win64; x64) AppleWebKit/537.36 (KHTML, like Gecko) Chrome/116.0.5845.140 Safari/537.36"
75.119.139.177 - - [06/Jun/2026:06:28:45 +0200] "POST /wp-cron.php?doing_wp_cron=1780720125.5816330909729003906250 HTTP/1.1" 200 31 "-" "WordPress/7.0; https://myideas.pt"
37.97.137.40 - - [06/Jun/2026:06:28:45 +0200] "HEAD / HTTP/1.1" 301 0 "-" "downnotifier.com monitoring"
37.97.137.40 - - [06/Jun/2026:06:28:46 +0200] "HEAD / HTTP/1.1" 200 0 "-" "downnotifier.com monitoring"
205.185.124.118 - - [06/Jun/2026:06:29:05 +0200] "GET /wp-login.php HTTP/1.1" 200 6744 "-" "Mozilla/5.0 (Windows NT 6.1) AppleWebKit/537.36 (KHTML, like Gecko) Chrome/35.0.1916.153 Safari/537.36"
75.119.139.177 - - [06/Jun/2026:06:30:07 +0200] "POST /wp-cron.php?doing_wp_cron=1780720207.0362029075622558593750 HTTP/1.1" 200 31 "-" "WordPress/7.0; https://myideas.pt"
37.97.137.40 - - [06/Jun/2026:06:30:07 +0200] "HEAD / HTTP/1.1" 200 0 "-" "downnotifier.com monitoring"
75.119.139.177 - - [06/Jun/2026:06:30:20 +0200] "POST /wp-cron.php?doing_wp_cron=1780720220.7206170558929443359375 HTTP/1.1" 200 31 "-" "WordPress/7.0; https://myideas.pt"
205.185.124.118 - - [06/Jun/2026:06:30:20 +0200] "POST /wp-login.php HTTP/1.1" 200 7168 "-" "Mozilla/5.0 (Windows NT 6.1) AppleWebKit/537.36 (KHTML, like Gecko) Chrome/35.0.1916.153 Safari/537.36"
75.119.139.177 - - [06/Jun/2026:06:31:45 +0200] "POST /wp-cron.php?doing_wp_cron=1780720305.8705461025238037109375 HTTP/1.1" 200 31 "-" "WordPress/7.0; https://myideas.pt"
20.65.194.25 - - [06/Jun/2026:06:31:45 +0200] "GET /version HTTP/1.1" 404 12538 "-" "Mozilla/5.0 zgrab/0.x"
43.172.196.216 - - [06/Jun/2026:06:34:56 +0200] "GET / HTTP/1.1" 200 24292 "-" "Mozilla/5.0 (Windows NT 10.0; Win64; x64) AppleWebKit/537.36 (KHTML, like Gecko) Chrome/105.0.0.0 Safari/537.3"
75.119.139.177 - - [06/Jun/2026:06:34:56 +0200] "POST /wp-cron.php?doing_wp_cron=1780720496.8903489112854003906250 HTTP/1.1" 200 31 "-" "WordPress/7.0; https://myideas.pt"
220.196.160.40 - - [06/Jun/2026:06:34:56 +0200] "GET /?p=2544 HTTP/1.1" 301 5 "-" "Mozilla/5.0 (Macintosh; Intel Mac OS X 10_15_7) AppleWebKit/605.1.15 (KHTML, like Gecko) Version/17.3 Safari/605.1.15"
220.196.160.40 - - [06/Jun/2026:06:34:57 +0200] "GET /privacy-policy/ HTTP/1.1" 200 18827 "-" "Mozilla/5.0 (Macintosh; Intel Mac OS X 10_15_7) AppleWebKit/605.1.15 (KHTML, like Gecko) Version/17.3 Safari/605.1.15"
43.172.197.187 - - [06/Jun/2026:06:35:10 +0200] "GET / HTTP/1.1" 200 24292 "http://myideas.pt" "Mozilla/5.0 (Windows NT 10.0; Win64; x64) AppleWebKit/537.36 (KHTML, like Gecko) Chrome/131.0.0.0 Safari/537.36"
75.119.139.177 - - [06/Jun/2026:06:35:52 +0200] "POST /wp-cron.php?doing_wp_cron=1780720551.9738349914550781250000 HTTP/1.1" 200 31 "-" "WordPress/7.0; https://myideas.pt"
209.141.60.58 - - [06/Jun/2026:06:35:52 +0200] "GET /wp-login.php HTTP/1.1" 200 6744 "-" "Mozilla/5.0 (Windows NT 6.3; Win64; x64) AppleWebKit/537.36 (KHTML, like Gecko) Chrome/120.0.0.0 Safari/537.36"
63.135.161.103 - - [06/Jun/2026:06:36:02 +0200] "POST /wp-login.php HTTP/1.1" 200 7153 "-" "Mozilla/5.0"
75.119.139.177 - - [06/Jun/2026:06:36:46 +0200] "POST /wp-cron.php?doing_wp_cron=1780720606.6994750499725341796875 HTTP/1.1" 200 31 "-" "WordPress/7.0; https://myideas.pt"
209.141.60.58 - - [06/Jun/2026:06:36:46 +0200] "POST /wp-login.php HTTP/1.1" 200 7168 "-" "Mozilla/5.0 (Windows NT 6.3; Win64; x64) AppleWebKit/537.36 (KHTML, like Gecko) Chrome/120.0.0.0 Safari/537.36"
181.67.114.227 - - [06/Jun/2026:06:37:11 +0200] "GET /pt/portfolio/feito-em-angola/ HTTP/1.1" 200 18275 "-" "Mozilla/5.0 (Windows NT 6.1; Win64; x64) AppleWebKit/537.36 (KHTML, like Gecko) Chrome/100.0.4896.127 Safari/537.36"
75.119.139.177 - - [06/Jun/2026:06:38:45 +0200] "POST /wp-cron.php?doing_wp_cron=1780720725.3853530883789062500000 HTTP/1.1" 200 31 "-" "WordPress/7.0; https://myideas.pt"
206.189.127.129 - - [06/Jun/2026:06:38:45 +0200] "HEAD / HTTP/1.1" 301 0 "-" "downnotifier.com monitoring"
206.189.127.129 - - [06/Jun/2026:06:38:46 +0200] "HEAD / HTTP/1.1" 200 0 "-" "downnotifier.com monitoring"
75.119.139.177 - - [06/Jun/2026:06:40:12 +0200] "POST /wp-cron.php?doing_wp_cron=1780720812.4296751022338867187500 HTTP/1.1" 200 31 "-" "WordPress/7.0; https://myideas.pt"
149.28.73.26 - - [06/Jun/2026:06:40:12 +0200] "HEAD / HTTP/1.1" 200 0 "-" "downnotifier.com monitoring"
75.119.139.177 - - [06/Jun/2026:06:41:36 +0200] "POST /wp-cron.php?doing_wp_cron=1780720896.3737258911132812500000 HTTP/1.1" 200 31 "-" "WordPress/7.0; https://myideas.pt"
40.77.167.48 - - [06/Jun/2026:06:41:36 +0200] "GET /sitemap-hot-2276152.xml HTTP/1.1" 404 13930 "-" "Mozilla/5.0 AppleWebKit/537.36 (KHTML, like Gecko; compatible; bingbot/2.0; +http://www.bing.com/bingbot.htm) Chrome/116.0.1938.76 Safari/537.36"
75.119.139.177 - - [06/Jun/2026:06:41:49 +0200] "POST /wp-cron.php?doing_wp_cron=1780720909.8831689357757568359375 HTTP/1.1" 200 31 "-" "WordPress/7.0; https://myideas.pt"
205.185.124.118 - - [06/Jun/2026:06:41:49 +0200] "GET /wp-login.php HTTP/1.1" 200 6744 "-" "Mozilla/5.0 (iPad; CPU OS 18_3 like Mac OS X) AppleWebKit/605.1.15 (KHTML, like Gecko) Version/18.3 Mobile/15E148 Safari/604.1"
75.119.139.177 - - [06/Jun/2026:06:42:37 +0200] "POST /wp-cron.php?doing_wp_cron=1780720957.2480299472808837890625 HTTP/1.1" 200 31 "-" "WordPress/7.0; https://myideas.pt"
205.185.124.118 - - [06/Jun/2026:06:42:37 +0200] "POST /wp-login.php HTTP/1.1" 200 7136 "-" "Mozilla/5.0 (iPad; CPU OS 18_3 like Mac OS X) AppleWebKit/605.1.15 (KHTML, like Gecko) Version/18.3 Mobile/15E148 Safari/604.1"
213.133.103.90 - - [06/Jun/2026:06:43:01 +0200] "GET /wp-login.php HTTP/1.1" 200 2256 "-" "Mozilla/5.0 (Windows NT 10.0; Win64; x64) AppleWebKit/537.36 (KHTML, like Gecko) Chrome/120.0.0.0 Safari/537.36"
213.133.103.90 - - [06/Jun/2026:06:43:04 +0200] "POST /wp-login.php HTTP/1.1" 200 2387 "https://myideas.pt/wp-login.php" "Mozilla/5.0 (Windows NT 10.0; Win64; x64) AppleWebKit/537.36 (KHTML, like Gecko) Chrome/120.0.0.0 Safari/537.36"
75.119.139.177 - - [06/Jun/2026:06:44:11 +0200] "POST /wp-cron.php?doing_wp_cron=1780721050.9872639179229736328125 HTTP/1.1" 200 31 "-" "WordPress/7.0; https://myideas.pt"
43.173.177.157 - - [06/Jun/2026:06:44:11 +0200] "GET /wp-json/oembed/1.0/embed?format=xml&lang=pt&url=https%3A%2F%2Fmyideas.pt%2Fpt%2Fguia-empresas-2026%2F HTTP/1.1" 200 1267 "-" "Mozilla/5.0 (Windows NT 10.0; Win64; x64) AppleWebKit/537.36 (KHTML, like Gecko) Chrome/105.0.0.0 Safari/537.3"
75.119.139.177 - - [06/Jun/2026:06:48:45 +0200] "POST /wp-cron.php?doing_wp_cron=1780721325.7676939964294433593750 HTTP/1.1" 200 31 "-" "WordPress/7.0; https://myideas.pt"
37.97.137.40 - - [06/Jun/2026:06:48:45 +0200] "HEAD / HTTP/1.1" 301 0 "-" "downnotifier.com monitoring"
37.97.137.40 - - [06/Jun/2026:06:48:46 +0200] "HEAD / HTTP/1.1" 200 0 "-" "downnotifier.com monitoring"
75.119.139.177 - - [06/Jun/2026:06:50:12 +0200] "POST /wp-cron.php?doing_wp_cron=1780721412.4352838993072509765625 HTTP/1.1" 200 31 "-" "WordPress/7.0; https://myideas.pt"
139.59.109.12 - - [06/Jun/2026:06:50:12 +0200] "HEAD / HTTP/1.1" 200 0 "-" "downnotifier.com monitoring"
75.119.139.177 - - [06/Jun/2026:06:50:27 +0200] "POST /wp-cron.php?doing_wp_cron=1780721427.6383900642395019531250 HTTP/1.1" 200 31 "-" "WordPress/7.0; https://myideas.pt"
65.254.225.212 - - [06/Jun/2026:06:50:27 +0200] "GET /wp-login.php HTTP/1.1" 200 2256 "-" "Mozilla/5.0 (Windows NT 10.0; Win64; x64; rv:133.0) Gecko/20100101 Firefox/133.0"
65.254.225.212 - - [06/Jun/2026:06:50:28 +0200] "POST /wp-login.php HTTP/1.1" 200 2387 "https://myideas.pt/wp-login.php" "Mozilla/5.0 (Windows NT 10.0; Win64; x64; rv:133.0) Gecko/20100101 Firefox/133.0"
87.250.224.247 - - [06/Jun/2026:06:52:30 +0200] "GET /robots.txt HTTP/1.1" 200 986 "-" "Mozilla/5.0 (compatible; YandexBot/3.0; +http://yandex.com/bots)"
87.250.224.242 - - [06/Jun/2026:06:52:31 +0200] "GET / HTTP/1.1" 200 23869 "-" "Mozilla/5.0 (compatible; YandexBot/3.0; +http://yandex.com/bots)"
75.119.139.177 - - [06/Jun/2026:06:53:54 +0200] "POST /wp-cron.php?doing_wp_cron=1780721634.8058350086212158203125 HTTP/1.1" 200 31 "-" "WordPress/7.0; https://myideas.pt"
23.234.90.222 - - [06/Jun/2026:06:53:54 +0200] "GET /wp-login.php HTTP/1.1" 200 2256 "-" "python-requests/2.33.1"
23.234.90.222 - - [06/Jun/2026:06:53:56 +0200] "GET /?author=1 HTTP/1.1" 200 14917 "-" "python-requests/2.33.1"
23.234.90.222 - - [06/Jun/2026:06:53:57 +0200] "GET /?author=2 HTTP/1.1" 404 12533 "-" "python-requests/2.33.1"
23.234.90.222 - - [06/Jun/2026:06:53:58 +0200] "GET /?author=3 HTTP/1.1" 404 12533 "-" "python-requests/2.33.1"
23.234.90.222 - - [06/Jun/2026:06:53:58 +0200] "POST /wp-login.php HTTP/1.1" 200 2407 "-" "Mozilla/5.0 (Windows NT 10.0; Win64; x64) AppleWebKit/537.36 (KHTML, like Gecko) Chrome/120.0.0.0 Safari/537.36"
23.234.90.222 - - [06/Jun/2026:06:54:01 +0200] "GET /wp-admin/index.php HTTP/1.1" 302 5 "-" "python-requests/2.33.1"
75.119.139.177 - - [06/Jun/2026:06:55:58 +0200] "POST /wp-cron.php?doing_wp_cron=1780721758.3547980785369873046875 HTTP/1.1" 200 31 "-" "WordPress/7.0; https://myideas.pt"
45.61.188.26 - - [06/Jun/2026:06:55:58 +0200] "GET /wp-login.php HTTP/1.1" 200 6744 "-" "Mozilla/5.0 (X11; Ubuntu; Linux x86_64; rv:31.0) Gecko/20100101 Firefox/31.0"
45.61.188.26 - - [06/Jun/2026:06:55:59 +0200] "POST /wp-login.php HTTP/1.1" 200 7171 "-" "Mozilla/5.0 (X11; Ubuntu; Linux x86_64; rv:31.0) Gecko/20100101 Firefox/31.0"
69.49.112.68 - - [06/Jun/2026:06:56:01 +0200] "POST /xmlrpc.php HTTP/1.1" 200 236 "-" "Mozilla/5.0 (X11; Fedora; Linux x86_64) AppleWebKit/537.36 (KHTML, like Gecko) Chrome/133.0.0.0 Safari/537.36"
75.119.139.177 - - [06/Jun/2026:06:56:32 +0200] "POST /wp-cron.php?doing_wp_cron=1780721791.9343979358673095703125 HTTP/1.1" 200 31 "-" "WordPress/7.0; https://myideas.pt"
220.196.160.165 - - [06/Jun/2026:06:56:32 +0200] "GET /portfolio/paroquia-de-telheiras HTTP/1.1" 301 5 "-" "Mozilla/5.0 (X11; Linux x86_64) AppleWebKit/537.36 (KHTML, like Gecko) Chrome/122.0.0.0 Safari/537.36"
220.196.160.165 - - [06/Jun/2026:06:56:32 +0200] "GET /portfolio/paroquia-de-telheiras/ HTTP/1.1" 200 18653 "-" "Mozilla/5.0 (X11; Linux x86_64) AppleWebKit/537.36 (KHTML, like Gecko) Chrome/122.0.0.0 Safari/537.36"
43.156.34.42 - - [06/Jun/2026:06:57:07 +0200] "GET / HTTP/1.1" 301 5 "http://www.myideas.pt" "Mozilla/5.0 (iPhone; CPU iPhone OS 13_2_3 like Mac OS X) AppleWebKit/605.1.15 (KHTML, like Gecko) Version/13.0.3 Mobile/15E148 Safari/604.1"
43.156.34.42 - - [06/Jun/2026:06:57:08 +0200] "GET / HTTP/1.1" 200 24292 "https://www.myideas.pt/" "Mozilla/5.0 (iPhone; CPU iPhone OS 13_2_3 like Mac OS X) AppleWebKit/605.1.15 (KHTML, like Gecko) Version/13.0.3 Mobile/15E148 Safari/604.1"
8.229.87.113 - - [06/Jun/2026:06:57:38 +0200] "GET /wp-content/uploads/AEO_ZERO_CLICK_SEARCH.jpg HTTP/1.1" 200 295231 "-" "Mozilla/5.0 (X11; Linux x86_64) AppleWebKit/537.36 (KHTML, like Gecko) Chrome/91.0.4472.114 Safari/537.36"
75.119.139.177 - - [06/Jun/2026:06:57:53 +0200] "POST /wp-cron.php?doing_wp_cron=1780721873.1233189105987548828125 HTTP/1.1" 200 31 "-" "WordPress/7.0; https://myideas.pt"
18.136.78.124 - - [06/Jun/2026:06:57:53 +0200] "GET /wp-login.php HTTP/1.1" 200 2256 "-" "Mozilla/5.0 (Windows NT 10.0; Win64; x64) AppleWebKit/537.36 (KHTML, like Gecko) Chrome/120.0.0.0 Safari/537.36"
18.136.78.124 - - [06/Jun/2026:06:57:53 +0200] "POST /wp-login.php HTTP/1.1" 200 2416 "https://myideas.pt/wp-login.php" "Mozilla/5.0 (Windows NT 10.0; Win64; x64) AppleWebKit/537.36 (KHTML, like Gecko) Chrome/120.0.0.0 Safari/537.36"
75.119.139.177 - - [06/Jun/2026:06:58:47 +0200] "POST /wp-cron.php?doing_wp_cron=1780721926.9777839183807373046875 HTTP/1.1" 200 31 "-" "WordPress/7.0; https://myideas.pt"
206.189.127.129 - - [06/Jun/2026:06:58:47 +0200] "HEAD / HTTP/1.1" 301 0 "-" "downnotifier.com monitoring"
206.189.127.129 - - [06/Jun/2026:06:58:47 +0200] "HEAD / HTTP/1.1" 200 0 "-" "downnotifier.com monitoring"
75.119.139.177 - - [06/Jun/2026:07:00:14 +0200] "POST /wp-cron.php?doing_wp_cron=1780722014.0852680206298828125000 HTTP/1.1" 200 31 "-" "WordPress/7.0; https://myideas.pt"
108.61.201.55 - - [06/Jun/2026:07:00:14 +0200] "HEAD / HTTP/1.1" 200 0 "-" "downnotifier.com monitoring"
51.68.236.68 - - [06/Jun/2026:07:01:11 +0200] "GET /robots.txt HTTP/1.1" 200 986 "-" "Mozilla/5.0 (compatible; MJ12bot/v2.0.5; http://mj12bot.com/)"
51.68.236.68 - - [06/Jun/2026:07:01:12 +0200] "GET / HTTP/1.1" 200 23869 "-" "Mozilla/5.0 (compatible; MJ12bot/v2.0.5; http://mj12bot.com/)"
168.181.31.76 - - [06/Jun/2026:07:01:15 +0200] "GET /pt/portfolio/jose-ferreira-gomes-website/ HTTP/1.1" 200 18809 "-" "Mozilla/5.0 (Windows NT 6.1; Win64; x64) AppleWebKit/537.36 (KHTML, like Gecko) Chrome/102.0.5005.115 Safari/537.36"
45.205.1.247 - - [06/Jun/2026:07:06:13 +0200] "GET / HTTP/1.1" 400 150 "-" "-"
75.119.139.177 - - [06/Jun/2026:07:07:02 +0200] "POST /wp-cron.php?doing_wp_cron=1780722421.9320199489593505859375 HTTP/1.1" 200 31 "-" "WordPress/7.0; https://myideas.pt"
205.185.121.3 - - [06/Jun/2026:07:07:02 +0200] "GET /wp-login.php HTTP/1.1" 200 6744 "-" "Mozilla/5.0 (Macintosh; Intel Mac OS X 10_14_6) AppleWebKit/537.36 (KHTML, like Gecko) Chrome/117.0.0.0 Safari/537.36"
75.119.139.177 - - [06/Jun/2026:07:08:46 +0200] "POST /wp-cron.php?doing_wp_cron=1780722526.1375501155853271484375 HTTP/1.1" 200 31 "-" "WordPress/7.0; https://myideas.pt"
37.97.137.40 - - [06/Jun/2026:07:08:46 +0200] "HEAD / HTTP/1.1" 301 0 "-" "downnotifier.com monitoring"
37.97.137.40 - - [06/Jun/2026:07:08:47 +0200] "HEAD / HTTP/1.1" 200 0 "-" "downnotifier.com monitoring"
75.119.139.177 - - [06/Jun/2026:07:10:13 +0200] "POST /wp-cron.php?doing_wp_cron=1780722613.4159290790557861328125 HTTP/1.1" 200 31 "-" "WordPress/7.0; https://myideas.pt"
206.189.127.129 - - [06/Jun/2026:07:10:13 +0200] "HEAD / HTTP/1.1" 200 0 "-" "downnotifier.com monitoring"
75.119.139.177 - - [06/Jun/2026:07:11:22 +0200] "POST /wp-cron.php?doing_wp_cron=1780722681.9865460395812988281250 HTTP/1.1" 200 31 "-" "WordPress/7.0; https://myideas.pt"
64.31.25.250 - admin [06/Jun/2026:07:11:22 +0200] "GET /wp-json/wp/v2/users/me HTTP/1.1" 401 109 "-" "Mozilla/5.0 (X11; Linux x86_64) AppleWebKit/537.36 (KHTML, like Gecko) Chrome/133.0.0.0 Safari/537.36 Edg/133.0.0.0"
205.185.121.3 - - [06/Jun/2026:07:11:35 +0200] "POST /wp-login.php HTTP/1.1" 200 7148 "-" "Mozilla/5.0 (Macintosh; Intel Mac OS X 10_14_6) AppleWebKit/537.36 (KHTML, like Gecko) Chrome/117.0.0.0 Safari/537.36"
17.246.19.132 - - [06/Jun/2026:07:13:31 +0200] "GET /portfolio/cme-ramais-landing-page/ HTTP/1.1" 200 18147 "-" "Mozilla/5.0 (Macintosh; Intel Mac OS X 10_15_7) AppleWebKit/605.1.15 (KHTML, like Gecko) Version/17.4 Safari/605.1.15 (Applebot/0.1; +http://www.apple.com/go/applebot)"
152.32.131.104 - - [06/Jun/2026:07:15:33 +0200] "GET / HTTP/1.1" 400 150 "-" "NTRIP GNSSInternetRadio"
152.32.131.104 - - [06/Jun/2026:07:15:34 +0200] "GET /version HTTP/1.1" 400 248 "-" "-"
152.32.131.104 - - [06/Jun/2026:07:15:34 +0200] "GET / HTTP/1.1" 400 248 "-" "-"
152.32.131.104 - - [06/Jun/2026:07:15:35 +0200] "GET / HTTP/1.1" 400 248 "-" "-"
152.32.131.104 - - [06/Jun/2026:07:15:35 +0200] "GET /v1 HTTP/1.1" 400 248 "-" "-"
75.119.139.177 - - [06/Jun/2026:07:15:37 +0200] "POST /wp-cron.php?doing_wp_cron=1780722937.2913339138031005859375 HTTP/1.1" 200 31 "-" "WordPress/7.0; https://myideas.pt"
152.32.131.104 - - [06/Jun/2026:07:15:37 +0200] "GET / HTTP/1.1" 301 5 "-" "-"
152.32.131.104 - - [06/Jun/2026:07:15:47 +0200] "GET / HTTP/1.1" 301 5 "-" "Mozilla/5.0 (Windows NT 6.1) AppleWebKit/537.36 (KHTML, like Gecko) Chrome/49.0.2623.112 Safari/537.36"
75.119.139.177 - - [06/Jun/2026:07:16:42 +0200] "POST /wp-cron.php?doing_wp_cron=1780723002.8353860378265380859375 HTTP/1.1" 200 31 "-" "WordPress/7.0; https://myideas.pt"
205.185.122.41 - - [06/Jun/2026:07:16:42 +0200] "GET /wp-login.php HTTP/1.1" 200 6744 "-" "Mozilla/5.0 (X11; Linux x86_64) AppleWebKit/537.36 (KHTML, like Gecko) Chrome/36.0.1985.143 Safari/537.36"
205.185.122.41 - - [06/Jun/2026:07:16:43 +0200] "POST /wp-login.php HTTP/1.1" 200 7141 "-" "Mozilla/5.0 (X11; Linux x86_64) AppleWebKit/537.36 (KHTML, like Gecko) Chrome/36.0.1985.143 Safari/537.36"
75.119.139.177 - - [06/Jun/2026:07:18:45 +0200] "POST /wp-cron.php?doing_wp_cron=1780723125.8657510280609130859375 HTTP/1.1" 200 31 "-" "WordPress/7.0; https://myideas.pt"
206.189.127.129 - - [06/Jun/2026:07:18:45 +0200] "HEAD / HTTP/1.1" 301 0 "-" "downnotifier.com monitoring"
206.189.127.129 - - [06/Jun/2026:07:18:46 +0200] "HEAD / HTTP/1.1" 200 0 "-" "downnotifier.com monitoring"
163.223.13.54 - admin [06/Jun/2026:07:18:47 +0200] "GET /wp-json/wp/v2/users/me HTTP/1.1" 401 109 "-" "Mozilla/5.0 (X11; Fedora; Linux x86_64) AppleWebKit/537.36 (KHTML, like Gecko) Chrome/133.0.0.0 Safari/537.36"
75.119.139.177 - - [06/Jun/2026:07:20:11 +0200] "POST /wp-cron.php?doing_wp_cron=1780723211.8442490100860595703125 HTTP/1.1" 200 31 "-" "WordPress/7.0; https://myideas.pt"
104.236.216.73 - - [06/Jun/2026:07:20:11 +0200] "HEAD / HTTP/1.1" 200 0 "-" "downnotifier.com monitoring"
75.119.139.177 - - [06/Jun/2026:07:22:14 +0200] "POST /wp-cron.php?doing_wp_cron=1780723334.3749289512634277343750 HTTP/1.1" 200 31 "-" "WordPress/7.0; https://myideas.pt"
205.185.122.41 - - [06/Jun/2026:07:22:14 +0200] "GET /wp-login.php HTTP/1.1" 200 6744 "-" "Mozilla/5.0 (Windows NT 6.1; WOW64; Trident/7.0; rv:11.0) like Gecko"
205.185.122.41 - - [06/Jun/2026:07:22:15 +0200] "POST /wp-login.php HTTP/1.1" 200 7137 "-" "Mozilla/5.0 (Windows NT 6.1; WOW64; Trident/7.0; rv:11.0) like Gecko"
151.243.11.35 - - [06/Jun/2026:07:23:37 +0200] "GET / HTTP/1.1" 400 150 "-" "-"
75.119.139.177 - - [06/Jun/2026:07:28:46 +0200] "POST /wp-cron.php?doing_wp_cron=1780723726.0270810127258300781250 HTTP/1.1" 200 31 "-" "WordPress/7.0; https://myideas.pt"
37.97.137.40 - - [06/Jun/2026:07:28:46 +0200] "HEAD / HTTP/1.1" 301 0 "-" "downnotifier.com monitoring"
37.97.137.40 - - [06/Jun/2026:07:28:46 +0200] "HEAD / HTTP/1.1" 200 0 "-" "downnotifier.com monitoring"
102.213.201.197 - - [06/Jun/2026:07:29:09 +0200] "GET / HTTP/1.1" 200 23869 "-" "Mozilla/5.0 (Windows NT 10.0; Win64; x64; rv:109.0) Gecko/20100101 Firefox/111.0"
75.119.139.177 - - [06/Jun/2026:07:30:19 +0200] "POST /wp-cron.php?doing_wp_cron=1780723819.5653810501098632812500 HTTP/1.1" 200 31 "-" "WordPress/7.0; https://myideas.pt"
149.28.73.26 - - [06/Jun/2026:07:30:19 +0200] "HEAD / HTTP/1.1" 200 0 "-" "downnotifier.com monitoring"
124.220.42.101 - - [06/Jun/2026:07:30:22 +0200] "GET / HTTP/1.1" 301 5 "http://www.myideas.pt" "Mozilla/5.0 (iPhone; CPU iPhone OS 13_2_3 like Mac OS X) AppleWebKit/605.1.15 (KHTML, like Gecko) Version/13.0.3 Mobile/15E148 Safari/604.1"
124.220.42.101 - - [06/Jun/2026:07:30:27 +0200] "GET / HTTP/1.1" 200 24292 "https://www.myideas.pt/" "Mozilla/5.0 (iPhone; CPU iPhone OS 13_2_3 like Mac OS X) AppleWebKit/605.1.15 (KHTML, like Gecko) Version/13.0.3 Mobile/15E148 Safari/604.1"
75.119.139.177 - - [06/Jun/2026:07:34:13 +0200] "POST /wp-cron.php?doing_wp_cron=1780724053.5177030563354492187500 HTTP/1.1" 200 31 "-" "WordPress/7.0; https://myideas.pt"
198.38.94.18 - - [06/Jun/2026:07:34:13 +0200] "GET /wp-login.php HTTP/1.1" 200 2256 "-" "Mozilla/5.0 (Windows NT 10.0; Win64; x64) AppleWebKit/537.36 (KHTML, like Gecko) Chrome/120.0.0.0 Safari/537.36"
198.38.94.18 - - [06/Jun/2026:07:34:14 +0200] "POST /wp-login.php HTTP/1.1" 200 2416 "https://myideas.pt/wp-login.php" "Mozilla/5.0 (Windows NT 10.0; Win64; x64) AppleWebKit/537.36 (KHTML, like Gecko) Chrome/120.0.0.0 Safari/537.36"
75.119.139.177 - - [06/Jun/2026:07:35:42 +0200] "POST /wp-cron.php?doing_wp_cron=1780724142.8029229640960693359375 HTTP/1.1" 200 31 "-" "WordPress/7.0; https://myideas.pt"
40.77.167.33 - - [06/Jun/2026:07:35:42 +0200] "GET /sitemap-hot-2268152.xml HTTP/1.1" 404 13930 "-" "Mozilla/5.0 AppleWebKit/537.36 (KHTML, like Gecko; compatible; bingbot/2.0; +http://www.bing.com/bingbot.htm) Chrome/116.0.1938.76 Safari/537.36"
110.249.201.213 - - [06/Jun/2026:07:37:24 +0200] "GET /robots.txt HTTP/1.1" 200 986 "-" "Mozilla/5.0 (Linux; Android 5.0) AppleWebKit/537.36 (KHTML, like Gecko) Mobile Safari/537.36 (compatible; Bytespider; https://zhanzhang.toutiao.com/)"
75.119.139.177 - - [06/Jun/2026:07:38:14 +0200] "POST /wp-cron.php?doing_wp_cron=1780724294.8574199676513671875000 HTTP/1.1" 200 31 "-" "WordPress/7.0; https://myideas.pt"
205.185.122.174 - - [06/Jun/2026:07:38:14 +0200] "GET /wp-login.php HTTP/1.1" 200 6744 "-" "Mozilla/5.0 (Windows NT 6.1; WOW64; rv:24.0) Gecko/20100101 Firefox/24.0"
75.119.139.177 - - [06/Jun/2026:07:38:41 +0200] "POST /wp-cron.php?doing_wp_cron=1780724321.8114080429077148437500 HTTP/1.1" 200 31 "-" "WordPress/7.0; https://myideas.pt"
138.199.60.37 - - [06/Jun/2026:07:38:41 +0200] "GET /wp-login.php HTTP/1.1" 200 2256 "-" "python-requests/2.33.1"
138.199.60.37 - - [06/Jun/2026:07:38:43 +0200] "GET /?author=1 HTTP/1.1" 200 14917 "-" "python-requests/2.33.1"
138.199.60.37 - - [06/Jun/2026:07:38:44 +0200] "GET /?author=2 HTTP/1.1" 404 12533 "-" "python-requests/2.33.1"
206.189.127.129 - - [06/Jun/2026:07:38:45 +0200] "HEAD / HTTP/1.1" 301 0 "-" "downnotifier.com monitoring"
138.199.60.37 - - [06/Jun/2026:07:38:45 +0200] "GET /?author=3 HTTP/1.1" 404 12533 "-" "python-requests/2.33.1"
206.189.127.129 - - [06/Jun/2026:07:38:46 +0200] "HEAD / HTTP/1.1" 200 0 "-" "downnotifier.com monitoring"
138.199.60.37 - - [06/Jun/2026:07:38:46 +0200] "POST /wp-login.php HTTP/1.1" 200 2407 "-" "Mozilla/5.0 (Windows NT 10.0; Win64; x64) AppleWebKit/537.36 (KHTML, like Gecko) Chrome/120.0.0.0 Safari/537.36"
138.199.60.37 - - [06/Jun/2026:07:38:47 +0200] "GET /wp-admin/index.php HTTP/1.1" 302 5 "-" "python-requests/2.33.1"
75.119.139.177 - - [06/Jun/2026:07:39:58 +0200] "POST /wp-cron.php?doing_wp_cron=1780724398.4167439937591552734375 HTTP/1.1" 200 31 "-" "WordPress/7.0; https://myideas.pt"
205.185.122.174 - - [06/Jun/2026:07:39:58 +0200] "POST /wp-login.php HTTP/1.1" 200 7137 "-" "Mozilla/5.0 (Windows NT 6.1; WOW64; rv:24.0) Gecko/20100101 Firefox/24.0"
75.119.139.177 - - [06/Jun/2026:07:40:19 +0200] "POST /wp-cron.php?doing_wp_cron=1780724419.4104979038238525390625 HTTP/1.1" 200 31 "-" "WordPress/7.0; https://myideas.pt"
108.61.201.55 - - [06/Jun/2026:07:40:19 +0200] "HEAD / HTTP/1.1" 200 0 "-" "downnotifier.com monitoring"
75.119.139.177 - - [06/Jun/2026:07:42:22 +0200] "POST /wp-cron.php?doing_wp_cron=1780724541.9792859554290771484375 HTTP/1.1" 200 31 "-" "WordPress/7.0; https://myideas.pt"
31.24.155.180 - - [06/Jun/2026:07:42:22 +0200] "GET /wp-login.php HTTP/1.1" 200 2256 "-" "Mozilla/5.0 (X11; Fedora; Linux x86_64) AppleWebKit/537.36 (KHTML, like Gecko) Chrome/133.0.0.0 Safari/537.36"
31.24.155.180 - - [06/Jun/2026:07:42:22 +0200] "POST /wp-login.php HTTP/1.1" 200 2387 "https://www.myideas.pt/wp-login.php" "Mozilla/5.0 (X11; Fedora; Linux x86_64) AppleWebKit/537.36 (KHTML, like Gecko) Chrome/133.0.0.0 Safari/537.36"
120.240.178.201 - - [06/Jun/2026:07:42:48 +0200] "GET /robots.txt HTTP/1.1" 200 986 "-" "Mozilla/5.0 (Windows NT 10.0; WOW64) AppleWebKit/537.36 (KHTML, like Gecko) Chrome/78.0.2780.108 Safari/537.36 QIHU 360SE"
75.119.139.177 - - [06/Jun/2026:07:44:18 +0200] "POST /wp-cron.php?doing_wp_cron=1780724658.6345710754394531250000 HTTP/1.1" 200 31 "-" "WordPress/7.0; https://myideas.pt"
20.65.193.191 - - [06/Jun/2026:07:44:18 +0200] "GET /actuator/health HTTP/1.1" 404 12548 "-" "Mozilla/5.0 zgrab/0.x"
75.119.139.177 - - [06/Jun/2026:07:46:09 +0200] "POST /wp-cron.php?doing_wp_cron=1780724769.0817930698394775390625 HTTP/1.1" 200 31 "-" "WordPress/7.0; https://myideas.pt"
152.53.111.131 - - [06/Jun/2026:07:46:09 +0200] "POST /xmlrpc.php HTTP/1.1" 200 236 "-" "Mozilla/5.0 (X11; Fedora; Linux x86_64) AppleWebKit/537.36 (KHTML, like Gecko) Chrome/133.0.0.0 Safari/537.36"
77.75.73.26 - - [06/Jun/2026:07:46:45 +0200] "GET /marketing-strategies/ HTTP/1.1" 200 15185 "-" "Mozilla/5.0 (compatible; SeznamBot/4.0; +https://o-seznam.cz/napoveda/vyhledavani/en/seznambot-crawler/)"
216.73.217.21 - - [06/Jun/2026:07:48:21 +0200] "GET /robots.txt HTTP/1.1" 200 986 "-" "Mozilla/5.0 AppleWebKit/537.36 (KHTML, like Gecko; compatible; ClaudeBot/1.0; +claudebot@anthropic.com)"
75.119.139.177 - - [06/Jun/2026:07:48:22 +0200] "POST /wp-cron.php?doing_wp_cron=1780724902.6952381134033203125000 HTTP/1.1" 200 31 "-" "WordPress/7.0; https://myideas.pt"
216.73.217.21 - - [06/Jun/2026:07:48:22 +0200] "GET /sitemapindex.xml HTTP/1.1" 404 13921 "-" "Mozilla/5.0 AppleWebKit/537.36 (KHTML, like Gecko; compatible; ClaudeBot/1.0; +claudebot@anthropic.com)"
216.73.217.21 - - [06/Jun/2026:07:48:25 +0200] "GET /sitemap-hot-2270152.xml HTTP/1.1" 404 13928 "-" "Mozilla/5.0 AppleWebKit/537.36 (KHTML, like Gecko; compatible; ClaudeBot/1.0; +claudebot@anthropic.com)"
216.73.217.21 - - [06/Jun/2026:07:48:28 +0200] "GET /sitemap-hot-2294152.xml HTTP/1.1" 404 13928 "-" "Mozilla/5.0 AppleWebKit/537.36 (KHTML, like Gecko; compatible; ClaudeBot/1.0; +claudebot@anthropic.com)"
37.97.137.40 - - [06/Jun/2026:07:48:45 +0200] "HEAD / HTTP/1.1" 301 0 "-" "downnotifier.com monitoring"
37.97.137.40 - - [06/Jun/2026:07:48:45 +0200] "HEAD / HTTP/1.1" 200 0 "-" "downnotifier.com monitoring"
216.73.217.21 - - [06/Jun/2026:07:48:57 +0200] "GET /sitemap-hot-2296152.xml HTTP/1.1" 404 13930 "-" "Mozilla/5.0 AppleWebKit/537.36 (KHTML, like Gecko; compatible; ClaudeBot/1.0; +claudebot@anthropic.com)"
75.119.139.177 - - [06/Jun/2026:07:49:25 +0200] "POST /wp-cron.php?doing_wp_cron=1780724965.8395249843597412109375 HTTP/1.1" 200 31 "-" "WordPress/7.0; https://myideas.pt"
216.73.217.21 - - [06/Jun/2026:07:49:25 +0200] "GET /sitemap-hot-2274152.xml HTTP/1.1" 404 13928 "-" "Mozilla/5.0 AppleWebKit/537.36 (KHTML, like Gecko; compatible; ClaudeBot/1.0; +claudebot@anthropic.com)"
216.73.217.21 - - [06/Jun/2026:07:50:01 +0200] "GET /sitemap-hot-2286152.xml HTTP/1.1" 404 13930 "-" "Mozilla/5.0 AppleWebKit/537.36 (KHTML, like Gecko; compatible; ClaudeBot/1.0; +claudebot@anthropic.com)"
75.119.139.177 - - [06/Jun/2026:07:50:19 +0200] "POST /wp-cron.php?doing_wp_cron=1780725019.8220210075378417968750 HTTP/1.1" 200 31 "-" "WordPress/7.0; https://myideas.pt"
104.236.216.73 - - [06/Jun/2026:07:50:19 +0200] "HEAD / HTTP/1.1" 200 0 "-" "downnotifier.com monitoring"
75.119.139.177 - - [06/Jun/2026:07:51:23 +0200] "POST /wp-cron.php?doing_wp_cron=1780725082.9866371154785156250000 HTTP/1.1" 200 31 "-" "WordPress/7.0; https://myideas.pt"
216.73.217.21 - - [06/Jun/2026:07:51:23 +0200] "GET /sitemap-hot-2292152.xml HTTP/1.1" 404 13928 "-" "Mozilla/5.0 AppleWebKit/537.36 (KHTML, like Gecko; compatible; ClaudeBot/1.0; +claudebot@anthropic.com)"
216.73.217.21 - - [06/Jun/2026:07:51:33 +0200] "GET /sitemap-hot-2280152.xml HTTP/1.1" 404 13930 "-" "Mozilla/5.0 AppleWebKit/537.36 (KHTML, like Gecko; compatible; ClaudeBot/1.0; +claudebot@anthropic.com)"
216.73.217.21 - - [06/Jun/2026:07:51:59 +0200] "GET /sitemap.xml HTTP/1.1" 301 5 "-" "Mozilla/5.0 AppleWebKit/537.36 (KHTML, like Gecko; compatible; ClaudeBot/1.0; +claudebot@anthropic.com)"
216.73.217.21 - - [06/Jun/2026:07:52:00 +0200] "GET /sitemap_index.xml HTTP/1.1" 200 348 "https://myideas.pt/sitemap.xml" "Mozilla/5.0 AppleWebKit/537.36 (KHTML, like Gecko; compatible; ClaudeBot/1.0; +claudebot@anthropic.com)"
57.141.20.4 - - [06/Jun/2026:07:52:51 +0200] "GET /pt/ia-no-copywriting/ HTTP/1.1" 200 106452 "-" "meta-externalagent/1.1 (+https://developers.facebook.com/docs/sharing/webmasters/crawler)"
75.119.139.177 - - [06/Jun/2026:07:53:05 +0200] "POST /wp-cron.php?doing_wp_cron=1780725185.0245180130004882812500 HTTP/1.1" 200 31 "-" "WordPress/7.0; https://myideas.pt"
216.73.217.21 - - [06/Jun/2026:07:53:05 +0200] "GET /sitemap-hot-2290152.xml HTTP/1.1" 404 13928 "-" "Mozilla/5.0 AppleWebKit/537.36 (KHTML, like Gecko; compatible; ClaudeBot/1.0; +claudebot@anthropic.com)"
75.119.139.177 - - [06/Jun/2026:07:54:24 +0200] "POST /wp-cron.php?doing_wp_cron=1780725264.3811910152435302734375 HTTP/1.1" 200 31 "-" "WordPress/7.0; https://myideas.pt"
216.73.217.21 - - [06/Jun/2026:07:54:24 +0200] "GET /sitemap-hot-2272152.xml HTTP/1.1" 404 13928 "-" "Mozilla/5.0 AppleWebKit/537.36 (KHTML, like Gecko; compatible; ClaudeBot/1.0; +claudebot@anthropic.com)"
198.244.183.37 - - [06/Jun/2026:07:54:59 +0200] "GET /robots.txt HTTP/1.1" 200 986 "-" "Mozilla/5.0 (compatible; AhrefsBot/7.0; +http://ahrefs.com/robot/)"
216.73.217.21 - - [06/Jun/2026:07:54:59 +0200] "GET /sitemap-hot-2288152.xml HTTP/1.1" 404 13930 "-" "Mozilla/5.0 AppleWebKit/537.36 (KHTML, like Gecko; compatible; ClaudeBot/1.0; +claudebot@anthropic.com)"
198.244.240.192 - - [06/Jun/2026:07:55:02 +0200] "GET /sitemap.xml HTTP/1.1" 301 5 "-" "Mozilla/5.0 (compatible; AhrefsBot/7.0; +http://ahrefs.com/robot/)"
198.244.240.192 - - [06/Jun/2026:07:55:03 +0200] "GET /sitemap_index.xml HTTP/1.1" 200 348 "-" "Mozilla/5.0 (compatible; AhrefsBot/7.0; +http://ahrefs.com/robot/)"
198.244.168.200 - - [06/Jun/2026:07:55:06 +0200] "GET /post-sitemap.xml HTTP/1.1" 200 659 "-" "Mozilla/5.0 (compatible; AhrefsBot/7.0; +http://ahrefs.com/robot/)"
51.89.129.130 - - [06/Jun/2026:07:55:10 +0200] "GET /page-sitemap.xml HTTP/1.1" 200 2047 "-" "Mozilla/5.0 (compatible; AhrefsBot/7.0; +http://ahrefs.com/robot/)"
75.119.139.177 - - [06/Jun/2026:07:55:18 +0200] "POST /wp-cron.php?doing_wp_cron=1780725318.6270439624786376953125 HTTP/1.1" 200 31 "-" "WordPress/7.0; https://myideas.pt"
216.73.217.21 - - [06/Jun/2026:07:55:18 +0200] "GET /sitemap-hot-2276152.xml HTTP/1.1" 404 13930 "-" "Mozilla/5.0 AppleWebKit/537.36 (KHTML, like Gecko; compatible; ClaudeBot/1.0; +claudebot@anthropic.com)"
75.119.139.177 - - [06/Jun/2026:07:55:30 +0200] "POST /wp-cron.php?doing_wp_cron=1780725330.7435209751129150390625 HTTP/1.1" 200 31 "-" "WordPress/7.0; https://myideas.pt"
216.73.217.21 - - [06/Jun/2026:07:55:30 +0200] "GET /sitemap-hot-2278152.xml HTTP/1.1" 404 13930 "-" "Mozilla/5.0 AppleWebKit/537.36 (KHTML, like Gecko; compatible; ClaudeBot/1.0; +claudebot@anthropic.com)"
198.244.226.104 - - [06/Jun/2026:07:55:40 +0200] "GET /us_portfolio-sitemap.xml HTTP/1.1" 200 1250 "-" "Mozilla/5.0 (compatible; AhrefsBot/7.0; +http://ahrefs.com/robot/)"
198.244.226.76 - - [06/Jun/2026:07:55:51 +0200] "GET /category-sitemap.xml HTTP/1.1" 200 382 "-" "Mozilla/5.0 (compatible; AhrefsBot/7.0; +http://ahrefs.com/robot/)"
17.246.23.167 - - [06/Jun/2026:07:55:54 +0200] "GET /portfolio/urbanos/ HTTP/1.1" 200 17971 "-" "Mozilla/5.0 (Macintosh; Intel Mac OS X 10_15_7) AppleWebKit/605.1.15 (KHTML, like Gecko) Version/17.4 Safari/605.1.15 (Applebot/0.1; +http://www.apple.com/go/applebot)"
216.73.217.21 - - [06/Jun/2026:07:55:56 +0200] "GET /sitemap-hot-2268152.xml HTTP/1.1" 404 13930 "-" "Mozilla/5.0 AppleWebKit/537.36 (KHTML, like Gecko; compatible; ClaudeBot/1.0; +claudebot@anthropic.com)"
216.73.217.21 - - [06/Jun/2026:07:55:59 +0200] "GET /sitemap-hot-2266152.xml HTTP/1.1" 404 13930 "-" "Mozilla/5.0 AppleWebKit/537.36 (KHTML, like Gecko; compatible; ClaudeBot/1.0; +claudebot@anthropic.com)"
57.141.20.67 - - [06/Jun/2026:07:56:25 +0200] "GET /pt/marketing-como-lideranca-nao-como-pressao/ HTTP/1.1" 200 104679 "-" "meta-externalagent/1.1 (+https://developers.facebook.com/docs/sharing/webmasters/crawler)"
75.119.139.177 - - [06/Jun/2026:07:56:34 +0200] "POST /wp-cron.php?doing_wp_cron=1780725394.9050381183624267578125 HTTP/1.1" 200 31 "-" "WordPress/7.0; https://myideas.pt"
216.73.217.21 - - [06/Jun/2026:07:56:34 +0200] "GET /sitemapmobileindex.xml HTTP/1.1" 404 13923 "-" "Mozilla/5.0 AppleWebKit/537.36 (KHTML, like Gecko; compatible; ClaudeBot/1.0; +claudebot@anthropic.com)"
75.119.139.177 - - [06/Jun/2026:07:57:23 +0200] "POST /wp-cron.php?doing_wp_cron=1780725443.1270010471343994140625 HTTP/1.1" 200 31 "-" "WordPress/7.0; https://myideas.pt"
40.77.167.132 - - [06/Jun/2026:07:57:23 +0200] "GET /sitemap-hot-2290152.xml HTTP/1.1" 404 13928 "-" "Mozilla/5.0 AppleWebKit/537.36 (KHTML, like Gecko; compatible; bingbot/2.0; +http://www.bing.com/bingbot.htm) Chrome/116.0.1938.76 Safari/537.36"
216.73.217.21 - - [06/Jun/2026:07:57:38 +0200] "GET /sitemap-hot-2282152.xml HTTP/1.1" 404 13930 "-" "Mozilla/5.0 AppleWebKit/537.36 (KHTML, like Gecko; compatible; ClaudeBot/1.0; +claudebot@anthropic.com)"
216.73.217.21 - - [06/Jun/2026:07:57:46 +0200] "GET /sitemap-hot-2284152.xml HTTP/1.1" 404 13930 "-" "Mozilla/5.0 AppleWebKit/537.36 (KHTML, like Gecko; compatible; ClaudeBot/1.0; +claudebot@anthropic.com)"
75.119.139.177 - - [06/Jun/2026:07:58:45 +0200] "POST /wp-cron.php?doing_wp_cron=1780725525.3077180385589599609375 HTTP/1.1" 200 31 "-" "WordPress/7.0; https://myideas.pt"
206.189.127.129 - - [06/Jun/2026:07:58:45 +0200] "HEAD / HTTP/1.1" 301 0 "-" "downnotifier.com monitoring"
206.189.127.129 - - [06/Jun/2026:07:58:45 +0200] "HEAD / HTTP/1.1" 200 0 "-" "downnotifier.com monitoring"
75.119.139.177 - - [06/Jun/2026:08:00:18 +0200] "POST /wp-cron.php?doing_wp_cron=1780725618.0409379005432128906250 HTTP/1.1" 200 31 "-" "WordPress/7.0; https://myideas.pt"
206.189.127.129 - - [06/Jun/2026:08:00:18 +0200] "HEAD / HTTP/1.1" 200 0 "-" "downnotifier.com monitoring"
14.234.59.210 - - [06/Jun/2026:08:05:30 +0200] "GET /portfolio/angola-economic-outlook/ HTTP/1.1" 200 18199 "-" "Mozilla/5.0 (Windows NT 6.1; WOW64) AppleWebKit/537.36 (KHTML, like Gecko) Chrome/63.0.3239.132 AOL/11.0 AOLBUILD/11.0.1839 Safari/537.36"
17.241.75.40 - - [06/Jun/2026:08:07:26 +0200] "GET /portfolio/map-group-corporate-brochure-2025/ HTTP/1.1" 200 18858 "-" "Mozilla/5.0 (Macintosh; Intel Mac OS X 10_15_7) AppleWebKit/605.1.15 (KHTML, like Gecko) Version/17.4 Safari/605.1.15 (Applebot/0.1; +http://www.apple.com/go/applebot)"
75.119.139.177 - - [06/Jun/2026:08:08:25 +0200] "POST /wp-cron.php?doing_wp_cron=1780726105.3663389682769775390625 HTTP/1.1" 200 31 "-" "WordPress/7.0; https://myideas.pt"
184.73.47.24 - - [06/Jun/2026:08:08:25 +0200] "GET /seo/ HTTP/1.1" 301 5 "-" "Mozilla/5.0 AppleWebKit/537.36 (KHTML, like Gecko; compatible; Amazonbot/0.1; +https://developer.amazon.com/support/amazonbot) Chrome/119.0.6045.214 Safari/537.36"
44.197.76.210 - - [06/Jun/2026:08:08:25 +0200] "GET /seo-geo-aeo/ HTTP/1.1" 200 15608 "-" "Mozilla/5.0 AppleWebKit/537.36 (KHTML, like Gecko; compatible; Amazonbot/0.1; +https://developer.amazon.com/support/amazonbot) Chrome/119.0.6045.214 Safari/537.36"
37.97.137.40 - - [06/Jun/2026:08:08:45 +0200] "HEAD / HTTP/1.1" 301 0 "-" "downnotifier.com monitoring"
37.97.137.40 - - [06/Jun/2026:08:08:46 +0200] "HEAD / HTTP/1.1" 200 0 "-" "downnotifier.com monitoring"
75.119.139.177 - - [06/Jun/2026:08:09:53 +0200] "POST /wp-cron.php?doing_wp_cron=1780726193.0272641181945800781250 HTTP/1.1" 200 31 "-" "WordPress/7.0; https://myideas.pt"
74.7.243.203 - - [06/Jun/2026:08:09:53 +0200] "GET /sitemap-hot-2288152.xml HTTP/1.1" 404 13930 "-" "Mozilla/5.0 AppleWebKit/537.36 (KHTML, like Gecko; compatible; GPTBot/1.4; +https://openai.com/gptbot)"
75.119.139.177 - - [06/Jun/2026:08:10:18 +0200] "POST /wp-cron.php?doing_wp_cron=1780726218.0013020038604736328125 HTTP/1.1" 200 31 "-" "WordPress/7.0; https://myideas.pt"
108.61.201.55 - - [06/Jun/2026:08:10:18 +0200] "HEAD / HTTP/1.1" 200 0 "-" "downnotifier.com monitoring"
74.7.243.203 - - [06/Jun/2026:08:10:34 +0200] "GET /sitemap-hot-2270152.xml HTTP/1.1" 404 13928 "-" "Mozilla/5.0 AppleWebKit/537.36 (KHTML, like Gecko; compatible; GPTBot/1.4; +https://openai.com/gptbot)"
75.119.139.177 - - [06/Jun/2026:08:11:23 +0200] "POST /wp-cron.php?doing_wp_cron=1780726282.7725219726562500000000 HTTP/1.1" 200 31 "-" "WordPress/7.0; https://myideas.pt"
74.7.243.203 - - [06/Jun/2026:08:11:23 +0200] "GET /sitemap-hot-2294152.xml HTTP/1.1" 404 13928 "-" "Mozilla/5.0 AppleWebKit/537.36 (KHTML, like Gecko; compatible; GPTBot/1.4; +https://openai.com/gptbot)"
205.185.120.156 - - [06/Jun/2026:08:12:07 +0200] "GET /wp-login.php HTTP/1.1" 200 6744 "-" "Mozilla/5.0 (Windows NT 6.1) AppleWebKit/537.36 (KHTML, like Gecko) Chrome/35.0.1916.153 Safari/537.36"
75.119.139.177 - - [06/Jun/2026:08:12:20 +0200] "POST /wp-cron.php?doing_wp_cron=1780726340.4829668998718261718750 HTTP/1.1" 200 31 "-" "WordPress/7.0; https://myideas.pt"
205.185.120.156 - - [06/Jun/2026:08:12:20 +0200] "POST /wp-login.php HTTP/1.1" 200 7134 "-" "Mozilla/5.0 (Windows NT 6.1) AppleWebKit/537.36 (KHTML, like Gecko) Chrome/35.0.1916.153 Safari/537.36"
75.119.139.177 - - [06/Jun/2026:08:13:28 +0200] "POST /wp-cron.php?doing_wp_cron=1780726408.2847390174865722656250 HTTP/1.1" 200 31 "-" "WordPress/7.0; https://myideas.pt"
209.141.60.58 - - [06/Jun/2026:08:13:28 +0200] "GET /wp-login.php HTTP/1.1" 200 6744 "-" "Mozilla/5.0 (Macintosh; Intel Mac OS X 10_9_0) AppleWebKit/537.36 (KHTML, like Gecko) Chrome/36.0.1985.125 Safari/537.36"
74.7.243.203 - - [06/Jun/2026:08:14:04 +0200] "GET /sitemapmobileindex.xml HTTP/1.1" 404 13923 "-" "Mozilla/5.0 AppleWebKit/537.36 (KHTML, like Gecko; compatible; GPTBot/1.4; +https://openai.com/gptbot)"
209.141.60.58 - - [06/Jun/2026:08:14:10 +0200] "POST /wp-login.php HTTP/1.1" 200 7167 "-" "Mozilla/5.0 (Macintosh; Intel Mac OS X 10_9_0) AppleWebKit/537.36 (KHTML, like Gecko) Chrome/36.0.1985.125 Safari/537.36"
75.119.139.177 - - [06/Jun/2026:08:16:55 +0200] "POST /wp-cron.php?doing_wp_cron=1780726615.6474289894104003906250 HTTP/1.1" 200 31 "-" "WordPress/7.0; https://myideas.pt"
205.185.124.118 - - [06/Jun/2026:08:16:55 +0200] "GET /wp-login.php HTTP/1.1" 200 6744 "-" "Mozilla/5.0 (Linux; Android 14; Pixel 8 Pro) AppleWebKit/537.36 (KHTML, like Gecko) Chrome/123.0.0.0 Mobile Safari/537.36"
45.61.188.26 - - [06/Jun/2026:08:17:12 +0200] "GET /wp-login.php HTTP/1.1" 200 6744 "-" "Mozilla/5.0 (Macintosh; Intel Mac OS X 10_15_7) AppleWebKit/537.36 (KHTML, like Gecko) Chrome/145.0.0.0 Safari/537.36"
45.61.188.26 - - [06/Jun/2026:08:17:13 +0200] "POST /wp-login.php HTTP/1.1" 200 7136 "-" "Mozilla/5.0 (Macintosh; Intel Mac OS X 10_15_7) AppleWebKit/537.36 (KHTML, like Gecko) Chrome/145.0.0.0 Safari/537.36"
75.119.139.177 - - [06/Jun/2026:08:17:34 +0200] "POST /wp-cron.php?doing_wp_cron=1780726654.3369228839874267578125 HTTP/1.1" 200 31 "-" "WordPress/7.0; https://myideas.pt"
205.185.124.118 - - [06/Jun/2026:08:17:34 +0200] "POST /wp-login.php HTTP/1.1" 200 7134 "-" "Mozilla/5.0 (Linux; Android 14; Pixel 8 Pro) AppleWebKit/537.36 (KHTML, like Gecko) Chrome/123.0.0.0 Mobile Safari/537.36"
75.119.139.177 - - [06/Jun/2026:08:18:19 +0200] "POST /wp-cron.php?doing_wp_cron=1780726699.4390881061553955078125 HTTP/1.1" 200 31 "-" "WordPress/7.0; https://myideas.pt"
74.7.243.203 - - [06/Jun/2026:08:18:19 +0200] "GET /sitemap-hot-2272152.xml HTTP/1.1" 404 13928 "-" "Mozilla/5.0 AppleWebKit/537.36 (KHTML, like Gecko; compatible; GPTBot/1.4; +https://openai.com/gptbot)"
206.189.127.129 - - [06/Jun/2026:08:18:46 +0200] "HEAD / HTTP/1.1" 301 0 "-" "downnotifier.com monitoring"
206.189.127.129 - - [06/Jun/2026:08:18:47 +0200] "HEAD / HTTP/1.1" 200 0 "-" "downnotifier.com monitoring"
18.136.78.124 - - [06/Jun/2026:08:18:53 +0200] "GET /wp-login.php HTTP/1.1" 200 2256 "-" "Mozilla/5.0 (Windows NT 10.0; Win64; x64) AppleWebKit/537.36 (KHTML, like Gecko) Chrome/120.0.0.0 Safari/537.36"
18.136.78.124 - - [06/Jun/2026:08:18:54 +0200] "POST /wp-login.php HTTP/1.1" 200 2416 "https://myideas.pt/wp-login.php" "Mozilla/5.0 (Windows NT 10.0; Win64; x64) AppleWebKit/537.36 (KHTML, like Gecko) Chrome/120.0.0.0 Safari/537.36"
75.119.139.177 - - [06/Jun/2026:08:19:18 +0200] "POST /wp-cron.php?doing_wp_cron=1780726758.1560399532318115234375 HTTP/1.1" 200 31 "-" "WordPress/7.0; https://myideas.pt"
74.7.243.203 - - [06/Jun/2026:08:19:18 +0200] "GET /sitemap.xml HTTP/1.1" 301 5 "-" "Mozilla/5.0 AppleWebKit/537.36 (KHTML, like Gecko; compatible; GPTBot/1.4; +https://openai.com/gptbot)"
74.7.243.203 - - [06/Jun/2026:08:19:18 +0200] "GET /sitemap_index.xml HTTP/1.1" 200 348 "https://myideas.pt/sitemap.xml" "Mozilla/5.0 AppleWebKit/537.36 (KHTML, like Gecko; compatible; GPTBot/1.4; +https://openai.com/gptbot)"
74.7.243.203 - - [06/Jun/2026:08:19:37 +0200] "GET /sitemap-hot-2280152.xml HTTP/1.1" 404 13930 "-" "Mozilla/5.0 AppleWebKit/537.36 (KHTML, like Gecko; compatible; GPTBot/1.4; +https://openai.com/gptbot)"
74.7.243.203 - - [06/Jun/2026:08:19:52 +0200] "GET /sitemap-hot-2284152.xml HTTP/1.1" 404 13930 "-" "Mozilla/5.0 AppleWebKit/537.36 (KHTML, like Gecko; compatible; GPTBot/1.4; +https://openai.com/gptbot)"
37.97.137.40 - - [06/Jun/2026:08:20:15 +0200] "HEAD / HTTP/1.1" 200 0 "-" "downnotifier.com monitoring"
75.119.139.177 - - [06/Jun/2026:08:20:18 +0200] "POST /wp-cron.php?doing_wp_cron=1780726818.4203178882598876953125 HTTP/1.1" 200 31 "-" "WordPress/7.0; https://myideas.pt"
205.210.31.51 - - [06/Jun/2026:08:20:18 +0200] "GET /wp-login.php HTTP/1.1" 200 6744 "-" "Hello from Palo Alto Networks, find out more about our scans in https://docs-cortex.paloaltonetworks.com/r/1/Cortex-Xpanse/Scanning-activity"
74.7.243.203 - - [06/Jun/2026:08:20:42 +0200] "GET /sitemap-hot-2266152.xml HTTP/1.1" 404 13930 "-" "Mozilla/5.0 AppleWebKit/537.36 (KHTML, like Gecko; compatible; GPTBot/1.4; +https://openai.com/gptbot)"
20.243.17.216 - - [06/Jun/2026:08:21:22 +0200] "GET /admin.php HTTP/1.1" 404 47 "-" "Mozlila/5.0 (Linux; Android 7.0; SM-G892A Bulid/NRD90M; wv) AppleWebKit/537.36 (KHTML, like Gecko) Version/4.0 Chrome/60.0.3112.107 Moblie Safari/537.36"
41.111.36.15 - - [06/Jun/2026:08:21:24 +0200] "GET /portfolio/diogo-costa-goncalves-branding/ HTTP/1.1" 200 18353 "-" "Mozilla/5.0 (Macintosh; Intel Mac OS X 10_10_5) AppleWebKit/537.36 (KHTML, like Gecko) Brave Chrome/86.0.4240.75 Safari/537.36"
20.243.17.216 - - [06/Jun/2026:08:21:46 +0200] "GET /chosen.php?p= HTTP/1.1" 404 47 "-" "Mozlila/5.0 (Linux; Android 7.0; SM-G892A Bulid/NRD90M; wv) AppleWebKit/537.36 (KHTML, like Gecko) Version/4.0 Chrome/60.0.3112.107 Moblie Safari/537.36"
20.243.17.216 - - [06/Jun/2026:08:22:01 +0200] "GET /css/index.php HTTP/1.1" 404 47 "-" "Mozlila/5.0 (Linux; Android 7.0; SM-G892A Bulid/NRD90M; wv) AppleWebKit/537.36 (KHTML, like Gecko) Version/4.0 Chrome/60.0.3112.107 Moblie Safari/537.36"
75.119.139.177 - - [06/Jun/2026:08:22:12 +0200] "POST /wp-cron.php?doing_wp_cron=1780726932.3107349872589111328125 HTTP/1.1" 200 31 "-" "WordPress/7.0; https://myideas.pt"
