74.7.243.203 - - [06/Jun/2026:12:45:27 +0200] "GET /seo-geo-aeo/ HTTP/1.1" 200 15608 "https://myideas.pt/" "Mozilla/5.0 AppleWebKit/537.36 (KHTML, like Gecko; compatible; GPTBot/1.4; +https://openai.com/gptbot)"
74.7.243.203 - - [06/Jun/2026:12:45:30 +0200] "GET /what-we-do/ HTTP/1.1" 200 15283 "https://myideas.pt/" "Mozilla/5.0 AppleWebKit/537.36 (KHTML, like Gecko; compatible; GPTBot/1.4; +https://openai.com/gptbot)"
74.7.243.203 - - [06/Jun/2026:12:45:33 +0200] "GET /about-myideas/ HTTP/1.1" 200 15305 "https://myideas.pt/" "Mozilla/5.0 AppleWebKit/537.36 (KHTML, like Gecko; compatible; GPTBot/1.4; +https://openai.com/gptbot)"
75.119.139.177 - - [06/Jun/2026:12:45:37 +0200] "POST /wp-cron.php?doing_wp_cron=1780742737.3262090682983398437500 HTTP/1.1" 200 31 "-" "WordPress/7.0; https://myideas.pt"
74.7.243.203 - - [06/Jun/2026:12:45:37 +0200] "GET /?p=2544 HTTP/1.1" 301 5 "https://myideas.pt/privacy-policy/" "Mozilla/5.0 AppleWebKit/537.36 (KHTML, like Gecko; compatible; GPTBot/1.4; +https://openai.com/gptbot)"
74.7.243.203 - - [06/Jun/2026:12:45:40 +0200] "GET /?p=29 HTTP/1.1" 301 5 "https://myideas.pt/client-journey/" "Mozilla/5.0 AppleWebKit/537.36 (KHTML, like Gecko; compatible; GPTBot/1.4; +https://openai.com/gptbot)"
74.7.243.203 - - [06/Jun/2026:12:45:43 +0200] "GET /?p=193 HTTP/1.1" 301 5 "https://myideas.pt/marketing-strategies/" "Mozilla/5.0 AppleWebKit/537.36 (KHTML, like Gecko; compatible; GPTBot/1.4; +https://openai.com/gptbot)"
74.7.243.203 - - [06/Jun/2026:12:45:46 +0200] "GET /?p=226 HTTP/1.1" 301 5 "https://myideas.pt/work-portfolio/" "Mozilla/5.0 AppleWebKit/537.36 (KHTML, like Gecko; compatible; GPTBot/1.4; +https://openai.com/gptbot)"
74.7.243.203 - - [06/Jun/2026:12:45:49 +0200] "GET /?p=2824 HTTP/1.1" 301 5 "https://myideas.pt/portfolio/angola-economic-outlook/" "Mozilla/5.0 AppleWebKit/537.36 (KHTML, like Gecko; compatible; GPTBot/1.4; +https://openai.com/gptbot)"
74.7.243.203 - - [06/Jun/2026:12:45:52 +0200] "GET /social-media/ HTTP/1.1" 200 15003 "https://myideas.pt/" "Mozilla/5.0 AppleWebKit/537.36 (KHTML, like Gecko; compatible; GPTBot/1.4; +https://openai.com/gptbot)"
74.7.243.203 - - [06/Jun/2026:12:45:55 +0200] "GET /?p=2575 HTTP/1.1" 301 5 "https://myideas.pt/portfolio/armando-cunha/" "Mozilla/5.0 AppleWebKit/537.36 (KHTML, like Gecko; compatible; GPTBot/1.4; +https://openai.com/gptbot)"
74.7.243.203 - - [06/Jun/2026:12:45:59 +0200] "GET /?p=70 HTTP/1.1" 301 5 "https://myideas.pt/why-choose-myideas/" "Mozilla/5.0 AppleWebKit/537.36 (KHTML, like Gecko; compatible; GPTBot/1.4; +https://openai.com/gptbot)"
74.7.243.203 - - [06/Jun/2026:12:46:02 +0200] "GET /?p=154 HTTP/1.1" 301 5 "https://myideas.pt/seo-geo-aeo/" "Mozilla/5.0 AppleWebKit/537.36 (KHTML, like Gecko; compatible; GPTBot/1.4; +https://openai.com/gptbot)"
74.7.243.203 - - [06/Jun/2026:12:46:05 +0200] "GET /?p=103 HTTP/1.1" 301 5 "https://myideas.pt/what-we-do/" "Mozilla/5.0 AppleWebKit/537.36 (KHTML, like Gecko; compatible; GPTBot/1.4; +https://openai.com/gptbot)"
51.75.207.71 - - [06/Jun/2026:12:46:06 +0200] "GET / HTTP/1.1" 200 24292 "-" "Mozilla/5.0 (Macintosh; Intel Mac OS X 10_15_7) AppleWebKit/537.36 (KHTML, like Gecko) Chrome/130.0.0.0 Safari/537.36"
51.75.207.71 - - [06/Jun/2026:12:46:06 +0200] "GET /wp-content/cache/wpo-minify/1780673871/assets/wpo-minify-header-85140de2.min.css HTTP/1.1" 200 35213 "https://myideas.pt/" "Mozilla/5.0 (Macintosh; Intel Mac OS X 10_15_7) AppleWebKit/537.36 (KHTML, like Gecko) Chrome/130.0.0.0 Safari/537.36"
51.75.207.71 - - [06/Jun/2026:12:46:06 +0200] "GET /wp-content/cache/wpo-minify/1780673871/assets/wpo-minify-footer-f9e72a21.min.js HTTP/1.1" 200 96500 "https://myideas.pt/" "Mozilla/5.0 (Macintosh; Intel Mac OS X 10_15_7) AppleWebKit/537.36 (KHTML, like Gecko) Chrome/130.0.0.0 Safari/537.36"
74.7.243.203 - - [06/Jun/2026:12:46:08 +0200] "GET /?p=8 HTTP/1.1" 301 5 "https://myideas.pt/about-myideas/" "Mozilla/5.0 AppleWebKit/537.36 (KHTML, like Gecko; compatible; GPTBot/1.4; +https://openai.com/gptbot)"
74.7.243.203 - - [06/Jun/2026:12:46:11 +0200] "GET /websites/ HTTP/1.1" 200 15528 "https://myideas.pt/" "Mozilla/5.0 AppleWebKit/537.36 (KHTML, like Gecko; compatible; GPTBot/1.4; +https://openai.com/gptbot)"
74.7.243.203 - - [06/Jun/2026:12:46:14 +0200] "GET /branding/ HTTP/1.1" 200 15311 "https://myideas.pt/" "Mozilla/5.0 AppleWebKit/537.36 (KHTML, like Gecko; compatible; GPTBot/1.4; +https://openai.com/gptbot)"
74.7.243.203 - - [06/Jun/2026:12:46:17 +0200] "GET /careers/ HTTP/1.1" 200 15567 "https://myideas.pt/" "Mozilla/5.0 AppleWebKit/537.36 (KHTML, like Gecko; compatible; GPTBot/1.4; +https://openai.com/gptbot)"
74.7.243.203 - - [06/Jun/2026:12:46:20 +0200] "GET /news/ HTTP/1.1" 200 15720 "https://myideas.pt/" "Mozilla/5.0 AppleWebKit/537.36 (KHTML, like Gecko; compatible; GPTBot/1.4; +https://openai.com/gptbot)"
74.7.243.203 - - [06/Jun/2026:12:46:23 +0200] "GET /portfolio/diogo-costa-goncalves-branding/ HTTP/1.1" 200 18353 "https://myideas.pt/" "Mozilla/5.0 AppleWebKit/537.36 (KHTML, like Gecko; compatible; GPTBot/1.4; +https://openai.com/gptbot)"
75.119.139.177 - - [06/Jun/2026:12:46:27 +0200] "POST /wp-cron.php?doing_wp_cron=1780742787.3504910469055175781250 HTTP/1.1" 200 31 "-" "WordPress/7.0; https://myideas.pt"
74.7.243.203 - - [06/Jun/2026:12:46:27 +0200] "GET /?p=222 HTTP/1.1" 301 5 "https://myideas.pt/social-media/" "Mozilla/5.0 AppleWebKit/537.36 (KHTML, like Gecko; compatible; GPTBot/1.4; +https://openai.com/gptbot)"
74.7.243.203 - - [06/Jun/2026:12:46:30 +0200] "GET /google-ads/ HTTP/1.1" 200 14841 "https://myideas.pt/" "Mozilla/5.0 AppleWebKit/537.36 (KHTML, like Gecko; compatible; GPTBot/1.4; +https://openai.com/gptbot)"
74.7.243.203 - - [06/Jun/2026:12:46:33 +0200] "GET /portfolio/luis-simoes-70-years/ HTTP/1.1" 200 18642 "https://myideas.pt/" "Mozilla/5.0 AppleWebKit/537.36 (KHTML, like Gecko; compatible; GPTBot/1.4; +https://openai.com/gptbot)"
74.7.243.203 - - [06/Jun/2026:12:46:36 +0200] "GET /feed/ HTTP/1.1" 200 14709 "https://myideas.pt/" "Mozilla/5.0 AppleWebKit/537.36 (KHTML, like Gecko; compatible; GPTBot/1.4; +https://openai.com/gptbot)"
74.7.243.203 - - [06/Jun/2026:12:46:39 +0200] "GET /wp-content/cache/wpo-minify/1780673871/assets/%url% HTTP/1.1" 400 150 "-" "-"
74.7.243.203 - - [06/Jun/2026:12:46:42 +0200] "GET /portfolio/meaningful-branding/ HTTP/1.1" 200 18558 "https://myideas.pt/" "Mozilla/5.0 AppleWebKit/537.36 (KHTML, like Gecko; compatible; GPTBot/1.4; +https://openai.com/gptbot)"
74.7.243.203 - - [06/Jun/2026:12:46:46 +0200] "GET /?p=211 HTTP/1.1" 301 5 "https://myideas.pt/websites/" "Mozilla/5.0 AppleWebKit/537.36 (KHTML, like Gecko; compatible; GPTBot/1.4; +https://openai.com/gptbot)"
74.7.243.203 - - [06/Jun/2026:12:46:49 +0200] "GET /?p=126 HTTP/1.1" 301 5 "https://myideas.pt/branding/" "Mozilla/5.0 AppleWebKit/537.36 (KHTML, like Gecko; compatible; GPTBot/1.4; +https://openai.com/gptbot)"
74.7.243.203 - - [06/Jun/2026:12:46:52 +0200] "GET /?p=250 HTTP/1.1" 301 5 "https://myideas.pt/careers/" "Mozilla/5.0 AppleWebKit/537.36 (KHTML, like Gecko; compatible; GPTBot/1.4; +https://openai.com/gptbot)"
74.7.243.203 - - [06/Jun/2026:12:46:55 +0200] "GET /?p=4118 HTTP/1.1" 301 5 "https://myideas.pt/news/" "Mozilla/5.0 AppleWebKit/537.36 (KHTML, like Gecko; compatible; GPTBot/1.4; +https://openai.com/gptbot)"
74.7.243.203 - - [06/Jun/2026:12:46:58 +0200] "GET /?p=3423 HTTP/1.1" 301 5 "https://myideas.pt/portfolio/diogo-costa-goncalves-branding/" "Mozilla/5.0 AppleWebKit/537.36 (KHTML, like Gecko; compatible; GPTBot/1.4; +https://openai.com/gptbot)"
113.190.114.147 - - [06/Jun/2026:12:47:00 +0200] "GET /pt/portfolio/inapem-brochura/ HTTP/1.1" 200 18782 "-" "Mozilla/5.0 (Windows NT 10.0; Win64; x64) AppleWebKit/537.36 (KHTML, like Gecko) Chrome/86.0.4240.75 Safari/537.36"
74.7.243.203 - - [06/Jun/2026:12:47:01 +0200] "GET /portfolio/catris/ HTTP/1.1" 200 18596 "https://myideas.pt/" "Mozilla/5.0 AppleWebKit/537.36 (KHTML, like Gecko; compatible; GPTBot/1.4; +https://openai.com/gptbot)"
74.7.243.203 - - [06/Jun/2026:12:47:05 +0200] "GET /?p=217 HTTP/1.1" 301 5 "https://myideas.pt/google-ads/" "Mozilla/5.0 AppleWebKit/537.36 (KHTML, like Gecko; compatible; GPTBot/1.4; +https://openai.com/gptbot)"
74.7.243.203 - - [06/Jun/2026:12:47:08 +0200] "GET /?p=3414 HTTP/1.1" 301 5 "https://myideas.pt/portfolio/luis-simoes-70-years/" "Mozilla/5.0 AppleWebKit/537.36 (KHTML, like Gecko; compatible; GPTBot/1.4; +https://openai.com/gptbot)"
74.7.243.203 - - [06/Jun/2026:12:47:10 +0200] "GET /portfolio/uenji/ HTTP/1.1" 200 18224 "https://myideas.pt/" "Mozilla/5.0 AppleWebKit/537.36 (KHTML, like Gecko; compatible; GPTBot/1.4; +https://openai.com/gptbot)"
74.7.243.203 - - [06/Jun/2026:12:47:13 +0200] "GET /portfolio/talia/ HTTP/1.1" 200 18647 "https://myideas.pt/" "Mozilla/5.0 AppleWebKit/537.36 (KHTML, like Gecko; compatible; GPTBot/1.4; +https://openai.com/gptbot)"
75.119.139.177 - - [06/Jun/2026:12:47:17 +0200] "POST /wp-cron.php?doing_wp_cron=1780742837.5132598876953125000000 HTTP/1.1" 200 31 "-" "WordPress/7.0; https://myideas.pt"
74.7.243.203 - - [06/Jun/2026:12:47:17 +0200] "GET /?p=4062 HTTP/1.1" 301 5 "https://myideas.pt/portfolio/meaningful-branding/" "Mozilla/5.0 AppleWebKit/537.36 (KHTML, like Gecko; compatible; GPTBot/1.4; +https://openai.com/gptbot)"
74.7.243.203 - - [06/Jun/2026:12:47:20 +0200] "GET /portfolio/stoa/ HTTP/1.1" 200 18216 "https://myideas.pt/" "Mozilla/5.0 AppleWebKit/537.36 (KHTML, like Gecko; compatible; GPTBot/1.4; +https://openai.com/gptbot)"
74.7.243.203 - - [06/Jun/2026:12:47:23 +0200] "GET /portfolio/alma/ HTTP/1.1" 200 18546 "https://myideas.pt/" "Mozilla/5.0 AppleWebKit/537.36 (KHTML, like Gecko; compatible; GPTBot/1.4; +https://openai.com/gptbot)"
74.7.243.203 - - [06/Jun/2026:12:47:27 +0200] "GET /portfolio/fabrico/ HTTP/1.1" 200 18265 "https://myideas.pt/" "Mozilla/5.0 AppleWebKit/537.36 (KHTML, like Gecko; compatible; GPTBot/1.4; +https://openai.com/gptbot)"
74.7.243.203 - - [06/Jun/2026:12:47:30 +0200] "GET /wp-content/cache/wpo-minify/1780673871/assets/wpo-minify-footer-38f725ad.min.js HTTP/1.1" 200 83926 "https://myideas.pt/privacy-policy/" "Mozilla/5.0 AppleWebKit/537.36 (KHTML, like Gecko; compatible; GPTBot/1.4; +https://openai.com/gptbot)"
74.7.243.203 - - [06/Jun/2026:12:47:33 +0200] "GET /comments/feed/ HTTP/1.1" 200 441 "https://myideas.pt/" "Mozilla/5.0 AppleWebKit/537.36 (KHTML, like Gecko; compatible; GPTBot/1.4; +https://openai.com/gptbot)"
74.7.243.203 - - [06/Jun/2026:12:47:36 +0200] "GET /?p=3018 HTTP/1.1" 301 5 "https://myideas.pt/portfolio/catris/" "Mozilla/5.0 AppleWebKit/537.36 (KHTML, like Gecko; compatible; GPTBot/1.4; +https://openai.com/gptbot)"
74.7.243.203 - - [06/Jun/2026:12:47:40 +0200] "GET /wp-json/wp/v2/pages/306 HTTP/1.1" 200 14358 "https://myideas.pt/" "Mozilla/5.0 AppleWebKit/537.36 (KHTML, like Gecko; compatible; GPTBot/1.4; +https://openai.com/gptbot)"
74.7.243.203 - - [06/Jun/2026:12:47:42 +0200] "GET /wp-json/oembed/1.0/embed?lang=en&url=https%3A%2F%2Fmyideas.pt%2F HTTP/1.1" 200 1161 "https://myideas.pt/" "Mozilla/5.0 AppleWebKit/537.36 (KHTML, like Gecko; compatible; GPTBot/1.4; +https://openai.com/gptbot)"
74.7.243.203 - - [06/Jun/2026:12:47:45 +0200] "GET /?p=2812 HTTP/1.1" 301 5 "https://myideas.pt/portfolio/uenji/" "Mozilla/5.0 AppleWebKit/537.36 (KHTML, like Gecko; compatible; GPTBot/1.4; +https://openai.com/gptbot)"
74.7.243.203 - - [06/Jun/2026:12:47:49 +0200] "GET /?p=2772 HTTP/1.1" 301 5 "https://myideas.pt/portfolio/talia/" "Mozilla/5.0 AppleWebKit/537.36 (KHTML, like Gecko; compatible; GPTBot/1.4; +https://openai.com/gptbot)"
74.7.243.203 - - [06/Jun/2026:12:47:52 +0200] "GET /wp-json/oembed/1.0/embed?format=xml&lang=en&url=https%3A%2F%2Fmyideas.pt%2F HTTP/1.1" 200 1202 "https://myideas.pt/" "Mozilla/5.0 AppleWebKit/537.36 (KHTML, like Gecko; compatible; GPTBot/1.4; +https://openai.com/gptbot)"
74.7.243.203 - - [06/Jun/2026:12:47:55 +0200] "GET /?p=2790 HTTP/1.1" 301 5 "https://myideas.pt/portfolio/stoa/" "Mozilla/5.0 AppleWebKit/537.36 (KHTML, like Gecko; compatible; GPTBot/1.4; +https://openai.com/gptbot)"
74.7.243.203 - - [06/Jun/2026:12:47:59 +0200] "GET /?p=2533 HTTP/1.1" 301 5 "https://myideas.pt/portfolio/alma/" "Mozilla/5.0 AppleWebKit/537.36 (KHTML, like Gecko; compatible; GPTBot/1.4; +https://openai.com/gptbot)"
74.7.243.203 - - [06/Jun/2026:12:48:02 +0200] "GET /?p=2673 HTTP/1.1" 301 5 "https://myideas.pt/portfolio/fabrico/" "Mozilla/5.0 AppleWebKit/537.36 (KHTML, like Gecko; compatible; GPTBot/1.4; +https://openai.com/gptbot)"
74.7.243.203 - - [06/Jun/2026:12:48:04 +0200] "GET /wp-content/cache/wpo-minify/1780673871/assets/wpo-minify-header-85140de2.min.css HTTP/1.1" 200 35213 "https://myideas.pt/" "Mozilla/5.0 AppleWebKit/537.36 (KHTML, like Gecko; compatible; GPTBot/1.4; +https://openai.com/gptbot)"
66.249.79.129 - - [06/Jun/2026:12:48:13 +0200] "GET /robots.txt HTTP/1.1" 200 986 "-" "Mozilla/5.0 (compatible; Googlebot/2.1; +http://www.google.com/bot.html)"
72.14.199.66 - - [06/Jun/2026:12:48:14 +0200] "GET /.well-known/apple-app-site-association HTTP/1.1" 404 12558 "-" "Mozilla/5.0 (Linux; Android 6.0.1; Nexus 5X Build/MMB29P) AppleWebKit/537.36 (KHTML, like Gecko) Chrome/148.0.7778.96 Mobile Safari/537.36 (compatible; AdsBot-Google-Mobile; +http://www.google.com/mobile/adsbot.html)"
75.119.139.177 - - [06/Jun/2026:12:48:22 +0200] "POST /wp-cron.php?doing_wp_cron=1780742902.3012070655822753906250 HTTP/1.1" 200 31 "-" "WordPress/7.0; https://myideas.pt"
72.14.199.65 - - [06/Jun/2026:12:48:22 +0200] "GET /apple-app-site-association HTTP/1.1" 404 12547 "-" "Mozilla/5.0 (Linux; Android 6.0.1; Nexus 5X Build/MMB29P) AppleWebKit/537.36 (KHTML, like Gecko) Chrome/148.0.7778.96 Mobile Safari/537.36 (compatible; AdsBot-Google-Mobile; +http://www.google.com/mobile/adsbot.html)"
37.97.137.40 - - [06/Jun/2026:12:48:48 +0200] "HEAD / HTTP/1.1" 301 0 "-" "downnotifier.com monitoring"
37.97.137.40 - - [06/Jun/2026:12:48:49 +0200] "HEAD / HTTP/1.1" 200 0 "-" "downnotifier.com monitoring"
75.119.139.177 - - [06/Jun/2026:12:50:09 +0200] "POST /wp-cron.php?doing_wp_cron=1780743009.8578410148620605468750 HTTP/1.1" 200 31 "-" "WordPress/7.0; https://myideas.pt"
108.61.201.55 - - [06/Jun/2026:12:50:09 +0200] "HEAD / HTTP/1.1" 200 0 "-" "downnotifier.com monitoring"
75.119.139.177 - - [06/Jun/2026:12:51:36 +0200] "POST /wp-cron.php?doing_wp_cron=1780743096.1266679763793945312500 HTTP/1.1" 200 31 "-" "WordPress/7.0; https://myideas.pt"
185.12.59.118 - - [06/Jun/2026:12:51:36 +0200] "GET /Dr0v HTTP/1.1" 404 66624 "-" "-"
77.189.134.153 - - [06/Jun/2026:12:51:49 +0200] "GET /sitemap-hot-2266152.xml HTTP/1.1" 404 13930 "-" "Mozilla/5.0 (Macintosh; Intel Mac OS X 11_5_0) AppleWebKit/537.36 (KHTML, like Gecko) Chrome/132.0.6834.110 Safari/537.36"
68.34.52.90 - - [06/Jun/2026:12:52:05 +0200] "GET /sitemap-hot-2270152.xml HTTP/1.1" 404 13928 "-" "Mozilla/5.0 (Macintosh; Intel Mac OS X 13_7_0) AppleWebKit/537.36 (KHTML, like Gecko) Chrome/132.0.6834.110 Safari/537.36"
75.119.139.177 - - [06/Jun/2026:12:55:03 +0200] "POST /wp-cron.php?doing_wp_cron=1780743302.9329340457916259765625 HTTP/1.1" 200 31 "-" "WordPress/7.0; https://myideas.pt"
205.185.122.41 - - [06/Jun/2026:12:55:03 +0200] "GET /wp-login.php HTTP/1.1" 200 6744 "-" "Mozilla/5.0 (iPhone; CPU iPhone OS 7_1 like Mac OS X) AppleWebKit/537.51.2 (KHTML, like Gecko) Version/7.0 Mobile/11D167 Safari/9537.53"
205.185.122.41 - - [06/Jun/2026:12:55:03 +0200] "POST /wp-login.php HTTP/1.1" 200 7137 "-" "Mozilla/5.0 (iPhone; CPU iPhone OS 7_1 like Mac OS X) AppleWebKit/537.51.2 (KHTML, like Gecko) Version/7.0 Mobile/11D167 Safari/9537.53"
75.119.139.177 - - [06/Jun/2026:12:55:21 +0200] "POST /wp-cron.php?doing_wp_cron=1780743321.7387320995330810546875 HTTP/1.1" 200 31 "-" "WordPress/7.0; https://myideas.pt"
51.89.129.186 - - [06/Jun/2026:12:55:21 +0200] "GET /sitemap-hot-2284152.xml HTTP/1.1" 404 13930 "-" "Mozilla/5.0 (compatible; AhrefsBot/7.0; +http://ahrefs.com/robot/)"
185.194.178.22 - - [06/Jun/2026:12:55:46 +0200] "GET /wp-includes/ HTTP/1.1" 403 548 "https://www.google.com" "Mozilla/5.0 (Linux; Android 7.0; SM-G892A Build/NRD90M; wv) AppleWebKit/537.36 (KHTML, like Gecko) Version/4.0 Chrome/60.0.3112.107 Mobile Safari/537.36"
185.194.178.8 - - [06/Jun/2026:12:55:46 +0200] "GET /vendor/phpunit/phpunit/src/Util/PHP/ HTTP/1.1" 404 12616 "https://www.google.com" "Mozilla/5.0 (Linux; Android 7.0; SM-G892A Build/NRD90M; wv) AppleWebKit/537.36 (KHTML, like Gecko) Version/4.0 Chrome/60.0.3112.107 Mobile Safari/537.36"
185.194.178.9 - - [06/Jun/2026:12:55:47 +0200] "GET /images/ HTTP/1.1" 403 548 "https://www.google.com" "Mozilla/5.0 (Linux; Android 7.0; SM-G892A Build/NRD90M; wv) AppleWebKit/537.36 (KHTML, like Gecko) Version/4.0 Chrome/60.0.3112.107 Mobile Safari/537.36"
185.194.178.3 - - [06/Jun/2026:12:55:47 +0200] "GET /libraries/ HTTP/1.1" 404 12542 "https://www.google.com" "Mozilla/5.0 (Linux; Android 7.0; SM-G892A Build/NRD90M; wv) AppleWebKit/537.36 (KHTML, like Gecko) Version/4.0 Chrome/60.0.3112.107 Mobile Safari/537.36"
75.119.139.177 - - [06/Jun/2026:12:58:48 +0200] "POST /wp-cron.php?doing_wp_cron=1780743528.5582520961761474609375 HTTP/1.1" 200 31 "-" "WordPress/7.0; https://myideas.pt"
206.189.127.129 - - [06/Jun/2026:12:58:48 +0200] "HEAD / HTTP/1.1" 301 0 "-" "downnotifier.com monitoring"
206.189.127.129 - - [06/Jun/2026:12:58:49 +0200] "HEAD / HTTP/1.1" 200 0 "-" "downnotifier.com monitoring"
75.119.139.177 - - [06/Jun/2026:13:00:09 +0200] "POST /wp-cron.php?doing_wp_cron=1780743609.5065009593963623046875 HTTP/1.1" 200 31 "-" "WordPress/7.0; https://myideas.pt"
206.189.127.129 - - [06/Jun/2026:13:00:09 +0200] "HEAD / HTTP/1.1" 200 0 "-" "downnotifier.com monitoring"
75.119.139.177 - - [06/Jun/2026:13:01:41 +0200] "POST /wp-cron.php?doing_wp_cron=1780743701.1822319030761718750000 HTTP/1.1" 200 31 "-" "WordPress/7.0; https://myideas.pt"
8.216.88.211 - - [06/Jun/2026:13:01:41 +0200] "GET / HTTP/1.1" 301 5 "-" "Mozilla/5.0 (Windows NT 10.0; WOW64; x64) AppleWebKit/537.36 (KHTML, like Gecko) Chrome/81.0.4044.122 Safari/537.36"
8.216.88.211 - - [06/Jun/2026:13:01:44 +0200] "GET / HTTP/1.1" 200 24558 "https://75.119.139.177:443/" "Mozilla/5.0 (Windows NT 10.0; WOW64; x64) AppleWebKit/537.36 (KHTML, like Gecko) Chrome/81.0.4044.122 Safari/537.36"
8.216.88.211 - - [06/Jun/2026:13:01:52 +0200] "GET /wp-content/uploads/2024/07/FAVICON_MYIDEAS-150x150.jpg HTTP/1.1" 200 3437 "-" "Mozilla/5.0 (Windows NT 10.0; WOW64; x64) AppleWebKit/537.36 (KHTML, like Gecko) Chrome/81.0.4044.122 Safari/537.36"
75.119.139.177 - - [06/Jun/2026:13:03:41 +0200] "POST /wp-cron.php?doing_wp_cron=1780743821.7314019203186035156250 HTTP/1.1" 200 31 "-" "WordPress/7.0; https://myideas.pt"
205.185.124.128 - - [06/Jun/2026:13:03:41 +0200] "GET /wp-login.php HTTP/1.1" 200 6744 "-" "Mozilla/5.0 (Windows NT 6.1; Trident/7.0; rv:11.0) like Gecko"
123.30.233.12 - admin [06/Jun/2026:13:03:58 +0200] "GET /wp-json/wp/v2/users/me HTTP/1.1" 401 109 "-" "Mozilla/5.0 (X11; Linux x86_64; rv:133.0) Gecko/20100101 Firefox/133.0"
75.119.139.177 - - [06/Jun/2026:13:06:58 +0200] "POST /wp-cron.php?doing_wp_cron=1780744018.4279050827026367187500 HTTP/1.1" 200 31 "-" "WordPress/7.0; https://myideas.pt"
205.185.124.128 - - [06/Jun/2026:13:06:58 +0200] "POST /wp-login.php HTTP/1.1" 200 7171 "-" "Mozilla/5.0 (Windows NT 6.1; Trident/7.0; rv:11.0) like Gecko"
75.119.139.177 - - [06/Jun/2026:13:08:49 +0200] "POST /wp-cron.php?doing_wp_cron=1780744129.2137451171875000000000 HTTP/1.1" 200 31 "-" "WordPress/7.0; https://myideas.pt"
37.97.137.40 - - [06/Jun/2026:13:08:49 +0200] "HEAD / HTTP/1.1" 301 0 "-" "downnotifier.com monitoring"
37.97.137.40 - - [06/Jun/2026:13:08:49 +0200] "HEAD / HTTP/1.1" 200 0 "-" "downnotifier.com monitoring"
75.119.139.177 - - [06/Jun/2026:13:10:09 +0200] "POST /wp-cron.php?doing_wp_cron=1780744209.7475860118865966796875 HTTP/1.1" 200 31 "-" "WordPress/7.0; https://myideas.pt"
37.97.137.40 - - [06/Jun/2026:13:10:09 +0200] "HEAD / HTTP/1.1" 200 0 "-" "downnotifier.com monitoring"
51.68.107.146 - - [06/Jun/2026:13:10:20 +0200] "GET /robots.txt HTTP/1.1" 200 986 "-" "Mozilla/5.0 (compatible; MJ12bot/v2.0.5; http://mj12bot.com/)"
75.119.139.177 - - [06/Jun/2026:13:10:21 +0200] "POST /wp-cron.php?doing_wp_cron=1780744221.5308148860931396484375 HTTP/1.1" 200 31 "-" "WordPress/7.0; https://myideas.pt"
51.68.107.146 - - [06/Jun/2026:13:10:21 +0200] "GET / HTTP/1.1" 301 5 "-" "Mozilla/5.0 (compatible; MJ12bot/v2.0.5; http://mj12bot.com/)"
51.68.107.146 - - [06/Jun/2026:13:10:21 +0200] "GET /robots.txt HTTP/1.1" 200 986 "-" "Mozilla/5.0 (compatible; MJ12bot/v2.0.5; http://mj12bot.com/)"
51.68.107.146 - - [06/Jun/2026:13:10:21 +0200] "GET / HTTP/1.1" 200 23869 "-" "Mozilla/5.0 (compatible; MJ12bot/v2.0.5; http://mj12bot.com/)"
69.49.112.69 - admin [06/Jun/2026:13:10:36 +0200] "GET /wp-json/wp/v2/users/me HTTP/1.1" 401 109 "-" "Mozilla/5.0 (Windows NT 10.0; Win64; x64; rv:133.0) Gecko/20100101 Firefox/133.0"
104.210.140.137 - - [06/Jun/2026:13:11:30 +0200] "GET /robots.txt HTTP/1.1" 200 986 "-" "Mozilla/5.0 (Macintosh; Intel Mac OS X 10_15_7) AppleWebKit/537.36 (KHTML, like Gecko) Chrome/131.0.0.0 Safari/537.36; compatible; OAI-SearchBot/1.0; +https://openai.com/searchbot"
75.119.139.177 - - [06/Jun/2026:13:13:47 +0200] "POST /wp-cron.php?doing_wp_cron=1780744427.0427560806274414062500 HTTP/1.1" 200 31 "-" "WordPress/7.0; https://myideas.pt"
202.76.176.148 - - [06/Jun/2026:13:13:47 +0200] "GET /sitemap-hot-2292152.xml HTTP/1.1" 404 13928 "-" "Mozilla/5.0 (Macintosh; Intel Mac OS X 13_2_1) AppleWebKit/537.36 (KHTML, like Gecko) Chrome/126.0.6478.126 Safari/537.36"
75.119.139.177 - - [06/Jun/2026:13:14:19 +0200] "POST /wp-cron.php?doing_wp_cron=1780744459.4779880046844482421875 HTTP/1.1" 200 31 "-" "WordPress/7.0; https://myideas.pt"
95.26.68.42 - - [06/Jun/2026:13:14:19 +0200] "GET /sitemap-hot-2296152.xml HTTP/1.1" 404 13930 "-" "Mozilla/5.0 (Macintosh; Intel Mac OS X 10_15_7) AppleWebKit/537.36 (KHTML, like Gecko) Chrome/124.0.6367.82 Safari/537.36"
209.141.34.188 - - [06/Jun/2026:13:14:30 +0200] "GET /wp-login.php HTTP/1.1" 200 6744 "-" "Mozilla/5.0 (Macintosh; Intel Mac OS X 10_10_0) AppleWebKit/537.36 (KHTML, like Gecko) Chrome/36.0.1985.125 Safari/537.36"
162.120.187.71 - - [06/Jun/2026:13:14:55 +0200] "GET /portfolio/talia/ HTTP/1.1" 200 19053 "https://www.google.com/" "Mozilla/5.0 (Linux; Android 10; K) AppleWebKit/537.36 (KHTML, like Gecko) Chrome/148.0.0.0 Mobile Safari/537.36"
75.119.139.177 - - [06/Jun/2026:13:16:16 +0200] "POST /wp-cron.php?doing_wp_cron=1780744576.8460330963134765625000 HTTP/1.1" 200 31 "-" "WordPress/7.0; https://myideas.pt"
209.141.44.244 - - [06/Jun/2026:13:16:16 +0200] "GET /wp-login.php HTTP/1.1" 200 6744 "-" "Mozilla/5.0 (Macintosh; Intel Mac OS X 11_7_10) AppleWebKit/537.36 (KHTML, like Gecko) Chrome/119.0.0.0 Safari/537.36"
209.141.34.188 - - [06/Jun/2026:13:16:27 +0200] "POST /wp-login.php HTTP/1.1" 200 7168 "-" "Mozilla/5.0 (Macintosh; Intel Mac OS X 10_10_0) AppleWebKit/537.36 (KHTML, like Gecko) Chrome/36.0.1985.125 Safari/537.36"
209.141.44.244 - - [06/Jun/2026:13:16:40 +0200] "POST /wp-login.php HTTP/1.1" 200 7138 "-" "Mozilla/5.0 (Macintosh; Intel Mac OS X 11_7_10) AppleWebKit/537.36 (KHTML, like Gecko) Chrome/119.0.0.0 Safari/537.36"
75.119.139.177 - - [06/Jun/2026:13:18:38 +0200] "POST /wp-cron.php?doing_wp_cron=1780744718.3849279880523681640625 HTTP/1.1" 200 31 "-" "WordPress/7.0; https://myideas.pt"
205.185.124.128 - - [06/Jun/2026:13:18:38 +0200] "GET /wp-login.php HTTP/1.1" 200 6744 "-" "Mozilla/5.0 (iPhone; CPU iPhone OS 15_8 like Mac OS X) AppleWebKit/605.1.15 (KHTML, like Gecko) Version/15.8 Mobile/15E148 Safari/604.1"
206.189.127.129 - - [06/Jun/2026:13:18:48 +0200] "HEAD / HTTP/1.1" 301 0 "-" "downnotifier.com monitoring"
206.189.127.129 - - [06/Jun/2026:13:18:49 +0200] "HEAD / HTTP/1.1" 200 0 "-" "downnotifier.com monitoring"
205.185.124.128 - - [06/Jun/2026:13:18:57 +0200] "POST /wp-login.php HTTP/1.1" 200 7134 "-" "Mozilla/5.0 (iPhone; CPU iPhone OS 15_8 like Mac OS X) AppleWebKit/605.1.15 (KHTML, like Gecko) Version/15.8 Mobile/15E148 Safari/604.1"
75.119.139.177 - - [06/Jun/2026:13:20:08 +0200] "POST /wp-cron.php?doing_wp_cron=1780744808.0879609584808349609375 HTTP/1.1" 200 31 "-" "WordPress/7.0; https://myideas.pt"
104.236.216.73 - - [06/Jun/2026:13:20:08 +0200] "HEAD / HTTP/1.1" 200 0 "-" "downnotifier.com monitoring"
75.119.139.177 - - [06/Jun/2026:13:22:01 +0200] "POST /wp-cron.php?doing_wp_cron=1780744920.7770080566406250000000 HTTP/1.1" 200 31 "-" "WordPress/7.0; https://myideas.pt"
202.76.189.108 - - [06/Jun/2026:13:22:01 +0200] "GET /sitemap-hot-2290152.xml HTTP/1.1" 404 13928 "-" "Mozilla/5.0 (Macintosh; U; PPC Mac OS X; de-de) AppleWebKit/125.5.5 (KHTML, like Gecko) Safari/125.12_Adobe"
75.119.139.177 - - [06/Jun/2026:13:27:54 +0200] "POST /wp-cron.php?doing_wp_cron=1780745274.0376520156860351562500 HTTP/1.1" 200 31 "-" "WordPress/7.0; https://myideas.pt"
209.141.36.175 - - [06/Jun/2026:13:27:54 +0200] "GET /wp-login.php HTTP/1.1" 200 6744 "-" "Mozilla/5.0 (Windows NT 6.1) AppleWebKit/537.36 (KHTML, like Gecko) Chrome/36.0.1985.143 Safari/537.36"
75.119.139.177 - - [06/Jun/2026:13:28:39 +0200] "POST /wp-cron.php?doing_wp_cron=1780745319.1520819664001464843750 HTTP/1.1" 200 31 "-" "WordPress/7.0; https://myideas.pt"
209.141.36.175 - - [06/Jun/2026:13:28:39 +0200] "POST /wp-login.php HTTP/1.1" 200 7171 "-" "Mozilla/5.0 (Windows NT 6.1) AppleWebKit/537.36 (KHTML, like Gecko) Chrome/36.0.1985.143 Safari/537.36"
37.97.137.40 - - [06/Jun/2026:13:28:48 +0200] "HEAD / HTTP/1.1" 301 0 "-" "downnotifier.com monitoring"
37.97.137.40 - - [06/Jun/2026:13:28:49 +0200] "HEAD / HTTP/1.1" 200 0 "-" "downnotifier.com monitoring"
35.252.112.28 - - [06/Jun/2026:13:29:26 +0200] "GET /wp-content/uploads/2024/07/MYIDEAS_FEITO_EM_ANGOLA_WEBSITE_3A.jpg HTTP/1.1" 200 544521 "-" "Mozilla/5.0 (X11; Linux x86_64) AppleWebKit/537.36 (KHTML, like Gecko) Chrome/91.0.4472.114 Safari/537.36"
75.119.139.177 - - [06/Jun/2026:13:30:07 +0200] "POST /wp-cron.php?doing_wp_cron=1780745407.4577100276947021484375 HTTP/1.1" 200 31 "-" "WordPress/7.0; https://myideas.pt"
108.61.201.55 - - [06/Jun/2026:13:30:07 +0200] "HEAD / HTTP/1.1" 200 0 "-" "downnotifier.com monitoring"
186.46.82.71 - - [06/Jun/2026:13:30:17 +0200] "GET /work-portfolio/ HTTP/1.1" 200 17326 "-" "Mozilla/5.0 (Windows; U; Windows 98) AppleWebKit/534.4.1 (KHTML, like Gecko) Version/5.0.2 Safari/534.4.1"
75.119.139.177 - - [06/Jun/2026:13:30:18 +0200] "POST /wp-cron.php?doing_wp_cron=1780745418.3801229000091552734375 HTTP/1.1" 200 31 "-" "WordPress/7.0; https://myideas.pt"
83.199.176.169 - - [06/Jun/2026:13:30:18 +0200] "GET /wp-json/oembed/1.0/embed?url=https%3A%2F%2Fmyideas.pt%2Fportfolio%2Fcatris%2F&format=xml HTTP/1.1" 200 1198 "-" "Mozilla/5.0 (compatible; MSIE 9.0; Windows NT 5.0; Trident/4.0)"
186.216.60.91 - - [06/Jun/2026:13:30:18 +0200] "GET /client-journey HTTP/1.1" 301 5 "-" "Opera/8.91.(X11; Linux x86_64; gu-IN) Presto/2.9.179 Version/10.00"
152.59.85.19 - - [06/Jun/2026:13:30:20 +0200] "GET /portfolio/map-group-corporate-brochure-2025/ HTTP/1.1" 200 18858 "-" "Mozilla/5.0 (iPhone; CPU iPhone OS 17_1_2 like Mac OS X) AppleWebKit/535.1 (KHTML, like Gecko) CriOS/39.0.893.0 Mobile/25D548 Safari/535.1"
145.82.21.203 - - [06/Jun/2026:13:30:40 +0200] "GET /wp-json/oembed/1.0/embed?url=https%3A%2F%2Fmyideas.pt%2Fwhy-choose-myideas%2F&format=xml HTTP/1.1" 200 1207 "-" "Mozilla/5.0 (Macintosh; Intel Mac OS X 10_12_1) AppleWebKit/531.0 (KHTML, like Gecko) Chrome/19.0.838.0 Safari/531.0"
41.254.76.188 - - [06/Jun/2026:13:30:54 +0200] "GET /client-journey/ HTTP/1.1" 200 18233 "-" "Mozilla/5.0 (compatible; MSIE 6.0; Windows NT 5.1; Trident/3.1)"
75.119.139.177 - - [06/Jun/2026:13:31:54 +0200] "POST /wp-cron.php?doing_wp_cron=1780745514.5680849552154541015625 HTTP/1.1" 200 31 "-" "WordPress/7.0; https://myideas.pt"
45.250.246.75 - - [06/Jun/2026:13:31:54 +0200] "GET /wp-json/oembed/1.0/embed?url=https%3A%2F%2Fmyideas.pt%2Fseo%2F HTTP/1.1" 404 100 "-" "Mozilla/5.0 (Macintosh; U; PPC Mac OS X 10_7_7 rv:3.0; ru-UA) AppleWebKit/531.14.3 (KHTML, like Gecko) Version/4.0.4 Safari/531.14.3"
75.119.139.177 - - [06/Jun/2026:13:32:57 +0200] "POST /wp-cron.php?doing_wp_cron=1780745577.0246269702911376953125 HTTP/1.1" 200 31 "-" "WordPress/7.0; https://myideas.pt"
188.237.175.147 - - [06/Jun/2026:13:32:57 +0200] "GET /sitemap-hot-2282152.xml HTTP/1.1" 404 13930 "-" "Mozilla/5.0 (Windows NT 10.0; Win64; x64) AppleWebKit/537.36 (KHTML, like Gecko) Chrome/127.0.6533.72 Safari/537.36"
47.61.110.231 - - [06/Jun/2026:13:32:58 +0200] "GET /wp-json/oembed/1.0/embed?url=https%3A%2F%2Fmyideas.pt%2F HTTP/1.1" 200 1161 "-" "Mozilla/5.0 (Windows NT 5.1; hsb-DE; rv:1.9.2.20) Gecko/8575-04-15 11:52:25.522156 Firefox/8.0"
75.119.139.177 - - [06/Jun/2026:13:38:50 +0200] "POST /wp-cron.php?doing_wp_cron=1780745930.2367470264434814453125 HTTP/1.1" 200 31 "-" "WordPress/7.0; https://myideas.pt"
206.189.127.129 - - [06/Jun/2026:13:38:50 +0200] "HEAD / HTTP/1.1" 301 0 "-" "downnotifier.com monitoring"
206.189.127.129 - - [06/Jun/2026:13:38:51 +0200] "HEAD / HTTP/1.1" 200 0 "-" "downnotifier.com monitoring"
75.119.139.177 - - [06/Jun/2026:13:40:06 +0200] "POST /wp-cron.php?doing_wp_cron=1780746006.4507069587707519531250 HTTP/1.1" 200 31 "-" "WordPress/7.0; https://myideas.pt"
139.59.109.12 - - [06/Jun/2026:13:40:06 +0200] "HEAD / HTTP/1.1" 200 0 "-" "downnotifier.com monitoring"
75.119.139.177 - - [06/Jun/2026:13:44:55 +0200] "POST /wp-cron.php?doing_wp_cron=1780746295.5577759742736816406250 HTTP/1.1" 200 31 "-" "WordPress/7.0; https://myideas.pt"
213.58.128.81 - - [06/Jun/2026:13:44:55 +0200] "GET / HTTP/1.1" 301 5 "-" "Mozilla/5.0 (X11; CrOS x86_64 14541.0.0) AppleWebKit/537.36 (KHTML, like Gecko) Chrome/148.0.0.0 Safari/537.36"
66.249.68.167 - - [06/Jun/2026:13:44:55 +0200] "GET /robots.txt HTTP/1.1" 200 986 "-" "Mozilla/5.0 (compatible; Googlebot/2.1; +http://www.google.com/bot.html)"
213.58.128.81 - - [06/Jun/2026:13:44:55 +0200] "GET / HTTP/1.1" 200 24292 "-" "Mozilla/5.0 (X11; CrOS x86_64 14541.0.0) AppleWebKit/537.36 (KHTML, like Gecko) Chrome/148.0.0.0 Safari/537.36"
213.58.128.81 - - [06/Jun/2026:13:44:56 +0200] "GET /wp-content/cache/wpo-minify/1780673871/assets/wpo-minify-header-85140de2.min.css HTTP/1.1" 200 35213 "https://myideas.pt/" "Mozilla/5.0 (X11; CrOS x86_64 14541.0.0) AppleWebKit/537.36 (KHTML, like Gecko) Chrome/148.0.0.0 Safari/537.36"
213.58.128.81 - - [06/Jun/2026:13:44:56 +0200] "GET /wp-content/uploads/2025/03/BSO_CONSULTING_BRANDING_MYIDEAS_1-1024x768.jpg HTTP/1.1" 200 61352 "https://myideas.pt/" "Mozilla/5.0 (X11; CrOS x86_64 14541.0.0) AppleWebKit/537.36 (KHTML, like Gecko) Chrome/148.0.0.0 Safari/537.36"
213.58.128.81 - - [06/Jun/2026:13:44:56 +0200] "GET /wp-content/uploads/2025/03/MYIDEAS_DCG_BRANDING_1-1024x768.jpg HTTP/1.1" 200 29071 "https://myideas.pt/" "Mozilla/5.0 (X11; CrOS x86_64 14541.0.0) AppleWebKit/537.36 (KHTML, like Gecko) Chrome/148.0.0.0 Safari/537.36"
213.58.128.81 - - [06/Jun/2026:13:44:56 +0200] "GET /wp-content/cache/wpo-minify/1780673871/assets/wpo-minify-footer-f9e72a21.min.js HTTP/1.1" 200 96500 "https://myideas.pt/" "Mozilla/5.0 (X11; CrOS x86_64 14541.0.0) AppleWebKit/537.36 (KHTML, like Gecko) Chrome/148.0.0.0 Safari/537.36"
213.58.128.81 - - [06/Jun/2026:13:44:56 +0200] "GET /wp-content/uploads/2025/11/MYIDEAS_BRANDING_MEANINGFUL_1-1024x768.jpg HTTP/1.1" 200 196520 "https://myideas.pt/" "Mozilla/5.0 (X11; CrOS x86_64 14541.0.0) AppleWebKit/537.36 (KHTML, like Gecko) Chrome/148.0.0.0 Safari/537.36"
213.58.128.81 - - [06/Jun/2026:13:44:56 +0200] "GET /wp-content/themes/Impreza/fonts/fa-regular-400.woff2?ver=8.46 HTTP/1.1" 200 168824 "https://myideas.pt/" "Mozilla/5.0 (X11; CrOS x86_64 14541.0.0) AppleWebKit/537.36 (KHTML, like Gecko) Chrome/148.0.0.0 Safari/537.36"
213.58.128.81 - - [06/Jun/2026:13:44:56 +0200] "GET /wp-content/themes/Impreza/fonts/fa-brands-400.woff2?ver=8.46 HTTP/1.1" 200 76728 "https://myideas.pt/" "Mozilla/5.0 (X11; CrOS x86_64 14541.0.0) AppleWebKit/537.36 (KHTML, like Gecko) Chrome/148.0.0.0 Safari/537.36"
213.58.128.81 - - [06/Jun/2026:13:44:56 +0200] "GET /wp-content/uploads/2024/05/MYIDEAS_LOGO_BLACK.svg HTTP/1.1" 200 748 "https://myideas.pt/" "Mozilla/5.0 (X11; CrOS x86_64 14541.0.0) AppleWebKit/537.36 (KHTML, like Gecko) Chrome/148.0.0.0 Safari/537.36"
213.58.128.81 - - [06/Jun/2026:13:44:56 +0200] "GET /wp-content/themes/Impreza/fonts/fa-light-300.woff2?ver=8.46 HTTP/1.1" 200 184204 "https://myideas.pt/" "Mozilla/5.0 (X11; CrOS x86_64 14541.0.0) AppleWebKit/537.36 (KHTML, like Gecko) Chrome/148.0.0.0 Safari/537.36"
213.58.128.81 - - [06/Jun/2026:13:44:56 +0200] "GET /wp-content/uploads/2024/06/MYIDEAS_MOBILE_1.jpg HTTP/1.1" 200 49979 "https://myideas.pt/" "Mozilla/5.0 (X11; CrOS x86_64 14541.0.0) AppleWebKit/537.36 (KHTML, like Gecko) Chrome/148.0.0.0 Safari/537.36"
213.58.128.81 - - [06/Jun/2026:13:44:56 +0200] "GET /wp-content/themes/Impreza/fonts/material-icons.woff2?ver=8.46 HTTP/1.1" 200 128352 "https://myideas.pt/" "Mozilla/5.0 (X11; CrOS x86_64 14541.0.0) AppleWebKit/537.36 (KHTML, like Gecko) Chrome/148.0.0.0 Safari/537.36"
213.58.128.81 - - [06/Jun/2026:13:44:56 +0200] "GET /wp-content/uploads/2024/06/MYIDEAS_THE_JOURNEY_IS_ON_4.jpg HTTP/1.1" 200 87163 "https://myideas.pt/" "Mozilla/5.0 (X11; CrOS x86_64 14541.0.0) AppleWebKit/537.36 (KHTML, like Gecko) Chrome/148.0.0.0 Safari/537.36"
213.58.128.81 - - [06/Jun/2026:13:44:56 +0200] "GET /wp-content/uploads/2024/06/MYIDEAS_SUSTAINABLE_MARKETING_BLUE.jpg HTTP/1.1" 200 19790 "https://myideas.pt/" "Mozilla/5.0 (X11; CrOS x86_64 14541.0.0) AppleWebKit/537.36 (KHTML, like Gecko) Chrome/148.0.0.0 Safari/537.36"
213.58.128.81 - - [06/Jun/2026:13:44:56 +0200] "GET /wp-content/uploads/2024/06/MYIDEAS_BRANDING_BLUE.jpg HTTP/1.1" 200 23798 "https://myideas.pt/" "Mozilla/5.0 (X11; CrOS x86_64 14541.0.0) AppleWebKit/537.36 (KHTML, like Gecko) Chrome/148.0.0.0 Safari/537.36"
213.58.128.81 - - [06/Jun/2026:13:44:56 +0200] "GET /wp-content/uploads/2024/06/MYIDEAS_MARKETING_STRATEGIES_BLUE.jpg HTTP/1.1" 200 23843 "https://myideas.pt/" "Mozilla/5.0 (X11; CrOS x86_64 14541.0.0) AppleWebKit/537.36 (KHTML, like Gecko) Chrome/148.0.0.0 Safari/537.36"
213.58.128.81 - - [06/Jun/2026:13:44:56 +0200] "GET /wp-content/uploads/2024/06/MYIDEAS_WEBSITE_BLUE.jpg HTTP/1.1" 200 22897 "https://myideas.pt/" "Mozilla/5.0 (X11; CrOS x86_64 14541.0.0) AppleWebKit/537.36 (KHTML, like Gecko) Chrome/148.0.0.0 Safari/537.36"
213.58.128.81 - - [06/Jun/2026:13:44:56 +0200] "GET /wp-content/uploads/2024/06/MYIDEAS_SEO_BLUE.jpg HTTP/1.1" 200 23503 "https://myideas.pt/" "Mozilla/5.0 (X11; CrOS x86_64 14541.0.0) AppleWebKit/537.36 (KHTML, like Gecko) Chrome/148.0.0.0 Safari/537.36"
213.58.128.81 - - [06/Jun/2026:13:44:56 +0200] "GET /wp-content/uploads/2024/06/MYIDEAS_SOCIAL_MEDIA_BLUE.jpg HTTP/1.1" 200 25303 "https://myideas.pt/" "Mozilla/5.0 (X11; CrOS x86_64 14541.0.0) AppleWebKit/537.36 (KHTML, like Gecko) Chrome/148.0.0.0 Safari/537.36"
213.58.128.81 - - [06/Jun/2026:13:44:56 +0200] "GET /wp-content/uploads/2024/06/MYIDEAS_PR_BLUE.jpg HTTP/1.1" 200 22524 "https://myideas.pt/" "Mozilla/5.0 (X11; CrOS x86_64 14541.0.0) AppleWebKit/537.36 (KHTML, like Gecko) Chrome/148.0.0.0 Safari/537.36"
213.58.128.81 - - [06/Jun/2026:13:44:56 +0200] "GET /wp-content/uploads/2024/06/MYIDEAS_GOOGLE_ADS_BLUE.jpg HTTP/1.1" 200 25461 "https://myideas.pt/" "Mozilla/5.0 (X11; CrOS x86_64 14541.0.0) AppleWebKit/537.36 (KHTML, like Gecko) Chrome/148.0.0.0 Safari/537.36"
213.58.128.81 - - [06/Jun/2026:13:44:56 +0200] "GET /wp-content/uploads/2024/06/COLLABORATIVE_MODELS_MYIDEAS_PROJECT-BASED_COLLABORATION.svg HTTP/1.1" 200 2978 "https://myideas.pt/" "Mozilla/5.0 (X11; CrOS x86_64 14541.0.0) AppleWebKit/537.36 (KHTML, like Gecko) Chrome/148.0.0.0 Safari/537.36"
213.58.128.81 - - [06/Jun/2026:13:44:56 +0200] "GET /wp-content/uploads/2024/06/COLLABORATIVE_MODELS_MYIDEAS_HYBRID_MODEL.svg HTTP/1.1" 200 2461 "https://myideas.pt/" "Mozilla/5.0 (X11; CrOS x86_64 14541.0.0) AppleWebKit/537.36 (KHTML, like Gecko) Chrome/148.0.0.0 Safari/537.36"
213.58.128.81 - - [06/Jun/2026:13:44:56 +0200] "GET /wp-content/uploads/2024/06/COLLABORATIVE_MODELS_MYIDEAS_RETAINER-BASED_MODEL.svg HTTP/1.1" 200 2800 "https://myideas.pt/" "Mozilla/5.0 (X11; CrOS x86_64 14541.0.0) AppleWebKit/537.36 (KHTML, like Gecko) Chrome/148.0.0.0 Safari/537.36"
213.58.128.81 - - [06/Jun/2026:13:44:56 +0200] "GET /wp-content/uploads/2024/06/COLLABORATIVE_MODELS_MYIDEAS_CONSULTING_AND_TRAINING.svg HTTP/1.1" 200 2450 "https://myideas.pt/" "Mozilla/5.0 (X11; CrOS x86_64 14541.0.0) AppleWebKit/537.36 (KHTML, like Gecko) Chrome/148.0.0.0 Safari/537.36"
213.58.128.81 - - [06/Jun/2026:13:44:56 +0200] "GET /wp-content/uploads/2024/06/ASPAS_TESTEMUNHOS_CLIENTES_MYIDEAS.svg HTTP/1.1" 200 1045 "https://myideas.pt/" "Mozilla/5.0 (X11; CrOS x86_64 14541.0.0) AppleWebKit/537.36 (KHTML, like Gecko) Chrome/148.0.0.0 Safari/537.36"
213.58.128.81 - - [06/Jun/2026:13:44:56 +0200] "GET /wp-content/uploads/2024/06/MYIDEAS_WORK_WITH_US.jpg HTTP/1.1" 200 396530 "https://myideas.pt/" "Mozilla/5.0 (X11; CrOS x86_64 14541.0.0) AppleWebKit/537.36 (KHTML, like Gecko) Chrome/148.0.0.0 Safari/537.36"
213.58.128.81 - - [06/Jun/2026:13:44:56 +0200] "GET /wp-content/uploads/2024/06/MYIDEAS_WORK_FOR_US.jpg HTTP/1.1" 200 571826 "https://myideas.pt/" "Mozilla/5.0 (X11; CrOS x86_64 14541.0.0) AppleWebKit/537.36 (KHTML, like Gecko) Chrome/148.0.0.0 Safari/537.36"
213.58.128.81 - - [06/Jun/2026:13:44:56 +0200] "GET /wp-content/uploads/2024/06/MYIDEAS_VIDEO_HOMEPAGE.mov HTTP/1.1" 206 25095 "https://myideas.pt/" "Mozilla/5.0 (X11; CrOS x86_64 14541.0.0) AppleWebKit/537.36 (KHTML, like Gecko) Chrome/148.0.0.0 Safari/537.36"
213.58.128.81 - - [06/Jun/2026:13:44:56 +0200] "GET /wp-content/uploads/2024/06/MYIDEAS_VIDEO_HOMEPAGE.mov HTTP/1.1" 206 5603050 "https://myideas.pt/" "Mozilla/5.0 (X11; CrOS x86_64 14541.0.0) AppleWebKit/537.36 (KHTML, like Gecko) Chrome/148.0.0.0 Safari/537.36"
213.58.128.81 - - [06/Jun/2026:13:44:56 +0200] "GET /wp-content/uploads/2024/06/MYIDEAS_VIDEO_HOMEPAGE.mov HTTP/1.1" 206 25095 "https://myideas.pt/" "Mozilla/5.0 (X11; CrOS x86_64 14541.0.0) AppleWebKit/537.36 (KHTML, like Gecko) Chrome/148.0.0.0 Safari/537.36"
66.249.68.167 - - [06/Jun/2026:13:44:56 +0200] "GET / HTTP/1.1" 301 5 "-" "GoogleOther"
213.58.128.81 - - [06/Jun/2026:13:44:56 +0200] "GET /wp-content/uploads/2024/07/FAVICON_MYIDEAS-150x150.jpg HTTP/1.1" 200 3437 "https://myideas.pt/" "Mozilla/5.0 (X11; CrOS x86_64 14541.0.0) AppleWebKit/537.36 (KHTML, like Gecko) Chrome/148.0.0.0 Safari/537.36"
213.58.128.81 - - [06/Jun/2026:13:44:56 +0200] "GET /wp-content/uploads/2024/06/MYIDEAS_VIDEO_HOMEPAGE.mov HTTP/1.1" 206 8798486 "https://myideas.pt/" "Mozilla/5.0 (X11; CrOS x86_64 14541.0.0) AppleWebKit/537.36 (KHTML, like Gecko) Chrome/148.0.0.0 Safari/537.36"
66.249.68.166 - - [06/Jun/2026:13:44:57 +0200] "GET / HTTP/1.1" 301 5 "-" "GoogleOther"
66.249.79.130 - - [06/Jun/2026:13:44:57 +0200] "GET / HTTP/1.1" 200 23869 "-" "GoogleOther"
66.249.79.130 - - [06/Jun/2026:13:44:57 +0200] "GET / HTTP/1.1" 200 23869 "-" "GoogleOther"
66.249.79.130 - - [06/Jun/2026:13:44:57 +0200] "GET / HTTP/1.1" 200 23869 "-" "GoogleOther"
66.249.79.131 - - [06/Jun/2026:13:44:58 +0200] "GET / HTTP/1.1" 200 23869 "-" "GoogleOther"
66.249.68.168 - - [06/Jun/2026:13:44:59 +0200] "GET / HTTP/1.1" 301 5 "-" "GoogleOther"
66.249.68.168 - - [06/Jun/2026:13:44:59 +0200] "GET / HTTP/1.1" 301 5 "-" "GoogleOther"
66.249.79.131 - - [06/Jun/2026:13:45:00 +0200] "GET / HTTP/1.1" 200 23869 "-" "GoogleOther"
66.249.79.130 - - [06/Jun/2026:13:45:00 +0200] "GET / HTTP/1.1" 200 23869 "-" "GoogleOther"
66.249.79.130 - - [06/Jun/2026:13:45:01 +0200] "GET / HTTP/1.1" 200 23869 "-" "GoogleOther"
66.249.79.130 - - [06/Jun/2026:13:45:02 +0200] "GET / HTTP/1.1" 200 23869 "-" "GoogleOther"
66.249.68.168 - - [06/Jun/2026:13:45:03 +0200] "GET / HTTP/1.1" 301 5 "-" "GoogleOther"
66.249.79.130 - - [06/Jun/2026:13:45:04 +0200] "GET / HTTP/1.1" 200 23869 "-" "GoogleOther"
66.249.68.168 - - [06/Jun/2026:13:45:04 +0200] "GET / HTTP/1.1" 301 5 "-" "GoogleOther"
66.249.79.129 - - [06/Jun/2026:13:45:04 +0200] "GET / HTTP/1.1" 200 23869 "-" "GoogleOther"
66.249.79.130 - - [06/Jun/2026:13:45:04 +0200] "GET / HTTP/1.1" 200 23869 "-" "GoogleOther"
66.249.79.129 - - [06/Jun/2026:13:45:06 +0200] "GET / HTTP/1.1" 200 23869 "-" "GoogleOther"
66.249.79.129 - - [06/Jun/2026:13:45:07 +0200] "GET / HTTP/1.1" 200 23869 "-" "GoogleOther"
213.58.128.81 - - [06/Jun/2026:13:45:07 +0200] "GET /branding/ HTTP/1.1" 200 15687 "https://myideas.pt/" "Mozilla/5.0 (X11; CrOS x86_64 14541.0.0) AppleWebKit/537.36 (KHTML, like Gecko) Chrome/148.0.0.0 Safari/537.36"
213.58.128.81 - - [06/Jun/2026:13:45:07 +0200] "GET /wp-content/cache/wpo-minify/1780673871/assets/wpo-minify-footer-38f725ad.min.js HTTP/1.1" 200 83926 "https://myideas.pt/branding/" "Mozilla/5.0 (X11; CrOS x86_64 14541.0.0) AppleWebKit/537.36 (KHTML, like Gecko) Chrome/148.0.0.0 Safari/537.36"
213.58.128.81 - - [06/Jun/2026:13:45:07 +0200] "GET /wp-content/uploads/2024/06/WHAT_WE_DO_BRANDING_MYIDEAS_1.jpg HTTP/1.1" 200 325489 "https://myideas.pt/branding/" "Mozilla/5.0 (X11; CrOS x86_64 14541.0.0) AppleWebKit/537.36 (KHTML, like Gecko) Chrome/148.0.0.0 Safari/537.36"
213.58.128.81 - - [06/Jun/2026:13:45:07 +0200] "GET /wp-content/uploads/2024/06/WHAT_WE_DO_BRANDING.jpg HTTP/1.1" 200 3944 "https://myideas.pt/branding/" "Mozilla/5.0 (X11; CrOS x86_64 14541.0.0) AppleWebKit/537.36 (KHTML, like Gecko) Chrome/148.0.0.0 Safari/537.36"
213.58.128.81 - - [06/Jun/2026:13:45:07 +0200] "GET /wp-content/uploads/2024/06/BRAND_PURPOSE_STRATEGY_1.svg HTTP/1.1" 200 1309 "https://myideas.pt/branding/" "Mozilla/5.0 (X11; CrOS x86_64 14541.0.0) AppleWebKit/537.36 (KHTML, like Gecko) Chrome/148.0.0.0 Safari/537.36"
213.58.128.81 - - [06/Jun/2026:13:45:07 +0200] "GET /wp-content/uploads/2024/06/SUSTAINABLE_CORPORATE_IDENTITY.svg HTTP/1.1" 200 1689 "https://myideas.pt/branding/" "Mozilla/5.0 (X11; CrOS x86_64 14541.0.0) AppleWebKit/537.36 (KHTML, like Gecko) Chrome/148.0.0.0 Safari/537.36"
213.58.128.81 - - [06/Jun/2026:13:45:07 +0200] "GET /wp-content/uploads/2024/06/CREATIVE_DESIGN.svg HTTP/1.1" 200 1242 "https://myideas.pt/branding/" "Mozilla/5.0 (X11; CrOS x86_64 14541.0.0) AppleWebKit/537.36 (KHTML, like Gecko) Chrome/148.0.0.0 Safari/537.36"
213.58.128.81 - - [06/Jun/2026:13:45:07 +0200] "GET /wp-content/uploads/2024/06/STORYTELLING.svg HTTP/1.1" 200 1184 "https://myideas.pt/branding/" "Mozilla/5.0 (X11; CrOS x86_64 14541.0.0) AppleWebKit/537.36 (KHTML, like Gecko) Chrome/148.0.0.0 Safari/537.36"
213.58.128.81 - - [06/Jun/2026:13:45:07 +0200] "GET /wp-content/uploads/2024/06/WHAT_WE_DO_BRANDING_MYIDEAS_2.jpg HTTP/1.1" 200 1019451 "https://myideas.pt/branding/" "Mozilla/5.0 (X11; CrOS x86_64 14541.0.0) AppleWebKit/537.36 (KHTML, like Gecko) Chrome/148.0.0.0 Safari/537.36"
66.249.79.129 - - [06/Jun/2026:13:45:08 +0200] "GET / HTTP/1.1" 200 23869 "-" "GoogleOther"
66.249.79.129 - - [06/Jun/2026:13:45:13 +0200] "GET / HTTP/1.1" 200 23869 "-" "GoogleOther"
66.249.79.129 - - [06/Jun/2026:13:45:13 +0200] "GET / HTTP/1.1" 200 23869 "-" "GoogleOther"
213.58.128.81 - - [06/Jun/2026:13:45:14 +0200] "GET /wp-content/uploads/2024/06/MYIDEAS_LOGO_WHITE.svg HTTP/1.1" 200 749 "https://myideas.pt/branding/" "Mozilla/5.0 (X11; CrOS x86_64 14541.0.0) AppleWebKit/537.36 (KHTML, like Gecko) Chrome/148.0.0.0 Safari/537.36"
75.119.139.177 - - [06/Jun/2026:13:46:12 +0200] "POST /wp-cron.php?doing_wp_cron=1780746372.1435320377349853515625 HTTP/1.1" 200 31 "-" "WordPress/7.0; https://myideas.pt"
43.230.201.87 - - [06/Jun/2026:13:46:12 +0200] "GET /wp-login.php HTTP/1.1" 200 2256 "-" "Mozilla/5.0 (X11; Fedora; Linux x86_64) AppleWebKit/537.36 (KHTML, like Gecko) Chrome/133.0.0.0 Safari/537.36"
43.230.201.87 - - [06/Jun/2026:13:46:14 +0200] "POST /wp-login.php HTTP/1.1" 200 2387 "https://www.myideas.pt/wp-login.php" "Mozilla/5.0 (X11; Fedora; Linux x86_64) AppleWebKit/537.36 (KHTML, like Gecko) Chrome/133.0.0.0 Safari/537.36"
213.58.128.81 - - [06/Jun/2026:13:46:22 +0200] "GET /work-portfolio/ HTTP/1.1" 200 17756 "https://myideas.pt/branding/" "Mozilla/5.0 (X11; CrOS x86_64 14541.0.0) AppleWebKit/537.36 (KHTML, like Gecko) Chrome/148.0.0.0 Safari/537.36"
213.58.128.81 - - [06/Jun/2026:13:46:22 +0200] "GET /wp-content/uploads/2025/11/MYIDEAS_WEBSITE_MEANINGFUL_1-1024x768.jpg HTTP/1.1" 200 76267 "https://myideas.pt/work-portfolio/" "Mozilla/5.0 (X11; CrOS x86_64 14541.0.0) AppleWebKit/537.36 (KHTML, like Gecko) Chrome/148.0.0.0 Safari/537.36"
213.58.128.81 - - [06/Jun/2026:13:46:22 +0200] "GET /wp-content/uploads/2025/11/MYIDEAS_EUREST_1-1024x768.jpg HTTP/1.1" 200 72963 "https://myideas.pt/work-portfolio/" "Mozilla/5.0 (X11; CrOS x86_64 14541.0.0) AppleWebKit/537.36 (KHTML, like Gecko) Chrome/148.0.0.0 Safari/537.36"
213.58.128.81 - - [06/Jun/2026:13:46:22 +0200] "GET /wp-content/uploads/2024/07/MYIDEAS_UENJI_ARENA_BRANDING_1-1000x750.jpg HTTP/1.1" 200 30003 "https://myideas.pt/work-portfolio/" "Mozilla/5.0 (X11; CrOS x86_64 14541.0.0) AppleWebKit/537.36 (KHTML, like Gecko) Chrome/148.0.0.0 Safari/537.36"
213.58.128.81 - - [06/Jun/2026:13:46:22 +0200] "GET /wp-content/uploads/2024/07/MYIDEAS_BRANDING_TALIA_1-1000x750.jpg HTTP/1.1" 200 28425 "https://myideas.pt/work-portfolio/" "Mozilla/5.0 (X11; CrOS x86_64 14541.0.0) AppleWebKit/537.36 (KHTML, like Gecko) Chrome/148.0.0.0 Safari/537.36"
213.58.128.81 - - [06/Jun/2026:13:46:22 +0200] "GET /wp-content/uploads/2025/11/MYIDEAS_WEBSITE_BSO_1-1000x750.jpg HTTP/1.1" 200 54357 "https://myideas.pt/work-portfolio/" "Mozilla/5.0 (X11; CrOS x86_64 14541.0.0) AppleWebKit/537.36 (KHTML, like Gecko) Chrome/148.0.0.0 Safari/537.36"
213.58.128.81 - - [06/Jun/2026:13:46:22 +0200] "GET /wp-content/uploads/2024/07/MYIDEAS_REBRANDING_STOA_1-1000x750.jpg HTTP/1.1" 200 32052 "https://myideas.pt/work-portfolio/" "Mozilla/5.0 (X11; CrOS x86_64 14541.0.0) AppleWebKit/537.36 (KHTML, like Gecko) Chrome/148.0.0.0 Safari/537.36"
213.58.128.81 - - [06/Jun/2026:13:46:22 +0200] "GET /wp-content/uploads/2025/03/MYIDEAS_BROCHURE_MAP_GROUP_1-1000x750.jpg HTTP/1.1" 200 33194 "https://myideas.pt/work-portfolio/" "Mozilla/5.0 (X11; CrOS x86_64 14541.0.0) AppleWebKit/537.36 (KHTML, like Gecko) Chrome/148.0.0.0 Safari/537.36"
213.58.128.81 - - [06/Jun/2026:13:46:22 +0200] "GET /wp-content/uploads/2025/07/MYDEAS_HOSY_WEBSITE_1-1000x750.jpg HTTP/1.1" 200 104230 "https://myideas.pt/work-portfolio/" "Mozilla/5.0 (X11; CrOS x86_64 14541.0.0) AppleWebKit/537.36 (KHTML, like Gecko) Chrome/148.0.0.0 Safari/537.36"
213.58.128.81 - - [06/Jun/2026:13:46:22 +0200] "GET /wp-content/uploads/2024/11/MYIDEAS_EUREST_1-1000x750.jpg HTTP/1.1" 200 106709 "https://myideas.pt/work-portfolio/" "Mozilla/5.0 (X11; CrOS x86_64 14541.0.0) AppleWebKit/537.36 (KHTML, like Gecko) Chrome/148.0.0.0 Safari/537.36"
213.58.128.81 - - [06/Jun/2026:13:46:22 +0200] "GET /wp-content/uploads/2024/11/MYIDEAS_DCG_WEBSITE_1-1000x750.jpg HTTP/1.1" 200 45949 "https://myideas.pt/work-portfolio/" "Mozilla/5.0 (X11; CrOS x86_64 14541.0.0) AppleWebKit/537.36 (KHTML, like Gecko) Chrome/148.0.0.0 Safari/537.36"
213.58.128.81 - - [06/Jun/2026:13:46:22 +0200] "GET /wp-content/uploads/2025/03/MYIDEAS_JFG_WEBSITE_1-1000x750.jpg HTTP/1.1" 200 83127 "https://myideas.pt/work-portfolio/" "Mozilla/5.0 (X11; CrOS x86_64 14541.0.0) AppleWebKit/537.36 (KHTML, like Gecko) Chrome/148.0.0.0 Safari/537.36"
213.58.128.81 - - [06/Jun/2026:13:46:22 +0200] "GET /wp-content/uploads/2025/03/MYIDEAS_PAROQUIA_TELHEIRAS_WEBSITE_1-1000x750.jpg HTTP/1.1" 200 44486 "https://myideas.pt/work-portfolio/" "Mozilla/5.0 (X11; CrOS x86_64 14541.0.0) AppleWebKit/537.36 (KHTML, like Gecko) Chrome/148.0.0.0 Safari/537.36"
213.58.128.81 - - [06/Jun/2026:13:46:22 +0200] "GET /wp-content/uploads/2024/07/MYIDEAS_EUREST_SUSTAINABILITY_REPORT_1A-1000x750.jpg HTTP/1.1" 200 61598 "https://myideas.pt/work-portfolio/" "Mozilla/5.0 (X11; CrOS x86_64 14541.0.0) AppleWebKit/537.36 (KHTML, like Gecko) Chrome/148.0.0.0 Safari/537.36"
66.249.79.129 - - [06/Jun/2026:13:46:22 +0200] "GET / HTTP/1.1" 200 23869 "-" "GoogleOther"
66.249.79.131 - - [06/Jun/2026:13:46:25 +0200] "GET / HTTP/1.1" 200 23869 "-" "GoogleOther"
66.249.79.130 - - [06/Jun/2026:13:46:25 +0200] "GET / HTTP/1.1" 200 23869 "-" "GoogleOther"
213.58.128.81 - - [06/Jun/2026:13:46:47 +0200] "GET /wp-content/uploads/2024/07/MYIDEAS_ANGOLA_ECONOMIC_OUTLOOK_BRANDING_1-1000x750.jpg HTTP/1.1" 200 34006 "https://myideas.pt/work-portfolio/" "Mozilla/5.0 (X11; CrOS x86_64 14541.0.0) AppleWebKit/537.36 (KHTML, like Gecko) Chrome/148.0.0.0 Safari/537.36"
213.58.128.81 - - [06/Jun/2026:13:46:47 +0200] "GET /wp-content/uploads/2024/07/MYIDEAS_FEITO_EM_ANGOLA_WEBSITES_1A-1000x750.jpg HTTP/1.1" 200 63262 "https://myideas.pt/work-portfolio/" "Mozilla/5.0 (X11; CrOS x86_64 14541.0.0) AppleWebKit/537.36 (KHTML, like Gecko) Chrome/148.0.0.0 Safari/537.36"
213.58.128.81 - - [06/Jun/2026:13:46:47 +0200] "GET /wp-content/uploads/2024/07/MYDEAS_CME_LANDING_PAGE_RAMAIS-1000x750.jpg HTTP/1.1" 200 38680 "https://myideas.pt/work-portfolio/" "Mozilla/5.0 (X11; CrOS x86_64 14541.0.0) AppleWebKit/537.36 (KHTML, like Gecko) Chrome/148.0.0.0 Safari/537.36"
213.58.128.81 - - [06/Jun/2026:13:46:47 +0200] "GET /wp-content/uploads/2024/07/MYIDEAS_MAP_ENGENHARIA_CORPORATE_BROCHURE_1-1000x750.jpg HTTP/1.1" 200 63243 "https://myideas.pt/work-portfolio/" "Mozilla/5.0 (X11; CrOS x86_64 14541.0.0) AppleWebKit/537.36 (KHTML, like Gecko) Chrome/148.0.0.0 Safari/537.36"
213.58.128.81 - - [06/Jun/2026:13:46:54 +0200] "GET /wp-content/uploads/2024/07/MYIDEAS_URBANOS_WEBSITE-1000x750.jpg HTTP/1.1" 200 52710 "https://myideas.pt/work-portfolio/" "Mozilla/5.0 (X11; CrOS x86_64 14541.0.0) AppleWebKit/537.36 (KHTML, like Gecko) Chrome/148.0.0.0 Safari/537.36"
