111.225.149.152 - - [06/Jun/2026:02:33:52 +0200] "GET /wp-content/plugins/woocommerce/assets/js/frontend/woocommerce.min.js?ver=10.2.2 HTTP/1.1" 200 1488 "https://www.baudefruta.pt/" "Mozilla/5.0 (Linux; Android 5.0) AppleWebKit/537.36 (KHTML, like Gecko) Mobile Safari/537.36 (compatible; Bytespider; https://zhanzhang.toutiao.com/)"
111.225.149.244 - - [06/Jun/2026:02:33:52 +0200] "GET /wp-content/uploads/2021/05/logo-bau_1-01b.svg HTTP/1.1" 206 500 "https://www.baudefruta.pt/" "Mozilla/5.0 (Linux; Android 5.0) AppleWebKit/537.36 (KHTML, like Gecko) Mobile Safari/537.36 (compatible; Bytespider; https://zhanzhang.toutiao.com/)"
111.225.149.97 - - [06/Jun/2026:02:33:52 +0200] "GET /wp-content/uploads/2021/05/bau_produto-tutti-2-uai-572x381.jpg HTTP/1.1" 206 500 "https://www.baudefruta.pt/" "Mozilla/5.0 (Linux; Android 5.0) AppleWebKit/537.36 (KHTML, like Gecko) Mobile Safari/537.36 (compatible; Bytespider; https://zhanzhang.toutiao.com/)"
111.225.149.49 - - [06/Jun/2026:02:33:52 +0200] "GET /wp-content/uploads/2023/12/BauFruta_narizvermelho_home.png HTTP/1.1" 206 500 "https://www.baudefruta.pt/" "Mozilla/5.0 (Linux; Android 5.0) AppleWebKit/537.36 (KHTML, like Gecko) Mobile Safari/537.36 (compatible; Bytespider; https://zhanzhang.toutiao.com/)"
111.225.149.152 - - [06/Jun/2026:02:33:52 +0200] "GET /wp-content/uploads/2021/07/bau_mb_mbway.svg HTTP/1.1" 206 500 "https://www.baudefruta.pt/" "Mozilla/5.0 (Linux; Android 5.0) AppleWebKit/537.36 (KHTML, like Gecko) Mobile Safari/537.36 (compatible; Bytespider; https://zhanzhang.toutiao.com/)"
111.225.149.244 - - [06/Jun/2026:02:33:52 +0200] "GET /wp-content/uploads/2021/05/bau_livroreclamacoes.svg HTTP/1.1" 206 500 "https://www.baudefruta.pt/" "Mozilla/5.0 (Linux; Android 5.0) AppleWebKit/537.36 (KHTML, like Gecko) Mobile Safari/537.36 (compatible; Bytespider; https://zhanzhang.toutiao.com/)"
111.225.149.97 - - [06/Jun/2026:02:33:52 +0200] "GET /wp-content/uploads/2021/05/logo-bau_1-01b.svg HTTP/1.1" 304 0 "https://www.baudefruta.pt/" "Mozilla/5.0 (Linux; Android 5.0) AppleWebKit/537.36 (KHTML, like Gecko) Mobile Safari/537.36 (compatible; Bytespider; https://zhanzhang.toutiao.com/)"
111.225.149.244 - - [06/Jun/2026:02:33:53 +0200] "GET /wp-content/uploads/2021/05/bau_livroreclamacoes.svg HTTP/1.1" 304 0 "https://www.baudefruta.pt/" "Mozilla/5.0 (Linux; Android 5.0) AppleWebKit/537.36 (KHTML, like Gecko) Mobile Safari/537.36 (compatible; Bytespider; https://zhanzhang.toutiao.com/)"
111.225.149.97 - - [06/Jun/2026:02:33:53 +0200] "GET /wp-content/uploads/2021/05/logo-bau_1-01b.svg HTTP/1.1" 200 12888 "https://www.baudefruta.pt/" "Mozilla/5.0 (Linux; Android 5.0) AppleWebKit/537.36 (KHTML, like Gecko) Mobile Safari/537.36 (compatible; Bytespider; https://zhanzhang.toutiao.com/)"
111.225.149.244 - - [06/Jun/2026:02:33:53 +0200] "GET /wp-content/uploads/2021/05/bau_livroreclamacoes.svg HTTP/1.1" 200 2886 "https://www.baudefruta.pt/" "Mozilla/5.0 (Linux; Android 5.0) AppleWebKit/537.36 (KHTML, like Gecko) Mobile Safari/537.36 (compatible; Bytespider; https://zhanzhang.toutiao.com/)"
111.225.149.152 - - [06/Jun/2026:02:33:53 +0200] "GET /wp-content/uploads/2021/07/bau_mb_mbway.svg HTTP/1.1" 304 0 "https://www.baudefruta.pt/" "Mozilla/5.0 (Linux; Android 5.0) AppleWebKit/537.36 (KHTML, like Gecko) Mobile Safari/537.36 (compatible; Bytespider; https://zhanzhang.toutiao.com/)"
111.225.149.152 - - [06/Jun/2026:02:33:53 +0200] "GET /wp-content/uploads/2021/07/bau_mb_mbway.svg HTTP/1.1" 200 5318 "https://www.baudefruta.pt/" "Mozilla/5.0 (Linux; Android 5.0) AppleWebKit/537.36 (KHTML, like Gecko) Mobile Safari/537.36 (compatible; Bytespider; https://zhanzhang.toutiao.com/)"
216.73.217.23 - - [06/Jun/2026:02:33:54 +0200] "GET /produto/amendoa-caramelizada/?add-to-cart=825 HTTP/1.1" 200 59219 "-" "Mozilla/5.0 AppleWebKit/537.36 (KHTML, like Gecko; compatible; ClaudeBot/1.0; +claudebot@anthropic.com)"
216.73.217.23 - - [06/Jun/2026:02:33:56 +0200] "GET /loja/page/4/?doing_wp_cron=1759043873.1749200820922851562500 HTTP/1.1" 200 59535 "-" "Mozilla/5.0 AppleWebKit/537.36 (KHTML, like Gecko; compatible; ClaudeBot/1.0; +claudebot@anthropic.com)"
216.73.217.23 - - [06/Jun/2026:02:34:00 +0200] "GET /produto/amendoa-caramelizada/?add-to-cart=727 HTTP/1.1" 200 59473 "-" "Mozilla/5.0 AppleWebKit/537.36 (KHTML, like Gecko; compatible; ClaudeBot/1.0; +claudebot@anthropic.com)"
216.73.217.23 - - [06/Jun/2026:02:34:03 +0200] "GET /produto/feijao-verde-largo/?add-to-cart=561 HTTP/1.1" 200 59683 "-" "Mozilla/5.0 AppleWebKit/537.36 (KHTML, like Gecko; compatible; ClaudeBot/1.0; +claudebot@anthropic.com)"
216.73.217.23 - - [06/Jun/2026:02:34:06 +0200] "GET /produto/ovos-cal-l-2/?add-to-cart=507 HTTP/1.1" 200 59834 "-" "Mozilla/5.0 AppleWebKit/537.36 (KHTML, like Gecko; compatible; ClaudeBot/1.0; +claudebot@anthropic.com)"
216.73.217.23 - - [06/Jun/2026:02:34:08 +0200] "GET /produto/batata-doce-cor-de-laranja/?add-to-cart=4236 HTTP/1.1" 302 11 "-" "Mozilla/5.0 AppleWebKit/537.36 (KHTML, like Gecko; compatible; ClaudeBot/1.0; +claudebot@anthropic.com)"
216.73.217.23 - - [06/Jun/2026:02:34:09 +0200] "GET /produto/batata-doce-cor-de-laranja/?add-to-cart=4236&doing_wp_cron=1780706048.7885370254516601562500 HTTP/1.1" 200 60269 "https://www.baudefruta.pt/produto/batata-doce-cor-de-laranja/?add-to-cart=4236" "Mozilla/5.0 AppleWebKit/537.36 (KHTML, like Gecko; compatible; ClaudeBot/1.0; +claudebot@anthropic.com)"
216.73.217.23 - - [06/Jun/2026:02:34:12 +0200] "GET /produto/feijao-verde-largo/?add-to-cart=460 HTTP/1.1" 200 60251 "-" "Mozilla/5.0 AppleWebKit/537.36 (KHTML, like Gecko; compatible; ClaudeBot/1.0; +claudebot@anthropic.com)"
110.249.201.56 - - [06/Jun/2026:02:34:14 +0200] "GET /categoria-produto/frescos/frutas/page/2/?doing_wp_cron=1777676482.9751698970794677734375&orderby=menu_order HTTP/1.1" 200 59111 "-" "Mozilla/5.0 (Linux; Android 5.0) AppleWebKit/537.36 (KHTML, like Gecko) Mobile Safari/537.36 (compatible; Bytespider; https://zhanzhang.toutiao.com/)"
216.73.217.23 - - [06/Jun/2026:02:34:15 +0200] "GET /produto/sortido-de-gomas-brilho/?add-to-cart=727 HTTP/1.1" 200 60398 "-" "Mozilla/5.0 AppleWebKit/537.36 (KHTML, like Gecko; compatible; ClaudeBot/1.0; +claudebot@anthropic.com)"
110.249.201.56 - - [06/Jun/2026:02:34:15 +0200] "GET /wp-content/plugins/woo-keyinvoice-integration/public/css/woo-keyinvoice-integration-public.css?ver=1.0.0 HTTP/1.1" 200 98 "https://www.baudefruta.pt/categoria-produto/frescos/frutas/page/2/?doing_wp_cron=1777676482.9751698970794677734375&orderby=menu_order" "Mozilla/5.0 (Linux; Android 5.0) AppleWebKit/537.36 (KHTML, like Gecko) Mobile Safari/537.36 (compatible; Bytespider; https://zhanzhang.toutiao.com/)"
110.249.201.56 - - [06/Jun/2026:02:34:15 +0200] "GET /wp-content/plugins/woocommerce/assets/js/jquery-blockui/jquery.blockUI.min.js?ver=2.7.0-wc.10.2.2 HTTP/1.1" 200 3559 "https://www.baudefruta.pt/categoria-produto/frescos/frutas/page/2/?doing_wp_cron=1777676482.9751698970794677734375&orderby=menu_order" "Mozilla/5.0 (Linux; Android 5.0) AppleWebKit/537.36 (KHTML, like Gecko) Mobile Safari/537.36 (compatible; Bytespider; https://zhanzhang.toutiao.com/)"
110.249.201.194 - - [06/Jun/2026:02:34:15 +0200] "GET /wp-content/uploads/2021/06/MB001-melao_branco-nacional-uai-472x472.jpg HTTP/1.1" 206 500 "https://www.baudefruta.pt/categoria-produto/frescos/frutas/page/2/?doing_wp_cron=1777676482.9751698970794677734375&orderby=menu_order" "Mozilla/5.0 (Linux; Android 5.0) AppleWebKit/537.36 (KHTML, like Gecko) Mobile Safari/537.36 (compatible; Bytespider; https://zhanzhang.toutiao.com/)"
110.249.201.56 - - [06/Jun/2026:02:34:16 +0200] "GET /wp-content/uploads/2021/06/MV001-melao-verde-uai-354x354.jpg HTTP/1.1" 206 500 "https://www.baudefruta.pt/categoria-produto/frescos/frutas/page/2/?doing_wp_cron=1777676482.9751698970794677734375&orderby=menu_order" "Mozilla/5.0 (Linux; Android 5.0) AppleWebKit/537.36 (KHTML, like Gecko) Mobile Safari/537.36 (compatible; Bytespider; https://zhanzhang.toutiao.com/)"
110.249.201.194 - - [06/Jun/2026:02:34:16 +0200] "GET /wp-content/plugins/uncode-daves-wordpress-live-search/js/daves-wordpress-live-search.js?ver=6.9.1 HTTP/1.1" 200 3692 "https://www.baudefruta.pt/categoria-produto/frescos/frutas/page/2/?doing_wp_cron=1777676482.9751698970794677734375&orderby=menu_order" "Mozilla/5.0 (Linux; Android 5.0) AppleWebKit/537.36 (KHTML, like Gecko) Mobile Safari/537.36 (compatible; Bytespider; https://zhanzhang.toutiao.com/)"
110.249.201.131 - - [06/Jun/2026:02:34:16 +0200] "GET /wp-content/plugins/duracelltomi-google-tag-manager/dist/js/gtm4wp-woocommerce.js?ver=1.22.3 HTTP/1.1" 200 3043 "https://www.baudefruta.pt/categoria-produto/frescos/frutas/page/2/?doing_wp_cron=1777676482.9751698970794677734375&orderby=menu_order" "Mozilla/5.0 (Linux; Android 5.0) AppleWebKit/537.36 (KHTML, like Gecko) Mobile Safari/537.36 (compatible; Bytespider; https://zhanzhang.toutiao.com/)"
110.249.201.194 - - [06/Jun/2026:02:34:16 +0200] "GET /wp-content/plugins/woocommerce-products-filter/js/html_types/checkbox.js?ver=2.2.9.4 HTTP/1.1" 200 859 "https://www.baudefruta.pt/categoria-produto/frescos/frutas/page/2/?doing_wp_cron=1777676482.9751698970794677734375&orderby=menu_order" "Mozilla/5.0 (Linux; Android 5.0) AppleWebKit/537.36 (KHTML, like Gecko) Mobile Safari/537.36 (compatible; Bytespider; https://zhanzhang.toutiao.com/)"
110.249.201.56 - - [06/Jun/2026:02:34:16 +0200] "GET /wp-content/plugins/woocommerce-products-filter/js/html_types/radio.js?ver=2.2.9.4 HTTP/1.1" 200 763 "https://www.baudefruta.pt/categoria-produto/frescos/frutas/page/2/?doing_wp_cron=1777676482.9751698970794677734375&orderby=menu_order" "Mozilla/5.0 (Linux; Android 5.0) AppleWebKit/537.36 (KHTML, like Gecko) Mobile Safari/537.36 (compatible; Bytespider; https://zhanzhang.toutiao.com/)"
110.249.201.140 - - [06/Jun/2026:02:34:16 +0200] "GET /wp-includes/js/mediaelement/mediaelement-and-player.min.js?ver=4.2.17 HTTP/1.1" 200 39312 "https://www.baudefruta.pt/categoria-produto/frescos/frutas/page/2/?doing_wp_cron=1777676482.9751698970794677734375&orderby=menu_order" "Mozilla/5.0 (Linux; Android 5.0) AppleWebKit/537.36 (KHTML, like Gecko) Mobile Safari/537.36 (compatible; Bytespider; https://zhanzhang.toutiao.com/)"
110.249.201.194 - - [06/Jun/2026:02:34:16 +0200] "GET /wp-content/uploads/2021/05/logo-bau_1-01b.svg HTTP/1.1" 206 500 "https://www.baudefruta.pt/categoria-produto/frescos/frutas/page/2/?doing_wp_cron=1777676482.9751698970794677734375&orderby=menu_order" "Mozilla/5.0 (Linux; Android 5.0) AppleWebKit/537.36 (KHTML, like Gecko) Mobile Safari/537.36 (compatible; Bytespider; https://zhanzhang.toutiao.com/)"
110.249.201.131 - - [06/Jun/2026:02:34:16 +0200] "GET /wp-content/plugins/woocommerce-products-filter/js/html_types/mselect.js?ver=2.2.9.4 HTTP/1.1" 200 740 "https://www.baudefruta.pt/categoria-produto/frescos/frutas/page/2/?doing_wp_cron=1777676482.9751698970794677734375&orderby=menu_order" "Mozilla/5.0 (Linux; Android 5.0) AppleWebKit/537.36 (KHTML, like Gecko) Mobile Safari/537.36 (compatible; Bytespider; https://zhanzhang.toutiao.com/)"
110.249.201.56 - - [06/Jun/2026:02:34:16 +0200] "GET /wp-content/uploads/2021/06/PC001-nectarina-biologica-uai-752x752.jpg HTTP/1.1" 206 500 "https://www.baudefruta.pt/categoria-produto/frescos/frutas/page/2/?doing_wp_cron=1777676482.9751698970794677734375&orderby=menu_order" "Mozilla/5.0 (Linux; Android 5.0) AppleWebKit/537.36 (KHTML, like Gecko) Mobile Safari/537.36 (compatible; Bytespider; https://zhanzhang.toutiao.com/)"
110.249.201.194 - - [06/Jun/2026:02:34:16 +0200] "GET /wp-content/uploads/2022/06/nectarina-600x601.jpg HTTP/1.1" 206 500 "https://www.baudefruta.pt/categoria-produto/frescos/frutas/page/2/?doing_wp_cron=1777676482.9751698970794677734375&orderby=menu_order" "Mozilla/5.0 (Linux; Android 5.0) AppleWebKit/537.36 (KHTML, like Gecko) Mobile Safari/537.36 (compatible; Bytespider; https://zhanzhang.toutiao.com/)"
110.249.201.131 - - [06/Jun/2026:02:34:16 +0200] "GET /wp-content/uploads/2021/05/logo-bau_1-01b.svg HTTP/1.1" 304 0 "https://www.baudefruta.pt/categoria-produto/frescos/frutas/page/2/?doing_wp_cron=1777676482.9751698970794677734375&orderby=menu_order" "Mozilla/5.0 (Linux; Android 5.0) AppleWebKit/537.36 (KHTML, like Gecko) Mobile Safari/537.36 (compatible; Bytespider; https://zhanzhang.toutiao.com/)"
110.249.201.48 - - [06/Jun/2026:02:34:16 +0200] "GET /wp-content/themes/uncode/library/js/plugins.js?ver=580036716 HTTP/1.1" 200 192564 "https://www.baudefruta.pt/categoria-produto/frescos/frutas/page/2/?doing_wp_cron=1777676482.9751698970794677734375&orderby=menu_order" "Mozilla/5.0 (Linux; Android 5.0) AppleWebKit/537.36 (KHTML, like Gecko) Mobile Safari/537.36 (compatible; Bytespider; https://zhanzhang.toutiao.com/)"
110.249.201.194 - - [06/Jun/2026:02:34:16 +0200] "GET /wp-content/uploads/2022/06/pessego-vermelho-II-600x600.jpg HTTP/1.1" 206 500 "https://www.baudefruta.pt/categoria-produto/frescos/frutas/page/2/?doing_wp_cron=1777676482.9751698970794677734375&orderby=menu_order" "Mozilla/5.0 (Linux; Android 5.0) AppleWebKit/537.36 (KHTML, like Gecko) Mobile Safari/537.36 (compatible; Bytespider; https://zhanzhang.toutiao.com/)"
110.249.201.56 - - [06/Jun/2026:02:34:16 +0200] "GET /wp-content/uploads/2021/06/PPV001-papaia-uai-333x333.jpg HTTP/1.1" 206 500 "https://www.baudefruta.pt/categoria-produto/frescos/frutas/page/2/?doing_wp_cron=1777676482.9751698970794677734375&orderby=menu_order" "Mozilla/5.0 (Linux; Android 5.0) AppleWebKit/537.36 (KHTML, like Gecko) Mobile Safari/537.36 (compatible; Bytespider; https://zhanzhang.toutiao.com/)"
110.249.201.131 - - [06/Jun/2026:02:34:16 +0200] "GET /wp-content/uploads/2021/05/logo-bau_1-01b.svg HTTP/1.1" 200 12888 "https://www.baudefruta.pt/categoria-produto/frescos/frutas/page/2/?doing_wp_cron=1777676482.9751698970794677734375&orderby=menu_order" "Mozilla/5.0 (Linux; Android 5.0) AppleWebKit/537.36 (KHTML, like Gecko) Mobile Safari/537.36 (compatible; Bytespider; https://zhanzhang.toutiao.com/)"
110.249.201.140 - - [06/Jun/2026:02:34:16 +0200] "GET /wp-content/uploads/2021/05/bau_livroreclamacoes.svg HTTP/1.1" 206 500 "https://www.baudefruta.pt/categoria-produto/frescos/frutas/page/2/?doing_wp_cron=1777676482.9751698970794677734375&orderby=menu_order" "Mozilla/5.0 (Linux; Android 5.0) AppleWebKit/537.36 (KHTML, like Gecko) Mobile Safari/537.36 (compatible; Bytespider; https://zhanzhang.toutiao.com/)"
110.249.201.167 - - [06/Jun/2026:02:34:17 +0200] "GET /wp-content/uploads/2021/07/bau_mb_mbway.svg HTTP/1.1" 206 500 "https://www.baudefruta.pt/categoria-produto/frescos/frutas/page/2/?doing_wp_cron=1777676482.9751698970794677734375&orderby=menu_order" "Mozilla/5.0 (Linux; Android 5.0) AppleWebKit/537.36 (KHTML, like Gecko) Mobile Safari/537.36 (compatible; Bytespider; https://zhanzhang.toutiao.com/)"
110.249.201.140 - - [06/Jun/2026:02:34:17 +0200] "GET /wp-content/uploads/2021/05/bau_livroreclamacoes.svg HTTP/1.1" 304 0 "https://www.baudefruta.pt/categoria-produto/frescos/frutas/page/2/?doing_wp_cron=1777676482.9751698970794677734375&orderby=menu_order" "Mozilla/5.0 (Linux; Android 5.0) AppleWebKit/537.36 (KHTML, like Gecko) Mobile Safari/537.36 (compatible; Bytespider; https://zhanzhang.toutiao.com/)"
110.249.201.167 - - [06/Jun/2026:02:34:17 +0200] "GET /wp-content/uploads/2021/07/bau_mb_mbway.svg HTTP/1.1" 304 0 "https://www.baudefruta.pt/categoria-produto/frescos/frutas/page/2/?doing_wp_cron=1777676482.9751698970794677734375&orderby=menu_order" "Mozilla/5.0 (Linux; Android 5.0) AppleWebKit/537.36 (KHTML, like Gecko) Mobile Safari/537.36 (compatible; Bytespider; https://zhanzhang.toutiao.com/)"
110.249.201.167 - - [06/Jun/2026:02:34:17 +0200] "GET /wp-content/uploads/2021/07/bau_mb_mbway.svg HTTP/1.1" 200 5318 "https://www.baudefruta.pt/categoria-produto/frescos/frutas/page/2/?doing_wp_cron=1777676482.9751698970794677734375&orderby=menu_order" "Mozilla/5.0 (Linux; Android 5.0) AppleWebKit/537.36 (KHTML, like Gecko) Mobile Safari/537.36 (compatible; Bytespider; https://zhanzhang.toutiao.com/)"
110.249.201.140 - - [06/Jun/2026:02:34:17 +0200] "GET /wp-content/uploads/2021/05/bau_livroreclamacoes.svg HTTP/1.1" 200 2886 "https://www.baudefruta.pt/categoria-produto/frescos/frutas/page/2/?doing_wp_cron=1777676482.9751698970794677734375&orderby=menu_order" "Mozilla/5.0 (Linux; Android 5.0) AppleWebKit/537.36 (KHTML, like Gecko) Mobile Safari/537.36 (compatible; Bytespider; https://zhanzhang.toutiao.com/)"
216.73.217.23 - - [06/Jun/2026:02:34:18 +0200] "GET /produto/feijao-verde-largo/?add-to-cart=444 HTTP/1.1" 200 60512 "-" "Mozilla/5.0 AppleWebKit/537.36 (KHTML, like Gecko; compatible; ClaudeBot/1.0; +claudebot@anthropic.com)"
216.73.217.23 - - [06/Jun/2026:02:34:21 +0200] "GET /produto/batata-doce-cor-de-laranja/?add-to-cart=581 HTTP/1.1" 302 11 "-" "Mozilla/5.0 AppleWebKit/537.36 (KHTML, like Gecko; compatible; ClaudeBot/1.0; +claudebot@anthropic.com)"
216.73.217.23 - - [06/Jun/2026:02:34:22 +0200] "GET /produto/batata-doce-cor-de-laranja/?add-to-cart=581&doing_wp_cron=1780706061.0453839302062988281250 HTTP/1.1" 200 60820 "https://www.baudefruta.pt/produto/batata-doce-cor-de-laranja/?add-to-cart=581" "Mozilla/5.0 AppleWebKit/537.36 (KHTML, like Gecko; compatible; ClaudeBot/1.0; +claudebot@anthropic.com)"
216.73.217.23 - - [06/Jun/2026:02:34:24 +0200] "GET /produto/peixe-em-saqueta/?add-to-cart=735 HTTP/1.1" 200 60835 "-" "Mozilla/5.0 AppleWebKit/537.36 (KHTML, like Gecko; compatible; ClaudeBot/1.0; +claudebot@anthropic.com)"
216.73.217.23 - - [06/Jun/2026:02:34:27 +0200] "GET /produto/peixe-em-saqueta/?add-to-cart=702 HTTP/1.1" 200 60986 "-" "Mozilla/5.0 AppleWebKit/537.36 (KHTML, like Gecko; compatible; ClaudeBot/1.0; +claudebot@anthropic.com)"
216.73.217.23 - - [06/Jun/2026:02:34:30 +0200] "GET /produto/peixe-em-saqueta/?add-to-cart=933 HTTP/1.1" 200 61173 "-" "Mozilla/5.0 AppleWebKit/537.36 (KHTML, like Gecko; compatible; ClaudeBot/1.0; +claudebot@anthropic.com)"
216.73.217.23 - - [06/Jun/2026:02:34:33 +0200] "GET /produto/meloa-galia/?add-to-cart=1134 HTTP/1.1" 200 61544 "-" "Mozilla/5.0 AppleWebKit/537.36 (KHTML, like Gecko; compatible; ClaudeBot/1.0; +claudebot@anthropic.com)"
216.73.217.23 - - [06/Jun/2026:02:34:36 +0200] "GET /produto/figo-seco-sem-farinha/?add-to-cart=641 HTTP/1.1" 200 61739 "-" "Mozilla/5.0 AppleWebKit/537.36 (KHTML, like Gecko; compatible; ClaudeBot/1.0; +claudebot@anthropic.com)"
216.73.217.23 - - [06/Jun/2026:02:34:39 +0200] "GET /produto/sortido-de-gomas-brilho/?add-to-cart=775 HTTP/1.1" 200 62091 "-" "Mozilla/5.0 AppleWebKit/537.36 (KHTML, like Gecko; compatible; ClaudeBot/1.0; +claudebot@anthropic.com)"
216.73.217.23 - - [06/Jun/2026:02:34:42 +0200] "GET /produto/amendoa-caramelizada/?add-to-cart=891 HTTP/1.1" 200 62194 "-" "Mozilla/5.0 AppleWebKit/537.36 (KHTML, like Gecko; compatible; ClaudeBot/1.0; +claudebot@anthropic.com)"
216.73.217.23 - - [06/Jun/2026:02:34:45 +0200] "GET /produto/amendoa-caramelizada/?add-to-cart=622 HTTP/1.1" 200 62364 "-" "Mozilla/5.0 AppleWebKit/537.36 (KHTML, like Gecko; compatible; ClaudeBot/1.0; +claudebot@anthropic.com)"
216.73.217.23 - - [06/Jun/2026:02:34:49 +0200] "GET /loja/page/7/?add-to-cart=2012&orderby=popularity HTTP/1.1" 200 64925 "-" "Mozilla/5.0 AppleWebKit/537.36 (KHTML, like Gecko; compatible; ClaudeBot/1.0; +claudebot@anthropic.com)"
216.73.217.23 - - [06/Jun/2026:02:34:55 +0200] "GET /loja/page/2/?doing_wp_cron=1765642876.6927409172058105468750&orderby=date HTTP/1.1" 200 60218 "-" "Mozilla/5.0 AppleWebKit/537.36 (KHTML, like Gecko; compatible; ClaudeBot/1.0; +claudebot@anthropic.com)"
216.73.217.23 - - [06/Jun/2026:02:34:58 +0200] "GET /loja/page/2/?add-to-cart=472&orderby=price HTTP/1.1" 200 60896 "-" "Mozilla/5.0 AppleWebKit/537.36 (KHTML, like Gecko; compatible; ClaudeBot/1.0; +claudebot@anthropic.com)"
216.73.217.23 - - [06/Jun/2026:02:35:01 +0200] "GET /loja/page/3/?doing_wp_cron=1765642876.6927409172058105468750&orderby=popularity HTTP/1.1" 200 61001 "-" "Mozilla/5.0 AppleWebKit/537.36 (KHTML, like Gecko; compatible; ClaudeBot/1.0; +claudebot@anthropic.com)"
114.119.149.3 - - [06/Jun/2026:02:35:03 +0200] "GET /produto/tomilho-em-saqueta/?doing_wp_cron=1745478993.8097379207611083984375 HTTP/1.1" 200 57613 "https://www.baudefruta.pt/produto/tomilho-em-saqueta?doing_wp_cron=1745478993.8097379207611083984375" "Mozilla/5.0 (Linux; Android 7.0;) AppleWebKit/537.36 (HTML, like Gecko) Mobile Safari/537.36 (compatible; PetalBot;+https://webmaster.petalsearch.com/site/petalbot)"
216.73.217.23 - - [06/Jun/2026:02:35:06 +0200] "GET /loja/?add-to-cart=589&orderby=price-desc HTTP/1.1" 200 61631 "-" "Mozilla/5.0 AppleWebKit/537.36 (KHTML, like Gecko; compatible; ClaudeBot/1.0; +claudebot@anthropic.com)"
216.73.217.23 - - [06/Jun/2026:02:35:11 +0200] "GET /loja/page/3/?doing_wp_cron=1765642876.6927409172058105468750&orderby=menu_order HTTP/1.1" 200 60835 "-" "Mozilla/5.0 AppleWebKit/537.36 (KHTML, like Gecko; compatible; ClaudeBot/1.0; +claudebot@anthropic.com)"
216.73.217.23 - - [06/Jun/2026:02:35:13 +0200] "GET /loja/page/2/?doing_wp_cron=1765642876.6927409172058105468750&orderby=menu_order HTTP/1.1" 200 61273 "-" "Mozilla/5.0 AppleWebKit/537.36 (KHTML, like Gecko; compatible; ClaudeBot/1.0; +claudebot@anthropic.com)"
216.73.217.23 - - [06/Jun/2026:02:35:15 +0200] "GET /loja/page/11/?doing_wp_cron=1749485637.4724121093750000000000 HTTP/1.1" 200 58877 "-" "Mozilla/5.0 AppleWebKit/537.36 (KHTML, like Gecko; compatible; ClaudeBot/1.0; +claudebot@anthropic.com)"
216.73.217.23 - - [06/Jun/2026:02:35:18 +0200] "GET /loja/page/10/?doing_wp_cron=1749485637.4724121093750000000000 HTTP/1.1" 200 59504 "-" "Mozilla/5.0 AppleWebKit/537.36 (KHTML, like Gecko; compatible; ClaudeBot/1.0; +claudebot@anthropic.com)"
216.73.217.23 - - [06/Jun/2026:02:35:21 +0200] "GET /categoria-produto/mercearia/?add-to-cart=788&orderby=popularity HTTP/1.1" 302 11 "-" "Mozilla/5.0 AppleWebKit/537.36 (KHTML, like Gecko; compatible; ClaudeBot/1.0; +claudebot@anthropic.com)"
216.73.217.23 - - [06/Jun/2026:02:35:23 +0200] "GET /categoria-produto/mercearia/?add-to-cart=788&orderby=popularity&doing_wp_cron=1780706121.6548349857330322265625 HTTP/1.1" 200 61656 "https://www.baudefruta.pt/categoria-produto/mercearia/?add-to-cart=788&orderby=popularity" "Mozilla/5.0 AppleWebKit/537.36 (KHTML, like Gecko; compatible; ClaudeBot/1.0; +claudebot@anthropic.com)"
110.249.201.210 - - [06/Jun/2026:02:35:25 +0200] "GET /loja/page/2/?doing_wp_cron=1777751157.0341439247131347656250&orderby=date HTTP/1.1" 200 60223 "-" "Mozilla/5.0 (Linux; Android 5.0) AppleWebKit/537.36 (KHTML, like Gecko) Mobile Safari/537.36 (compatible; Bytespider; https://zhanzhang.toutiao.com/)"
110.249.201.210 - - [06/Jun/2026:02:35:26 +0200] "GET /wp-content/plugins/woocommerce/assets/client/blocks/wc-blocks.css?ver=wc-10.2.2 HTTP/1.1" 200 2673 "https://www.baudefruta.pt/loja/page/2/?doing_wp_cron=1777751157.0341439247131347656250&orderby=date" "Mozilla/5.0 (Linux; Android 5.0) AppleWebKit/537.36 (KHTML, like Gecko) Mobile Safari/537.36 (compatible; Bytespider; https://zhanzhang.toutiao.com/)"
110.249.201.223 - - [06/Jun/2026:02:35:26 +0200] "GET /wp-includes/css/dist/preferences/style.min.css?ver=6.9.1 HTTP/1.1" 200 1003 "https://www.baudefruta.pt/loja/page/2/?doing_wp_cron=1777751157.0341439247131347656250&orderby=date" "Mozilla/5.0 (Linux; Android 5.0) AppleWebKit/537.36 (KHTML, like Gecko) Mobile Safari/537.36 (compatible; Bytespider; https://zhanzhang.toutiao.com/)"
110.249.201.210 - - [06/Jun/2026:02:35:26 +0200] "GET /wp-content/plugins/dhvc-form/assets/fonts/font-awesome/css/font-awesome.min.css?ver=4.1.0 HTTP/1.1" 200 4747 "https://www.baudefruta.pt/loja/page/2/?doing_wp_cron=1777751157.0341439247131347656250&orderby=date" "Mozilla/5.0 (Linux; Android 5.0) AppleWebKit/537.36 (KHTML, like Gecko) Mobile Safari/537.36 (compatible; Bytespider; https://zhanzhang.toutiao.com/)"
110.249.201.223 - - [06/Jun/2026:02:35:26 +0200] "GET /wp-content/uploads/2022/05/Maca-Fuji-600x600.jpg HTTP/1.1" 206 500 "https://www.baudefruta.pt/loja/page/2/?doing_wp_cron=1777751157.0341439247131347656250&orderby=date" "Mozilla/5.0 (Linux; Android 5.0) AppleWebKit/537.36 (KHTML, like Gecko) Mobile Safari/537.36 (compatible; Bytespider; https://zhanzhang.toutiao.com/)"
110.249.201.71 - - [06/Jun/2026:02:35:26 +0200] "GET /wp-content/plugins/woocommerce-products-filter/js/tooltip/css/plugins/tooltipster/sideTip/themes/tooltipster-sideTip-noir.min.css?ver=2.2.9.4 HTTP/1.1" 200 302 "https://www.baudefruta.pt/loja/page/2/?doing_wp_cron=1777751157.0341439247131347656250&orderby=date" "Mozilla/5.0 (Linux; Android 5.0) AppleWebKit/537.36 (KHTML, like Gecko) Mobile Safari/537.36 (compatible; Bytespider; https://zhanzhang.toutiao.com/)"
110.249.201.39 - - [06/Jun/2026:02:35:26 +0200] "GET /wp-content/plugins/custom-page-templates/assets/css/frontend.css?ver=3.1.1 HTTP/1.1" 200 187 "https://www.baudefruta.pt/loja/page/2/?doing_wp_cron=1777751157.0341439247131347656250&orderby=date" "Mozilla/5.0 (Linux; Android 5.0) AppleWebKit/537.36 (KHTML, like Gecko) Mobile Safari/537.36 (compatible; Bytespider; https://zhanzhang.toutiao.com/)"
110.249.201.238 - - [06/Jun/2026:02:35:26 +0200] "GET /wp-content/plugins/woo-keyinvoice-integration/public/js/woo-keyinvoice-integration-public.js?ver=1.0.0 HTTP/1.1" 200 838 "https://www.baudefruta.pt/loja/page/2/?doing_wp_cron=1777751157.0341439247131347656250&orderby=date" "Mozilla/5.0 (Linux; Android 5.0) AppleWebKit/537.36 (KHTML, like Gecko) Mobile Safari/537.36 (compatible; Bytespider; https://zhanzhang.toutiao.com/)"
110.249.201.223 - - [06/Jun/2026:02:35:27 +0200] "GET /wp-content/uploads/2021/12/arando.jpg HTTP/1.1" 206 500 "https://www.baudefruta.pt/loja/page/2/?doing_wp_cron=1777751157.0341439247131347656250&orderby=date" "Mozilla/5.0 (Linux; Android 5.0) AppleWebKit/537.36 (KHTML, like Gecko) Mobile Safari/537.36 (compatible; Bytespider; https://zhanzhang.toutiao.com/)"
110.249.201.71 - - [06/Jun/2026:02:35:27 +0200] "GET /wp-content/plugins/duracelltomi-google-tag-manager/dist/js/gtm4wp-ecommerce-generic.js?ver=1.22.3 HTTP/1.1" 200 579 "https://www.baudefruta.pt/loja/page/2/?doing_wp_cron=1777751157.0341439247131347656250&orderby=date" "Mozilla/5.0 (Linux; Android 5.0) AppleWebKit/537.36 (KHTML, like Gecko) Mobile Safari/537.36 (compatible; Bytespider; https://zhanzhang.toutiao.com/)"
110.249.201.71 - - [06/Jun/2026:02:35:27 +0200] "GET /wp-content/themes/uncode/library/js/app.js?ver=722500635 HTTP/1.1" 200 41076 "https://www.baudefruta.pt/loja/page/2/?doing_wp_cron=1777751157.0341439247131347656250&orderby=date" "Mozilla/5.0 (Linux; Android 5.0) AppleWebKit/537.36 (KHTML, like Gecko) Mobile Safari/537.36 (compatible; Bytespider; https://zhanzhang.toutiao.com/)"
110.249.201.223 - - [06/Jun/2026:02:35:27 +0200] "GET /wp-content/plugins/woocommerce-products-filter/js/html_types/mselect.js?ver=2.2.9.4 HTTP/1.1" 200 740 "https://www.baudefruta.pt/loja/page/2/?doing_wp_cron=1777751157.0341439247131347656250&orderby=date" "Mozilla/5.0 (Linux; Android 5.0) AppleWebKit/537.36 (KHTML, like Gecko) Mobile Safari/537.36 (compatible; Bytespider; https://zhanzhang.toutiao.com/)"
110.249.201.238 - - [06/Jun/2026:02:35:27 +0200] "GET /wp-content/uploads/2021/05/logo-bau_1-01b.svg HTTP/1.1" 206 500 "https://www.baudefruta.pt/loja/page/2/?doing_wp_cron=1777751157.0341439247131347656250&orderby=date" "Mozilla/5.0 (Linux; Android 5.0) AppleWebKit/537.36 (KHTML, like Gecko) Mobile Safari/537.36 (compatible; Bytespider; https://zhanzhang.toutiao.com/)"
110.249.201.39 - - [06/Jun/2026:02:35:27 +0200] "GET /wp-content/uploads/2021/12/amendoa-sem-pele-1.jpg HTTP/1.1" 206 500 "https://www.baudefruta.pt/loja/page/2/?doing_wp_cron=1777751157.0341439247131347656250&orderby=date" "Mozilla/5.0 (Linux; Android 5.0) AppleWebKit/537.36 (KHTML, like Gecko) Mobile Safari/537.36 (compatible; Bytespider; https://zhanzhang.toutiao.com/)"
110.249.201.223 - - [06/Jun/2026:02:35:27 +0200] "GET /wp-content/uploads/2021/12/amendoas-torradas-sem-pele.jpg HTTP/1.1" 206 500 "https://www.baudefruta.pt/loja/page/2/?doing_wp_cron=1777751157.0341439247131347656250&orderby=date" "Mozilla/5.0 (Linux; Android 5.0) AppleWebKit/537.36 (KHTML, like Gecko) Mobile Safari/537.36 (compatible; Bytespider; https://zhanzhang.toutiao.com/)"
110.249.201.238 - - [06/Jun/2026:02:35:27 +0200] "GET /wp-content/uploads/2021/05/logo-bau_1-01b.svg HTTP/1.1" 304 0 "https://www.baudefruta.pt/loja/page/2/?doing_wp_cron=1777751157.0341439247131347656250&orderby=date" "Mozilla/5.0 (Linux; Android 5.0) AppleWebKit/537.36 (KHTML, like Gecko) Mobile Safari/537.36 (compatible; Bytespider; https://zhanzhang.toutiao.com/)"
110.249.201.223 - - [06/Jun/2026:02:35:27 +0200] "GET /wp-content/uploads/2021/12/QIN001-uai-312x312.jpg HTTP/1.1" 206 500 "https://www.baudefruta.pt/loja/page/2/?doing_wp_cron=1777751157.0341439247131347656250&orderby=date" "Mozilla/5.0 (Linux; Android 5.0) AppleWebKit/537.36 (KHTML, like Gecko) Mobile Safari/537.36 (compatible; Bytespider; https://zhanzhang.toutiao.com/)"
110.249.201.71 - - [06/Jun/2026:02:35:27 +0200] "GET /wp-content/uploads/2021/12/BA001-uai-500x500.jpg HTTP/1.1" 206 500 "https://www.baudefruta.pt/loja/page/2/?doing_wp_cron=1777751157.0341439247131347656250&orderby=date" "Mozilla/5.0 (Linux; Android 5.0) AppleWebKit/537.36 (KHTML, like Gecko) Mobile Safari/537.36 (compatible; Bytespider; https://zhanzhang.toutiao.com/)"
110.249.201.39 - - [06/Jun/2026:02:35:27 +0200] "GET /wp-content/uploads/2021/12/AMC001-600x600.jpg HTTP/1.1" 206 500 "https://www.baudefruta.pt/loja/page/2/?doing_wp_cron=1777751157.0341439247131347656250&orderby=date" "Mozilla/5.0 (Linux; Android 5.0) AppleWebKit/537.36 (KHTML, like Gecko) Mobile Safari/537.36 (compatible; Bytespider; https://zhanzhang.toutiao.com/)"
110.249.201.210 - - [06/Jun/2026:02:35:27 +0200] "GET /wp-content/uploads/2021/12/SC001-uai-417x417.jpg HTTP/1.1" 206 500 "https://www.baudefruta.pt/loja/page/2/?doing_wp_cron=1777751157.0341439247131347656250&orderby=date" "Mozilla/5.0 (Linux; Android 5.0) AppleWebKit/537.36 (KHTML, like Gecko) Mobile Safari/537.36 (compatible; Bytespider; https://zhanzhang.toutiao.com/)"
110.249.201.238 - - [06/Jun/2026:02:35:27 +0200] "GET /wp-content/uploads/2021/05/logo-bau_1-01b.svg HTTP/1.1" 200 12888 "https://www.baudefruta.pt/loja/page/2/?doing_wp_cron=1777751157.0341439247131347656250&orderby=date" "Mozilla/5.0 (Linux; Android 5.0) AppleWebKit/537.36 (KHTML, like Gecko) Mobile Safari/537.36 (compatible; Bytespider; https://zhanzhang.toutiao.com/)"
216.73.217.23 - - [06/Jun/2026:02:35:27 +0200] "GET /loja/page/3/?add-to-cart=563&orderby=price-desc HTTP/1.1" 200 61386 "-" "Mozilla/5.0 AppleWebKit/537.36 (KHTML, like Gecko; compatible; ClaudeBot/1.0; +claudebot@anthropic.com)"
110.249.201.210 - - [06/Jun/2026:02:35:28 +0200] "GET /wp-content/uploads/2021/07/bau_mb_mbway.svg HTTP/1.1" 206 500 "https://www.baudefruta.pt/loja/page/2/?doing_wp_cron=1777751157.0341439247131347656250&orderby=date" "Mozilla/5.0 (Linux; Android 5.0) AppleWebKit/537.36 (KHTML, like Gecko) Mobile Safari/537.36 (compatible; Bytespider; https://zhanzhang.toutiao.com/)"
110.249.201.39 - - [06/Jun/2026:02:35:28 +0200] "GET /wp-content/uploads/2021/05/bau_livroreclamacoes.svg HTTP/1.1" 206 500 "https://www.baudefruta.pt/loja/page/2/?doing_wp_cron=1777751157.0341439247131347656250&orderby=date" "Mozilla/5.0 (Linux; Android 5.0) AppleWebKit/537.36 (KHTML, like Gecko) Mobile Safari/537.36 (compatible; Bytespider; https://zhanzhang.toutiao.com/)"
110.249.201.39 - - [06/Jun/2026:02:35:28 +0200] "GET /wp-content/uploads/2021/05/bau_livroreclamacoes.svg HTTP/1.1" 304 0 "https://www.baudefruta.pt/loja/page/2/?doing_wp_cron=1777751157.0341439247131347656250&orderby=date" "Mozilla/5.0 (Linux; Android 5.0) AppleWebKit/537.36 (KHTML, like Gecko) Mobile Safari/537.36 (compatible; Bytespider; https://zhanzhang.toutiao.com/)"
110.249.201.210 - - [06/Jun/2026:02:35:28 +0200] "GET /wp-content/uploads/2021/07/bau_mb_mbway.svg HTTP/1.1" 304 0 "https://www.baudefruta.pt/loja/page/2/?doing_wp_cron=1777751157.0341439247131347656250&orderby=date" "Mozilla/5.0 (Linux; Android 5.0) AppleWebKit/537.36 (KHTML, like Gecko) Mobile Safari/537.36 (compatible; Bytespider; https://zhanzhang.toutiao.com/)"
110.249.201.39 - - [06/Jun/2026:02:35:28 +0200] "GET /wp-content/uploads/2021/05/bau_livroreclamacoes.svg HTTP/1.1" 200 2886 "https://www.baudefruta.pt/loja/page/2/?doing_wp_cron=1777751157.0341439247131347656250&orderby=date" "Mozilla/5.0 (Linux; Android 5.0) AppleWebKit/537.36 (KHTML, like Gecko) Mobile Safari/537.36 (compatible; Bytespider; https://zhanzhang.toutiao.com/)"
110.249.201.210 - - [06/Jun/2026:02:35:28 +0200] "GET /wp-content/uploads/2021/07/bau_mb_mbway.svg HTTP/1.1" 200 5318 "https://www.baudefruta.pt/loja/page/2/?doing_wp_cron=1777751157.0341439247131347656250&orderby=date" "Mozilla/5.0 (Linux; Android 5.0) AppleWebKit/537.36 (KHTML, like Gecko) Mobile Safari/537.36 (compatible; Bytespider; https://zhanzhang.toutiao.com/)"
216.73.217.23 - - [06/Jun/2026:02:35:30 +0200] "GET /loja/page/4/?add-to-cart=444&orderby=price-desc HTTP/1.1" 200 61108 "-" "Mozilla/5.0 AppleWebKit/537.36 (KHTML, like Gecko; compatible; ClaudeBot/1.0; +claudebot@anthropic.com)"
216.73.217.23 - - [06/Jun/2026:02:35:33 +0200] "GET /categoria-produto/mercearia/page/4/?add-to-cart=1989&orderby=popularity HTTP/1.1" 200 61677 "-" "Mozilla/5.0 AppleWebKit/537.36 (KHTML, like Gecko; compatible; ClaudeBot/1.0; +claudebot@anthropic.com)"
216.73.217.23 - - [06/Jun/2026:02:35:36 +0200] "GET /categoria-produto/mercearia/page/6/?doing_wp_cron=1771209752.6232919692993164062500&orderby=menu_order HTTP/1.1" 200 58895 "-" "Mozilla/5.0 AppleWebKit/537.36 (KHTML, like Gecko; compatible; ClaudeBot/1.0; +claudebot@anthropic.com)"
155.138.156.38 - - [06/Jun/2026:02:35:38 +0200] "GET /2021/05/11/ola-mundo/ HTTP/1.1" 200 1136907 "https://www.baudefruta.pt/" "Mozilla/5.0 (Macintosh; Intel Mac OS X 10_15_7) AppleWebKit/537.36 (KHTML, like Gecko) Chrome/143.0.0.0 Safari/537.36"
216.73.217.23 - - [06/Jun/2026:02:35:39 +0200] "GET /categoria-produto/mercearia/page/3/?add-to-cart=641&orderby=date HTTP/1.1" 200 61504 "-" "Mozilla/5.0 AppleWebKit/537.36 (KHTML, like Gecko; compatible; ClaudeBot/1.0; +claudebot@anthropic.com)"
155.138.156.38 - - [06/Jun/2026:02:35:40 +0200] "POST /xmlrpc.php HTTP/1.1" 200 217 "https://www.baudefruta.pt/2021/05/11/ola-mundo/" "PHP/7.3.22"
216.73.217.23 - - [06/Jun/2026:02:35:42 +0200] "GET /categoria-produto/mercearia/page/4/?add-to-cart=1995&orderby=date HTTP/1.1" 200 61592 "-" "Mozilla/5.0 AppleWebKit/537.36 (KHTML, like Gecko; compatible; ClaudeBot/1.0; +claudebot@anthropic.com)"
216.73.217.23 - - [06/Jun/2026:02:35:45 +0200] "GET /categoria-produto/mercearia/page/6/?add-to-cart=2038&orderby=popularity HTTP/1.1" 200 59690 "-" "Mozilla/5.0 AppleWebKit/537.36 (KHTML, like Gecko; compatible; ClaudeBot/1.0; +claudebot@anthropic.com)"
110.249.201.242 - - [06/Jun/2026:02:35:48 +0200] "GET /categoria-produto/mercearia/page/4/?doing_wp_cron=1778854920.8219211101531982421875 HTTP/1.1" 200 59239 "-" "Mozilla/5.0 (Linux; Android 5.0) AppleWebKit/537.36 (KHTML, like Gecko) Mobile Safari/537.36 (compatible; Bytespider; https://zhanzhang.toutiao.com/)"
216.73.217.23 - - [06/Jun/2026:02:35:48 +0200] "GET /categoria-produto/mercearia/page/4/?doing_wp_cron=1771209752.6232919692993164062500&orderby=popularity HTTP/1.1" 200 62227 "-" "Mozilla/5.0 AppleWebKit/537.36 (KHTML, like Gecko; compatible; ClaudeBot/1.0; +claudebot@anthropic.com)"
110.249.201.242 - - [06/Jun/2026:02:35:48 +0200] "GET /wp-content/plugins/woocommerce/assets/client/blocks/wc-blocks.css?ver=wc-10.2.2 HTTP/1.1" 200 2673 "https://www.baudefruta.pt/categoria-produto/mercearia/page/4/?doing_wp_cron=1778854920.8219211101531982421875" "Mozilla/5.0 (Linux; Android 5.0) AppleWebKit/537.36 (KHTML, like Gecko) Mobile Safari/537.36 (compatible; Bytespider; https://zhanzhang.toutiao.com/)"
47.128.43.148 - - [06/Jun/2026:02:35:48 +0200] "GET /loja/page/5/?doing_wp_cron=1742652931.8845040798187255859375&orderby=menu_order HTTP/1.1" 200 60335 "-" "Mozilla/5.0 (Linux; Android 5.0) AppleWebKit/537.36 (KHTML, like Gecko) Mobile Safari/537.36 (compatible; Bytespider; spider-feedback@bytedance.com)"
110.249.201.242 - - [06/Jun/2026:02:35:49 +0200] "GET /wp-content/plugins/dhvc-form/assets/css/style.css?ver=2.3.0 HTTP/1.1" 200 3736 "https://www.baudefruta.pt/categoria-produto/mercearia/page/4/?doing_wp_cron=1778854920.8219211101531982421875" "Mozilla/5.0 (Linux; Android 5.0) AppleWebKit/537.36 (KHTML, like Gecko) Mobile Safari/537.36 (compatible; Bytespider; https://zhanzhang.toutiao.com/)"
110.249.201.242 - - [06/Jun/2026:02:35:49 +0200] "GET /wp-content/plugins/woocommerce-product-bundles/assets/css/frontend/woocommerce.css?ver=6.0.1 HTTP/1.1" 200 607 "https://www.baudefruta.pt/categoria-produto/mercearia/page/4/?doing_wp_cron=1778854920.8219211101531982421875" "Mozilla/5.0 (Linux; Android 5.0) AppleWebKit/537.36 (KHTML, like Gecko) Mobile Safari/537.36 (compatible; Bytespider; https://zhanzhang.toutiao.com/)"
110.249.201.242 - - [06/Jun/2026:02:35:49 +0200] "GET /wp-includes/js/jquery/jquery.min.js?ver=3.7.1 HTTP/1.1" 200 30646 "https://www.baudefruta.pt/categoria-produto/mercearia/page/4/?doing_wp_cron=1778854920.8219211101531982421875" "Mozilla/5.0 (Linux; Android 5.0) AppleWebKit/537.36 (KHTML, like Gecko) Mobile Safari/537.36 (compatible; Bytespider; https://zhanzhang.toutiao.com/)"
110.249.201.185 - - [06/Jun/2026:02:35:49 +0200] "GET /wp-content/plugins/smart-marketing-for-wp/admin/js/egoi-for-wp-canvas.js?ver=5.1.11 HTTP/1.1" 200 2304 "https://www.baudefruta.pt/categoria-produto/mercearia/page/4/?doing_wp_cron=1778854920.8219211101531982421875" "Mozilla/5.0 (Linux; Android 5.0) AppleWebKit/537.36 (KHTML, like Gecko) Mobile Safari/537.36 (compatible; Bytespider; https://zhanzhang.toutiao.com/)"
110.249.201.20 - - [06/Jun/2026:02:35:49 +0200] "GET /wp-content/plugins/woocommerce-products-filter/js/html_types/radio.js?ver=2.2.9.4 HTTP/1.1" 200 763 "https://www.baudefruta.pt/categoria-produto/mercearia/page/4/?doing_wp_cron=1778854920.8219211101531982421875" "Mozilla/5.0 (Linux; Android 5.0) AppleWebKit/537.36 (KHTML, like Gecko) Mobile Safari/537.36 (compatible; Bytespider; https://zhanzhang.toutiao.com/)"
110.249.201.172 - - [06/Jun/2026:02:35:49 +0200] "GET /wp-content/themes/uncode/library/js/woocommerce-uncode.js?ver=1802320459 HTTP/1.1" 200 7190 "https://www.baudefruta.pt/categoria-produto/mercearia/page/4/?doing_wp_cron=1778854920.8219211101531982421875" "Mozilla/5.0 (Linux; Android 5.0) AppleWebKit/537.36 (KHTML, like Gecko) Mobile Safari/537.36 (compatible; Bytespider; https://zhanzhang.toutiao.com/)"
110.249.201.172 - - [06/Jun/2026:02:35:50 +0200] "GET /wp-content/uploads/2021/05/logo-bau_1-01b.svg HTTP/1.1" 206 500 "https://www.baudefruta.pt/categoria-produto/mercearia/page/4/?doing_wp_cron=1778854920.8219211101531982421875" "Mozilla/5.0 (Linux; Android 5.0) AppleWebKit/537.36 (KHTML, like Gecko) Mobile Safari/537.36 (compatible; Bytespider; https://zhanzhang.toutiao.com/)"
110.249.201.185 - - [06/Jun/2026:02:35:50 +0200] "GET /wp-content/uploads/2021/06/MGN001-macarrao-grande-nacional-uai-787x787.jpg HTTP/1.1" 206 500 "https://www.baudefruta.pt/categoria-produto/mercearia/page/4/?doing_wp_cron=1778854920.8219211101531982421875" "Mozilla/5.0 (Linux; Android 5.0) AppleWebKit/537.36 (KHTML, like Gecko) Mobile Safari/537.36 (compatible; Bytespider; https://zhanzhang.toutiao.com/)"
110.249.201.20 - - [06/Jun/2026:02:35:50 +0200] "GET /wp-content/uploads/2021/06/GBC001-dom-duarte-grao-de-bico-uai-800x800.jpg HTTP/1.1" 206 500 "https://www.baudefruta.pt/categoria-produto/mercearia/page/4/?doing_wp_cron=1778854920.8219211101531982421875" "Mozilla/5.0 (Linux; Android 5.0) AppleWebKit/537.36 (KHTML, like Gecko) Mobile Safari/537.36 (compatible; Bytespider; https://zhanzhang.toutiao.com/)"
110.249.201.242 - - [06/Jun/2026:02:35:50 +0200] "GET /wp-content/uploads/2021/12/MIA001.jpg HTTP/1.1" 206 500 "https://www.baudefruta.pt/categoria-produto/mercearia/page/4/?doing_wp_cron=1778854920.8219211101531982421875" "Mozilla/5.0 (Linux; Android 5.0) AppleWebKit/537.36 (KHTML, like Gecko) Mobile Safari/537.36 (compatible; Bytespider; https://zhanzhang.toutiao.com/)"
110.249.201.79 - - [06/Jun/2026:02:35:50 +0200] "GET /wp-content/uploads/2021/06/NMMS001-dom-duarte-noz-moscada-uai-800x800.png HTTP/1.1" 206 500 "https://www.baudefruta.pt/categoria-produto/mercearia/page/4/?doing_wp_cron=1778854920.8219211101531982421875" "Mozilla/5.0 (Linux; Android 5.0) AppleWebKit/537.36 (KHTML, like Gecko) Mobile Safari/537.36 (compatible; Bytespider; https://zhanzhang.toutiao.com/)"
110.249.201.181 - - [06/Jun/2026:02:35:50 +0200] "GET /wp-content/uploads/2021/12/NCC001-600x600.jpg HTTP/1.1" 206 500 "https://www.baudefruta.pt/categoria-produto/mercearia/page/4/?doing_wp_cron=1778854920.8219211101531982421875" "Mozilla/5.0 (Linux; Android 5.0) AppleWebKit/537.36 (KHTML, like Gecko) Mobile Safari/537.36 (compatible; Bytespider; https://zhanzhang.toutiao.com/)"
110.249.201.242 - - [06/Jun/2026:02:35:50 +0200] "GET /wp-content/uploads/2021/05/logo-bau_1-01b.svg HTTP/1.1" 304 0 "https://www.baudefruta.pt/categoria-produto/mercearia/page/4/?doing_wp_cron=1778854920.8219211101531982421875" "Mozilla/5.0 (Linux; Android 5.0) AppleWebKit/537.36 (KHTML, like Gecko) Mobile Safari/537.36 (compatible; Bytespider; https://zhanzhang.toutiao.com/)"
110.249.201.172 - - [06/Jun/2026:02:35:50 +0200] "GET /wp-content/uploads/2021/05/bau_livroreclamacoes.svg HTTP/1.1" 206 500 "https://www.baudefruta.pt/categoria-produto/mercearia/page/4/?doing_wp_cron=1778854920.8219211101531982421875" "Mozilla/5.0 (Linux; Android 5.0) AppleWebKit/537.36 (KHTML, like Gecko) Mobile Safari/537.36 (compatible; Bytespider; https://zhanzhang.toutiao.com/)"
110.249.201.20 - - [06/Jun/2026:02:35:50 +0200] "GET /wp-content/uploads/2021/06/GBC001-dom-duarte-grao-de-bico-uai-800x800.jpg HTTP/1.1" 304 0 "https://www.baudefruta.pt/categoria-produto/mercearia/page/4/?doing_wp_cron=1778854920.8219211101531982421875" "Mozilla/5.0 (Linux; Android 5.0) AppleWebKit/537.36 (KHTML, like Gecko) Mobile Safari/537.36 (compatible; Bytespider; https://zhanzhang.toutiao.com/)"
110.249.201.242 - - [06/Jun/2026:02:35:50 +0200] "GET /wp-content/uploads/2021/05/logo-bau_1-01b.svg HTTP/1.1" 200 12888 "https://www.baudefruta.pt/categoria-produto/mercearia/page/4/?doing_wp_cron=1778854920.8219211101531982421875" "Mozilla/5.0 (Linux; Android 5.0) AppleWebKit/537.36 (KHTML, like Gecko) Mobile Safari/537.36 (compatible; Bytespider; https://zhanzhang.toutiao.com/)"
110.249.201.20 - - [06/Jun/2026:02:35:50 +0200] "GET /wp-content/uploads/2021/06/GBC001-dom-duarte-grao-de-bico-uai-800x800.jpg HTTP/1.1" 206 83735 "https://www.baudefruta.pt/categoria-produto/mercearia/page/4/?doing_wp_cron=1778854920.8219211101531982421875" "Mozilla/5.0 (Linux; Android 5.0) AppleWebKit/537.36 (KHTML, like Gecko) Mobile Safari/537.36 (compatible; Bytespider; https://zhanzhang.toutiao.com/)"
47.128.43.148 - - [06/Jun/2026:02:35:51 +0200] "GET /wp-content/uploads/2021/08/CLT001-2-600x600.jpg HTTP/1.1" 206 500 "https://www.baudefruta.pt/loja/page/5/?doing_wp_cron=1742652931.8845040798187255859375&orderby=menu_order" "Mozilla/5.0 (Linux; Android 5.0) AppleWebKit/537.36 (KHTML, like Gecko) Mobile Safari/537.36 (compatible; Bytespider; spider-feedback@bytedance.com)"
216.73.217.23 - - [06/Jun/2026:02:35:51 +0200] "GET /loja/page/6/?add-to-cart=2008&orderby=price-desc HTTP/1.1" 200 62645 "-" "Mozilla/5.0 AppleWebKit/537.36 (KHTML, like Gecko; compatible; ClaudeBot/1.0; +claudebot@anthropic.com)"
47.128.43.148 - - [06/Jun/2026:02:35:52 +0200] "GET /wp-content/uploads/2021/12/CKN001-uai-500x500.jpg HTTP/1.1" 206 500 "https://www.baudefruta.pt/loja/page/5/?doing_wp_cron=1742652931.8845040798187255859375&orderby=menu_order" "Mozilla/5.0 (Linux; Android 5.0) AppleWebKit/537.36 (KHTML, like Gecko) Mobile Safari/537.36 (compatible; Bytespider; spider-feedback@bytedance.com)"
47.128.43.148 - - [06/Jun/2026:02:35:52 +0200] "GET /wp-content/uploads/2021/05/logo-bau_1-01b.svg HTTP/1.1" 206 500 "https://www.baudefruta.pt/loja/page/5/?doing_wp_cron=1742652931.8845040798187255859375&orderby=menu_order" "Mozilla/5.0 (Linux; Android 5.0) AppleWebKit/537.36 (KHTML, like Gecko) Mobile Safari/537.36 (compatible; Bytespider; spider-feedback@bytedance.com)"
47.128.43.148 - - [06/Jun/2026:02:35:52 +0200] "GET /wp-content/uploads/2021/08/CGP001.jpg HTTP/1.1" 206 500 "https://www.baudefruta.pt/loja/page/5/?doing_wp_cron=1742652931.8845040798187255859375&orderby=menu_order" "Mozilla/5.0 (Linux; Android 5.0) AppleWebKit/537.36 (KHTML, like Gecko) Mobile Safari/537.36 (compatible; Bytespider; spider-feedback@bytedance.com)"
47.128.43.148 - - [06/Jun/2026:02:35:52 +0200] "GET /wp-content/uploads/2021/06/CTN001-cotovelos-nacional-uai-787x787.jpg HTTP/1.1" 206 500 "https://www.baudefruta.pt/loja/page/5/?doing_wp_cron=1742652931.8845040798187255859375&orderby=menu_order" "Mozilla/5.0 (Linux; Android 5.0) AppleWebKit/537.36 (KHTML, like Gecko) Mobile Safari/537.36 (compatible; Bytespider; spider-feedback@bytedance.com)"
47.128.43.148 - - [06/Jun/2026:02:35:53 +0200] "GET /wp-content/uploads/2021/06/CL001-couve_lombardo-600x600.jpg HTTP/1.1" 206 500 "https://www.baudefruta.pt/loja/page/5/?doing_wp_cron=1742652931.8845040798187255859375&orderby=menu_order" "Mozilla/5.0 (Linux; Android 5.0) AppleWebKit/537.36 (KHTML, like Gecko) Mobile Safari/537.36 (compatible; Bytespider; spider-feedback@bytedance.com)"
47.128.43.148 - - [06/Jun/2026:02:35:53 +0200] "GET /wp-content/uploads/2021/05/logo-bau_1-01b.svg HTTP/1.1" 304 0 "https://www.baudefruta.pt/loja/page/5/?doing_wp_cron=1742652931.8845040798187255859375&orderby=menu_order" "Mozilla/5.0 (Linux; Android 5.0) AppleWebKit/537.36 (KHTML, like Gecko) Mobile Safari/537.36 (compatible; Bytespider; spider-feedback@bytedance.com)"
47.128.43.148 - - [06/Jun/2026:02:35:53 +0200] "GET /wp-content/uploads/2022/05/20220515_235237-uai-521x521.jpg HTTP/1.1" 206 500 "https://www.baudefruta.pt/loja/page/5/?doing_wp_cron=1742652931.8845040798187255859375&orderby=menu_order" "Mozilla/5.0 (Linux; Android 5.0) AppleWebKit/537.36 (KHTML, like Gecko) Mobile Safari/537.36 (compatible; Bytespider; spider-feedback@bytedance.com)"
47.128.43.148 - - [06/Jun/2026:02:35:53 +0200] "GET /wp-content/uploads/2021/07/bau_mb_mbway.svg HTTP/1.1" 206 500 "https://www.baudefruta.pt/loja/page/5/?doing_wp_cron=1742652931.8845040798187255859375&orderby=menu_order" "Mozilla/5.0 (Linux; Android 5.0) AppleWebKit/537.36 (KHTML, like Gecko) Mobile Safari/537.36 (compatible; Bytespider; spider-feedback@bytedance.com)"
47.128.43.148 - - [06/Jun/2026:02:35:53 +0200] "GET /wp-content/uploads/2022/05/20220516_000543-uai-300x300.jpg HTTP/1.1" 206 500 "https://www.baudefruta.pt/loja/page/5/?doing_wp_cron=1742652931.8845040798187255859375&orderby=menu_order" "Mozilla/5.0 (Linux; Android 5.0) AppleWebKit/537.36 (KHTML, like Gecko) Mobile Safari/537.36 (compatible; Bytespider; spider-feedback@bytedance.com)"
110.249.201.242 - - [06/Jun/2026:02:35:53 +0200] "GET /wp-content/uploads/2021/07/bau_mb_mbway.svg HTTP/1.1" 206 500 "https://www.baudefruta.pt/categoria-produto/mercearia/page/4/?doing_wp_cron=1778854920.8219211101531982421875" "Mozilla/5.0 (Linux; Android 5.0) AppleWebKit/537.36 (KHTML, like Gecko) Mobile Safari/537.36 (compatible; Bytespider; https://zhanzhang.toutiao.com/)"
110.249.201.172 - - [06/Jun/2026:02:35:53 +0200] "GET /wp-content/uploads/2021/05/bau_livroreclamacoes.svg HTTP/1.1" 304 0 "https://www.baudefruta.pt/categoria-produto/mercearia/page/4/?doing_wp_cron=1778854920.8219211101531982421875" "Mozilla/5.0 (Linux; Android 5.0) AppleWebKit/537.36 (KHTML, like Gecko) Mobile Safari/537.36 (compatible; Bytespider; https://zhanzhang.toutiao.com/)"
47.128.43.148 - - [06/Jun/2026:02:35:53 +0200] "GET /wp-content/uploads/2021/06/EDMS001-dom-duarte-erva-doce-moida-saqueta-uai-800x800.jpg HTTP/1.1" 206 500 "https://www.baudefruta.pt/loja/page/5/?doing_wp_cron=1742652931.8845040798187255859375&orderby=menu_order" "Mozilla/5.0 (Linux; Android 5.0) AppleWebKit/537.36 (KHTML, like Gecko) Mobile Safari/537.36 (compatible; Bytespider; spider-feedback@bytedance.com)"
110.249.201.242 - - [06/Jun/2026:02:35:53 +0200] "GET /wp-content/uploads/2021/07/bau_mb_mbway.svg HTTP/1.1" 304 0 "https://www.baudefruta.pt/categoria-produto/mercearia/page/4/?doing_wp_cron=1778854920.8219211101531982421875" "Mozilla/5.0 (Linux; Android 5.0) AppleWebKit/537.36 (KHTML, like Gecko) Mobile Safari/537.36 (compatible; Bytespider; https://zhanzhang.toutiao.com/)"
47.128.43.148 - - [06/Jun/2026:02:35:53 +0200] "GET /wp-content/uploads/2021/07/bau_mb_mbway.svg HTTP/1.1" 304 0 "https://www.baudefruta.pt/loja/page/5/?doing_wp_cron=1742652931.8845040798187255859375&orderby=menu_order" "Mozilla/5.0 (Linux; Android 5.0) AppleWebKit/537.36 (KHTML, like Gecko) Mobile Safari/537.36 (compatible; Bytespider; spider-feedback@bytedance.com)"
47.128.43.148 - - [06/Jun/2026:02:35:53 +0200] "GET /wp-content/uploads/2021/05/logo-bau_1-01b.svg HTTP/1.1" 200 12888 "https://www.baudefruta.pt/loja/page/5/?doing_wp_cron=1742652931.8845040798187255859375&orderby=menu_order" "Mozilla/5.0 (Linux; Android 5.0) AppleWebKit/537.36 (KHTML, like Gecko) Mobile Safari/537.36 (compatible; Bytespider; spider-feedback@bytedance.com)"
47.128.43.148 - - [06/Jun/2026:02:35:53 +0200] "GET /wp-content/uploads/2021/05/bau_livroreclamacoes.svg HTTP/1.1" 206 500 "https://www.baudefruta.pt/loja/page/5/?doing_wp_cron=1742652931.8845040798187255859375&orderby=menu_order" "Mozilla/5.0 (Linux; Android 5.0) AppleWebKit/537.36 (KHTML, like Gecko) Mobile Safari/537.36 (compatible; Bytespider; spider-feedback@bytedance.com)"
