216.73.217.23 - - [06/Jun/2026:01:39:14 +0200] "GET /loja/page/11/?add-to-cart=719&doing_wp_cron=1705054787.4118249416351318359375&orderby=menu_order HTTP/1.1" 200 61313 "-" "Mozilla/5.0 AppleWebKit/537.36 (KHTML, like Gecko; compatible; ClaudeBot/1.0; +claudebot@anthropic.com)"
43.172.198.25 - - [06/Jun/2026:01:39:15 +0200] "GET /wp-content/themes/uncode/library/js/woocommerce-uncode.js?ver=1630781827 HTTP/1.1" 200 7190 "https://www.baudefruta.pt/categoria-produto/frescos/frutas/?add-to-cart=452&doing_wp_cron=1778975272.8277630805969238281250&orderby=popularity" "Mozilla/5.0 (Windows NT 10.0; Win64; x64) AppleWebKit/537.36 (KHTML, like Gecko) Chrome/116.0.0.0 Safari/537.36"
43.173.178.174 - - [06/Jun/2026:01:39:16 +0200] "GET /wp-content/themes/uncode/library/js/app.js?ver=1630781827 HTTP/1.1" 200 41076 "https://www.baudefruta.pt/categoria-produto/frescos/frutas/?add-to-cart=452&doing_wp_cron=1778975272.8277630805969238281250&orderby=popularity" "Mozilla/5.0 (Windows NT 10.0; Win64; x64) AppleWebKit/537.36 (KHTML, like Gecko) Chrome/116.0.0.0 Safari/537.36"
43.173.182.183 - - [06/Jun/2026:01:39:16 +0200] "GET /wp-content/themes/uncode/library/js/plugins.js?ver=1630781827 HTTP/1.1" 200 192557 "https://www.baudefruta.pt/categoria-produto/frescos/frutas/?add-to-cart=452&doing_wp_cron=1778975272.8277630805969238281250&orderby=popularity" "Mozilla/5.0 (Windows NT 10.0; Win64; x64) AppleWebKit/537.36 (KHTML, like Gecko) Chrome/116.0.0.0 Safari/537.36"
216.73.217.23 - - [06/Jun/2026:01:39:17 +0200] "GET /loja/page/5/?add-to-cart=4235&doing_wp_cron=1724760408.5467429161071777343750&orderby=popularity HTTP/1.1" 200 62239 "-" "Mozilla/5.0 AppleWebKit/537.36 (KHTML, like Gecko; compatible; ClaudeBot/1.0; +claudebot@anthropic.com)"
216.73.217.23 - - [06/Jun/2026:01:39:20 +0200] "GET /loja/page/3/?add-to-cart=1937&doing_wp_cron=1705054787.4118249416351318359375&orderby=menu_order HTTP/1.1" 200 61677 "-" "Mozilla/5.0 AppleWebKit/537.36 (KHTML, like Gecko; compatible; ClaudeBot/1.0; +claudebot@anthropic.com)"
114.119.132.173 - - [06/Jun/2026:01:39:23 +0200] "GET /loja/page/7/?orderby=menu_order&doing_wp_cron=1753079461.5535368919372558593750 HTTP/1.1" 200 60468 "https://www.baudefruta.pt/loja/page/7/?orderby=price&doing_wp_cron=1753079461.5535368919372558593750" "Mozilla/5.0 (Linux; Android 7.0;) AppleWebKit/537.36 (HTML, like Gecko) Mobile Safari/537.36 (compatible; PetalBot;+https://webmaster.petalsearch.com/site/petalbot)"
216.73.217.23 - - [06/Jun/2026:01:39:23 +0200] "GET /loja/page/4/?add-to-cart=825&doing_wp_cron=1711616234.3928558826446533203125&orderby=menu_order HTTP/1.1" 200 62503 "-" "Mozilla/5.0 AppleWebKit/537.36 (KHTML, like Gecko; compatible; ClaudeBot/1.0; +claudebot@anthropic.com)"
216.73.217.23 - - [06/Jun/2026:01:39:26 +0200] "GET /loja/page/11/?add-to-cart=743&doing_wp_cron=1765642876.6927409172058105468750&orderby=menu_order HTTP/1.1" 200 62002 "-" "Mozilla/5.0 AppleWebKit/537.36 (KHTML, like Gecko; compatible; ClaudeBot/1.0; +claudebot@anthropic.com)"
216.73.217.23 - - [06/Jun/2026:01:39:29 +0200] "GET /loja/page/4/?add-to-cart=934&doing_wp_cron=1705054787.4118249416351318359375&orderby=popularity HTTP/1.1" 200 62809 "-" "Mozilla/5.0 AppleWebKit/537.36 (KHTML, like Gecko; compatible; ClaudeBot/1.0; +claudebot@anthropic.com)"
216.73.217.23 - - [06/Jun/2026:01:39:32 +0200] "GET /loja/page/2/?add-to-cart=490&doing_wp_cron=1705054787.4118249416351318359375&orderby=popularity HTTP/1.1" 200 62890 "-" "Mozilla/5.0 AppleWebKit/537.36 (KHTML, like Gecko; compatible; ClaudeBot/1.0; +claudebot@anthropic.com)"
47.128.43.1 - - [06/Jun/2026:01:39:35 +0200] "GET /loja/?doing_wp_cron=1742652931.8845040798187255859375&orderby=popularity HTTP/1.1" 200 60097 "-" "Mozilla/5.0 (Linux; Android 5.0) AppleWebKit/537.36 (KHTML, like Gecko) Mobile Safari/537.36 (compatible; Bytespider; spider-feedback@bytedance.com)"
216.73.217.23 - - [06/Jun/2026:01:39:35 +0200] "GET /loja/page/6/?add-to-cart=784&doing_wp_cron=1699032554.2910571098327636718750&orderby=popularity HTTP/1.1" 200 63672 "-" "Mozilla/5.0 AppleWebKit/537.36 (KHTML, like Gecko; compatible; ClaudeBot/1.0; +claudebot@anthropic.com)"
47.128.43.1 - - [06/Jun/2026:01:39:36 +0200] "GET /wp-content/plugins/woocommerce-products-filter/js/chosen/chosen.min.css?ver=2.2.9.4 HTTP/1.1" 200 2141 "https://www.baudefruta.pt/loja/?doing_wp_cron=1742652931.8845040798187255859375&orderby=popularity" "Mozilla/5.0 (Linux; Android 5.0) AppleWebKit/537.36 (KHTML, like Gecko) Mobile Safari/537.36 (compatible; Bytespider; spider-feedback@bytedance.com)"
47.128.43.1 - - [06/Jun/2026:01:39:36 +0200] "GET /wp-content/plugins/woocommerce-products-filter/css/front.css?ver=2.2.9.4 HTTP/1.1" 200 5063 "https://www.baudefruta.pt/loja/?doing_wp_cron=1742652931.8845040798187255859375&orderby=popularity" "Mozilla/5.0 (Linux; Android 5.0) AppleWebKit/537.36 (KHTML, like Gecko) Mobile Safari/537.36 (compatible; Bytespider; spider-feedback@bytedance.com)"
47.128.43.1 - - [06/Jun/2026:01:39:37 +0200] "GET /wp-content/plugins/custom-page-templates/assets/css/acf-google-maps.css?ver=3.1.1 HTTP/1.1" 200 283 "https://www.baudefruta.pt/loja/?doing_wp_cron=1742652931.8845040798187255859375&orderby=popularity" "Mozilla/5.0 (Linux; Android 5.0) AppleWebKit/537.36 (KHTML, like Gecko) Mobile Safari/537.36 (compatible; Bytespider; spider-feedback@bytedance.com)"
47.128.43.1 - - [06/Jun/2026:01:39:38 +0200] "GET /wp-content/plugins/woocommerce/assets/css/brands.css?ver=10.2.2 HTTP/1.1" 200 699 "https://www.baudefruta.pt/loja/?doing_wp_cron=1742652931.8845040798187255859375&orderby=popularity" "Mozilla/5.0 (Linux; Android 5.0) AppleWebKit/537.36 (KHTML, like Gecko) Mobile Safari/537.36 (compatible; Bytespider; spider-feedback@bytedance.com)"
47.128.43.1 - - [06/Jun/2026:01:39:38 +0200] "GET /wp-content/plugins/popup-maker/dist/assets/site.css?ver=1.21.4 HTTP/1.1" 200 1917 "https://www.baudefruta.pt/loja/?doing_wp_cron=1742652931.8845040798187255859375&orderby=popularity" "Mozilla/5.0 (Linux; Android 5.0) AppleWebKit/537.36 (KHTML, like Gecko) Mobile Safari/537.36 (compatible; Bytespider; spider-feedback@bytedance.com)"
47.128.43.1 - - [06/Jun/2026:01:39:38 +0200] "GET /wp-content/plugins/dhvc-form/assets/css/style.css?ver=2.3.0 HTTP/1.1" 200 3736 "https://www.baudefruta.pt/loja/?doing_wp_cron=1742652931.8845040798187255859375&orderby=popularity" "Mozilla/5.0 (Linux; Android 5.0) AppleWebKit/537.36 (KHTML, like Gecko) Mobile Safari/537.36 (compatible; Bytespider; spider-feedback@bytedance.com)"
216.73.217.23 - - [06/Jun/2026:01:39:38 +0200] "GET /loja/page/6/?add-to-cart=771&doing_wp_cron=1758569056.8537590503692626953125&orderby=date HTTP/1.1" 200 63338 "-" "Mozilla/5.0 AppleWebKit/537.36 (KHTML, like Gecko; compatible; ClaudeBot/1.0; +claudebot@anthropic.com)"
47.128.43.1 - - [06/Jun/2026:01:39:38 +0200] "GET /wp-content/uploads/2021/06/LJ001-laranja-1-uai-461x461.jpg HTTP/1.1" 206 500 "https://www.baudefruta.pt/loja/?doing_wp_cron=1742652931.8845040798187255859375&orderby=popularity" "Mozilla/5.0 (Linux; Android 5.0) AppleWebKit/537.36 (KHTML, like Gecko) Mobile Safari/537.36 (compatible; Bytespider; spider-feedback@bytedance.com)"
47.128.43.1 - - [06/Jun/2026:01:39:39 +0200] "GET /wp-content/uploads/2021/06/AF001-alho_frances-uai-322x322.jpg HTTP/1.1" 206 500 "https://www.baudefruta.pt/loja/?doing_wp_cron=1742652931.8845040798187255859375&orderby=popularity" "Mozilla/5.0 (Linux; Android 5.0) AppleWebKit/537.36 (KHTML, like Gecko) Mobile Safari/537.36 (compatible; Bytespider; spider-feedback@bytedance.com)"
47.128.43.1 - - [06/Jun/2026:01:39:39 +0200] "GET /wp-content/uploads/2021/06/CG001-courgete-2.jpg HTTP/1.1" 206 500 "https://www.baudefruta.pt/loja/?doing_wp_cron=1742652931.8845040798187255859375&orderby=popularity" "Mozilla/5.0 (Linux; Android 5.0) AppleWebKit/537.36 (KHTML, like Gecko) Mobile Safari/537.36 (compatible; Bytespider; spider-feedback@bytedance.com)"
47.128.43.1 - - [06/Jun/2026:01:39:40 +0200] "GET /wp-content/uploads/2021/05/logo-bau_1-01b.svg HTTP/1.1" 206 500 "https://www.baudefruta.pt/loja/?doing_wp_cron=1742652931.8845040798187255859375&orderby=popularity" "Mozilla/5.0 (Linux; Android 5.0) AppleWebKit/537.36 (KHTML, like Gecko) Mobile Safari/537.36 (compatible; Bytespider; spider-feedback@bytedance.com)"
47.128.43.1 - - [06/Jun/2026:01:39:40 +0200] "GET /wp-content/uploads/2021/10/BN002.jpg HTTP/1.1" 206 500 "https://www.baudefruta.pt/loja/?doing_wp_cron=1742652931.8845040798187255859375&orderby=popularity" "Mozilla/5.0 (Linux; Android 5.0) AppleWebKit/537.36 (KHTML, like Gecko) Mobile Safari/537.36 (compatible; Bytespider; spider-feedback@bytedance.com)"
47.128.43.1 - - [06/Jun/2026:01:39:40 +0200] "GET /wp-content/uploads/2021/06/LI001-limao-1-uai-952x952.jpg HTTP/1.1" 206 500 "https://www.baudefruta.pt/loja/?doing_wp_cron=1742652931.8845040798187255859375&orderby=popularity" "Mozilla/5.0 (Linux; Android 5.0) AppleWebKit/537.36 (KHTML, like Gecko) Mobile Safari/537.36 (compatible; Bytespider; spider-feedback@bytedance.com)"
47.128.43.1 - - [06/Jun/2026:01:39:40 +0200] "GET /wp-content/uploads/2021/06/BN001-banana.jpg HTTP/1.1" 206 500 "https://www.baudefruta.pt/loja/?doing_wp_cron=1742652931.8845040798187255859375&orderby=popularity" "Mozilla/5.0 (Linux; Android 5.0) AppleWebKit/537.36 (KHTML, like Gecko) Mobile Safari/537.36 (compatible; Bytespider; spider-feedback@bytedance.com)"
47.128.43.1 - - [06/Jun/2026:01:39:41 +0200] "GET /wp-content/uploads/2021/06/NC001-nabo-uai-440x440.jpg HTTP/1.1" 206 500 "https://www.baudefruta.pt/loja/?doing_wp_cron=1742652931.8845040798187255859375&orderby=popularity" "Mozilla/5.0 (Linux; Android 5.0) AppleWebKit/537.36 (KHTML, like Gecko) Mobile Safari/537.36 (compatible; Bytespider; spider-feedback@bytedance.com)"
47.128.43.1 - - [06/Jun/2026:01:39:41 +0200] "GET /wp-content/uploads/2021/06/CE001-coentros-1-uai-333x333.jpg HTTP/1.1" 206 500 "https://www.baudefruta.pt/loja/?doing_wp_cron=1742652931.8845040798187255859375&orderby=popularity" "Mozilla/5.0 (Linux; Android 5.0) AppleWebKit/537.36 (KHTML, like Gecko) Mobile Safari/537.36 (compatible; Bytespider; spider-feedback@bytedance.com)"
47.128.43.1 - - [06/Jun/2026:01:39:41 +0200] "GET /wp-content/uploads/2021/05/logo-bau_1-01b.svg HTTP/1.1" 304 0 "https://www.baudefruta.pt/loja/?doing_wp_cron=1742652931.8845040798187255859375&orderby=popularity" "Mozilla/5.0 (Linux; Android 5.0) AppleWebKit/537.36 (KHTML, like Gecko) Mobile Safari/537.36 (compatible; Bytespider; spider-feedback@bytedance.com)"
47.128.43.1 - - [06/Jun/2026:01:39:41 +0200] "GET /wp-content/uploads/2021/06/TH001-tomate-cherry-uai-335x335.jpg HTTP/1.1" 206 500 "https://www.baudefruta.pt/loja/?doing_wp_cron=1742652931.8845040798187255859375&orderby=popularity" "Mozilla/5.0 (Linux; Android 5.0) AppleWebKit/537.36 (KHTML, like Gecko) Mobile Safari/537.36 (compatible; Bytespider; spider-feedback@bytedance.com)"
47.128.43.1 - - [06/Jun/2026:01:39:41 +0200] "GET /wp-content/uploads/2021/08/CLT001-2-600x600.jpg HTTP/1.1" 206 500 "https://www.baudefruta.pt/loja/?doing_wp_cron=1742652931.8845040798187255859375&orderby=popularity" "Mozilla/5.0 (Linux; Android 5.0) AppleWebKit/537.36 (KHTML, like Gecko) Mobile Safari/537.36 (compatible; Bytespider; spider-feedback@bytedance.com)"
47.128.43.1 - - [06/Jun/2026:01:39:41 +0200] "GET /wp-content/uploads/2021/07/bau_mb_mbway.svg HTTP/1.1" 206 500 "https://www.baudefruta.pt/loja/?doing_wp_cron=1742652931.8845040798187255859375&orderby=popularity" "Mozilla/5.0 (Linux; Android 5.0) AppleWebKit/537.36 (KHTML, like Gecko) Mobile Safari/537.36 (compatible; Bytespider; spider-feedback@bytedance.com)"
47.128.43.1 - - [06/Jun/2026:01:39:41 +0200] "GET /wp-content/uploads/2021/05/logo-bau_1-01b.svg HTTP/1.1" 200 12888 "https://www.baudefruta.pt/loja/?doing_wp_cron=1742652931.8845040798187255859375&orderby=popularity" "Mozilla/5.0 (Linux; Android 5.0) AppleWebKit/537.36 (KHTML, like Gecko) Mobile Safari/537.36 (compatible; Bytespider; spider-feedback@bytedance.com)"
47.128.43.1 - - [06/Jun/2026:01:39:41 +0200] "GET /wp-content/uploads/2021/05/bau_livroreclamacoes.svg HTTP/1.1" 206 500 "https://www.baudefruta.pt/loja/?doing_wp_cron=1742652931.8845040798187255859375&orderby=popularity" "Mozilla/5.0 (Linux; Android 5.0) AppleWebKit/537.36 (KHTML, like Gecko) Mobile Safari/537.36 (compatible; Bytespider; spider-feedback@bytedance.com)"
47.128.43.1 - - [06/Jun/2026:01:39:42 +0200] "GET /wp-content/uploads/2021/07/bau_mb_mbway.svg HTTP/1.1" 304 0 "https://www.baudefruta.pt/loja/?doing_wp_cron=1742652931.8845040798187255859375&orderby=popularity" "Mozilla/5.0 (Linux; Android 5.0) AppleWebKit/537.36 (KHTML, like Gecko) Mobile Safari/537.36 (compatible; Bytespider; spider-feedback@bytedance.com)"
47.128.43.1 - - [06/Jun/2026:01:39:42 +0200] "GET /wp-content/uploads/2021/05/bau_livroreclamacoes.svg HTTP/1.1" 304 0 "https://www.baudefruta.pt/loja/?doing_wp_cron=1742652931.8845040798187255859375&orderby=popularity" "Mozilla/5.0 (Linux; Android 5.0) AppleWebKit/537.36 (KHTML, like Gecko) Mobile Safari/537.36 (compatible; Bytespider; spider-feedback@bytedance.com)"
47.128.43.1 - - [06/Jun/2026:01:39:42 +0200] "GET /wp-content/uploads/2021/07/bau_mb_mbway.svg HTTP/1.1" 200 5318 "https://www.baudefruta.pt/loja/?doing_wp_cron=1742652931.8845040798187255859375&orderby=popularity" "Mozilla/5.0 (Linux; Android 5.0) AppleWebKit/537.36 (KHTML, like Gecko) Mobile Safari/537.36 (compatible; Bytespider; spider-feedback@bytedance.com)"
216.73.217.23 - - [06/Jun/2026:01:39:43 +0200] "GET /loja/?add-to-cart=933&doing_wp_cron=1780445636.4324181079864501953125&orderby=menu_order HTTP/1.1" 200 60951 "-" "Mozilla/5.0 AppleWebKit/537.36 (KHTML, like Gecko; compatible; ClaudeBot/1.0; +claudebot@anthropic.com)"
47.128.43.1 - - [06/Jun/2026:01:39:43 +0200] "GET /wp-content/uploads/2021/05/bau_livroreclamacoes.svg HTTP/1.1" 200 2886 "https://www.baudefruta.pt/loja/?doing_wp_cron=1742652931.8845040798187255859375&orderby=popularity" "Mozilla/5.0 (Linux; Android 5.0) AppleWebKit/537.36 (KHTML, like Gecko) Mobile Safari/537.36 (compatible; Bytespider; spider-feedback@bytedance.com)"
216.73.217.23 - - [06/Jun/2026:01:39:45 +0200] "GET /produto/endivias/?add-to-cart=555&doing_wp_cron=1780454059.2328569889068603515625 HTTP/1.1" 200 59489 "-" "Mozilla/5.0 AppleWebKit/537.36 (KHTML, like Gecko; compatible; ClaudeBot/1.0; +claudebot@anthropic.com)"
216.73.217.23 - - [06/Jun/2026:01:39:49 +0200] "GET /produto/vinagre-de-vinho-branco/?add-to-cart=2043&doing_wp_cron=1780486879.0361640453338623046875 HTTP/1.1" 200 59524 "-" "Mozilla/5.0 AppleWebKit/537.36 (KHTML, like Gecko; compatible; ClaudeBot/1.0; +claudebot@anthropic.com)"
216.73.217.23 - - [06/Jun/2026:01:39:51 +0200] "GET /produto/groselha/?add-to-cart=4225&doing_wp_cron=1780434392.0134220123291015625000 HTTP/1.1" 200 59600 "-" "Mozilla/5.0 AppleWebKit/537.36 (KHTML, like Gecko; compatible; ClaudeBot/1.0; +claudebot@anthropic.com)"
216.73.217.23 - - [06/Jun/2026:01:39:55 +0200] "GET /loja/?add-to-cart=468&doing_wp_cron=1780521228.9134140014648437500000&orderby=popularity HTTP/1.1" 200 61618 "-" "Mozilla/5.0 AppleWebKit/537.36 (KHTML, like Gecko; compatible; ClaudeBot/1.0; +claudebot@anthropic.com)"
91.92.242.223 - - [06/Jun/2026:01:39:55 +0200] "POST /wp-login.php?action=register HTTP/1.1" 403 146 "-" "-"
216.73.217.23 - - [06/Jun/2026:01:39:58 +0200] "GET /produto/vinagre-de-sidra/?add-to-cart=1987&doing_wp_cron=1780467018.7120249271392822265625 HTTP/1.1" 200 60166 "-" "Mozilla/5.0 AppleWebKit/537.36 (KHTML, like Gecko; compatible; ClaudeBot/1.0; +claudebot@anthropic.com)"
216.73.217.23 - - [06/Jun/2026:01:40:01 +0200] "GET /loja/page/3/?add-to-cart=717&doing_wp_cron=1780388636.6831140518188476562500 HTTP/1.1" 200 62064 "-" "Mozilla/5.0 AppleWebKit/537.36 (KHTML, like Gecko; compatible; ClaudeBot/1.0; +claudebot@anthropic.com)"
216.73.217.23 - - [06/Jun/2026:01:40:04 +0200] "GET /produto/figo-seco-com-farinha/?add-to-cart=733&doing_wp_cron=1780438399.6846320629119873046875 HTTP/1.1" 200 60703 "-" "Mozilla/5.0 AppleWebKit/537.36 (KHTML, like Gecko; compatible; ClaudeBot/1.0; +claudebot@anthropic.com)"
216.73.217.23 - - [06/Jun/2026:01:40:07 +0200] "GET /loja/?add-to-cart=541&doing_wp_cron=1780462796.7094769477844238281250&orderby=menu_order HTTP/1.1" 200 62600 "-" "Mozilla/5.0 AppleWebKit/537.36 (KHTML, like Gecko; compatible; ClaudeBot/1.0; +claudebot@anthropic.com)"
216.73.217.23 - - [06/Jun/2026:01:40:10 +0200] "GET /loja/page/11/?add-to-cart=643&doing_wp_cron=1780577720.8370680809020996093750&orderby=menu_order HTTP/1.1" 200 62481 "-" "Mozilla/5.0 AppleWebKit/537.36 (KHTML, like Gecko; compatible; ClaudeBot/1.0; +claudebot@anthropic.com)"
216.73.217.23 - - [06/Jun/2026:01:40:13 +0200] "GET /loja/page/7/?add-to-cart=653&doing_wp_cron=1780484080.3415489196777343750000 HTTP/1.1" 200 63295 "-" "Mozilla/5.0 AppleWebKit/537.36 (KHTML, like Gecko; compatible; ClaudeBot/1.0; +claudebot@anthropic.com)"
216.73.217.23 - - [06/Jun/2026:01:40:16 +0200] "GET /loja/?add-to-cart=4781&doing_wp_cron=1780521299.4223439693450927734375&orderby=popularity HTTP/1.1" 200 63185 "-" "Mozilla/5.0 AppleWebKit/537.36 (KHTML, like Gecko; compatible; ClaudeBot/1.0; +claudebot@anthropic.com)"
216.73.217.23 - - [06/Jun/2026:01:40:19 +0200] "GET /produto/oleo-fula-1l/?add-to-cart=687&doing_wp_cron=1764625415.5084059238433837890625 HTTP/1.1" 200 62024 "-" "Mozilla/5.0 AppleWebKit/537.36 (KHTML, like Gecko; compatible; ClaudeBot/1.0; +claudebot@anthropic.com)"
216.73.217.23 - - [06/Jun/2026:01:40:22 +0200] "GET /produto/grelos-de-nabo/?add-to-cart=494&doing_wp_cron=1780259402.6258659362792968750000 HTTP/1.1" 200 61906 "-" "Mozilla/5.0 AppleWebKit/537.36 (KHTML, like Gecko; compatible; ClaudeBot/1.0; +claudebot@anthropic.com)"
216.73.217.23 - - [06/Jun/2026:01:40:25 +0200] "GET /produto/melao-verde/?add-to-cart=497&doing_wp_cron=1780408197.0826339721679687500000 HTTP/1.1" 200 62156 "-" "Mozilla/5.0 AppleWebKit/537.36 (KHTML, like Gecko; compatible; ClaudeBot/1.0; +claudebot@anthropic.com)"
178.16.52.137 - - [06/Jun/2026:01:40:27 +0200] "POST /wp-login.php?action=register HTTP/1.1" 403 146 "-" "-"
216.73.217.23 - - [06/Jun/2026:01:40:28 +0200] "GET /categoria-produto/mercearia/?add-to-cart=2038&doing_wp_cron=1780329056.6132450103759765625000&orderby=menu_order HTTP/1.1" 200 64051 "-" "Mozilla/5.0 AppleWebKit/537.36 (KHTML, like Gecko; compatible; ClaudeBot/1.0; +claudebot@anthropic.com)"
52.167.144.237 - - [06/Jun/2026:01:40:31 +0200] "GET /page/6/?s&doing_wp_cron=1766496364.6707279682159423828125&orderby=date HTTP/1.1" 200 52501 "-" "Mozilla/5.0 AppleWebKit/537.36 (KHTML, like Gecko; compatible; bingbot/2.0; +http://www.bing.com/bingbot.htm) Chrome/116.0.1938.76 Safari/537.36"
216.73.217.23 - - [06/Jun/2026:01:40:31 +0200] "GET /categoria-produto/mercearia/page/3/?doing_wp_cron=1780376541.5817520618438720703125&orderby=price HTTP/1.1" 200 64047 "-" "Mozilla/5.0 AppleWebKit/537.36 (KHTML, like Gecko; compatible; ClaudeBot/1.0; +claudebot@anthropic.com)"
216.73.217.23 - - [06/Jun/2026:01:40:34 +0200] "GET /produto/melao-verde/?add-to-cart=486&doing_wp_cron=1780323777.5646409988403320312500 HTTP/1.1" 200 62731 "-" "Mozilla/5.0 AppleWebKit/537.36 (KHTML, like Gecko; compatible; ClaudeBot/1.0; +claudebot@anthropic.com)"
216.73.217.23 - - [06/Jun/2026:01:40:37 +0200] "GET /produto/figo-seco-com-farinha/?add-to-cart=647&doing_wp_cron=1780438399.6846320629119873046875 HTTP/1.1" 200 62884 "-" "Mozilla/5.0 AppleWebKit/537.36 (KHTML, like Gecko; compatible; ClaudeBot/1.0; +claudebot@anthropic.com)"
216.73.217.23 - - [06/Jun/2026:01:40:40 +0200] "GET /loja/?add-to-cart=497&doing_wp_cron=1780398926.3913888931274414062500&orderby=popularity HTTP/1.1" 200 64422 "-" "Mozilla/5.0 AppleWebKit/537.36 (KHTML, like Gecko; compatible; ClaudeBot/1.0; +claudebot@anthropic.com)"
216.73.217.23 - - [06/Jun/2026:01:40:43 +0200] "GET /produto/vinagre-de-sidra/?add-to-cart=795&doing_wp_cron=1780219969.7306270599365234375000 HTTP/1.1" 200 63030 "-" "Mozilla/5.0 AppleWebKit/537.36 (KHTML, like Gecko; compatible; ClaudeBot/1.0; +claudebot@anthropic.com)"
216.73.217.23 - - [06/Jun/2026:01:40:46 +0200] "GET /loja/page/9/?add-to-cart=2010&doing_wp_cron=1780552196.7174270153045654296875&orderby=menu_order HTTP/1.1" 200 65231 "-" "Mozilla/5.0 AppleWebKit/537.36 (KHTML, like Gecko; compatible; ClaudeBot/1.0; +claudebot@anthropic.com)"
216.73.217.23 - - [06/Jun/2026:01:40:49 +0200] "GET /loja/?add-to-cart=4233&doing_wp_cron=1780445660.5325009822845458984375&orderby=date HTTP/1.1" 200 65196 "-" "Mozilla/5.0 AppleWebKit/537.36 (KHTML, like Gecko; compatible; ClaudeBot/1.0; +claudebot@anthropic.com)"
216.73.217.23 - - [06/Jun/2026:01:40:52 +0200] "GET /produto/peixe-em-saqueta/?add-to-cart=649&doing_wp_cron=1780489759.3532829284667968750000 HTTP/1.1" 200 63458 "-" "Mozilla/5.0 AppleWebKit/537.36 (KHTML, like Gecko; compatible; ClaudeBot/1.0; +claudebot@anthropic.com)"
216.73.217.23 - - [06/Jun/2026:01:40:55 +0200] "GET /produto/couve-flor/?add-to-cart=1124&doing_wp_cron=1780265757.1026120185852050781250 HTTP/1.1" 200 63737 "-" "Mozilla/5.0 AppleWebKit/537.36 (KHTML, like Gecko; compatible; ClaudeBot/1.0; +claudebot@anthropic.com)"
216.73.217.23 - - [06/Jun/2026:01:40:58 +0200] "GET /loja/?add-to-cart=18756&doing_wp_cron=1780247694.3308169841766357421875&orderby=popularity HTTP/1.1" 200 65614 "-" "Mozilla/5.0 AppleWebKit/537.36 (KHTML, like Gecko; compatible; ClaudeBot/1.0; +claudebot@anthropic.com)"
57.141.20.14 - - [06/Jun/2026:01:40:59 +0200] "GET /sitemap.html?doing_wp_cron=1766813997.1899349689483642578125 HTTP/1.1" 404 298249 "-" "meta-externalagent/1.1 (+https://developers.facebook.com/docs/sharing/webmasters/crawler)"
114.119.152.161 - - [06/Jun/2026:01:40:59 +0200] "GET /loja/page/7/?orderby=menu_order&doing_wp_cron=1750256906.2099390029907226562500 HTTP/1.1" 200 60465 "https://www.baudefruta.pt/loja/page/6?orderby=menu_order&doing_wp_cron=1750256906.2099390029907226562500" "Mozilla/5.0 (Linux; Android 7.0;) AppleWebKit/537.36 (HTML, like Gecko) Mobile Safari/537.36 (compatible; PetalBot;+https://webmaster.petalsearch.com/site/petalbot)"
216.73.217.23 - - [06/Jun/2026:01:41:01 +0200] "GET /produto/vinha-dalho/?add-to-cart=670&doing_wp_cron=1739319095.5677430629730224609375 HTTP/1.1" 200 64342 "-" "Mozilla/5.0 AppleWebKit/537.36 (KHTML, like Gecko; compatible; ClaudeBot/1.0; +claudebot@anthropic.com)"
78.142.18.172 - - [06/Jun/2026:01:41:01 +0200] "POST /xmlrpc.php HTTP/1.1" 200 244 "-" "Mozilla/5.0 (Macintosh; Intel Mac OS X 11_7_10) AppleWebKit/537.36 (KHTML, like Gecko) Chrome/133.0.0.0 Safari/537.36"
216.73.217.23 - - [06/Jun/2026:01:41:04 +0200] "GET /categoria-produto/mercearia/?add-to-cart=2033&doing_wp_cron=1780329056.6132450103759765625000&orderby=popularity HTTP/1.1" 200 66393 "-" "Mozilla/5.0 AppleWebKit/537.36 (KHTML, like Gecko; compatible; ClaudeBot/1.0; +claudebot@anthropic.com)"
216.73.217.23 - - [06/Jun/2026:01:41:07 +0200] "GET /loja/page/6/?add-to-cart=2008&doing_wp_cron=1780580396.5920960903167724609375&orderby=popularity HTTP/1.1" 200 66915 "-" "Mozilla/5.0 AppleWebKit/537.36 (KHTML, like Gecko; compatible; ClaudeBot/1.0; +claudebot@anthropic.com)"
216.73.217.23 - - [06/Jun/2026:01:41:10 +0200] "GET /produto/clementina/?add-to-cart=494&doing_wp_cron=1780276306.7036058902740478515625 HTTP/1.1" 200 64413 "-" "Mozilla/5.0 AppleWebKit/537.36 (KHTML, like Gecko; compatible; ClaudeBot/1.0; +claudebot@anthropic.com)"
216.73.217.23 - - [06/Jun/2026:01:41:13 +0200] "GET /loja/?add-to-cart=4227&doing_wp_cron=1780462878.7975680828094482421875&orderby=date HTTP/1.1" 200 66359 "-" "Mozilla/5.0 AppleWebKit/537.36 (KHTML, like Gecko; compatible; ClaudeBot/1.0; +claudebot@anthropic.com)"
216.73.217.23 - - [06/Jun/2026:01:41:16 +0200] "GET /produto/melao-verde/?add-to-cart=521&doing_wp_cron=1780323777.5646409988403320312500 HTTP/1.1" 200 64780 "-" "Mozilla/5.0 AppleWebKit/537.36 (KHTML, like Gecko; compatible; ClaudeBot/1.0; +claudebot@anthropic.com)"
216.73.217.23 - - [06/Jun/2026:01:41:19 +0200] "GET /loja/?add-to-cart=1539&doing_wp_cron=1780555436.5701129436492919921875&orderby=popularity HTTP/1.1" 200 66632 "-" "Mozilla/5.0 AppleWebKit/537.36 (KHTML, like Gecko; compatible; ClaudeBot/1.0; +claudebot@anthropic.com)"
216.73.217.23 - - [06/Jun/2026:01:41:22 +0200] "GET /produto/vinagre-de-vinho-branco/?add-to-cart=827&doing_wp_cron=1780486879.0361640453338623046875 HTTP/1.1" 200 65129 "-" "Mozilla/5.0 AppleWebKit/537.36 (KHTML, like Gecko; compatible; ClaudeBot/1.0; +claudebot@anthropic.com)"
216.73.217.23 - - [06/Jun/2026:01:41:25 +0200] "GET /loja/page/9/?add-to-cart=719&doing_wp_cron=1780577720.8370680809020996093750&orderby=menu_order HTTP/1.1" 200 67336 "-" "Mozilla/5.0 AppleWebKit/537.36 (KHTML, like Gecko; compatible; ClaudeBot/1.0; +claudebot@anthropic.com)"
216.73.217.23 - - [06/Jun/2026:01:41:28 +0200] "GET /loja/?add-to-cart=1126&doing_wp_cron=1758569056.8537590503692626953125&orderby=popularity HTTP/1.1" 200 67226 "-" "Mozilla/5.0 AppleWebKit/537.36 (KHTML, like Gecko; compatible; ClaudeBot/1.0; +claudebot@anthropic.com)"
216.73.217.23 - - [06/Jun/2026:01:41:31 +0200] "GET /loja/?add-to-cart=494&doing_wp_cron=1780494314.2484500408172607421875&orderby=menu_order HTTP/1.1" 200 67369 "-" "Mozilla/5.0 AppleWebKit/537.36 (KHTML, like Gecko; compatible; ClaudeBot/1.0; +claudebot@anthropic.com)"
216.73.217.23 - - [06/Jun/2026:01:41:34 +0200] "GET /produto/peixe-em-saqueta/?add-to-cart=723&doing_wp_cron=1780480678.9936580657958984375000 HTTP/1.1" 200 65792 "-" "Mozilla/5.0 AppleWebKit/537.36 (KHTML, like Gecko; compatible; ClaudeBot/1.0; +claudebot@anthropic.com)"
76.153.126.60 - - [06/Jun/2026:01:41:36 +0200] "GET /categoria-produto/mercearia/page/5/?doing_wp_cron=1779798024.7941360473632812500000&orderby=date HTTP/1.1" 200 60027 "-" "Mozilla/5.0 (compatible; MSIE 8.0; Windows NT 11.0; Trident/4.0)"
216.73.217.23 - - [06/Jun/2026:01:41:37 +0200] "GET /produto/clementina/?add-to-cart=484&doing_wp_cron=1780262275.5100829601287841796875 HTTP/1.1" 200 65845 "-" "Mozilla/5.0 AppleWebKit/537.36 (KHTML, like Gecko; compatible; ClaudeBot/1.0; +claudebot@anthropic.com)"
216.73.217.23 - - [06/Jun/2026:01:41:40 +0200] "GET /loja/page/3/?add-to-cart=2008&doing_wp_cron=1780400178.2150061130523681640625&orderby=popularity HTTP/1.1" 200 67967 "-" "Mozilla/5.0 AppleWebKit/537.36 (KHTML, like Gecko; compatible; ClaudeBot/1.0; +claudebot@anthropic.com)"
216.73.217.23 - - [06/Jun/2026:01:41:43 +0200] "GET /produto/peixe-em-saqueta/?add-to-cart=699&doing_wp_cron=1780489759.3532829284667968750000 HTTP/1.1" 200 66079 "-" "Mozilla/5.0 AppleWebKit/537.36 (KHTML, like Gecko; compatible; ClaudeBot/1.0; +claudebot@anthropic.com)"
216.73.217.23 - - [06/Jun/2026:01:41:48 +0200] "GET /loja/page/9/?add-to-cart=2008&doing_wp_cron=1770738320.9674439430236816406250&orderby=popularity HTTP/1.1" 200 61586 "-" "Mozilla/5.0 AppleWebKit/537.36 (KHTML, like Gecko; compatible; ClaudeBot/1.0; +claudebot@anthropic.com)"
216.73.217.23 - - [06/Jun/2026:01:41:50 +0200] "GET /loja/page/6/?add-to-cart=717&doing_wp_cron=1780498200.4151859283447265625000&orderby=popularity HTTP/1.1" 200 61871 "-" "Mozilla/5.0 AppleWebKit/537.36 (KHTML, like Gecko; compatible; ClaudeBot/1.0; +claudebot@anthropic.com)"
216.73.217.23 - - [06/Jun/2026:01:41:53 +0200] "GET /categoria-produto/mercearia/?add-to-cart=2042&doing_wp_cron=1780219309.6356399059295654296875&orderby=date HTTP/1.1" 200 61046 "-" "Mozilla/5.0 AppleWebKit/537.36 (KHTML, like Gecko; compatible; ClaudeBot/1.0; +claudebot@anthropic.com)"
31.223.75.171 - - [06/Jun/2026:01:41:54 +0200] "GET /2021/05/11/ola-mundo/ HTTP/1.1" 200 1135691 "https://www.baudefruta.pt/" "Mozilla/5.0 (Macintosh; Intel Mac OS X 10_15_7) AppleWebKit/605.1.15 (KHTML, like Gecko) Version/26.3.1 Safari/605.1.15"
216.73.217.23 - - [06/Jun/2026:01:41:56 +0200] "GET /loja/page/2/?add-to-cart=4218&doing_wp_cron=1780462796.7094769477844238281250&orderby=popularity HTTP/1.1" 200 61730 "-" "Mozilla/5.0 AppleWebKit/537.36 (KHTML, like Gecko; compatible; ClaudeBot/1.0; +claudebot@anthropic.com)"
216.73.217.23 - - [06/Jun/2026:01:41:59 +0200] "GET /categoria-produto/mercearia/?add-to-cart=3501&doing_wp_cron=1780284057.4707438945770263671875&orderby=popularity HTTP/1.1" 200 62079 "-" "Mozilla/5.0 AppleWebKit/537.36 (KHTML, like Gecko; compatible; ClaudeBot/1.0; +claudebot@anthropic.com)"
31.223.75.171 - - [06/Jun/2026:01:42:02 +0200] "GET /2021/05/11/ola-mundo/ HTTP/1.1" 200 1135691 "https://www.baudefruta.pt/2021/05/11/ola-mundo/" "PHP/{5|6|7}.{3|2}.{1|2|3|4|5|6|7|8|9|0}{1|2|3|4|5|6|7|8|9|0}"
216.73.217.23 - - [06/Jun/2026:01:42:02 +0200] "GET /loja/page/9/?add-to-cart=702&doing_wp_cron=1770738320.9674439430236816406250&orderby=menu_order HTTP/1.1" 200 62242 "-" "Mozilla/5.0 AppleWebKit/537.36 (KHTML, like Gecko; compatible; ClaudeBot/1.0; +claudebot@anthropic.com)"
31.223.75.171 - - [06/Jun/2026:01:42:02 +0200] "POST /xmlrpc.php HTTP/1.1" 200 217 "https://www.baudefruta.pt/2021/05/11/ola-mundo/" "PHP/6.2.85"
216.73.217.23 - - [06/Jun/2026:01:42:05 +0200] "GET /categoria-produto/mercearia/?add-to-cart=735&doing_wp_cron=1780227787.8182260990142822265625&orderby=popularity HTTP/1.1" 200 62544 "-" "Mozilla/5.0 AppleWebKit/537.36 (KHTML, like Gecko; compatible; ClaudeBot/1.0; +claudebot@anthropic.com)"
216.73.217.23 - - [06/Jun/2026:01:42:08 +0200] "GET /loja/page/8/?add-to-cart=441&doing_wp_cron=1780415179.5259048938751220703125&orderby=menu_order HTTP/1.1" 200 62548 "-" "Mozilla/5.0 AppleWebKit/537.36 (KHTML, like Gecko; compatible; ClaudeBot/1.0; +claudebot@anthropic.com)"
114.119.149.3 - - [06/Jun/2026:01:42:10 +0200] "GET /loja/page/7/?orderby=menu_order&doing_wp_cron=1748905514.8292009830474853515625 HTTP/1.1" 200 60472 "https://www.baudefruta.pt/loja/page/8/?orderby=menu_order&doing_wp_cron=1748905514.8292009830474853515625" "Mozilla/5.0 (Linux; Android 7.0;) AppleWebKit/537.36 (HTML, like Gecko) Mobile Safari/537.36 (compatible; PetalBot;+https://webmaster.petalsearch.com/site/petalbot)"
216.73.217.23 - - [06/Jun/2026:01:42:11 +0200] "GET /categoria-produto/mercearia/?add-to-cart=3502&doing_wp_cron=1780481118.3489570617675781250000&orderby=menu_order HTTP/1.1" 200 62533 "-" "Mozilla/5.0 AppleWebKit/537.36 (KHTML, like Gecko; compatible; ClaudeBot/1.0; +claudebot@anthropic.com)"
216.73.217.23 - - [06/Jun/2026:01:42:14 +0200] "GET /loja/page/10/?add-to-cart=587&doing_wp_cron=1780561339.5231180191040039062500&orderby=menu_order HTTP/1.1" 200 63186 "-" "Mozilla/5.0 AppleWebKit/537.36 (KHTML, like Gecko; compatible; ClaudeBot/1.0; +claudebot@anthropic.com)"
66.249.79.196 - - [06/Jun/2026:01:42:16 +0200] "GET / HTTP/1.1" 302 102 "-" "Mozilla/5.0 (compatible; Googlebot/2.1; +http://www.google.com/bot.html)"
66.249.79.195 - - [06/Jun/2026:01:42:17 +0200] "GET /?doing_wp_cron=1780702936.7027928829193115234375 HTTP/1.1" 301 5 "-" "Mozilla/5.0 (compatible; Googlebot/2.1; +http://www.google.com/bot.html)"
66.249.79.136 - - [06/Jun/2026:01:42:18 +0200] "GET /?doing_wp_cron=1780702936.7027928829193115234375 HTTP/1.1" 200 61392 "-" "Mozilla/5.0 (compatible; Googlebot/2.1; +http://www.google.com/bot.html)"
216.73.217.23 - - [06/Jun/2026:01:42:18 +0200] "GET /loja/?add-to-cart=239&doing_wp_cron=1780328969.7069408893585205078125&orderby=date HTTP/1.1" 200 62175 "-" "Mozilla/5.0 AppleWebKit/537.36 (KHTML, like Gecko; compatible; ClaudeBot/1.0; +claudebot@anthropic.com)"
66.249.79.138 - - [06/Jun/2026:01:42:21 +0200] "GET /wp-content/themes/baudefruta-un/style.css?ver=249929262 HTTP/1.1" 200 896 "https://www.baudefruta.pt/?doing_wp_cron=1780702936.7027928829193115234375" "Mozilla/5.0 (compatible; Googlebot/2.1; +http://www.google.com/bot.html)"
216.73.217.23 - - [06/Jun/2026:01:42:21 +0200] "GET /loja/page/7/?add-to-cart=1994&doing_wp_cron=1780505637.3969678878784179687500&orderby=popularity HTTP/1.1" 200 63013 "-" "Mozilla/5.0 AppleWebKit/537.36 (KHTML, like Gecko; compatible; ClaudeBot/1.0; +claudebot@anthropic.com)"
66.249.79.138 - - [06/Jun/2026:01:42:21 +0200] "GET /wp-content/themes/uncode/library/js/init.js?ver=2125700214 HTTP/1.1" 200 38505 "https://www.baudefruta.pt/?doing_wp_cron=1780702936.7027928829193115234375" "Mozilla/5.0 (compatible; Googlebot/2.1; +http://www.google.com/bot.html)"
66.249.79.137 - - [06/Jun/2026:01:42:21 +0200] "GET /wp-content/themes/uncode/library/css/woocommerce.css?ver=2125700214 HTTP/1.1" 200 20067 "https://www.baudefruta.pt/?doing_wp_cron=1780702936.7027928829193115234375" "Mozilla/5.0 (compatible; Googlebot/2.1; +http://www.google.com/bot.html)"
66.249.79.138 - - [06/Jun/2026:01:42:21 +0200] "GET /wp-content/themes/uncode/library/css/style.css?ver=2125700214 HTTP/1.1" 200 70140 "https://www.baudefruta.pt/?doing_wp_cron=1780702936.7027928829193115234375" "Mozilla/5.0 (compatible; Googlebot/2.1; +http://www.google.com/bot.html)"
66.249.79.137 - - [06/Jun/2026:01:42:22 +0200] "GET /wp-content/themes/uncode/library/css/uncode-icons.css?ver=2125700214 HTTP/1.1" 200 12098 "https://www.baudefruta.pt/?doing_wp_cron=1780702936.7027928829193115234375" "Mozilla/5.0 (compatible; Googlebot/2.1; +http://www.google.com/bot.html)"
66.249.79.137 - - [06/Jun/2026:01:42:23 +0200] "GET /wp-content/themes/uncode/library/js/plugins.js?ver=2125700214 HTTP/1.1" 200 192557 "https://www.baudefruta.pt/?doing_wp_cron=1780702936.7027928829193115234375" "Mozilla/5.0 (compatible; Googlebot/2.1; +http://www.google.com/bot.html)"
216.73.217.23 - - [06/Jun/2026:01:42:24 +0200] "GET /loja/page/10/?add-to-cart=4224&doing_wp_cron=1780534399.0477209091186523437500&orderby=menu_order HTTP/1.1" 200 62998 "-" "Mozilla/5.0 AppleWebKit/537.36 (KHTML, like Gecko; compatible; ClaudeBot/1.0; +claudebot@anthropic.com)"
66.249.79.136 - - [06/Jun/2026:01:42:24 +0200] "GET /wp-content/themes/uncode/library/js/app.js?ver=2125700214 HTTP/1.1" 200 41076 "https://www.baudefruta.pt/?doing_wp_cron=1780702936.7027928829193115234375" "Mozilla/5.0 (compatible; Googlebot/2.1; +http://www.google.com/bot.html)"
66.249.79.136 - - [06/Jun/2026:01:42:25 +0200] "GET /wp-content/themes/uncode/library/js/woocommerce-uncode.js?ver=2125700214 HTTP/1.1" 200 7190 "https://www.baudefruta.pt/?doing_wp_cron=1780702936.7027928829193115234375" "Mozilla/5.0 (compatible; Googlebot/2.1; +http://www.google.com/bot.html)"
216.73.217.23 - - [06/Jun/2026:01:42:27 +0200] "GET /loja/page/7/?add-to-cart=795&doing_wp_cron=1780407057.6045830249786376953125&orderby=menu_order HTTP/1.1" 200 63080 "-" "Mozilla/5.0 AppleWebKit/537.36 (KHTML, like Gecko; compatible; ClaudeBot/1.0; +claudebot@anthropic.com)"
216.73.217.23 - - [06/Jun/2026:01:42:30 +0200] "GET /categoria-produto/mercearia/?add-to-cart=1987&doing_wp_cron=1780612711.7014238834381103515625&orderby=menu_order HTTP/1.1" 200 62897 "-" "Mozilla/5.0 AppleWebKit/537.36 (KHTML, like Gecko; compatible; ClaudeBot/1.0; +claudebot@anthropic.com)"
178.16.52.137 - - [06/Jun/2026:01:42:31 +0200] "POST /wp-login.php?action=register HTTP/1.1" 403 146 "-" "-"
216.73.217.23 - - [06/Jun/2026:01:42:33 +0200] "GET /loja/page/5/?add-to-cart=823&doing_wp_cron=1780453183.1994099617004394531250&orderby=date HTTP/1.1" 200 63501 "-" "Mozilla/5.0 AppleWebKit/537.36 (KHTML, like Gecko; compatible; ClaudeBot/1.0; +claudebot@anthropic.com)"
216.73.217.23 - - [06/Jun/2026:01:42:36 +0200] "GET /loja/page/10/?add-to-cart=2013&doing_wp_cron=1705054787.4118249416351318359375&orderby=popularity HTTP/1.1" 200 64249 "-" "Mozilla/5.0 AppleWebKit/537.36 (KHTML, like Gecko; compatible; ClaudeBot/1.0; +claudebot@anthropic.com)"
216.73.217.23 - - [06/Jun/2026:01:42:39 +0200] "GET /loja/page/5/?add-to-cart=621&doing_wp_cron=1770738320.9674439430236816406250&orderby=popularity HTTP/1.1" 200 64329 "-" "Mozilla/5.0 AppleWebKit/537.36 (KHTML, like Gecko; compatible; ClaudeBot/1.0; +claudebot@anthropic.com)"
216.73.217.23 - - [06/Jun/2026:01:42:42 +0200] "GET /loja/page/5/?add-to-cart=492&doing_wp_cron=1780462796.7094769477844238281250&orderby=popularity HTTP/1.1" 200 64464 "-" "Mozilla/5.0 AppleWebKit/537.36 (KHTML, like Gecko; compatible; ClaudeBot/1.0; +claudebot@anthropic.com)"
216.73.217.23 - - [06/Jun/2026:01:42:45 +0200] "GET /loja/page/10/?add-to-cart=497&doing_wp_cron=1780555563.7996189594268798828125&orderby=popularity HTTP/1.1" 200 64784 "-" "Mozilla/5.0 AppleWebKit/537.36 (KHTML, like Gecko; compatible; ClaudeBot/1.0; +claudebot@anthropic.com)"
216.73.217.23 - - [06/Jun/2026:01:42:48 +0200] "GET /produto/azeitona-preta-oxidada/?add-to-cart=547&doing_wp_cron=1780208228.3248970508575439453125 HTTP/1.1" 200 62605 "-" "Mozilla/5.0 AppleWebKit/537.36 (KHTML, like Gecko; compatible; ClaudeBot/1.0; +claudebot@anthropic.com)"
216.73.217.23 - - [06/Jun/2026:01:42:51 +0200] "GET /loja/page/3/?add-to-cart=704&doing_wp_cron=1780471458.6715359687805175781250&orderby=popularity HTTP/1.1" 200 64777 "-" "Mozilla/5.0 AppleWebKit/537.36 (KHTML, like Gecko; compatible; ClaudeBot/1.0; +claudebot@anthropic.com)"
216.73.217.23 - - [06/Jun/2026:01:42:54 +0200] "GET /loja/page/7/?add-to-cart=591&doing_wp_cron=1780555520.9251229763031005859375&orderby=menu_order HTTP/1.1" 200 64768 "-" "Mozilla/5.0 AppleWebKit/537.36 (KHTML, like Gecko; compatible; ClaudeBot/1.0; +claudebot@anthropic.com)"
216.73.217.23 - - [06/Jun/2026:01:42:57 +0200] "GET /loja/page/11/?add-to-cart=238&doing_wp_cron=1780384400.8176770210266113281250&orderby=menu_order HTTP/1.1" 200 61535 "-" "Mozilla/5.0 AppleWebKit/537.36 (KHTML, like Gecko; compatible; ClaudeBot/1.0; +claudebot@anthropic.com)"
216.73.217.23 - - [06/Jun/2026:01:43:00 +0200] "GET /loja/page/5/?add-to-cart=1986&doing_wp_cron=1780445092.3632619380950927734375&orderby=popularity HTTP/1.1" 200 62664 "-" "Mozilla/5.0 AppleWebKit/537.36 (KHTML, like Gecko; compatible; ClaudeBot/1.0; +claudebot@anthropic.com)"
216.73.217.23 - - [06/Jun/2026:01:43:03 +0200] "GET /loja/page/6/?add-to-cart=1133&doing_wp_cron=1780521319.6477649211883544921875&orderby=date HTTP/1.1" 200 62441 "-" "Mozilla/5.0 AppleWebKit/537.36 (KHTML, like Gecko; compatible; ClaudeBot/1.0; +claudebot@anthropic.com)"
216.73.217.23 - - [06/Jun/2026:01:43:06 +0200] "GET /categoria-produto/mercearia/?add-to-cart=761&doing_wp_cron=1780201028.8341560363769531250000&orderby=popularity HTTP/1.1" 200 62937 "-" "Mozilla/5.0 AppleWebKit/537.36 (KHTML, like Gecko; compatible; ClaudeBot/1.0; +claudebot@anthropic.com)"
91.92.242.223 - - [06/Jun/2026:01:43:09 +0200] "POST /wp-login.php?action=register HTTP/1.1" 403 146 "-" "-"
216.73.217.23 - - [06/Jun/2026:01:43:09 +0200] "GET /loja/page/2/?add-to-cart=1540&doing_wp_cron=1780208025.6175029277801513671875&orderby=popularity HTTP/1.1" 200 62970 "-" "Mozilla/5.0 AppleWebKit/537.36 (KHTML, like Gecko; compatible; ClaudeBot/1.0; +claudebot@anthropic.com)"
216.73.217.23 - - [06/Jun/2026:01:43:12 +0200] "GET /loja/page/10/?add-to-cart=719&doing_wp_cron=1770738320.9674439430236816406250&orderby=menu_order HTTP/1.1" 200 63450 "-" "Mozilla/5.0 AppleWebKit/537.36 (KHTML, like Gecko; compatible; ClaudeBot/1.0; +claudebot@anthropic.com)"
216.73.217.23 - - [06/Jun/2026:01:43:15 +0200] "GET /loja/page/10/?add-to-cart=504&doing_wp_cron=1780398917.1266179084777832031250&orderby=date HTTP/1.1" 200 62944 "-" "Mozilla/5.0 AppleWebKit/537.36 (KHTML, like Gecko; compatible; ClaudeBot/1.0; +claudebot@anthropic.com)"
216.73.217.23 - - [06/Jun/2026:01:43:18 +0200] "GET /loja/page/3/?add-to-cart=532&doing_wp_cron=1780505637.3969678878784179687500&orderby=popularity HTTP/1.1" 200 63675 "-" "Mozilla/5.0 AppleWebKit/537.36 (KHTML, like Gecko; compatible; ClaudeBot/1.0; +claudebot@anthropic.com)"
216.73.217.23 - - [06/Jun/2026:01:43:21 +0200] "GET /categoria-produto/mercearia/?add-to-cart=725&doing_wp_cron=1780200818.7345960140228271484375&orderby=date HTTP/1.1" 200 63469 "-" "Mozilla/5.0 AppleWebKit/537.36 (KHTML, like Gecko; compatible; ClaudeBot/1.0; +claudebot@anthropic.com)"
216.73.217.23 - - [06/Jun/2026:01:43:24 +0200] "GET /loja/page/7/?add-to-cart=765&doing_wp_cron=1780471500.7316999435424804687500&orderby=menu_order HTTP/1.1" 200 64190 "-" "Mozilla/5.0 AppleWebKit/537.36 (KHTML, like Gecko; compatible; ClaudeBot/1.0; +claudebot@anthropic.com)"
216.73.217.23 - - [06/Jun/2026:01:43:27 +0200] "GET /loja/page/8/?add-to-cart=4227&doing_wp_cron=1780424179.3111770153045654296875&orderby=popularity HTTP/1.1" 200 64754 "-" "Mozilla/5.0 AppleWebKit/537.36 (KHTML, like Gecko; compatible; ClaudeBot/1.0; +claudebot@anthropic.com)"
216.73.217.23 - - [06/Jun/2026:01:43:30 +0200] "GET /loja/page/2/?add-to-cart=2045&doing_wp_cron=1780424125.1127629280090332031250&orderby=date HTTP/1.1" 200 64348 "-" "Mozilla/5.0 AppleWebKit/537.36 (KHTML, like Gecko; compatible; ClaudeBot/1.0; +claudebot@anthropic.com)"
114.119.149.254 - - [06/Jun/2026:01:43:33 +0200] "GET /loja/page/7/?orderby=menu_order&doing_wp_cron=1746774247.6907620429992675781250 HTTP/1.1" 200 60462 "https://www.baudefruta.pt/loja/page/6/?orderby=menu_order&doing_wp_cron=1746774247.6907620429992675781250" "Mozilla/5.0 (Linux; Android 7.0;) AppleWebKit/537.36 (HTML, like Gecko) Mobile Safari/537.36 (compatible; PetalBot;+https://webmaster.petalsearch.com/site/petalbot)"
216.73.217.23 - - [06/Jun/2026:01:43:33 +0200] "GET /loja/page/4/?add-to-cart=4222&doing_wp_cron=1780383896.6204249858856201171875&orderby=date HTTP/1.1" 200 64931 "-" "Mozilla/5.0 AppleWebKit/537.36 (KHTML, like Gecko; compatible; ClaudeBot/1.0; +claudebot@anthropic.com)"
216.73.217.23 - - [06/Jun/2026:01:43:36 +0200] "GET /loja/page/3/?add-to-cart=563&doing_wp_cron=1780338116.7118010520935058593750&orderby=menu_order HTTP/1.1" 200 64576 "-" "Mozilla/5.0 AppleWebKit/537.36 (KHTML, like Gecko; compatible; ClaudeBot/1.0; +claudebot@anthropic.com)"
216.73.217.23 - - [06/Jun/2026:01:43:39 +0200] "GET /categoria-produto/mercearia/?add-to-cart=2013&doing_wp_cron=1780232881.6984970569610595703125&orderby=popularity HTTP/1.1" 200 65268 "-" "Mozilla/5.0 AppleWebKit/537.36 (KHTML, like Gecko; compatible; ClaudeBot/1.0; +claudebot@anthropic.com)"
216.73.217.23 - - [06/Jun/2026:01:43:42 +0200] "GET /loja/page/4/?add-to-cart=3517&doing_wp_cron=1780383836.4200708866119384765625&orderby=popularity HTTP/1.1" 200 65318 "-" "Mozilla/5.0 AppleWebKit/537.36 (KHTML, like Gecko; compatible; ClaudeBot/1.0; +claudebot@anthropic.com)"
216.73.217.23 - - [06/Jun/2026:01:43:45 +0200] "GET /loja/page/2/?add-to-cart=3519&doing_wp_cron=1780398926.3913888931274414062500&orderby=date HTTP/1.1" 200 65199 "-" "Mozilla/5.0 AppleWebKit/537.36 (KHTML, like Gecko; compatible; ClaudeBot/1.0; +claudebot@anthropic.com)"
216.73.217.23 - - [06/Jun/2026:01:43:48 +0200] "GET /loja/page/4/?add-to-cart=1539&doing_wp_cron=1780445660.5325009822845458984375&orderby=date HTTP/1.1" 200 65814 "-" "Mozilla/5.0 AppleWebKit/537.36 (KHTML, like Gecko; compatible; ClaudeBot/1.0; +claudebot@anthropic.com)"
216.73.217.23 - - [06/Jun/2026:01:43:51 +0200] "GET /loja/page/7/?add-to-cart=1986&doing_wp_cron=1780247694.3308169841766357421875&orderby=date HTTP/1.1" 200 65636 "-" "Mozilla/5.0 AppleWebKit/537.36 (KHTML, like Gecko; compatible; ClaudeBot/1.0; +claudebot@anthropic.com)"
216.73.217.23 - - [06/Jun/2026:01:43:55 +0200] "GET /loja/page/3/?add-to-cart=239&doing_wp_cron=1780424119.0972061157226562500000&orderby=menu_order HTTP/1.1" 200 66427 "-" "Mozilla/5.0 AppleWebKit/537.36 (KHTML, like Gecko; compatible; ClaudeBot/1.0; +claudebot@anthropic.com)"
216.73.217.23 - - [06/Jun/2026:01:43:58 +0200] "GET /loja/page/6/?add-to-cart=710&doing_wp_cron=1780207778.1771409511566162109375&orderby=popularity HTTP/1.1" 200 67430 "-" "Mozilla/5.0 AppleWebKit/537.36 (KHTML, like Gecko; compatible; ClaudeBot/1.0; +claudebot@anthropic.com)"
216.73.217.23 - - [06/Jun/2026:01:44:01 +0200] "GET /loja/page/3/?add-to-cart=704&doing_wp_cron=1780429699.1848499774932861328125&orderby=popularity HTTP/1.1" 200 67208 "-" "Mozilla/5.0 AppleWebKit/537.36 (KHTML, like Gecko; compatible; ClaudeBot/1.0; +claudebot@anthropic.com)"
216.73.217.23 - - [06/Jun/2026:01:44:04 +0200] "GET /loja/page/2/?add-to-cart=521&doing_wp_cron=1780356298.9136428833007812500000&orderby=popularity HTTP/1.1" 200 67272 "-" "Mozilla/5.0 AppleWebKit/537.36 (KHTML, like Gecko; compatible; ClaudeBot/1.0; +claudebot@anthropic.com)"
216.73.217.23 - - [06/Jun/2026:01:44:07 +0200] "GET /loja/page/7/?add-to-cart=829&doing_wp_cron=1749500398.4001810550689697265625&orderby=popularity HTTP/1.1" 200 68075 "-" "Mozilla/5.0 AppleWebKit/537.36 (KHTML, like Gecko; compatible; ClaudeBot/1.0; +claudebot@anthropic.com)"
216.73.217.23 - - [06/Jun/2026:01:44:10 +0200] "GET /loja/page/11/?add-to-cart=474&doing_wp_cron=1780490766.1781001091003417968750&orderby=menu_order HTTP/1.1" 200 67271 "-" "Mozilla/5.0 AppleWebKit/537.36 (KHTML, like Gecko; compatible; ClaudeBot/1.0; +claudebot@anthropic.com)"
216.73.217.23 - - [06/Jun/2026:01:44:13 +0200] "GET /categoria-produto/mercearia/?add-to-cart=933&doing_wp_cron=1780540985.8541419506072998046875&orderby=menu_order HTTP/1.1" 200 67674 "-" "Mozilla/5.0 AppleWebKit/537.36 (KHTML, like Gecko; compatible; ClaudeBot/1.0; +claudebot@anthropic.com)"
216.73.217.23 - - [06/Jun/2026:01:44:16 +0200] "GET /loja/page/7/?add-to-cart=458&doing_wp_cron=1780411016.8694920539855957031250&orderby=menu_order HTTP/1.1" 200 68144 "-" "Mozilla/5.0 AppleWebKit/537.36 (KHTML, like Gecko; compatible; ClaudeBot/1.0; +claudebot@anthropic.com)"
216.73.217.23 - - [06/Jun/2026:01:44:18 +0200] "GET /categoria-produto/mercearia/?add-to-cart=1987&doing_wp_cron=1780287492.0497899055480957031250&orderby=menu_order HTTP/1.1" 200 68025 "-" "Mozilla/5.0 AppleWebKit/537.36 (KHTML, like Gecko; compatible; ClaudeBot/1.0; +claudebot@anthropic.com)"
216.73.217.23 - - [06/Jun/2026:01:44:21 +0200] "GET /categoria-produto/mercearia/?add-to-cart=683&doing_wp_cron=1780211347.2811141014099121093750&orderby=price HTTP/1.1" 200 68194 "-" "Mozilla/5.0 AppleWebKit/537.36 (KHTML, like Gecko; compatible; ClaudeBot/1.0; +claudebot@anthropic.com)"
216.73.217.23 - - [06/Jun/2026:01:44:25 +0200] "GET /loja/page/7/?add-to-cart=691&doing_wp_cron=1780521358.5195169448852539062500&orderby=date HTTP/1.1" 200 68637 "-" "Mozilla/5.0 AppleWebKit/537.36 (KHTML, like Gecko; compatible; ClaudeBot/1.0; +claudebot@anthropic.com)"
216.73.217.23 - - [06/Jun/2026:01:44:28 +0200] "GET /loja/page/3/?add-to-cart=4235&doing_wp_cron=1780398980.3144240379333496093750&orderby=menu_order HTTP/1.1" 200 68504 "-" "Mozilla/5.0 AppleWebKit/537.36 (KHTML, like Gecko; compatible; ClaudeBot/1.0; +claudebot@anthropic.com)"
216.73.217.23 - - [06/Jun/2026:01:44:31 +0200] "GET /loja/page/9/?add-to-cart=2008&doing_wp_cron=1780207778.1771409511566162109375&orderby=date HTTP/1.1" 200 68349 "-" "Mozilla/5.0 AppleWebKit/537.36 (KHTML, like Gecko; compatible; ClaudeBot/1.0; +claudebot@anthropic.com)"
65.111.0.243 - - [06/Jun/2026:01:44:33 +0200] "GET /2021/05/11/ola-mundo/?doing_wp_cron=1763993753.8027598857879638671875 HTTP/1.1" 200 1135691 "https://www.baudefruta.pt" "Mozilla/5.0 (Windows NT 10.0; Win64; x64) AppleWebKit/537.36 (KHTML, like Gecko) Chrome/62.0.3202.94 Safari/537.36"
216.73.217.23 - - [06/Jun/2026:01:44:34 +0200] "GET /loja/page/5/?add-to-cart=240&doing_wp_cron=1780462796.7094769477844238281250&orderby=menu_order HTTP/1.1" 200 70169 "-" "Mozilla/5.0 AppleWebKit/537.36 (KHTML, like Gecko; compatible; ClaudeBot/1.0; +claudebot@anthropic.com)"
17.241.75.79 - - [06/Jun/2026:01:44:35 +0200] "GET /loja/page/11/?doing_wp_cron=1749500398.4001810550689697265625 HTTP/1.1" 200 58877 "-" "Mozilla/5.0 (Macintosh; Intel Mac OS X 10_15_7) AppleWebKit/605.1.15 (KHTML, like Gecko) Version/17.4 Safari/605.1.15 (Applebot/0.1; +http://www.apple.com/go/applebot)"
216.73.217.23 - - [06/Jun/2026:01:44:37 +0200] "GET /loja/page/9/?add-to-cart=567&doing_wp_cron=1780420099.1374759674072265625000&orderby=menu_order HTTP/1.1" 200 70441 "-" "Mozilla/5.0 AppleWebKit/537.36 (KHTML, like Gecko; compatible; ClaudeBot/1.0; +claudebot@anthropic.com)"
216.73.217.23 - - [06/Jun/2026:01:44:40 +0200] "GET /loja/page/6/?add-to-cart=784&doing_wp_cron=1780462796.7094769477844238281250&orderby=menu_order HTTP/1.1" 200 70434 "-" "Mozilla/5.0 AppleWebKit/537.36 (KHTML, like Gecko; compatible; ClaudeBot/1.0; +claudebot@anthropic.com)"
52.167.144.18 - - [06/Jun/2026:01:44:41 +0200] "GET /page/11/?s&orderby=date&doing_wp_cron=1779837739.1972560882568359375000 HTTP/1.1" 200 52514 "-" "Mozilla/5.0 AppleWebKit/537.36 (KHTML, like Gecko; compatible; bingbot/2.0; +http://www.bing.com/bingbot.htm) Chrome/116.0.1938.76 Safari/537.36"
216.73.217.23 - - [06/Jun/2026:01:44:43 +0200] "GET /loja/page/11/?add-to-cart=521&doing_wp_cron=1780398923.3932321071624755859375&orderby=menu_order HTTP/1.1" 200 70122 "-" "Mozilla/5.0 AppleWebKit/537.36 (KHTML, like Gecko; compatible; ClaudeBot/1.0; +claudebot@anthropic.com)"
216.73.217.23 - - [06/Jun/2026:01:44:46 +0200] "GET /categoria-produto/mercearia/?add-to-cart=1990&doing_wp_cron=1780294871.8173789978027343750000&orderby=popularity HTTP/1.1" 200 70919 "-" "Mozilla/5.0 AppleWebKit/537.36 (KHTML, like Gecko; compatible; ClaudeBot/1.0; +claudebot@anthropic.com)"
216.73.217.23 - - [06/Jun/2026:01:44:49 +0200] "GET /loja/page/8/?add-to-cart=500&doing_wp_cron=1780066683.4503800868988037109375&orderby=date HTTP/1.1" 200 70753 "-" "Mozilla/5.0 AppleWebKit/537.36 (KHTML, like Gecko; compatible; ClaudeBot/1.0; +claudebot@anthropic.com)"
216.73.217.23 - - [06/Jun/2026:01:44:52 +0200] "GET /loja/page/7/?add-to-cart=637&doing_wp_cron=1780539324.8090100288391113281250&orderby=popularity HTTP/1.1" 200 71599 "-" "Mozilla/5.0 AppleWebKit/537.36 (KHTML, like Gecko; compatible; ClaudeBot/1.0; +claudebot@anthropic.com)"
216.73.217.23 - - [06/Jun/2026:01:44:55 +0200] "GET /produto/tamara-medjoul-large/?add-to-cart=2007&doing_wp_cron=1780325457.0876410007476806640625 HTTP/1.1" 200 69422 "-" "Mozilla/5.0 AppleWebKit/537.36 (KHTML, like Gecko; compatible; ClaudeBot/1.0; +claudebot@anthropic.com)"
