47.128.42.84 - - [06/Jun/2026:01:35:45 +0200] "GET /wp-content/uploads/2021/12/PVT001-uai-500x500.jpg HTTP/1.1" 206 500 "https://www.baudefruta.pt/loja/page/9/?doing_wp_cron=1780215128.4538719654083251953125" "Mozilla/5.0 (Linux; Android 5.0) AppleWebKit/537.36 (KHTML, like Gecko) Mobile Safari/537.36 (compatible; Bytespider; spider-feedback@bytedance.com)"
216.73.217.23 - - [06/Jun/2026:01:35:45 +0200] "GET /loja/page/6/?add-to-cart=621&doing_wp_cron=1780505598.3389461040496826171875&orderby=menu_order HTTP/1.1" 200 61668 "-" "Mozilla/5.0 AppleWebKit/537.36 (KHTML, like Gecko; compatible; ClaudeBot/1.0; +claudebot@anthropic.com)"
47.128.42.84 - - [06/Jun/2026:01:35:45 +0200] "GET /wp-content/uploads/2021/06/PDS001-dom-duarte-pimentao-doce-uai-458x458.jpg HTTP/1.1" 206 500 "https://www.baudefruta.pt/loja/page/9/?doing_wp_cron=1780215128.4538719654083251953125" "Mozilla/5.0 (Linux; Android 5.0) AppleWebKit/537.36 (KHTML, like Gecko) Mobile Safari/537.36 (compatible; Bytespider; spider-feedback@bytedance.com)"
138.199.60.183 - - [06/Jun/2026:01:35:45 +0200] "GET /2021/05/11/ola-mundo/ HTTP/1.1" 200 1135365 "https://www.baudefruta.pt/2021/05/11/ola-mundo/" "PHP/{5|6|7}.{3|2}.{1|2|3|4|5|6|7|8|9|0}{1|2|3|4|5|6|7|8|9|0}"
47.128.42.84 - - [06/Jun/2026:01:35:45 +0200] "GET /wp-content/uploads/2021/05/bau_livroreclamacoes.svg HTTP/1.1" 206 500 "https://www.baudefruta.pt/loja/page/9/?doing_wp_cron=1780215128.4538719654083251953125" "Mozilla/5.0 (Linux; Android 5.0) AppleWebKit/537.36 (KHTML, like Gecko) Mobile Safari/537.36 (compatible; Bytespider; spider-feedback@bytedance.com)"
47.128.42.84 - - [06/Jun/2026:01:35:45 +0200] "GET /wp-content/uploads/2021/07/bau_mb_mbway.svg HTTP/1.1" 206 500 "https://www.baudefruta.pt/loja/page/9/?doing_wp_cron=1780215128.4538719654083251953125" "Mozilla/5.0 (Linux; Android 5.0) AppleWebKit/537.36 (KHTML, like Gecko) Mobile Safari/537.36 (compatible; Bytespider; spider-feedback@bytedance.com)"
47.128.42.84 - - [06/Jun/2026:01:35:46 +0200] "GET /wp-content/uploads/2021/07/bau_mb_mbway.svg HTTP/1.1" 304 0 "https://www.baudefruta.pt/loja/page/9/?doing_wp_cron=1780215128.4538719654083251953125" "Mozilla/5.0 (Linux; Android 5.0) AppleWebKit/537.36 (KHTML, like Gecko) Mobile Safari/537.36 (compatible; Bytespider; spider-feedback@bytedance.com)"
47.128.42.84 - - [06/Jun/2026:01:35:46 +0200] "GET /wp-content/uploads/2021/05/bau_livroreclamacoes.svg HTTP/1.1" 304 0 "https://www.baudefruta.pt/loja/page/9/?doing_wp_cron=1780215128.4538719654083251953125" "Mozilla/5.0 (Linux; Android 5.0) AppleWebKit/537.36 (KHTML, like Gecko) Mobile Safari/537.36 (compatible; Bytespider; spider-feedback@bytedance.com)"
47.128.42.84 - - [06/Jun/2026:01:35:47 +0200] "GET /wp-content/uploads/2021/07/bau_mb_mbway.svg HTTP/1.1" 200 5318 "https://www.baudefruta.pt/loja/page/9/?doing_wp_cron=1780215128.4538719654083251953125" "Mozilla/5.0 (Linux; Android 5.0) AppleWebKit/537.36 (KHTML, like Gecko) Mobile Safari/537.36 (compatible; Bytespider; spider-feedback@bytedance.com)"
47.128.42.84 - - [06/Jun/2026:01:35:47 +0200] "GET /wp-content/uploads/2021/05/bau_livroreclamacoes.svg HTTP/1.1" 200 2886 "https://www.baudefruta.pt/loja/page/9/?doing_wp_cron=1780215128.4538719654083251953125" "Mozilla/5.0 (Linux; Android 5.0) AppleWebKit/537.36 (KHTML, like Gecko) Mobile Safari/537.36 (compatible; Bytespider; spider-feedback@bytedance.com)"
64.31.3.126 - - [06/Jun/2026:01:35:48 +0200] "GET /2021/05/11/ola-mundo/ HTTP/1.1" 200 1135365 "https://www.baudefruta.pt/" "Mozilla/5.0 (Macintosh; Intel Mac OS X 10.15; rv:149.0) Gecko/20100101 Firefox/149.0"
216.73.217.23 - - [06/Jun/2026:01:35:48 +0200] "GET /categoria-produto/mercearia/?add-to-cart=2039&doing_wp_cron=1780390100.9062159061431884765625&orderby=menu_order HTTP/1.1" 200 61728 "-" "Mozilla/5.0 AppleWebKit/537.36 (KHTML, like Gecko; compatible; ClaudeBot/1.0; +claudebot@anthropic.com)"
138.199.60.183 - - [06/Jun/2026:01:35:48 +0200] "POST /xmlrpc.php HTTP/1.1" 200 217 "https://www.baudefruta.pt/2021/05/11/ola-mundo/" "PHP/5.3.16"
213.171.208.232 - - [06/Jun/2026:01:35:49 +0200] "GET /wp-login.php HTTP/1.1" 200 51437 "-" "Mozilla/5.0 (X11; CrOS x86_64 14541.0.0) AppleWebKit/537.36 (KHTML, like Gecko) Chrome/133.0.0.0 Safari/537.36"
213.171.208.232 - - [06/Jun/2026:01:35:49 +0200] "POST /wp-login.php HTTP/1.1" 405 552 "https://baudefruta.pt/wp-login.php" "Mozilla/5.0 (X11; CrOS x86_64 14541.0.0) AppleWebKit/537.36 (KHTML, like Gecko) Chrome/133.0.0.0 Safari/537.36"
216.73.217.23 - - [06/Jun/2026:01:35:51 +0200] "GET /loja/page/3/?add-to-cart=484&doing_wp_cron=1780383836.4200708866119384765625&orderby=popularity HTTP/1.1" 200 62282 "-" "Mozilla/5.0 AppleWebKit/537.36 (KHTML, like Gecko; compatible; ClaudeBot/1.0; +claudebot@anthropic.com)"
216.73.217.23 - - [06/Jun/2026:01:35:54 +0200] "GET /loja/page/3/?add-to-cart=1934&doing_wp_cron=1780356259.9063909053802490234375&orderby=popularity HTTP/1.1" 200 62516 "-" "Mozilla/5.0 AppleWebKit/537.36 (KHTML, like Gecko; compatible; ClaudeBot/1.0; +claudebot@anthropic.com)"
64.31.3.126 - - [06/Jun/2026:01:35:57 +0200] "GET /wp-login.php?action=register HTTP/1.1" 403 548 "https://www.baudefruta.pt/2021/05/11/ola-mundo/" "Mozilla/5.0 (Windows NT 6.3; Win64; x64) AppleWebKit/537.36 (KHTML, like Gecko) Chrome/103.0.0.0 Safari/537.36"
216.73.217.23 - - [06/Jun/2026:01:35:57 +0200] "GET /loja/page/10/?add-to-cart=18495&doing_wp_cron=1780398917.1266179084777832031250&orderby=menu_order HTTP/1.1" 200 62846 "-" "Mozilla/5.0 AppleWebKit/537.36 (KHTML, like Gecko; compatible; ClaudeBot/1.0; +claudebot@anthropic.com)"
64.31.3.126 - - [06/Jun/2026:01:35:59 +0200] "GET /wp-login.php?action=register HTTP/1.1" 403 548 "https://www.baudefruta.pt/wp-login.php?action=register" "Mozilla/5.0 (Windows NT 6.3; Win64; x64) AppleWebKit/537.36 (KHTML, like Gecko) Chrome/103.0.0.0 Safari/537.36"
216.73.217.23 - - [06/Jun/2026:01:36:00 +0200] "GET /loja/page/4/?add-to-cart=687&doing_wp_cron=1780393280.3025689125061035156250&orderby=date HTTP/1.1" 200 63083 "-" "Mozilla/5.0 AppleWebKit/537.36 (KHTML, like Gecko; compatible; ClaudeBot/1.0; +claudebot@anthropic.com)"
216.73.217.23 - - [06/Jun/2026:01:36:03 +0200] "GET /loja/page/3/?add-to-cart=2013&doing_wp_cron=1780462762.0583889484405517578125&orderby=date HTTP/1.1" 200 62935 "-" "Mozilla/5.0 AppleWebKit/537.36 (KHTML, like Gecko; compatible; ClaudeBot/1.0; +claudebot@anthropic.com)"
216.73.217.23 - - [06/Jun/2026:01:36:07 +0200] "GET /loja/page/5/?add-to-cart=1132&doing_wp_cron=1780464358.8749949932098388671875&orderby=popularity HTTP/1.1" 200 63713 "-" "Mozilla/5.0 AppleWebKit/537.36 (KHTML, like Gecko; compatible; ClaudeBot/1.0; +claudebot@anthropic.com)"
151.245.166.11 - - [06/Jun/2026:01:36:09 +0200] "GET /2021/05/11/ola-mundo/ HTTP/1.1" 200 1135365 "https://www.baudefruta.pt/" "Mozilla/5.0 (Windows NT 10.0; Win64; x64) AppleWebKit/537.36 (KHTML, like Gecko) Chrome/144.0.0.0 Safari/537.36 OPR/128.0.0.0"
216.73.217.23 - - [06/Jun/2026:01:36:10 +0200] "GET /loja/page/4/?add-to-cart=749&doing_wp_cron=1780494314.2484500408172607421875&orderby=date HTTP/1.1" 200 63770 "-" "Mozilla/5.0 AppleWebKit/537.36 (KHTML, like Gecko; compatible; ClaudeBot/1.0; +claudebot@anthropic.com)"
216.73.217.23 - - [06/Jun/2026:01:36:13 +0200] "GET /loja/page/7/?add-to-cart=4229&doing_wp_cron=1780637652.3290569782257080078125&orderby=price HTTP/1.1" 200 63904 "-" "Mozilla/5.0 AppleWebKit/537.36 (KHTML, like Gecko; compatible; ClaudeBot/1.0; +claudebot@anthropic.com)"
64.31.3.126 - - [06/Jun/2026:01:36:15 +0200] "GET /2021/05/11/ola-mundo/ HTTP/1.1" 200 1135365 "https://www.baudefruta.pt/2021/05/11/ola-mundo/" "Mozilla/5.0 (Windows NT 6.3; Win64; x64) AppleWebKit/537.36 (KHTML, like Gecko) Chrome/103.0.0.0 Safari/537.36"
216.73.217.23 - - [06/Jun/2026:01:36:16 +0200] "GET /loja/page/8/?add-to-cart=651&doing_wp_cron=1780438640.8086369037628173828125&orderby=menu_order HTTP/1.1" 200 63786 "-" "Mozilla/5.0 AppleWebKit/537.36 (KHTML, like Gecko; compatible; ClaudeBot/1.0; +claudebot@anthropic.com)"
216.73.217.23 - - [06/Jun/2026:01:36:19 +0200] "GET /loja/page/3/?add-to-cart=1681&doing_wp_cron=1780207778.1771409511566162109375&orderby=popularity HTTP/1.1" 200 64209 "-" "Mozilla/5.0 AppleWebKit/537.36 (KHTML, like Gecko; compatible; ClaudeBot/1.0; +claudebot@anthropic.com)"
51.89.129.37 - - [06/Jun/2026:01:36:22 +0200] "GET /sitemap.xml HTTP/1.1" 302 11 "-" "Mozilla/5.0 (compatible; AhrefsBot/7.0; +http://ahrefs.com/robot/)"
64.31.3.126 - - [06/Jun/2026:01:36:22 +0200] "GET /wp-content/plugins/woocommerce/assets/client/blocks/wc-blocks.css?ver=wc-10.2.2 HTTP/1.1" 200 2673 "https://www.baudefruta.pt/2021/05/11/ola-mundo/" "Mozilla/5.0 (Windows NT 10.0; Win64; x64) AppleWebKit/537.36 (KHTML, like Gecko) Chrome/145.0.0.0 Safari/537.36"
216.73.217.23 - - [06/Jun/2026:01:36:22 +0200] "GET /loja/page/4/?add-to-cart=893&doing_wp_cron=1780398980.3144240379333496093750&orderby=menu_order HTTP/1.1" 200 64603 "-" "Mozilla/5.0 AppleWebKit/537.36 (KHTML, like Gecko; compatible; ClaudeBot/1.0; +claudebot@anthropic.com)"
51.89.129.37 - - [06/Jun/2026:01:36:22 +0200] "GET /sitemap.xml?doing_wp_cron=1780702582.0645461082458496093750 HTTP/1.1" 404 53264 "-" "Mozilla/5.0 (compatible; AhrefsBot/7.0; +http://ahrefs.com/robot/)"
64.31.3.126 - - [06/Jun/2026:01:36:24 +0200] "GET /wp-includes/css/dist/components/style.min.css?ver=6.9.1 HTTP/1.1" 200 14528 "https://www.baudefruta.pt/2021/05/11/ola-mundo/" "Mozilla/5.0 (Windows NT 10.0; Win64; x64) AppleWebKit/537.36 (KHTML, like Gecko) Chrome/145.0.0.0 Safari/537.36"
216.73.217.23 - - [06/Jun/2026:01:36:25 +0200] "GET /loja/page/10/?add-to-cart=488&doing_wp_cron=1780356259.9063909053802490234375&orderby=popularity HTTP/1.1" 200 65084 "-" "Mozilla/5.0 AppleWebKit/537.36 (KHTML, like Gecko; compatible; ClaudeBot/1.0; +claudebot@anthropic.com)"
64.31.3.126 - - [06/Jun/2026:01:36:26 +0200] "GET /wp-includes/css/dist/preferences/style.min.css?ver=6.9.1 HTTP/1.1" 200 1003 "https://www.baudefruta.pt/2021/05/11/ola-mundo/" "Mozilla/5.0 (Windows NT 10.0; Win64; x64) AppleWebKit/537.36 (KHTML, like Gecko) Chrome/145.0.0.0 Safari/537.36"
64.31.3.126 - - [06/Jun/2026:01:36:28 +0200] "GET /wp-includes/css/dist/block-editor/style.min.css?ver=6.9.1 HTTP/1.1" 200 16976 "https://www.baudefruta.pt/2021/05/11/ola-mundo/" "Mozilla/5.0 (Windows NT 10.0; Win64; x64) AppleWebKit/537.36 (KHTML, like Gecko) Chrome/145.0.0.0 Safari/537.36"
216.73.217.23 - - [06/Jun/2026:01:36:28 +0200] "GET /loja/page/4/?add-to-cart=575&doing_wp_cron=1780505720.8375179767608642578125&orderby=menu_order HTTP/1.1" 200 64922 "-" "Mozilla/5.0 AppleWebKit/537.36 (KHTML, like Gecko; compatible; ClaudeBot/1.0; +claudebot@anthropic.com)"
64.31.3.126 - - [06/Jun/2026:01:36:30 +0200] "GET /wp-content/plugins/popup-maker/dist/packages/block-library-style.css?ver=dbea705cfafe089d65f1 HTTP/1.1" 200 1127 "https://www.baudefruta.pt/2021/05/11/ola-mundo/" "Mozilla/5.0 (Windows NT 10.0; Win64; x64) AppleWebKit/537.36 (KHTML, like Gecko) Chrome/145.0.0.0 Safari/537.36"
216.73.217.23 - - [06/Jun/2026:01:36:32 +0200] "GET /loja/?add-to-cart=4231&doing_wp_cron=1780356236.1233079433441162109375&orderby=price-desc HTTP/1.1" 200 65306 "-" "Mozilla/5.0 AppleWebKit/537.36 (KHTML, like Gecko; compatible; ClaudeBot/1.0; +claudebot@anthropic.com)"
216.73.217.23 - - [06/Jun/2026:01:36:34 +0200] "GET /loja/page/8/?add-to-cart=476&doing_wp_cron=1780454157.5789349079132080078125&orderby=menu_order HTTP/1.1" 200 64960 "-" "Mozilla/5.0 AppleWebKit/537.36 (KHTML, like Gecko; compatible; ClaudeBot/1.0; +claudebot@anthropic.com)"
167.160.75.215 - - [06/Jun/2026:01:36:34 +0200] "GET /2021/05/11/ola-mundo/ HTTP/1.1" 200 1135365 "https://www.baudefruta.pt/2021/05/11/ola-mundo/" "PHP/{5|6|7}.{3|2}.{1|2|3|4|5|6|7|8|9|0}{1|2|3|4|5|6|7|8|9|0}"
64.31.3.126 - - [06/Jun/2026:01:36:36 +0200] "GET /wp-includes/css/dashicons.min.css?ver=6.9.1 HTTP/1.1" 200 35766 "https://www.baudefruta.pt/2021/05/11/ola-mundo/" "Mozilla/5.0 (Windows NT 10.0; Win64; x64) AppleWebKit/537.36 (KHTML, like Gecko) Chrome/145.0.0.0 Safari/537.36"
114.119.141.203 - - [06/Jun/2026:01:36:36 +0200] "GET /loja/page/7/?orderby=price-desc&doing_wp_cron=1752543937.7781159877777099609375 HTTP/1.1" 200 60591 "https://www.baudefruta.pt/loja/page/7/?orderby=popularity&doing_wp_cron=1752543937.7781159877777099609375" "Mozilla/5.0 (Linux; Android 7.0;) AppleWebKit/537.36 (HTML, like Gecko) Mobile Safari/537.36 (compatible; PetalBot;+https://webmaster.petalsearch.com/site/petalbot)"
64.31.3.126 - - [06/Jun/2026:01:36:37 +0200] "GET /wp-content/plugins/smart-marketing-for-wp/public/css/egoi-for-wp-public.css?ver=5.1.11 HTTP/1.1" 200 1173 "https://www.baudefruta.pt/2021/05/11/ola-mundo/" "Mozilla/5.0 (Windows NT 10.0; Win64; x64) AppleWebKit/537.36 (KHTML, like Gecko) Chrome/145.0.0.0 Safari/537.36"
216.73.217.23 - - [06/Jun/2026:01:36:37 +0200] "GET /loja/page/8/?add-to-cart=4233&doing_wp_cron=1780259424.5276329517364501953125&orderby=popularity HTTP/1.1" 200 65702 "-" "Mozilla/5.0 AppleWebKit/537.36 (KHTML, like Gecko; compatible; ClaudeBot/1.0; +claudebot@anthropic.com)"
64.31.3.126 - - [06/Jun/2026:01:36:40 +0200] "GET /wp-content/plugins/woo-keyinvoice-integration/public/css/woo-keyinvoice-integration-public.css?ver=1.0.0 HTTP/1.1" 200 98 "https://www.baudefruta.pt/2021/05/11/ola-mundo/" "Mozilla/5.0 (Windows NT 10.0; Win64; x64) AppleWebKit/537.36 (KHTML, like Gecko) Chrome/145.0.0.0 Safari/537.36"
216.73.217.23 - - [06/Jun/2026:01:36:40 +0200] "GET /categoria-produto/mercearia/?add-to-cart=2045&doing_wp_cron=1780332001.6493370532989501953125&orderby=menu_order HTTP/1.1" 200 65158 "-" "Mozilla/5.0 AppleWebKit/537.36 (KHTML, like Gecko; compatible; ClaudeBot/1.0; +claudebot@anthropic.com)"
167.160.75.215 - - [06/Jun/2026:01:36:41 +0200] "POST /xmlrpc.php HTTP/1.1" 200 217 "https://www.baudefruta.pt/2021/05/11/ola-mundo/" "PHP/7.2.02"
64.31.3.126 - - [06/Jun/2026:01:36:41 +0200] "GET /wp-content/plugins/woocommerce-products-filter/css/front.css?ver=2.2.9.4 HTTP/1.1" 200 5063 "https://www.baudefruta.pt/2021/05/11/ola-mundo/" "Mozilla/5.0 (Windows NT 10.0; Win64; x64) AppleWebKit/537.36 (KHTML, like Gecko) Chrome/145.0.0.0 Safari/537.36"
64.31.3.126 - - [06/Jun/2026:01:36:46 +0200] "GET /wp-content/plugins/woocommerce-products-filter/js/chosen/chosen.min.css?ver=2.2.9.4 HTTP/1.1" 200 2141 "https://www.baudefruta.pt/2021/05/11/ola-mundo/" "Mozilla/5.0 (Windows NT 10.0; Win64; x64) AppleWebKit/537.36 (KHTML, like Gecko) Chrome/145.0.0.0 Safari/537.36"
216.73.217.23 - - [06/Jun/2026:01:36:46 +0200] "GET /loja/page/5/?add-to-cart=4224&doing_wp_cron=1780424125.1127629280090332031250&orderby=popularity HTTP/1.1" 200 61545 "-" "Mozilla/5.0 AppleWebKit/537.36 (KHTML, like Gecko; compatible; ClaudeBot/1.0; +claudebot@anthropic.com)"
64.31.3.126 - - [06/Jun/2026:01:36:47 +0200] "GET /wp-content/plugins/woocommerce/assets/css/brands.css?ver=10.2.2 HTTP/1.1" 200 699 "https://www.baudefruta.pt/2021/05/11/ola-mundo/" "Mozilla/5.0 (Windows NT 10.0; Win64; x64) AppleWebKit/537.36 (KHTML, like Gecko) Chrome/145.0.0.0 Safari/537.36"
64.31.3.126 - - [06/Jun/2026:01:36:49 +0200] "GET /wp-content/themes/uncode/core/inc/compatibility/gutenberg/assets/css/uncode-gutenberg-frontend.css?ver=1.0.0 HTTP/1.1" 200 2129 "https://www.baudefruta.pt/2021/05/11/ola-mundo/" "Mozilla/5.0 (Windows NT 10.0; Win64; x64) AppleWebKit/537.36 (KHTML, like Gecko) Chrome/145.0.0.0 Safari/537.36"
216.73.217.23 - - [06/Jun/2026:01:36:49 +0200] "GET /loja/page/4/?add-to-cart=238&doing_wp_cron=1780410981.3310050964355468750000&orderby=date HTTP/1.1" 200 62501 "-" "Mozilla/5.0 AppleWebKit/537.36 (KHTML, like Gecko; compatible; ClaudeBot/1.0; +claudebot@anthropic.com)"
64.31.3.126 - - [06/Jun/2026:01:36:50 +0200] "GET /wp-content/plugins/custom-page-templates/assets/css/acf-google-maps.css?ver=3.1.1 HTTP/1.1" 200 283 "https://www.baudefruta.pt/2021/05/11/ola-mundo/" "Mozilla/5.0 (Windows NT 10.0; Win64; x64) AppleWebKit/537.36 (KHTML, like Gecko) Chrome/145.0.0.0 Safari/537.36"
64.31.3.126 - - [06/Jun/2026:01:36:51 +0200] "GET /wp-content/plugins/custom-page-templates/assets/css/frontend.css?ver=3.1.1 HTTP/1.1" 200 187 "https://www.baudefruta.pt/2021/05/11/ola-mundo/" "Mozilla/5.0 (Windows NT 10.0; Win64; x64) AppleWebKit/537.36 (KHTML, like Gecko) Chrome/145.0.0.0 Safari/537.36"
216.73.217.23 - - [06/Jun/2026:01:36:52 +0200] "GET /loja/page/3/?add-to-cart=1728&doing_wp_cron=1780505541.2122659683227539062500&orderby=date HTTP/1.1" 200 62454 "-" "Mozilla/5.0 AppleWebKit/537.36 (KHTML, like Gecko; compatible; ClaudeBot/1.0; +claudebot@anthropic.com)"
64.31.3.126 - - [06/Jun/2026:01:36:53 +0200] "GET /wp-content/plugins/dhvc-form/assets/fonts/font-awesome/css/font-awesome.min.css?ver=4.1.0 HTTP/1.1" 200 4747 "https://www.baudefruta.pt/2021/05/11/ola-mundo/" "Mozilla/5.0 (Windows NT 10.0; Win64; x64) AppleWebKit/537.36 (KHTML, like Gecko) Chrome/145.0.0.0 Safari/537.36"
64.31.3.126 - - [06/Jun/2026:01:36:54 +0200] "GET /wp-content/plugins/dhvc-form/assets/css/style.css?ver=2.3.0 HTTP/1.1" 200 3736 "https://www.baudefruta.pt/2021/05/11/ola-mundo/" "Mozilla/5.0 (Windows NT 10.0; Win64; x64) AppleWebKit/537.36 (KHTML, like Gecko) Chrome/145.0.0.0 Safari/537.36"
57.141.20.53 - - [06/Jun/2026:01:36:55 +0200] "GET /sitemap.xml?doing_wp_cron=1774260592.5199899673461914062500 HTTP/1.1" 404 371965 "-" "meta-externalagent/1.1 (+https://developers.facebook.com/docs/sharing/webmasters/crawler)"
216.73.217.23 - - [06/Jun/2026:01:36:55 +0200] "GET /loja/page/8/?add-to-cart=470&doing_wp_cron=1780398923.3932321071624755859375&orderby=menu_order HTTP/1.1" 200 62704 "-" "Mozilla/5.0 AppleWebKit/537.36 (KHTML, like Gecko; compatible; ClaudeBot/1.0; +claudebot@anthropic.com)"
216.73.217.23 - - [06/Jun/2026:01:36:58 +0200] "GET /categoria-produto/mercearia/?add-to-cart=693&doing_wp_cron=1780232829.3746149539947509765625&orderby=popularity HTTP/1.1" 200 63100 "-" "Mozilla/5.0 AppleWebKit/537.36 (KHTML, like Gecko; compatible; ClaudeBot/1.0; +claudebot@anthropic.com)"
64.31.3.126 - - [06/Jun/2026:01:36:59 +0200] "GET /wp-content/themes/uncode/library/css/style.css?ver=1396716666 HTTP/1.1" 200 70140 "https://www.baudefruta.pt/2021/05/11/ola-mundo/" "Mozilla/5.0 (Windows NT 10.0; Win64; x64) AppleWebKit/537.36 (KHTML, like Gecko) Chrome/145.0.0.0 Safari/537.36"
64.31.3.126 - - [06/Jun/2026:01:37:00 +0200] "GET /wp-content/themes/uncode/library/css/uncode-icons.css?ver=1396716666 HTTP/1.1" 200 12098 "https://www.baudefruta.pt/2021/05/11/ola-mundo/" "Mozilla/5.0 (Windows NT 10.0; Win64; x64) AppleWebKit/537.36 (KHTML, like Gecko) Chrome/145.0.0.0 Safari/537.36"
216.73.217.23 - - [06/Jun/2026:01:37:02 +0200] "GET /loja/page/5/?add-to-cart=561&doing_wp_cron=1780496838.3491590023040771484375&orderby=popularity HTTP/1.1" 200 63561 "-" "Mozilla/5.0 AppleWebKit/537.36 (KHTML, like Gecko; compatible; ClaudeBot/1.0; +claudebot@anthropic.com)"
64.31.3.126 - - [06/Jun/2026:01:37:03 +0200] "GET /wp-content/themes/uncode/library/css/woocommerce.css?ver=1396716666 HTTP/1.1" 200 20067 "https://www.baudefruta.pt/2021/05/11/ola-mundo/" "Mozilla/5.0 (Windows NT 10.0; Win64; x64) AppleWebKit/537.36 (KHTML, like Gecko) Chrome/145.0.0.0 Safari/537.36"
87.250.224.32 - - [06/Jun/2026:01:37:03 +0200] "GET /produto/banana-seca/ HTTP/1.1" 200 57563 "-" "Mozilla/5.0 (compatible; YandexBot/3.0; +http://yandex.com/bots)"
216.73.217.23 - - [06/Jun/2026:01:37:05 +0200] "GET /loja/page/6/?add-to-cart=653&doing_wp_cron=1780521319.6477649211883544921875&orderby=date HTTP/1.1" 200 63361 "-" "Mozilla/5.0 AppleWebKit/537.36 (KHTML, like Gecko; compatible; ClaudeBot/1.0; +claudebot@anthropic.com)"
64.31.3.126 - - [06/Jun/2026:01:37:05 +0200] "GET /wp-content/plugins/popup-maker/dist/assets/site.css?ver=1.21.4 HTTP/1.1" 200 1917 "https://www.baudefruta.pt/2021/05/11/ola-mundo/" "Mozilla/5.0 (Windows NT 10.0; Win64; x64) AppleWebKit/537.36 (KHTML, like Gecko) Chrome/145.0.0.0 Safari/537.36"
64.31.3.126 - - [06/Jun/2026:01:37:07 +0200] "GET /wp-content/plugins/woocommerce-product-bundles/assets/css/frontend/woocommerce.css?ver=6.0.1 HTTP/1.1" 200 607 "https://www.baudefruta.pt/2021/05/11/ola-mundo/" "Mozilla/5.0 (Windows NT 10.0; Win64; x64) AppleWebKit/537.36 (KHTML, like Gecko) Chrome/145.0.0.0 Safari/537.36"
216.73.217.23 - - [06/Jun/2026:01:37:08 +0200] "GET /categoria-produto/mercearia/?add-to-cart=763&doing_wp_cron=1780508060.4100880622863769531250&orderby=menu_order HTTP/1.1" 200 63378 "-" "Mozilla/5.0 AppleWebKit/537.36 (KHTML, like Gecko; compatible; ClaudeBot/1.0; +claudebot@anthropic.com)"
64.31.3.126 - - [06/Jun/2026:01:37:09 +0200] "GET /wp-content/themes/baudefruta-un/style.css?ver=232315165 HTTP/1.1" 200 896 "https://www.baudefruta.pt/2021/05/11/ola-mundo/" "Mozilla/5.0 (Windows NT 10.0; Win64; x64) AppleWebKit/537.36 (KHTML, like Gecko) Chrome/145.0.0.0 Safari/537.36"
64.31.3.126 - - [06/Jun/2026:01:37:10 +0200] "GET /wp-content/plugins/woocommerce-products-filter/js/tooltip/css/tooltipster.bundle.min.css?ver=2.2.9.4 HTTP/1.1" 200 1151 "https://www.baudefruta.pt/2021/05/11/ola-mundo/" "Mozilla/5.0 (Windows NT 10.0; Win64; x64) AppleWebKit/537.36 (KHTML, like Gecko) Chrome/145.0.0.0 Safari/537.36"
216.73.217.23 - - [06/Jun/2026:01:37:10 +0200] "GET /categoria-produto/mercearia/?add-to-cart=2009&doing_wp_cron=1780379705.5777630805969238281250&orderby=date HTTP/1.1" 200 63403 "-" "Mozilla/5.0 AppleWebKit/537.36 (KHTML, like Gecko; compatible; ClaudeBot/1.0; +claudebot@anthropic.com)"
64.31.3.126 - - [06/Jun/2026:01:37:12 +0200] "GET /wp-content/plugins/woocommerce-products-filter/js/tooltip/css/plugins/tooltipster/sideTip/themes/tooltipster-sideTip-noir.min.css?ver=2.2.9.4 HTTP/1.1" 200 302 "https://www.baudefruta.pt/2021/05/11/ola-mundo/" "Mozilla/5.0 (Windows NT 10.0; Win64; x64) AppleWebKit/537.36 (KHTML, like Gecko) Chrome/145.0.0.0 Safari/537.36"
216.73.217.23 - - [06/Jun/2026:01:37:14 +0200] "GET /loja/page/9/?add-to-cart=552&doing_wp_cron=1779095602.6344830989837646484375&orderby=date HTTP/1.1" 200 63337 "-" "Mozilla/5.0 AppleWebKit/537.36 (KHTML, like Gecko; compatible; ClaudeBot/1.0; +claudebot@anthropic.com)"
75.119.139.177 - - [06/Jun/2026:01:37:16 +0200] "GET /sitemap.xml HTTP/1.1" 302 11 "-" "WordPress/6.9.1; https://www.baudefruta.pt"
216.73.217.23 - - [06/Jun/2026:01:37:17 +0200] "GET /loja/page/4/?add-to-cart=5345&doing_wp_cron=1724760408.5467429161071777343750&orderby=menu_order HTTP/1.1" 200 64472 "-" "Mozilla/5.0 AppleWebKit/537.36 (KHTML, like Gecko; compatible; ClaudeBot/1.0; +claudebot@anthropic.com)"
75.119.139.177 - - [06/Jun/2026:01:37:17 +0200] "GET /sitemap.xml?doing_wp_cron=1780702636.6915359497070312500000 HTTP/1.1" 404 53266 "-" "WordPress/6.9.1; https://www.baudefruta.pt"
64.31.3.126 - - [06/Jun/2026:01:37:19 +0200] "POST /wp-comments-post.php HTTP/1.1" 302 5 "https://www.baudefruta.pt/2021/05/11/ola-mundo/" "Mozilla/5.0 (Windows NT 6.3; Win64; x64) AppleWebKit/537.36 (KHTML, like Gecko) Chrome/103.0.0.0 Safari/537.36"
216.73.217.23 - - [06/Jun/2026:01:37:20 +0200] "GET /loja/page/3/?add-to-cart=1937&doing_wp_cron=1780259424.5276329517364501953125&orderby=popularity HTTP/1.1" 200 64504 "-" "Mozilla/5.0 AppleWebKit/537.36 (KHTML, like Gecko; compatible; ClaudeBot/1.0; +claudebot@anthropic.com)"
64.31.3.126 - - [06/Jun/2026:01:37:22 +0200] "GET /2021/05/11/ola-mundo/ HTTP/1.1" 302 11 "https://www.baudefruta.pt/wp-comments-post.php" "Mozilla/5.0 (Windows NT 6.3; Win64; x64) AppleWebKit/537.36 (KHTML, like Gecko) Chrome/103.0.0.0 Safari/537.36"
216.73.217.23 - - [06/Jun/2026:01:37:22 +0200] "GET /categoria-produto/mercearia/?add-to-cart=2040&doing_wp_cron=1780357316.5677421092987060546875&orderby=menu_order HTTP/1.1" 200 64392 "-" "Mozilla/5.0 AppleWebKit/537.36 (KHTML, like Gecko; compatible; ClaudeBot/1.0; +claudebot@anthropic.com)"
216.73.217.23 - - [06/Jun/2026:01:37:26 +0200] "GET /categoria-produto/mercearia/?add-to-cart=788&doing_wp_cron=1780304997.4714779853820800781250&orderby=popularity HTTP/1.1" 200 64928 "-" "Mozilla/5.0 AppleWebKit/537.36 (KHTML, like Gecko; compatible; ClaudeBot/1.0; +claudebot@anthropic.com)"
216.73.217.23 - - [06/Jun/2026:01:37:29 +0200] "GET /loja/page/8/?add-to-cart=500&doing_wp_cron=1780208025.6175029277801513671875&orderby=menu_order HTTP/1.1" 200 64946 "-" "Mozilla/5.0 AppleWebKit/537.36 (KHTML, like Gecko; compatible; ClaudeBot/1.0; +claudebot@anthropic.com)"
216.73.217.23 - - [06/Jun/2026:01:37:32 +0200] "GET /loja/page/7/?add-to-cart=630&doing_wp_cron=1780555497.8906159400939941406250&orderby=popularity HTTP/1.1" 200 65626 "-" "Mozilla/5.0 AppleWebKit/537.36 (KHTML, like Gecko; compatible; ClaudeBot/1.0; +claudebot@anthropic.com)"
216.73.217.23 - - [06/Jun/2026:01:37:35 +0200] "GET /loja/page/3/?add-to-cart=1543&doing_wp_cron=1780429678.1482779979705810546875&orderby=popularity HTTP/1.1" 200 65478 "-" "Mozilla/5.0 AppleWebKit/537.36 (KHTML, like Gecko; compatible; ClaudeBot/1.0; +claudebot@anthropic.com)"
47.128.42.82 - - [06/Jun/2026:01:37:38 +0200] "GET /loja/page/11/?doing_wp_cron=1742652931.8845040798187255859375&orderby=popularity HTTP/1.1" 200 60362 "-" "Mozilla/5.0 (Linux; Android 5.0) AppleWebKit/537.36 (KHTML, like Gecko) Mobile Safari/537.36 (compatible; Bytespider; spider-feedback@bytedance.com)"
216.73.217.23 - - [06/Jun/2026:01:37:38 +0200] "GET /loja/page/4/?add-to-cart=238&doing_wp_cron=1780505598.3389461040496826171875&orderby=popularity HTTP/1.1" 200 65469 "-" "Mozilla/5.0 AppleWebKit/537.36 (KHTML, like Gecko; compatible; ClaudeBot/1.0; +claudebot@anthropic.com)"
47.128.42.82 - - [06/Jun/2026:01:37:41 +0200] "GET /wp-content/themes/uncode/library/css/woocommerce.css?ver=2070814088 HTTP/1.1" 200 20067 "https://www.baudefruta.pt/loja/page/11/?doing_wp_cron=1742652931.8845040798187255859375&orderby=popularity" "Mozilla/5.0 (Linux; Android 5.0) AppleWebKit/537.36 (KHTML, like Gecko) Mobile Safari/537.36 (compatible; Bytespider; spider-feedback@bytedance.com)"
47.128.42.82 - - [06/Jun/2026:01:37:42 +0200] "GET /wp-content/uploads/2021/10/vinagre-arroz-cristal-600x600.jpg HTTP/1.1" 206 500 "https://www.baudefruta.pt/loja/page/11/?doing_wp_cron=1742652931.8845040798187255859375&orderby=popularity" "Mozilla/5.0 (Linux; Android 5.0) AppleWebKit/537.36 (KHTML, like Gecko) Mobile Safari/537.36 (compatible; Bytespider; spider-feedback@bytedance.com)"
216.73.217.23 - - [06/Jun/2026:01:37:43 +0200] "GET /loja/page/2/?add-to-cart=1937&doing_wp_cron=1749500398.4001810550689697265625&orderby=menu_order HTTP/1.1" 200 61241 "-" "Mozilla/5.0 AppleWebKit/537.36 (KHTML, like Gecko; compatible; ClaudeBot/1.0; +claudebot@anthropic.com)"
64.31.3.126 - - [06/Jun/2026:01:37:43 +0200] "GET /2021/05/11/ola-mundo/?doing_wp_cron=1780702642.4409759044647216796875 HTTP/1.1" 200 1160562 "https://www.baudefruta.pt/2021/05/11/ola-mundo/" "Mozilla/5.0 (Windows NT 6.3; Win64; x64) AppleWebKit/537.36 (KHTML, like Gecko) Chrome/103.0.0.0 Safari/537.36"
47.128.42.82 - - [06/Jun/2026:01:37:43 +0200] "GET /wp-content/uploads/2021/12/SGA001.jpg HTTP/1.1" 206 500 "https://www.baudefruta.pt/loja/page/11/?doing_wp_cron=1742652931.8845040798187255859375&orderby=popularity" "Mozilla/5.0 (Linux; Android 5.0) AppleWebKit/537.36 (KHTML, like Gecko) Mobile Safari/537.36 (compatible; Bytespider; spider-feedback@bytedance.com)"
47.128.42.82 - - [06/Jun/2026:01:37:44 +0200] "GET /wp-content/uploads/2021/07/ATBOMPET003-azeite_bom_petisco-uai-768x768.jpg HTTP/1.1" 206 500 "https://www.baudefruta.pt/loja/page/11/?doing_wp_cron=1742652931.8845040798187255859375&orderby=popularity" "Mozilla/5.0 (Linux; Android 5.0) AppleWebKit/537.36 (KHTML, like Gecko) Mobile Safari/537.36 (compatible; Bytespider; spider-feedback@bytedance.com)"
47.128.42.82 - - [06/Jun/2026:01:37:44 +0200] "GET /wp-content/uploads/2021/06/CH003-dom-duarte-cha-tilia-uai-800x800.jpg HTTP/1.1" 206 500 "https://www.baudefruta.pt/loja/page/11/?doing_wp_cron=1742652931.8845040798187255859375&orderby=popularity" "Mozilla/5.0 (Linux; Android 5.0) AppleWebKit/537.36 (KHTML, like Gecko) Mobile Safari/537.36 (compatible; Bytespider; spider-feedback@bytedance.com)"
178.16.52.137 - - [06/Jun/2026:01:37:44 +0200] "POST /wp-login.php?action=register HTTP/1.1" 403 146 "-" "-"
47.128.42.82 - - [06/Jun/2026:01:37:44 +0200] "GET /wp-content/uploads/2021/05/logo-bau_1-01b.svg HTTP/1.1" 206 500 "https://www.baudefruta.pt/loja/page/11/?doing_wp_cron=1742652931.8845040798187255859375&orderby=popularity" "Mozilla/5.0 (Linux; Android 5.0) AppleWebKit/537.36 (KHTML, like Gecko) Mobile Safari/537.36 (compatible; Bytespider; spider-feedback@bytedance.com)"
47.128.42.82 - - [06/Jun/2026:01:37:45 +0200] "GET /wp-content/uploads/2022/01/Bau_FlorSal-samoudo-150_-600x600.jpg HTTP/1.1" 206 500 "https://www.baudefruta.pt/loja/page/11/?doing_wp_cron=1742652931.8845040798187255859375&orderby=popularity" "Mozilla/5.0 (Linux; Android 5.0) AppleWebKit/537.36 (KHTML, like Gecko) Mobile Safari/537.36 (compatible; Bytespider; spider-feedback@bytedance.com)"
47.128.42.82 - - [06/Jun/2026:01:37:45 +0200] "GET /wp-content/uploads/2021/06/PPMS001-dom-duarte-piripiri-moido-600x600.jpg HTTP/1.1" 206 500 "https://www.baudefruta.pt/loja/page/11/?doing_wp_cron=1742652931.8845040798187255859375&orderby=popularity" "Mozilla/5.0 (Linux; Android 5.0) AppleWebKit/537.36 (KHTML, like Gecko) Mobile Safari/537.36 (compatible; Bytespider; spider-feedback@bytedance.com)"
47.128.42.82 - - [06/Jun/2026:01:37:45 +0200] "GET /wp-content/uploads/2022/05/20220515_235408-uai-385x385.jpg HTTP/1.1" 206 500 "https://www.baudefruta.pt/loja/page/11/?doing_wp_cron=1742652931.8845040798187255859375&orderby=popularity" "Mozilla/5.0 (Linux; Android 5.0) AppleWebKit/537.36 (KHTML, like Gecko) Mobile Safari/537.36 (compatible; Bytespider; spider-feedback@bytedance.com)"
47.128.42.82 - - [06/Jun/2026:01:37:45 +0200] "GET /wp-content/uploads/2022/05/20220516_000115-uai-488x488.jpg HTTP/1.1" 206 500 "https://www.baudefruta.pt/loja/page/11/?doing_wp_cron=1742652931.8845040798187255859375&orderby=popularity" "Mozilla/5.0 (Linux; Android 5.0) AppleWebKit/537.36 (KHTML, like Gecko) Mobile Safari/537.36 (compatible; Bytespider; spider-feedback@bytedance.com)"
47.128.42.82 - - [06/Jun/2026:01:37:45 +0200] "GET /wp-content/uploads/2021/11/Gift_Natal_Bau_geral-600x600.jpg HTTP/1.1" 206 500 "https://www.baudefruta.pt/loja/page/11/?doing_wp_cron=1742652931.8845040798187255859375&orderby=popularity" "Mozilla/5.0 (Linux; Android 5.0) AppleWebKit/537.36 (KHTML, like Gecko) Mobile Safari/537.36 (compatible; Bytespider; spider-feedback@bytedance.com)"
216.73.217.23 - - [06/Jun/2026:01:37:45 +0200] "GET /loja/page/2/?add-to-cart=441&doing_wp_cron=1711616234.3928558826446533203125&orderby=menu_order HTTP/1.1" 200 61449 "-" "Mozilla/5.0 AppleWebKit/537.36 (KHTML, like Gecko; compatible; ClaudeBot/1.0; +claudebot@anthropic.com)"
47.128.42.82 - - [06/Jun/2026:01:37:45 +0200] "GET /wp-content/uploads/2021/06/CTN001-cotovelos-nacional-uai-787x787.jpg HTTP/1.1" 206 500 "https://www.baudefruta.pt/loja/page/11/?doing_wp_cron=1742652931.8845040798187255859375&orderby=popularity" "Mozilla/5.0 (Linux; Android 5.0) AppleWebKit/537.36 (KHTML, like Gecko) Mobile Safari/537.36 (compatible; Bytespider; spider-feedback@bytedance.com)"
47.128.42.82 - - [06/Jun/2026:01:37:45 +0200] "GET /wp-content/uploads/2021/05/logo-bau_1-01b.svg HTTP/1.1" 304 0 "https://www.baudefruta.pt/loja/page/11/?doing_wp_cron=1742652931.8845040798187255859375&orderby=popularity" "Mozilla/5.0 (Linux; Android 5.0) AppleWebKit/537.36 (KHTML, like Gecko) Mobile Safari/537.36 (compatible; Bytespider; spider-feedback@bytedance.com)"
47.128.42.82 - - [06/Jun/2026:01:37:46 +0200] "GET /wp-content/uploads/2021/06/CH005-dom-duarte-cha-preto-uai-700x700.jpg HTTP/1.1" 206 500 "https://www.baudefruta.pt/loja/page/11/?doing_wp_cron=1742652931.8845040798187255859375&orderby=popularity" "Mozilla/5.0 (Linux; Android 5.0) AppleWebKit/537.36 (KHTML, like Gecko) Mobile Safari/537.36 (compatible; Bytespider; spider-feedback@bytedance.com)"
47.128.42.82 - - [06/Jun/2026:01:37:46 +0200] "GET /wp-content/uploads/2022/05/20220516_000042-uai-521x521.jpg HTTP/1.1" 206 500 "https://www.baudefruta.pt/loja/page/11/?doing_wp_cron=1742652931.8845040798187255859375&orderby=popularity" "Mozilla/5.0 (Linux; Android 5.0) AppleWebKit/537.36 (KHTML, like Gecko) Mobile Safari/537.36 (compatible; Bytespider; spider-feedback@bytedance.com)"
47.128.42.82 - - [06/Jun/2026:01:37:46 +0200] "GET /wp-content/uploads/2021/07/OVL002-low-600x600.jpg HTTP/1.1" 206 500 "https://www.baudefruta.pt/loja/page/11/?doing_wp_cron=1742652931.8845040798187255859375&orderby=popularity" "Mozilla/5.0 (Linux; Android 5.0) AppleWebKit/537.36 (KHTML, like Gecko) Mobile Safari/537.36 (compatible; Bytespider; spider-feedback@bytedance.com)"
47.128.42.82 - - [06/Jun/2026:01:37:46 +0200] "GET /wp-content/uploads/2021/06/VV001-vinagre-vinho-tinto-cristal-uai-787x787.jpg HTTP/1.1" 206 500 "https://www.baudefruta.pt/loja/page/11/?doing_wp_cron=1742652931.8845040798187255859375&orderby=popularity" "Mozilla/5.0 (Linux; Android 5.0) AppleWebKit/537.36 (KHTML, like Gecko) Mobile Safari/537.36 (compatible; Bytespider; spider-feedback@bytedance.com)"
47.128.42.82 - - [06/Jun/2026:01:37:46 +0200] "GET /wp-content/uploads/2021/06/MGN001-macarrao-grande-nacional-uai-787x787.jpg HTTP/1.1" 206 500 "https://www.baudefruta.pt/loja/page/11/?doing_wp_cron=1742652931.8845040798187255859375&orderby=popularity" "Mozilla/5.0 (Linux; Android 5.0) AppleWebKit/537.36 (KHTML, like Gecko) Mobile Safari/537.36 (compatible; Bytespider; spider-feedback@bytedance.com)"
47.128.42.82 - - [06/Jun/2026:01:37:46 +0200] "GET /wp-content/uploads/2021/05/logo-bau_1-01b.svg HTTP/1.1" 200 12888 "https://www.baudefruta.pt/loja/page/11/?doing_wp_cron=1742652931.8845040798187255859375&orderby=popularity" "Mozilla/5.0 (Linux; Android 5.0) AppleWebKit/537.36 (KHTML, like Gecko) Mobile Safari/537.36 (compatible; Bytespider; spider-feedback@bytedance.com)"
47.128.42.82 - - [06/Jun/2026:01:37:46 +0200] "GET /wp-content/uploads/2021/07/bau_mb_mbway.svg HTTP/1.1" 206 500 "https://www.baudefruta.pt/loja/page/11/?doing_wp_cron=1742652931.8845040798187255859375&orderby=popularity" "Mozilla/5.0 (Linux; Android 5.0) AppleWebKit/537.36 (KHTML, like Gecko) Mobile Safari/537.36 (compatible; Bytespider; spider-feedback@bytedance.com)"
47.128.42.82 - - [06/Jun/2026:01:37:46 +0200] "GET /wp-content/uploads/2021/05/bau_livroreclamacoes.svg HTTP/1.1" 206 500 "https://www.baudefruta.pt/loja/page/11/?doing_wp_cron=1742652931.8845040798187255859375&orderby=popularity" "Mozilla/5.0 (Linux; Android 5.0) AppleWebKit/537.36 (KHTML, like Gecko) Mobile Safari/537.36 (compatible; Bytespider; spider-feedback@bytedance.com)"
47.128.42.82 - - [06/Jun/2026:01:37:47 +0200] "GET /wp-content/uploads/2021/07/OVL002-low-600x600.jpg HTTP/1.1" 304 0 "https://www.baudefruta.pt/loja/page/11/?doing_wp_cron=1742652931.8845040798187255859375&orderby=popularity" "Mozilla/5.0 (Linux; Android 5.0) AppleWebKit/537.36 (KHTML, like Gecko) Mobile Safari/537.36 (compatible; Bytespider; spider-feedback@bytedance.com)"
47.128.42.82 - - [06/Jun/2026:01:37:47 +0200] "GET /wp-content/uploads/2021/07/bau_mb_mbway.svg HTTP/1.1" 304 0 "https://www.baudefruta.pt/loja/page/11/?doing_wp_cron=1742652931.8845040798187255859375&orderby=popularity" "Mozilla/5.0 (Linux; Android 5.0) AppleWebKit/537.36 (KHTML, like Gecko) Mobile Safari/537.36 (compatible; Bytespider; spider-feedback@bytedance.com)"
47.128.42.82 - - [06/Jun/2026:01:37:47 +0200] "GET /wp-content/uploads/2021/05/bau_livroreclamacoes.svg HTTP/1.1" 304 0 "https://www.baudefruta.pt/loja/page/11/?doing_wp_cron=1742652931.8845040798187255859375&orderby=popularity" "Mozilla/5.0 (Linux; Android 5.0) AppleWebKit/537.36 (KHTML, like Gecko) Mobile Safari/537.36 (compatible; Bytespider; spider-feedback@bytedance.com)"
47.128.42.82 - - [06/Jun/2026:01:37:47 +0200] "GET /wp-content/uploads/2021/07/OVL002-low-600x600.jpg HTTP/1.1" 206 36497 "https://www.baudefruta.pt/loja/page/11/?doing_wp_cron=1742652931.8845040798187255859375&orderby=popularity" "Mozilla/5.0 (Linux; Android 5.0) AppleWebKit/537.36 (KHTML, like Gecko) Mobile Safari/537.36 (compatible; Bytespider; spider-feedback@bytedance.com)"
47.128.42.82 - - [06/Jun/2026:01:37:47 +0200] "GET /wp-content/uploads/2021/07/bau_mb_mbway.svg HTTP/1.1" 200 5318 "https://www.baudefruta.pt/loja/page/11/?doing_wp_cron=1742652931.8845040798187255859375&orderby=popularity" "Mozilla/5.0 (Linux; Android 5.0) AppleWebKit/537.36 (KHTML, like Gecko) Mobile Safari/537.36 (compatible; Bytespider; spider-feedback@bytedance.com)"
216.73.217.23 - - [06/Jun/2026:01:37:48 +0200] "GET /loja/page/4/?add-to-cart=751&doing_wp_cron=1701153572.9826118946075439453125&orderby=menu_order HTTP/1.1" 200 61798 "-" "Mozilla/5.0 AppleWebKit/537.36 (KHTML, like Gecko; compatible; ClaudeBot/1.0; +claudebot@anthropic.com)"
47.128.42.82 - - [06/Jun/2026:01:37:48 +0200] "GET /wp-content/uploads/2021/05/bau_livroreclamacoes.svg HTTP/1.1" 200 2886 "https://www.baudefruta.pt/loja/page/11/?doing_wp_cron=1742652931.8845040798187255859375&orderby=popularity" "Mozilla/5.0 (Linux; Android 5.0) AppleWebKit/537.36 (KHTML, like Gecko) Mobile Safari/537.36 (compatible; Bytespider; spider-feedback@bytedance.com)"
216.73.217.23 - - [06/Jun/2026:01:37:51 +0200] "GET /loja/page/5/?add-to-cart=4328&doing_wp_cron=1699032554.2910571098327636718750&orderby=popularity HTTP/1.1" 200 62214 "-" "Mozilla/5.0 AppleWebKit/537.36 (KHTML, like Gecko; compatible; ClaudeBot/1.0; +claudebot@anthropic.com)"
216.73.217.23 - - [06/Jun/2026:01:37:54 +0200] "GET /loja/page/3/?add-to-cart=2040&doing_wp_cron=1699032554.2910571098327636718750&orderby=popularity HTTP/1.1" 200 62128 "-" "Mozilla/5.0 AppleWebKit/537.36 (KHTML, like Gecko; compatible; ClaudeBot/1.0; +claudebot@anthropic.com)"
216.73.217.23 - - [06/Jun/2026:01:37:57 +0200] "GET /loja/page/6/?add-to-cart=645&doing_wp_cron=1699032554.2910571098327636718750&orderby=menu_order HTTP/1.1" 200 62102 "-" "Mozilla/5.0 AppleWebKit/537.36 (KHTML, like Gecko; compatible; ClaudeBot/1.0; +claudebot@anthropic.com)"
114.119.149.254 - - [06/Jun/2026:01:37:59 +0200] "GET /loja/page/7/?orderby=popularity&doing_wp_cron=1755205905.5565021038055419921875 HTTP/1.1" 200 60868 "https://www.baudefruta.pt/loja/page/7/?orderby=menu_order&doing_wp_cron=1755205905.5565021038055419921875" "Mozilla/5.0 (Linux; Android 7.0;) AppleWebKit/537.36 (HTML, like Gecko) Mobile Safari/537.36 (compatible; PetalBot;+https://webmaster.petalsearch.com/site/petalbot)"
121.200.216.37 - - [06/Jun/2026:01:38:00 +0200] "GET /2021/05/11/ola-mundo/ HTTP/1.1" 200 1135691 "-" "Mozilla/5.0 (X11; Linux i686; rv:114.0) Gecko/20100101 Firefox/114.0"
98.83.177.42 - - [06/Jun/2026:01:38:00 +0200] "GET /loja/page/6/?doing_wp_cron=1762304024.5367319583892822265625 HTTP/1.1" 200 59083 "-" "Mozilla/5.0 AppleWebKit/537.36 (KHTML, like Gecko; compatible; Amazonbot/0.1; +https://developer.amazon.com/support/amazonbot) Chrome/119.0.6045.214 Safari/537.36"
216.73.217.23 - - [06/Jun/2026:01:38:00 +0200] "GET /categoria-produto/mercearia/page/3/?doing_wp_cron=1774230627.4574561119079589843750&orderby=price-desc HTTP/1.1" 200 62118 "-" "Mozilla/5.0 AppleWebKit/537.36 (KHTML, like Gecko; compatible; ClaudeBot/1.0; +claudebot@anthropic.com)"
216.73.217.23 - - [06/Jun/2026:01:38:03 +0200] "GET /loja/page/11/?add-to-cart=889&doing_wp_cron=1699032554.2910571098327636718750&orderby=menu_order HTTP/1.1" 200 61977 "-" "Mozilla/5.0 AppleWebKit/537.36 (KHTML, like Gecko; compatible; ClaudeBot/1.0; +claudebot@anthropic.com)"
64.31.3.126 - - [06/Jun/2026:01:38:05 +0200] "GET /2021/05/11/ola-mundo/ HTTP/1.1" 200 1135691 "-" "Mozilla/5.0 (compatible; Googlebot/2.1; +http://www.google.com/bot.html)"
3.225.9.97 - - [06/Jun/2026:01:38:06 +0200] "GET /loja/?doing_wp_cron=1711616234.3928558826446533203125&orderby=price-desc HTTP/1.1" 200 60768 "-" "Mozilla/5.0 AppleWebKit/537.36 (KHTML, like Gecko; compatible; Amazonbot/0.1; +https://developer.amazon.com/support/amazonbot) Chrome/119.0.6045.214 Safari/537.36"
216.73.217.23 - - [06/Jun/2026:01:38:06 +0200] "GET /loja/page/8/?add-to-cart=2047&doing_wp_cron=1699032554.2910571098327636718750&orderby=menu_order HTTP/1.1" 200 62600 "-" "Mozilla/5.0 AppleWebKit/537.36 (KHTML, like Gecko; compatible; ClaudeBot/1.0; +claudebot@anthropic.com)"
216.73.217.23 - - [06/Jun/2026:01:38:09 +0200] "GET /loja/page/2/?add-to-cart=893&doing_wp_cron=1711616234.3928558826446533203125&orderby=menu_order HTTP/1.1" 200 63072 "-" "Mozilla/5.0 AppleWebKit/537.36 (KHTML, like Gecko; compatible; ClaudeBot/1.0; +claudebot@anthropic.com)"
190.83.114.19 - - [06/Jun/2026:01:38:12 +0200] "GET /categoria-produto/mercearia/page/6/?doing_wp_cron=1776372448.3403480052947998046875&orderby=popularity HTTP/1.1" 200 58063 "-" "Mozilla/5.0 (compatible; MSIE 7.0; Windows NT 5.0; Trident/3.0)"
216.73.217.23 - - [06/Jun/2026:01:38:12 +0200] "GET /loja/page/9/?add-to-cart=552&doing_wp_cron=1705054787.4118249416351318359375&orderby=menu_order HTTP/1.1" 200 63182 "-" "Mozilla/5.0 AppleWebKit/537.36 (KHTML, like Gecko; compatible; ClaudeBot/1.0; +claudebot@anthropic.com)"
216.73.217.23 - - [06/Jun/2026:01:38:15 +0200] "GET /loja/page/4/?add-to-cart=821&doing_wp_cron=1758569056.8537590503692626953125&orderby=date HTTP/1.1" 200 63641 "-" "Mozilla/5.0 AppleWebKit/537.36 (KHTML, like Gecko; compatible; ClaudeBot/1.0; +claudebot@anthropic.com)"
216.73.217.23 - - [06/Jun/2026:01:38:22 +0200] "GET /loja/page/4/?add-to-cart=1132&doing_wp_cron=1705054787.4118249416351318359375&orderby=menu_order HTTP/1.1" 200 61359 "-" "Mozilla/5.0 AppleWebKit/537.36 (KHTML, like Gecko; compatible; ClaudeBot/1.0; +claudebot@anthropic.com)"
216.73.217.23 - - [06/Jun/2026:01:38:24 +0200] "GET /loja/page/7/?add-to-cart=763&doing_wp_cron=1758569056.8537590503692626953125&orderby=date HTTP/1.1" 200 61368 "-" "Mozilla/5.0 AppleWebKit/537.36 (KHTML, like Gecko; compatible; ClaudeBot/1.0; +claudebot@anthropic.com)"
216.73.217.23 - - [06/Jun/2026:01:38:27 +0200] "GET /loja/page/2/?add-to-cart=604&doing_wp_cron=1703787820.8273739814758300781250&orderby=menu_order HTTP/1.1" 200 61729 "-" "Mozilla/5.0 AppleWebKit/537.36 (KHTML, like Gecko; compatible; ClaudeBot/1.0; +claudebot@anthropic.com)"
216.73.217.23 - - [06/Jun/2026:01:38:31 +0200] "GET /loja/page/3/?add-to-cart=2010&doing_wp_cron=1703787820.8273739814758300781250&orderby=menu_order HTTP/1.1" 200 61518 "-" "Mozilla/5.0 AppleWebKit/537.36 (KHTML, like Gecko; compatible; ClaudeBot/1.0; +claudebot@anthropic.com)"
216.73.217.23 - - [06/Jun/2026:01:38:34 +0200] "GET /loja/page/4/?add-to-cart=608&doing_wp_cron=1705054787.4118249416351318359375&orderby=menu_order HTTP/1.1" 200 62267 "-" "Mozilla/5.0 AppleWebKit/537.36 (KHTML, like Gecko; compatible; ClaudeBot/1.0; +claudebot@anthropic.com)"
216.73.217.23 - - [06/Jun/2026:01:38:37 +0200] "GET /loja/page/5/?add-to-cart=1987&doing_wp_cron=1759043873.1749200820922851562500&orderby=price HTTP/1.1" 200 62570 "-" "Mozilla/5.0 AppleWebKit/537.36 (KHTML, like Gecko; compatible; ClaudeBot/1.0; +claudebot@anthropic.com)"
40.77.179.206 - - [06/Jun/2026:01:38:39 +0200] "POST /wp-json/pum/v1/analytics/ HTTP/1.1" 204 0 "https://www.baudefruta.pt/categoria-produto/frescos/frutas/" "Mozilla/5.0 AppleWebKit/537.36 (KHTML, like Gecko; compatible; bingbot/2.0; +http://www.bing.com/bingbot.htm) Chrome/136.0.0.0 Safari/537.36"
170.106.163.48 - - [06/Jun/2026:01:38:39 +0200] "GET /wp-json/oembed/1.0/embed?url=https%3A%2F%2Fwww.baudefruta.pt%2F2021%2F05%2F11%2Fola-mundo%2F&format=xml HTTP/1.1" 302 11 "-" "Mozilla/5.0 (iPhone; CPU iPhone OS 13_2_3 like Mac OS X) AppleWebKit/605.1.15 (KHTML, like Gecko) Version/13.0.3 Mobile/15E148 Safari/604.1"
216.73.217.23 - - [06/Jun/2026:01:38:39 +0200] "GET /loja/page/5/?add-to-cart=585&doing_wp_cron=1711616234.3928558826446533203125&orderby=menu_order HTTP/1.1" 200 62418 "-" "Mozilla/5.0 AppleWebKit/537.36 (KHTML, like Gecko; compatible; ClaudeBot/1.0; +claudebot@anthropic.com)"
170.106.163.48 - - [06/Jun/2026:01:38:42 +0200] "GET /wp-json/oembed/1.0/embed?url=https%3A%2F%2Fwww.baudefruta.pt%2F2021%2F05%2F11%2Fola-mundo%2F&format=xml&doing_wp_cron=1780702719.4265429973602294921875 HTTP/1.1" 200 1177 "https://www.baudefruta.pt/wp-json/oembed/1.0/embed?url=https%3A%2F%2Fwww.baudefruta.pt%2F2021%2F05%2F11%2Fola-mundo%2F&format=xml" "Mozilla/5.0 (iPhone; CPU iPhone OS 13_2_3 like Mac OS X) AppleWebKit/605.1.15 (KHTML, like Gecko) Version/13.0.3 Mobile/15E148 Safari/604.1"
216.73.217.23 - - [06/Jun/2026:01:38:42 +0200] "GET /loja/page/9/?add-to-cart=557&doing_wp_cron=1758569056.8537590503692626953125&orderby=date HTTP/1.1" 200 61921 "-" "Mozilla/5.0 AppleWebKit/537.36 (KHTML, like Gecko; compatible; ClaudeBot/1.0; +claudebot@anthropic.com)"
216.73.217.23 - - [06/Jun/2026:01:38:45 +0200] "GET /loja/page/5/?add-to-cart=827&doing_wp_cron=1758569056.8537590503692626953125&orderby=date HTTP/1.1" 200 62879 "-" "Mozilla/5.0 AppleWebKit/537.36 (KHTML, like Gecko; compatible; ClaudeBot/1.0; +claudebot@anthropic.com)"
57.141.20.30 - - [06/Jun/2026:01:38:47 +0200] "GET /sitemap.txt?doing_wp_cron=1765856236.5944559574127197265625 HTTP/1.1" 301 5 "-" "meta-externalagent/1.1 (+https://developers.facebook.com/docs/sharing/webmasters/crawler)"
216.73.217.23 - - [06/Jun/2026:01:38:49 +0200] "GET /loja/page/8/?add-to-cart=507&doing_wp_cron=1758569056.8537590503692626953125&orderby=date HTTP/1.1" 200 62839 "-" "Mozilla/5.0 AppleWebKit/537.36 (KHTML, like Gecko; compatible; ClaudeBot/1.0; +claudebot@anthropic.com)"
216.73.217.23 - - [06/Jun/2026:01:38:52 +0200] "GET /loja/page/7/?add-to-cart=1126&doing_wp_cron=1758569056.8537590503692626953125&orderby=date HTTP/1.1" 200 63310 "-" "Mozilla/5.0 AppleWebKit/537.36 (KHTML, like Gecko; compatible; ClaudeBot/1.0; +claudebot@anthropic.com)"
216.73.217.23 - - [06/Jun/2026:01:38:54 +0200] "GET /loja/page/4/?add-to-cart=666&doing_wp_cron=1705054787.4118249416351318359375&orderby=menu_order HTTP/1.1" 200 63687 "-" "Mozilla/5.0 AppleWebKit/537.36 (KHTML, like Gecko; compatible; ClaudeBot/1.0; +claudebot@anthropic.com)"
216.73.217.23 - - [06/Jun/2026:01:38:57 +0200] "GET /loja/?add-to-cart=4328&doing_wp_cron=1703787820.8273739814758300781250&orderby=date HTTP/1.1" 200 63473 "-" "Mozilla/5.0 AppleWebKit/537.36 (KHTML, like Gecko; compatible; ClaudeBot/1.0; +claudebot@anthropic.com)"
216.73.217.23 - - [06/Jun/2026:01:39:03 +0200] "GET /loja/page/3/?add-to-cart=1681&doing_wp_cron=1705054787.4118249416351318359375&orderby=menu_order HTTP/1.1" 200 60792 "-" "Mozilla/5.0 AppleWebKit/537.36 (KHTML, like Gecko; compatible; ClaudeBot/1.0; +claudebot@anthropic.com)"
216.73.217.23 - - [06/Jun/2026:01:39:05 +0200] "GET /loja/page/5/?add-to-cart=4235&doing_wp_cron=1758569056.8537590503692626953125&orderby=date HTTP/1.1" 200 61461 "-" "Mozilla/5.0 AppleWebKit/537.36 (KHTML, like Gecko; compatible; ClaudeBot/1.0; +claudebot@anthropic.com)"
43.173.180.35 - - [06/Jun/2026:01:39:07 +0200] "GET /categoria-produto/frescos/frutas?add-to-cart=452&doing_wp_cron=1778975272.8277630805969238281250&orderby=popularity HTTP/1.1" 301 5 "-" "Mozilla/5.0 (Windows NT 10.0; Win64; x64) AppleWebKit/537.36 (KHTML, like Gecko) Chrome/116.0.0.0 Safari/537.36"
216.73.217.23 - - [06/Jun/2026:01:39:08 +0200] "GET /loja/page/8/?add-to-cart=4328&doing_wp_cron=1724760408.5467429161071777343750&orderby=popularity HTTP/1.1" 200 62096 "-" "Mozilla/5.0 AppleWebKit/537.36 (KHTML, like Gecko; compatible; ClaudeBot/1.0; +claudebot@anthropic.com)"
43.173.178.52 - - [06/Jun/2026:01:39:10 +0200] "GET /categoria-produto/frescos/frutas/?add-to-cart=452&doing_wp_cron=1778975272.8277630805969238281250&orderby=popularity HTTP/1.1" 200 60625 "-" "Mozilla/5.0 (Windows NT 10.0; Win64; x64) AppleWebKit/537.36 (KHTML, like Gecko) Chrome/116.0.0.0 Safari/537.36"
216.73.217.23 - - [06/Jun/2026:01:39:11 +0200] "GET /loja/page/9/?add-to-cart=4328&doing_wp_cron=1758569056.8537590503692626953125&orderby=date HTTP/1.1" 200 60874 "-" "Mozilla/5.0 AppleWebKit/537.36 (KHTML, like Gecko; compatible; ClaudeBot/1.0; +claudebot@anthropic.com)"
43.173.180.56 - - [06/Jun/2026:01:39:12 +0200] "GET /wp-content/themes/uncode/library/css/uncode-icons.css?ver=1630781827 HTTP/1.1" 200 12098 "https://www.baudefruta.pt/categoria-produto/frescos/frutas/?add-to-cart=452&doing_wp_cron=1778975272.8277630805969238281250&orderby=popularity" "Mozilla/5.0 (Windows NT 10.0; Win64; x64) AppleWebKit/537.36 (KHTML, like Gecko) Chrome/116.0.0.0 Safari/537.36"
43.173.178.251 - - [06/Jun/2026:01:39:12 +0200] "GET /wp-content/themes/uncode/library/css/style.css?ver=1630781827 HTTP/1.1" 200 70140 "https://www.baudefruta.pt/categoria-produto/frescos/frutas/?add-to-cart=452&doing_wp_cron=1778975272.8277630805969238281250&orderby=popularity" "Mozilla/5.0 (Windows NT 10.0; Win64; x64) AppleWebKit/537.36 (KHTML, like Gecko) Chrome/116.0.0.0 Safari/537.36"
43.173.178.217 - - [06/Jun/2026:01:39:12 +0200] "GET /wp-content/themes/baudefruta-un/style.css?ver=426372706 HTTP/1.1" 200 896 "https://www.baudefruta.pt/categoria-produto/frescos/frutas/?add-to-cart=452&doing_wp_cron=1778975272.8277630805969238281250&orderby=popularity" "Mozilla/5.0 (Windows NT 10.0; Win64; x64) AppleWebKit/537.36 (KHTML, like Gecko) Chrome/116.0.0.0 Safari/537.36"
43.172.195.86 - - [06/Jun/2026:01:39:12 +0200] "GET /wp-content/themes/uncode/library/css/woocommerce.css?ver=1630781827 HTTP/1.1" 200 20067 "https://www.baudefruta.pt/categoria-produto/frescos/frutas/?add-to-cart=452&doing_wp_cron=1778975272.8277630805969238281250&orderby=popularity" "Mozilla/5.0 (Windows NT 10.0; Win64; x64) AppleWebKit/537.36 (KHTML, like Gecko) Chrome/116.0.0.0 Safari/537.36"
43.173.182.4 - - [06/Jun/2026:01:39:13 +0200] "GET /wp-content/themes/uncode/library/js/init.js?ver=1630781827 HTTP/1.1" 200 38505 "https://www.baudefruta.pt/categoria-produto/frescos/frutas/?add-to-cart=452&doing_wp_cron=1778975272.8277630805969238281250&orderby=popularity" "Mozilla/5.0 (Windows NT 10.0; Win64; x64) AppleWebKit/537.36 (KHTML, like Gecko) Chrome/116.0.0.0 Safari/537.36"
