/
var
/
log
/
nginx
/
Upload File
HOME
176.223.60.48 - - [06/Jun/2026:00:00:09 +0200] "GET /wp-content/uploads/2021/05/bau_produto-vegetais-uai-572x381.jpg HTTP/1.1" 200 118186 "https://www.baudefruta.pt/?utm_source=meta&utm_campaign=reg24&fbclid=IwZXh0bgNhZW0BMABhZGlkAasyrkHfSORzcnRjBmFwcF9pZAwzNTA2ODU1MzE3MjgAAR57BdFWV3mAkx7pxkI-SrLWmcptpVvp0Uq2YQ1LgKfJkyM2w-CDg4dX6hRdRQ_aem_qqno_PvoruTLvUgkLD2GTQ&utm_medium=paid&utm_id=120245538772870644&utm_content=120245538772890644&utm_term=120245538772880644" "Mozilla/5.0 (Linux; Android 15; CPH2639 Build/AP3A.240617.008) AppleWebKit/537.36 (KHTML, like Gecko) Version/4.0 Chrome/148.0.7778.175 Mobile Safari/537.36 [FB_IAB/FB4A;FBAV/562.0.0.51.73;IABMV/1;]"
176.223.60.48 - - [06/Jun/2026:00:00:10 +0200] "GET /wp-content/uploads/2022/06/nectarina-768x769.jpg HTTP/1.1" 200 45328 "https://www.baudefruta.pt/?utm_source=meta&utm_campaign=reg24&fbclid=IwZXh0bgNhZW0BMABhZGlkAasyrkHfSORzcnRjBmFwcF9pZAwzNTA2ODU1MzE3MjgAAR57BdFWV3mAkx7pxkI-SrLWmcptpVvp0Uq2YQ1LgKfJkyM2w-CDg4dX6hRdRQ_aem_qqno_PvoruTLvUgkLD2GTQ&utm_medium=paid&utm_id=120245538772870644&utm_content=120245538772890644&utm_term=120245538772880644" "Mozilla/5.0 (Linux; Android 15; CPH2639 Build/AP3A.240617.008) AppleWebKit/537.36 (KHTML, like Gecko) Version/4.0 Chrome/148.0.7778.175 Mobile Safari/537.36 [FB_IAB/FB4A;FBAV/562.0.0.51.73;IABMV/1;]"
176.223.60.48 - - [06/Jun/2026:00:00:10 +0200] "GET /wp-content/uploads/2021/05/bau_produto-tutti-2-uai-572x381.jpg HTTP/1.1" 200 89435 "https://www.baudefruta.pt/?utm_source=meta&utm_campaign=reg24&fbclid=IwZXh0bgNhZW0BMABhZGlkAasyrkHfSORzcnRjBmFwcF9pZAwzNTA2ODU1MzE3MjgAAR57BdFWV3mAkx7pxkI-SrLWmcptpVvp0Uq2YQ1LgKfJkyM2w-CDg4dX6hRdRQ_aem_qqno_PvoruTLvUgkLD2GTQ&utm_medium=paid&utm_id=120245538772870644&utm_content=120245538772890644&utm_term=120245538772880644" "Mozilla/5.0 (Linux; Android 15; CPH2639 Build/AP3A.240617.008) AppleWebKit/537.36 (KHTML, like Gecko) Version/4.0 Chrome/148.0.7778.175 Mobile Safari/537.36 [FB_IAB/FB4A;FBAV/562.0.0.51.73;IABMV/1;]"
104.28.87.88 - - [06/Jun/2026:00:00:10 +0200] "GET / HTTP/1.1" 302 102 "-" "Mozilla/5.0 (iPhone; CPU iPhone OS 18_7 like Mac OS X) AppleWebKit/605.1.15 (KHTML, like Gecko) Version/26.0.1 Mobile/15E148 Safari/604.1"
176.223.60.48 - - [06/Jun/2026:00:00:10 +0200] "GET /wp-content/uploads/2021/05/bau_produto-fruta-uai-572x381.jpg HTTP/1.1" 200 105616 "https://www.baudefruta.pt/?utm_source=meta&utm_campaign=reg24&fbclid=IwZXh0bgNhZW0BMABhZGlkAasyrkHfSORzcnRjBmFwcF9pZAwzNTA2ODU1MzE3MjgAAR57BdFWV3mAkx7pxkI-SrLWmcptpVvp0Uq2YQ1LgKfJkyM2w-CDg4dX6hRdRQ_aem_qqno_PvoruTLvUgkLD2GTQ&utm_medium=paid&utm_id=120245538772870644&utm_content=120245538772890644&utm_term=120245538772880644" "Mozilla/5.0 (Linux; Android 15; CPH2639 Build/AP3A.240617.008) AppleWebKit/537.36 (KHTML, like Gecko) Version/4.0 Chrome/148.0.7778.175 Mobile Safari/537.36 [FB_IAB/FB4A;FBAV/562.0.0.51.73;IABMV/1;]"
176.223.60.48 - - [06/Jun/2026:00:00:10 +0200] "GET /wp-content/uploads/2022/06/aromatica.jpg HTTP/1.1" 200 14098 "https://www.baudefruta.pt/?utm_source=meta&utm_campaign=reg24&fbclid=IwZXh0bgNhZW0BMABhZGlkAasyrkHfSORzcnRjBmFwcF9pZAwzNTA2ODU1MzE3MjgAAR57BdFWV3mAkx7pxkI-SrLWmcptpVvp0Uq2YQ1LgKfJkyM2w-CDg4dX6hRdRQ_aem_qqno_PvoruTLvUgkLD2GTQ&utm_medium=paid&utm_id=120245538772870644&utm_content=120245538772890644&utm_term=120245538772880644" "Mozilla/5.0 (Linux; Android 15; CPH2639 Build/AP3A.240617.008) AppleWebKit/537.36 (KHTML, like Gecko) Version/4.0 Chrome/148.0.7778.175 Mobile Safari/537.36 [FB_IAB/FB4A;FBAV/562.0.0.51.73;IABMV/1;]"
176.223.60.48 - - [06/Jun/2026:00:00:10 +0200] "GET /wp-content/uploads/2022/05/gengibre.jpg HTTP/1.1" 200 21416 "https://www.baudefruta.pt/?utm_source=meta&utm_campaign=reg24&fbclid=IwZXh0bgNhZW0BMABhZGlkAasyrkHfSORzcnRjBmFwcF9pZAwzNTA2ODU1MzE3MjgAAR57BdFWV3mAkx7pxkI-SrLWmcptpVvp0Uq2YQ1LgKfJkyM2w-CDg4dX6hRdRQ_aem_qqno_PvoruTLvUgkLD2GTQ&utm_medium=paid&utm_id=120245538772870644&utm_content=120245538772890644&utm_term=120245538772880644" "Mozilla/5.0 (Linux; Android 15; CPH2639 Build/AP3A.240617.008) AppleWebKit/537.36 (KHTML, like Gecko) Version/4.0 Chrome/148.0.7778.175 Mobile Safari/537.36 [FB_IAB/FB4A;FBAV/562.0.0.51.73;IABMV/1;]"
176.223.60.48 - - [06/Jun/2026:00:00:10 +0200] "GET /wp-content/uploads/2021/06/HT001-hortela-uai-952x952.jpg HTTP/1.1" 200 172178 "https://www.baudefruta.pt/?utm_source=meta&utm_campaign=reg24&fbclid=IwZXh0bgNhZW0BMABhZGlkAasyrkHfSORzcnRjBmFwcF9pZAwzNTA2ODU1MzE3MjgAAR57BdFWV3mAkx7pxkI-SrLWmcptpVvp0Uq2YQ1LgKfJkyM2w-CDg4dX6hRdRQ_aem_qqno_PvoruTLvUgkLD2GTQ&utm_medium=paid&utm_id=120245538772870644&utm_content=120245538772890644&utm_term=120245538772880644" "Mozilla/5.0 (Linux; Android 15; CPH2639 Build/AP3A.240617.008) AppleWebKit/537.36 (KHTML, like Gecko) Version/4.0 Chrome/148.0.7778.175 Mobile Safari/537.36 [FB_IAB/FB4A;FBAV/562.0.0.51.73;IABMV/1;]"
176.223.60.48 - - [06/Jun/2026:00:00:10 +0200] "GET /wp-content/uploads/2021/06/TH001-tomate-cherry-uai-335x335.jpg HTTP/1.1" 200 17318 "https://www.baudefruta.pt/?utm_source=meta&utm_campaign=reg24&fbclid=IwZXh0bgNhZW0BMABhZGlkAasyrkHfSORzcnRjBmFwcF9pZAwzNTA2ODU1MzE3MjgAAR57BdFWV3mAkx7pxkI-SrLWmcptpVvp0Uq2YQ1LgKfJkyM2w-CDg4dX6hRdRQ_aem_qqno_PvoruTLvUgkLD2GTQ&utm_medium=paid&utm_id=120245538772870644&utm_content=120245538772890644&utm_term=120245538772880644" "Mozilla/5.0 (Linux; Android 15; CPH2639 Build/AP3A.240617.008) AppleWebKit/537.36 (KHTML, like Gecko) Version/4.0 Chrome/148.0.7778.175 Mobile Safari/537.36 [FB_IAB/FB4A;FBAV/562.0.0.51.73;IABMV/1;]"
176.223.60.48 - - [06/Jun/2026:00:00:10 +0200] "GET /wp-content/uploads/2021/06/NP001-nesperas-uai-368x368.jpg HTTP/1.1" 200 25561 "https://www.baudefruta.pt/?utm_source=meta&utm_campaign=reg24&fbclid=IwZXh0bgNhZW0BMABhZGlkAasyrkHfSORzcnRjBmFwcF9pZAwzNTA2ODU1MzE3MjgAAR57BdFWV3mAkx7pxkI-SrLWmcptpVvp0Uq2YQ1LgKfJkyM2w-CDg4dX6hRdRQ_aem_qqno_PvoruTLvUgkLD2GTQ&utm_medium=paid&utm_id=120245538772870644&utm_content=120245538772890644&utm_term=120245538772880644" "Mozilla/5.0 (Linux; Android 15; CPH2639 Build/AP3A.240617.008) AppleWebKit/537.36 (KHTML, like Gecko) Version/4.0 Chrome/148.0.7778.175 Mobile Safari/537.36 [FB_IAB/FB4A;FBAV/562.0.0.51.73;IABMV/1;]"
176.223.60.48 - - [06/Jun/2026:00:00:10 +0200] "GET /wp-content/uploads/2023/12/BauFruta_narizvermelho_home.png HTTP/1.1" 200 15004 "https://www.baudefruta.pt/?utm_source=meta&utm_campaign=reg24&fbclid=IwZXh0bgNhZW0BMABhZGlkAasyrkHfSORzcnRjBmFwcF9pZAwzNTA2ODU1MzE3MjgAAR57BdFWV3mAkx7pxkI-SrLWmcptpVvp0Uq2YQ1LgKfJkyM2w-CDg4dX6hRdRQ_aem_qqno_PvoruTLvUgkLD2GTQ&utm_medium=paid&utm_id=120245538772870644&utm_content=120245538772890644&utm_term=120245538772880644" "Mozilla/5.0 (Linux; Android 15; CPH2639 Build/AP3A.240617.008) AppleWebKit/537.36 (KHTML, like Gecko) Version/4.0 Chrome/148.0.7778.175 Mobile Safari/537.36 [FB_IAB/FB4A;FBAV/562.0.0.51.73;IABMV/1;]"
176.223.60.48 - - [06/Jun/2026:00:00:10 +0200] "GET /wp-content/uploads/2023/11/BauFruta_refood_logorefood.jpg HTTP/1.1" 200 11650 "https://www.baudefruta.pt/?utm_source=meta&utm_campaign=reg24&fbclid=IwZXh0bgNhZW0BMABhZGlkAasyrkHfSORzcnRjBmFwcF9pZAwzNTA2ODU1MzE3MjgAAR57BdFWV3mAkx7pxkI-SrLWmcptpVvp0Uq2YQ1LgKfJkyM2w-CDg4dX6hRdRQ_aem_qqno_PvoruTLvUgkLD2GTQ&utm_medium=paid&utm_id=120245538772870644&utm_content=120245538772890644&utm_term=120245538772880644" "Mozilla/5.0 (Linux; Android 15; CPH2639 Build/AP3A.240617.008) AppleWebKit/537.36 (KHTML, like Gecko) Version/4.0 Chrome/148.0.7778.175 Mobile Safari/537.36 [FB_IAB/FB4A;FBAV/562.0.0.51.73;IABMV/1;]"
176.223.60.48 - - [06/Jun/2026:00:00:10 +0200] "GET /wp-content/uploads/2021/05/bau_home_pontos-2.png HTTP/1.1" 200 13642 "https://www.baudefruta.pt/?utm_source=meta&utm_campaign=reg24&fbclid=IwZXh0bgNhZW0BMABhZGlkAasyrkHfSORzcnRjBmFwcF9pZAwzNTA2ODU1MzE3MjgAAR57BdFWV3mAkx7pxkI-SrLWmcptpVvp0Uq2YQ1LgKfJkyM2w-CDg4dX6hRdRQ_aem_qqno_PvoruTLvUgkLD2GTQ&utm_medium=paid&utm_id=120245538772870644&utm_content=120245538772890644&utm_term=120245538772880644" "Mozilla/5.0 (Linux; Android 15; CPH2639 Build/AP3A.240617.008) AppleWebKit/537.36 (KHTML, like Gecko) Version/4.0 Chrome/148.0.7778.175 Mobile Safari/537.36 [FB_IAB/FB4A;FBAV/562.0.0.51.73;IABMV/1;]"
176.223.60.48 - - [06/Jun/2026:00:00:10 +0200] "GET /wp-content/uploads/2021/07/bau_mb_mbway.svg HTTP/1.1" 200 5318 "https://www.baudefruta.pt/?utm_source=meta&utm_campaign=reg24&fbclid=IwZXh0bgNhZW0BMABhZGlkAasyrkHfSORzcnRjBmFwcF9pZAwzNTA2ODU1MzE3MjgAAR57BdFWV3mAkx7pxkI-SrLWmcptpVvp0Uq2YQ1LgKfJkyM2w-CDg4dX6hRdRQ_aem_qqno_PvoruTLvUgkLD2GTQ&utm_medium=paid&utm_id=120245538772870644&utm_content=120245538772890644&utm_term=120245538772880644" "Mozilla/5.0 (Linux; Android 15; CPH2639 Build/AP3A.240617.008) AppleWebKit/537.36 (KHTML, like Gecko) Version/4.0 Chrome/148.0.7778.175 Mobile Safari/537.36 [FB_IAB/FB4A;FBAV/562.0.0.51.73;IABMV/1;]"
176.223.60.48 - - [06/Jun/2026:00:00:10 +0200] "GET /wp-content/uploads/2021/05/bau_livroreclamacoes.svg HTTP/1.1" 200 2886 "https://www.baudefruta.pt/?utm_source=meta&utm_campaign=reg24&fbclid=IwZXh0bgNhZW0BMABhZGlkAasyrkHfSORzcnRjBmFwcF9pZAwzNTA2ODU1MzE3MjgAAR57BdFWV3mAkx7pxkI-SrLWmcptpVvp0Uq2YQ1LgKfJkyM2w-CDg4dX6hRdRQ_aem_qqno_PvoruTLvUgkLD2GTQ&utm_medium=paid&utm_id=120245538772870644&utm_content=120245538772890644&utm_term=120245538772880644" "Mozilla/5.0 (Linux; Android 15; CPH2639 Build/AP3A.240617.008) AppleWebKit/537.36 (KHTML, like Gecko) Version/4.0 Chrome/148.0.7778.175 Mobile Safari/537.36 [FB_IAB/FB4A;FBAV/562.0.0.51.73;IABMV/1;]"
176.223.60.48 - - [06/Jun/2026:00:00:10 +0200] "GET /wp-content/uploads/2021/05/bau_frutos-fundo-1m.png HTTP/1.1" 200 68838 "https://www.baudefruta.pt/?utm_source=meta&utm_campaign=reg24&fbclid=IwZXh0bgNhZW0BMABhZGlkAasyrkHfSORzcnRjBmFwcF9pZAwzNTA2ODU1MzE3MjgAAR57BdFWV3mAkx7pxkI-SrLWmcptpVvp0Uq2YQ1LgKfJkyM2w-CDg4dX6hRdRQ_aem_qqno_PvoruTLvUgkLD2GTQ&utm_medium=paid&utm_id=120245538772870644&utm_content=120245538772890644&utm_term=120245538772880644" "Mozilla/5.0 (Linux; Android 15; CPH2639 Build/AP3A.240617.008) AppleWebKit/537.36 (KHTML, like Gecko) Version/4.0 Chrome/148.0.7778.175 Mobile Safari/537.36 [FB_IAB/FB4A;FBAV/562.0.0.51.73;IABMV/1;]"
176.223.60.48 - - [06/Jun/2026:00:00:10 +0200] "GET /wp-content/uploads/2021/05/bau_fundo_grunge-1.png HTTP/1.1" 200 108052 "https://www.baudefruta.pt/?utm_source=meta&utm_campaign=reg24&fbclid=IwZXh0bgNhZW0BMABhZGlkAasyrkHfSORzcnRjBmFwcF9pZAwzNTA2ODU1MzE3MjgAAR57BdFWV3mAkx7pxkI-SrLWmcptpVvp0Uq2YQ1LgKfJkyM2w-CDg4dX6hRdRQ_aem_qqno_PvoruTLvUgkLD2GTQ&utm_medium=paid&utm_id=120245538772870644&utm_content=120245538772890644&utm_term=120245538772880644" "Mozilla/5.0 (Linux; Android 15; CPH2639 Build/AP3A.240617.008) AppleWebKit/537.36 (KHTML, like Gecko) Version/4.0 Chrome/148.0.7778.175 Mobile Safari/537.36 [FB_IAB/FB4A;FBAV/562.0.0.51.73;IABMV/1;]"
176.223.60.48 - - [06/Jun/2026:00:00:10 +0200] "GET /wp-content/uploads/2021/07/bau_fundo_grunge-2.png HTTP/1.1" 200 69186 "https://www.baudefruta.pt/?utm_source=meta&utm_campaign=reg24&fbclid=IwZXh0bgNhZW0BMABhZGlkAasyrkHfSORzcnRjBmFwcF9pZAwzNTA2ODU1MzE3MjgAAR57BdFWV3mAkx7pxkI-SrLWmcptpVvp0Uq2YQ1LgKfJkyM2w-CDg4dX6hRdRQ_aem_qqno_PvoruTLvUgkLD2GTQ&utm_medium=paid&utm_id=120245538772870644&utm_content=120245538772890644&utm_term=120245538772880644" "Mozilla/5.0 (Linux; Android 15; CPH2639 Build/AP3A.240617.008) AppleWebKit/537.36 (KHTML, like Gecko) Version/4.0 Chrome/148.0.7778.175 Mobile Safari/537.36 [FB_IAB/FB4A;FBAV/562.0.0.51.73;IABMV/1;]"
104.28.87.88 - - [06/Jun/2026:00:00:10 +0200] "GET /?doing_wp_cron=1780696810.0250649452209472656250 HTTP/1.1" 301 5 "-" "Mozilla/5.0 (iPhone; CPU iPhone OS 18_7 like Mac OS X) AppleWebKit/605.1.15 (KHTML, like Gecko) Version/26.0.1 Mobile/15E148 Safari/604.1"
176.223.60.48 - - [06/Jun/2026:00:00:11 +0200] "GET /wp-content/uploads/2021/05/bau_footer-top.png HTTP/1.1" 200 14692 "https://www.baudefruta.pt/?utm_source=meta&utm_campaign=reg24&fbclid=IwZXh0bgNhZW0BMABhZGlkAasyrkHfSORzcnRjBmFwcF9pZAwzNTA2ODU1MzE3MjgAAR57BdFWV3mAkx7pxkI-SrLWmcptpVvp0Uq2YQ1LgKfJkyM2w-CDg4dX6hRdRQ_aem_qqno_PvoruTLvUgkLD2GTQ&utm_medium=paid&utm_id=120245538772870644&utm_content=120245538772890644&utm_term=120245538772880644" "Mozilla/5.0 (Linux; Android 15; CPH2639 Build/AP3A.240617.008) AppleWebKit/537.36 (KHTML, like Gecko) Version/4.0 Chrome/148.0.7778.175 Mobile Safari/537.36 [FB_IAB/FB4A;FBAV/562.0.0.51.73;IABMV/1;]"
176.223.60.48 - - [06/Jun/2026:00:00:11 +0200] "GET /wp-includes/js/wp-emoji-release.min.js?ver=6.9.1 HTTP/1.1" 200 5487 "https://www.baudefruta.pt/?utm_source=meta&utm_campaign=reg24&fbclid=IwZXh0bgNhZW0BMABhZGlkAasyrkHfSORzcnRjBmFwcF9pZAwzNTA2ODU1MzE3MjgAAR57BdFWV3mAkx7pxkI-SrLWmcptpVvp0Uq2YQ1LgKfJkyM2w-CDg4dX6hRdRQ_aem_qqno_PvoruTLvUgkLD2GTQ&utm_medium=paid&utm_id=120245538772870644&utm_content=120245538772890644&utm_term=120245538772880644" "Mozilla/5.0 (Linux; Android 15; CPH2639 Build/AP3A.240617.008) AppleWebKit/537.36 (KHTML, like Gecko) Version/4.0 Chrome/148.0.7778.175 Mobile Safari/537.36 [FB_IAB/FB4A;FBAV/562.0.0.51.73;IABMV/1;]"
104.28.87.88 - - [06/Jun/2026:00:00:11 +0200] "GET /?doing_wp_cron=1780696810.0250649452209472656250 HTTP/1.1" 200 61410 "-" "Mozilla/5.0 (iPhone; CPU iPhone OS 18_7 like Mac OS X) AppleWebKit/605.1.15 (KHTML, like Gecko) Version/26.0.1 Mobile/15E148 Safari/604.1"
216.244.66.243 - - [06/Jun/2026:00:00:11 +0200] "GET /produto/alface-iberica-250gr/?add-to-cart=555&doing_wp_cron=1749277351.9326639175415039062500 HTTP/1.1" 200 403692 "-" "Mozilla/5.0 (compatible; DotBot/1.2; +https://opensiteexplorer.org/dotbot; help@moz.com)"
176.223.60.48 - - [06/Jun/2026:00:00:11 +0200] "POST /wp-json/pum/v1/analytics/ HTTP/1.1" 204 0 "https://www.baudefruta.pt/?utm_source=meta&utm_campaign=reg24&fbclid=IwZXh0bgNhZW0BMABhZGlkAasyrkHfSORzcnRjBmFwcF9pZAwzNTA2ODU1MzE3MjgAAR57BdFWV3mAkx7pxkI-SrLWmcptpVvp0Uq2YQ1LgKfJkyM2w-CDg4dX6hRdRQ_aem_qqno_PvoruTLvUgkLD2GTQ&utm_medium=paid&utm_id=120245538772870644&utm_content=120245538772890644&utm_term=120245538772880644" "Mozilla/5.0 (Linux; Android 15; CPH2639 Build/AP3A.240617.008) AppleWebKit/537.36 (KHTML, like Gecko) Version/4.0 Chrome/148.0.7778.175 Mobile Safari/537.36 [FB_IAB/FB4A;FBAV/562.0.0.51.73;IABMV/1;]"
104.28.87.88 - - [06/Jun/2026:00:00:12 +0200] "GET /wp-content/uploads/2021/07/cropped-BauDeFruta_Logo-180x180.png HTTP/1.1" 200 10173 "-" "Mozilla/5.0 (iPhone; CPU iPhone OS 18_7 like Mac OS X) AppleWebKit/605.1.15 (KHTML, like Gecko) Safari"
216.73.217.23 - - [06/Jun/2026:00:00:12 +0200] "GET /loja/page/9/?add-to-cart=547&doing_wp_cron=1758569056.8537590503692626953125&orderby=popularity HTTP/1.1" 200 62063 "-" "Mozilla/5.0 AppleWebKit/537.36 (KHTML, like Gecko; compatible; ClaudeBot/1.0; +claudebot@anthropic.com)"
176.223.60.48 - - [06/Jun/2026:00:00:13 +0200] "GET /wp-content/uploads/2021/07/cropped-BauDeFruta_Logo-192x192.png HTTP/1.1" 200 9364 "https://www.baudefruta.pt/?utm_source=meta&utm_campaign=reg24&fbclid=IwZXh0bgNhZW0BMABhZGlkAasyrkHfSORzcnRjBmFwcF9pZAwzNTA2ODU1MzE3MjgAAR57BdFWV3mAkx7pxkI-SrLWmcptpVvp0Uq2YQ1LgKfJkyM2w-CDg4dX6hRdRQ_aem_qqno_PvoruTLvUgkLD2GTQ&utm_medium=paid&utm_id=120245538772870644&utm_content=120245538772890644&utm_term=120245538772880644" "Mozilla/5.0 (Linux; Android 15; CPH2639 Build/AP3A.240617.008) AppleWebKit/537.36 (KHTML, like Gecko) Version/4.0 Chrome/148.0.7778.175 Mobile Safari/537.36 [FB_IAB/FB4A;FBAV/562.0.0.51.73;IABMV/1;]"
176.223.60.48 - - [06/Jun/2026:00:00:13 +0200] "GET /wp-content/uploads/2021/07/cropped-BauDeFruta_Logo-32x32.png HTTP/1.1" 200 750 "https://www.baudefruta.pt/?utm_source=meta&utm_campaign=reg24&fbclid=IwZXh0bgNhZW0BMABhZGlkAasyrkHfSORzcnRjBmFwcF9pZAwzNTA2ODU1MzE3MjgAAR57BdFWV3mAkx7pxkI-SrLWmcptpVvp0Uq2YQ1LgKfJkyM2w-CDg4dX6hRdRQ_aem_qqno_PvoruTLvUgkLD2GTQ&utm_medium=paid&utm_id=120245538772870644&utm_content=120245538772890644&utm_term=120245538772880644" "Mozilla/5.0 (Linux; Android 15; CPH2639 Build/AP3A.240617.008) AppleWebKit/537.36 (KHTML, like Gecko) Version/4.0 Chrome/148.0.7778.175 Mobile Safari/537.36 [FB_IAB/FB4A;FBAV/562.0.0.51.73;IABMV/1;]"
216.73.217.23 - - [06/Jun/2026:00:00:15 +0200] "GET /loja/page/8/?add-to-cart=817&doing_wp_cron=1758569056.8537590503692626953125&orderby=popularity HTTP/1.1" 200 62296 "-" "Mozilla/5.0 AppleWebKit/537.36 (KHTML, like Gecko; compatible; ClaudeBot/1.0; +claudebot@anthropic.com)"
216.73.217.23 - - [06/Jun/2026:00:00:17 +0200] "GET /loja/page/8/?add-to-cart=2008&doing_wp_cron=1724760408.5467429161071777343750&orderby=menu_order HTTP/1.1" 200 61975 "-" "Mozilla/5.0 AppleWebKit/537.36 (KHTML, like Gecko; compatible; ClaudeBot/1.0; +claudebot@anthropic.com)"
216.73.217.23 - - [06/Jun/2026:00:00:20 +0200] "GET /loja/page/2/?add-to-cart=563&doing_wp_cron=1699032554.2910571098327636718750&orderby=popularity HTTP/1.1" 200 62137 "-" "Mozilla/5.0 AppleWebKit/537.36 (KHTML, like Gecko; compatible; ClaudeBot/1.0; +claudebot@anthropic.com)"
52.167.144.156 - - [06/Jun/2026:00:00:21 +0200] "GET /produto/grelos-de-couve/ HTTP/1.1" 200 57442 "-" "Mozilla/5.0 AppleWebKit/537.36 (KHTML, like Gecko; compatible; bingbot/2.0; +http://www.bing.com/bingbot.htm) Chrome/116.0.1938.76 Safari/537.36"
216.73.217.23 - - [06/Jun/2026:00:00:23 +0200] "GET /loja/?add-to-cart=2039&doing_wp_cron=1703787820.8273739814758300781250&orderby=popularity HTTP/1.1" 200 62139 "-" "Mozilla/5.0 AppleWebKit/537.36 (KHTML, like Gecko; compatible; ClaudeBot/1.0; +claudebot@anthropic.com)"
216.73.217.23 - - [06/Jun/2026:00:00:26 +0200] "GET /loja/page/2/?add-to-cart=2045&doing_wp_cron=1749500398.4001810550689697265625&orderby=menu_order HTTP/1.1" 200 62682 "-" "Mozilla/5.0 AppleWebKit/537.36 (KHTML, like Gecko; compatible; ClaudeBot/1.0; +claudebot@anthropic.com)"
216.73.217.23 - - [06/Jun/2026:00:00:29 +0200] "GET /categoria-produto/mercearia/frutos-secos/page/2/?add-to-cart=2043&orderby=price HTTP/1.1" 302 11 "-" "Mozilla/5.0 AppleWebKit/537.36 (KHTML, like Gecko; compatible; ClaudeBot/1.0; +claudebot@anthropic.com)"
216.73.217.23 - - [06/Jun/2026:00:00:30 +0200] "GET /categoria-produto/mercearia/frutos-secos/page/2/?add-to-cart=2043&orderby=price&doing_wp_cron=1780696829.0066299438476562500000 HTTP/1.1" 200 60885 "https://www.baudefruta.pt/categoria-produto/mercearia/frutos-secos/page/2/?add-to-cart=2043&orderby=price" "Mozilla/5.0 AppleWebKit/537.36 (KHTML, like Gecko; compatible; ClaudeBot/1.0; +claudebot@anthropic.com)"
72.167.50.103 - - [06/Jun/2026:00:00:31 +0200] "POST /xmlrpc.php HTTP/1.1" 200 244 "-" "Mozilla/5.0 (X11; Linux i686) AppleWebKit/537.36 (KHTML, like Gecko) Chrome/133.0.0.0 Safari/537.36"
216.73.217.23 - - [06/Jun/2026:00:00:33 +0200] "GET /loja/page/4/?add-to-cart=606&doing_wp_cron=1758569056.8537590503692626953125&orderby=popularity HTTP/1.1" 200 63137 "-" "Mozilla/5.0 AppleWebKit/537.36 (KHTML, like Gecko; compatible; ClaudeBot/1.0; +claudebot@anthropic.com)"
176.223.60.48 - - [06/Jun/2026:00:00:34 +0200] "GET /produto/bau-hortofruticola/ HTTP/1.1" 200 61727 "https://www.baudefruta.pt/?utm_source=meta&utm_campaign=reg24&fbclid=IwZXh0bgNhZW0BMABhZGlkAasyrkHfSORzcnRjBmFwcF9pZAwzNTA2ODU1MzE3MjgAAR57BdFWV3mAkx7pxkI-SrLWmcptpVvp0Uq2YQ1LgKfJkyM2w-CDg4dX6hRdRQ_aem_qqno_PvoruTLvUgkLD2GTQ&utm_medium=paid&utm_id=120245538772870644&utm_content=120245538772890644&utm_term=120245538772880644" "Mozilla/5.0 (Linux; Android 15; CPH2639 Build/AP3A.240617.008; wv) AppleWebKit/537.36 (KHTML, like Gecko) Version/4.0 Chrome/148.0.7778.175 Mobile Safari/537.36"
51.195.183.194 - - [06/Jun/2026:00:00:34 +0200] "GET /sitemap.xml HTTP/1.1" 404 52757 "-" "Mozilla/5.0 (compatible; AhrefsBot/7.0; +http://ahrefs.com/robot/)"
216.73.217.23 - - [06/Jun/2026:00:00:36 +0200] "GET /loja/page/2/?add-to-cart=521&doing_wp_cron=1758569056.8537590503692626953125&orderby=date HTTP/1.1" 200 63115 "-" "Mozilla/5.0 AppleWebKit/537.36 (KHTML, like Gecko; compatible; ClaudeBot/1.0; +claudebot@anthropic.com)"
176.223.60.48 - - [06/Jun/2026:00:00:36 +0200] "GET /wp-content/themes/uncode/library/css/style.css?ver=1244215712 HTTP/1.1" 200 70140 "https://www.baudefruta.pt/produto/bau-hortofruticola/" "Mozilla/5.0 (Linux; Android 15; CPH2639 Build/AP3A.240617.008) AppleWebKit/537.36 (KHTML, like Gecko) Version/4.0 Chrome/148.0.7778.175 Mobile Safari/537.36 [FB_IAB/FB4A;FBAV/562.0.0.51.73;IABMV/1;]"
176.223.60.48 - - [06/Jun/2026:00:00:36 +0200] "GET /wp-content/themes/uncode/library/css/uncode-icons.css?ver=1244215712 HTTP/1.1" 200 12098 "https://www.baudefruta.pt/produto/bau-hortofruticola/" "Mozilla/5.0 (Linux; Android 15; CPH2639 Build/AP3A.240617.008) AppleWebKit/537.36 (KHTML, like Gecko) Version/4.0 Chrome/148.0.7778.175 Mobile Safari/537.36 [FB_IAB/FB4A;FBAV/562.0.0.51.73;IABMV/1;]"
176.223.60.48 - - [06/Jun/2026:00:00:36 +0200] "GET /wp-content/themes/uncode/library/css/woocommerce.css?ver=1244215712 HTTP/1.1" 200 20067 "https://www.baudefruta.pt/produto/bau-hortofruticola/" "Mozilla/5.0 (Linux; Android 15; CPH2639 Build/AP3A.240617.008) AppleWebKit/537.36 (KHTML, like Gecko) Version/4.0 Chrome/148.0.7778.175 Mobile Safari/537.36 [FB_IAB/FB4A;FBAV/562.0.0.51.73;IABMV/1;]"
176.223.60.48 - - [06/Jun/2026:00:00:36 +0200] "GET /wp-content/themes/baudefruta-un/style.css?ver=822441836 HTTP/1.1" 200 896 "https://www.baudefruta.pt/produto/bau-hortofruticola/" "Mozilla/5.0 (Linux; Android 15; CPH2639 Build/AP3A.240617.008) AppleWebKit/537.36 (KHTML, like Gecko) Version/4.0 Chrome/148.0.7778.175 Mobile Safari/537.36 [FB_IAB/FB4A;FBAV/562.0.0.51.73;IABMV/1;]"
176.223.60.48 - - [06/Jun/2026:00:00:36 +0200] "GET /wp-content/plugins/woocommerce-product-bundles/assets/css/frontend/single-product.css?ver=6.0.1 HTTP/1.1" 200 1887 "https://www.baudefruta.pt/produto/bau-hortofruticola/" "Mozilla/5.0 (Linux; Android 15; CPH2639 Build/AP3A.240617.008) AppleWebKit/537.36 (KHTML, like Gecko) Version/4.0 Chrome/148.0.7778.175 Mobile Safari/537.36 [FB_IAB/FB4A;FBAV/562.0.0.51.73;IABMV/1;]"
176.223.60.48 - - [06/Jun/2026:00:00:36 +0200] "GET /wp-content/themes/uncode/library/js/init.js?ver=1244215712 HTTP/1.1" 200 38505 "https://www.baudefruta.pt/produto/bau-hortofruticola/" "Mozilla/5.0 (Linux; Android 15; CPH2639 Build/AP3A.240617.008) AppleWebKit/537.36 (KHTML, like Gecko) Version/4.0 Chrome/148.0.7778.175 Mobile Safari/537.36 [FB_IAB/FB4A;FBAV/562.0.0.51.73;IABMV/1;]"
176.223.60.48 - - [06/Jun/2026:00:00:36 +0200] "GET /wp-content/uploads/2021/05/bau_produto-tutti.jpg HTTP/1.1" 200 82525 "https://www.baudefruta.pt/produto/bau-hortofruticola/" "Mozilla/5.0 (Linux; Android 15; CPH2639 Build/AP3A.240617.008) AppleWebKit/537.36 (KHTML, like Gecko) Version/4.0 Chrome/148.0.7778.175 Mobile Safari/537.36 [FB_IAB/FB4A;FBAV/562.0.0.51.73;IABMV/1;]"
176.223.60.48 - - [06/Jun/2026:00:00:36 +0200] "GET /wp-content/uploads/2021/06/BN001-banana.jpg HTTP/1.1" 200 12064 "https://www.baudefruta.pt/produto/bau-hortofruticola/" "Mozilla/5.0 (Linux; Android 15; CPH2639 Build/AP3A.240617.008) AppleWebKit/537.36 (KHTML, like Gecko) Version/4.0 Chrome/148.0.7778.175 Mobile Safari/537.36 [FB_IAB/FB4A;FBAV/562.0.0.51.73;IABMV/1;]"
176.223.60.48 - - [06/Jun/2026:00:00:36 +0200] "GET /wp-content/uploads/2021/06/MR001-maca_royal_gala-2-300x300.jpg HTTP/1.1" 200 10352 "https://www.baudefruta.pt/produto/bau-hortofruticola/" "Mozilla/5.0 (Linux; Android 15; CPH2639 Build/AP3A.240617.008) AppleWebKit/537.36 (KHTML, like Gecko) Version/4.0 Chrome/148.0.7778.175 Mobile Safari/537.36 [FB_IAB/FB4A;FBAV/562.0.0.51.73;IABMV/1;]"
176.223.60.48 - - [06/Jun/2026:00:00:36 +0200] "GET /wp-content/uploads/2021/06/MA001-maca_golden-1-300x300.jpg HTTP/1.1" 200 8477 "https://www.baudefruta.pt/produto/bau-hortofruticola/" "Mozilla/5.0 (Linux; Android 15; CPH2639 Build/AP3A.240617.008) AppleWebKit/537.36 (KHTML, like Gecko) Version/4.0 Chrome/148.0.7778.175 Mobile Safari/537.36 [FB_IAB/FB4A;FBAV/562.0.0.51.73;IABMV/1;]"
176.223.60.48 - - [06/Jun/2026:00:00:36 +0200] "GET /wp-content/uploads/2021/06/LJ001-laranja-1-300x300.jpg HTTP/1.1" 200 15223 "https://www.baudefruta.pt/produto/bau-hortofruticola/" "Mozilla/5.0 (Linux; Android 15; CPH2639 Build/AP3A.240617.008) AppleWebKit/537.36 (KHTML, like Gecko) Version/4.0 Chrome/148.0.7778.175 Mobile Safari/537.36 [FB_IAB/FB4A;FBAV/562.0.0.51.73;IABMV/1;]"
176.223.60.48 - - [06/Jun/2026:00:00:37 +0200] "GET /wp-content/plugins/woocommerce/assets/js/frontend/add-to-cart-variation.min.js?ver=10.2.2 HTTP/1.1" 200 3979 "https://www.baudefruta.pt/produto/bau-hortofruticola/" "Mozilla/5.0 (Linux; Android 15; CPH2639 Build/AP3A.240617.008) AppleWebKit/537.36 (KHTML, like Gecko) Version/4.0 Chrome/148.0.7778.175 Mobile Safari/537.36 [FB_IAB/FB4A;FBAV/562.0.0.51.73;IABMV/1;]"
176.223.60.48 - - [06/Jun/2026:00:00:37 +0200] "GET /wp-content/themes/uncode/library/js/app.js?ver=1244215712 HTTP/1.1" 200 41076 "https://www.baudefruta.pt/produto/bau-hortofruticola/" "Mozilla/5.0 (Linux; Android 15; CPH2639 Build/AP3A.240617.008) AppleWebKit/537.36 (KHTML, like Gecko) Version/4.0 Chrome/148.0.7778.175 Mobile Safari/537.36 [FB_IAB/FB4A;FBAV/562.0.0.51.73;IABMV/1;]"
176.223.60.48 - - [06/Jun/2026:00:00:37 +0200] "GET /wp-includes/js/wp-util.min.js?ver=6.9.1 HTTP/1.1" 200 768 "https://www.baudefruta.pt/produto/bau-hortofruticola/" "Mozilla/5.0 (Linux; Android 15; CPH2639 Build/AP3A.240617.008) AppleWebKit/537.36 (KHTML, like Gecko) Version/4.0 Chrome/148.0.7778.175 Mobile Safari/537.36 [FB_IAB/FB4A;FBAV/562.0.0.51.73;IABMV/1;]"
176.223.60.48 - - [06/Jun/2026:00:00:37 +0200] "GET /wp-content/themes/uncode/library/js/woocommerce-uncode.js?ver=1244215712 HTTP/1.1" 200 7190 "https://www.baudefruta.pt/produto/bau-hortofruticola/" "Mozilla/5.0 (Linux; Android 15; CPH2639 Build/AP3A.240617.008) AppleWebKit/537.36 (KHTML, like Gecko) Version/4.0 Chrome/148.0.7778.175 Mobile Safari/537.36 [FB_IAB/FB4A;FBAV/562.0.0.51.73;IABMV/1;]"
176.223.60.48 - - [06/Jun/2026:00:00:37 +0200] "GET /wp-content/plugins/woocommerce-product-bundles/assets/fonts/fa-pb.woff2?v=5.9.0 HTTP/1.1" 200 3312 "https://www.baudefruta.pt/wp-content/plugins/woocommerce-product-bundles/assets/css/frontend/woocommerce.css?ver=6.0.1" "Mozilla/5.0 (Linux; Android 15; CPH2639 Build/AP3A.240617.008) AppleWebKit/537.36 (KHTML, like Gecko) Version/4.0 Chrome/148.0.7778.175 Mobile Safari/537.36 [FB_IAB/FB4A;FBAV/562.0.0.51.73;IABMV/1;]"
176.223.60.48 - - [06/Jun/2026:00:00:37 +0200] "GET /wp-content/uploads/2021/05/bau_fundo_header_produtos-2.png HTTP/1.1" 200 63391 "https://www.baudefruta.pt/produto/bau-hortofruticola/" "Mozilla/5.0 (Linux; Android 15; CPH2639 Build/AP3A.240617.008) AppleWebKit/537.36 (KHTML, like Gecko) Version/4.0 Chrome/148.0.7778.175 Mobile Safari/537.36 [FB_IAB/FB4A;FBAV/562.0.0.51.73;IABMV/1;]"
176.223.60.48 - - [06/Jun/2026:00:00:37 +0200] "GET /wp-content/plugins/woocommerce-product-bundles/assets/js/frontend/add-to-cart-bundle.min.js?ver=6.0.1 HTTP/1.1" 200 8798 "https://www.baudefruta.pt/produto/bau-hortofruticola/" "Mozilla/5.0 (Linux; Android 15; CPH2639 Build/AP3A.240617.008) AppleWebKit/537.36 (KHTML, like Gecko) Version/4.0 Chrome/148.0.7778.175 Mobile Safari/537.36 [FB_IAB/FB4A;FBAV/562.0.0.51.73;IABMV/1;]"
176.223.60.48 - - [06/Jun/2026:00:00:37 +0200] "GET /wp-content/plugins/woocommerce/assets/js/zoom/jquery.zoom.min.js?ver=1.7.21-wc.10.2.2 HTTP/1.1" 200 1205 "https://www.baudefruta.pt/produto/bau-hortofruticola/" "Mozilla/5.0 (Linux; Android 15; CPH2639 Build/AP3A.240617.008) AppleWebKit/537.36 (KHTML, like Gecko) Version/4.0 Chrome/148.0.7778.175 Mobile Safari/537.36 [FB_IAB/FB4A;FBAV/562.0.0.51.73;IABMV/1;]"
176.223.60.48 - - [06/Jun/2026:00:00:37 +0200] "GET /wp-content/plugins/woocommerce/assets/js/frontend/single-product.min.js?ver=10.2.2 HTTP/1.1" 200 2939 "https://www.baudefruta.pt/produto/bau-hortofruticola/" "Mozilla/5.0 (Linux; Android 15; CPH2639 Build/AP3A.240617.008) AppleWebKit/537.36 (KHTML, like Gecko) Version/4.0 Chrome/148.0.7778.175 Mobile Safari/537.36 [FB_IAB/FB4A;FBAV/562.0.0.51.73;IABMV/1;]"
176.223.60.48 - - [06/Jun/2026:00:00:37 +0200] "GET /wp-content/themes/uncode/library/js/plugins.js?ver=1244215712 HTTP/1.1" 200 192549 "https://www.baudefruta.pt/produto/bau-hortofruticola/" "Mozilla/5.0 (Linux; Android 15; CPH2639 Build/AP3A.240617.008) AppleWebKit/537.36 (KHTML, like Gecko) Version/4.0 Chrome/148.0.7778.175 Mobile Safari/537.36 [FB_IAB/FB4A;FBAV/562.0.0.51.73;IABMV/1;]"
176.223.60.48 - - [06/Jun/2026:00:00:37 +0200] "GET /wp-content/uploads/2021/06/CB001-cebola-nova-300x300.jpg HTTP/1.1" 200 11795 "https://www.baudefruta.pt/produto/bau-hortofruticola/" "Mozilla/5.0 (Linux; Android 15; CPH2639 Build/AP3A.240617.008) AppleWebKit/537.36 (KHTML, like Gecko) Version/4.0 Chrome/148.0.7778.175 Mobile Safari/537.36 [FB_IAB/FB4A;FBAV/562.0.0.51.73;IABMV/1;]"
176.223.60.48 - - [06/Jun/2026:00:00:37 +0200] "GET /wp-content/uploads/2021/06/CN001-cenoura-300x300.jpg HTTP/1.1" 200 10621 "https://www.baudefruta.pt/produto/bau-hortofruticola/" "Mozilla/5.0 (Linux; Android 15; CPH2639 Build/AP3A.240617.008) AppleWebKit/537.36 (KHTML, like Gecko) Version/4.0 Chrome/148.0.7778.175 Mobile Safari/537.36 [FB_IAB/FB4A;FBAV/562.0.0.51.73;IABMV/1;]"
176.223.60.48 - - [06/Jun/2026:00:00:37 +0200] "GET /wp-content/uploads/2021/06/AF001-alho_frances-300x300.jpg HTTP/1.1" 200 10381 "https://www.baudefruta.pt/produto/bau-hortofruticola/" "Mozilla/5.0 (Linux; Android 15; CPH2639 Build/AP3A.240617.008) AppleWebKit/537.36 (KHTML, like Gecko) Version/4.0 Chrome/148.0.7778.175 Mobile Safari/537.36 [FB_IAB/FB4A;FBAV/562.0.0.51.73;IABMV/1;]"
176.223.60.48 - - [06/Jun/2026:00:00:37 +0200] "GET /wp-content/uploads/2021/06/ABB001-abobora_menina-300x300.jpg HTTP/1.1" 200 12878 "https://www.baudefruta.pt/produto/bau-hortofruticola/" "Mozilla/5.0 (Linux; Android 15; CPH2639 Build/AP3A.240617.008) AppleWebKit/537.36 (KHTML, like Gecko) Version/4.0 Chrome/148.0.7778.175 Mobile Safari/537.36 [FB_IAB/FB4A;FBAV/562.0.0.51.73;IABMV/1;]"
176.223.60.48 - - [06/Jun/2026:00:00:37 +0200] "GET /wp-content/uploads/2021/06/AG001-agriao-biologico-300x300.jpg HTTP/1.1" 200 10410 "https://www.baudefruta.pt/produto/bau-hortofruticola/" "Mozilla/5.0 (Linux; Android 15; CPH2639 Build/AP3A.240617.008) AppleWebKit/537.36 (KHTML, like Gecko) Version/4.0 Chrome/148.0.7778.175 Mobile Safari/537.36 [FB_IAB/FB4A;FBAV/562.0.0.51.73;IABMV/1;]"
176.223.60.48 - - [06/Jun/2026:00:00:37 +0200] "GET /wp-content/uploads/2021/06/NC001-nabo-300x300.jpg HTTP/1.1" 200 11940 "https://www.baudefruta.pt/produto/bau-hortofruticola/" "Mozilla/5.0 (Linux; Android 15; CPH2639 Build/AP3A.240617.008) AppleWebKit/537.36 (KHTML, like Gecko) Version/4.0 Chrome/148.0.7778.175 Mobile Safari/537.36 [FB_IAB/FB4A;FBAV/562.0.0.51.73;IABMV/1;]"
176.223.60.48 - - [06/Jun/2026:00:00:37 +0200] "GET /wp-content/uploads/2021/11/Gift_Natal_Bau_geral-768x768.jpg HTTP/1.1" 200 99820 "https://www.baudefruta.pt/produto/bau-hortofruticola/" "Mozilla/5.0 (Linux; Android 15; CPH2639 Build/AP3A.240617.008) AppleWebKit/537.36 (KHTML, like Gecko) Version/4.0 Chrome/148.0.7778.175 Mobile Safari/537.36 [FB_IAB/FB4A;FBAV/562.0.0.51.73;IABMV/1;]"
176.223.60.48 - - [06/Jun/2026:00:00:37 +0200] "GET /wp-content/uploads/2021/06/SL001-salsa-1-300x300.jpg HTTP/1.1" 200 16367 "https://www.baudefruta.pt/produto/bau-hortofruticola/" "Mozilla/5.0 (Linux; Android 15; CPH2639 Build/AP3A.240617.008) AppleWebKit/537.36 (KHTML, like Gecko) Version/4.0 Chrome/148.0.7778.175 Mobile Safari/537.36 [FB_IAB/FB4A;FBAV/562.0.0.51.73;IABMV/1;]"
176.223.60.48 - - [06/Jun/2026:00:00:37 +0200] "GET /wp-content/uploads/2021/06/BB001-batata_peq-assar-300x300.jpg HTTP/1.1" 200 16972 "https://www.baudefruta.pt/produto/bau-hortofruticola/" "Mozilla/5.0 (Linux; Android 15; CPH2639 Build/AP3A.240617.008) AppleWebKit/537.36 (KHTML, like Gecko) Version/4.0 Chrome/148.0.7778.175 Mobile Safari/537.36 [FB_IAB/FB4A;FBAV/562.0.0.51.73;IABMV/1;]"
176.223.60.48 - - [06/Jun/2026:00:00:37 +0200] "GET /wp-content/uploads/2021/06/ALF001-ALFACE-bio-300x300.jpg HTTP/1.1" 200 15767 "https://www.baudefruta.pt/produto/bau-hortofruticola/" "Mozilla/5.0 (Linux; Android 15; CPH2639 Build/AP3A.240617.008) AppleWebKit/537.36 (KHTML, like Gecko) Version/4.0 Chrome/148.0.7778.175 Mobile Safari/537.36 [FB_IAB/FB4A;FBAV/562.0.0.51.73;IABMV/1;]"
176.223.60.48 - - [06/Jun/2026:00:00:38 +0200] "GET /wp-content/uploads/2021/05/bau_produto-fruta-uai-410x410.jpg HTTP/1.1" 200 81863 "https://www.baudefruta.pt/produto/bau-hortofruticola/" "Mozilla/5.0 (Linux; Android 15; CPH2639 Build/AP3A.240617.008) AppleWebKit/537.36 (KHTML, like Gecko) Version/4.0 Chrome/148.0.7778.175 Mobile Safari/537.36 [FB_IAB/FB4A;FBAV/562.0.0.51.73;IABMV/1;]"
176.223.60.48 - - [06/Jun/2026:00:00:38 +0200] "GET /wp-content/uploads/2021/10/bau_economico_2-uai-410x410.jpg HTTP/1.1" 200 89120 "https://www.baudefruta.pt/produto/bau-hortofruticola/" "Mozilla/5.0 (Linux; Android 15; CPH2639 Build/AP3A.240617.008) AppleWebKit/537.36 (KHTML, like Gecko) Version/4.0 Chrome/148.0.7778.175 Mobile Safari/537.36 [FB_IAB/FB4A;FBAV/562.0.0.51.73;IABMV/1;]"
176.223.60.48 - - [06/Jun/2026:00:00:38 +0200] "GET /wp-content/uploads/2021/05/bau_produto-tutti-2-uai-410x410.jpg HTTP/1.1" 200 65555 "https://www.baudefruta.pt/produto/bau-hortofruticola/" "Mozilla/5.0 (Linux; Android 15; CPH2639 Build/AP3A.240617.008) AppleWebKit/537.36 (KHTML, like Gecko) Version/4.0 Chrome/148.0.7778.175 Mobile Safari/537.36 [FB_IAB/FB4A;FBAV/562.0.0.51.73;IABMV/1;]"
176.223.60.48 - - [06/Jun/2026:00:00:38 +0200] "GET /wp-content/plugins/uncode-js_composer/assets/lib/bower/flexslider/jquery.flexslider-min.js?ver=6.5.0 HTTP/1.1" 200 6483 "https://www.baudefruta.pt/produto/bau-hortofruticola/" "Mozilla/5.0 (Linux; Android 15; CPH2639 Build/AP3A.240617.008) AppleWebKit/537.36 (KHTML, like Gecko) Version/4.0 Chrome/148.0.7778.175 Mobile Safari/537.36 [FB_IAB/FB4A;FBAV/562.0.0.51.73;IABMV/1;]"
216.73.217.23 - - [06/Jun/2026:00:00:39 +0200] "GET /loja/page/2/?add-to-cart=1540&doing_wp_cron=1758569056.8537590503692626953125&orderby=popularity HTTP/1.1" 200 63455 "-" "Mozilla/5.0 AppleWebKit/537.36 (KHTML, like Gecko; compatible; ClaudeBot/1.0; +claudebot@anthropic.com)"
216.73.217.23 - - [06/Jun/2026:00:00:42 +0200] "GET /loja/page/2/?add-to-cart=4218&doing_wp_cron=1699032554.2910571098327636718750&orderby=menu_order HTTP/1.1" 200 63734 "-" "Mozilla/5.0 AppleWebKit/537.36 (KHTML, like Gecko; compatible; ClaudeBot/1.0; +claudebot@anthropic.com)"
176.223.60.48 - - [06/Jun/2026:00:00:44 +0200] "GET /produto/maca-royal-gala/ HTTP/1.1" 200 57200 "https://www.baudefruta.pt/produto/bau-hortofruticola/" "Mozilla/5.0 (Linux; Android 15; CPH2639 Build/AP3A.240617.008; wv) AppleWebKit/537.36 (KHTML, like Gecko) Version/4.0 Chrome/148.0.7778.175 Mobile Safari/537.36"
216.73.217.23 - - [06/Jun/2026:00:00:45 +0200] "GET /loja/?add-to-cart=1539&doing_wp_cron=1703787820.8273739814758300781250&orderby=menu_order HTTP/1.1" 200 63691 "-" "Mozilla/5.0 AppleWebKit/537.36 (KHTML, like Gecko; compatible; ClaudeBot/1.0; +claudebot@anthropic.com)"
216.244.66.243 - - [06/Jun/2026:00:00:46 +0200] "GET /produto/alface/?add-to-cart=555&doing_wp_cron=1764065628.8627979755401611328125 HTTP/1.1" 200 402076 "-" "Mozilla/5.0 (compatible; DotBot/1.2; +https://opensiteexplorer.org/dotbot; help@moz.com)"
114.119.150.140 - - [06/Jun/2026:00:00:46 +0200] "GET /loja/page/7/?orderby=price&doing_wp_cron=1749893553.4871430397033691406250 HTTP/1.1" 200 60591 "https://www.baudefruta.pt/loja/page/6/?orderby=price&doing_wp_cron=1749893553.4871430397033691406250" "Mozilla/5.0 (Linux; Android 7.0;) AppleWebKit/537.36 (HTML, like Gecko) Mobile Safari/537.36 (compatible; PetalBot;+https://webmaster.petalsearch.com/site/petalbot)"
91.92.242.223 - - [06/Jun/2026:00:00:47 +0200] "POST /wp-login.php?action=register HTTP/1.1" 403 146 "-" "-"
216.73.217.23 - - [06/Jun/2026:00:00:48 +0200] "GET /loja/page/7/?add-to-cart=691&doing_wp_cron=1758569056.8537590503692626953125&orderby=popularity HTTP/1.1" 200 64648 "-" "Mozilla/5.0 AppleWebKit/537.36 (KHTML, like Gecko; compatible; ClaudeBot/1.0; +claudebot@anthropic.com)"
57.141.20.47 - - [06/Jun/2026:00:00:50 +0200] "GET /product-sitemap2.xml?doing_wp_cron=1764027464.9023749828338623046875 HTTP/1.1" 200 8350 "-" "meta-externalagent/1.1 (+https://developers.facebook.com/docs/sharing/webmasters/crawler)"
216.73.217.23 - - [06/Jun/2026:00:00:51 +0200] "GET /categoria-produto/mercearia/frutos-secos/?add-to-cart=2040&doing_wp_cron=1709097311.4845809936523437500000 HTTP/1.1" 200 60416 "-" "Mozilla/5.0 AppleWebKit/537.36 (KHTML, like Gecko; compatible; ClaudeBot/1.0; +claudebot@anthropic.com)"
216.73.217.23 - - [06/Jun/2026:00:00:54 +0200] "GET /loja/page/2/?add-to-cart=452&doing_wp_cron=1705054787.4118249416351318359375&orderby=popularity HTTP/1.1" 200 61309 "-" "Mozilla/5.0 AppleWebKit/537.36 (KHTML, like Gecko; compatible; ClaudeBot/1.0; +claudebot@anthropic.com)"
216.73.217.23 - - [06/Jun/2026:00:00:57 +0200] "GET /loja/page/4/?add-to-cart=933&doing_wp_cron=1758569056.8537590503692626953125&orderby=date HTTP/1.1" 200 61828 "-" "Mozilla/5.0 AppleWebKit/537.36 (KHTML, like Gecko; compatible; ClaudeBot/1.0; +claudebot@anthropic.com)"
176.223.60.48 - - [06/Jun/2026:00:00:58 +0200] "GET /produto/alho-frances/ HTTP/1.1" 200 57660 "https://www.baudefruta.pt/produto/bau-hortofruticola/" "Mozilla/5.0 (Linux; Android 15; CPH2639 Build/AP3A.240617.008; wv) AppleWebKit/537.36 (KHTML, like Gecko) Version/4.0 Chrome/148.0.7778.175 Mobile Safari/537.36"
216.73.217.23 - - [06/Jun/2026:00:01:00 +0200] "GET /loja/?add-to-cart=538&doing_wp_cron=1703787820.8273739814758300781250&orderby=date HTTP/1.1" 200 61586 "-" "Mozilla/5.0 AppleWebKit/537.36 (KHTML, like Gecko; compatible; ClaudeBot/1.0; +claudebot@anthropic.com)"
216.73.217.23 - - [06/Jun/2026:00:01:03 +0200] "GET /loja/?add-to-cart=1984&doing_wp_cron=1711616234.3928558826446533203125&orderby=date HTTP/1.1" 200 61778 "-" "Mozilla/5.0 AppleWebKit/537.36 (KHTML, like Gecko; compatible; ClaudeBot/1.0; +claudebot@anthropic.com)"
216.73.217.23 - - [06/Jun/2026:00:01:06 +0200] "GET /loja/page/9/?add-to-cart=411&doing_wp_cron=1758569056.8537590503692626953125&orderby=popularity HTTP/1.1" 200 62653 "-" "Mozilla/5.0 AppleWebKit/537.36 (KHTML, like Gecko; compatible; ClaudeBot/1.0; +claudebot@anthropic.com)"
216.73.217.23 - - [06/Jun/2026:00:01:09 +0200] "GET /loja/page/6/?add-to-cart=1994&doing_wp_cron=1758569056.8537590503692626953125&orderby=date HTTP/1.1" 200 62267 "-" "Mozilla/5.0 AppleWebKit/537.36 (KHTML, like Gecko; compatible; ClaudeBot/1.0; +claudebot@anthropic.com)"
216.73.217.23 - - [06/Jun/2026:00:01:12 +0200] "GET /loja/page/3/?add-to-cart=565&doing_wp_cron=1699032554.2910571098327636718750&orderby=popularity HTTP/1.1" 200 62633 "-" "Mozilla/5.0 AppleWebKit/537.36 (KHTML, like Gecko; compatible; ClaudeBot/1.0; +claudebot@anthropic.com)"
160.19.226.199 - - [06/Jun/2026:00:01:14 +0200] "GET /carrinho/?_wpnonce=6d78bd5fb8&remove_item=c15da1f2b5e5ed6e6837a3802f0d1593 HTTP/1.1" 302 11 "-" "Mozilla/5.0 (X11; Linux x86_64; rv:1.9.5.20) Gecko/4602-08-18 22:53:26.495270 Firefox/3.8"
216.73.217.23 - - [06/Jun/2026:00:01:15 +0200] "GET /loja/page/7/?add-to-cart=427&doing_wp_cron=1724760408.5467429161071777343750&orderby=menu_order HTTP/1.1" 200 62845 "-" "Mozilla/5.0 AppleWebKit/537.36 (KHTML, like Gecko; compatible; ClaudeBot/1.0; +claudebot@anthropic.com)"
216.73.217.23 - - [06/Jun/2026:00:01:18 +0200] "GET /loja/page/5/?add-to-cart=697&doing_wp_cron=1705054787.4118249416351318359375&orderby=menu_order HTTP/1.1" 200 62940 "-" "Mozilla/5.0 AppleWebKit/537.36 (KHTML, like Gecko; compatible; ClaudeBot/1.0; +claudebot@anthropic.com)"
216.244.66.243 - - [06/Jun/2026:00:01:20 +0200] "GET /produto/amendoa-com-pele/?add-to-cart=719&doing_wp_cron=1764354407.9671759605407714843750 HTTP/1.1" 200 403840 "-" "Mozilla/5.0 (compatible; DotBot/1.2; +https://opensiteexplorer.org/dotbot; help@moz.com)"
216.73.217.23 - - [06/Jun/2026:00:01:21 +0200] "GET /loja/page/5/?add-to-cart=889&doing_wp_cron=1699032554.2910571098327636718750&orderby=popularity HTTP/1.1" 200 63640 "-" "Mozilla/5.0 AppleWebKit/537.36 (KHTML, like Gecko; compatible; ClaudeBot/1.0; +claudebot@anthropic.com)"
43.133.253.253 - - [06/Jun/2026:00:01:21 +0200] "GET /wp-json/oembed/1.0/embed?url=https%3A%2F%2Fwww.baudefruta.pt%2F&format=xml HTTP/1.1" 302 11 "-" "Mozilla/5.0 (iPhone; CPU iPhone OS 13_2_3 like Mac OS X) AppleWebKit/605.1.15 (KHTML, like Gecko) Version/13.0.3 Mobile/15E148 Safari/604.1"
216.73.217.23 - - [06/Jun/2026:00:01:24 +0200] "GET /loja/page/6/?add-to-cart=645&doing_wp_cron=1758569056.8537590503692626953125&orderby=popularity HTTP/1.1" 200 63966 "-" "Mozilla/5.0 AppleWebKit/537.36 (KHTML, like Gecko; compatible; ClaudeBot/1.0; +claudebot@anthropic.com)"
43.133.253.253 - - [06/Jun/2026:00:01:26 +0200] "GET /wp-json/oembed/1.0/embed?url=https%3A%2F%2Fwww.baudefruta.pt%2F&format=xml&doing_wp_cron=1780696881.7535409927368164062500 HTTP/1.1" 200 1152 "https://www.baudefruta.pt/wp-json/oembed/1.0/embed?url=https%3A%2F%2Fwww.baudefruta.pt%2F&format=xml" "Mozilla/5.0 (iPhone; CPU iPhone OS 13_2_3 like Mac OS X) AppleWebKit/605.1.15 (KHTML, like Gecko) Version/13.0.3 Mobile/15E148 Safari/604.1"
216.73.217.23 - - [06/Jun/2026:00:01:27 +0200] "GET /categoria-produto/mercearia/frutos-secos/?add-to-cart=3500&doing_wp_cron=1709097311.4845809936523437500000 HTTP/1.1" 200 62929 "-" "Mozilla/5.0 AppleWebKit/537.36 (KHTML, like Gecko; compatible; ClaudeBot/1.0; +claudebot@anthropic.com)"
179.90.216.147 - - [06/Jun/2026:00:01:30 +0200] "GET /carrinho/?_wpnonce=6d78bd5fb8&remove_item=c15da1f2b5e5ed6e6837a3802f0d1593&doing_wp_cron=1780696874.2497420310974121093750 HTTP/1.1" 200 55597 "-" "Mozilla/5.0 (Android 14; Mobile; rv:43.0) Gecko/43.0 Firefox/43.0"
216.73.217.23 - - [06/Jun/2026:00:01:30 +0200] "GET /loja/page/3/?add-to-cart=238&doing_wp_cron=1705054787.4118249416351318359375&orderby=menu_order HTTP/1.1" 200 64367 "-" "Mozilla/5.0 AppleWebKit/537.36 (KHTML, like Gecko; compatible; ClaudeBot/1.0; +claudebot@anthropic.com)"
216.73.217.23 - - [06/Jun/2026:00:01:33 +0200] "GET /loja/page/8/?add-to-cart=2047&doing_wp_cron=1758569056.8537590503692626953125&orderby=popularity HTTP/1.1" 200 65359 "-" "Mozilla/5.0 AppleWebKit/537.36 (KHTML, like Gecko; compatible; ClaudeBot/1.0; +claudebot@anthropic.com)"
216.73.217.23 - - [06/Jun/2026:00:01:37 +0200] "GET /loja/page/7/?add-to-cart=421&doing_wp_cron=1780471500.7316999435424804687500&orderby=menu_order HTTP/1.1" 200 61199 "-" "Mozilla/5.0 AppleWebKit/537.36 (KHTML, like Gecko; compatible; ClaudeBot/1.0; +claudebot@anthropic.com)"
216.73.217.23 - - [06/Jun/2026:00:01:40 +0200] "GET /loja/page/9/?add-to-cart=2011&doing_wp_cron=1780445636.4324181079864501953125&orderby=popularity HTTP/1.1" 200 61875 "-" "Mozilla/5.0 AppleWebKit/537.36 (KHTML, like Gecko; compatible; ClaudeBot/1.0; +claudebot@anthropic.com)"
216.73.217.23 - - [06/Jun/2026:00:01:45 +0200] "GET /produto/alface-iberica-125gr/?add-to-cart=433&doing_wp_cron=1780406997.4963190555572509765625 HTTP/1.1" 200 59197 "-" "Mozilla/5.0 AppleWebKit/537.36 (KHTML, like Gecko; compatible; ClaudeBot/1.0; +claudebot@anthropic.com)"
216.73.217.23 - - [06/Jun/2026:00:01:48 +0200] "GET /loja/page/10/?add-to-cart=484&doing_wp_cron=1780490103.7011010646820068359375&orderby=date HTTP/1.1" 200 60813 "-" "Mozilla/5.0 AppleWebKit/537.36 (KHTML, like Gecko; compatible; ClaudeBot/1.0; +claudebot@anthropic.com)"
216.73.217.23 - - [06/Jun/2026:00:01:51 +0200] "GET /loja/page/6/?add-to-cart=751&doing_wp_cron=1780539324.8090100288391113281250&orderby=menu_order HTTP/1.1" 200 61469 "-" "Mozilla/5.0 AppleWebKit/537.36 (KHTML, like Gecko; compatible; ClaudeBot/1.0; +claudebot@anthropic.com)"
216.244.66.243 - - [06/Jun/2026:00:01:52 +0200] "GET /produto/aneto-100gr/?add-to-cart=3520&doing_wp_cron=1764429332.4881830215454101562500 HTTP/1.1" 200 401922 "-" "Mozilla/5.0 (compatible; DotBot/1.2; +https://opensiteexplorer.org/dotbot; help@moz.com)"
216.73.217.23 - - [06/Jun/2026:00:01:54 +0200] "GET /categoria-produto/mercearia/?add-to-cart=624&doing_wp_cron=1780332321.4214611053466796875000&orderby=menu_order HTTP/1.1" 200 61561 "-" "Mozilla/5.0 AppleWebKit/537.36 (KHTML, like Gecko; compatible; ClaudeBot/1.0; +claudebot@anthropic.com)"
114.119.149.3 - - [06/Jun/2026:00:01:55 +0200] "GET /loja/page/7/?orderby=price&doing_wp_cron=1748195362.5838320255279541015625 HTTP/1.1" 200 60591 "https://www.baudefruta.pt/loja/page/6?orderby=price&doing_wp_cron=1748195362.5838320255279541015625" "Mozilla/5.0 (Linux; Android 7.0;) AppleWebKit/537.36 (HTML, like Gecko) Mobile Safari/537.36 (compatible; PetalBot;+https://webmaster.petalsearch.com/site/petalbot)"
216.73.217.23 - - [06/Jun/2026:00:01:57 +0200] "GET /loja/?add-to-cart=1541&doing_wp_cron=1780328969.7069408893585205078125&orderby=popularity HTTP/1.1" 200 61757 "-" "Mozilla/5.0 AppleWebKit/537.36 (KHTML, like Gecko; compatible; ClaudeBot/1.0; +claudebot@anthropic.com)"
216.73.217.23 - - [06/Jun/2026:00:02:00 +0200] "GET /loja/page/8/?add-to-cart=792&doing_wp_cron=1780454178.6453809738159179687500&orderby=popularity HTTP/1.1" 200 62708 "-" "Mozilla/5.0 AppleWebKit/537.36 (KHTML, like Gecko; compatible; ClaudeBot/1.0; +claudebot@anthropic.com)"
66.249.79.137 - - [06/Jun/2026:00:02:02 +0200] "GET /produto/maca-golden/ HTTP/1.1" 200 57638 "-" "Mozilla/5.0 (Linux; Android 6.0.1; Nexus 5X Build/MMB29P) AppleWebKit/537.36 (KHTML, like Gecko) Chrome/148.0.7778.96 Mobile Safari/537.36 (compatible; Googlebot/2.1; +http://www.google.com/bot.html)"
216.73.217.23 - - [06/Jun/2026:00:02:03 +0200] "GET /loja/page/6/?add-to-cart=622&doing_wp_cron=1780644498.7891709804534912109375&orderby=menu_order HTTP/1.1" 200 62331 "-" "Mozilla/5.0 AppleWebKit/537.36 (KHTML, like Gecko; compatible; ClaudeBot/1.0; +claudebot@anthropic.com)"
216.73.217.23 - - [06/Jun/2026:00:02:06 +0200] "GET /loja/page/6/?add-to-cart=2044&doing_wp_cron=1780555497.8906159400939941406250&orderby=menu_order HTTP/1.1" 200 62549 "-" "Mozilla/5.0 AppleWebKit/537.36 (KHTML, like Gecko; compatible; ClaudeBot/1.0; +claudebot@anthropic.com)"
34.231.118.144 - - [06/Jun/2026:00:02:08 +0200] "GET /loja/page/4/?doing_wp_cron=1701153572.9826118946075439453125&orderby=date HTTP/1.1" 200 60604 "-" "Mozilla/5.0 AppleWebKit/537.36 (KHTML, like Gecko; compatible; Amazonbot/0.1; +https://developer.amazon.com/support/amazonbot) Chrome/119.0.6045.214 Safari/537.36"
216.73.217.23 - - [06/Jun/2026:00:02:09 +0200] "GET /categoria-produto/mercearia/page/2/?doing_wp_cron=1780484458.3451409339904785156250&orderby=price-desc HTTP/1.1" 200 62588 "-" "Mozilla/5.0 AppleWebKit/537.36 (KHTML, like Gecko; compatible; ClaudeBot/1.0; +claudebot@anthropic.com)"
216.73.217.23 - - [06/Jun/2026:00:02:12 +0200] "GET /loja/page/9/?add-to-cart=4231&doing_wp_cron=1780383836.4200708866119384765625&orderby=popularity HTTP/1.1" 200 63324 "-" "Mozilla/5.0 AppleWebKit/537.36 (KHTML, like Gecko; compatible; ClaudeBot/1.0; +claudebot@anthropic.com)"
216.73.217.23 - - [06/Jun/2026:00:02:15 +0200] "GET /loja/page/2/?add-to-cart=2038&doing_wp_cron=1780557403.9619369506835937500000&orderby=date HTTP/1.1" 200 62888 "-" "Mozilla/5.0 AppleWebKit/537.36 (KHTML, like Gecko; compatible; ClaudeBot/1.0; +claudebot@anthropic.com)"
216.73.217.23 - - [06/Jun/2026:00:02:18 +0200] "GET /loja/page/10/?add-to-cart=697&doing_wp_cron=1780305920.7864100933074951171875&orderby=popularity HTTP/1.1" 200 63822 "-" "Mozilla/5.0 AppleWebKit/537.36 (KHTML, like Gecko; compatible; ClaudeBot/1.0; +claudebot@anthropic.com)"
66.249.79.137 - - [06/Jun/2026:00:02:21 +0200] "GET /wp-content/themes/uncode/library/js/init.js?ver=459021711 HTTP/1.1" 200 38505 "https://www.baudefruta.pt/produto/maca-golden/" "Mozilla/5.0 (Linux; Android 6.0.1; Nexus 5X Build/MMB29P) AppleWebKit/537.36 (KHTML, like Gecko) Chrome/148.0.7778.96 Mobile Safari/537.36 (compatible; Googlebot/2.1; +http://www.google.com/bot.html)"
216.73.217.23 - - [06/Jun/2026:00:02:21 +0200] "GET /loja/page/3/?add-to-cart=482&doing_wp_cron=1780438640.8086369037628173828125&orderby=menu_order HTTP/1.1" 200 63200 "-" "Mozilla/5.0 AppleWebKit/537.36 (KHTML, like Gecko; compatible; ClaudeBot/1.0; +claudebot@anthropic.com)"
66.249.79.137 - - [06/Jun/2026:00:02:21 +0200] "GET /wp-content/themes/baudefruta-un/style.css?ver=1324377493 HTTP/1.1" 200 896 "https://www.baudefruta.pt/produto/maca-golden/" "Mozilla/5.0 (Linux; Android 6.0.1; Nexus 5X Build/MMB29P) AppleWebKit/537.36 (KHTML, like Gecko) Chrome/148.0.7778.96 Mobile Safari/537.36 (compatible; Googlebot/2.1; +http://www.google.com/bot.html)"
66.249.79.136 - - [06/Jun/2026:00:02:21 +0200] "GET /wp-content/plugins/woocommerce/assets/css/brands.css?ver=10.2.2 HTTP/1.1" 200 699 "https://www.baudefruta.pt/produto/maca-golden/" "Mozilla/5.0 (Linux; Android 6.0.1; Nexus 5X Build/MMB29P) AppleWebKit/537.36 (KHTML, like Gecko) Chrome/148.0.7778.96 Mobile Safari/537.36 (compatible; Googlebot/2.1; +http://www.google.com/bot.html)"
66.249.79.136 - - [06/Jun/2026:00:02:22 +0200] "GET /wp-content/themes/uncode/library/css/woocommerce.css?ver=459021711 HTTP/1.1" 200 20067 "https://www.baudefruta.pt/produto/maca-golden/" "Mozilla/5.0 (Linux; Android 6.0.1; Nexus 5X Build/MMB29P) AppleWebKit/537.36 (KHTML, like Gecko) Chrome/148.0.7778.96 Mobile Safari/537.36 (compatible; Googlebot/2.1; +http://www.google.com/bot.html)"
66.249.79.137 - - [06/Jun/2026:00:02:22 +0200] "GET /wp-content/themes/uncode/library/css/style.css?ver=459021711 HTTP/1.1" 200 70140 "https://www.baudefruta.pt/produto/maca-golden/" "Mozilla/5.0 (Linux; Android 6.0.1; Nexus 5X Build/MMB29P) AppleWebKit/537.36 (KHTML, like Gecko) Chrome/148.0.7778.96 Mobile Safari/537.36 (compatible; Googlebot/2.1; +http://www.google.com/bot.html)"
66.249.79.137 - - [06/Jun/2026:00:02:23 +0200] "GET /wp-content/themes/uncode/library/css/uncode-icons.css?ver=459021711 HTTP/1.1" 200 12098 "https://www.baudefruta.pt/produto/maca-golden/" "Mozilla/5.0 (Linux; Android 6.0.1; Nexus 5X Build/MMB29P) AppleWebKit/537.36 (KHTML, like Gecko) Chrome/148.0.7778.96 Mobile Safari/537.36 (compatible; Googlebot/2.1; +http://www.google.com/bot.html)"
