123.253.51.171 - - [06/Jun/2026:00:20:07 +0200] "GET /carrinho/?_wpnonce=88c381ee15&remove_item=48ab2f9b45957ab574cf005eb8a76760 HTTP/1.1" 302 11 "-" "Mozilla/5.0 (iPad; CPU iPad OS 11_4_1 like Mac OS X) AppleWebKit/533.0 (KHTML, like Gecko) FxiOS/17.8q8540.0 Mobile/70H417 Safari/533.0"
216.73.217.23 - - [06/Jun/2026:00:20:08 +0200] "GET /loja/page/4/?add-to-cart=550&doing_wp_cron=1780259951.9076659679412841796875&orderby=menu_order HTTP/1.1" 200 64439 "-" "Mozilla/5.0 AppleWebKit/537.36 (KHTML, like Gecko; compatible; ClaudeBot/1.0; +claudebot@anthropic.com)"
67.209.178.214 - - [06/Jun/2026:00:20:08 +0200] "GET /2021/05/11/ola-mundo/ HTTP/1.1" 200 1134527 "https://www.baudefruta.pt/2021/05/11/ola-mundo/" "Mozilla/5.0 (Windows NT 10.0; Win64; x64) AppleWebKit/537.36 (KHTML, like Gecko) Chrome/117.0.5938.132 Safari/537.36"
169.224.1.237 - - [06/Jun/2026:00:20:10 +0200] "GET /carrinho/?_wpnonce=88c381ee15&remove_item=48ab2f9b45957ab574cf005eb8a76760&doing_wp_cron=1780698007.3591320514678955078125 HTTP/1.1" 200 55599 "-" "Opera/9.86.(X11; Linux x86_64; os-RU) Presto/2.9.181 Version/12.00"
216.73.217.23 - - [06/Jun/2026:00:20:11 +0200] "GET /loja/page/3/?add-to-cart=4236&doing_wp_cron=1780471452.7089319229125976562500&orderby=popularity HTTP/1.1" 200 64487 "-" "Mozilla/5.0 AppleWebKit/537.36 (KHTML, like Gecko; compatible; ClaudeBot/1.0; +claudebot@anthropic.com)"
216.73.217.23 - - [06/Jun/2026:00:20:14 +0200] "GET /loja/page/2/?add-to-cart=454&doing_wp_cron=1749500398.4001810550689697265625&orderby=popularity HTTP/1.1" 200 64546 "-" "Mozilla/5.0 AppleWebKit/537.36 (KHTML, like Gecko; compatible; ClaudeBot/1.0; +claudebot@anthropic.com)"
40.77.167.254 - - [06/Jun/2026:00:20:14 +0200] "GET /loja/page/11/?doing_wp_cron=1771331542.6251749992370605468750&orderby=date HTTP/1.1" 200 59404 "-" "Mozilla/5.0 AppleWebKit/537.36 (KHTML, like Gecko; compatible; bingbot/2.0; +http://www.bing.com/bingbot.htm) Chrome/116.0.1938.76 Safari/537.36"
216.73.217.23 - - [06/Jun/2026:00:20:17 +0200] "GET /categoria-produto/mercearia/?add-to-cart=895&doing_wp_cron=1780205678.2508180141448974609375&orderby=popularity HTTP/1.1" 200 64986 "-" "Mozilla/5.0 AppleWebKit/537.36 (KHTML, like Gecko; compatible; ClaudeBot/1.0; +claudebot@anthropic.com)"
216.73.217.23 - - [06/Jun/2026:00:20:20 +0200] "GET /loja/page/2/?add-to-cart=419&doing_wp_cron=1780505720.8375179767608642578125&orderby=popularity HTTP/1.1" 200 64960 "-" "Mozilla/5.0 AppleWebKit/537.36 (KHTML, like Gecko; compatible; ClaudeBot/1.0; +claudebot@anthropic.com)"
216.73.217.23 - - [06/Jun/2026:00:20:23 +0200] "GET /loja/page/3/?add-to-cart=4227&doing_wp_cron=1780426458.2645881175994873046875&orderby=date HTTP/1.1" 200 65132 "-" "Mozilla/5.0 AppleWebKit/537.36 (KHTML, like Gecko; compatible; ClaudeBot/1.0; +claudebot@anthropic.com)"
216.73.217.23 - - [06/Jun/2026:00:20:26 +0200] "GET /loja/page/9/?add-to-cart=18756&doing_wp_cron=1780406818.1222550868988037109375&orderby=menu_order HTTP/1.1" 200 65444 "-" "Mozilla/5.0 AppleWebKit/537.36 (KHTML, like Gecko; compatible; ClaudeBot/1.0; +claudebot@anthropic.com)"
216.73.217.23 - - [06/Jun/2026:00:20:29 +0200] "GET /loja/page/5/?add-to-cart=823&doing_wp_cron=1780415098.0220060348510742187500&orderby=date HTTP/1.1" 200 65603 "-" "Mozilla/5.0 AppleWebKit/537.36 (KHTML, like Gecko; compatible; ClaudeBot/1.0; +claudebot@anthropic.com)"
216.73.217.23 - - [06/Jun/2026:00:20:32 +0200] "GET /loja/page/10/?add-to-cart=683&doing_wp_cron=1770738320.9674439430236816406250&orderby=menu_order HTTP/1.1" 200 66012 "-" "Mozilla/5.0 AppleWebKit/537.36 (KHTML, like Gecko; compatible; ClaudeBot/1.0; +claudebot@anthropic.com)"
216.73.217.23 - - [06/Jun/2026:00:20:35 +0200] "GET /loja/page/11/?add-to-cart=1985&doing_wp_cron=1758569056.8537590503692626953125&orderby=menu_order HTTP/1.1" 200 65446 "-" "Mozilla/5.0 AppleWebKit/537.36 (KHTML, like Gecko; compatible; ClaudeBot/1.0; +claudebot@anthropic.com)"
216.73.217.23 - - [06/Jun/2026:00:20:38 +0200] "GET /loja/page/2/?add-to-cart=1989&doing_wp_cron=1780208025.6175029277801513671875&orderby=popularity HTTP/1.1" 200 66078 "-" "Mozilla/5.0 AppleWebKit/537.36 (KHTML, like Gecko; compatible; ClaudeBot/1.0; +claudebot@anthropic.com)"
216.73.217.23 - - [06/Jun/2026:00:20:41 +0200] "GET /loja/page/3/?add-to-cart=889&doing_wp_cron=1780338116.7118010520935058593750&orderby=menu_order HTTP/1.1" 200 66038 "-" "Mozilla/5.0 AppleWebKit/537.36 (KHTML, like Gecko; compatible; ClaudeBot/1.0; +claudebot@anthropic.com)"
216.73.217.23 - - [06/Jun/2026:00:20:44 +0200] "GET /loja/page/3/?add-to-cart=1995&doing_wp_cron=1780259424.5276329517364501953125&orderby=date HTTP/1.1" 200 66429 "-" "Mozilla/5.0 AppleWebKit/537.36 (KHTML, like Gecko; compatible; ClaudeBot/1.0; +claudebot@anthropic.com)"
178.16.52.137 - - [06/Jun/2026:00:20:45 +0200] "POST /wp-login.php?action=register HTTP/1.1" 403 146 "-" "-"
216.73.217.23 - - [06/Jun/2026:00:20:47 +0200] "GET /loja/page/2/?add-to-cart=530&doing_wp_cron=1780383896.6204249858856201171875&orderby=date HTTP/1.1" 200 66491 "-" "Mozilla/5.0 AppleWebKit/537.36 (KHTML, like Gecko; compatible; ClaudeBot/1.0; +claudebot@anthropic.com)"
216.73.217.23 - - [06/Jun/2026:00:20:51 +0200] "GET /loja/page/6/?add-to-cart=899&doing_wp_cron=1780208025.6175029277801513671875&orderby=menu_order HTTP/1.1" 200 60935 "-" "Mozilla/5.0 AppleWebKit/537.36 (KHTML, like Gecko; compatible; ClaudeBot/1.0; +claudebot@anthropic.com)"
216.73.217.23 - - [06/Jun/2026:00:20:53 +0200] "GET /loja/page/3/?add-to-cart=747&doing_wp_cron=1780429678.1482779979705810546875&orderby=date HTTP/1.1" 200 61323 "-" "Mozilla/5.0 AppleWebKit/537.36 (KHTML, like Gecko; compatible; ClaudeBot/1.0; +claudebot@anthropic.com)"
216.73.217.23 - - [06/Jun/2026:00:20:56 +0200] "GET /loja/page/11/?add-to-cart=727&doing_wp_cron=1780505801.7622530460357666015625&orderby=popularity HTTP/1.1" 200 61497 "-" "Mozilla/5.0 AppleWebKit/537.36 (KHTML, like Gecko; compatible; ClaudeBot/1.0; +claudebot@anthropic.com)"
216.73.217.23 - - [06/Jun/2026:00:21:00 +0200] "GET /loja/page/10/?add-to-cart=733&doing_wp_cron=1770738320.9674439430236816406250&orderby=menu_order HTTP/1.1" 200 62094 "-" "Mozilla/5.0 AppleWebKit/537.36 (KHTML, like Gecko; compatible; ClaudeBot/1.0; +claudebot@anthropic.com)"
216.73.217.23 - - [06/Jun/2026:00:21:03 +0200] "GET /produto/batata-agria-para-fritar/?add-to-cart=425&doing_wp_cron=1780202827.0465569496154785156250 HTTP/1.1" 200 60290 "-" "Mozilla/5.0 AppleWebKit/537.36 (KHTML, like Gecko; compatible; ClaudeBot/1.0; +claudebot@anthropic.com)"
216.73.217.23 - - [06/Jun/2026:00:21:06 +0200] "GET /loja/page/7/?add-to-cart=683&doing_wp_cron=1780259424.5276329517364501953125&orderby=date HTTP/1.1" 200 62260 "-" "Mozilla/5.0 AppleWebKit/537.36 (KHTML, like Gecko; compatible; ClaudeBot/1.0; +claudebot@anthropic.com)"
216.73.217.23 - - [06/Jun/2026:00:21:09 +0200] "GET /categoria-produto/mercearia/?add-to-cart=2040&doing_wp_cron=1780236128.7207961082458496093750&orderby=menu_order HTTP/1.1" 200 62177 "-" "Mozilla/5.0 AppleWebKit/537.36 (KHTML, like Gecko; compatible; ClaudeBot/1.0; +claudebot@anthropic.com)"
216.73.217.23 - - [06/Jun/2026:00:21:12 +0200] "GET /loja/page/8/?add-to-cart=792&doing_wp_cron=1780415179.5259048938751220703125&orderby=popularity HTTP/1.1" 200 63136 "-" "Mozilla/5.0 AppleWebKit/537.36 (KHTML, like Gecko; compatible; ClaudeBot/1.0; +claudebot@anthropic.com)"
178.217.98.153 - - [06/Jun/2026:00:21:12 +0200] "GET /2021/05/11/ola-mundo/ HTTP/1.0" 200 8740858 "https://www.baudefruta.pt/2021/05/11/ola-mundo/#comment-68046" "Mozilla/5.0 (Windows NT 10.0; Win64; x64) AppleWebKit/537.36 (KHTML, like Gecko) Chrome/131.0.0.0 Safari/537.36"
178.217.98.153 - - [06/Jun/2026:00:21:13 +0200] "GET /2021/05/11/ola-mundo/ HTTP/1.0" 200 8740858 "https://www.baudefruta.pt/2021/05/11/ola-mundo/#comment-68046" "Mozilla/5.0 (Windows NT 10.0; Win64; x64) AppleWebKit/537.36 (KHTML, like Gecko) Chrome/130.0.0.0 Safari/537.36"
75.119.139.177 - - [06/Jun/2026:00:21:14 +0200] "GET /sitemap.xml HTTP/1.1" 302 11 "-" "WordPress/6.9.1; https://www.baudefruta.pt"
178.217.98.153 - - [06/Jun/2026:00:21:14 +0200] "POST /wp-comments-post.php HTTP/1.0" 429 2620 "https://www.baudefruta.pt/2021/05/11/ola-mundo/#comment-68046" "Mozilla/5.0 (Windows NT 10.0; Win64; x64) AppleWebKit/537.36 (KHTML, like Gecko) Chrome/130.0.0.0 Safari/537.36"
75.119.139.177 - - [06/Jun/2026:00:21:14 +0200] "GET /sitemap.xml?doing_wp_cron=1780698074.0894529819488525390625 HTTP/1.1" 404 53266 "-" "WordPress/6.9.1; https://www.baudefruta.pt"
216.73.217.23 - - [06/Jun/2026:00:21:15 +0200] "GET /loja/page/6/?add-to-cart=2043&doing_wp_cron=1780476177.9127869606018066406250&orderby=popularity HTTP/1.1" 200 63439 "-" "Mozilla/5.0 AppleWebKit/537.36 (KHTML, like Gecko; compatible; ClaudeBot/1.0; +claudebot@anthropic.com)"
178.217.98.153 - - [06/Jun/2026:00:21:16 +0200] "POST /wp-comments-post.php HTTP/1.0" 302 0 "https://www.baudefruta.pt/2021/05/11/ola-mundo/#comment-68046" "Mozilla/5.0 (Windows NT 10.0; Win64; x64) AppleWebKit/537.36 (KHTML, like Gecko) Chrome/131.0.0.0 Safari/537.36"
178.217.98.153 - - [06/Jun/2026:00:21:17 +0200] "GET /2021/05/11/ola-mundo/ HTTP/1.0" 302 1 "https://www.baudefruta.pt/2021/05/11/ola-mundo/#comment-68799" "Mozilla/5.0 (Windows NT 10.0; Win64; x64) AppleWebKit/537.36 (KHTML, like Gecko) Chrome/131.0.0.0 Safari/537.36"
216.73.217.23 - - [06/Jun/2026:00:21:18 +0200] "GET /categoria-produto/mercearia/?add-to-cart=1986&doing_wp_cron=1780245057.2307438850402832031250&orderby=date HTTP/1.1" 200 62662 "-" "Mozilla/5.0 AppleWebKit/537.36 (KHTML, like Gecko; compatible; ClaudeBot/1.0; +claudebot@anthropic.com)"
216.73.217.23 - - [06/Jun/2026:00:21:21 +0200] "GET /categoria-produto/mercearia/?add-to-cart=895&doing_wp_cron=1780227769.7231910228729248046875&orderby=menu_order HTTP/1.1" 200 63096 "-" "Mozilla/5.0 AppleWebKit/537.36 (KHTML, like Gecko; compatible; ClaudeBot/1.0; +claudebot@anthropic.com)"
216.73.217.23 - - [06/Jun/2026:00:21:25 +0200] "GET /loja/page/7/?add-to-cart=409&doing_wp_cron=1780455680.5886950492858886718750&orderby=menu_order HTTP/1.1" 200 61168 "-" "Mozilla/5.0 AppleWebKit/537.36 (KHTML, like Gecko; compatible; ClaudeBot/1.0; +claudebot@anthropic.com)"
216.73.217.23 - - [06/Jun/2026:00:21:27 +0200] "GET /categoria-produto/mercearia/?add-to-cart=731&doing_wp_cron=1780278549.9471869468688964843750&orderby=popularity HTTP/1.1" 200 61550 "-" "Mozilla/5.0 AppleWebKit/537.36 (KHTML, like Gecko; compatible; ClaudeBot/1.0; +claudebot@anthropic.com)"
114.119.132.173 - - [06/Jun/2026:00:21:29 +0200] "GET /loja/page/7/?orderby=popularity&doing_wp_cron=1768760120.1661930084228515625000 HTTP/1.1" 200 60868 "https://www.baudefruta.pt/loja/page/5/?orderby=popularity&doing_wp_cron=1768760120.1661930084228515625000" "Mozilla/5.0 (Linux; Android 7.0;) AppleWebKit/537.36 (HTML, like Gecko) Mobile Safari/537.36 (compatible; PetalBot;+https://webmaster.petalsearch.com/site/petalbot)"
216.73.217.23 - - [06/Jun/2026:00:21:30 +0200] "GET /loja/page/6/?add-to-cart=747&doing_wp_cron=1780319098.8176429271697998046875&orderby=date HTTP/1.1" 200 61514 "-" "Mozilla/5.0 AppleWebKit/537.36 (KHTML, like Gecko; compatible; ClaudeBot/1.0; +claudebot@anthropic.com)"
216.73.217.23 - - [06/Jun/2026:00:21:33 +0200] "GET /loja/page/5/?add-to-cart=821&doing_wp_cron=1780557416.2362558841705322265625&orderby=date HTTP/1.1" 200 61872 "-" "Mozilla/5.0 AppleWebKit/537.36 (KHTML, like Gecko; compatible; ClaudeBot/1.0; +claudebot@anthropic.com)"
216.73.217.23 - - [06/Jun/2026:00:21:36 +0200] "GET /loja/page/6/?add-to-cart=761&doing_wp_cron=1749500398.4001810550689697265625&orderby=popularity HTTP/1.1" 200 62628 "-" "Mozilla/5.0 AppleWebKit/537.36 (KHTML, like Gecko; compatible; ClaudeBot/1.0; +claudebot@anthropic.com)"
216.73.217.23 - - [06/Jun/2026:00:21:39 +0200] "GET /loja/page/3/?add-to-cart=4235&doing_wp_cron=1780438640.8086369037628173828125&orderby=popularity HTTP/1.1" 200 62428 "-" "Mozilla/5.0 AppleWebKit/537.36 (KHTML, like Gecko; compatible; ClaudeBot/1.0; +claudebot@anthropic.com)"
5.189.189.33 - - [06/Jun/2026:00:21:40 +0200] "GET /wp-login.php HTTP/1.1" 200 51437 "-" "Mozilla/5.0 (Windows NT 10.0; Win64; x64) AppleWebKit/537.36 (KHTML, like Gecko) Chrome/120.0.0.0 Safari/537.36"
5.189.189.33 - - [06/Jun/2026:00:21:40 +0200] "POST /wp-login.php HTTP/1.1" 405 552 "https://baudefruta.pt/wp-login.php" "Mozilla/5.0 (Windows NT 10.0; Win64; x64) AppleWebKit/537.36 (KHTML, like Gecko) Chrome/120.0.0.0 Safari/537.36"
216.73.217.23 - - [06/Jun/2026:00:21:42 +0200] "GET /loja/page/7/?add-to-cart=4230&doing_wp_cron=1724760408.5467429161071777343750&orderby=popularity HTTP/1.1" 200 63056 "-" "Mozilla/5.0 AppleWebKit/537.36 (KHTML, like Gecko; compatible; ClaudeBot/1.0; +claudebot@anthropic.com)"
216.73.217.23 - - [06/Jun/2026:00:21:45 +0200] "GET /loja/page/6/?add-to-cart=447&doing_wp_cron=1780539324.8090100288391113281250&orderby=menu_order HTTP/1.1" 200 62619 "-" "Mozilla/5.0 AppleWebKit/537.36 (KHTML, like Gecko; compatible; ClaudeBot/1.0; +claudebot@anthropic.com)"
216.73.217.23 - - [06/Jun/2026:00:21:48 +0200] "GET /categoria-produto/mercearia/?add-to-cart=2041&doing_wp_cron=1780415224.5314500331878662109375&orderby=menu_order HTTP/1.1" 200 62664 "-" "Mozilla/5.0 AppleWebKit/537.36 (KHTML, like Gecko; compatible; ClaudeBot/1.0; +claudebot@anthropic.com)"
40.77.179.84 - - [06/Jun/2026:00:21:48 +0200] "POST /wp-json/pum/v1/analytics HTTP/1.1" 204 0 "https://www.baudefruta.pt/categoria-produto/mercearia/farinha-e-acucar/?doing_wp_cron=1778406073.0771579742431640625000" "Mozilla/5.0 AppleWebKit/537.36 (KHTML, like Gecko; compatible; bingbot/2.0; +http://www.bing.com/bingbot.htm) Chrome/136.0.0.0 Safari/537.36"
216.73.217.23 - - [06/Jun/2026:00:21:51 +0200] "GET /categoria-produto/mercearia/?add-to-cart=704&doing_wp_cron=1780294871.8173789978027343750000&orderby=popularity HTTP/1.1" 200 63312 "-" "Mozilla/5.0 AppleWebKit/537.36 (KHTML, like Gecko; compatible; ClaudeBot/1.0; +claudebot@anthropic.com)"
216.73.217.23 - - [06/Jun/2026:00:21:54 +0200] "GET /categoria-produto/mercearia/?add-to-cart=2041&doing_wp_cron=1780290429.9225111007690429687500&orderby=date HTTP/1.1" 200 62736 "-" "Mozilla/5.0 AppleWebKit/537.36 (KHTML, like Gecko; compatible; ClaudeBot/1.0; +claudebot@anthropic.com)"
216.73.217.23 - - [06/Jun/2026:00:21:57 +0200] "GET /categoria-produto/mercearia/?add-to-cart=641&doing_wp_cron=1780540425.9013569355010986328125&orderby=popularity HTTP/1.1" 200 63574 "-" "Mozilla/5.0 AppleWebKit/537.36 (KHTML, like Gecko; compatible; ClaudeBot/1.0; +claudebot@anthropic.com)"
216.73.217.23 - - [06/Jun/2026:00:22:00 +0200] "GET /categoria-produto/mercearia/?add-to-cart=628&doing_wp_cron=1780333684.1709189414978027343750&orderby=date HTTP/1.1" 200 63219 "-" "Mozilla/5.0 AppleWebKit/537.36 (KHTML, like Gecko; compatible; ClaudeBot/1.0; +claudebot@anthropic.com)"
216.73.217.23 - - [06/Jun/2026:00:22:03 +0200] "GET /loja/page/6/?add-to-cart=725&doing_wp_cron=1780454157.5789349079132080078125&orderby=menu_order HTTP/1.1" 200 63767 "-" "Mozilla/5.0 AppleWebKit/537.36 (KHTML, like Gecko; compatible; ClaudeBot/1.0; +claudebot@anthropic.com)"
216.73.217.23 - - [06/Jun/2026:00:22:07 +0200] "GET /loja/page/7/?add-to-cart=630&doing_wp_cron=1780462878.7975680828094482421875&orderby=date HTTP/1.1" 200 61155 "-" "Mozilla/5.0 AppleWebKit/537.36 (KHTML, like Gecko; compatible; ClaudeBot/1.0; +claudebot@anthropic.com)"
216.73.217.23 - - [06/Jun/2026:00:22:10 +0200] "GET /loja/page/6/?add-to-cart=2008&doing_wp_cron=1780356259.9063909053802490234375&orderby=date HTTP/1.1" 200 61269 "-" "Mozilla/5.0 AppleWebKit/537.36 (KHTML, like Gecko; compatible; ClaudeBot/1.0; +claudebot@anthropic.com)"
216.73.217.23 - - [06/Jun/2026:00:22:13 +0200] "GET /loja/page/5/?add-to-cart=1132&doing_wp_cron=1780638054.9428119659423828125000&orderby=menu_order HTTP/1.1" 200 61510 "-" "Mozilla/5.0 AppleWebKit/537.36 (KHTML, like Gecko; compatible; ClaudeBot/1.0; +claudebot@anthropic.com)"
216.73.217.23 - - [06/Jun/2026:00:22:16 +0200] "GET /loja/page/11/?add-to-cart=899&doing_wp_cron=1780345137.3122010231018066406250&orderby=popularity HTTP/1.1" 200 61724 "-" "Mozilla/5.0 AppleWebKit/537.36 (KHTML, like Gecko; compatible; ClaudeBot/1.0; +claudebot@anthropic.com)"
216.73.217.23 - - [06/Jun/2026:00:22:20 +0200] "GET /loja/page/3/?add-to-cart=1728&doing_wp_cron=1780345137.3122010231018066406250&orderby=date HTTP/1.1" 200 61035 "-" "Mozilla/5.0 AppleWebKit/537.36 (KHTML, like Gecko; compatible; ClaudeBot/1.0; +claudebot@anthropic.com)"
216.73.217.23 - - [06/Jun/2026:00:22:23 +0200] "GET /loja/?add-to-cart=452&doing_wp_cron=1779095602.6344830989837646484375&orderby=price HTTP/1.1" 200 61376 "-" "Mozilla/5.0 AppleWebKit/537.36 (KHTML, like Gecko; compatible; ClaudeBot/1.0; +claudebot@anthropic.com)"
216.73.217.23 - - [06/Jun/2026:00:22:26 +0200] "GET /loja/page/11/?add-to-cart=1542&doing_wp_cron=1780205258.9664719104766845703125&orderby=popularity HTTP/1.1" 200 61612 "-" "Mozilla/5.0 AppleWebKit/537.36 (KHTML, like Gecko; compatible; ClaudeBot/1.0; +claudebot@anthropic.com)"
216.73.217.23 - - [06/Jun/2026:00:22:29 +0200] "GET /loja/page/3/?add-to-cart=1934&doing_wp_cron=1780398923.3932321071624755859375&orderby=menu_order HTTP/1.1" 200 61485 "-" "Mozilla/5.0 AppleWebKit/537.36 (KHTML, like Gecko; compatible; ClaudeBot/1.0; +claudebot@anthropic.com)"
216.73.217.23 - - [06/Jun/2026:00:22:32 +0200] "GET /loja/page/2/?add-to-cart=891&doing_wp_cron=1780424125.1127629280090332031250&orderby=date HTTP/1.1" 200 61938 "-" "Mozilla/5.0 AppleWebKit/537.36 (KHTML, like Gecko; compatible; ClaudeBot/1.0; +claudebot@anthropic.com)"
216.73.217.23 - - [06/Jun/2026:00:22:36 +0200] "GET /loja/page/4/?add-to-cart=4224&doing_wp_cron=1780529684.9311110973358154296875&orderby=popularity HTTP/1.1" 200 62357 "-" "Mozilla/5.0 AppleWebKit/537.36 (KHTML, like Gecko; compatible; ClaudeBot/1.0; +claudebot@anthropic.com)"
216.73.217.23 - - [06/Jun/2026:00:22:38 +0200] "GET /loja/page/2/?add-to-cart=3520&doing_wp_cron=1780521228.9134140014648437500000&orderby=date HTTP/1.1" 200 62292 "-" "Mozilla/5.0 AppleWebKit/537.36 (KHTML, like Gecko; compatible; ClaudeBot/1.0; +claudebot@anthropic.com)"
216.73.217.23 - - [06/Jun/2026:00:22:41 +0200] "GET /produto/vinagre-de-vinho-branco/?add-to-cart=1995&doing_wp_cron=1780637478.3165578842163085937500 HTTP/1.1" 200 60777 "-" "Mozilla/5.0 AppleWebKit/537.36 (KHTML, like Gecko; compatible; ClaudeBot/1.0; +claudebot@anthropic.com)"
216.73.217.23 - - [06/Jun/2026:00:22:44 +0200] "GET /loja/page/2/?add-to-cart=3519&doing_wp_cron=1780406818.1222550868988037109375&orderby=date HTTP/1.1" 200 62667 "-" "Mozilla/5.0 AppleWebKit/537.36 (KHTML, like Gecko; compatible; ClaudeBot/1.0; +claudebot@anthropic.com)"
216.73.217.23 - - [06/Jun/2026:00:22:49 +0200] "GET /loja/page/8/?add-to-cart=583&doing_wp_cron=1780555563.7996189594268798828125&orderby=date HTTP/1.1" 200 60910 "-" "Mozilla/5.0 AppleWebKit/537.36 (KHTML, like Gecko; compatible; ClaudeBot/1.0; +claudebot@anthropic.com)"
114.119.150.140 - - [06/Jun/2026:00:22:50 +0200] "GET /loja/page/7/?orderby=popularity&doing_wp_cron=1766172938.1039528846740722656250 HTTP/1.1" 200 60867 "https://www.baudefruta.pt/loja/page/5/?orderby=popularity&doing_wp_cron=1766172938.1039528846740722656250" "Mozilla/5.0 (Linux; Android 7.0;) AppleWebKit/537.36 (HTML, like Gecko) Mobile Safari/537.36 (compatible; PetalBot;+https://webmaster.petalsearch.com/site/petalbot)"
216.73.217.23 - - [06/Jun/2026:00:22:52 +0200] "GET /loja/page/3/?add-to-cart=528&doing_wp_cron=1780424113.2975559234619140625000&orderby=menu_order HTTP/1.1" 200 60984 "-" "Mozilla/5.0 AppleWebKit/537.36 (KHTML, like Gecko; compatible; ClaudeBot/1.0; +claudebot@anthropic.com)"
216.73.217.23 - - [06/Jun/2026:00:22:55 +0200] "GET /loja/page/9/?add-to-cart=565&doing_wp_cron=1780415118.9577500820159912109375&orderby=date HTTP/1.1" 200 60730 "-" "Mozilla/5.0 AppleWebKit/537.36 (KHTML, like Gecko; compatible; ClaudeBot/1.0; +claudebot@anthropic.com)"
216.73.217.23 - - [06/Jun/2026:00:22:58 +0200] "GET /loja/page/11/?add-to-cart=238&doing_wp_cron=1780649592.0201880931854248046875&orderby=date HTTP/1.1" 200 61622 "-" "Mozilla/5.0 AppleWebKit/537.36 (KHTML, like Gecko; compatible; ClaudeBot/1.0; +claudebot@anthropic.com)"
216.73.217.23 - - [06/Jun/2026:00:23:01 +0200] "GET /loja/page/5/?add-to-cart=604&doing_wp_cron=1780505637.3969678878784179687500&orderby=popularity HTTP/1.1" 200 63209 "-" "Mozilla/5.0 AppleWebKit/537.36 (KHTML, like Gecko; compatible; ClaudeBot/1.0; +claudebot@anthropic.com)"
47.82.13.125 - - [06/Jun/2026:00:23:02 +0200] "GET /produto/massas-em-saqueta/?add-to-cart=825&doing_wp_cron=1777766387.3642449378967285156250 HTTP/1.1" 200 59270 "-" "Mozilla/5.0 (Windows NT 10.0; Win64; x64) AppleWebKit/537.36 (KHTML, like Gecko) Chrome/141.0.0.0 Safari/537.36"
216.73.217.23 - - [06/Jun/2026:00:23:04 +0200] "GET /loja/page/5/?add-to-cart=782&doing_wp_cron=1770738320.9674439430236816406250&orderby=popularity HTTP/1.1" 200 63456 "-" "Mozilla/5.0 AppleWebKit/537.36 (KHTML, like Gecko; compatible; ClaudeBot/1.0; +claudebot@anthropic.com)"
216.73.217.23 - - [06/Jun/2026:00:23:07 +0200] "GET /loja/page/7/?add-to-cart=1134&doing_wp_cron=1780420099.1374759674072265625000&orderby=menu_order HTTP/1.1" 200 63421 "-" "Mozilla/5.0 AppleWebKit/537.36 (KHTML, like Gecko; compatible; ClaudeBot/1.0; +claudebot@anthropic.com)"
216.73.217.23 - - [06/Jun/2026:00:23:10 +0200] "GET /loja/page/10/?add-to-cart=737&doing_wp_cron=1724760408.5467429161071777343750&orderby=popularity HTTP/1.1" 200 64013 "-" "Mozilla/5.0 AppleWebKit/537.36 (KHTML, like Gecko; compatible; ClaudeBot/1.0; +claudebot@anthropic.com)"
216.73.217.23 - - [06/Jun/2026:00:23:13 +0200] "GET /loja/page/8/?add-to-cart=583&doing_wp_cron=1780406818.1222550868988037109375&orderby=date HTTP/1.1" 200 63366 "-" "Mozilla/5.0 AppleWebKit/537.36 (KHTML, like Gecko; compatible; ClaudeBot/1.0; +claudebot@anthropic.com)"
216.73.217.23 - - [06/Jun/2026:00:23:16 +0200] "GET /loja/?add-to-cart=478&doing_wp_cron=1780326079.0621399879455566406250&orderby=price HTTP/1.1" 200 63766 "-" "Mozilla/5.0 AppleWebKit/537.36 (KHTML, like Gecko; compatible; ClaudeBot/1.0; +claudebot@anthropic.com)"
216.73.217.23 - - [06/Jun/2026:00:23:19 +0200] "GET /loja/page/10/?add-to-cart=476&doing_wp_cron=1780383896.6204249858856201171875&orderby=date HTTP/1.1" 200 63457 "-" "Mozilla/5.0 AppleWebKit/537.36 (KHTML, like Gecko; compatible; ClaudeBot/1.0; +claudebot@anthropic.com)"
216.73.217.23 - - [06/Jun/2026:00:23:22 +0200] "GET /categoria-produto/mercearia/?add-to-cart=795&doing_wp_cron=1780341171.5952589511871337890625&orderby=menu_order HTTP/1.1" 200 63858 "-" "Mozilla/5.0 AppleWebKit/537.36 (KHTML, like Gecko; compatible; ClaudeBot/1.0; +claudebot@anthropic.com)"
216.73.217.23 - - [06/Jun/2026:00:23:25 +0200] "GET /loja/page/3/?add-to-cart=462&doing_wp_cron=1780429699.1848499774932861328125&orderby=popularity HTTP/1.1" 200 64446 "-" "Mozilla/5.0 AppleWebKit/537.36 (KHTML, like Gecko; compatible; ClaudeBot/1.0; +claudebot@anthropic.com)"
216.73.217.23 - - [06/Jun/2026:00:23:28 +0200] "GET /loja/page/6/?add-to-cart=2044&doing_wp_cron=1780561339.5231180191040039062500&orderby=menu_order HTTP/1.1" 200 64431 "-" "Mozilla/5.0 AppleWebKit/537.36 (KHTML, like Gecko; compatible; ClaudeBot/1.0; +claudebot@anthropic.com)"
216.73.217.23 - - [06/Jun/2026:00:23:31 +0200] "GET /loja/page/6/?add-to-cart=719&doing_wp_cron=1780338116.7118010520935058593750&orderby=menu_order HTTP/1.1" 200 64632 "-" "Mozilla/5.0 AppleWebKit/537.36 (KHTML, like Gecko; compatible; ClaudeBot/1.0; +claudebot@anthropic.com)"
216.73.217.23 - - [06/Jun/2026:00:23:34 +0200] "GET /loja/page/4/?add-to-cart=239&doing_wp_cron=1780356259.9063909053802490234375&orderby=date HTTP/1.1" 200 66165 "-" "Mozilla/5.0 AppleWebKit/537.36 (KHTML, like Gecko; compatible; ClaudeBot/1.0; +claudebot@anthropic.com)"
216.73.217.23 - - [06/Jun/2026:00:23:38 +0200] "GET /loja/page/9/?add-to-cart=519&doing_wp_cron=1770738320.9674439430236816406250&orderby=popularity HTTP/1.1" 200 61614 "-" "Mozilla/5.0 AppleWebKit/537.36 (KHTML, like Gecko; compatible; ClaudeBot/1.0; +claudebot@anthropic.com)"
178.16.52.137 - - [06/Jun/2026:00:23:40 +0200] "POST /wp-login.php?action=register HTTP/1.1" 403 146 "-" "-"
216.73.217.23 - - [06/Jun/2026:00:23:41 +0200] "GET /loja/page/5/?add-to-cart=521&doing_wp_cron=1780356236.1233079433441162109375&orderby=price HTTP/1.1" 200 61610 "-" "Mozilla/5.0 AppleWebKit/537.36 (KHTML, like Gecko; compatible; ClaudeBot/1.0; +claudebot@anthropic.com)"
216.73.217.23 - - [06/Jun/2026:00:23:44 +0200] "GET /loja/page/9/?add-to-cart=541&doing_wp_cron=1780464358.8749949932098388671875&orderby=date HTTP/1.1" 200 60742 "-" "Mozilla/5.0 AppleWebKit/537.36 (KHTML, like Gecko; compatible; ClaudeBot/1.0; +claudebot@anthropic.com)"
216.73.217.23 - - [06/Jun/2026:00:23:47 +0200] "GET /loja/page/5/?add-to-cart=792&doing_wp_cron=1701153572.9826118946075439453125&orderby=popularity HTTP/1.1" 200 62178 "-" "Mozilla/5.0 AppleWebKit/537.36 (KHTML, like Gecko; compatible; ClaudeBot/1.0; +claudebot@anthropic.com)"
216.73.217.23 - - [06/Jun/2026:00:23:50 +0200] "GET /loja/page/4/?add-to-cart=666&doing_wp_cron=1780259424.5276329517364501953125&orderby=date HTTP/1.1" 200 62171 "-" "Mozilla/5.0 AppleWebKit/537.36 (KHTML, like Gecko; compatible; ClaudeBot/1.0; +claudebot@anthropic.com)"
181.124.142.37 - - [06/Jun/2026:00:23:52 +0200] "GET /produto/melao-verde/?add-to-cart=441&doing_wp_cron=1779801707.1927590370178222656250 HTTP/1.1" 200 59163 "-" "Opera/9.84.(Windows 98; Win 9x 4.90; id-ID) Presto/2.9.182 Version/12.00"
216.73.217.23 - - [06/Jun/2026:00:23:53 +0200] "GET /loja/page/11/?add-to-cart=819&doing_wp_cron=1780429669.1116149425506591796875&orderby=menu_order HTTP/1.1" 200 61658 "-" "Mozilla/5.0 AppleWebKit/537.36 (KHTML, like Gecko; compatible; ClaudeBot/1.0; +claudebot@anthropic.com)"
216.73.217.23 - - [06/Jun/2026:00:23:56 +0200] "GET /loja/page/3/?add-to-cart=545&doing_wp_cron=1780407057.6045830249786376953125&orderby=date HTTP/1.1" 200 62288 "-" "Mozilla/5.0 AppleWebKit/537.36 (KHTML, like Gecko; compatible; ClaudeBot/1.0; +claudebot@anthropic.com)"
216.73.217.23 - - [06/Jun/2026:00:23:59 +0200] "GET /loja/page/11/?add-to-cart=737&doing_wp_cron=1780384400.8176770210266113281250&orderby=popularity HTTP/1.1" 200 62489 "-" "Mozilla/5.0 AppleWebKit/537.36 (KHTML, like Gecko; compatible; ClaudeBot/1.0; +claudebot@anthropic.com)"
216.73.217.23 - - [06/Jun/2026:00:24:02 +0200] "GET /loja/page/2/?add-to-cart=589&doing_wp_cron=1780620467.2294011116027832031250&orderby=menu_order HTTP/1.1" 200 62855 "-" "Mozilla/5.0 AppleWebKit/537.36 (KHTML, like Gecko; compatible; ClaudeBot/1.0; +claudebot@anthropic.com)"
216.73.217.23 - - [06/Jun/2026:00:24:05 +0200] "GET /produto/feijao-vermelho-cozido/?add-to-cart=702&doing_wp_cron=1768421802.6520879268646240234375 HTTP/1.1" 200 61310 "-" "Mozilla/5.0 AppleWebKit/537.36 (KHTML, like Gecko; compatible; ClaudeBot/1.0; +claudebot@anthropic.com)"
216.73.217.23 - - [06/Jun/2026:00:24:08 +0200] "GET /loja/page/3/?add-to-cart=4779&doing_wp_cron=1711616234.3928558826446533203125&orderby=menu_order HTTP/1.1" 200 62951 "-" "Mozilla/5.0 AppleWebKit/537.36 (KHTML, like Gecko; compatible; ClaudeBot/1.0; +claudebot@anthropic.com)"
216.73.217.23 - - [06/Jun/2026:00:24:11 +0200] "GET /loja/page/3/?add-to-cart=2036&doing_wp_cron=1780207778.1771409511566162109375&orderby=date HTTP/1.1" 200 63442 "-" "Mozilla/5.0 AppleWebKit/537.36 (KHTML, like Gecko; compatible; ClaudeBot/1.0; +claudebot@anthropic.com)"
216.73.217.23 - - [06/Jun/2026:00:24:14 +0200] "GET /categoria-produto/mercearia/?add-to-cart=723&doing_wp_cron=1780207838.1702120304107666015625&orderby=menu_order HTTP/1.1" 200 63408 "-" "Mozilla/5.0 AppleWebKit/537.36 (KHTML, like Gecko; compatible; ClaudeBot/1.0; +claudebot@anthropic.com)"
114.119.135.57 - - [06/Jun/2026:00:24:14 +0200] "GET /loja/page/7/?orderby=popularity&doing_wp_cron=1764994329.2869789600372314453125 HTTP/1.1" 200 60869 "https://www.baudefruta.pt/loja/page/5/?orderby=popularity&doing_wp_cron=1764994329.2869789600372314453125" "Mozilla/5.0 (Linux; Android 7.0;) AppleWebKit/537.36 (HTML, like Gecko) Mobile Safari/537.36 (compatible; PetalBot;+https://webmaster.petalsearch.com/site/petalbot)"
216.73.217.23 - - [06/Jun/2026:00:24:17 +0200] "GET /categoria-produto/mercearia/page/4/?doing_wp_cron=1780541000.9121670722961425781250&orderby=price-desc HTTP/1.1" 200 63463 "-" "Mozilla/5.0 AppleWebKit/537.36 (KHTML, like Gecko; compatible; ClaudeBot/1.0; +claudebot@anthropic.com)"
216.73.217.23 - - [06/Jun/2026:00:24:20 +0200] "GET /categoria-produto/mercearia/?add-to-cart=4338&doing_wp_cron=1780360020.9628000259399414062500&orderby=date HTTP/1.1" 200 63402 "-" "Mozilla/5.0 AppleWebKit/537.36 (KHTML, like Gecko; compatible; ClaudeBot/1.0; +claudebot@anthropic.com)"
216.73.217.23 - - [06/Jun/2026:00:24:23 +0200] "GET /categoria-produto/mercearia/?add-to-cart=767&doing_wp_cron=1780288261.7730710506439208984375&orderby=popularity HTTP/1.1" 200 64275 "-" "Mozilla/5.0 AppleWebKit/537.36 (KHTML, like Gecko; compatible; ClaudeBot/1.0; +claudebot@anthropic.com)"
216.73.217.23 - - [06/Jun/2026:00:24:26 +0200] "GET /categoria-produto/mercearia/?add-to-cart=715&doing_wp_cron=1780213358.1125938892364501953125&orderby=popularity HTTP/1.1" 200 64431 "-" "Mozilla/5.0 AppleWebKit/537.36 (KHTML, like Gecko; compatible; ClaudeBot/1.0; +claudebot@anthropic.com)"
216.73.217.23 - - [06/Jun/2026:00:24:29 +0200] "GET /produto/azeitona-preta-oxidada/?add-to-cart=462&doing_wp_cron=1780442659.8524529933929443359375 HTTP/1.1" 200 62733 "-" "Mozilla/5.0 AppleWebKit/537.36 (KHTML, like Gecko; compatible; ClaudeBot/1.0; +claudebot@anthropic.com)"
216.73.217.23 - - [06/Jun/2026:00:24:32 +0200] "GET /categoria-produto/mercearia/?add-to-cart=745&doing_wp_cron=1780210807.5206460952758789062500&orderby=menu_order HTTP/1.1" 200 64426 "-" "Mozilla/5.0 AppleWebKit/537.36 (KHTML, like Gecko; compatible; ClaudeBot/1.0; +claudebot@anthropic.com)"
91.92.242.223 - - [06/Jun/2026:00:24:34 +0200] "POST /wp-login.php?action=register HTTP/1.1" 403 146 "-" "-"
216.73.217.23 - - [06/Jun/2026:00:24:35 +0200] "GET /loja/?add-to-cart=541&doing_wp_cron=1780407018.5904660224914550781250&orderby=price HTTP/1.1" 200 64667 "-" "Mozilla/5.0 AppleWebKit/537.36 (KHTML, like Gecko; compatible; ClaudeBot/1.0; +claudebot@anthropic.com)"
216.73.217.23 - - [06/Jun/2026:00:24:38 +0200] "GET /categoria-produto/mercearia/?add-to-cart=775&doing_wp_cron=1780212829.0223939418792724609375&orderby=popularity HTTP/1.1" 200 64998 "-" "Mozilla/5.0 AppleWebKit/537.36 (KHTML, like Gecko; compatible; ClaudeBot/1.0; +claudebot@anthropic.com)"
216.73.217.23 - - [06/Jun/2026:00:24:41 +0200] "GET /loja/page/3/?add-to-cart=1989&doing_wp_cron=1780490816.3358080387115478515625&orderby=date HTTP/1.1" 200 64983 "-" "Mozilla/5.0 AppleWebKit/537.36 (KHTML, like Gecko; compatible; ClaudeBot/1.0; +claudebot@anthropic.com)"
216.73.217.23 - - [06/Jun/2026:00:24:44 +0200] "GET /loja/page/11/?add-to-cart=474&doing_wp_cron=1780388658.8284630775451660156250&orderby=menu_order HTTP/1.1" 200 64675 "-" "Mozilla/5.0 AppleWebKit/537.36 (KHTML, like Gecko; compatible; ClaudeBot/1.0; +claudebot@anthropic.com)"
216.73.217.23 - - [06/Jun/2026:00:24:47 +0200] "GET /categoria-produto/mercearia/?add-to-cart=702&doing_wp_cron=1780207868.0700640678405761718750&orderby=menu_order HTTP/1.1" 200 64983 "-" "Mozilla/5.0 AppleWebKit/537.36 (KHTML, like Gecko; compatible; ClaudeBot/1.0; +claudebot@anthropic.com)"
216.73.217.23 - - [06/Jun/2026:00:24:50 +0200] "GET /categoria-produto/mercearia/?add-to-cart=717&doing_wp_cron=1780232881.6984970569610595703125&orderby=menu_order HTTP/1.1" 200 65115 "-" "Mozilla/5.0 AppleWebKit/537.36 (KHTML, like Gecko; compatible; ClaudeBot/1.0; +claudebot@anthropic.com)"
216.73.217.23 - - [06/Jun/2026:00:24:53 +0200] "GET /categoria-produto/mercearia/?add-to-cart=1984&doing_wp_cron=1780359844.6951210498809814453125&orderby=menu_order HTTP/1.1" 200 65243 "-" "Mozilla/5.0 AppleWebKit/537.36 (KHTML, like Gecko; compatible; ClaudeBot/1.0; +claudebot@anthropic.com)"
40.77.179.27 - - [06/Jun/2026:00:24:56 +0200] "POST /wp-json/pum/v1/analytics HTTP/1.1" 204 0 "https://baudefruta.pt/" "Mozilla/5.0 AppleWebKit/537.36 (KHTML, like Gecko; compatible; bingbot/2.0; +http://www.bing.com/bingbot.htm) Chrome/136.0.0.0 Safari/537.36"
216.73.217.23 - - [06/Jun/2026:00:24:56 +0200] "GET /loja/page/6/?add-to-cart=645&doing_wp_cron=1780208025.6175029277801513671875&orderby=popularity HTTP/1.1" 200 66228 "-" "Mozilla/5.0 AppleWebKit/537.36 (KHTML, like Gecko; compatible; ClaudeBot/1.0; +claudebot@anthropic.com)"
216.73.217.23 - - [06/Jun/2026:00:24:59 +0200] "GET /loja/?add-to-cart=1540&doing_wp_cron=1780406839.0843460559844970703125&orderby=price HTTP/1.1" 200 65898 "-" "Mozilla/5.0 AppleWebKit/537.36 (KHTML, like Gecko; compatible; ClaudeBot/1.0; +claudebot@anthropic.com)"
216.73.217.23 - - [06/Jun/2026:00:25:02 +0200] "GET /loja/page/3/?add-to-cart=704&doing_wp_cron=1780259951.9076659679412841796875&orderby=date HTTP/1.1" 200 66032 "-" "Mozilla/5.0 AppleWebKit/537.36 (KHTML, like Gecko; compatible; ClaudeBot/1.0; +claudebot@anthropic.com)"
216.73.217.23 - - [06/Jun/2026:00:25:06 +0200] "GET /loja/page/10/?add-to-cart=492&doing_wp_cron=1780259951.9076659679412841796875&orderby=popularity HTTP/1.1" 200 66656 "-" "Mozilla/5.0 AppleWebKit/537.36 (KHTML, like Gecko; compatible; ClaudeBot/1.0; +claudebot@anthropic.com)"
216.73.217.23 - - [06/Jun/2026:00:25:09 +0200] "GET /loja/page/10/?add-to-cart=2034&doing_wp_cron=1780424179.3111770153045654296875&orderby=menu_order HTTP/1.1" 200 66643 "-" "Mozilla/5.0 AppleWebKit/537.36 (KHTML, like Gecko; compatible; ClaudeBot/1.0; +claudebot@anthropic.com)"
216.73.217.23 - - [06/Jun/2026:00:25:12 +0200] "GET /categoria-produto/mercearia/?add-to-cart=735&doing_wp_cron=1780225207.1263659000396728515625&orderby=popularity HTTP/1.1" 200 66777 "-" "Mozilla/5.0 AppleWebKit/537.36 (KHTML, like Gecko; compatible; ClaudeBot/1.0; +claudebot@anthropic.com)"
216.73.217.23 - - [06/Jun/2026:00:25:14 +0200] "GET /produto/azeitona-preta-oxidada/?add-to-cart=490&doing_wp_cron=1780205558.3309860229492187500000 HTTP/1.1" 200 64986 "-" "Mozilla/5.0 AppleWebKit/537.36 (KHTML, like Gecko; compatible; ClaudeBot/1.0; +claudebot@anthropic.com)"
216.73.217.23 - - [06/Jun/2026:00:25:17 +0200] "GET /loja/page/4/?add-to-cart=1542&doing_wp_cron=1780455656.4795429706573486328125&orderby=date HTTP/1.1" 200 67207 "-" "Mozilla/5.0 AppleWebKit/537.36 (KHTML, like Gecko; compatible; ClaudeBot/1.0; +claudebot@anthropic.com)"
216.73.217.23 - - [06/Jun/2026:00:25:20 +0200] "GET /loja/page/7/?add-to-cart=651&doing_wp_cron=1780407018.5904660224914550781250&orderby=date HTTP/1.1" 200 67157 "-" "Mozilla/5.0 AppleWebKit/537.36 (KHTML, like Gecko; compatible; ClaudeBot/1.0; +claudebot@anthropic.com)"
216.73.217.23 - - [06/Jun/2026:00:25:23 +0200] "GET /loja/page/4/?add-to-cart=597&doing_wp_cron=1780383836.4200708866119384765625&orderby=popularity HTTP/1.1" 200 67452 "-" "Mozilla/5.0 AppleWebKit/537.36 (KHTML, like Gecko; compatible; ClaudeBot/1.0; +claudebot@anthropic.com)"
216.73.217.23 - - [06/Jun/2026:00:25:26 +0200] "GET /categoria-produto/mercearia/?add-to-cart=651&doing_wp_cron=1780342920.8938410282135009765625&orderby=popularity HTTP/1.1" 200 67580 "-" "Mozilla/5.0 AppleWebKit/537.36 (KHTML, like Gecko; compatible; ClaudeBot/1.0; +claudebot@anthropic.com)"
216.73.217.23 - - [06/Jun/2026:00:25:29 +0200] "GET /loja/page/6/?add-to-cart=4230&doing_wp_cron=1780582556.8518009185791015625000&orderby=popularity HTTP/1.1" 200 68072 "-" "Mozilla/5.0 AppleWebKit/537.36 (KHTML, like Gecko; compatible; ClaudeBot/1.0; +claudebot@anthropic.com)"
216.73.217.23 - - [06/Jun/2026:00:25:32 +0200] "GET /categoria-produto/mercearia/?add-to-cart=1995&doing_wp_cron=1780200788.7931740283966064453125&orderby=menu_order HTTP/1.1" 200 67522 "-" "Mozilla/5.0 AppleWebKit/537.36 (KHTML, like Gecko; compatible; ClaudeBot/1.0; +claudebot@anthropic.com)"
216.73.217.23 - - [06/Jun/2026:00:25:35 +0200] "GET /loja/page/11/?add-to-cart=715&doing_wp_cron=1780066683.4503800868988037109375&orderby=date HTTP/1.1" 200 66815 "-" "Mozilla/5.0 AppleWebKit/537.36 (KHTML, like Gecko; compatible; ClaudeBot/1.0; +claudebot@anthropic.com)"
114.119.141.203 - - [06/Jun/2026:00:25:38 +0200] "GET /loja/page/7/?orderby=popularity&doing_wp_cron=1761853664.1626288890838623046875 HTTP/1.1" 200 60873 "https://www.baudefruta.pt/loja/page/5/?orderby=popularity&doing_wp_cron=1761853664.1626288890838623046875" "Mozilla/5.0 (Linux; Android 7.0;) AppleWebKit/537.36 (HTML, like Gecko) Mobile Safari/537.36 (compatible; PetalBot;+https://webmaster.petalsearch.com/site/petalbot)"
216.73.217.23 - - [06/Jun/2026:00:25:38 +0200] "GET /loja/page/3/?add-to-cart=239&doing_wp_cron=1780471452.7089319229125976562500&orderby=popularity HTTP/1.1" 200 69079 "-" "Mozilla/5.0 AppleWebKit/537.36 (KHTML, like Gecko; compatible; ClaudeBot/1.0; +claudebot@anthropic.com)"
216.73.217.23 - - [06/Jun/2026:00:25:41 +0200] "GET /categoria-produto/mercearia/?add-to-cart=895&doing_wp_cron=1780540985.8541419506072998046875&orderby=menu_order HTTP/1.1" 200 69025 "-" "Mozilla/5.0 AppleWebKit/537.36 (KHTML, like Gecko; compatible; ClaudeBot/1.0; +claudebot@anthropic.com)"
216.73.217.23 - - [06/Jun/2026:00:25:44 +0200] "GET /produto/vinagre-de-vinho-branco/?add-to-cart=3502&doing_wp_cron=1780637478.3165578842163085937500 HTTP/1.1" 200 67610 "-" "Mozilla/5.0 AppleWebKit/537.36 (KHTML, like Gecko; compatible; ClaudeBot/1.0; +claudebot@anthropic.com)"
18.235.158.19 - - [06/Jun/2026:00:25:47 +0200] "GET /loja/page/5/?doing_wp_cron=1705054787.4118249416351318359375&orderby=date HTTP/1.1" 200 60421 "-" "Mozilla/5.0 AppleWebKit/537.36 (KHTML, like Gecko; compatible; Amazonbot/0.1; +https://developer.amazon.com/support/amazonbot) Chrome/119.0.6045.214 Safari/537.36"
216.73.217.23 - - [06/Jun/2026:00:25:47 +0200] "GET /loja/page/10/?add-to-cart=701&doing_wp_cron=1758569056.8537590503692626953125&orderby=date HTTP/1.1" 200 69204 "-" "Mozilla/5.0 AppleWebKit/537.36 (KHTML, like Gecko; compatible; ClaudeBot/1.0; +claudebot@anthropic.com)"
216.73.217.23 - - [06/Jun/2026:00:25:50 +0200] "GET /loja/page/10/?add-to-cart=4225&doing_wp_cron=1780208025.6175029277801513671875&orderby=menu_order HTTP/1.1" 200 69973 "-" "Mozilla/5.0 AppleWebKit/537.36 (KHTML, like Gecko; compatible; ClaudeBot/1.0; +claudebot@anthropic.com)"
3.225.45.252 - - [06/Jun/2026:00:25:50 +0200] "GET /categoria-produto/frescos/page/2/?doing_wp_cron=1768074526.4739849567413330078125&orderby=price-desc HTTP/1.1" 200 59990 "-" "Mozilla/5.0 AppleWebKit/537.36 (KHTML, like Gecko; compatible; Amazonbot/0.1; +https://developer.amazon.com/support/amazonbot) Chrome/119.0.6045.214 Safari/537.36"
216.73.217.23 - - [06/Jun/2026:00:25:53 +0200] "GET /loja/page/3/?add-to-cart=458&doing_wp_cron=1780420099.1374759674072265625000&orderby=popularity HTTP/1.1" 200 69930 "-" "Mozilla/5.0 AppleWebKit/537.36 (KHTML, like Gecko; compatible; ClaudeBot/1.0; +claudebot@anthropic.com)"
40.77.167.136 - - [06/Jun/2026:00:25:54 +0200] "GET /loja/page/4/?doing_wp_cron=1770428942.6800310611724853515625&orderby=price HTTP/1.1" 200 60517 "-" "Mozilla/5.0 AppleWebKit/537.36 (KHTML, like Gecko; compatible; bingbot/2.0; +http://www.bing.com/bingbot.htm) Chrome/116.0.1938.76 Safari/537.36"
44.218.6.93 - - [06/Jun/2026:00:25:54 +0200] "GET /loja/?doing_wp_cron=1780205288.7391169071197509765625 HTTP/1.1" 200 59068 "-" "Mozilla/5.0 AppleWebKit/537.36 (KHTML, like Gecko; compatible; Amazonbot/0.1; +https://developer.amazon.com/support/amazonbot) Chrome/119.0.6045.214 Safari/537.36"
216.73.217.23 - - [06/Jun/2026:00:25:56 +0200] "GET /categoria-produto/mercearia/?add-to-cart=749&doing_wp_cron=1780210795.5799050331115722656250&orderby=menu_order HTTP/1.1" 200 69966 "-" "Mozilla/5.0 AppleWebKit/537.36 (KHTML, like Gecko; compatible; ClaudeBot/1.0; +claudebot@anthropic.com)"
40.77.167.136 - - [06/Jun/2026:00:25:58 +0200] "GET /produto/sortido-de-gomas-acucar/ HTTP/1.1" 302 102 "-" "Mozilla/5.0 AppleWebKit/537.36 (KHTML, like Gecko; compatible; bingbot/2.0; +http://www.bing.com/bingbot.htm) Chrome/116.0.1938.76 Safari/537.36"
18.232.12.157 - - [06/Jun/2026:00:25:58 +0200] "GET /loja/page/2/?doing_wp_cron=1758569056.8537590503692626953125&orderby=price HTTP/1.1" 200 60284 "-" "Mozilla/5.0 AppleWebKit/537.36 (KHTML, like Gecko; compatible; Amazonbot/0.1; +https://developer.amazon.com/support/amazonbot) Chrome/119.0.6045.214 Safari/537.36"
216.73.217.23 - - [06/Jun/2026:00:25:59 +0200] "GET /loja/page/4/?add-to-cart=4234&doing_wp_cron=1779095602.6344830989837646484375&orderby=date HTTP/1.1" 200 70574 "-" "Mozilla/5.0 AppleWebKit/537.36 (KHTML, like Gecko; compatible; ClaudeBot/1.0; +claudebot@anthropic.com)"
40.77.167.136 - - [06/Jun/2026:00:26:02 +0200] "GET /produto/sortido-de-gomas-acucar/?doing_wp_cron=1780698358.1595780849456787109375 HTTP/1.1" 200 57799 "-" "Mozilla/5.0 AppleWebKit/537.36 (KHTML, like Gecko; compatible; bingbot/2.0; +http://www.bing.com/bingbot.htm) Chrome/116.0.1938.76 Safari/537.36"
216.73.217.23 - - [06/Jun/2026:00:26:02 +0200] "GET /loja/page/2/?add-to-cart=454&doing_wp_cron=1780259951.9076659679412841796875&orderby=date HTTP/1.1" 200 70325 "-" "Mozilla/5.0 AppleWebKit/537.36 (KHTML, like Gecko; compatible; ClaudeBot/1.0; +claudebot@anthropic.com)"
52.23.112.144 - - [06/Jun/2026:00:26:03 +0200] "GET /loja/page/2/?doing_wp_cron=1765642876.6927409172058105468750&orderby=price HTTP/1.1" 200 60277 "-" "Mozilla/5.0 AppleWebKit/537.36 (KHTML, like Gecko; compatible; Amazonbot/0.1; +https://developer.amazon.com/support/amazonbot) Chrome/119.0.6045.214 Safari/537.36"
40.77.167.136 - - [06/Jun/2026:00:26:04 +0200] "GET /loja/page/7/?doing_wp_cron=1766573325.3852319717407226562500&orderby=menu_order HTTP/1.1" 200 60462 "-" "Mozilla/5.0 AppleWebKit/537.36 (KHTML, like Gecko; compatible; bingbot/2.0; +http://www.bing.com/bingbot.htm) Chrome/116.0.1938.76 Safari/537.36"
216.73.217.23 - - [06/Jun/2026:00:26:05 +0200] "GET /loja/page/7/?add-to-cart=628&doing_wp_cron=1780429699.1848499774932861328125&orderby=date HTTP/1.1" 200 70613 "-" "Mozilla/5.0 AppleWebKit/537.36 (KHTML, like Gecko; compatible; ClaudeBot/1.0; +claudebot@anthropic.com)"
34.205.163.103 - - [06/Jun/2026:00:26:06 +0200] "GET /categoria-produto/frescos/page/2/?doing_wp_cron=1768074526.4739849567413330078125&orderby=menu_order HTTP/1.1" 200 59873 "-" "Mozilla/5.0 AppleWebKit/537.36 (KHTML, like Gecko; compatible; Amazonbot/0.1; +https://developer.amazon.com/support/amazonbot) Chrome/119.0.6045.214 Safari/537.36"
40.77.167.136 - - [06/Jun/2026:00:26:07 +0200] "GET /page/16/?doing_wp_cron=1760415525.7830710411071777343750 HTTP/1.1" 200 57474 "-" "Mozilla/5.0 AppleWebKit/537.36 (KHTML, like Gecko; compatible; bingbot/2.0; +http://www.bing.com/bingbot.htm) Chrome/116.0.1938.76 Safari/537.36"
216.73.217.23 - - [06/Jun/2026:00:26:08 +0200] "GET /categoria-produto/mercearia/?add-to-cart=2015&doing_wp_cron=1780335416.1361920833587646484375&orderby=date HTTP/1.1" 200 70395 "-" "Mozilla/5.0 AppleWebKit/537.36 (KHTML, like Gecko; compatible; ClaudeBot/1.0; +claudebot@anthropic.com)"
40.77.167.136 - - [06/Jun/2026:00:26:10 +0200] "GET /produto/amendoa-torrada-sem-pele/ HTTP/1.1" 302 102 "-" "Mozilla/5.0 AppleWebKit/537.36 (KHTML, like Gecko; compatible; bingbot/2.0; +http://www.bing.com/bingbot.htm) Chrome/116.0.1938.76 Safari/537.36"
18.213.240.226 - - [06/Jun/2026:00:26:11 +0200] "GET /categoria-produto/frescos/page/2/?doing_wp_cron=1768393031.7143781185150146484375&orderby=price-desc HTTP/1.1" 200 59988 "-" "Mozilla/5.0 AppleWebKit/537.36 (KHTML, like Gecko; compatible; Amazonbot/0.1; +https://developer.amazon.com/support/amazonbot) Chrome/119.0.6045.214 Safari/537.36"
216.73.217.23 - - [06/Jun/2026:00:26:11 +0200] "GET /loja/page/5/?add-to-cart=889&doing_wp_cron=1780420099.1374759674072265625000&orderby=popularity HTTP/1.1" 200 71444 "-" "Mozilla/5.0 AppleWebKit/537.36 (KHTML, like Gecko; compatible; ClaudeBot/1.0; +claudebot@anthropic.com)"
40.77.167.136 - - [06/Jun/2026:00:26:13 +0200] "GET /produto/amendoa-torrada-sem-pele/?doing_wp_cron=1780698370.2752249240875244140625 HTTP/1.1" 200 57716 "-" "Mozilla/5.0 AppleWebKit/537.36 (KHTML, like Gecko; compatible; bingbot/2.0; +http://www.bing.com/bingbot.htm) Chrome/116.0.1938.76 Safari/537.36"
3.208.146.193 - - [06/Jun/2026:00:26:15 +0200] "GET /loja/page/8/?doing_wp_cron=1780484080.3415489196777343750000&orderby=price-desc HTTP/1.1" 200 60670 "-" "Mozilla/5.0 AppleWebKit/537.36 (KHTML, like Gecko; compatible; Amazonbot/0.1; +https://developer.amazon.com/support/amazonbot) Chrome/119.0.6045.214 Safari/537.36"
216.73.217.23 - - [06/Jun/2026:00:26:15 +0200] "GET /loja/?add-to-cart=2037&doing_wp_cron=1780494314.2484500408172607421875&orderby=popularity HTTP/1.1" 200 60759 "-" "Mozilla/5.0 AppleWebKit/537.36 (KHTML, like Gecko; compatible; ClaudeBot/1.0; +claudebot@anthropic.com)"
216.73.217.23 - - [06/Jun/2026:00:26:18 +0200] "GET /loja/?add-to-cart=2015&doing_wp_cron=1779095602.6344830989837646484375&orderby=date HTTP/1.1" 200 61109 "-" "Mozilla/5.0 AppleWebKit/537.36 (KHTML, like Gecko; compatible; ClaudeBot/1.0; +claudebot@anthropic.com)"
3.90.73.206 - - [06/Jun/2026:00:26:18 +0200] "GET /loja/page/5/?doing_wp_cron=1758569056.8537590503692626953125&orderby=price-desc HTTP/1.1" 200 60565 "-" "Mozilla/5.0 AppleWebKit/537.36 (KHTML, like Gecko; compatible; Amazonbot/0.1; +https://developer.amazon.com/support/amazonbot) Chrome/119.0.6045.214 Safari/537.36"
216.73.217.23 - - [06/Jun/2026:00:26:20 +0200] "GET /produto/grelos-de-nabo/?add-to-cart=526&doing_wp_cron=1780464656.3775060176849365234375 HTTP/1.1" 200 59500 "-" "Mozilla/5.0 AppleWebKit/537.36 (KHTML, like Gecko; compatible; ClaudeBot/1.0; +claudebot@anthropic.com)"
54.83.56.1 - - [06/Jun/2026:00:26:22 +0200] "GET /loja/page/6/?doing_wp_cron=1705054787.4118249416351318359375 HTTP/1.1" 200 59083 "-" "Mozilla/5.0 AppleWebKit/537.36 (KHTML, like Gecko; compatible; Amazonbot/0.1; +https://developer.amazon.com/support/amazonbot) Chrome/119.0.6045.214 Safari/537.36"
216.73.217.23 - - [06/Jun/2026:00:26:23 +0200] "GET /loja/?add-to-cart=4231&doing_wp_cron=1780521299.4223439693450927734375&orderby=date HTTP/1.1" 200 61522 "-" "Mozilla/5.0 AppleWebKit/537.36 (KHTML, like Gecko; compatible; ClaudeBot/1.0; +claudebot@anthropic.com)"
216.73.217.23 - - [06/Jun/2026:00:26:26 +0200] "GET /loja/?add-to-cart=901&doing_wp_cron=1780305920.7864100933074951171875&orderby=popularity HTTP/1.1" 200 61603 "-" "Mozilla/5.0 AppleWebKit/537.36 (KHTML, like Gecko; compatible; ClaudeBot/1.0; +claudebot@anthropic.com)"
40.77.167.7 - - [06/Jun/2026:00:26:27 +0200] "GET /item/3972051?sellerview=on HTTP/1.1" 302 11 "-" "Mozilla/5.0 AppleWebKit/537.36 (KHTML, like Gecko; compatible; bingbot/2.0; +http://www.bing.com/bingbot.htm) Chrome/116.0.1938.76 Safari/537.36"
40.77.167.7 - - [06/Jun/2026:00:26:27 +0200] "GET /item/3972051?sellerview=on&doing_wp_cron=1780698387.2835609912872314453125 HTTP/1.1" 301 5 "-" "Mozilla/5.0 AppleWebKit/537.36 (KHTML, like Gecko; compatible; bingbot/2.0; +http://www.bing.com/bingbot.htm) Chrome/116.0.1938.76 Safari/537.36"
216.73.217.23 - - [06/Jun/2026:00:26:29 +0200] "GET /produto/oleo-alimentar-de-tempero-5l/?add-to-cart=2008&doing_wp_cron=1780119573.6498179435729980468750 HTTP/1.1" 200 60379 "-" "Mozilla/5.0 AppleWebKit/537.36 (KHTML, like Gecko; compatible; ClaudeBot/1.0; +claudebot@anthropic.com)"
216.73.217.23 - - [06/Jun/2026:00:26:32 +0200] "GET /produto/vinagre-de-sidra/?add-to-cart=649&doing_wp_cron=1780219969.7306270599365234375000 HTTP/1.1" 200 60266 "-" "Mozilla/5.0 AppleWebKit/537.36 (KHTML, like Gecko; compatible; ClaudeBot/1.0; +claudebot@anthropic.com)"
216.73.217.23 - - [06/Jun/2026:00:26:35 +0200] "GET /produto/couve-flor/?add-to-cart=591&doing_wp_cron=1780322539.6663339138031005859375 HTTP/1.1" 200 60684 "-" "Mozilla/5.0 AppleWebKit/537.36 (KHTML, like Gecko; compatible; ClaudeBot/1.0; +claudebot@anthropic.com)"
216.73.217.23 - - [06/Jun/2026:00:26:38 +0200] "GET /produto/feijao-verde-largo/?add-to-cart=587&doing_wp_cron=1780250395.0767691135406494140625 HTTP/1.1" 200 60816 "-" "Mozilla/5.0 AppleWebKit/537.36 (KHTML, like Gecko; compatible; ClaudeBot/1.0; +claudebot@anthropic.com)"
216.73.217.23 - - [06/Jun/2026:00:26:41 +0200] "GET /produto/endivias/?add-to-cart=513&doing_wp_cron=1780555400.3345460891723632812500 HTTP/1.1" 200 60936 "-" "Mozilla/5.0 AppleWebKit/537.36 (KHTML, like Gecko; compatible; ClaudeBot/1.0; +claudebot@anthropic.com)"
216.73.217.23 - - [06/Jun/2026:00:26:44 +0200] "GET /loja/page/2/?add-to-cart=2014&doing_wp_cron=1780400178.2150061130523681640625&orderby=date HTTP/1.1" 200 62877 "-" "Mozilla/5.0 AppleWebKit/537.36 (KHTML, like Gecko; compatible; ClaudeBot/1.0; +claudebot@anthropic.com)"
62.197.45.211 - - [06/Jun/2026:00:26:47 +0200] "GET /2021/05/11/ola-mundo/ HTTP/1.0" 200 8742472 "https://www.baudefruta.pt/2021/05/11/ola-mundo/" "Mozilla/5.0 (Windows NT 10.0; Win64; x64) AppleWebKit/537.36 (KHTML, like Gecko) Chrome/130.0.0.0 Safari/537.36"
216.73.217.23 - - [06/Jun/2026:00:26:48 +0200] "GET /loja/?add-to-cart=4338&doing_wp_cron=1780066683.4503800868988037109375&orderby=popularity HTTP/1.1" 200 63045 "-" "Mozilla/5.0 AppleWebKit/537.36 (KHTML, like Gecko; compatible; ClaudeBot/1.0; +claudebot@anthropic.com)"
75.119.139.177 - - [06/Jun/2026:00:26:48 +0200] "GET /sitemap.xml HTTP/1.1" 301 5 "-" "WordPress/6.9.1; https://www.baudefruta.pt"
75.119.139.177 - - [06/Jun/2026:00:26:49 +0200] "GET /sitemap_index.xml HTTP/1.1" 200 371 "-" "WordPress/6.9.1; https://www.baudefruta.pt"
75.119.139.177 - - [06/Jun/2026:00:26:49 +0200] "GET /post-sitemap.xml HTTP/1.1" 200 384 "-" "WordPress/6.9.1; https://www.baudefruta.pt"
75.119.139.177 - - [06/Jun/2026:00:26:49 +0200] "GET /page-sitemap.xml HTTP/1.1" 200 986 "-" "WordPress/6.9.1; https://www.baudefruta.pt"
