216.73.217.23 - - [06/Jun/2026:00:14:05 +0200] "GET /loja/?add-to-cart=4226&doing_wp_cron=1780356298.9136428833007812500000&orderby=date HTTP/1.1" 200 60935 "-" "Mozilla/5.0 AppleWebKit/537.36 (KHTML, like Gecko; compatible; ClaudeBot/1.0; +claudebot@anthropic.com)"
47.128.43.0 - - [06/Jun/2026:00:14:06 +0200] "GET /wp-content/uploads/2021/05/logo-bau_1-01b.svg HTTP/1.1" 206 500 "https://www.baudefruta.pt/loja/page/11/?doing_wp_cron=1780215128.4538719654083251953125&orderby=menu_order" "Mozilla/5.0 (Linux; Android 5.0) AppleWebKit/537.36 (KHTML, like Gecko) Mobile Safari/537.36 (compatible; Bytespider; spider-feedback@bytedance.com)"
47.128.43.0 - - [06/Jun/2026:00:14:06 +0200] "GET /wp-content/uploads/2021/06/TC001-tomate-cacho-uai-500x500.jpg HTTP/1.1" 206 500 "https://www.baudefruta.pt/loja/page/11/?doing_wp_cron=1780215128.4538719654083251953125&orderby=menu_order" "Mozilla/5.0 (Linux; Android 5.0) AppleWebKit/537.36 (KHTML, like Gecko) Mobile Safari/537.36 (compatible; Bytespider; spider-feedback@bytedance.com)"
47.128.43.0 - - [06/Jun/2026:00:14:07 +0200] "GET /wp-content/uploads/2021/06/TS001-tomate-redondo-uai-1024x1024.jpg HTTP/1.1" 206 500 "https://www.baudefruta.pt/loja/page/11/?doing_wp_cron=1780215128.4538719654083251953125&orderby=menu_order" "Mozilla/5.0 (Linux; Android 5.0) AppleWebKit/537.36 (KHTML, like Gecko) Mobile Safari/537.36 (compatible; Bytespider; spider-feedback@bytedance.com)"
47.128.43.0 - - [06/Jun/2026:00:14:07 +0200] "GET /wp-content/uploads/2021/06/TX001-tomate-chucha-uai-800x800.jpg HTTP/1.1" 206 500 "https://www.baudefruta.pt/loja/page/11/?doing_wp_cron=1780215128.4538719654083251953125&orderby=menu_order" "Mozilla/5.0 (Linux; Android 5.0) AppleWebKit/537.36 (KHTML, like Gecko) Mobile Safari/537.36 (compatible; Bytespider; spider-feedback@bytedance.com)"
47.128.43.0 - - [06/Jun/2026:00:14:07 +0200] "GET /wp-content/uploads/2021/05/logo-bau_1-01b.svg HTTP/1.1" 304 0 "https://www.baudefruta.pt/loja/page/11/?doing_wp_cron=1780215128.4538719654083251953125&orderby=menu_order" "Mozilla/5.0 (Linux; Android 5.0) AppleWebKit/537.36 (KHTML, like Gecko) Mobile Safari/537.36 (compatible; Bytespider; spider-feedback@bytedance.com)"
47.128.43.0 - - [06/Jun/2026:00:14:07 +0200] "GET /wp-content/uploads/2022/05/tomilho-uai-500x500.jpg HTTP/1.1" 206 500 "https://www.baudefruta.pt/loja/page/11/?doing_wp_cron=1780215128.4538719654083251953125&orderby=menu_order" "Mozilla/5.0 (Linux; Android 5.0) AppleWebKit/537.36 (KHTML, like Gecko) Mobile Safari/537.36 (compatible; Bytespider; spider-feedback@bytedance.com)"
47.128.43.0 - - [06/Jun/2026:00:14:07 +0200] "GET /wp-content/uploads/2021/10/vinagre-arroz-cristal-600x600.jpg HTTP/1.1" 206 500 "https://www.baudefruta.pt/loja/page/11/?doing_wp_cron=1780215128.4538719654083251953125&orderby=menu_order" "Mozilla/5.0 (Linux; Android 5.0) AppleWebKit/537.36 (KHTML, like Gecko) Mobile Safari/537.36 (compatible; Bytespider; spider-feedback@bytedance.com)"
47.128.43.0 - - [06/Jun/2026:00:14:08 +0200] "GET /wp-content/uploads/2021/06/VV001-vinagre-vinho-tinto-cristal-uai-787x787.jpg HTTP/1.1" 206 500 "https://www.baudefruta.pt/loja/page/11/?doing_wp_cron=1780215128.4538719654083251953125&orderby=menu_order" "Mozilla/5.0 (Linux; Android 5.0) AppleWebKit/537.36 (KHTML, like Gecko) Mobile Safari/537.36 (compatible; Bytespider; spider-feedback@bytedance.com)"
47.128.43.0 - - [06/Jun/2026:00:14:08 +0200] "GET /wp-content/uploads/2021/07/bau_mb_mbway.svg HTTP/1.1" 206 500 "https://www.baudefruta.pt/loja/page/11/?doing_wp_cron=1780215128.4538719654083251953125&orderby=menu_order" "Mozilla/5.0 (Linux; Android 5.0) AppleWebKit/537.36 (KHTML, like Gecko) Mobile Safari/537.36 (compatible; Bytespider; spider-feedback@bytedance.com)"
47.128.43.0 - - [06/Jun/2026:00:14:08 +0200] "GET /wp-content/uploads/2021/06/VA001-dom-duarte-vinha-dalho-agrainha-600x600.png HTTP/1.1" 206 500 "https://www.baudefruta.pt/loja/page/11/?doing_wp_cron=1780215128.4538719654083251953125&orderby=menu_order" "Mozilla/5.0 (Linux; Android 5.0) AppleWebKit/537.36 (KHTML, like Gecko) Mobile Safari/537.36 (compatible; Bytespider; spider-feedback@bytedance.com)"
47.128.43.0 - - [06/Jun/2026:00:14:08 +0200] "GET /wp-content/uploads/2021/05/bau_livroreclamacoes.svg HTTP/1.1" 206 500 "https://www.baudefruta.pt/loja/page/11/?doing_wp_cron=1780215128.4538719654083251953125&orderby=menu_order" "Mozilla/5.0 (Linux; Android 5.0) AppleWebKit/537.36 (KHTML, like Gecko) Mobile Safari/537.36 (compatible; Bytespider; spider-feedback@bytedance.com)"
216.73.217.23 - - [06/Jun/2026:00:14:08 +0200] "GET /loja/page/6/?add-to-cart=725&doing_wp_cron=1780454178.6453809738159179687500&orderby=menu_order HTTP/1.1" 200 61312 "-" "Mozilla/5.0 AppleWebKit/537.36 (KHTML, like Gecko; compatible; ClaudeBot/1.0; +claudebot@anthropic.com)"
47.128.43.0 - - [06/Jun/2026:00:14:08 +0200] "GET /wp-content/uploads/2021/05/logo-bau_1-01b.svg HTTP/1.1" 200 12888 "https://www.baudefruta.pt/loja/page/11/?doing_wp_cron=1780215128.4538719654083251953125&orderby=menu_order" "Mozilla/5.0 (Linux; Android 5.0) AppleWebKit/537.36 (KHTML, like Gecko) Mobile Safari/537.36 (compatible; Bytespider; spider-feedback@bytedance.com)"
47.128.43.0 - - [06/Jun/2026:00:14:09 +0200] "GET /wp-content/uploads/2021/07/bau_mb_mbway.svg HTTP/1.1" 304 0 "https://www.baudefruta.pt/loja/page/11/?doing_wp_cron=1780215128.4538719654083251953125&orderby=menu_order" "Mozilla/5.0 (Linux; Android 5.0) AppleWebKit/537.36 (KHTML, like Gecko) Mobile Safari/537.36 (compatible; Bytespider; spider-feedback@bytedance.com)"
47.128.43.0 - - [06/Jun/2026:00:14:09 +0200] "GET /wp-content/uploads/2021/05/bau_livroreclamacoes.svg HTTP/1.1" 304 0 "https://www.baudefruta.pt/loja/page/11/?doing_wp_cron=1780215128.4538719654083251953125&orderby=menu_order" "Mozilla/5.0 (Linux; Android 5.0) AppleWebKit/537.36 (KHTML, like Gecko) Mobile Safari/537.36 (compatible; Bytespider; spider-feedback@bytedance.com)"
47.128.43.0 - - [06/Jun/2026:00:14:10 +0200] "GET /wp-content/uploads/2021/07/bau_mb_mbway.svg HTTP/1.1" 200 5318 "https://www.baudefruta.pt/loja/page/11/?doing_wp_cron=1780215128.4538719654083251953125&orderby=menu_order" "Mozilla/5.0 (Linux; Android 5.0) AppleWebKit/537.36 (KHTML, like Gecko) Mobile Safari/537.36 (compatible; Bytespider; spider-feedback@bytedance.com)"
47.128.43.0 - - [06/Jun/2026:00:14:10 +0200] "GET /wp-content/uploads/2021/05/bau_livroreclamacoes.svg HTTP/1.1" 200 2886 "https://www.baudefruta.pt/loja/page/11/?doing_wp_cron=1780215128.4538719654083251953125&orderby=menu_order" "Mozilla/5.0 (Linux; Android 5.0) AppleWebKit/537.36 (KHTML, like Gecko) Mobile Safari/537.36 (compatible; Bytespider; spider-feedback@bytedance.com)"
216.73.217.23 - - [06/Jun/2026:00:14:11 +0200] "GET /loja/page/6/?add-to-cart=790&doing_wp_cron=1780415098.0220060348510742187500&orderby=menu_order HTTP/1.1" 200 61512 "-" "Mozilla/5.0 AppleWebKit/537.36 (KHTML, like Gecko; compatible; ClaudeBot/1.0; +claudebot@anthropic.com)"
216.73.217.23 - - [06/Jun/2026:00:14:14 +0200] "GET /loja/page/11/?add-to-cart=745&doing_wp_cron=1780490816.3358080387115478515625&orderby=menu_order HTTP/1.1" 200 61365 "-" "Mozilla/5.0 AppleWebKit/537.36 (KHTML, like Gecko; compatible; ClaudeBot/1.0; +claudebot@anthropic.com)"
216.73.217.23 - - [06/Jun/2026:00:14:18 +0200] "GET /loja/page/11/?add-to-cart=1541&doing_wp_cron=1780356259.9063909053802490234375&orderby=menu_order HTTP/1.1" 200 61600 "-" "Mozilla/5.0 AppleWebKit/537.36 (KHTML, like Gecko; compatible; ClaudeBot/1.0; +claudebot@anthropic.com)"
40.77.179.83 - - [06/Jun/2026:00:14:19 +0200] "POST /wp-json/pum/v1/analytics HTTP/1.1" 204 0 "https://www.baudefruta.pt/produto/pevide-nacional-250g/?doing_wp_cron=1778386986.0020298957824707031250" "Mozilla/5.0 AppleWebKit/537.36 (KHTML, like Gecko; compatible; bingbot/2.0; +http://www.bing.com/bingbot.htm) Chrome/136.0.0.0 Safari/537.36"
216.73.217.23 - - [06/Jun/2026:00:14:21 +0200] "GET /loja/page/4/?add-to-cart=500&doing_wp_cron=1780454178.6453809738159179687500&orderby=popularity HTTP/1.1" 200 62335 "-" "Mozilla/5.0 AppleWebKit/537.36 (KHTML, like Gecko; compatible; ClaudeBot/1.0; +claudebot@anthropic.com)"
216.73.217.23 - - [06/Jun/2026:00:14:24 +0200] "GET /loja/page/2/?add-to-cart=2039&doing_wp_cron=1779095602.6344830989837646484375&orderby=date HTTP/1.1" 200 62343 "-" "Mozilla/5.0 AppleWebKit/537.36 (KHTML, like Gecko; compatible; ClaudeBot/1.0; +claudebot@anthropic.com)"
216.73.217.23 - - [06/Jun/2026:00:14:27 +0200] "GET /loja/page/2/?add-to-cart=2038&doing_wp_cron=1780424119.0972061157226562500000&orderby=menu_order HTTP/1.1" 200 62857 "-" "Mozilla/5.0 AppleWebKit/537.36 (KHTML, like Gecko; compatible; ClaudeBot/1.0; +claudebot@anthropic.com)"
114.119.141.203 - - [06/Jun/2026:00:14:28 +0200] "GET /loja/page/7/?orderby=price&doing_wp_cron=1681268343.3014369010925292968750 HTTP/1.1" 200 60588 "https://www.baudefruta.pt/loja/page/9/?orderby=price&doing_wp_cron=1681268343.3014369010925292968750" "Mozilla/5.0 (Linux; Android 7.0;) AppleWebKit/537.36 (HTML, like Gecko) Mobile Safari/537.36 (compatible; PetalBot;+https://webmaster.petalsearch.com/site/petalbot)"
216.73.217.23 - - [06/Jun/2026:00:14:30 +0200] "GET /loja/page/7/?add-to-cart=1728&doing_wp_cron=1780471500.7316999435424804687500&orderby=menu_order HTTP/1.1" 200 62954 "-" "Mozilla/5.0 AppleWebKit/537.36 (KHTML, like Gecko; compatible; ClaudeBot/1.0; +claudebot@anthropic.com)"
216.73.217.23 - - [06/Jun/2026:00:14:33 +0200] "GET /categoria-produto/mercearia/?add-to-cart=775&doing_wp_cron=1780202959.1641850471496582031250&orderby=menu_order HTTP/1.1" 200 62878 "-" "Mozilla/5.0 AppleWebKit/537.36 (KHTML, like Gecko; compatible; ClaudeBot/1.0; +claudebot@anthropic.com)"
216.73.217.23 - - [06/Jun/2026:00:14:36 +0200] "GET /loja/page/7/?add-to-cart=419&doing_wp_cron=1780207778.1771409511566162109375&orderby=popularity HTTP/1.1" 200 63874 "-" "Mozilla/5.0 AppleWebKit/537.36 (KHTML, like Gecko; compatible; ClaudeBot/1.0; +claudebot@anthropic.com)"
216.73.217.23 - - [06/Jun/2026:00:14:39 +0200] "GET /loja/page/11/?add-to-cart=452&doing_wp_cron=1780486432.4119439125061035156250&orderby=menu_order HTTP/1.1" 200 63032 "-" "Mozilla/5.0 AppleWebKit/537.36 (KHTML, like Gecko; compatible; ClaudeBot/1.0; +claudebot@anthropic.com)"
216.73.217.23 - - [06/Jun/2026:00:14:42 +0200] "GET /categoria-produto/mercearia/page/2/?doing_wp_cron=1780565470.2327630519866943359375&orderby=price-desc HTTP/1.1" 200 63495 "-" "Mozilla/5.0 AppleWebKit/537.36 (KHTML, like Gecko; compatible; ClaudeBot/1.0; +claudebot@anthropic.com)"
216.73.217.23 - - [06/Jun/2026:00:14:45 +0200] "GET /loja/page/4/?add-to-cart=555&doing_wp_cron=1780406818.1222550868988037109375&orderby=popularity HTTP/1.1" 200 63735 "-" "Mozilla/5.0 AppleWebKit/537.36 (KHTML, like Gecko; compatible; ClaudeBot/1.0; +claudebot@anthropic.com)"
216.73.217.23 - - [06/Jun/2026:00:14:48 +0200] "GET /loja/page/6/?add-to-cart=447&doing_wp_cron=1780259951.9076659679412841796875&orderby=menu_order HTTP/1.1" 200 63706 "-" "Mozilla/5.0 AppleWebKit/537.36 (KHTML, like Gecko; compatible; ClaudeBot/1.0; +claudebot@anthropic.com)"
216.73.217.23 - - [06/Jun/2026:00:14:51 +0200] "GET /loja/page/5/?add-to-cart=879&doing_wp_cron=1770738320.9674439430236816406250&orderby=popularity HTTP/1.1" 200 64502 "-" "Mozilla/5.0 AppleWebKit/537.36 (KHTML, like Gecko; compatible; ClaudeBot/1.0; +claudebot@anthropic.com)"
216.73.217.23 - - [06/Jun/2026:00:14:54 +0200] "GET /loja/page/4/?add-to-cart=829&doing_wp_cron=1780411016.8694920539855957031250&orderby=menu_order HTTP/1.1" 200 64705 "-" "Mozilla/5.0 AppleWebKit/537.36 (KHTML, like Gecko; compatible; ClaudeBot/1.0; +claudebot@anthropic.com)"
216.73.217.23 - - [06/Jun/2026:00:14:57 +0200] "GET /loja/page/11/?add-to-cart=409&doing_wp_cron=1780462878.7975680828094482421875&orderby=date HTTP/1.1" 200 63570 "-" "Mozilla/5.0 AppleWebKit/537.36 (KHTML, like Gecko; compatible; ClaudeBot/1.0; +claudebot@anthropic.com)"
216.73.217.23 - - [06/Jun/2026:00:15:01 +0200] "GET /loja/page/6/?add-to-cart=751&doing_wp_cron=1780415098.0220060348510742187500&orderby=date HTTP/1.1" 200 64707 "-" "Mozilla/5.0 AppleWebKit/537.36 (KHTML, like Gecko; compatible; ClaudeBot/1.0; +claudebot@anthropic.com)"
216.73.217.23 - - [06/Jun/2026:00:15:04 +0200] "GET /categoria-produto/mercearia/?add-to-cart=2015&doing_wp_cron=1780379720.2988820075988769531250&orderby=popularity HTTP/1.1" 200 65163 "-" "Mozilla/5.0 AppleWebKit/537.36 (KHTML, like Gecko; compatible; ClaudeBot/1.0; +claudebot@anthropic.com)"
216.73.217.23 - - [06/Jun/2026:00:15:07 +0200] "GET /loja/page/3/?add-to-cart=345&doing_wp_cron=1780384400.8176770210266113281250&orderby=menu_order HTTP/1.1" 200 65931 "-" "Mozilla/5.0 AppleWebKit/537.36 (KHTML, like Gecko; compatible; ClaudeBot/1.0; +claudebot@anthropic.com)"
216.73.217.23 - - [06/Jun/2026:00:15:10 +0200] "GET /loja/page/3/?add-to-cart=474&doing_wp_cron=1780393280.3025689125061035156250&orderby=popularity HTTP/1.1" 200 66505 "-" "Mozilla/5.0 AppleWebKit/537.36 (KHTML, like Gecko; compatible; ClaudeBot/1.0; +claudebot@anthropic.com)"
216.73.217.23 - - [06/Jun/2026:00:15:13 +0200] "GET /loja/page/3/?add-to-cart=239&doing_wp_cron=1780429669.1116149425506591796875&orderby=menu_order HTTP/1.1" 200 66909 "-" "Mozilla/5.0 AppleWebKit/537.36 (KHTML, like Gecko; compatible; ClaudeBot/1.0; +claudebot@anthropic.com)"
216.73.217.23 - - [06/Jun/2026:00:15:16 +0200] "GET /produto/vinagre-de-vinho-branco/?add-to-cart=727&doing_wp_cron=1780580419.7107949256896972656250 HTTP/1.1" 200 65557 "-" "Mozilla/5.0 AppleWebKit/537.36 (KHTML, like Gecko; compatible; ClaudeBot/1.0; +claudebot@anthropic.com)"
216.73.217.23 - - [06/Jun/2026:00:15:19 +0200] "GET /loja/page/8/?add-to-cart=482&doing_wp_cron=1780486432.4119439125061035156250&orderby=menu_order HTTP/1.1" 200 67629 "-" "Mozilla/5.0 AppleWebKit/537.36 (KHTML, like Gecko; compatible; ClaudeBot/1.0; +claudebot@anthropic.com)"
216.73.217.23 - - [06/Jun/2026:00:15:22 +0200] "GET /categoria-produto/mercearia/?add-to-cart=788&doing_wp_cron=1780278549.9471869468688964843750&orderby=menu_order HTTP/1.1" 200 67612 "-" "Mozilla/5.0 AppleWebKit/537.36 (KHTML, like Gecko; compatible; ClaudeBot/1.0; +claudebot@anthropic.com)"
216.73.217.23 - - [06/Jun/2026:00:15:25 +0200] "GET /loja/page/4/?add-to-cart=574&doing_wp_cron=1780407018.5904660224914550781250&orderby=date HTTP/1.1" 200 68280 "-" "Mozilla/5.0 AppleWebKit/537.36 (KHTML, like Gecko; compatible; ClaudeBot/1.0; +claudebot@anthropic.com)"
136.118.225.158 - - [06/Jun/2026:00:15:29 +0200] "GET /wp-content/uploads/2022/05/cebola-doce.jpg HTTP/1.1" 200 24103 "-" "Mozilla/5.0 (X11; Linux x86_64) AppleWebKit/537.36 (KHTML, like Gecko) Chrome/91.0.4472.114 Safari/537.36"
216.73.217.23 - - [06/Jun/2026:00:15:30 +0200] "GET /loja/page/11/?add-to-cart=433&doing_wp_cron=1780429678.1482779979705810546875&orderby=date HTTP/1.1" 200 60091 "-" "Mozilla/5.0 AppleWebKit/537.36 (KHTML, like Gecko; compatible; ClaudeBot/1.0; +claudebot@anthropic.com)"
216.73.217.23 - - [06/Jun/2026:00:15:33 +0200] "GET /loja/page/7/?add-to-cart=670&doing_wp_cron=1780566237.4421460628509521484375&orderby=popularity HTTP/1.1" 200 61886 "-" "Mozilla/5.0 AppleWebKit/537.36 (KHTML, like Gecko; compatible; ClaudeBot/1.0; +claudebot@anthropic.com)"
216.73.217.23 - - [06/Jun/2026:00:15:36 +0200] "GET /loja/page/5/?add-to-cart=765&doing_wp_cron=1780407018.5904660224914550781250&orderby=popularity HTTP/1.1" 200 62037 "-" "Mozilla/5.0 AppleWebKit/537.36 (KHTML, like Gecko; compatible; ClaudeBot/1.0; +claudebot@anthropic.com)"
216.73.217.23 - - [06/Jun/2026:00:15:39 +0200] "GET /loja/page/9/?add-to-cart=702&doing_wp_cron=1780383836.4200708866119384765625&orderby=popularity HTTP/1.1" 200 62319 "-" "Mozilla/5.0 AppleWebKit/537.36 (KHTML, like Gecko; compatible; ClaudeBot/1.0; +claudebot@anthropic.com)"
216.73.217.23 - - [06/Jun/2026:00:15:42 +0200] "GET /loja/page/5/?add-to-cart=2038&doing_wp_cron=1780259951.9076659679412841796875&orderby=popularity HTTP/1.1" 200 62484 "-" "Mozilla/5.0 AppleWebKit/537.36 (KHTML, like Gecko; compatible; ClaudeBot/1.0; +claudebot@anthropic.com)"
216.73.217.23 - - [06/Jun/2026:00:15:45 +0200] "GET /loja/page/9/?add-to-cart=557&doing_wp_cron=1780326079.0621399879455566406250&orderby=date HTTP/1.1" 200 61507 "-" "Mozilla/5.0 AppleWebKit/537.36 (KHTML, like Gecko; compatible; ClaudeBot/1.0; +claudebot@anthropic.com)"
216.73.217.23 - - [06/Jun/2026:00:15:48 +0200] "GET /loja/page/5/?add-to-cart=685&doing_wp_cron=1780464358.8749949932098388671875&orderby=popularity HTTP/1.1" 200 62914 "-" "Mozilla/5.0 AppleWebKit/537.36 (KHTML, like Gecko; compatible; ClaudeBot/1.0; +claudebot@anthropic.com)"
216.73.217.23 - - [06/Jun/2026:00:15:51 +0200] "GET /loja/page/7/?add-to-cart=683&doing_wp_cron=1780415118.9577500820159912109375&orderby=date HTTP/1.1" 200 62604 "-" "Mozilla/5.0 AppleWebKit/537.36 (KHTML, like Gecko; compatible; ClaudeBot/1.0; +claudebot@anthropic.com)"
114.119.152.161 - - [06/Jun/2026:00:15:51 +0200] "GET /loja/page/7/?orderby=price&doing_wp_cron=1680889913.5091528892517089843750 HTTP/1.1" 200 60589 "https://www.baudefruta.pt/loja/page/9/?orderby=price&doing_wp_cron=1680889913.5091528892517089843750" "Mozilla/5.0 (Linux; Android 7.0;) AppleWebKit/537.36 (HTML, like Gecko) Mobile Safari/537.36 (compatible; PetalBot;+https://webmaster.petalsearch.com/site/petalbot)"
216.73.217.23 - - [06/Jun/2026:00:15:54 +0200] "GET /loja/page/4/?add-to-cart=4224&doing_wp_cron=1780388636.6831140518188476562500&orderby=popularity HTTP/1.1" 200 62968 "-" "Mozilla/5.0 AppleWebKit/537.36 (KHTML, like Gecko; compatible; ClaudeBot/1.0; +claudebot@anthropic.com)"
216.73.217.23 - - [06/Jun/2026:00:15:57 +0200] "GET /loja/page/6/?add-to-cart=4230&doing_wp_cron=1780259424.5276329517364501953125&orderby=popularity HTTP/1.1" 200 63548 "-" "Mozilla/5.0 AppleWebKit/537.36 (KHTML, like Gecko; compatible; ClaudeBot/1.0; +claudebot@anthropic.com)"
47.128.43.139 - - [06/Jun/2026:00:15:57 +0200] "GET /produto/molho-de-soja/?doing_wp_cron=1710301465.9993169307708740234375 HTTP/1.1" 404 42749 "-" "Mozilla/5.0 (Linux; Android 5.0) AppleWebKit/537.36 (KHTML, like Gecko) Mobile Safari/537.36 (compatible; Bytespider; spider-feedback@bytedance.com)"
47.128.43.139 - - [06/Jun/2026:00:15:59 +0200] "GET /wp-content/uploads/2021/05/logo-bau_1-01b.svg HTTP/1.1" 206 500 "https://www.baudefruta.pt/produto/molho-de-soja/?doing_wp_cron=1710301465.9993169307708740234375" "Mozilla/5.0 (Linux; Android 5.0) AppleWebKit/537.36 (KHTML, like Gecko) Mobile Safari/537.36 (compatible; Bytespider; spider-feedback@bytedance.com)"
47.128.43.139 - - [06/Jun/2026:00:15:59 +0200] "GET /wp-content/uploads/2021/07/bau_mb_mbway.svg HTTP/1.1" 206 500 "https://www.baudefruta.pt/produto/molho-de-soja/?doing_wp_cron=1710301465.9993169307708740234375" "Mozilla/5.0 (Linux; Android 5.0) AppleWebKit/537.36 (KHTML, like Gecko) Mobile Safari/537.36 (compatible; Bytespider; spider-feedback@bytedance.com)"
216.73.217.23 - - [06/Jun/2026:00:16:00 +0200] "GET /categoria-produto/mercearia/?add-to-cart=2013&doing_wp_cron=1780210598.5208179950714111328125&orderby=popularity HTTP/1.1" 200 63442 "-" "Mozilla/5.0 AppleWebKit/537.36 (KHTML, like Gecko; compatible; ClaudeBot/1.0; +claudebot@anthropic.com)"
47.128.43.139 - - [06/Jun/2026:00:16:00 +0200] "GET /wp-content/uploads/2021/05/bau_livroreclamacoes.svg HTTP/1.1" 206 500 "https://www.baudefruta.pt/produto/molho-de-soja/?doing_wp_cron=1710301465.9993169307708740234375" "Mozilla/5.0 (Linux; Android 5.0) AppleWebKit/537.36 (KHTML, like Gecko) Mobile Safari/537.36 (compatible; Bytespider; spider-feedback@bytedance.com)"
47.128.43.139 - - [06/Jun/2026:00:16:00 +0200] "GET /wp-content/uploads/2021/05/logo-bau_1-01b.svg HTTP/1.1" 304 0 "https://www.baudefruta.pt/produto/molho-de-soja/?doing_wp_cron=1710301465.9993169307708740234375" "Mozilla/5.0 (Linux; Android 5.0) AppleWebKit/537.36 (KHTML, like Gecko) Mobile Safari/537.36 (compatible; Bytespider; spider-feedback@bytedance.com)"
47.128.43.139 - - [06/Jun/2026:00:16:01 +0200] "GET /wp-content/uploads/2021/07/bau_mb_mbway.svg HTTP/1.1" 304 0 "https://www.baudefruta.pt/produto/molho-de-soja/?doing_wp_cron=1710301465.9993169307708740234375" "Mozilla/5.0 (Linux; Android 5.0) AppleWebKit/537.36 (KHTML, like Gecko) Mobile Safari/537.36 (compatible; Bytespider; spider-feedback@bytedance.com)"
47.128.43.139 - - [06/Jun/2026:00:16:01 +0200] "GET /wp-content/uploads/2021/05/logo-bau_1-01b.svg HTTP/1.1" 200 12888 "https://www.baudefruta.pt/produto/molho-de-soja/?doing_wp_cron=1710301465.9993169307708740234375" "Mozilla/5.0 (Linux; Android 5.0) AppleWebKit/537.36 (KHTML, like Gecko) Mobile Safari/537.36 (compatible; Bytespider; spider-feedback@bytedance.com)"
47.128.43.139 - - [06/Jun/2026:00:16:02 +0200] "GET /wp-content/uploads/2021/05/bau_livroreclamacoes.svg HTTP/1.1" 304 0 "https://www.baudefruta.pt/produto/molho-de-soja/?doing_wp_cron=1710301465.9993169307708740234375" "Mozilla/5.0 (Linux; Android 5.0) AppleWebKit/537.36 (KHTML, like Gecko) Mobile Safari/537.36 (compatible; Bytespider; spider-feedback@bytedance.com)"
47.128.43.139 - - [06/Jun/2026:00:16:02 +0200] "GET /wp-content/uploads/2021/07/bau_mb_mbway.svg HTTP/1.1" 200 5318 "https://www.baudefruta.pt/produto/molho-de-soja/?doing_wp_cron=1710301465.9993169307708740234375" "Mozilla/5.0 (Linux; Android 5.0) AppleWebKit/537.36 (KHTML, like Gecko) Mobile Safari/537.36 (compatible; Bytespider; spider-feedback@bytedance.com)"
47.128.43.139 - - [06/Jun/2026:00:16:02 +0200] "GET /wp-content/uploads/2021/05/bau_livroreclamacoes.svg HTTP/1.1" 200 2886 "https://www.baudefruta.pt/produto/molho-de-soja/?doing_wp_cron=1710301465.9993169307708740234375" "Mozilla/5.0 (Linux; Android 5.0) AppleWebKit/537.36 (KHTML, like Gecko) Mobile Safari/537.36 (compatible; Bytespider; spider-feedback@bytedance.com)"
216.73.217.23 - - [06/Jun/2026:00:16:03 +0200] "GET /categoria-produto/mercearia/?add-to-cart=1987&doing_wp_cron=1780210598.5208179950714111328125&orderby=menu_order HTTP/1.1" 200 63288 "-" "Mozilla/5.0 AppleWebKit/537.36 (KHTML, like Gecko; compatible; ClaudeBot/1.0; +claudebot@anthropic.com)"
216.73.217.23 - - [06/Jun/2026:00:16:06 +0200] "GET /loja/page/2/?add-to-cart=563&doing_wp_cron=1780471518.8262639045715332031250&orderby=menu_order HTTP/1.1" 200 63846 "-" "Mozilla/5.0 AppleWebKit/537.36 (KHTML, like Gecko; compatible; ClaudeBot/1.0; +claudebot@anthropic.com)"
216.73.217.23 - - [06/Jun/2026:00:16:09 +0200] "GET /loja/page/3/?add-to-cart=535&doing_wp_cron=1780453197.6138989925384521484375&orderby=popularity HTTP/1.1" 200 63995 "-" "Mozilla/5.0 AppleWebKit/537.36 (KHTML, like Gecko; compatible; ClaudeBot/1.0; +claudebot@anthropic.com)"
52.167.144.161 - - [06/Jun/2026:00:16:13 +0200] "GET /page/9/?s&orderby=date&doing_wp_cron=1773759040.6507909297943115234375 HTTP/1.1" 200 52569 "-" "Mozilla/5.0 AppleWebKit/537.36 (KHTML, like Gecko; compatible; bingbot/2.0; +http://www.bing.com/bingbot.htm) Chrome/116.0.1938.76 Safari/537.36"
47.237.134.203 - - [06/Jun/2026:00:16:14 +0200] "GET /sites/favicon.ico HTTP/1.1" 404 548 "-" "Mozilla/5.0 (Linux; Android 6.0; Nexus 5 Build/MRA58N) AppleWebKit/537.36 (KHTML, like Gecko) Chrome/55.0.2883.87 Mobile Safari/537.36"
216.73.217.23 - - [06/Jun/2026:00:16:14 +0200] "GET /categoria-produto/mercearia/?add-to-cart=615&doing_wp_cron=1771209752.6232919692993164062500&orderby=popularity HTTP/1.1" 200 61270 "-" "Mozilla/5.0 AppleWebKit/537.36 (KHTML, like Gecko; compatible; ClaudeBot/1.0; +claudebot@anthropic.com)"
216.73.217.23 - - [06/Jun/2026:00:16:17 +0200] "GET /loja/page/10/?add-to-cart=715&doing_wp_cron=1758569056.8537590503692626953125&orderby=popularity HTTP/1.1" 200 61893 "-" "Mozilla/5.0 AppleWebKit/537.36 (KHTML, like Gecko; compatible; ClaudeBot/1.0; +claudebot@anthropic.com)"
216.73.217.23 - - [06/Jun/2026:00:16:20 +0200] "GET /loja/page/2/?add-to-cart=439&doing_wp_cron=1705054787.4118249416351318359375&orderby=popularity HTTP/1.1" 200 61558 "-" "Mozilla/5.0 AppleWebKit/537.36 (KHTML, like Gecko; compatible; ClaudeBot/1.0; +claudebot@anthropic.com)"
178.16.52.137 - - [06/Jun/2026:00:16:22 +0200] "POST /wp-login.php?action=register HTTP/1.1" 403 146 "-" "-"
216.73.217.23 - - [06/Jun/2026:00:16:23 +0200] "GET /loja/page/5/?add-to-cart=827&doing_wp_cron=1699032554.2910571098327636718750&orderby=popularity HTTP/1.1" 200 62267 "-" "Mozilla/5.0 AppleWebKit/537.36 (KHTML, like Gecko; compatible; ClaudeBot/1.0; +claudebot@anthropic.com)"
216.73.217.23 - - [06/Jun/2026:00:16:26 +0200] "GET /loja/page/4/?add-to-cart=817&doing_wp_cron=1699032554.2910571098327636718750&orderby=popularity HTTP/1.1" 200 62093 "-" "Mozilla/5.0 AppleWebKit/537.36 (KHTML, like Gecko; compatible; ClaudeBot/1.0; +claudebot@anthropic.com)"
52.167.144.169 - - [06/Jun/2026:00:16:26 +0200] "GET /categoria-produto/frescos/?doing_wp_cron=1768019798.0484080314636230468750&orderby=date HTTP/1.1" 200 60035 "-" "Mozilla/5.0 AppleWebKit/537.36 (KHTML, like Gecko; compatible; bingbot/2.0; +http://www.bing.com/bingbot.htm) Chrome/116.0.1938.76 Safari/537.36"
216.73.217.23 - - [06/Jun/2026:00:16:29 +0200] "GET /loja/page/9/?add-to-cart=735&doing_wp_cron=1705054787.4118249416351318359375&orderby=menu_order HTTP/1.1" 200 62202 "-" "Mozilla/5.0 AppleWebKit/537.36 (KHTML, like Gecko; compatible; ClaudeBot/1.0; +claudebot@anthropic.com)"
111.113.88.211 - - [06/Jun/2026:00:16:30 +0200] "GET / HTTP/1.1" 302 102 "-" "Mozilla/5.067805899 Mozilla/5.0 (Windows NT 6.1; WOW64) AppleWebKit/537.36 (KHTML, like Gecko) Chrome/63.0.3239.132 Safari/537.36"
111.113.88.211 - - [06/Jun/2026:00:16:30 +0200] "GET /?doing_wp_cron=1780697790.2480599880218505859375 HTTP/1.1" 301 5 "-" "Mozilla/5.067805899 Mozilla/5.0 (Windows NT 6.1; WOW64) AppleWebKit/537.36 (KHTML, like Gecko) Chrome/63.0.3239.132 Safari/537.36"
216.73.217.23 - - [06/Jun/2026:00:16:32 +0200] "GET /loja/page/10/?add-to-cart=637&doing_wp_cron=1699032554.2910571098327636718750&orderby=menu_order HTTP/1.1" 200 62656 "-" "Mozilla/5.0 AppleWebKit/537.36 (KHTML, like Gecko; compatible; ClaudeBot/1.0; +claudebot@anthropic.com)"
216.73.217.23 - - [06/Jun/2026:00:16:35 +0200] "GET /loja/page/3/?add-to-cart=563&doing_wp_cron=1705054787.4118249416351318359375&orderby=menu_order HTTP/1.1" 200 62367 "-" "Mozilla/5.0 AppleWebKit/537.36 (KHTML, like Gecko; compatible; ClaudeBot/1.0; +claudebot@anthropic.com)"
216.73.217.23 - - [06/Jun/2026:00:16:38 +0200] "GET /loja/page/5/?add-to-cart=1993&doing_wp_cron=1758569056.8537590503692626953125&orderby=date HTTP/1.1" 200 62886 "-" "Mozilla/5.0 AppleWebKit/537.36 (KHTML, like Gecko; compatible; ClaudeBot/1.0; +claudebot@anthropic.com)"
216.73.217.23 - - [06/Jun/2026:00:16:41 +0200] "GET /loja/page/5/?add-to-cart=1543&doing_wp_cron=1758569056.8537590503692626953125&orderby=popularity HTTP/1.1" 200 63490 "-" "Mozilla/5.0 AppleWebKit/537.36 (KHTML, like Gecko; compatible; ClaudeBot/1.0; +claudebot@anthropic.com)"
216.73.217.23 - - [06/Jun/2026:00:16:44 +0200] "GET /loja/page/10/?add-to-cart=478&doing_wp_cron=1699032554.2910571098327636718750&orderby=menu_order HTTP/1.1" 200 63466 "-" "Mozilla/5.0 AppleWebKit/537.36 (KHTML, like Gecko; compatible; ClaudeBot/1.0; +claudebot@anthropic.com)"
216.73.217.23 - - [06/Jun/2026:00:16:47 +0200] "GET /loja/page/10/?add-to-cart=2033&doing_wp_cron=1699032554.2910571098327636718750&orderby=menu_order HTTP/1.1" 200 63694 "-" "Mozilla/5.0 AppleWebKit/537.36 (KHTML, like Gecko; compatible; ClaudeBot/1.0; +claudebot@anthropic.com)"
45.174.175.131 - - [06/Jun/2026:00:16:48 +0200] "GET /categoria-produto/mercearia/?doing_wp_cron=1776372448.3403480052947998046875&orderby=price HTTP/1.1" 200 60166 "-" "Mozilla/5.0 (Linux; Android 2.2.3) AppleWebKit/532.2 (KHTML, like Gecko) Chrome/13.0.873.0 Safari/532.2"
216.73.217.23 - - [06/Jun/2026:00:16:52 +0200] "GET /loja/page/3/?add-to-cart=2042&doing_wp_cron=1705054787.4118249416351318359375&orderby=popularity HTTP/1.1" 200 61166 "-" "Mozilla/5.0 AppleWebKit/537.36 (KHTML, like Gecko; compatible; ClaudeBot/1.0; +claudebot@anthropic.com)"
216.73.217.23 - - [06/Jun/2026:00:16:56 +0200] "GET /loja/page/10/?add-to-cart=4234&doing_wp_cron=1724760408.5467429161071777343750&orderby=menu_order HTTP/1.1" 200 61554 "-" "Mozilla/5.0 AppleWebKit/537.36 (KHTML, like Gecko; compatible; ClaudeBot/1.0; +claudebot@anthropic.com)"
216.73.217.23 - - [06/Jun/2026:00:17:00 +0200] "GET /loja/page/8/?add-to-cart=2047&doing_wp_cron=1758569056.8537590503692626953125&orderby=date HTTP/1.1" 200 61305 "-" "Mozilla/5.0 AppleWebKit/537.36 (KHTML, like Gecko; compatible; ClaudeBot/1.0; +claudebot@anthropic.com)"
216.73.217.23 - - [06/Jun/2026:00:17:05 +0200] "GET /loja/page/9/?add-to-cart=4231&doing_wp_cron=1711616234.3928558826446533203125&orderby=popularity HTTP/1.1" 200 62200 "-" "Mozilla/5.0 AppleWebKit/537.36 (KHTML, like Gecko; compatible; ClaudeBot/1.0; +claudebot@anthropic.com)"
216.73.217.23 - - [06/Jun/2026:00:17:09 +0200] "GET /loja/page/2/?add-to-cart=1937&doing_wp_cron=1724760408.5467429161071777343750&orderby=popularity HTTP/1.1" 200 61093 "-" "Mozilla/5.0 AppleWebKit/537.36 (KHTML, like Gecko; compatible; ClaudeBot/1.0; +claudebot@anthropic.com)"
216.73.217.23 - - [06/Jun/2026:00:17:12 +0200] "GET /loja/page/3/?add-to-cart=1994&doing_wp_cron=1703787820.8273739814758300781250&orderby=menu_order HTTP/1.1" 200 61007 "-" "Mozilla/5.0 AppleWebKit/537.36 (KHTML, like Gecko; compatible; ClaudeBot/1.0; +claudebot@anthropic.com)"
216.73.217.23 - - [06/Jun/2026:00:17:14 +0200] "GET /loja/page/4/?add-to-cart=823&doing_wp_cron=1705054787.4118249416351318359375&orderby=menu_order HTTP/1.1" 200 61793 "-" "Mozilla/5.0 AppleWebKit/537.36 (KHTML, like Gecko; compatible; ClaudeBot/1.0; +claudebot@anthropic.com)"
114.119.152.161 - - [06/Jun/2026:00:17:15 +0200] "GET /loja/page/7/?orderby=price&doing_wp_cron=1680264563.2421629428863525390625 HTTP/1.1" 200 60585 "https://www.baudefruta.pt/loja/page/8/?orderby=price&doing_wp_cron=1680264563.2421629428863525390625" "Mozilla/5.0 (Linux; Android 7.0;) AppleWebKit/537.36 (HTML, like Gecko) Mobile Safari/537.36 (compatible; PetalBot;+https://webmaster.petalsearch.com/site/petalbot)"
216.73.217.23 - - [06/Jun/2026:00:17:17 +0200] "GET /loja/page/4/?add-to-cart=895&doing_wp_cron=1758569056.8537590503692626953125&orderby=date HTTP/1.1" 200 62024 "-" "Mozilla/5.0 AppleWebKit/537.36 (KHTML, like Gecko; compatible; ClaudeBot/1.0; +claudebot@anthropic.com)"
216.73.217.23 - - [06/Jun/2026:00:17:20 +0200] "GET /loja/page/3/?add-to-cart=717&doing_wp_cron=1701153572.9826118946075439453125&orderby=menu_order HTTP/1.1" 200 61691 "-" "Mozilla/5.0 AppleWebKit/537.36 (KHTML, like Gecko; compatible; ClaudeBot/1.0; +claudebot@anthropic.com)"
57.141.20.72 - - [06/Jun/2026:00:17:22 +0200] "GET /sitemap.txt?doing_wp_cron=1770552013.3644819259643554687500 HTTP/1.1" 301 5 "-" "meta-externalagent/1.1 (+https://developers.facebook.com/docs/sharing/webmasters/crawler)"
216.73.217.23 - - [06/Jun/2026:00:17:23 +0200] "GET /loja/page/7/?add-to-cart=777&doing_wp_cron=1699032554.2910571098327636718750&orderby=menu_order HTTP/1.1" 200 62302 "-" "Mozilla/5.0 AppleWebKit/537.36 (KHTML, like Gecko; compatible; ClaudeBot/1.0; +claudebot@anthropic.com)"
216.73.217.23 - - [06/Jun/2026:00:17:26 +0200] "GET /loja/page/7/?add-to-cart=641&doing_wp_cron=1724760408.5467429161071777343750&orderby=popularity HTTP/1.1" 200 62923 "-" "Mozilla/5.0 AppleWebKit/537.36 (KHTML, like Gecko; compatible; ClaudeBot/1.0; +claudebot@anthropic.com)"
216.73.217.23 - - [06/Jun/2026:00:17:29 +0200] "GET /loja/page/8/?add-to-cart=425&doing_wp_cron=1724760408.5467429161071777343750&orderby=menu_order HTTP/1.1" 200 62585 "-" "Mozilla/5.0 AppleWebKit/537.36 (KHTML, like Gecko; compatible; ClaudeBot/1.0; +claudebot@anthropic.com)"
216.73.217.23 - - [06/Jun/2026:00:17:32 +0200] "GET /loja/page/3/?add-to-cart=2009&doing_wp_cron=1724760408.5467429161071777343750&orderby=date HTTP/1.1" 200 62733 "-" "Mozilla/5.0 AppleWebKit/537.36 (KHTML, like Gecko; compatible; ClaudeBot/1.0; +claudebot@anthropic.com)"
216.73.217.23 - - [06/Jun/2026:00:17:34 +0200] "GET /categoria-produto/frescos/legumes/page/3/?add-to-cart=561&orderby=date HTTP/1.1" 302 11 "-" "Mozilla/5.0 AppleWebKit/537.36 (KHTML, like Gecko; compatible; ClaudeBot/1.0; +claudebot@anthropic.com)"
216.73.217.23 - - [06/Jun/2026:00:17:35 +0200] "GET /categoria-produto/frescos/legumes/page/3/?add-to-cart=561&orderby=date&doing_wp_cron=1780697854.6518309116363525390625 HTTP/1.1" 200 60423 "https://www.baudefruta.pt/categoria-produto/frescos/legumes/page/3/?add-to-cart=561&orderby=date" "Mozilla/5.0 AppleWebKit/537.36 (KHTML, like Gecko; compatible; ClaudeBot/1.0; +claudebot@anthropic.com)"
216.73.217.23 - - [06/Jun/2026:00:17:38 +0200] "GET /loja/?add-to-cart=494&doing_wp_cron=1749485637.4724121093750000000000&orderby=popularity HTTP/1.1" 200 62934 "-" "Mozilla/5.0 AppleWebKit/537.36 (KHTML, like Gecko; compatible; ClaudeBot/1.0; +claudebot@anthropic.com)"
216.73.217.23 - - [06/Jun/2026:00:17:42 +0200] "GET /loja/page/9/?add-to-cart=725&doing_wp_cron=1758569056.8537590503692626953125&orderby=date HTTP/1.1" 200 60517 "-" "Mozilla/5.0 AppleWebKit/537.36 (KHTML, like Gecko; compatible; ClaudeBot/1.0; +claudebot@anthropic.com)"
216.73.217.23 - - [06/Jun/2026:00:17:45 +0200] "GET /loja/page/4/?add-to-cart=1993&doing_wp_cron=1699032554.2910571098327636718750&orderby=date HTTP/1.1" 200 61630 "-" "Mozilla/5.0 AppleWebKit/537.36 (KHTML, like Gecko; compatible; ClaudeBot/1.0; +claudebot@anthropic.com)"
216.73.217.23 - - [06/Jun/2026:00:17:48 +0200] "GET /loja/page/4/?add-to-cart=749&doing_wp_cron=1703787820.8273739814758300781250&orderby=menu_order HTTP/1.1" 200 61738 "-" "Mozilla/5.0 AppleWebKit/537.36 (KHTML, like Gecko; compatible; ClaudeBot/1.0; +claudebot@anthropic.com)"
216.73.217.23 - - [06/Jun/2026:00:17:51 +0200] "GET /loja/page/2/?add-to-cart=1992&doing_wp_cron=1705054787.4118249416351318359375&orderby=date HTTP/1.1" 200 61671 "-" "Mozilla/5.0 AppleWebKit/537.36 (KHTML, like Gecko; compatible; ClaudeBot/1.0; +claudebot@anthropic.com)"
216.73.217.23 - - [06/Jun/2026:00:17:54 +0200] "GET /loja/page/2/?add-to-cart=1934&doing_wp_cron=1705054787.4118249416351318359375&orderby=popularity HTTP/1.1" 200 62023 "-" "Mozilla/5.0 AppleWebKit/537.36 (KHTML, like Gecko; compatible; ClaudeBot/1.0; +claudebot@anthropic.com)"
216.73.217.23 - - [06/Jun/2026:00:17:57 +0200] "GET /loja/page/4/?add-to-cart=897&doing_wp_cron=1703787820.8273739814758300781250&orderby=menu_order HTTP/1.1" 200 62368 "-" "Mozilla/5.0 AppleWebKit/537.36 (KHTML, like Gecko; compatible; ClaudeBot/1.0; +claudebot@anthropic.com)"
216.73.217.23 - - [06/Jun/2026:00:18:00 +0200] "GET /loja/page/2/?add-to-cart=604&doing_wp_cron=1705054787.4118249416351318359375&orderby=date HTTP/1.1" 200 62334 "-" "Mozilla/5.0 AppleWebKit/537.36 (KHTML, like Gecko; compatible; ClaudeBot/1.0; +claudebot@anthropic.com)"
216.73.217.23 - - [06/Jun/2026:00:18:03 +0200] "GET /loja/page/10/?add-to-cart=484&doing_wp_cron=1699032554.2910571098327636718750&orderby=popularity HTTP/1.1" 200 63205 "-" "Mozilla/5.0 AppleWebKit/537.36 (KHTML, like Gecko; compatible; ClaudeBot/1.0; +claudebot@anthropic.com)"
216.73.217.23 - - [06/Jun/2026:00:18:06 +0200] "GET /loja/page/2/?add-to-cart=2034&doing_wp_cron=1711616234.3928558826446533203125&orderby=popularity HTTP/1.1" 200 62898 "-" "Mozilla/5.0 AppleWebKit/537.36 (KHTML, like Gecko; compatible; ClaudeBot/1.0; +claudebot@anthropic.com)"
79.119.88.162 - - [06/Jun/2026:00:18:09 +0200] "GET /categoria-produto/mercearia/?add-to-cart=1983&doing_wp_cron=1779681489.2657740116119384765625&orderby=date HTTP/1.1" 200 60643 "-" "Mozilla/5.0 (Macintosh; Intel Mac OS X 10_7_1; rv:1.9.4.20) Gecko/4451-09-24 16:43:34.592651 Firefox/3.8"
216.73.217.23 - - [06/Jun/2026:00:18:09 +0200] "GET /loja/page/3/?add-to-cart=1987&doing_wp_cron=1703787820.8273739814758300781250&orderby=popularity HTTP/1.1" 200 63220 "-" "Mozilla/5.0 AppleWebKit/537.36 (KHTML, like Gecko; compatible; ClaudeBot/1.0; +claudebot@anthropic.com)"
216.73.217.23 - - [06/Jun/2026:00:18:12 +0200] "GET /loja/?add-to-cart=1560&doing_wp_cron=1759043873.1749200820922851562500&orderby=price-desc HTTP/1.1" 200 65516 "-" "Mozilla/5.0 AppleWebKit/537.36 (KHTML, like Gecko; compatible; ClaudeBot/1.0; +claudebot@anthropic.com)"
216.73.217.23 - - [06/Jun/2026:00:18:15 +0200] "GET /loja/page/11/?add-to-cart=521&doing_wp_cron=1711616234.3928558826446533203125&orderby=menu_order HTTP/1.1" 200 64746 "-" "Mozilla/5.0 AppleWebKit/537.36 (KHTML, like Gecko; compatible; ClaudeBot/1.0; +claudebot@anthropic.com)"
216.73.217.23 - - [06/Jun/2026:00:18:18 +0200] "GET /loja/page/3/?add-to-cart=1984&doing_wp_cron=1705054787.4118249416351318359375&orderby=popularity HTTP/1.1" 200 65545 "-" "Mozilla/5.0 AppleWebKit/537.36 (KHTML, like Gecko; compatible; ClaudeBot/1.0; +claudebot@anthropic.com)"
216.73.217.23 - - [06/Jun/2026:00:18:21 +0200] "GET /loja/page/3/?add-to-cart=1994&doing_wp_cron=1705054787.4118249416351318359375&orderby=date HTTP/1.1" 200 65533 "-" "Mozilla/5.0 AppleWebKit/537.36 (KHTML, like Gecko; compatible; ClaudeBot/1.0; +claudebot@anthropic.com)"
216.73.217.23 - - [06/Jun/2026:00:18:24 +0200] "GET /loja/page/4/?add-to-cart=706&doing_wp_cron=1703787820.8273739814758300781250&orderby=menu_order HTTP/1.1" 200 66006 "-" "Mozilla/5.0 AppleWebKit/537.36 (KHTML, like Gecko; compatible; ClaudeBot/1.0; +claudebot@anthropic.com)"
216.73.217.23 - - [06/Jun/2026:00:18:27 +0200] "GET /loja/page/2/?add-to-cart=2042&doing_wp_cron=1703787820.8273739814758300781250&orderby=menu_order HTTP/1.1" 200 66103 "-" "Mozilla/5.0 AppleWebKit/537.36 (KHTML, like Gecko; compatible; ClaudeBot/1.0; +claudebot@anthropic.com)"
91.92.242.223 - - [06/Jun/2026:00:18:27 +0200] "POST /wp-login.php?action=register HTTP/1.1" 403 146 "-" "-"
216.73.217.23 - - [06/Jun/2026:00:18:30 +0200] "GET /loja/page/2/?add-to-cart=2036&doing_wp_cron=1703787820.8273739814758300781250&orderby=menu_order HTTP/1.1" 200 66335 "-" "Mozilla/5.0 AppleWebKit/537.36 (KHTML, like Gecko; compatible; ClaudeBot/1.0; +claudebot@anthropic.com)"
216.73.217.23 - - [06/Jun/2026:00:18:33 +0200] "GET /loja/page/5/?add-to-cart=2042&doing_wp_cron=1705054787.4118249416351318359375&orderby=popularity HTTP/1.1" 200 66573 "-" "Mozilla/5.0 AppleWebKit/537.36 (KHTML, like Gecko; compatible; ClaudeBot/1.0; +claudebot@anthropic.com)"
216.73.217.23 - - [06/Jun/2026:00:18:36 +0200] "GET /loja/page/2/?add-to-cart=587&doing_wp_cron=1705054787.4118249416351318359375&orderby=date HTTP/1.1" 200 66182 "-" "Mozilla/5.0 AppleWebKit/537.36 (KHTML, like Gecko; compatible; ClaudeBot/1.0; +claudebot@anthropic.com)"
114.119.141.203 - - [06/Jun/2026:00:18:38 +0200] "GET /loja/page/7/?orderby=price&doing_wp_cron=1679496581.6614971160888671875000 HTTP/1.1" 200 60587 "https://www.baudefruta.pt/loja/page/6/?orderby=price&doing_wp_cron=1679496581.6614971160888671875000" "Mozilla/5.0 (Linux; Android 7.0;) AppleWebKit/537.36 (HTML, like Gecko) Mobile Safari/537.36 (compatible; PetalBot;+https://webmaster.petalsearch.com/site/petalbot)"
216.73.217.23 - - [06/Jun/2026:00:18:39 +0200] "GET /loja/page/5/?add-to-cart=583&doing_wp_cron=1711616234.3928558826446533203125&orderby=popularity HTTP/1.1" 200 66866 "-" "Mozilla/5.0 AppleWebKit/537.36 (KHTML, like Gecko; compatible; ClaudeBot/1.0; +claudebot@anthropic.com)"
167.71.214.163 - - [06/Jun/2026:00:18:42 +0200] "GET /wp-login.php HTTP/1.1" 200 51437 "-" "Mozilla/5.0 (X11; Fedora; Linux x86_64) AppleWebKit/537.36 (KHTML, like Gecko) Chrome/133.0.0.0 Safari/537.36"
216.73.217.23 - - [06/Jun/2026:00:18:42 +0200] "GET /loja/page/2/?add-to-cart=2037&doing_wp_cron=1724760408.5467429161071777343750&orderby=date HTTP/1.1" 200 66524 "-" "Mozilla/5.0 AppleWebKit/537.36 (KHTML, like Gecko; compatible; ClaudeBot/1.0; +claudebot@anthropic.com)"
167.71.214.163 - - [06/Jun/2026:00:18:43 +0200] "POST /wp-login.php HTTP/1.1" 405 552 "https://baudefruta.pt/wp-login.php" "Mozilla/5.0 (X11; Fedora; Linux x86_64) AppleWebKit/537.36 (KHTML, like Gecko) Chrome/133.0.0.0 Safari/537.36"
216.73.217.23 - - [06/Jun/2026:00:18:47 +0200] "GET /loja/page/4/?add-to-cart=550&doing_wp_cron=1780445092.3632619380950927734375&orderby=popularity HTTP/1.1" 200 61146 "-" "Mozilla/5.0 AppleWebKit/537.36 (KHTML, like Gecko; compatible; ClaudeBot/1.0; +claudebot@anthropic.com)"
216.73.217.23 - - [06/Jun/2026:00:18:50 +0200] "GET /loja/page/5/?add-to-cart=589&doing_wp_cron=1780384400.8176770210266113281250&orderby=menu_order HTTP/1.1" 200 61198 "-" "Mozilla/5.0 AppleWebKit/537.36 (KHTML, like Gecko; compatible; ClaudeBot/1.0; +claudebot@anthropic.com)"
216.73.217.23 - - [06/Jun/2026:00:18:53 +0200] "GET /loja/?add-to-cart=18756&doing_wp_cron=1780328969.7069408893585205078125&orderby=popularity HTTP/1.1" 200 61254 "-" "Mozilla/5.0 AppleWebKit/537.36 (KHTML, like Gecko; compatible; ClaudeBot/1.0; +claudebot@anthropic.com)"
216.73.217.23 - - [06/Jun/2026:00:18:56 +0200] "GET /loja/page/3/?add-to-cart=4236&doing_wp_cron=1780455680.5886950492858886718750&orderby=menu_order HTTP/1.1" 200 61410 "-" "Mozilla/5.0 AppleWebKit/537.36 (KHTML, like Gecko; compatible; ClaudeBot/1.0; +claudebot@anthropic.com)"
216.73.217.23 - - [06/Jun/2026:00:18:59 +0200] "GET /loja/page/6/?add-to-cart=1990&doing_wp_cron=1780462796.7094769477844238281250&orderby=popularity HTTP/1.1" 200 62524 "-" "Mozilla/5.0 AppleWebKit/537.36 (KHTML, like Gecko; compatible; ClaudeBot/1.0; +claudebot@anthropic.com)"
216.73.217.23 - - [06/Jun/2026:00:19:02 +0200] "GET /loja/page/11/?add-to-cart=2036&doing_wp_cron=1780471578.9829709529876708984375&orderby=popularity HTTP/1.1" 200 62128 "-" "Mozilla/5.0 AppleWebKit/537.36 (KHTML, like Gecko; compatible; ClaudeBot/1.0; +claudebot@anthropic.com)"
216.73.217.23 - - [06/Jun/2026:00:19:05 +0200] "GET /loja/page/6/?add-to-cart=735&doing_wp_cron=1780429678.1482779979705810546875&orderby=date HTTP/1.1" 200 62402 "-" "Mozilla/5.0 AppleWebKit/537.36 (KHTML, like Gecko; compatible; ClaudeBot/1.0; +claudebot@anthropic.com)"
216.73.217.23 - - [06/Jun/2026:00:19:08 +0200] "GET /loja/page/3/?add-to-cart=2040&doing_wp_cron=1780438640.8086369037628173828125&orderby=popularity HTTP/1.1" 200 62719 "-" "Mozilla/5.0 AppleWebKit/537.36 (KHTML, like Gecko; compatible; ClaudeBot/1.0; +claudebot@anthropic.com)"
216.73.217.23 - - [06/Jun/2026:00:19:11 +0200] "GET /loja/page/9/?add-to-cart=710&doing_wp_cron=1780471500.7316999435424804687500&orderby=menu_order HTTP/1.1" 200 62816 "-" "Mozilla/5.0 AppleWebKit/537.36 (KHTML, like Gecko; compatible; ClaudeBot/1.0; +claudebot@anthropic.com)"
216.73.217.23 - - [06/Jun/2026:00:19:14 +0200] "GET /loja/page/4/?add-to-cart=427&doing_wp_cron=1780205258.9664719104766845703125&orderby=date HTTP/1.1" 200 63334 "-" "Mozilla/5.0 AppleWebKit/537.36 (KHTML, like Gecko; compatible; ClaudeBot/1.0; +claudebot@anthropic.com)"
216.73.217.23 - - [06/Jun/2026:00:19:17 +0200] "GET /categoria-produto/mercearia/?add-to-cart=719&doing_wp_cron=1780263777.0081369876861572265625&orderby=menu_order HTTP/1.1" 200 63050 "-" "Mozilla/5.0 AppleWebKit/537.36 (KHTML, like Gecko; compatible; ClaudeBot/1.0; +claudebot@anthropic.com)"
52.167.144.189 - - [06/Jun/2026:00:19:22 +0200] "GET /item/1349357?sellerview=on HTTP/1.1" 302 11 "-" "Mozilla/5.0 AppleWebKit/537.36 (KHTML, like Gecko; compatible; bingbot/2.0; +http://www.bing.com/bingbot.htm) Chrome/116.0.1938.76 Safari/537.36"
216.73.217.23 - - [06/Jun/2026:00:19:23 +0200] "GET /produto/tamara-medjoul-large/?add-to-cart=626&doing_wp_cron=1780325457.0876410007476806640625 HTTP/1.1" 200 59138 "-" "Mozilla/5.0 AppleWebKit/537.36 (KHTML, like Gecko; compatible; ClaudeBot/1.0; +claudebot@anthropic.com)"
52.167.144.189 - - [06/Jun/2026:00:19:23 +0200] "GET /item/1349357?sellerview=on&doing_wp_cron=1780697962.6949241161346435546875 HTTP/1.1" 301 5 "-" "Mozilla/5.0 AppleWebKit/537.36 (KHTML, like Gecko; compatible; bingbot/2.0; +http://www.bing.com/bingbot.htm) Chrome/116.0.1938.76 Safari/537.36"
216.73.217.23 - - [06/Jun/2026:00:19:26 +0200] "GET /loja/page/8/?add-to-cart=3500&doing_wp_cron=1770738320.9674439430236816406250&orderby=menu_order HTTP/1.1" 200 61332 "-" "Mozilla/5.0 AppleWebKit/537.36 (KHTML, like Gecko; compatible; ClaudeBot/1.0; +claudebot@anthropic.com)"
45.162.146.141 - - [06/Jun/2026:00:19:26 +0200] "GET /produto/melao-verde/?add-to-cart=575&doing_wp_cron=1779801707.1927590370178222656250 HTTP/1.1" 200 59197 "-" "Mozilla/5.0 (compatible; MSIE 9.0; Windows NT 11.0; Trident/3.0)"
216.73.217.23 - - [06/Jun/2026:00:19:28 +0200] "GET /loja/page/4/?add-to-cart=1124&doing_wp_cron=1780420099.1374759674072265625000&orderby=menu_order HTTP/1.1" 200 61817 "-" "Mozilla/5.0 AppleWebKit/537.36 (KHTML, like Gecko; compatible; ClaudeBot/1.0; +claudebot@anthropic.com)"
216.73.217.23 - - [06/Jun/2026:00:19:31 +0200] "GET /loja/page/11/?add-to-cart=541&doing_wp_cron=1749500398.4001810550689697265625&orderby=menu_order HTTP/1.1" 200 61283 "-" "Mozilla/5.0 AppleWebKit/537.36 (KHTML, like Gecko; compatible; ClaudeBot/1.0; +claudebot@anthropic.com)"
216.73.217.23 - - [06/Jun/2026:00:19:35 +0200] "GET /categoria-produto/mercearia/?add-to-cart=3501&doing_wp_cron=1780415239.5261960029602050781250&orderby=menu_order HTTP/1.1" 200 61703 "-" "Mozilla/5.0 AppleWebKit/537.36 (KHTML, like Gecko; compatible; ClaudeBot/1.0; +claudebot@anthropic.com)"
43.157.175.122 - - [06/Jun/2026:00:19:37 +0200] "GET /?p=1 HTTP/1.1" 301 5 "-" "Mozilla/5.0 (iPhone; CPU iPhone OS 13_2_3 like Mac OS X) AppleWebKit/605.1.15 (KHTML, like Gecko) Version/13.0.3 Mobile/15E148 Safari/604.1"
216.73.217.23 - - [06/Jun/2026:00:19:38 +0200] "GET /loja/page/4/?add-to-cart=817&doing_wp_cron=1780345137.3122010231018066406250&orderby=date HTTP/1.1" 200 62494 "-" "Mozilla/5.0 AppleWebKit/537.36 (KHTML, like Gecko; compatible; ClaudeBot/1.0; +claudebot@anthropic.com)"
102.35.178.118 - - [06/Jun/2026:00:19:38 +0200] "GET /produto/feijao-vermelho-cozido/?add-to-cart=727&doing_wp_cron=1779867753.1497900485992431640625 HTTP/1.1" 200 59431 "-" "Mozilla/5.0 (compatible; MSIE 7.0; Windows 98; Trident/3.1)"
216.73.217.23 - - [06/Jun/2026:00:19:41 +0200] "GET /loja/page/6/?add-to-cart=447&doing_wp_cron=1780582556.8518009185791015625000&orderby=menu_order HTTP/1.1" 200 62308 "-" "Mozilla/5.0 AppleWebKit/537.36 (KHTML, like Gecko; compatible; ClaudeBot/1.0; +claudebot@anthropic.com)"
216.73.217.23 - - [06/Jun/2026:00:19:44 +0200] "GET /loja/page/8/?add-to-cart=817&doing_wp_cron=1780205258.9664719104766845703125&orderby=date HTTP/1.1" 200 62163 "-" "Mozilla/5.0 AppleWebKit/537.36 (KHTML, like Gecko; compatible; ClaudeBot/1.0; +claudebot@anthropic.com)"
40.77.167.254 - - [06/Jun/2026:00:19:44 +0200] "GET /produto/caldo-de-galinha-16-cubos/ HTTP/1.1" 200 57859 "-" "Mozilla/5.0 AppleWebKit/537.36 (KHTML, like Gecko; compatible; bingbot/2.0; +http://www.bing.com/bingbot.htm) Chrome/116.0.1938.76 Safari/537.36"
43.157.175.122 - - [06/Jun/2026:00:19:46 +0200] "GET /2021/05/11/ola-mundo/ HTTP/1.1" 200 294313 "https://www.baudefruta.pt/?p=1" "Mozilla/5.0 (iPhone; CPU iPhone OS 13_2_3 like Mac OS X) AppleWebKit/605.1.15 (KHTML, like Gecko) Version/13.0.3 Mobile/15E148 Safari/604.1"
216.73.217.23 - - [06/Jun/2026:00:19:47 +0200] "GET /loja/page/3/?add-to-cart=474&doing_wp_cron=1780388636.6831140518188476562500&orderby=popularity HTTP/1.1" 200 62732 "-" "Mozilla/5.0 AppleWebKit/537.36 (KHTML, like Gecko; compatible; ClaudeBot/1.0; +claudebot@anthropic.com)"
216.73.217.23 - - [06/Jun/2026:00:19:50 +0200] "GET /loja/page/7/?add-to-cart=701&doing_wp_cron=1780555563.7996189594268798828125&orderby=date HTTP/1.1" 200 62850 "-" "Mozilla/5.0 AppleWebKit/537.36 (KHTML, like Gecko; compatible; ClaudeBot/1.0; +claudebot@anthropic.com)"
40.77.167.254 - - [06/Jun/2026:00:19:51 +0200] "GET /produto/tomilho-100gr/?doing_wp_cron=1765356191.7443110942840576171875 HTTP/1.1" 200 57395 "-" "Mozilla/5.0 AppleWebKit/537.36 (KHTML, like Gecko; compatible; bingbot/2.0; +http://www.bing.com/bingbot.htm) Chrome/116.0.1938.76 Safari/537.36"
216.73.217.23 - - [06/Jun/2026:00:19:52 +0200] "GET /loja/page/11/?add-to-cart=472&doing_wp_cron=1780471500.7316999435424804687500&orderby=menu_order HTTP/1.1" 200 62593 "-" "Mozilla/5.0 AppleWebKit/537.36 (KHTML, like Gecko; compatible; ClaudeBot/1.0; +claudebot@anthropic.com)"
216.73.217.23 - - [06/Jun/2026:00:19:56 +0200] "GET /loja/page/5/?add-to-cart=829&doing_wp_cron=1780426458.2645881175994873046875&orderby=date HTTP/1.1" 200 63322 "-" "Mozilla/5.0 AppleWebKit/537.36 (KHTML, like Gecko; compatible; ClaudeBot/1.0; +claudebot@anthropic.com)"
216.73.217.23 - - [06/Jun/2026:00:19:59 +0200] "GET /produto/alface-iberica-250gr/?add-to-cart=4218&doing_wp_cron=1764177327.5529019832611083984375 HTTP/1.1" 200 61687 "-" "Mozilla/5.0 AppleWebKit/537.36 (KHTML, like Gecko; compatible; ClaudeBot/1.0; +claudebot@anthropic.com)"
216.73.217.23 - - [06/Jun/2026:00:20:02 +0200] "GET /produto/alho-granulado-em-frasco/?add-to-cart=777&doing_wp_cron=1780205618.0370869636535644531250 HTTP/1.1" 200 61915 "-" "Mozilla/5.0 AppleWebKit/537.36 (KHTML, like Gecko; compatible; ClaudeBot/1.0; +claudebot@anthropic.com)"
216.73.217.23 - - [06/Jun/2026:00:20:05 +0200] "GET /produto/azeitona-preta-oxidada/?add-to-cart=478&doing_wp_cron=1780197819.7277491092681884765625 HTTP/1.1" 200 62192 "-" "Mozilla/5.0 AppleWebKit/537.36 (KHTML, like Gecko; compatible; ClaudeBot/1.0; +claudebot@anthropic.com)"
67.209.178.214 - - [06/Jun/2026:00:20:06 +0200] "GET /2021/05/11/ola-mundo/ HTTP/1.1" 200 1134527 "https://www.baudefruta.pt/" "Mozilla/5.0 (Windows NT 10.0; Win64; x64) AppleWebKit/537.36 (KHTML, like Gecko) Chrome/117.0.5938.132 Safari/537.36"
114.119.152.161 - - [06/Jun/2026:00:20:06 +0200] "GET /loja/page/7/?orderby=popularity&doing_wp_cron=1779799824.4562649726867675781250 HTTP/1.1" 200 60863 "https://www.baudefruta.pt/loja/page/7/?orderby=price&doing_wp_cron=1779799824.4562649726867675781250" "Mozilla/5.0 (Linux; Android 7.0;) AppleWebKit/537.36 (HTML, like Gecko) Mobile Safari/537.36 (compatible; PetalBot;+https://webmaster.petalsearch.com/site/petalbot)"
