216.73.217.23 - - [06/Jun/2026:02:51:22 +0200] "GET /loja/?add-to-cart=737&doing_wp_cron=1770738320.9674439430236816406250&orderby=price HTTP/1.1" 200 61158 "-" "Mozilla/5.0 AppleWebKit/537.36 (KHTML, like Gecko; compatible; ClaudeBot/1.0; +claudebot@anthropic.com)"
216.73.217.23 - - [06/Jun/2026:02:51:23 +0200] "GET /loja/page/4/?add-to-cart=478&doing_wp_cron=1780328969.7069408893585205078125&orderby=popularity HTTP/1.1" 200 61405 "-" "Mozilla/5.0 AppleWebKit/537.36 (KHTML, like Gecko; compatible; ClaudeBot/1.0; +claudebot@anthropic.com)"
216.73.217.23 - - [06/Jun/2026:02:51:26 +0200] "GET /loja/page/11/?add-to-cart=899&doing_wp_cron=1780319120.4665279388427734375000&orderby=menu_order HTTP/1.1" 200 61051 "-" "Mozilla/5.0 AppleWebKit/537.36 (KHTML, like Gecko; compatible; ClaudeBot/1.0; +claudebot@anthropic.com)"
216.73.217.23 - - [06/Jun/2026:02:51:29 +0200] "GET /loja/page/5/?add-to-cart=788&doing_wp_cron=1780420099.1374759674072265625000&orderby=date HTTP/1.1" 200 61824 "-" "Mozilla/5.0 AppleWebKit/537.36 (KHTML, like Gecko; compatible; ClaudeBot/1.0; +claudebot@anthropic.com)"
138.16.173.132 - - [06/Jun/2026:02:51:32 +0200] "GET / HTTP/1.0" 200 470751 "https://www.baudefruta.pt/" "Mozilla/5.0 (Windows NT 10.0; Win64; x64) AppleWebKit/537.36 (KHTML, like Gecko) Chrome/131.0.0.0 Safari/537.36"
216.73.217.23 - - [06/Jun/2026:02:51:32 +0200] "GET /loja/page/2/?add-to-cart=710&doing_wp_cron=1780490103.7011010646820068359375&orderby=price HTTP/1.1" 200 61900 "-" "Mozilla/5.0 AppleWebKit/537.36 (KHTML, like Gecko; compatible; ClaudeBot/1.0; +claudebot@anthropic.com)"
138.16.173.132 - - [06/Jun/2026:02:51:33 +0200] "GET /contactos/ HTTP/1.0" 302 91 "https://www.baudefruta.pt/contactos/" "Mozilla/5.0 (Windows NT 10.0; Win64; x64) AppleWebKit/537.36 (KHTML, like Gecko) Chrome/131.0.0.0 Safari/537.36"
216.73.217.23 - - [06/Jun/2026:02:51:35 +0200] "GET /categoria-produto/mercearia/?add-to-cart=737&doing_wp_cron=1780225207.1263659000396728515625&orderby=date HTTP/1.1" 200 61529 "-" "Mozilla/5.0 AppleWebKit/537.36 (KHTML, like Gecko; compatible; ClaudeBot/1.0; +claudebot@anthropic.com)"
216.73.217.23 - - [06/Jun/2026:02:51:39 +0200] "GET /produto/farinha-com-fermento-nacional/?add-to-cart=3502 HTTP/1.1" 200 59319 "-" "Mozilla/5.0 AppleWebKit/537.36 (KHTML, like Gecko; compatible; ClaudeBot/1.0; +claudebot@anthropic.com)"
216.73.217.23 - - [06/Jun/2026:02:51:42 +0200] "GET /loja/page/7/?add-to-cart=1985&orderby=popularity HTTP/1.1" 200 61610 "-" "Mozilla/5.0 AppleWebKit/537.36 (KHTML, like Gecko; compatible; ClaudeBot/1.0; +claudebot@anthropic.com)"
216.73.217.23 - - [06/Jun/2026:02:51:45 +0200] "GET /loja/page/5/?add-to-cart=484&orderby=date HTTP/1.1" 200 61483 "-" "Mozilla/5.0 AppleWebKit/537.36 (KHTML, like Gecko; compatible; ClaudeBot/1.0; +claudebot@anthropic.com)"
114.119.149.3 - - [06/Jun/2026:02:51:47 +0200] "GET /loja/page/9/?orderby=price-desc&doing_wp_cron=1689516290.4924130439758300781250 HTTP/1.1" 200 60378 "https://www.baudefruta.pt/loja/page/9/?orderby=date&doing_wp_cron=1689516290.4924130439758300781250" "Mozilla/5.0 (Linux; Android 7.0;) AppleWebKit/537.36 (HTML, like Gecko) Mobile Safari/537.36 (compatible; PetalBot;+https://webmaster.petalsearch.com/site/petalbot)"
216.73.217.23 - - [06/Jun/2026:02:51:48 +0200] "GET /loja/page/7/?add-to-cart=567&orderby=date HTTP/1.1" 200 61655 "-" "Mozilla/5.0 AppleWebKit/537.36 (KHTML, like Gecko; compatible; ClaudeBot/1.0; +claudebot@anthropic.com)"
216.73.217.23 - - [06/Jun/2026:02:51:51 +0200] "GET /produto/vinagre-de-vinho-branco/?add-to-cart=1986 HTTP/1.1" 200 59930 "-" "Mozilla/5.0 AppleWebKit/537.36 (KHTML, like Gecko; compatible; ClaudeBot/1.0; +claudebot@anthropic.com)"
216.73.217.23 - - [06/Jun/2026:02:51:54 +0200] "GET /produto/alface-iberica-125gr/?add-to-cart=583 HTTP/1.1" 200 60004 "-" "Mozilla/5.0 AppleWebKit/537.36 (KHTML, like Gecko; compatible; ClaudeBot/1.0; +claudebot@anthropic.com)"
216.73.217.23 - - [06/Jun/2026:02:51:56 +0200] "GET /loja/page/5/?doing_wp_cron=1762304024.5367319583892822265625 HTTP/1.1" 200 59287 "-" "Mozilla/5.0 AppleWebKit/537.36 (KHTML, like Gecko; compatible; ClaudeBot/1.0; +claudebot@anthropic.com)"
216.73.217.23 - - [06/Jun/2026:02:52:00 +0200] "GET /produto/feijao-branco-cozido/?add-to-cart=743 HTTP/1.1" 200 60581 "-" "Mozilla/5.0 AppleWebKit/537.36 (KHTML, like Gecko; compatible; ClaudeBot/1.0; +claudebot@anthropic.com)"
216.73.217.23 - - [06/Jun/2026:02:52:03 +0200] "GET /loja/page/10/?add-to-cart=2015&orderby=date HTTP/1.1" 200 61915 "-" "Mozilla/5.0 AppleWebKit/537.36 (KHTML, like Gecko; compatible; ClaudeBot/1.0; +claudebot@anthropic.com)"
216.73.217.23 - - [06/Jun/2026:02:52:06 +0200] "GET /loja/page/5/?add-to-cart=581&orderby=date HTTP/1.1" 200 62657 "-" "Mozilla/5.0 AppleWebKit/537.36 (KHTML, like Gecko; compatible; ClaudeBot/1.0; +claudebot@anthropic.com)"
178.16.52.137 - - [06/Jun/2026:02:52:07 +0200] "POST /wp-login.php?action=register HTTP/1.1" 403 146 "-" "-"
216.73.217.23 - - [06/Jun/2026:02:52:08 +0200] "GET /loja/page/6/?add-to-cart=621&orderby=menu_order HTTP/1.1" 302 11 "-" "Mozilla/5.0 AppleWebKit/537.36 (KHTML, like Gecko; compatible; ClaudeBot/1.0; +claudebot@anthropic.com)"
216.73.217.23 - - [06/Jun/2026:02:52:10 +0200] "GET /loja/page/6/?add-to-cart=621&orderby=menu_order&doing_wp_cron=1780707128.9171800613403320312500 HTTP/1.1" 200 62825 "https://www.baudefruta.pt/loja/page/6/?add-to-cart=621&orderby=menu_order" "Mozilla/5.0 AppleWebKit/537.36 (KHTML, like Gecko; compatible; ClaudeBot/1.0; +claudebot@anthropic.com)"
216.73.217.23 - - [06/Jun/2026:02:52:12 +0200] "GET /loja/page/7/?add-to-cart=1728&orderby=menu_order HTTP/1.1" 200 63108 "-" "Mozilla/5.0 AppleWebKit/537.36 (KHTML, like Gecko; compatible; ClaudeBot/1.0; +claudebot@anthropic.com)"
216.73.217.23 - - [06/Jun/2026:02:52:15 +0200] "GET /loja/page/7/?add-to-cart=829&orderby=date HTTP/1.1" 200 63404 "-" "Mozilla/5.0 AppleWebKit/537.36 (KHTML, like Gecko; compatible; ClaudeBot/1.0; +claudebot@anthropic.com)"
216.73.217.23 - - [06/Jun/2026:02:52:18 +0200] "GET /loja/page/5/?add-to-cart=3517&orderby=popularity HTTP/1.1" 200 63972 "-" "Mozilla/5.0 AppleWebKit/537.36 (KHTML, like Gecko; compatible; ClaudeBot/1.0; +claudebot@anthropic.com)"
216.73.217.23 - - [06/Jun/2026:02:52:23 +0200] "GET /loja/page/4/?add-to-cart=1540&doing_wp_cron=1780388658.8284630775451660156250&orderby=date HTTP/1.1" 200 61348 "-" "Mozilla/5.0 AppleWebKit/537.36 (KHTML, like Gecko; compatible; ClaudeBot/1.0; +claudebot@anthropic.com)"
216.73.217.23 - - [06/Jun/2026:02:52:25 +0200] "GET /categoria-produto/mercearia/frutos-secos/?add-to-cart=2033&doing_wp_cron=1708930846.3446679115295410156250&orderby=date HTTP/1.1" 200 60756 "-" "Mozilla/5.0 AppleWebKit/537.36 (KHTML, like Gecko; compatible; ClaudeBot/1.0; +claudebot@anthropic.com)"
216.73.217.23 - - [06/Jun/2026:02:52:28 +0200] "GET /loja/page/6/?add-to-cart=727&doing_wp_cron=1780259951.9076659679412841796875&orderby=date HTTP/1.1" 200 61542 "-" "Mozilla/5.0 AppleWebKit/537.36 (KHTML, like Gecko; compatible; ClaudeBot/1.0; +claudebot@anthropic.com)"
216.73.217.23 - - [06/Jun/2026:02:52:35 +0200] "GET /categoria-produto/mercearia/page/4/?add-to-cart=725&orderby=price-desc HTTP/1.1" 302 11 "-" "Mozilla/5.0 AppleWebKit/537.36 (KHTML, like Gecko; compatible; ClaudeBot/1.0; +claudebot@anthropic.com)"
216.73.217.23 - - [06/Jun/2026:02:52:36 +0200] "GET /categoria-produto/mercearia/page/4/?add-to-cart=725&orderby=price-desc&doing_wp_cron=1780707155.3137459754943847656250 HTTP/1.1" 200 61199 "https://www.baudefruta.pt/categoria-produto/mercearia/page/4/?add-to-cart=725&orderby=price-desc" "Mozilla/5.0 AppleWebKit/537.36 (KHTML, like Gecko; compatible; ClaudeBot/1.0; +claudebot@anthropic.com)"
216.73.217.23 - - [06/Jun/2026:02:52:38 +0200] "GET /loja/page/2/?add-to-cart=2010&doing_wp_cron=1699032554.2910571098327636718750&orderby=date HTTP/1.1" 200 61272 "-" "Mozilla/5.0 AppleWebKit/537.36 (KHTML, like Gecko; compatible; ClaudeBot/1.0; +claudebot@anthropic.com)"
216.73.217.23 - - [06/Jun/2026:02:52:41 +0200] "GET /loja/page/10/?add-to-cart=1728&doing_wp_cron=1758569056.8537590503692626953125&orderby=menu_order HTTP/1.1" 200 61886 "-" "Mozilla/5.0 AppleWebKit/537.36 (KHTML, like Gecko; compatible; ClaudeBot/1.0; +claudebot@anthropic.com)"
216.73.217.23 - - [06/Jun/2026:02:52:44 +0200] "GET /loja/page/4/?add-to-cart=4231&doing_wp_cron=1758569056.8537590503692626953125&orderby=date HTTP/1.1" 200 62092 "-" "Mozilla/5.0 AppleWebKit/537.36 (KHTML, like Gecko; compatible; ClaudeBot/1.0; +claudebot@anthropic.com)"
216.73.217.23 - - [06/Jun/2026:02:52:47 +0200] "GET /loja/page/11/?add-to-cart=521&doing_wp_cron=1699032554.2910571098327636718750&orderby=menu_order HTTP/1.1" 200 61483 "-" "Mozilla/5.0 AppleWebKit/537.36 (KHTML, like Gecko; compatible; ClaudeBot/1.0; +claudebot@anthropic.com)"
216.73.217.23 - - [06/Jun/2026:02:52:51 +0200] "GET /loja/page/3/?add-to-cart=1560&doing_wp_cron=1699032554.2910571098327636718750&orderby=menu_order HTTP/1.1" 200 63710 "-" "Mozilla/5.0 AppleWebKit/537.36 (KHTML, like Gecko; compatible; ClaudeBot/1.0; +claudebot@anthropic.com)"
216.73.217.23 - - [06/Jun/2026:02:52:53 +0200] "GET /loja/page/5/?add-to-cart=802&doing_wp_cron=1705054787.4118249416351318359375&orderby=popularity HTTP/1.1" 200 64714 "-" "Mozilla/5.0 AppleWebKit/537.36 (KHTML, like Gecko; compatible; ClaudeBot/1.0; +claudebot@anthropic.com)"
216.73.217.23 - - [06/Jun/2026:02:52:56 +0200] "GET /loja/?add-to-cart=4224&doing_wp_cron=1711616234.3928558826446533203125&orderby=date HTTP/1.1" 200 64336 "-" "Mozilla/5.0 AppleWebKit/537.36 (KHTML, like Gecko; compatible; ClaudeBot/1.0; +claudebot@anthropic.com)"
216.73.217.23 - - [06/Jun/2026:02:52:59 +0200] "GET /loja/page/7/?add-to-cart=647&doing_wp_cron=1699032554.2910571098327636718750&orderby=popularity HTTP/1.1" 200 65254 "-" "Mozilla/5.0 AppleWebKit/537.36 (KHTML, like Gecko; compatible; ClaudeBot/1.0; +claudebot@anthropic.com)"
216.73.217.23 - - [06/Jun/2026:02:53:03 +0200] "GET /loja/page/5/?add-to-cart=3517&doing_wp_cron=1699032554.2910571098327636718750&orderby=menu_order HTTP/1.1" 200 64875 "-" "Mozilla/5.0 AppleWebKit/537.36 (KHTML, like Gecko; compatible; ClaudeBot/1.0; +claudebot@anthropic.com)"
216.73.217.23 - - [06/Jun/2026:02:53:05 +0200] "GET /produto/flor-de-sal-artesanal-do-samouco-150g/?add-to-cart=793&doing_wp_cron=1745039572.8183510303497314453125 HTTP/1.1" 200 63126 "-" "Mozilla/5.0 AppleWebKit/537.36 (KHTML, like Gecko; compatible; ClaudeBot/1.0; +claudebot@anthropic.com)"
216.73.217.23 - - [06/Jun/2026:02:53:08 +0200] "GET /loja/page/8/?add-to-cart=425&doing_wp_cron=1758569056.8537590503692626953125&orderby=popularity HTTP/1.1" 200 65781 "-" "Mozilla/5.0 AppleWebKit/537.36 (KHTML, like Gecko; compatible; ClaudeBot/1.0; +claudebot@anthropic.com)"
114.119.141.203 - - [06/Jun/2026:02:53:10 +0200] "GET /loja/page/9/?orderby=menu_order&doing_wp_cron=1768737956.4733610153198242187500 HTTP/1.1" 200 60430 "https://www.baudefruta.pt/loja/page/9/?orderby=price-desc&doing_wp_cron=1768737956.4733610153198242187500" "Mozilla/5.0 (Linux; Android 7.0;) AppleWebKit/537.36 (HTML, like Gecko) Mobile Safari/537.36 (compatible; PetalBot;+https://webmaster.petalsearch.com/site/petalbot)"
216.73.217.23 - - [06/Jun/2026:02:53:11 +0200] "GET /categoria-produto/mercearia/page/4/?add-to-cart=2044&orderby=price-desc HTTP/1.1" 302 11 "-" "Mozilla/5.0 AppleWebKit/537.36 (KHTML, like Gecko; compatible; ClaudeBot/1.0; +claudebot@anthropic.com)"
216.73.217.23 - - [06/Jun/2026:02:53:12 +0200] "GET /categoria-produto/mercearia/page/4/?add-to-cart=2044&orderby=price-desc&doing_wp_cron=1780707191.1543030738830566406250 HTTP/1.1" 200 65586 "https://www.baudefruta.pt/categoria-produto/mercearia/page/4/?add-to-cart=2044&orderby=price-desc" "Mozilla/5.0 AppleWebKit/537.36 (KHTML, like Gecko; compatible; ClaudeBot/1.0; +claudebot@anthropic.com)"
216.73.217.23 - - [06/Jun/2026:02:53:14 +0200] "GET /loja/page/3/?add-to-cart=1990&doing_wp_cron=1758569056.8537590503692626953125&orderby=date HTTP/1.1" 200 65683 "-" "Mozilla/5.0 AppleWebKit/537.36 (KHTML, like Gecko; compatible; ClaudeBot/1.0; +claudebot@anthropic.com)"
216.73.217.23 - - [06/Jun/2026:02:53:20 +0200] "GET /loja/?add-to-cart=563&doing_wp_cron=1780505792.6709280014038085937500&orderby=menu_order HTTP/1.1" 200 60938 "-" "Mozilla/5.0 AppleWebKit/537.36 (KHTML, like Gecko; compatible; ClaudeBot/1.0; +claudebot@anthropic.com)"
216.73.217.23 - - [06/Jun/2026:02:53:24 +0200] "GET /loja/?add-to-cart=712&doing_wp_cron=1780426458.2645881175994873046875&orderby=menu_order HTTP/1.1" 200 61168 "-" "Mozilla/5.0 AppleWebKit/537.36 (KHTML, like Gecko; compatible; ClaudeBot/1.0; +claudebot@anthropic.com)"
216.73.217.23 - - [06/Jun/2026:02:53:27 +0200] "GET /loja/page/9/?add-to-cart=793&doing_wp_cron=1780545559.8994989395141601562500&orderby=date HTTP/1.1" 200 60831 "-" "Mozilla/5.0 AppleWebKit/537.36 (KHTML, like Gecko; compatible; ClaudeBot/1.0; +claudebot@anthropic.com)"
216.73.217.23 - - [06/Jun/2026:02:53:30 +0200] "GET /loja/page/9/?add-to-cart=793&doing_wp_cron=1780545559.8994989395141601562500&orderby=popularity HTTP/1.1" 200 62067 "-" "Mozilla/5.0 AppleWebKit/537.36 (KHTML, like Gecko; compatible; ClaudeBot/1.0; +claudebot@anthropic.com)"
216.73.217.23 - - [06/Jun/2026:02:53:33 +0200] "GET /loja/page/9/?add-to-cart=793&doing_wp_cron=1780545559.8994989395141601562500&orderby=menu_order HTTP/1.1" 200 61626 "-" "Mozilla/5.0 AppleWebKit/537.36 (KHTML, like Gecko; compatible; ClaudeBot/1.0; +claudebot@anthropic.com)"
216.73.217.23 - - [06/Jun/2026:02:53:36 +0200] "GET /produto/alface/?add-to-cart=1542&doing_wp_cron=1780259048.7052879333496093750000 HTTP/1.1" 200 59802 "-" "Mozilla/5.0 AppleWebKit/537.36 (KHTML, like Gecko; compatible; ClaudeBot/1.0; +claudebot@anthropic.com)"
216.73.217.23 - - [06/Jun/2026:02:53:39 +0200] "GET /produto/couve-flor/?add-to-cart=513&doing_wp_cron=1780388420.4098229408264160156250 HTTP/1.1" 200 60085 "-" "Mozilla/5.0 AppleWebKit/537.36 (KHTML, like Gecko; compatible; ClaudeBot/1.0; +claudebot@anthropic.com)"
216.73.217.23 - - [06/Jun/2026:02:53:42 +0200] "GET /categoria-produto/mercearia/page/2/?doing_wp_cron=1780581503.6923720836639404296875&orderby=price HTTP/1.1" 200 61592 "-" "Mozilla/5.0 AppleWebKit/537.36 (KHTML, like Gecko; compatible; ClaudeBot/1.0; +claudebot@anthropic.com)"
216.73.217.23 - - [06/Jun/2026:02:53:45 +0200] "GET /produto/manjericao-100gr/?add-to-cart=454&doing_wp_cron=1780146444.4622869491577148437500 HTTP/1.1" 200 60323 "-" "Mozilla/5.0 AppleWebKit/537.36 (KHTML, like Gecko; compatible; ClaudeBot/1.0; +claudebot@anthropic.com)"
216.73.217.23 - - [06/Jun/2026:02:53:48 +0200] "GET /categoria-produto/mercearia/page/6/?doing_wp_cron=1780425619.8982720375061035156250&orderby=menu_order HTTP/1.1" 200 59578 "-" "Mozilla/5.0 AppleWebKit/537.36 (KHTML, like Gecko; compatible; ClaudeBot/1.0; +claudebot@anthropic.com)"
216.73.217.23 - - [06/Jun/2026:02:53:51 +0200] "GET /produto/alface/?add-to-cart=1125&doing_wp_cron=1780220119.0410299301147460937500 HTTP/1.1" 200 60570 "-" "Mozilla/5.0 AppleWebKit/537.36 (KHTML, like Gecko; compatible; ClaudeBot/1.0; +claudebot@anthropic.com)"
216.73.217.23 - - [06/Jun/2026:02:53:54 +0200] "GET /loja/?add-to-cart=559&doing_wp_cron=1780066683.4503800868988037109375&orderby=menu_order HTTP/1.1" 200 62426 "-" "Mozilla/5.0 AppleWebKit/537.36 (KHTML, like Gecko; compatible; ClaudeBot/1.0; +claudebot@anthropic.com)"
216.73.217.23 - - [06/Jun/2026:02:53:57 +0200] "GET /loja/?add-to-cart=433&doing_wp_cron=1780066683.4503800868988037109375&orderby=popularity HTTP/1.1" 200 62486 "-" "Mozilla/5.0 AppleWebKit/537.36 (KHTML, like Gecko; compatible; ClaudeBot/1.0; +claudebot@anthropic.com)"
216.73.217.23 - - [06/Jun/2026:02:54:00 +0200] "GET /produto/clementina/?add-to-cart=1542&doing_wp_cron=1780269129.2201750278472900390625 HTTP/1.1" 200 60898 "-" "Mozilla/5.0 AppleWebKit/537.36 (KHTML, like Gecko; compatible; ClaudeBot/1.0; +claudebot@anthropic.com)"
216.73.217.23 - - [06/Jun/2026:02:54:04 +0200] "GET /categoria-produto/mercearia/page/2/?doing_wp_cron=1780439788.7496869564056396484375&orderby=date HTTP/1.1" 200 62243 "-" "Mozilla/5.0 AppleWebKit/537.36 (KHTML, like Gecko; compatible; ClaudeBot/1.0; +claudebot@anthropic.com)"
216.73.217.23 - - [06/Jun/2026:02:54:07 +0200] "GET /loja/page/11/?doing_wp_cron=1780305920.7864100933074951171875&orderby=price-desc HTTP/1.1" 200 62274 "-" "Mozilla/5.0 AppleWebKit/537.36 (KHTML, like Gecko; compatible; ClaudeBot/1.0; +claudebot@anthropic.com)"
216.73.217.23 - - [06/Jun/2026:02:54:09 +0200] "GET /loja/page/2/?doing_wp_cron=1780505598.3389461040496826171875&orderby=price-desc HTTP/1.1" 200 62839 "-" "Mozilla/5.0 AppleWebKit/537.36 (KHTML, like Gecko; compatible; ClaudeBot/1.0; +claudebot@anthropic.com)"
216.73.217.23 - - [06/Jun/2026:02:54:13 +0200] "GET /loja/page/4/?add-to-cart=825&doing_wp_cron=1780466997.9201788902282714843750 HTTP/1.1" 200 63334 "-" "Mozilla/5.0 AppleWebKit/537.36 (KHTML, like Gecko; compatible; ClaudeBot/1.0; +claudebot@anthropic.com)"
216.73.217.23 - - [06/Jun/2026:02:54:15 +0200] "GET /produto/couve-flor/?add-to-cart=532&doing_wp_cron=1780322539.6663339138031005859375 HTTP/1.1" 200 61374 "-" "Mozilla/5.0 AppleWebKit/537.36 (KHTML, like Gecko; compatible; ClaudeBot/1.0; +claudebot@anthropic.com)"
216.73.217.23 - - [06/Jun/2026:02:54:18 +0200] "GET /produto/clementina/?add-to-cart=490&doing_wp_cron=1780204405.3822889328002929687500 HTTP/1.1" 200 61487 "-" "Mozilla/5.0 AppleWebKit/537.36 (KHTML, like Gecko; compatible; ClaudeBot/1.0; +claudebot@anthropic.com)"
216.73.217.23 - - [06/Jun/2026:02:54:21 +0200] "GET /loja/page/7/?doing_wp_cron=1780424125.1127629280090332031250&orderby=price-desc HTTP/1.1" 200 63522 "-" "Mozilla/5.0 AppleWebKit/537.36 (KHTML, like Gecko; compatible; ClaudeBot/1.0; +claudebot@anthropic.com)"
216.73.217.23 - - [06/Jun/2026:02:54:24 +0200] "GET /loja/page/6/?add-to-cart=414&doing_wp_cron=1780498167.6054840087890625000000&orderby=date HTTP/1.1" 200 63599 "-" "Mozilla/5.0 AppleWebKit/537.36 (KHTML, like Gecko; compatible; ClaudeBot/1.0; +claudebot@anthropic.com)"
216.73.217.23 - - [06/Jun/2026:02:54:27 +0200] "GET /produto/pimento-verde/?add-to-cart=4329&doing_wp_cron=1780388576.0660209655761718750000 HTTP/1.1" 200 61854 "-" "Mozilla/5.0 AppleWebKit/537.36 (KHTML, like Gecko; compatible; ClaudeBot/1.0; +claudebot@anthropic.com)"
216.73.217.23 - - [06/Jun/2026:02:54:31 +0200] "GET /categoria-produto/mercearia/?add-to-cart=2045&doing_wp_cron=1780338177.0239140987396240234375&orderby=popularity HTTP/1.1" 200 61216 "-" "Mozilla/5.0 AppleWebKit/537.36 (KHTML, like Gecko; compatible; ClaudeBot/1.0; +claudebot@anthropic.com)"
216.73.217.23 - - [06/Jun/2026:02:54:34 +0200] "GET /loja/page/6/?add-to-cart=2044&doing_wp_cron=1780462796.7094769477844238281250&orderby=date HTTP/1.1" 200 61182 "-" "Mozilla/5.0 AppleWebKit/537.36 (KHTML, like Gecko; compatible; ClaudeBot/1.0; +claudebot@anthropic.com)"
114.119.132.173 - - [06/Jun/2026:02:54:35 +0200] "GET /loja/page/9/?doing_wp_cron=1754374768.2493569850921630859375&orderby=price-desc HTTP/1.1" 200 60382 "https://www.baudefruta.pt/loja/page/9/?doing_wp_cron=1754374768.2493569850921630859375&orderby=price-desc" "Mozilla/5.0 (Linux; Android 7.0;) AppleWebKit/537.36 (HTML, like Gecko) Mobile Safari/537.36 (compatible; PetalBot;+https://webmaster.petalsearch.com/site/petalbot)"
189.172.104.133 - - [06/Jun/2026:02:54:37 +0200] "GET /produto/massa-de-pimentao/?add-to-cart=1991&doing_wp_cron=1780103015.3942229747772216796875 HTTP/1.1" 200 59290 "-" "Mozilla/5.0 (X11; Linux x86_64) AppleWebKit/534.1 (KHTML, like Gecko) Chrome/24.0.877.0 Safari/534.1"
216.73.217.23 - - [06/Jun/2026:02:54:37 +0200] "GET /categoria-produto/mercearia/?add-to-cart=621&doing_wp_cron=1780216429.2246589660644531250000&orderby=menu_order HTTP/1.1" 200 61199 "-" "Mozilla/5.0 AppleWebKit/537.36 (KHTML, like Gecko; compatible; ClaudeBot/1.0; +claudebot@anthropic.com)"
216.73.217.23 - - [06/Jun/2026:02:54:40 +0200] "GET /categoria-produto/mercearia/?add-to-cart=769&doing_wp_cron=1780379720.2988820075988769531250&orderby=date HTTP/1.1" 200 61292 "-" "Mozilla/5.0 AppleWebKit/537.36 (KHTML, like Gecko; compatible; ClaudeBot/1.0; +claudebot@anthropic.com)"
216.73.217.23 - - [06/Jun/2026:02:54:43 +0200] "GET /loja/page/4/?add-to-cart=606&doing_wp_cron=1780328969.7069408893585205078125&orderby=popularity HTTP/1.1" 200 62025 "-" "Mozilla/5.0 AppleWebKit/537.36 (KHTML, like Gecko; compatible; ClaudeBot/1.0; +claudebot@anthropic.com)"
216.73.217.23 - - [06/Jun/2026:02:54:46 +0200] "GET /categoria-produto/mercearia/?add-to-cart=1993&doing_wp_cron=1780360158.2913050651550292968750&orderby=popularity HTTP/1.1" 200 62200 "-" "Mozilla/5.0 AppleWebKit/537.36 (KHTML, like Gecko; compatible; ClaudeBot/1.0; +claudebot@anthropic.com)"
216.73.217.23 - - [06/Jun/2026:02:54:49 +0200] "GET /categoria-produto/mercearia/?add-to-cart=628&doing_wp_cron=1780359981.6939311027526855468750&orderby=menu_order HTTP/1.1" 200 62089 "-" "Mozilla/5.0 AppleWebKit/537.36 (KHTML, like Gecko; compatible; ClaudeBot/1.0; +claudebot@anthropic.com)"
216.73.217.23 - - [06/Jun/2026:02:54:52 +0200] "GET /categoria-produto/mercearia/?add-to-cart=628&doing_wp_cron=1780385456.1357109546661376953125&orderby=date HTTP/1.1" 200 61928 "-" "Mozilla/5.0 AppleWebKit/537.36 (KHTML, like Gecko; compatible; ClaudeBot/1.0; +claudebot@anthropic.com)"
91.92.242.223 - - [06/Jun/2026:02:54:54 +0200] "POST /wp-login.php?action=register HTTP/1.1" 403 146 "-" "-"
216.73.217.23 - - [06/Jun/2026:02:54:55 +0200] "GET /categoria-produto/mercearia/?add-to-cart=743&doing_wp_cron=1780198240.0856640338897705078125&orderby=popularity HTTP/1.1" 200 62657 "-" "Mozilla/5.0 AppleWebKit/537.36 (KHTML, like Gecko; compatible; ClaudeBot/1.0; +claudebot@anthropic.com)"
216.73.217.23 - - [06/Jun/2026:02:54:58 +0200] "GET /categoria-produto/mercearia/?add-to-cart=2044&doing_wp_cron=1780323738.5383338928222656250000&orderby=popularity HTTP/1.1" 200 62654 "-" "Mozilla/5.0 AppleWebKit/537.36 (KHTML, like Gecko; compatible; ClaudeBot/1.0; +claudebot@anthropic.com)"
216.73.217.23 - - [06/Jun/2026:02:55:01 +0200] "GET /categoria-produto/mercearia/?add-to-cart=4337&doing_wp_cron=1780201002.1293199062347412109375&orderby=date HTTP/1.1" 200 62315 "-" "Mozilla/5.0 AppleWebKit/537.36 (KHTML, like Gecko; compatible; ClaudeBot/1.0; +claudebot@anthropic.com)"
216.73.217.23 - - [06/Jun/2026:02:55:04 +0200] "GET /produto/flor-de-sal-artesanal-do-samouco-150g/?add-to-cart=645&doing_wp_cron=1780679426.2663979530334472656250 HTTP/1.1" 200 61096 "-" "Mozilla/5.0 AppleWebKit/537.36 (KHTML, like Gecko; compatible; ClaudeBot/1.0; +claudebot@anthropic.com)"
216.73.217.23 - - [06/Jun/2026:02:55:09 +0200] "GET /loja/page/8/?add-to-cart=587&doing_wp_cron=1780319120.4665279388427734375000&orderby=date HTTP/1.1" 200 60865 "-" "Mozilla/5.0 AppleWebKit/537.36 (KHTML, like Gecko; compatible; ClaudeBot/1.0; +claudebot@anthropic.com)"
216.73.217.23 - - [06/Jun/2026:02:55:11 +0200] "GET /loja/page/3/?add-to-cart=793&doing_wp_cron=1770738320.9674439430236816406250&orderby=price HTTP/1.1" 200 61400 "-" "Mozilla/5.0 AppleWebKit/537.36 (KHTML, like Gecko; compatible; ClaudeBot/1.0; +claudebot@anthropic.com)"
178.16.52.137 - - [06/Jun/2026:02:55:13 +0200] "POST /wp-login.php?action=register HTTP/1.1" 403 146 "-" "-"
216.73.217.23 - - [06/Jun/2026:02:55:14 +0200] "GET /loja/page/9/?add-to-cart=1542&doing_wp_cron=1780356298.9136428833007812500000&orderby=popularity HTTP/1.1" 200 62129 "-" "Mozilla/5.0 AppleWebKit/537.36 (KHTML, like Gecko; compatible; ClaudeBot/1.0; +claudebot@anthropic.com)"
216.73.217.23 - - [06/Jun/2026:02:55:17 +0200] "GET /loja/page/5/?add-to-cart=771&doing_wp_cron=1780496817.3441560268402099609375&orderby=price HTTP/1.1" 200 62205 "-" "Mozilla/5.0 AppleWebKit/537.36 (KHTML, like Gecko; compatible; ClaudeBot/1.0; +claudebot@anthropic.com)"
216.73.217.23 - - [06/Jun/2026:02:55:20 +0200] "GET /loja/page/4/?add-to-cart=765&doing_wp_cron=1724760408.5467429161071777343750&orderby=date HTTP/1.1" 200 62291 "-" "Mozilla/5.0 AppleWebKit/537.36 (KHTML, like Gecko; compatible; ClaudeBot/1.0; +claudebot@anthropic.com)"
216.73.217.23 - - [06/Jun/2026:02:55:24 +0200] "GET /loja/?add-to-cart=1987&doing_wp_cron=1780453183.1994099617004394531250&orderby=price-desc HTTP/1.1" 200 62717 "-" "Mozilla/5.0 AppleWebKit/537.36 (KHTML, like Gecko; compatible; ClaudeBot/1.0; +claudebot@anthropic.com)"
216.73.217.23 - - [06/Jun/2026:02:55:26 +0200] "GET /loja/page/3/?add-to-cart=1987&doing_wp_cron=1780383896.6204249858856201171875&orderby=price HTTP/1.1" 200 62439 "-" "Mozilla/5.0 AppleWebKit/537.36 (KHTML, like Gecko; compatible; ClaudeBot/1.0; +claudebot@anthropic.com)"
216.73.217.23 - - [06/Jun/2026:02:55:30 +0200] "GET /categoria-produto/mercearia/?add-to-cart=1645&doing_wp_cron=1780201002.1293199062347412109375&orderby=date HTTP/1.1" 200 62121 "-" "Mozilla/5.0 AppleWebKit/537.36 (KHTML, like Gecko; compatible; ClaudeBot/1.0; +claudebot@anthropic.com)"
216.73.217.23 - - [06/Jun/2026:02:55:32 +0200] "GET /loja/page/4/?add-to-cart=510&doing_wp_cron=1780471458.6715359687805175781250&orderby=date HTTP/1.1" 200 62907 "-" "Mozilla/5.0 AppleWebKit/537.36 (KHTML, like Gecko; compatible; ClaudeBot/1.0; +claudebot@anthropic.com)"
216.73.217.23 - - [06/Jun/2026:02:55:36 +0200] "GET /loja/page/8/?add-to-cart=622&doing_wp_cron=1749485637.4724121093750000000000&orderby=menu_order HTTP/1.1" 200 62940 "-" "Mozilla/5.0 AppleWebKit/537.36 (KHTML, like Gecko; compatible; ClaudeBot/1.0; +claudebot@anthropic.com)"
216.73.217.23 - - [06/Jun/2026:02:55:38 +0200] "GET /categoria-produto/mercearia/?add-to-cart=3500&doing_wp_cron=1780278490.1999869346618652343750&orderby=menu_order HTTP/1.1" 200 62851 "-" "Mozilla/5.0 AppleWebKit/537.36 (KHTML, like Gecko; compatible; ClaudeBot/1.0; +claudebot@anthropic.com)"
216.73.217.23 - - [06/Jun/2026:02:55:42 +0200] "GET /loja/page/7/?add-to-cart=2010&doing_wp_cron=1780326118.2281150817871093750000&orderby=date HTTP/1.1" 200 61138 "-" "Mozilla/5.0 AppleWebKit/537.36 (KHTML, like Gecko; compatible; ClaudeBot/1.0; +claudebot@anthropic.com)"
216.73.217.23 - - [06/Jun/2026:02:55:45 +0200] "GET /categoria-produto/mercearia/?add-to-cart=761&doing_wp_cron=1780501737.9253489971160888671875&orderby=popularity HTTP/1.1" 200 61546 "-" "Mozilla/5.0 AppleWebKit/537.36 (KHTML, like Gecko; compatible; ClaudeBot/1.0; +claudebot@anthropic.com)"
216.73.217.23 - - [06/Jun/2026:02:55:48 +0200] "GET /loja/page/3/?add-to-cart=563&doing_wp_cron=1780638138.6847438812255859375000&orderby=menu_order HTTP/1.1" 200 61303 "-" "Mozilla/5.0 AppleWebKit/537.36 (KHTML, like Gecko; compatible; ClaudeBot/1.0; +claudebot@anthropic.com)"
216.73.217.23 - - [06/Jun/2026:02:55:51 +0200] "GET /loja/page/11/?add-to-cart=519&doing_wp_cron=1780259951.9076659679412841796875&orderby=date HTTP/1.1" 200 60793 "-" "Mozilla/5.0 AppleWebKit/537.36 (KHTML, like Gecko; compatible; ClaudeBot/1.0; +claudebot@anthropic.com)"
216.73.217.23 - - [06/Jun/2026:02:55:55 +0200] "GET /loja/?add-to-cart=901&doing_wp_cron=1780462796.7094769477844238281250&orderby=price HTTP/1.1" 200 61147 "-" "Mozilla/5.0 AppleWebKit/537.36 (KHTML, like Gecko; compatible; ClaudeBot/1.0; +claudebot@anthropic.com)"
216.73.217.23 - - [06/Jun/2026:02:55:57 +0200] "GET /loja/page/5/?add-to-cart=793&doing_wp_cron=1780398923.3932321071624755859375&orderby=price HTTP/1.1" 200 61724 "-" "Mozilla/5.0 AppleWebKit/537.36 (KHTML, like Gecko; compatible; ClaudeBot/1.0; +claudebot@anthropic.com)"
114.119.133.26 - - [06/Jun/2026:02:55:59 +0200] "GET /loja/page/8?orderby=price&doing_wp_cron=1679857378.2079219818115234375000 HTTP/1.1" 301 5 "https://www.baudefruta.pt/loja/page/8?orderby=price-desc&doing_wp_cron=1679857378.2079219818115234375000" "Mozilla/5.0 (Linux; Android 7.0;) AppleWebKit/537.36 (HTML, like Gecko) Mobile Safari/537.36 (compatible; PetalBot;+https://webmaster.petalsearch.com/site/petalbot)"
216.73.217.23 - - [06/Jun/2026:02:56:00 +0200] "GET /categoria-produto/mercearia/?add-to-cart=704&doing_wp_cron=1780232817.6556460857391357421875&orderby=date HTTP/1.1" 200 61159 "-" "Mozilla/5.0 AppleWebKit/537.36 (KHTML, like Gecko; compatible; ClaudeBot/1.0; +claudebot@anthropic.com)"
114.119.133.26 - - [06/Jun/2026:02:56:01 +0200] "GET /loja/page/8/?orderby=price&doing_wp_cron=1679857378.2079219818115234375000 HTTP/1.1" 200 60318 "https://www.baudefruta.pt/loja/page/8?orderby=price-desc&doing_wp_cron=1679857378.2079219818115234375000" "Mozilla/5.0 (Linux; Android 7.0;) AppleWebKit/537.36 (HTML, like Gecko) Mobile Safari/537.36 (compatible; PetalBot;+https://webmaster.petalsearch.com/site/petalbot)"
216.73.217.23 - - [06/Jun/2026:02:56:03 +0200] "GET /loja/page/5/?add-to-cart=769&doing_wp_cron=1780529696.4466600418090820312500&orderby=date HTTP/1.1" 200 61885 "-" "Mozilla/5.0 AppleWebKit/537.36 (KHTML, like Gecko; compatible; ClaudeBot/1.0; +claudebot@anthropic.com)"
216.73.217.23 - - [06/Jun/2026:02:56:06 +0200] "GET /loja/page/11/?add-to-cart=819&doing_wp_cron=1780384400.8176770210266113281250&orderby=date HTTP/1.1" 200 61069 "-" "Mozilla/5.0 AppleWebKit/537.36 (KHTML, like Gecko; compatible; ClaudeBot/1.0; +claudebot@anthropic.com)"
57.141.20.31 - - [06/Jun/2026:02:56:09 +0200] "GET /news_sitemap.xml?doing_wp_cron=1767235902.0641379356384277343750 HTTP/1.1" 301 5 "-" "meta-externalagent/1.1 (+https://developers.facebook.com/docs/sharing/webmasters/crawler)"
216.73.217.23 - - [06/Jun/2026:02:56:09 +0200] "GET /loja/page/6/?add-to-cart=731&doing_wp_cron=1780338116.7118010520935058593750&orderby=date HTTP/1.1" 200 62214 "-" "Mozilla/5.0 AppleWebKit/537.36 (KHTML, like Gecko; compatible; ClaudeBot/1.0; +claudebot@anthropic.com)"
216.244.66.243 - - [06/Jun/2026:02:56:10 +0200] "GET /produto/maca-golden-ii/?add-to-cart=490 HTTP/1.1" 302 11 "-" "Mozilla/5.0 (compatible; DotBot/1.2; +https://opensiteexplorer.org/dotbot; help@moz.com)"
40.77.167.53 - - [06/Jun/2026:02:56:10 +0200] "GET /loja/page/3/?orderby=price-desc&doing_wp_cron=1764401375.3945600986480712890625 HTTP/1.1" 200 60723 "-" "Mozilla/5.0 AppleWebKit/537.36 (KHTML, like Gecko; compatible; bingbot/2.0; +http://www.bing.com/bingbot.htm) Chrome/116.0.1938.76 Safari/537.36"
40.77.167.53 - - [06/Jun/2026:02:56:12 +0200] "GET /loja/page/10/?doing_wp_cron=1756534677.7478389739990234375000&orderby=price HTTP/1.1" 200 60711 "-" "Mozilla/5.0 AppleWebKit/537.36 (KHTML, like Gecko; compatible; bingbot/2.0; +http://www.bing.com/bingbot.htm) Chrome/116.0.1938.76 Safari/537.36"
216.73.217.23 - - [06/Jun/2026:02:56:12 +0200] "GET /loja/?add-to-cart=933&doing_wp_cron=1780205258.9664719104766845703125&orderby=price-desc HTTP/1.1" 200 62967 "-" "Mozilla/5.0 AppleWebKit/537.36 (KHTML, like Gecko; compatible; ClaudeBot/1.0; +claudebot@anthropic.com)"
216.73.217.23 - - [06/Jun/2026:02:56:15 +0200] "GET /categoria-produto/mercearia/?add-to-cart=1983&doing_wp_cron=1780205707.2145640850067138671875&orderby=menu_order HTTP/1.1" 200 62309 "-" "Mozilla/5.0 AppleWebKit/537.36 (KHTML, like Gecko; compatible; ClaudeBot/1.0; +claudebot@anthropic.com)"
216.244.66.243 - - [06/Jun/2026:02:56:17 +0200] "GET /produto/mistura-5-pimentas-em-grao-em-saqueta/?add-to-cart=903 HTTP/1.1" 200 403015 "-" "Mozilla/5.0 (compatible; DotBot/1.2; +https://opensiteexplorer.org/dotbot; help@moz.com)"
17.22.237.231 - - [06/Jun/2026:02:56:18 +0200] "GET /wp-content/themes/uncode/library/css/style.css?ver=1384237846 HTTP/1.1" 200 70140 "https://www.baudefruta.pt/categoria-produto/mercearia/azeite/?doing_wp_cron=1703224323.0699350833892822265625&orderby=date" "Mozilla/5.0 (Macintosh; Intel Mac OS X 10_15_7) AppleWebKit/605.1.15 (KHTML, like Gecko) Version/17.4 Safari/605.1.15 (Applebot/0.1; +http://www.apple.com/go/applebot)"
216.73.217.23 - - [06/Jun/2026:02:56:18 +0200] "GET /loja/page/10/?add-to-cart=733&doing_wp_cron=1780490103.7011010646820068359375&orderby=price HTTP/1.1" 200 63294 "-" "Mozilla/5.0 AppleWebKit/537.36 (KHTML, like Gecko; compatible; ClaudeBot/1.0; +claudebot@anthropic.com)"
216.73.217.23 - - [06/Jun/2026:02:56:21 +0200] "GET /loja/page/4/?add-to-cart=555&doing_wp_cron=1749500398.4001810550689697265625&orderby=date HTTP/1.1" 200 63393 "-" "Mozilla/5.0 AppleWebKit/537.36 (KHTML, like Gecko; compatible; ClaudeBot/1.0; +claudebot@anthropic.com)"
17.22.237.231 - - [06/Jun/2026:02:56:21 +0200] "GET /wp-content/themes/uncode/library/css/uncode-icons.css?ver=1384237846 HTTP/1.1" 200 12098 "https://www.baudefruta.pt/categoria-produto/mercearia/azeite/?doing_wp_cron=1703224323.0699350833892822265625&orderby=date" "Mozilla/5.0 (Macintosh; Intel Mac OS X 10_15_7) AppleWebKit/605.1.15 (KHTML, like Gecko) Version/17.4 Safari/605.1.15 (Applebot/0.1; +http://www.apple.com/go/applebot)"
216.244.66.243 - - [06/Jun/2026:02:56:22 +0200] "GET /produto/semente-de-linhaca/?add-to-cart=792 HTTP/1.1" 302 11 "-" "Mozilla/5.0 (compatible; DotBot/1.2; +https://opensiteexplorer.org/dotbot; help@moz.com)"
216.73.217.23 - - [06/Jun/2026:02:56:24 +0200] "GET /categoria-produto/mercearia/?add-to-cart=2042&doing_wp_cron=1780383860.5373098850250244140625&orderby=date HTTP/1.1" 200 62919 "-" "Mozilla/5.0 AppleWebKit/537.36 (KHTML, like Gecko; compatible; ClaudeBot/1.0; +claudebot@anthropic.com)"
17.22.237.231 - - [06/Jun/2026:02:56:25 +0200] "GET /wp-content/themes/uncode/library/css/woocommerce.css?ver=1384237846 HTTP/1.1" 200 20067 "https://www.baudefruta.pt/categoria-produto/mercearia/azeite/?doing_wp_cron=1703224323.0699350833892822265625&orderby=date" "Mozilla/5.0 (Macintosh; Intel Mac OS X 10_15_7) AppleWebKit/605.1.15 (KHTML, like Gecko) Version/17.4 Safari/605.1.15 (Applebot/0.1; +http://www.apple.com/go/applebot)"
216.73.217.23 - - [06/Jun/2026:02:56:27 +0200] "GET /loja/page/3/?add-to-cart=1728&doing_wp_cron=1780420099.1374759674072265625000&orderby=date HTTP/1.1" 200 63498 "-" "Mozilla/5.0 AppleWebKit/537.36 (KHTML, like Gecko; compatible; ClaudeBot/1.0; +claudebot@anthropic.com)"
17.22.237.231 - - [06/Jun/2026:02:56:28 +0200] "GET /wp-content/plugins/woocommerce/assets/js/js-cookie/js.cookie.min.js?ver=2.1.4-wc.10.2.2 HTTP/1.1" 200 845 "https://www.baudefruta.pt/categoria-produto/mercearia/azeite/?doing_wp_cron=1703224323.0699350833892822265625&orderby=date" "Mozilla/5.0 (Macintosh; Intel Mac OS X 10_15_7) AppleWebKit/605.1.15 (KHTML, like Gecko) Version/17.4 Safari/605.1.15 (Applebot/0.1; +http://www.apple.com/go/applebot)"
216.73.217.23 - - [06/Jun/2026:02:56:30 +0200] "GET /categoria-produto/mercearia/?add-to-cart=683&doing_wp_cron=1780396038.0049409866333007812500&orderby=date HTTP/1.1" 200 63316 "-" "Mozilla/5.0 AppleWebKit/537.36 (KHTML, like Gecko; compatible; ClaudeBot/1.0; +claudebot@anthropic.com)"
216.73.217.23 - - [06/Jun/2026:02:56:33 +0200] "GET /loja/page/3/?add-to-cart=1991&doing_wp_cron=1780338116.7118010520935058593750&orderby=date HTTP/1.1" 200 63907 "-" "Mozilla/5.0 AppleWebKit/537.36 (KHTML, like Gecko; compatible; ClaudeBot/1.0; +claudebot@anthropic.com)"
216.73.217.23 - - [06/Jun/2026:02:56:36 +0200] "GET /loja/page/7/?add-to-cart=4228&doing_wp_cron=1780247694.3308169841766357421875&orderby=price HTTP/1.1" 200 64385 "-" "Mozilla/5.0 AppleWebKit/537.36 (KHTML, like Gecko; compatible; ClaudeBot/1.0; +claudebot@anthropic.com)"
216.73.217.23 - - [06/Jun/2026:02:56:39 +0200] "GET /loja/page/6/?add-to-cart=710&doing_wp_cron=1780424179.3111770153045654296875&orderby=date HTTP/1.1" 200 64323 "-" "Mozilla/5.0 AppleWebKit/537.36 (KHTML, like Gecko; compatible; ClaudeBot/1.0; +claudebot@anthropic.com)"
216.73.217.23 - - [06/Jun/2026:02:56:42 +0200] "GET /loja/page/11/?add-to-cart=345&doing_wp_cron=1780577720.8370680809020996093750&orderby=price HTTP/1.1" 200 65664 "-" "Mozilla/5.0 AppleWebKit/537.36 (KHTML, like Gecko; compatible; ClaudeBot/1.0; +claudebot@anthropic.com)"
41.62.118.193 - - [06/Jun/2026:02:56:44 +0200] "GET /categoria-produto/mercearia/page/3/?add-to-cart=626&doing_wp_cron=1780006758.0896399021148681640625 HTTP/1.1" 200 60720 "-" "Mozilla/5.0 (Windows CE) AppleWebKit/531.2 (KHTML, like Gecko) Chrome/53.0.840.0 Safari/531.2"
216.73.217.23 - - [06/Jun/2026:02:56:45 +0200] "GET /categoria-produto/mercearia/?add-to-cart=2043&doing_wp_cron=1780349838.2851428985595703125000&orderby=date HTTP/1.1" 200 65528 "-" "Mozilla/5.0 AppleWebKit/537.36 (KHTML, like Gecko; compatible; ClaudeBot/1.0; +claudebot@anthropic.com)"
216.73.217.23 - - [06/Jun/2026:02:56:48 +0200] "GET /loja/page/2/?add-to-cart=589&doing_wp_cron=1749485637.4724121093750000000000&orderby=popularity HTTP/1.1" 200 66014 "-" "Mozilla/5.0 AppleWebKit/537.36 (KHTML, like Gecko; compatible; ClaudeBot/1.0; +claudebot@anthropic.com)"
40.77.167.241 - - [06/Jun/2026:02:56:50 +0200] "GET /loja/page/9/?doing_wp_cron=1759043873.1749200820922851562500&orderby=price HTTP/1.1" 200 60602 "-" "Mozilla/5.0 AppleWebKit/537.36 (KHTML, like Gecko; compatible; bingbot/2.0; +http://www.bing.com/bingbot.htm) Chrome/116.0.1938.76 Safari/537.36"
95.108.213.161 - - [06/Jun/2026:02:56:51 +0200] "GET /produto/cha-hibisco-20-saquetas/ HTTP/1.1" 200 57560 "-" "Mozilla/5.0 (compatible; YandexBot/3.0; +http://yandex.com/bots)"
216.73.217.23 - - [06/Jun/2026:02:56:51 +0200] "GET /loja/page/3/?add-to-cart=702&doing_wp_cron=1701153572.9826118946075439453125&orderby=date HTTP/1.1" 200 66264 "-" "Mozilla/5.0 AppleWebKit/537.36 (KHTML, like Gecko; compatible; ClaudeBot/1.0; +claudebot@anthropic.com)"
40.77.167.241 - - [06/Jun/2026:02:56:52 +0200] "GET /page/10/?s&doing_wp_cron=1779598241.0368831157684326171875&orderby=menu_order HTTP/1.1" 200 52474 "-" "Mozilla/5.0 AppleWebKit/537.36 (KHTML, like Gecko; compatible; bingbot/2.0; +http://www.bing.com/bingbot.htm) Chrome/116.0.1938.76 Safari/537.36"
216.73.217.23 - - [06/Jun/2026:02:56:54 +0200] "GET /loja/page/5/?add-to-cart=795&doing_wp_cron=1780424119.0972061157226562500000&orderby=date HTTP/1.1" 200 66558 "-" "Mozilla/5.0 AppleWebKit/537.36 (KHTML, like Gecko; compatible; ClaudeBot/1.0; +claudebot@anthropic.com)"
216.73.217.23 - - [06/Jun/2026:02:56:57 +0200] "GET /loja/page/3/?add-to-cart=488&doing_wp_cron=1780247694.3308169841766357421875&orderby=price HTTP/1.1" 200 66729 "-" "Mozilla/5.0 AppleWebKit/537.36 (KHTML, like Gecko; compatible; ClaudeBot/1.0; +claudebot@anthropic.com)"
216.73.217.23 - - [06/Jun/2026:02:57:01 +0200] "GET /categoria-produto/mercearia/?add-to-cart=761&doing_wp_cron=1780208125.3321928977966308593750&orderby=menu_order HTTP/1.1" 200 60887 "-" "Mozilla/5.0 AppleWebKit/537.36 (KHTML, like Gecko; compatible; ClaudeBot/1.0; +claudebot@anthropic.com)"
216.73.217.23 - - [06/Jun/2026:02:57:04 +0200] "GET /loja/page/11/?add-to-cart=2035&doing_wp_cron=1780406878.1180000305175781250000&orderby=menu_order HTTP/1.1" 200 60762 "-" "Mozilla/5.0 AppleWebKit/537.36 (KHTML, like Gecko; compatible; ClaudeBot/1.0; +claudebot@anthropic.com)"
216.73.217.23 - - [06/Jun/2026:02:57:07 +0200] "GET /categoria-produto/mercearia/?add-to-cart=788&doing_wp_cron=1780458056.1753120422363281250000&orderby=date HTTP/1.1" 200 61192 "-" "Mozilla/5.0 AppleWebKit/537.36 (KHTML, like Gecko; compatible; ClaudeBot/1.0; +claudebot@anthropic.com)"
216.73.217.23 - - [06/Jun/2026:02:57:10 +0200] "GET /loja/page/8/?add-to-cart=933&doing_wp_cron=1780205288.7391169071197509765625&orderby=menu_order HTTP/1.1" 200 61826 "-" "Mozilla/5.0 AppleWebKit/537.36 (KHTML, like Gecko; compatible; ClaudeBot/1.0; +claudebot@anthropic.com)"
216.73.217.23 - - [06/Jun/2026:02:57:13 +0200] "GET /loja/page/8/?add-to-cart=4338&doing_wp_cron=1778389326.0208239555358886718750&orderby=popularity HTTP/1.1" 200 62606 "-" "Mozilla/5.0 AppleWebKit/537.36 (KHTML, like Gecko; compatible; ClaudeBot/1.0; +claudebot@anthropic.com)"
216.73.217.23 - - [06/Jun/2026:02:57:16 +0200] "GET /loja/page/3/?add-to-cart=1986&doing_wp_cron=1780455776.6261320114135742187500&orderby=date HTTP/1.1" 200 62211 "-" "Mozilla/5.0 AppleWebKit/537.36 (KHTML, like Gecko; compatible; ClaudeBot/1.0; +claudebot@anthropic.com)"
216.73.217.23 - - [06/Jun/2026:02:57:19 +0200] "GET /categoria-produto/mercearia/?add-to-cart=651&doing_wp_cron=1780329020.6784219741821289062500&orderby=popularity HTTP/1.1" 200 62644 "-" "Mozilla/5.0 AppleWebKit/537.36 (KHTML, like Gecko; compatible; ClaudeBot/1.0; +claudebot@anthropic.com)"
114.119.133.26 - - [06/Jun/2026:02:57:21 +0200] "GET /loja/page/8/?orderby=popularity&doing_wp_cron=1772795714.5389990806579589843750 HTTP/1.1" 200 60895 "https://www.baudefruta.pt/loja/page/7/?orderby=popularity&doing_wp_cron=1772795714.5389990806579589843750" "Mozilla/5.0 (Linux; Android 7.0;) AppleWebKit/537.36 (HTML, like Gecko) Mobile Safari/537.36 (compatible; PetalBot;+https://webmaster.petalsearch.com/site/petalbot)"
216.73.217.23 - - [06/Jun/2026:02:57:22 +0200] "GET /categoria-produto/mercearia/?add-to-cart=933&doing_wp_cron=1780208125.3321928977966308593750&orderby=menu_order HTTP/1.1" 200 62232 "-" "Mozilla/5.0 AppleWebKit/537.36 (KHTML, like Gecko; compatible; ClaudeBot/1.0; +claudebot@anthropic.com)"
216.73.217.23 - - [06/Jun/2026:02:57:25 +0200] "GET /loja/page/3/?add-to-cart=4779&doing_wp_cron=1749485637.4724121093750000000000&orderby=popularity HTTP/1.1" 200 62876 "-" "Mozilla/5.0 AppleWebKit/537.36 (KHTML, like Gecko; compatible; ClaudeBot/1.0; +claudebot@anthropic.com)"
102.89.85.196 - - [06/Jun/2026:02:57:25 +0200] "GET /produto/alface-iberica-250gr/?add-to-cart=444&doing_wp_cron=1780004266.5614929199218750000000 HTTP/1.1" 200 59081 "-" "Mozilla/5.0 (iPad; CPU iPad OS 13_5_1 like Mac OS X) AppleWebKit/532.1 (KHTML, like Gecko) FxiOS/10.2w4649.0 Mobile/54W993 Safari/532.1"
216.73.217.23 - - [06/Jun/2026:02:57:28 +0200] "GET /loja/page/2/?add-to-cart=587&doing_wp_cron=1780455656.4795429706573486328125&orderby=price HTTP/1.1" 200 62834 "-" "Mozilla/5.0 AppleWebKit/537.36 (KHTML, like Gecko; compatible; ClaudeBot/1.0; +claudebot@anthropic.com)"
216.73.217.23 - - [06/Jun/2026:02:57:31 +0200] "GET /categoria-produto/mercearia/?add-to-cart=2041&doing_wp_cron=1780287492.0497899055480957031250&orderby=date HTTP/1.1" 200 62624 "-" "Mozilla/5.0 AppleWebKit/537.36 (KHTML, like Gecko; compatible; ClaudeBot/1.0; +claudebot@anthropic.com)"
46.242.15.13 - - [06/Jun/2026:02:57:32 +0200] "GET /produto/alface-iberica-250gr/?add-to-cart=4227&doing_wp_cron=1779997586.1610670089721679687500 HTTP/1.1" 200 59108 "-" "Mozilla/5.0 (X11; Linux x86_64; rv:1.9.6.20) Gecko/9509-04-16 11:38:34.412445 Firefox/9.0"
216.73.217.23 - - [06/Jun/2026:02:57:34 +0200] "GET /loja/page/8/?add-to-cart=575&doing_wp_cron=1780420099.1374759674072265625000&orderby=date HTTP/1.1" 200 63163 "-" "Mozilla/5.0 AppleWebKit/537.36 (KHTML, like Gecko; compatible; ClaudeBot/1.0; +claudebot@anthropic.com)"
216.73.217.23 - - [06/Jun/2026:02:57:37 +0200] "GET /loja/page/3/?add-to-cart=897&doing_wp_cron=1780328969.7069408893585205078125&orderby=date HTTP/1.1" 200 63521 "-" "Mozilla/5.0 AppleWebKit/537.36 (KHTML, like Gecko; compatible; ClaudeBot/1.0; +claudebot@anthropic.com)"
216.73.217.23 - - [06/Jun/2026:02:57:40 +0200] "GET /categoria-produto/mercearia/?add-to-cart=795&doing_wp_cron=1780278538.0393350124359130859375&orderby=date HTTP/1.1" 200 63274 "-" "Mozilla/5.0 AppleWebKit/537.36 (KHTML, like Gecko; compatible; ClaudeBot/1.0; +claudebot@anthropic.com)"
216.73.217.23 - - [06/Jun/2026:02:57:43 +0200] "GET /loja/page/10/?add-to-cart=1728&doing_wp_cron=1780577720.8370680809020996093750&orderby=price HTTP/1.1" 200 64339 "-" "Mozilla/5.0 AppleWebKit/537.36 (KHTML, like Gecko; compatible; ClaudeBot/1.0; +claudebot@anthropic.com)"
216.73.217.23 - - [06/Jun/2026:02:57:46 +0200] "GET /loja/?add-to-cart=729&doing_wp_cron=1780356259.9063909053802490234375&orderby=price HTTP/1.1" 200 64248 "-" "Mozilla/5.0 AppleWebKit/537.36 (KHTML, like Gecko; compatible; ClaudeBot/1.0; +claudebot@anthropic.com)"
216.73.217.23 - - [06/Jun/2026:02:57:49 +0200] "GET /categoria-produto/mercearia/?add-to-cart=2009&doing_wp_cron=1780392883.1891400814056396484375&orderby=popularity HTTP/1.1" 200 64576 "-" "Mozilla/5.0 AppleWebKit/537.36 (KHTML, like Gecko; compatible; ClaudeBot/1.0; +claudebot@anthropic.com)"
216.73.217.23 - - [06/Jun/2026:02:57:52 +0200] "GET /loja/?add-to-cart=4235&doing_wp_cron=1780427216.9544849395751953125000&orderby=date HTTP/1.1" 200 64543 "-" "Mozilla/5.0 AppleWebKit/537.36 (KHTML, like Gecko; compatible; ClaudeBot/1.0; +claudebot@anthropic.com)"
216.73.217.23 - - [06/Jun/2026:02:57:55 +0200] "GET /loja/page/5/?add-to-cart=784&doing_wp_cron=1780529696.4466600418090820312500&orderby=date HTTP/1.1" 200 64928 "-" "Mozilla/5.0 AppleWebKit/537.36 (KHTML, like Gecko; compatible; ClaudeBot/1.0; +claudebot@anthropic.com)"
74.12.80.83 - - [06/Jun/2026:02:57:55 +0200] "GET /produto/alface-iberica-250gr/?add-to-cart=4227&doing_wp_cron=1779997586.1610670089721679687500 HTTP/1.1" 200 59154 "-" "Mozilla/5.0 (Android 1.5; Mobile; rv:60.0) Gecko/60.0 Firefox/60.0"
216.73.217.23 - - [06/Jun/2026:02:57:58 +0200] "GET /loja/page/11/?add-to-cart=715&doing_wp_cron=1780407057.6045830249786376953125&orderby=date HTTP/1.1" 200 64071 "-" "Mozilla/5.0 AppleWebKit/537.36 (KHTML, like Gecko; compatible; ClaudeBot/1.0; +claudebot@anthropic.com)"
216.73.217.23 - - [06/Jun/2026:02:58:01 +0200] "GET /loja/?add-to-cart=468&doing_wp_cron=1699032554.2910571098327636718750&orderby=price HTTP/1.1" 200 65182 "-" "Mozilla/5.0 AppleWebKit/537.36 (KHTML, like Gecko; compatible; ClaudeBot/1.0; +claudebot@anthropic.com)"
216.73.217.23 - - [06/Jun/2026:02:58:04 +0200] "GET /loja/page/11/?add-to-cart=725&doing_wp_cron=1780505756.6808669567108154296875&orderby=popularity HTTP/1.1" 200 65280 "-" "Mozilla/5.0 AppleWebKit/537.36 (KHTML, like Gecko; compatible; ClaudeBot/1.0; +claudebot@anthropic.com)"
216.73.217.23 - - [06/Jun/2026:02:58:07 +0200] "GET /categoria-produto/mercearia/?add-to-cart=1984&doing_wp_cron=1780390082.9759058952331542968750&orderby=menu_order HTTP/1.1" 200 65186 "-" "Mozilla/5.0 AppleWebKit/537.36 (KHTML, like Gecko; compatible; ClaudeBot/1.0; +claudebot@anthropic.com)"
57.141.20.2 - - [06/Jun/2026:02:58:08 +0200] "GET /sitemap-index.xml?doing_wp_cron=1770866338.8430409431457519531250 HTTP/1.1" 301 5 "-" "meta-externalagent/1.1 (+https://developers.facebook.com/docs/sharing/webmasters/crawler)"
216.73.217.23 - - [06/Jun/2026:02:58:10 +0200] "GET /loja/page/11/?add-to-cart=414&doing_wp_cron=1780471458.6715359687805175781250&orderby=date HTTP/1.1" 200 64741 "-" "Mozilla/5.0 AppleWebKit/537.36 (KHTML, like Gecko; compatible; ClaudeBot/1.0; +claudebot@anthropic.com)"
216.73.217.23 - - [06/Jun/2026:02:58:13 +0200] "GET /loja/page/11/?add-to-cart=647&doing_wp_cron=1780552196.7174270153045654296875&orderby=price HTTP/1.1" 200 65789 "-" "Mozilla/5.0 AppleWebKit/537.36 (KHTML, like Gecko; compatible; ClaudeBot/1.0; +claudebot@anthropic.com)"
216.73.217.23 - - [06/Jun/2026:02:58:16 +0200] "GET /loja/page/11/?add-to-cart=2038&doing_wp_cron=1780442638.6953730583190917968750&orderby=menu_order HTTP/1.1" 200 65585 "-" "Mozilla/5.0 AppleWebKit/537.36 (KHTML, like Gecko; compatible; ClaudeBot/1.0; +claudebot@anthropic.com)"
216.73.217.23 - - [06/Jun/2026:02:58:19 +0200] "GET /loja/page/2/?add-to-cart=526&doing_wp_cron=1780066683.4503800868988037109375&orderby=price HTTP/1.1" 200 66229 "-" "Mozilla/5.0 AppleWebKit/537.36 (KHTML, like Gecko; compatible; ClaudeBot/1.0; +claudebot@anthropic.com)"
216.73.217.23 - - [06/Jun/2026:02:58:22 +0200] "GET /loja/page/3/?add-to-cart=1994&doing_wp_cron=1780326079.0621399879455566406250&orderby=price HTTP/1.1" 200 66515 "-" "Mozilla/5.0 AppleWebKit/537.36 (KHTML, like Gecko; compatible; ClaudeBot/1.0; +claudebot@anthropic.com)"
216.73.217.23 - - [06/Jun/2026:02:58:25 +0200] "GET /loja/page/9/?add-to-cart=530&doing_wp_cron=1780388658.8284630775451660156250&orderby=date HTTP/1.1" 200 65977 "-" "Mozilla/5.0 AppleWebKit/537.36 (KHTML, like Gecko; compatible; ClaudeBot/1.0; +claudebot@anthropic.com)"
216.73.217.23 - - [06/Jun/2026:02:58:28 +0200] "GET /categoria-produto/mercearia/page/2/?doing_wp_cron=1780332270.3123369216918945312500&orderby=price-desc HTTP/1.1" 200 66558 "-" "Mozilla/5.0 AppleWebKit/537.36 (KHTML, like Gecko; compatible; ClaudeBot/1.0; +claudebot@anthropic.com)"
216.244.66.243 - - [06/Jun/2026:02:58:29 +0200] "GET /produto/beringela/?add-to-cart=1543&doing_wp_cron=1764355209.9234480857849121093750 HTTP/1.1" 200 403469 "-" "Mozilla/5.0 (compatible; DotBot/1.2; +https://opensiteexplorer.org/dotbot; help@moz.com)"
91.92.242.223 - - [06/Jun/2026:02:58:30 +0200] "POST /wp-login.php?action=register HTTP/1.1" 403 146 "-" "-"
40.77.167.53 - - [06/Jun/2026:02:58:30 +0200] "GET /produto/maracuja/?doing_wp_cron=1778382998.1700050830841064453125 HTTP/1.1" 200 57769 "-" "Mozilla/5.0 AppleWebKit/537.36 (KHTML, like Gecko; compatible; bingbot/2.0; +http://www.bing.com/bingbot.htm) Chrome/116.0.1938.76 Safari/537.36"
216.73.217.23 - - [06/Jun/2026:02:58:33 +0200] "GET /loja/page/2/?add-to-cart=765&doing_wp_cron=1703787820.8273739814758300781250&orderby=date HTTP/1.1" 200 60970 "-" "Mozilla/5.0 AppleWebKit/537.36 (KHTML, like Gecko; compatible; ClaudeBot/1.0; +claudebot@anthropic.com)"
216.244.66.243 - - [06/Jun/2026:02:58:35 +0200] "GET /produto/bolonhesa-em-saqueta/?add-to-cart=677&doing_wp_cron=1764378719.3672890663146972656250 HTTP/1.1" 200 400386 "-" "Mozilla/5.0 (compatible; DotBot/1.2; +https://opensiteexplorer.org/dotbot; help@moz.com)"
216.73.217.23 - - [06/Jun/2026:02:58:36 +0200] "GET /loja/page/3/?add-to-cart=1992&doing_wp_cron=1749485637.4724121093750000000000&orderby=date HTTP/1.1" 200 61274 "-" "Mozilla/5.0 AppleWebKit/537.36 (KHTML, like Gecko; compatible; ClaudeBot/1.0; +claudebot@anthropic.com)"
216.73.217.23 - - [06/Jun/2026:02:58:39 +0200] "GET /loja/page/4/?add-to-cart=751&doing_wp_cron=1758569056.8537590503692626953125&orderby=price HTTP/1.1" 200 61717 "-" "Mozilla/5.0 AppleWebKit/537.36 (KHTML, like Gecko; compatible; ClaudeBot/1.0; +claudebot@anthropic.com)"
