66.249.79.136 - - [06/Jun/2026:01:00:05 +0200] "GET /wp-content/themes/baudefruta-un/style.css?ver=740710552 HTTP/1.1" 200 896 "https://www.baudefruta.pt/produto/macarrao-grande-nacional-500g/" "Mozilla/5.0 (Linux; Android 6.0.1; Nexus 5X Build/MMB29P) AppleWebKit/537.36 (KHTML, like Gecko) Chrome/148.0.7778.96 Mobile Safari/537.36 (compatible; Googlebot/2.1; +http://www.google.com/bot.html)"
66.249.79.136 - - [06/Jun/2026:01:00:06 +0200] "GET /wp-content/themes/uncode/library/css/woocommerce.css?ver=1195989125 HTTP/1.1" 200 20067 "https://www.baudefruta.pt/produto/macarrao-grande-nacional-500g/" "Mozilla/5.0 (Linux; Android 6.0.1; Nexus 5X Build/MMB29P) AppleWebKit/537.36 (KHTML, like Gecko) Chrome/148.0.7778.96 Mobile Safari/537.36 (compatible; Googlebot/2.1; +http://www.google.com/bot.html)"
216.73.217.23 - - [06/Jun/2026:01:00:06 +0200] "GET /loja/page/5/?add-to-cart=1132&doing_wp_cron=1780580458.8401908874511718750000&orderby=popularity HTTP/1.1" 200 62179 "-" "Mozilla/5.0 AppleWebKit/537.36 (KHTML, like Gecko; compatible; ClaudeBot/1.0; +claudebot@anthropic.com)"
66.249.79.136 - - [06/Jun/2026:01:00:06 +0200] "GET /wp-content/themes/uncode/library/js/woocommerce-uncode.js?ver=1195989125 HTTP/1.1" 200 7190 "https://www.baudefruta.pt/produto/macarrao-grande-nacional-500g/" "Mozilla/5.0 (Linux; Android 6.0.1; Nexus 5X Build/MMB29P) AppleWebKit/537.36 (KHTML, like Gecko) Chrome/148.0.7778.96 Mobile Safari/537.36 (compatible; Googlebot/2.1; +http://www.google.com/bot.html)"
216.73.217.23 - - [06/Jun/2026:01:00:09 +0200] "GET /loja/page/4/?add-to-cart=706&doing_wp_cron=1780319098.8176429271697998046875&orderby=popularity HTTP/1.1" 200 62051 "-" "Mozilla/5.0 AppleWebKit/537.36 (KHTML, like Gecko; compatible; ClaudeBot/1.0; +claudebot@anthropic.com)"
216.73.217.23 - - [06/Jun/2026:01:00:12 +0200] "GET /loja/?add-to-cart=4329&doing_wp_cron=1780486432.4119439125061035156250&orderby=date HTTP/1.1" 200 61988 "-" "Mozilla/5.0 AppleWebKit/537.36 (KHTML, like Gecko; compatible; ClaudeBot/1.0; +claudebot@anthropic.com)"
52.167.144.172 - - [06/Jun/2026:01:00:15 +0200] "GET /loja/page/2/?doing_wp_cron=1749476343.1128089427947998046875&orderby=date HTTP/1.1" 200 60214 "-" "Mozilla/5.0 AppleWebKit/537.36 (KHTML, like Gecko; compatible; bingbot/2.0; +http://www.bing.com/bingbot.htm) Chrome/116.0.1938.76 Safari/537.36"
216.73.217.23 - - [06/Jun/2026:01:00:15 +0200] "GET /produto/miolo-de-noz/?add-to-cart=821&doing_wp_cron=1780438378.6766769886016845703125 HTTP/1.1" 200 60415 "-" "Mozilla/5.0 AppleWebKit/537.36 (KHTML, like Gecko; compatible; ClaudeBot/1.0; +claudebot@anthropic.com)"
52.167.144.161 - - [06/Jun/2026:01:00:19 +0200] "GET /page/10/?s&doing_wp_cron=1776048231.5411078929901123046875&orderby=price HTTP/1.1" 200 52411 "-" "Mozilla/5.0 AppleWebKit/537.36 (KHTML, like Gecko; compatible; bingbot/2.0; +http://www.bing.com/bingbot.htm) Chrome/116.0.1938.76 Safari/537.36"
216.73.217.23 - - [06/Jun/2026:01:00:20 +0200] "GET /loja/?add-to-cart=4328&doing_wp_cron=1780462796.7094769477844238281250&orderby=date HTTP/1.1" 200 60924 "-" "Mozilla/5.0 AppleWebKit/537.36 (KHTML, like Gecko; compatible; ClaudeBot/1.0; +claudebot@anthropic.com)"
216.73.217.23 - - [06/Jun/2026:01:00:22 +0200] "GET /loja/page/2/?add-to-cart=519&doing_wp_cron=1780490816.3358080387115478515625&orderby=popularity HTTP/1.1" 200 61282 "-" "Mozilla/5.0 AppleWebKit/537.36 (KHTML, like Gecko; compatible; ClaudeBot/1.0; +claudebot@anthropic.com)"
216.73.217.23 - - [06/Jun/2026:01:00:25 +0200] "GET /produto/amendoa-caramelizada/?add-to-cart=622&doing_wp_cron=1780322817.9599781036376953125000 HTTP/1.1" 200 59695 "-" "Mozilla/5.0 AppleWebKit/537.36 (KHTML, like Gecko; compatible; ClaudeBot/1.0; +claudebot@anthropic.com)"
114.119.133.26 - - [06/Jun/2026:01:00:26 +0200] "GET /loja/page/9/?orderby=date&doing_wp_cron=1779804587.1486480236053466796875 HTTP/1.1" 200 59700 "https://www.baudefruta.pt/loja/page/7/?orderby=date&doing_wp_cron=1779804587.1486480236053466796875" "Mozilla/5.0 (Linux; Android 7.0;) AppleWebKit/537.36 (HTML, like Gecko) Mobile Safari/537.36 (compatible; PetalBot;+https://webmaster.petalsearch.com/site/petalbot)"
216.73.217.23 - - [06/Jun/2026:01:00:28 +0200] "GET /loja/page/3/?add-to-cart=1991&doing_wp_cron=1780490103.7011010646820068359375&orderby=date HTTP/1.1" 200 61708 "-" "Mozilla/5.0 AppleWebKit/537.36 (KHTML, like Gecko; compatible; ClaudeBot/1.0; +claudebot@anthropic.com)"
52.167.144.161 - - [06/Jun/2026:01:00:28 +0200] "GET /categoria-produto/frescos/page/5/?doing_wp_cron=1764252113.6449220180511474609375&orderby=date HTTP/1.1" 200 59650 "-" "Mozilla/5.0 AppleWebKit/537.36 (KHTML, like Gecko; compatible; bingbot/2.0; +http://www.bing.com/bingbot.htm) Chrome/116.0.1938.76 Safari/537.36"
124.156.206.78 - - [06/Jun/2026:01:00:30 +0200] "GET /embed/ HTTP/1.1" 302 102 "-" "Mozilla/5.0 (iPhone; CPU iPhone OS 13_2_3 like Mac OS X) AppleWebKit/605.1.15 (KHTML, like Gecko) Version/13.0.3 Mobile/15E148 Safari/604.1"
216.73.217.23 - - [06/Jun/2026:01:00:31 +0200] "GET /loja/?add-to-cart=478&doing_wp_cron=1780384400.8176770210266113281250&orderby=date HTTP/1.1" 200 61820 "-" "Mozilla/5.0 AppleWebKit/537.36 (KHTML, like Gecko; compatible; ClaudeBot/1.0; +claudebot@anthropic.com)"
216.73.217.23 - - [06/Jun/2026:01:00:34 +0200] "GET /loja/page/7/?add-to-cart=653&doing_wp_cron=1780457004.9740800857543945312500&orderby=date HTTP/1.1" 200 62180 "-" "Mozilla/5.0 AppleWebKit/537.36 (KHTML, like Gecko; compatible; ClaudeBot/1.0; +claudebot@anthropic.com)"
124.156.206.78 - - [06/Jun/2026:01:00:35 +0200] "GET /embed/?doing_wp_cron=1780700430.7395598888397216796875 HTTP/1.1" 301 5 "https://www.baudefruta.pt/embed/" "Mozilla/5.0 (iPhone; CPU iPhone OS 13_2_3 like Mac OS X) AppleWebKit/605.1.15 (KHTML, like Gecko) Version/13.0.3 Mobile/15E148 Safari/604.1"
216.73.217.23 - - [06/Jun/2026:01:00:37 +0200] "GET /loja/page/9/?add-to-cart=901&doing_wp_cron=1780445660.5325009822845458984375&orderby=popularity HTTP/1.1" 200 62886 "-" "Mozilla/5.0 AppleWebKit/537.36 (KHTML, like Gecko; compatible; ClaudeBot/1.0; +claudebot@anthropic.com)"
124.156.206.78 - - [06/Jun/2026:01:00:38 +0200] "GET /?doing_wp_cron=1780700430.7395598888397216796875 HTTP/1.1" 200 61410 "https://www.baudefruta.pt/embed/?doing_wp_cron=1780700430.7395598888397216796875" "Mozilla/5.0 (iPhone; CPU iPhone OS 13_2_3 like Mac OS X) AppleWebKit/605.1.15 (KHTML, like Gecko) Version/13.0.3 Mobile/15E148 Safari/604.1"
216.73.217.23 - - [06/Jun/2026:01:00:40 +0200] "GET /loja/?add-to-cart=468&doing_wp_cron=1780420099.1374759674072265625000&orderby=popularity HTTP/1.1" 200 62302 "-" "Mozilla/5.0 AppleWebKit/537.36 (KHTML, like Gecko; compatible; ClaudeBot/1.0; +claudebot@anthropic.com)"
216.73.217.23 - - [06/Jun/2026:01:00:43 +0200] "GET /loja/page/7/?add-to-cart=610&doing_wp_cron=1780462878.7975680828094482421875&orderby=popularity HTTP/1.1" 200 63236 "-" "Mozilla/5.0 AppleWebKit/537.36 (KHTML, like Gecko; compatible; ClaudeBot/1.0; +claudebot@anthropic.com)"
216.73.217.23 - - [06/Jun/2026:01:00:47 +0200] "GET /loja/?add-to-cart=2037&doing_wp_cron=1780476198.9860539436340332031250&orderby=popularity HTTP/1.1" 200 62668 "-" "Mozilla/5.0 AppleWebKit/537.36 (KHTML, like Gecko; compatible; ClaudeBot/1.0; +claudebot@anthropic.com)"
57.141.20.38 - - [06/Jun/2026:01:00:47 +0200] "GET /sitemap-index.xml?doing_wp_cron=1761972549.5332210063934326171875 HTTP/1.1" 404 298133 "-" "meta-externalagent/1.1 (+https://developers.facebook.com/docs/sharing/webmasters/crawler)"
216.73.217.23 - - [06/Jun/2026:01:00:49 +0200] "GET /loja/?add-to-cart=4779&doing_wp_cron=1711616234.3928558826446533203125&orderby=popularity HTTP/1.1" 200 62943 "-" "Mozilla/5.0 AppleWebKit/537.36 (KHTML, like Gecko; compatible; ClaudeBot/1.0; +claudebot@anthropic.com)"
216.73.217.23 - - [06/Jun/2026:01:00:52 +0200] "GET /loja/?add-to-cart=345&doing_wp_cron=1780438640.8086369037628173828125&orderby=date HTTP/1.1" 200 64521 "-" "Mozilla/5.0 AppleWebKit/537.36 (KHTML, like Gecko; compatible; ClaudeBot/1.0; +claudebot@anthropic.com)"
216.73.217.23 - - [06/Jun/2026:01:00:55 +0200] "GET /loja/?add-to-cart=433&doing_wp_cron=1780455680.5886950492858886718750&orderby=date HTTP/1.1" 200 64718 "-" "Mozilla/5.0 AppleWebKit/537.36 (KHTML, like Gecko; compatible; ClaudeBot/1.0; +claudebot@anthropic.com)"
107.152.46.202 - - [06/Jun/2026:01:00:56 +0200] "GET /2021/05/11/ola-mundo/ HTTP/1.1" 200 1135121 "https://www.baudefruta.pt/" "Mozilla/5.0 (Windows NT 10.0; Win64; x64) AppleWebKit/537.36 (KHTML, like Gecko) Chrome/114.0.0.0 Safari/537.36"
216.73.217.23 - - [06/Jun/2026:01:00:58 +0200] "GET /loja/page/11/?add-to-cart=715&doing_wp_cron=1780541060.9407060146331787109375&orderby=popularity HTTP/1.1" 200 65045 "-" "Mozilla/5.0 AppleWebKit/537.36 (KHTML, like Gecko; compatible; ClaudeBot/1.0; +claudebot@anthropic.com)"
216.73.217.23 - - [06/Jun/2026:01:01:02 +0200] "GET /loja/page/4/?add-to-cart=238&doing_wp_cron=1780486857.8343369960784912109375&orderby=popularity HTTP/1.1" 200 65741 "-" "Mozilla/5.0 AppleWebKit/537.36 (KHTML, like Gecko; compatible; ClaudeBot/1.0; +claudebot@anthropic.com)"
216.73.217.23 - - [06/Jun/2026:01:01:05 +0200] "GET /loja/page/4/?add-to-cart=238&doing_wp_cron=1780356259.9063909053802490234375&orderby=menu_order HTTP/1.1" 200 66024 "-" "Mozilla/5.0 AppleWebKit/537.36 (KHTML, like Gecko; compatible; ClaudeBot/1.0; +claudebot@anthropic.com)"
216.73.217.23 - - [06/Jun/2026:01:01:08 +0200] "GET /loja/page/2/?add-to-cart=567&doing_wp_cron=1780356259.9063909053802490234375&orderby=popularity HTTP/1.1" 200 65910 "-" "Mozilla/5.0 AppleWebKit/537.36 (KHTML, like Gecko; compatible; ClaudeBot/1.0; +claudebot@anthropic.com)"
216.73.217.23 - - [06/Jun/2026:01:01:11 +0200] "GET /loja/page/4/?add-to-cart=825&doing_wp_cron=1780410981.3310050964355468750000&orderby=menu_order HTTP/1.1" 200 66443 "-" "Mozilla/5.0 AppleWebKit/537.36 (KHTML, like Gecko; compatible; ClaudeBot/1.0; +claudebot@anthropic.com)"
216.73.217.23 - - [06/Jun/2026:01:01:14 +0200] "GET /loja/page/6/?add-to-cart=552&doing_wp_cron=1780453183.1994099617004394531250&orderby=menu_order HTTP/1.1" 200 66185 "-" "Mozilla/5.0 AppleWebKit/537.36 (KHTML, like Gecko; compatible; ClaudeBot/1.0; +claudebot@anthropic.com)"
216.73.217.23 - - [06/Jun/2026:01:01:16 +0200] "GET /produto/alho-granulado-em-frasco/?add-to-cart=821&doing_wp_cron=1780208258.0652849674224853515625 HTTP/1.1" 200 64518 "-" "Mozilla/5.0 AppleWebKit/537.36 (KHTML, like Gecko; compatible; ClaudeBot/1.0; +claudebot@anthropic.com)"
75.119.139.177 - - [06/Jun/2026:01:01:17 +0200] "GET /sitemap.xml HTTP/1.1" 302 11 "-" "WordPress/6.9.1; https://www.baudefruta.pt"
75.119.139.177 - - [06/Jun/2026:01:01:18 +0200] "GET /sitemap.xml?doing_wp_cron=1780700477.7629210948944091796875 HTTP/1.1" 404 53267 "-" "WordPress/6.9.1; https://www.baudefruta.pt"
216.73.217.23 - - [06/Jun/2026:01:01:20 +0200] "GET /loja/page/5/?add-to-cart=3500&doing_wp_cron=1780462878.7975680828094482421875&orderby=popularity HTTP/1.1" 200 67073 "-" "Mozilla/5.0 AppleWebKit/537.36 (KHTML, like Gecko; compatible; ClaudeBot/1.0; +claudebot@anthropic.com)"
107.152.46.202 - - [06/Jun/2026:01:01:21 +0200] "POST /wp-comments-post.php HTTP/1.1" 302 5 "https://www.baudefruta.pt/2021/05/11/ola-mundo/" "Mozilla/5.0 (Windows NT 10.0; Win64; x64) AppleWebKit/537.36 (KHTML, like Gecko) Chrome/114.0.0.0 Safari/537.36"
107.152.46.202 - - [06/Jun/2026:01:01:22 +0200] "GET /2021/05/11/ola-mundo/ HTTP/1.1" 302 11 "https://www.baudefruta.pt/wp-comments-post.php" "Mozilla/5.0 (Windows NT 10.0; Win64; x64) AppleWebKit/537.36 (KHTML, like Gecko) Chrome/114.0.0.0 Safari/537.36"
216.73.217.23 - - [06/Jun/2026:01:01:22 +0200] "GET /produto/alho-granulado-em-frasco/?add-to-cart=1986&doing_wp_cron=1780649663.7374200820922851562500 HTTP/1.1" 200 64939 "-" "Mozilla/5.0 AppleWebKit/537.36 (KHTML, like Gecko; compatible; ClaudeBot/1.0; +claudebot@anthropic.com)"
216.73.217.23 - - [06/Jun/2026:01:01:26 +0200] "GET /loja/page/2/?add-to-cart=1991&doing_wp_cron=1780406818.1222550868988037109375&orderby=menu_order HTTP/1.1" 200 66906 "-" "Mozilla/5.0 AppleWebKit/537.36 (KHTML, like Gecko; compatible; ClaudeBot/1.0; +claudebot@anthropic.com)"
188.241.62.83 - - [06/Jun/2026:01:01:27 +0200] "POST /xmlrpc.php HTTP/1.1" 200 244 "-" "Mozilla/5.0 (X11; CrOS x86_64 14541.0.0) AppleWebKit/537.36 (KHTML, like Gecko) Chrome/133.0.0.0 Safari/537.36"
107.152.46.202 - - [06/Jun/2026:01:01:27 +0200] "GET /2021/05/11/ola-mundo/?doing_wp_cron=1780700482.0172200202941894531250 HTTP/1.1" 200 1160243 "https://www.baudefruta.pt/2021/05/11/ola-mundo/" "Mozilla/5.0 (Windows NT 10.0; Win64; x64) AppleWebKit/537.36 (KHTML, like Gecko) Chrome/114.0.0.0 Safari/537.36"
57.141.20.33 - - [06/Jun/2026:01:01:28 +0200] "GET /product-sitemap2.xml?doing_wp_cron=1767782977.9494268894195556640625 HTTP/1.1" 200 8350 "-" "meta-externalagent/1.1 (+https://developers.facebook.com/docs/sharing/webmasters/crawler)"
216.73.217.23 - - [06/Jun/2026:01:01:29 +0200] "GET /loja/page/11/?add-to-cart=433&doing_wp_cron=1780541060.9407060146331787109375&orderby=date HTTP/1.1" 200 65934 "-" "Mozilla/5.0 AppleWebKit/537.36 (KHTML, like Gecko; compatible; ClaudeBot/1.0; +claudebot@anthropic.com)"
216.73.217.23 - - [06/Jun/2026:01:01:32 +0200] "GET /loja/page/6/?add-to-cart=599&doing_wp_cron=1780383896.6204249858856201171875&orderby=menu_order HTTP/1.1" 200 66952 "-" "Mozilla/5.0 AppleWebKit/537.36 (KHTML, like Gecko; compatible; ClaudeBot/1.0; +claudebot@anthropic.com)"
216.73.217.23 - - [06/Jun/2026:01:01:35 +0200] "GET /produto/feijao-verde-largo/?add-to-cart=494&doing_wp_cron=1780250350.0669429302215576171875 HTTP/1.1" 200 65490 "-" "Mozilla/5.0 AppleWebKit/537.36 (KHTML, like Gecko; compatible; ClaudeBot/1.0; +claudebot@anthropic.com)"
216.73.217.23 - - [06/Jun/2026:01:01:38 +0200] "GET /loja/page/2/?add-to-cart=731&doing_wp_cron=1780388636.6831140518188476562500&orderby=menu_order HTTP/1.1" 200 67586 "-" "Mozilla/5.0 AppleWebKit/537.36 (KHTML, like Gecko; compatible; ClaudeBot/1.0; +claudebot@anthropic.com)"
107.152.46.202 - - [06/Jun/2026:01:01:41 +0200] "GET /2021/05/11/ola-mundo/ HTTP/1.1" 200 1135365 "-" "Mozilla/5.0 (Windows NT 10.0; Win64; x64) AppleWebKit/537.36 (KHTML, like Gecko) Chrome/114.0.0.0 Safari/537.36"
216.73.217.23 - - [06/Jun/2026:01:01:41 +0200] "GET /loja/page/4/?add-to-cart=897&doing_wp_cron=1780319098.8176429271697998046875&orderby=popularity HTTP/1.1" 200 67802 "-" "Mozilla/5.0 AppleWebKit/537.36 (KHTML, like Gecko; compatible; ClaudeBot/1.0; +claudebot@anthropic.com)"
216.73.217.23 - - [06/Jun/2026:01:01:44 +0200] "GET /loja/?add-to-cart=4337&doing_wp_cron=1780462762.0583889484405517578125&orderby=date HTTP/1.1" 200 67648 "-" "Mozilla/5.0 AppleWebKit/537.36 (KHTML, like Gecko; compatible; ClaudeBot/1.0; +claudebot@anthropic.com)"
114.119.152.161 - - [06/Jun/2026:01:01:49 +0200] "GET /loja/page/9/?orderby=date&doing_wp_cron=1689602367.8085989952087402343750 HTTP/1.1" 200 59696 "https://www.baudefruta.pt/loja/page/9/?orderby=date&doing_wp_cron=1689602367.8085989952087402343750" "Mozilla/5.0 (Linux; Android 7.0;) AppleWebKit/537.36 (HTML, like Gecko) Mobile Safari/537.36 (compatible; PetalBot;+https://webmaster.petalsearch.com/site/petalbot)"
216.73.217.23 - - [06/Jun/2026:01:01:49 +0200] "GET /loja/page/8/?add-to-cart=792&doing_wp_cron=1780205258.9664719104766845703125&orderby=popularity HTTP/1.1" 200 61595 "-" "Mozilla/5.0 AppleWebKit/537.36 (KHTML, like Gecko; compatible; ClaudeBot/1.0; +claudebot@anthropic.com)"
216.73.217.23 - - [06/Jun/2026:01:01:52 +0200] "GET /loja/page/11/?add-to-cart=643&doing_wp_cron=1780415098.0220060348510742187500&orderby=menu_order HTTP/1.1" 200 60789 "-" "Mozilla/5.0 AppleWebKit/537.36 (KHTML, like Gecko; compatible; ClaudeBot/1.0; +claudebot@anthropic.com)"
216.73.217.23 - - [06/Jun/2026:01:01:54 +0200] "GET /produto/atum-selvagem-em-azeite-ramirez/?add-to-cart=702&doing_wp_cron=1780198153.6976819038391113281250 HTTP/1.1" 200 59971 "-" "Mozilla/5.0 AppleWebKit/537.36 (KHTML, like Gecko; compatible; ClaudeBot/1.0; +claudebot@anthropic.com)"
46.224.234.158 - - [06/Jun/2026:01:01:57 +0200] "GET /wp-login.php HTTP/1.1" 200 51437 "-" "Mozilla/5.0 (Windows NT 10.0; Win64; x64) AppleWebKit/537.36 (KHTML, like Gecko) Chrome/120.0.0.0 Safari/537.36"
46.224.234.158 - - [06/Jun/2026:01:01:57 +0200] "POST /wp-login.php HTTP/1.1" 405 552 "https://baudefruta.pt/wp-login.php" "Mozilla/5.0 (Windows NT 10.0; Win64; x64) AppleWebKit/537.36 (KHTML, like Gecko) Chrome/120.0.0.0 Safari/537.36"
216.73.217.23 - - [06/Jun/2026:01:01:58 +0200] "GET /loja/page/2/?add-to-cart=565&doing_wp_cron=1780686500.7243459224700927734375&orderby=popularity HTTP/1.1" 200 61770 "-" "Mozilla/5.0 AppleWebKit/537.36 (KHTML, like Gecko; compatible; ClaudeBot/1.0; +claudebot@anthropic.com)"
216.73.217.23 - - [06/Jun/2026:01:02:01 +0200] "GET /loja/page/6/?add-to-cart=624&doing_wp_cron=1701153572.9826118946075439453125 HTTP/1.1" 200 61882 "-" "Mozilla/5.0 AppleWebKit/537.36 (KHTML, like Gecko; compatible; ClaudeBot/1.0; +claudebot@anthropic.com)"
216.73.217.23 - - [06/Jun/2026:01:02:04 +0200] "GET /loja/page/6/?add-to-cart=513&doing_wp_cron=1780247694.3308169841766357421875&orderby=popularity HTTP/1.1" 200 62740 "-" "Mozilla/5.0 AppleWebKit/537.36 (KHTML, like Gecko; compatible; ClaudeBot/1.0; +claudebot@anthropic.com)"
216.73.217.23 - - [06/Jun/2026:01:02:07 +0200] "GET /loja/page/4/?add-to-cart=345&doing_wp_cron=1780205258.9664719104766845703125&orderby=menu_order HTTP/1.1" 200 63975 "-" "Mozilla/5.0 AppleWebKit/537.36 (KHTML, like Gecko; compatible; ClaudeBot/1.0; +claudebot@anthropic.com)"
216.73.217.23 - - [06/Jun/2026:01:02:10 +0200] "GET /loja/page/4/?add-to-cart=238&doing_wp_cron=1780406818.1222550868988037109375&orderby=menu_order HTTP/1.1" 200 64798 "-" "Mozilla/5.0 AppleWebKit/537.36 (KHTML, like Gecko; compatible; ClaudeBot/1.0; +claudebot@anthropic.com)"
216.73.217.23 - - [06/Jun/2026:01:02:13 +0200] "GET /loja/page/3/?add-to-cart=1988&doing_wp_cron=1780496817.3441560268402099609375&orderby=popularity HTTP/1.1" 200 64788 "-" "Mozilla/5.0 AppleWebKit/537.36 (KHTML, like Gecko; compatible; ClaudeBot/1.0; +claudebot@anthropic.com)"
216.73.217.23 - - [06/Jun/2026:01:02:16 +0200] "GET /loja/page/3/?add-to-cart=528&doing_wp_cron=1780326079.0621399879455566406250&orderby=popularity HTTP/1.1" 200 64933 "-" "Mozilla/5.0 AppleWebKit/537.36 (KHTML, like Gecko; compatible; ClaudeBot/1.0; +claudebot@anthropic.com)"
216.73.217.23 - - [06/Jun/2026:01:02:19 +0200] "GET /loja/page/3/?add-to-cart=528&doing_wp_cron=1780205258.9664719104766845703125&orderby=popularity HTTP/1.1" 200 64934 "-" "Mozilla/5.0 AppleWebKit/537.36 (KHTML, like Gecko; compatible; ClaudeBot/1.0; +claudebot@anthropic.com)"
216.73.217.23 - - [06/Jun/2026:01:02:22 +0200] "GET /categoria-produto/mercearia/frutos-secos/?add-to-cart=2042&doing_wp_cron=1708930846.3446679115295410156250 HTTP/1.1" 200 64425 "-" "Mozilla/5.0 AppleWebKit/537.36 (KHTML, like Gecko; compatible; ClaudeBot/1.0; +claudebot@anthropic.com)"
216.73.217.23 - - [06/Jun/2026:01:02:25 +0200] "GET /loja/?add-to-cart=719&doing_wp_cron=1780328969.7069408893585205078125&orderby=popularity HTTP/1.1" 200 64980 "-" "Mozilla/5.0 AppleWebKit/537.36 (KHTML, like Gecko; compatible; ClaudeBot/1.0; +claudebot@anthropic.com)"
216.73.217.23 - - [06/Jun/2026:01:02:28 +0200] "GET /loja/page/8/?add-to-cart=626&doing_wp_cron=1780247694.3308169841766357421875&orderby=popularity HTTP/1.1" 200 65944 "-" "Mozilla/5.0 AppleWebKit/537.36 (KHTML, like Gecko; compatible; ClaudeBot/1.0; +claudebot@anthropic.com)"
40.77.167.46 - - [06/Jun/2026:01:02:31 +0200] "GET /categoria-produto/mercearia/frutos-secos/?doing_wp_cron=1774506057.8648600578308105468750&orderby=price HTTP/1.1" 200 59706 "-" "Mozilla/5.0 AppleWebKit/537.36 (KHTML, like Gecko; compatible; bingbot/2.0; +http://www.bing.com/bingbot.htm) Chrome/116.0.1938.76 Safari/537.36"
216.73.217.23 - - [06/Jun/2026:01:02:31 +0200] "GET /loja/page/3/?add-to-cart=628&doing_wp_cron=1780388636.6831140518188476562500&orderby=popularity HTTP/1.1" 200 65662 "-" "Mozilla/5.0 AppleWebKit/537.36 (KHTML, like Gecko; compatible; ClaudeBot/1.0; +claudebot@anthropic.com)"
216.73.217.23 - - [06/Jun/2026:01:02:34 +0200] "GET /loja/?add-to-cart=530&doing_wp_cron=1770738320.9674439430236816406250&orderby=popularity HTTP/1.1" 200 65441 "-" "Mozilla/5.0 AppleWebKit/537.36 (KHTML, like Gecko; compatible; ClaudeBot/1.0; +claudebot@anthropic.com)"
216.73.217.23 - - [06/Jun/2026:01:02:38 +0200] "GET /loja/page/3/?add-to-cart=591&doing_wp_cron=1780552136.4866590499877929687500&orderby=menu_order HTTP/1.1" 200 65619 "-" "Mozilla/5.0 AppleWebKit/537.36 (KHTML, like Gecko; compatible; ClaudeBot/1.0; +claudebot@anthropic.com)"
216.73.217.23 - - [06/Jun/2026:01:02:40 +0200] "GET /loja/page/8/?add-to-cart=761&doing_wp_cron=1780205258.9664719104766845703125&orderby=popularity HTTP/1.1" 200 66670 "-" "Mozilla/5.0 AppleWebKit/537.36 (KHTML, like Gecko; compatible; ClaudeBot/1.0; +claudebot@anthropic.com)"
216.73.217.23 - - [06/Jun/2026:01:02:43 +0200] "GET /loja/page/11/?add-to-cart=541&doing_wp_cron=1780326079.0621399879455566406250&orderby=menu_order HTTP/1.1" 200 65794 "-" "Mozilla/5.0 AppleWebKit/537.36 (KHTML, like Gecko; compatible; ClaudeBot/1.0; +claudebot@anthropic.com)"
216.73.217.23 - - [06/Jun/2026:01:02:52 +0200] "GET /loja/?add-to-cart=502&doing_wp_cron=1749500398.4001810550689697265625&orderby=date HTTP/1.1" 200 60920 "-" "Mozilla/5.0 AppleWebKit/537.36 (KHTML, like Gecko; compatible; ClaudeBot/1.0; +claudebot@anthropic.com)"
216.73.217.23 - - [06/Jun/2026:01:02:56 +0200] "GET /loja/page/4/?add-to-cart=4224&doing_wp_cron=1780462940.9905130863189697265625&orderby=popularity HTTP/1.1" 200 61385 "-" "Mozilla/5.0 AppleWebKit/537.36 (KHTML, like Gecko; compatible; ClaudeBot/1.0; +claudebot@anthropic.com)"
216.73.217.23 - - [06/Jun/2026:01:02:58 +0200] "GET /loja/?add-to-cart=4328&doing_wp_cron=1780326118.2281150817871093750000&orderby=popularity HTTP/1.1" 200 61199 "-" "Mozilla/5.0 AppleWebKit/537.36 (KHTML, like Gecko; compatible; ClaudeBot/1.0; +claudebot@anthropic.com)"
216.73.217.23 - - [06/Jun/2026:01:03:02 +0200] "GET /loja/page/10/?add-to-cart=532&doing_wp_cron=1780410981.3310050964355468750000&orderby=menu_order HTTP/1.1" 200 61854 "-" "Mozilla/5.0 AppleWebKit/537.36 (KHTML, like Gecko; compatible; ClaudeBot/1.0; +claudebot@anthropic.com)"
216.73.217.23 - - [06/Jun/2026:01:03:05 +0200] "GET /loja/page/3/?add-to-cart=565&doing_wp_cron=1780407018.5904660224914550781250&orderby=menu_order HTTP/1.1" 200 61528 "-" "Mozilla/5.0 AppleWebKit/537.36 (KHTML, like Gecko; compatible; ClaudeBot/1.0; +claudebot@anthropic.com)"
216.73.217.23 - - [06/Jun/2026:01:03:08 +0200] "GET /loja/page/6/?add-to-cart=643&doing_wp_cron=1780247694.3308169841766357421875&orderby=date HTTP/1.1" 200 62046 "-" "Mozilla/5.0 AppleWebKit/537.36 (KHTML, like Gecko; compatible; ClaudeBot/1.0; +claudebot@anthropic.com)"
216.73.217.23 - - [06/Jun/2026:01:03:11 +0200] "GET /produto/alho-granulado-em-frasco/?add-to-cart=622&doing_wp_cron=1780406985.6702001094818115234375 HTTP/1.1" 200 60415 "-" "Mozilla/5.0 AppleWebKit/537.36 (KHTML, like Gecko; compatible; ClaudeBot/1.0; +claudebot@anthropic.com)"
114.119.150.140 - - [06/Jun/2026:01:03:13 +0200] "GET /loja/page/9/?doing_wp_cron=1751592665.7357380390167236328125&orderby=price HTTP/1.1" 200 60613 "https://www.baudefruta.pt/loja/page/9/?doing_wp_cron=1751592665.7357380390167236328125&orderby=date" "Mozilla/5.0 (Linux; Android 7.0;) AppleWebKit/537.36 (HTML, like Gecko) Mobile Safari/537.36 (compatible; PetalBot;+https://webmaster.petalsearch.com/site/petalbot)"
216.73.217.23 - - [06/Jun/2026:01:03:14 +0200] "GET /loja/page/3/?add-to-cart=2042&doing_wp_cron=1780410981.3310050964355468750000&orderby=menu_order HTTP/1.1" 200 62227 "-" "Mozilla/5.0 AppleWebKit/537.36 (KHTML, like Gecko; compatible; ClaudeBot/1.0; +claudebot@anthropic.com)"
216.73.217.23 - - [06/Jun/2026:01:03:17 +0200] "GET /loja/page/4/?add-to-cart=575&doing_wp_cron=1780345137.3122010231018066406250&orderby=menu_order HTTP/1.1" 200 62948 "-" "Mozilla/5.0 AppleWebKit/537.36 (KHTML, like Gecko; compatible; ClaudeBot/1.0; +claudebot@anthropic.com)"
216.73.217.23 - - [06/Jun/2026:01:03:19 +0200] "GET /loja/page/3/?add-to-cart=2008&doing_wp_cron=1780552136.4866590499877929687500&orderby=date HTTP/1.1" 200 62822 "-" "Mozilla/5.0 AppleWebKit/537.36 (KHTML, like Gecko; compatible; ClaudeBot/1.0; +claudebot@anthropic.com)"
216.73.217.23 - - [06/Jun/2026:01:03:22 +0200] "GET /produto/vinagre-de-vinho-branco/?add-to-cart=1990&doing_wp_cron=1780276676.3655989170074462890625 HTTP/1.1" 200 61151 "-" "Mozilla/5.0 AppleWebKit/537.36 (KHTML, like Gecko; compatible; ClaudeBot/1.0; +claudebot@anthropic.com)"
216.73.217.23 - - [06/Jun/2026:01:03:26 +0200] "GET /produto/mistura-tropical/?add-to-cart=4338&doing_wp_cron=1780690269.0354878902435302734375 HTTP/1.1" 200 61500 "-" "Mozilla/5.0 AppleWebKit/537.36 (KHTML, like Gecko; compatible; ClaudeBot/1.0; +claudebot@anthropic.com)"
216.73.217.23 - - [06/Jun/2026:01:03:29 +0200] "GET /loja/page/3/?add-to-cart=702&doing_wp_cron=1780486857.8343369960784912109375&orderby=popularity HTTP/1.1" 200 63680 "-" "Mozilla/5.0 AppleWebKit/537.36 (KHTML, like Gecko; compatible; ClaudeBot/1.0; +claudebot@anthropic.com)"
178.20.44.82 - - [06/Jun/2026:01:03:30 +0200] "GET /contactos/ HTTP/1.0" 200 386321 "https://www.baudefruta.pt/contactos/" "Mozilla/5.0 (Windows NT 10.0; Win64; x64) AppleWebKit/537.36 (KHTML, like Gecko) Chrome/131.0.0.0 Safari/537.36 Avast/131.0.0.0"
178.16.52.137 - - [06/Jun/2026:01:03:31 +0200] "POST /wp-login.php?action=register HTTP/1.1" 403 146 "-" "-"
178.20.44.82 - - [06/Jun/2026:01:03:31 +0200] "POST /contactos/ HTTP/1.0" 200 386292 "https://www.baudefruta.pt/contactos/" "Mozilla/5.0 (Windows NT 10.0; Win64; x64) AppleWebKit/537.36 (KHTML, like Gecko) Chrome/131.0.0.0 Safari/537.36 Avast/131.0.0.0"
216.73.217.23 - - [06/Jun/2026:01:03:32 +0200] "GET /loja/page/9/?add-to-cart=761&doing_wp_cron=1780259424.5276329517364501953125&orderby=menu_order HTTP/1.1" 200 63869 "-" "Mozilla/5.0 AppleWebKit/537.36 (KHTML, like Gecko; compatible; ClaudeBot/1.0; +claudebot@anthropic.com)"
216.73.217.23 - - [06/Jun/2026:01:03:35 +0200] "GET /loja/page/2/?add-to-cart=419&doing_wp_cron=1780566199.9486548900604248046875&orderby=popularity HTTP/1.1" 200 64004 "-" "Mozilla/5.0 AppleWebKit/537.36 (KHTML, like Gecko; compatible; ClaudeBot/1.0; +claudebot@anthropic.com)"
173.252.70.36 - - [06/Jun/2026:01:03:36 +0200] "GET /wp-content/uploads/2021/10/bau_economico_2.jpg HTTP/1.1" 200 110354 "-" "facebookexternalhit/1.1 (+http://www.facebook.com/externalhit_uatext.php)"
216.73.217.23 - - [06/Jun/2026:01:03:41 +0200] "GET /loja/page/3/?add-to-cart=889&doing_wp_cron=1780426458.2645881175994873046875&orderby=menu_order HTTP/1.1" 200 60813 "-" "Mozilla/5.0 AppleWebKit/537.36 (KHTML, like Gecko; compatible; ClaudeBot/1.0; +claudebot@anthropic.com)"
216.73.217.23 - - [06/Jun/2026:01:03:45 +0200] "GET /loja/page/3/?add-to-cart=4236&doing_wp_cron=1780383836.4200708866119384765625&orderby=menu_order HTTP/1.1" 200 61032 "-" "Mozilla/5.0 AppleWebKit/537.36 (KHTML, like Gecko; compatible; ClaudeBot/1.0; +claudebot@anthropic.com)"
216.73.217.23 - - [06/Jun/2026:01:03:47 +0200] "GET /loja/page/11/?add-to-cart=2035&doing_wp_cron=1780462878.7975680828094482421875&orderby=menu_order HTTP/1.1" 200 61007 "-" "Mozilla/5.0 AppleWebKit/537.36 (KHTML, like Gecko; compatible; ClaudeBot/1.0; +claudebot@anthropic.com)"
216.73.217.23 - - [06/Jun/2026:01:03:51 +0200] "GET /loja/page/5/?add-to-cart=240&doing_wp_cron=1780338056.7367100715637207031250&orderby=popularity HTTP/1.1" 200 63714 "-" "Mozilla/5.0 AppleWebKit/537.36 (KHTML, like Gecko; compatible; ClaudeBot/1.0; +claudebot@anthropic.com)"
216.73.217.23 - - [06/Jun/2026:01:03:54 +0200] "GET /loja/page/5/?add-to-cart=793&doing_wp_cron=1780398923.3932321071624755859375&orderby=date HTTP/1.1" 200 63676 "-" "Mozilla/5.0 AppleWebKit/537.36 (KHTML, like Gecko; compatible; ClaudeBot/1.0; +claudebot@anthropic.com)"
216.73.217.23 - - [06/Jun/2026:01:03:57 +0200] "GET /produto/atum-selvagem-em-azeite-ramirez/?add-to-cart=670&doing_wp_cron=1780198153.6976819038391113281250 HTTP/1.1" 200 62206 "-" "Mozilla/5.0 AppleWebKit/537.36 (KHTML, like Gecko; compatible; ClaudeBot/1.0; +claudebot@anthropic.com)"
216.73.217.23 - - [06/Jun/2026:01:04:00 +0200] "GET /loja/page/4/?add-to-cart=817&doing_wp_cron=1780445092.3632619380950927734375&orderby=menu_order HTTP/1.1" 200 64366 "-" "Mozilla/5.0 AppleWebKit/537.36 (KHTML, like Gecko; compatible; ClaudeBot/1.0; +claudebot@anthropic.com)"
216.73.217.23 - - [06/Jun/2026:01:04:03 +0200] "GET /categoria-produto/mercearia/?add-to-cart=2013&doing_wp_cron=1780254548.9963829517364501953125&orderby=popularity HTTP/1.1" 200 64533 "-" "Mozilla/5.0 AppleWebKit/537.36 (KHTML, like Gecko; compatible; ClaudeBot/1.0; +claudebot@anthropic.com)"
216.73.217.23 - - [06/Jun/2026:01:04:06 +0200] "GET /loja/page/5/?add-to-cart=821&doing_wp_cron=1780247694.3308169841766357421875&orderby=date HTTP/1.1" 200 64544 "-" "Mozilla/5.0 AppleWebKit/537.36 (KHTML, like Gecko; compatible; ClaudeBot/1.0; +claudebot@anthropic.com)"
216.73.217.23 - - [06/Jun/2026:01:04:12 +0200] "GET /categoria-produto/mercearia/?add-to-cart=2013&doing_wp_cron=1780332321.4214611053466796875000&orderby=popularity HTTP/1.1" 200 61287 "-" "Mozilla/5.0 AppleWebKit/537.36 (KHTML, like Gecko; compatible; ClaudeBot/1.0; +claudebot@anthropic.com)"
216.73.217.23 - - [06/Jun/2026:01:04:14 +0200] "GET /loja/page/4/?add-to-cart=238&doing_wp_cron=1780345137.3122010231018066406250&orderby=popularity HTTP/1.1" 200 62289 "-" "Mozilla/5.0 AppleWebKit/537.36 (KHTML, like Gecko; compatible; ClaudeBot/1.0; +claudebot@anthropic.com)"
216.73.217.23 - - [06/Jun/2026:01:04:17 +0200] "GET /loja/page/8/?add-to-cart=817&doing_wp_cron=1780305920.7864100933074951171875&orderby=menu_order HTTP/1.1" 200 62574 "-" "Mozilla/5.0 AppleWebKit/537.36 (KHTML, like Gecko; compatible; ClaudeBot/1.0; +claudebot@anthropic.com)"
216.73.217.23 - - [06/Jun/2026:01:04:20 +0200] "GET /loja/page/11/?add-to-cart=889&doing_wp_cron=1780338056.7367100715637207031250&orderby=popularity HTTP/1.1" 200 62724 "-" "Mozilla/5.0 AppleWebKit/537.36 (KHTML, like Gecko; compatible; ClaudeBot/1.0; +claudebot@anthropic.com)"
216.73.217.23 - - [06/Jun/2026:01:04:23 +0200] "GET /loja/page/3/?add-to-cart=595&doing_wp_cron=1780345137.3122010231018066406250&orderby=popularity HTTP/1.1" 200 63112 "-" "Mozilla/5.0 AppleWebKit/537.36 (KHTML, like Gecko; compatible; ClaudeBot/1.0; +claudebot@anthropic.com)"
44.212.106.171 - - [06/Jun/2026:01:04:23 +0200] "GET /loja/page/2/?doing_wp_cron=1780571487.2128100395202636718750&orderby=menu_order HTTP/1.1" 200 60486 "-" "Mozilla/5.0 AppleWebKit/537.36 (KHTML, like Gecko; compatible; Amazonbot/0.1; +https://developer.amazon.com/support/amazonbot) Chrome/119.0.6045.214 Safari/537.36"
216.73.217.23 - - [06/Jun/2026:01:04:26 +0200] "GET /loja/page/3/?add-to-cart=528&doing_wp_cron=1780393280.3025689125061035156250&orderby=menu_order HTTP/1.1" 200 62906 "-" "Mozilla/5.0 AppleWebKit/537.36 (KHTML, like Gecko; compatible; ClaudeBot/1.0; +claudebot@anthropic.com)"
44.223.193.255 - - [06/Jun/2026:01:04:26 +0200] "GET /categoria-produto/frescos/page/6/?doing_wp_cron=1768393031.7143781185150146484375&orderby=popularity HTTP/1.1" 200 56305 "-" "Mozilla/5.0 AppleWebKit/537.36 (KHTML, like Gecko; compatible; Amazonbot/0.1; +https://developer.amazon.com/support/amazonbot) Chrome/119.0.6045.214 Safari/537.36"
54.81.199.30 - - [06/Jun/2026:01:04:27 +0200] "GET /produto/broculos/ HTTP/1.1" 302 102 "-" "Mozilla/5.0 (Macintosh; Intel Mac OS X 10_10_1) AppleWebKit/600.2.5 (KHTML, like Gecko) Version/8.0.2 Safari/600.2.5 (Lanai)"
54.156.11.49 - - [06/Jun/2026:01:04:29 +0200] "GET /produto/broculos/?doing_wp_cron=1780700667.9049959182739257812500 HTTP/1.1" 200 57684 "-" "Mozilla/5.0 (Macintosh; Intel Mac OS X 10_10_1) AppleWebKit/600.2.5 (KHTML, like Gecko) Version/8.0.2 Safari/600.2.5 (Lanai)"
216.73.217.23 - - [06/Jun/2026:01:04:29 +0200] "GET /loja/page/2/?add-to-cart=2047&doing_wp_cron=1780205258.9664719104766845703125&orderby=popularity HTTP/1.1" 200 63444 "-" "Mozilla/5.0 AppleWebKit/537.36 (KHTML, like Gecko; compatible; ClaudeBot/1.0; +claudebot@anthropic.com)"
23.21.225.190 - - [06/Jun/2026:01:04:29 +0200] "GET /loja/page/10/?doing_wp_cron=1766181287.2179350852966308593750 HTTP/1.1" 200 59504 "-" "Mozilla/5.0 AppleWebKit/537.36 (KHTML, like Gecko; compatible; Amazonbot/0.1; +https://developer.amazon.com/support/amazonbot) Chrome/119.0.6045.214 Safari/537.36"
23.22.173.232 - - [06/Jun/2026:01:04:31 +0200] "GET /wp-content/uploads/2021/06/BC001-broculo-bio.jpg HTTP/1.1" 200 22708 "-" "Mozilla/5.0 (Macintosh; Intel Mac OS X 10_10_1) AppleWebKit/600.2.5 (KHTML, like Gecko) Version/8.0.2 Safari/600.2.5 (Lanai)"
216.73.217.23 - - [06/Jun/2026:01:04:32 +0200] "GET /loja/page/5/?add-to-cart=788&doing_wp_cron=1780494314.2484500408172607421875&orderby=popularity HTTP/1.1" 200 64096 "-" "Mozilla/5.0 AppleWebKit/537.36 (KHTML, like Gecko; compatible; ClaudeBot/1.0; +claudebot@anthropic.com)"
44.221.37.41 - - [06/Jun/2026:01:04:34 +0200] "GET /carrinho/?_wpnonce=d63066b63b&remove_item=da8ce53cf0240070ce6c69c48cd588ee HTTP/1.1" 200 55561 "-" "Mozilla/5.0 AppleWebKit/537.36 (KHTML, like Gecko; compatible; Amazonbot/0.1; +https://developer.amazon.com/support/amazonbot) Chrome/119.0.6045.214 Safari/537.36"
216.73.217.23 - - [06/Jun/2026:01:04:35 +0200] "GET /loja/page/7/?add-to-cart=1988&doing_wp_cron=1780498167.6054840087890625000000&orderby=price HTTP/1.1" 200 64073 "-" "Mozilla/5.0 AppleWebKit/537.36 (KHTML, like Gecko; compatible; ClaudeBot/1.0; +claudebot@anthropic.com)"
114.119.141.203 - - [06/Jun/2026:01:04:35 +0200] "GET /loja/page/9/?doing_wp_cron=1751487738.0915338993072509765625&orderby=popularity HTTP/1.1" 200 60857 "https://www.baudefruta.pt/loja/page/9/?doing_wp_cron=1751487738.0915338993072509765625&orderby=date" "Mozilla/5.0 (Linux; Android 7.0;) AppleWebKit/537.36 (HTML, like Gecko) Mobile Safari/537.36 (compatible; PetalBot;+https://webmaster.petalsearch.com/site/petalbot)"
216.73.217.23 - - [06/Jun/2026:01:04:38 +0200] "GET /produto/feijao-branco-cozido/?add-to-cart=2044&doing_wp_cron=1780620488.5649209022521972656250 HTTP/1.1" 200 62464 "-" "Mozilla/5.0 AppleWebKit/537.36 (KHTML, like Gecko; compatible; ClaudeBot/1.0; +claudebot@anthropic.com)"
216.73.217.23 - - [06/Jun/2026:01:04:41 +0200] "GET /loja/?add-to-cart=425&doing_wp_cron=1780455680.5886950492858886718750&orderby=popularity HTTP/1.1" 200 63948 "-" "Mozilla/5.0 AppleWebKit/537.36 (KHTML, like Gecko; compatible; ClaudeBot/1.0; +claudebot@anthropic.com)"
216.73.217.23 - - [06/Jun/2026:01:04:44 +0200] "GET /loja/page/4/?add-to-cart=239&doing_wp_cron=1780455656.4795429706573486328125&orderby=popularity HTTP/1.1" 200 65528 "-" "Mozilla/5.0 AppleWebKit/537.36 (KHTML, like Gecko; compatible; ClaudeBot/1.0; +claudebot@anthropic.com)"
216.73.217.23 - - [06/Jun/2026:01:04:47 +0200] "GET /loja/page/3/?add-to-cart=595&doing_wp_cron=1780393280.3025689125061035156250&orderby=menu_order HTTP/1.1" 200 65134 "-" "Mozilla/5.0 AppleWebKit/537.36 (KHTML, like Gecko; compatible; ClaudeBot/1.0; +claudebot@anthropic.com)"
216.73.217.23 - - [06/Jun/2026:01:04:50 +0200] "GET /loja/?add-to-cart=425&doing_wp_cron=1780328969.7069408893585205078125&orderby=menu_order HTTP/1.1" 200 65296 "-" "Mozilla/5.0 AppleWebKit/537.36 (KHTML, like Gecko; compatible; ClaudeBot/1.0; +claudebot@anthropic.com)"
216.73.217.23 - - [06/Jun/2026:01:04:53 +0200] "GET /loja/page/6/?add-to-cart=1991&doing_wp_cron=1780445660.5325009822845458984375&orderby=popularity HTTP/1.1" 200 66165 "-" "Mozilla/5.0 AppleWebKit/537.36 (KHTML, like Gecko; compatible; ClaudeBot/1.0; +claudebot@anthropic.com)"
216.73.217.23 - - [06/Jun/2026:01:04:56 +0200] "GET /loja/page/5/?add-to-cart=879&doing_wp_cron=1780338056.7367100715637207031250&orderby=date HTTP/1.1" 200 65852 "-" "Mozilla/5.0 AppleWebKit/537.36 (KHTML, like Gecko; compatible; ClaudeBot/1.0; +claudebot@anthropic.com)"
216.73.217.23 - - [06/Jun/2026:01:04:59 +0200] "GET /loja/page/5/?add-to-cart=466&doing_wp_cron=1780407018.5904660224914550781250&orderby=menu_order HTTP/1.1" 200 65983 "-" "Mozilla/5.0 AppleWebKit/537.36 (KHTML, like Gecko; compatible; ClaudeBot/1.0; +claudebot@anthropic.com)"
216.73.217.23 - - [06/Jun/2026:01:05:03 +0200] "GET /loja/page/4/?add-to-cart=571&doing_wp_cron=1780207778.1771409511566162109375&orderby=menu_order HTTP/1.1" 200 66398 "-" "Mozilla/5.0 AppleWebKit/537.36 (KHTML, like Gecko; compatible; ClaudeBot/1.0; +claudebot@anthropic.com)"
216.73.217.23 - - [06/Jun/2026:01:05:06 +0200] "GET /loja/page/2/?add-to-cart=3501&doing_wp_cron=1780445098.1589419841766357421875&orderby=menu_order HTTP/1.1" 200 66411 "-" "Mozilla/5.0 AppleWebKit/537.36 (KHTML, like Gecko; compatible; ClaudeBot/1.0; +claudebot@anthropic.com)"
216.73.217.23 - - [06/Jun/2026:01:05:12 +0200] "GET /loja/page/8/?add-to-cart=610&doing_wp_cron=1780305920.7864100933074951171875&orderby=menu_order HTTP/1.1" 200 61067 "-" "Mozilla/5.0 AppleWebKit/537.36 (KHTML, like Gecko; compatible; ClaudeBot/1.0; +claudebot@anthropic.com)"
216.73.217.23 - - [06/Jun/2026:01:05:16 +0200] "GET /loja/page/2/?add-to-cart=2044&doing_wp_cron=1780496817.3441560268402099609375&orderby=date HTTP/1.1" 200 61174 "-" "Mozilla/5.0 AppleWebKit/537.36 (KHTML, like Gecko; compatible; ClaudeBot/1.0; +claudebot@anthropic.com)"
216.73.217.23 - - [06/Jun/2026:01:05:19 +0200] "GET /loja/?add-to-cart=530&doing_wp_cron=1780393280.3025689125061035156250&orderby=date HTTP/1.1" 200 61345 "-" "Mozilla/5.0 AppleWebKit/537.36 (KHTML, like Gecko; compatible; ClaudeBot/1.0; +claudebot@anthropic.com)"
216.73.217.23 - - [06/Jun/2026:01:05:22 +0200] "GET /loja/page/7/?add-to-cart=458&doing_wp_cron=1780326079.0621399879455566406250&orderby=popularity HTTP/1.1" 200 62160 "-" "Mozilla/5.0 AppleWebKit/537.36 (KHTML, like Gecko; compatible; ClaudeBot/1.0; +claudebot@anthropic.com)"
216.73.217.23 - - [06/Jun/2026:01:05:25 +0200] "GET /loja/page/11/?add-to-cart=701&doing_wp_cron=1780490816.3358080387115478515625&orderby=menu_order HTTP/1.1" 200 61509 "-" "Mozilla/5.0 AppleWebKit/537.36 (KHTML, like Gecko; compatible; ClaudeBot/1.0; +claudebot@anthropic.com)"
216.73.217.23 - - [06/Jun/2026:01:05:28 +0200] "GET /loja/page/5/?add-to-cart=934&doing_wp_cron=1780557416.2362558841705322265625&orderby=menu_order HTTP/1.1" 200 62123 "-" "Mozilla/5.0 AppleWebKit/537.36 (KHTML, like Gecko; compatible; ClaudeBot/1.0; +claudebot@anthropic.com)"
216.73.217.23 - - [06/Jun/2026:01:05:31 +0200] "GET /loja/page/2/?add-to-cart=2044&doing_wp_cron=1780490816.3358080387115478515625&orderby=popularity HTTP/1.1" 200 62211 "-" "Mozilla/5.0 AppleWebKit/537.36 (KHTML, like Gecko; compatible; ClaudeBot/1.0; +claudebot@anthropic.com)"
216.73.217.23 - - [06/Jun/2026:01:05:34 +0200] "GET /loja/page/6/?add-to-cart=421&doing_wp_cron=1780410981.3310050964355468750000&orderby=menu_order HTTP/1.1" 200 62316 "-" "Mozilla/5.0 AppleWebKit/537.36 (KHTML, like Gecko; compatible; ClaudeBot/1.0; +claudebot@anthropic.com)"
179.33.228.56 - - [06/Jun/2026:01:05:37 +0200] "GET /produto/ovos-matinados-cal-m-l/?add-to-cart=543&doing_wp_cron=1779774248.0209250450134277343750 HTTP/1.1" 200 59317 "-" "Mozilla/5.0 (compatible; MSIE 8.0; Windows NT 4.0; Trident/5.0)"
216.73.217.23 - - [06/Jun/2026:01:05:37 +0200] "GET /loja/page/3/?add-to-cart=1990&doing_wp_cron=1780430342.1766259670257568359375&orderby=date HTTP/1.1" 200 62595 "-" "Mozilla/5.0 AppleWebKit/537.36 (KHTML, like Gecko; compatible; ClaudeBot/1.0; +claudebot@anthropic.com)"
181.42.36.243 - - [06/Jun/2026:01:05:40 +0200] "GET /carrinho/?_wpnonce=0e168b26bd&remove_item=55a7cf9c71f1c9c495413f934dd1a158 HTTP/1.1" 302 11 "-" "Opera/8.26.(Windows NT 5.2; ja-JP) Presto/2.9.171 Version/12.00"
216.73.217.23 - - [06/Jun/2026:01:05:40 +0200] "GET /loja/page/8/?add-to-cart=593&doing_wp_cron=1780545559.8994989395141601562500&orderby=date HTTP/1.1" 200 62603 "-" "Mozilla/5.0 AppleWebKit/537.36 (KHTML, like Gecko; compatible; ClaudeBot/1.0; +claudebot@anthropic.com)"
216.73.217.23 - - [06/Jun/2026:01:05:43 +0200] "GET /loja/page/2/?add-to-cart=3517&doing_wp_cron=1780496817.3441560268402099609375&orderby=date HTTP/1.1" 200 62900 "-" "Mozilla/5.0 AppleWebKit/537.36 (KHTML, like Gecko; compatible; ClaudeBot/1.0; +claudebot@anthropic.com)"
31.22.202.113 - - [06/Jun/2026:01:05:44 +0200] "POST /wp-admin/admin-ajax.php HTTP/1.1" 200 178 "https://www.baudefruta.pt/wp-admin/index.php" "Mozilla/5.0 (Linux; Android 10; K) AppleWebKit/537.36 (KHTML, like Gecko) Chrome/148.0.0.0 Mobile Safari/537.36"
31.22.202.113 - - [06/Jun/2026:01:05:44 +0200] "POST /wp-admin/admin-ajax.php HTTP/1.1" 200 78 "https://www.baudefruta.pt/wp-admin/index.php" "Mozilla/5.0 (Linux; Android 10; K) AppleWebKit/537.36 (KHTML, like Gecko) Chrome/148.0.0.0 Mobile Safari/537.36"
216.73.217.23 - - [06/Jun/2026:01:05:46 +0200] "GET /loja/page/8/?add-to-cart=604&doing_wp_cron=1780298590.2811610698699951171875&orderby=date HTTP/1.1" 200 63060 "-" "Mozilla/5.0 AppleWebKit/537.36 (KHTML, like Gecko; compatible; ClaudeBot/1.0; +claudebot@anthropic.com)"
216.73.217.23 - - [06/Jun/2026:01:05:49 +0200] "GET /loja/page/4/?add-to-cart=1995&doing_wp_cron=1780466997.9201788902282714843750&orderby=date HTTP/1.1" 200 63719 "-" "Mozilla/5.0 AppleWebKit/537.36 (KHTML, like Gecko; compatible; ClaudeBot/1.0; +claudebot@anthropic.com)"
31.22.202.113 - - [06/Jun/2026:01:05:50 +0200] "POST /wp-admin/admin-ajax.php HTTP/1.1" 200 178 "https://www.baudefruta.pt/wp-admin/index.php" "Mozilla/5.0 (Linux; Android 10; K) AppleWebKit/537.36 (KHTML, like Gecko) Chrome/148.0.0.0 Mobile Safari/537.36"
91.92.242.223 - - [06/Jun/2026:01:05:51 +0200] "POST /wp-login.php?action=register HTTP/1.1" 403 146 "-" "-"
216.73.217.23 - - [06/Jun/2026:01:05:52 +0200] "GET /produto/amendoa-caramelizada/?add-to-cart=693&doing_wp_cron=1780322817.9599781036376953125000 HTTP/1.1" 200 61820 "-" "Mozilla/5.0 AppleWebKit/537.36 (KHTML, like Gecko; compatible; ClaudeBot/1.0; +claudebot@anthropic.com)"
206.189.35.233 - - [06/Jun/2026:01:05:53 +0200] "GET /2021/05/11/ola-mundo/ HTTP/1.1" 200 1135365 "https://www.baudefruta.pt/" "Mozilla/5.0 (Windows NT 10.0; Win64; x64) AppleWebKit/537.36 (KHTML, like Gecko) Chrome/133.0.6943.141 Safari/537.36"
69.171.234.11 - - [06/Jun/2026:01:05:54 +0200] "GET /finalizar-compra HTTP/1.1" 301 5 "-" "meta-externalads/1.1 (+https://developers.facebook.com/docs/sharing/webmasters/crawler)"
173.252.87.15 - - [06/Jun/2026:01:05:55 +0200] "GET /finalizar-compra/ HTTP/1.1" 302 102 "-" "meta-externalads/1.1 (+https://developers.facebook.com/docs/sharing/webmasters/crawler)"
216.73.217.23 - - [06/Jun/2026:01:05:55 +0200] "GET /loja/page/2/?add-to-cart=2015&doing_wp_cron=1780398926.3913888931274414062500&orderby=date HTTP/1.1" 200 63668 "-" "Mozilla/5.0 AppleWebKit/537.36 (KHTML, like Gecko; compatible; ClaudeBot/1.0; +claudebot@anthropic.com)"
31.22.202.113 - - [06/Jun/2026:01:05:55 +0200] "POST /wp-admin/admin-ajax.php HTTP/1.1" 200 178 "https://www.baudefruta.pt/wp-admin/index.php" "Mozilla/5.0 (Linux; Android 10; K) AppleWebKit/537.36 (KHTML, like Gecko) Chrome/148.0.0.0 Mobile Safari/537.36"
69.171.234.114 - - [06/Jun/2026:01:05:56 +0200] "GET /finalizar-compra/?doing_wp_cron=1780700755.4901518821716308593750 HTTP/1.1" 302 5 "-" "meta-externalads/1.1 (+https://developers.facebook.com/docs/sharing/webmasters/crawler)"
173.252.70.57 - - [06/Jun/2026:01:05:57 +0200] "GET /carrinho/ HTTP/1.1" 200 55488 "-" "meta-externalads/1.1 (+https://developers.facebook.com/docs/sharing/webmasters/crawler)"
206.189.35.233 - - [06/Jun/2026:01:05:58 +0200] "GET /2021/05/11/ola-mundo/ HTTP/1.1" 200 1135365 "https://www.baudefruta.pt/2021/05/11/ola-mundo/" "Mozilla/5.0 (Windows NT 10.0; Win64; x64) AppleWebKit/537.36 (KHTML, like Gecko) Chrome/133.0.6943.141 Safari/537.36"
216.73.217.23 - - [06/Jun/2026:01:05:58 +0200] "GET /loja/page/3/?add-to-cart=474&doing_wp_cron=1780490103.7011010646820068359375&orderby=date HTTP/1.1" 200 64011 "-" "Mozilla/5.0 AppleWebKit/537.36 (KHTML, like Gecko; compatible; ClaudeBot/1.0; +claudebot@anthropic.com)"
69.171.234.10 - - [06/Jun/2026:01:05:58 +0200] "GET /wp-content/themes/uncode/library/css/uncode-icons.css?ver=1965486387 HTTP/1.1" 200 12098 "https://www.baudefruta.pt/carrinho/" "meta-externalads/1.1 (+https://developers.facebook.com/docs/sharing/webmasters/crawler)"
69.63.184.18 - - [06/Jun/2026:01:05:58 +0200] "GET /wp-content/themes/uncode/library/css/woocommerce.css?ver=1965486387 HTTP/1.1" 200 20067 "https://www.baudefruta.pt/carrinho/" "meta-externalads/1.1 (+https://developers.facebook.com/docs/sharing/webmasters/crawler)"
31.22.202.113 - - [06/Jun/2026:01:05:58 +0200] "GET /wp-admin/edit.php?post_status=wc-processing&post_type=shop_order HTTP/1.1" 200 156615 "https://www.baudefruta.pt/wp-admin/index.php" "Mozilla/5.0 (Linux; Android 10; K) AppleWebKit/537.36 (KHTML, like Gecko) Chrome/148.0.0.0 Mobile Safari/537.36"
173.252.95.13 - - [06/Jun/2026:01:05:59 +0200] "GET /wp-content/themes/baudefruta-un/style.css?ver=822423177 HTTP/1.1" 200 896 "https://www.baudefruta.pt/carrinho/" "meta-externalads/1.1 (+https://developers.facebook.com/docs/sharing/webmasters/crawler)"
69.171.234.32 - - [06/Jun/2026:01:05:59 +0200] "GET /wp-content/themes/uncode/library/js/init.js?ver=1965486387 HTTP/1.1" 200 38505 "https://www.baudefruta.pt/carrinho/" "meta-externalads/1.1 (+https://developers.facebook.com/docs/sharing/webmasters/crawler)"
69.63.184.2 - - [06/Jun/2026:01:05:59 +0200] "GET /wp-content/themes/uncode/library/css/style.css?ver=1965486387 HTTP/1.1" 200 70140 "https://www.baudefruta.pt/carrinho/" "meta-externalads/1.1 (+https://developers.facebook.com/docs/sharing/webmasters/crawler)"
114.119.150.140 - - [06/Jun/2026:01:05:59 +0200] "GET /produto/pepino?doing_wp_cron=1760869796.4572310447692871093750 HTTP/1.1" 301 5 "https://www.baudefruta.pt/produto/pepino?doing_wp_cron=1760869796.4572310447692871093750" "Mozilla/5.0 (Linux; Android 7.0;) AppleWebKit/537.36 (HTML, like Gecko) Mobile Safari/537.36 (compatible; PetalBot;+https://webmaster.petalsearch.com/site/petalbot)"
173.252.70.30 - - [06/Jun/2026:01:05:59 +0200] "GET /wp-content/uploads/2021/05/logo-bau_1-01b.svg HTTP/1.1" 200 12888 "https://www.baudefruta.pt/carrinho/" "meta-externalads/1.1 (+https://developers.facebook.com/docs/sharing/webmasters/crawler)"
31.22.202.113 - - [06/Jun/2026:01:05:59 +0200] "GET /wp-content/themes/uncode/core/assets/css/ot-admin.css?ver=532519596 HTTP/1.1" 200 31315 "https://www.baudefruta.pt/wp-admin/edit.php?post_status=wc-processing&post_type=shop_order" "Mozilla/5.0 (Linux; Android 10; K) AppleWebKit/537.36 (KHTML, like Gecko) Chrome/148.0.0.0 Mobile Safari/537.36"
31.22.202.113 - - [06/Jun/2026:01:05:59 +0200] "GET /wp-content/themes/uncode/library/css/uncode-icons.css?ver=532519596 HTTP/1.1" 200 12098 "https://www.baudefruta.pt/wp-admin/edit.php?post_status=wc-processing&post_type=shop_order" "Mozilla/5.0 (Linux; Android 10; K) AppleWebKit/537.36 (KHTML, like Gecko) Chrome/148.0.0.0 Mobile Safari/537.36"
173.252.82.10 - - [06/Jun/2026:01:05:59 +0200] "GET /wp-content/plugins/uncode-daves-wordpress-live-search/js/daves-wordpress-live-search.js?ver=6.9.1 HTTP/1.1" 200 3692 "https://www.baudefruta.pt/carrinho/" "meta-externalads/1.1 (+https://developers.facebook.com/docs/sharing/webmasters/crawler)"
69.63.184.33 - - [06/Jun/2026:01:06:00 +0200] "GET /wp-content/themes/uncode/library/js/woocommerce-uncode.js?ver=1965486387 HTTP/1.1" 200 7190 "https://www.baudefruta.pt/carrinho/" "meta-externalads/1.1 (+https://developers.facebook.com/docs/sharing/webmasters/crawler)"
69.171.234.33 - - [06/Jun/2026:01:06:00 +0200] "GET /wp-content/plugins/duracelltomi-google-tag-manager/dist/js/gtm4wp-ecommerce-generic.js?ver=1.22.3 HTTP/1.1" 200 579 "https://www.baudefruta.pt/carrinho/" "meta-externalads/1.1 (+https://developers.facebook.com/docs/sharing/webmasters/crawler)"
173.252.87.28 - - [06/Jun/2026:01:06:00 +0200] "GET /wp-content/plugins/woocommerce/assets/js/frontend/country-select.min.js?ver=10.2.2 HTTP/1.1" 200 1145 "https://www.baudefruta.pt/carrinho/" "meta-externalads/1.1 (+https://developers.facebook.com/docs/sharing/webmasters/crawler)"
173.252.69.7 - - [06/Jun/2026:01:06:00 +0200] "GET /wp-content/themes/uncode/library/js/app.js?ver=1965486387 HTTP/1.1" 200 41076 "https://www.baudefruta.pt/carrinho/" "meta-externalads/1.1 (+https://developers.facebook.com/docs/sharing/webmasters/crawler)"
173.252.70.3 - - [06/Jun/2026:01:06:00 +0200] "GET /wp-content/plugins/woocommerce/assets/js/frontend/address-i18n.min.js?ver=10.2.2 HTTP/1.1" 200 995 "https://www.baudefruta.pt/carrinho/" "meta-externalads/1.1 (+https://developers.facebook.com/docs/sharing/webmasters/crawler)"
173.252.82.3 - - [06/Jun/2026:01:06:00 +0200] "GET /wp-content/plugins/woocommerce-products-filter/js/html_types/radio.js?ver=2.2.9.4 HTTP/1.1" 200 763 "https://www.baudefruta.pt/carrinho/" "meta-externalads/1.1 (+https://developers.facebook.com/docs/sharing/webmasters/crawler)"
173.252.82.3 - - [06/Jun/2026:01:06:00 +0200] "GET /wp-content/plugins/woocommerce-products-filter/js/html_types/mselect.js?ver=2.2.9.4 HTTP/1.1" 200 740 "https://www.baudefruta.pt/carrinho/" "meta-externalads/1.1 (+https://developers.facebook.com/docs/sharing/webmasters/crawler)"
173.252.87.28 - - [06/Jun/2026:01:06:00 +0200] "GET /wp-content/themes/uncode/library/js/plugins.js?ver=1965486387 HTTP/1.1" 200 192564 "https://www.baudefruta.pt/carrinho/" "meta-externalads/1.1 (+https://developers.facebook.com/docs/sharing/webmasters/crawler)"
