110.249.201.242 - - [06/Jun/2026:02:35:53 +0200] "GET /wp-content/uploads/2021/07/bau_mb_mbway.svg HTTP/1.1" 200 5318 "https://www.baudefruta.pt/categoria-produto/mercearia/page/4/?doing_wp_cron=1778854920.8219211101531982421875" "Mozilla/5.0 (Linux; Android 5.0) AppleWebKit/537.36 (KHTML, like Gecko) Mobile Safari/537.36 (compatible; Bytespider; https://zhanzhang.toutiao.com/)"
110.249.201.172 - - [06/Jun/2026:02:35:53 +0200] "GET /wp-content/uploads/2021/05/bau_livroreclamacoes.svg HTTP/1.1" 200 2886 "https://www.baudefruta.pt/categoria-produto/mercearia/page/4/?doing_wp_cron=1778854920.8219211101531982421875" "Mozilla/5.0 (Linux; Android 5.0) AppleWebKit/537.36 (KHTML, like Gecko) Mobile Safari/537.36 (compatible; Bytespider; https://zhanzhang.toutiao.com/)"
47.128.43.148 - - [06/Jun/2026:02:35:53 +0200] "GET /wp-content/uploads/2021/06/EDMS001-dom-duarte-erva-doce-moida-saqueta-uai-800x800.jpg HTTP/1.1" 304 0 "https://www.baudefruta.pt/loja/page/5/?doing_wp_cron=1742652931.8845040798187255859375&orderby=menu_order" "Mozilla/5.0 (Linux; Android 5.0) AppleWebKit/537.36 (KHTML, like Gecko) Mobile Safari/537.36 (compatible; Bytespider; spider-feedback@bytedance.com)"
47.128.43.148 - - [06/Jun/2026:02:35:53 +0200] "GET /wp-content/uploads/2021/07/bau_mb_mbway.svg HTTP/1.1" 200 5318 "https://www.baudefruta.pt/loja/page/5/?doing_wp_cron=1742652931.8845040798187255859375&orderby=menu_order" "Mozilla/5.0 (Linux; Android 5.0) AppleWebKit/537.36 (KHTML, like Gecko) Mobile Safari/537.36 (compatible; Bytespider; spider-feedback@bytedance.com)"
47.128.43.148 - - [06/Jun/2026:02:35:54 +0200] "GET /wp-content/uploads/2021/05/bau_livroreclamacoes.svg HTTP/1.1" 304 0 "https://www.baudefruta.pt/loja/page/5/?doing_wp_cron=1742652931.8845040798187255859375&orderby=menu_order" "Mozilla/5.0 (Linux; Android 5.0) AppleWebKit/537.36 (KHTML, like Gecko) Mobile Safari/537.36 (compatible; Bytespider; spider-feedback@bytedance.com)"
47.128.43.148 - - [06/Jun/2026:02:35:54 +0200] "GET /wp-content/uploads/2021/06/EDMS001-dom-duarte-erva-doce-moida-saqueta-uai-800x800.jpg HTTP/1.1" 206 66962 "https://www.baudefruta.pt/loja/page/5/?doing_wp_cron=1742652931.8845040798187255859375&orderby=menu_order" "Mozilla/5.0 (Linux; Android 5.0) AppleWebKit/537.36 (KHTML, like Gecko) Mobile Safari/537.36 (compatible; Bytespider; spider-feedback@bytedance.com)"
47.128.43.148 - - [06/Jun/2026:02:35:54 +0200] "GET /wp-content/uploads/2021/05/bau_livroreclamacoes.svg HTTP/1.1" 200 2886 "https://www.baudefruta.pt/loja/page/5/?doing_wp_cron=1742652931.8845040798187255859375&orderby=menu_order" "Mozilla/5.0 (Linux; Android 5.0) AppleWebKit/537.36 (KHTML, like Gecko) Mobile Safari/537.36 (compatible; Bytespider; spider-feedback@bytedance.com)"
216.73.217.23 - - [06/Jun/2026:02:35:54 +0200] "GET /loja/page/2/?add-to-cart=4328&orderby=price-desc HTTP/1.1" 200 62632 "-" "Mozilla/5.0 AppleWebKit/537.36 (KHTML, like Gecko; compatible; ClaudeBot/1.0; +claudebot@anthropic.com)"
216.73.217.23 - - [06/Jun/2026:02:35:57 +0200] "GET /loja/page/5/?add-to-cart=889&orderby=price-desc HTTP/1.1" 200 62881 "-" "Mozilla/5.0 AppleWebKit/537.36 (KHTML, like Gecko; compatible; ClaudeBot/1.0; +claudebot@anthropic.com)"
216.73.217.23 - - [06/Jun/2026:02:36:00 +0200] "GET /categoria-produto/mercearia/page/2/?add-to-cart=3500&orderby=date HTTP/1.1" 200 62429 "-" "Mozilla/5.0 AppleWebKit/537.36 (KHTML, like Gecko; compatible; ClaudeBot/1.0; +claudebot@anthropic.com)"
216.73.217.23 - - [06/Jun/2026:02:36:03 +0200] "GET /loja/page/3/?add-to-cart=897&orderby=price-desc HTTP/1.1" 200 63436 "-" "Mozilla/5.0 AppleWebKit/537.36 (KHTML, like Gecko; compatible; ClaudeBot/1.0; +claudebot@anthropic.com)"
216.73.217.23 - - [06/Jun/2026:02:36:06 +0200] "GET /loja/page/3/?add-to-cart=528&orderby=price-desc HTTP/1.1" 200 63595 "-" "Mozilla/5.0 AppleWebKit/537.36 (KHTML, like Gecko; compatible; ClaudeBot/1.0; +claudebot@anthropic.com)"
216.73.217.23 - - [06/Jun/2026:02:36:11 +0200] "GET /loja/page/4/?add-to-cart=4232&doing_wp_cron=1780208025.6175029277801513671875&orderby=menu_order HTTP/1.1" 200 61387 "-" "Mozilla/5.0 AppleWebKit/537.36 (KHTML, like Gecko; compatible; ClaudeBot/1.0; +claudebot@anthropic.com)"
110.249.201.226 - - [06/Jun/2026:02:36:14 +0200] "GET /loja/page/2/?doing_wp_cron=1778524050.8386631011962890625000&orderby=popularity HTTP/1.1" 200 60340 "-" "Mozilla/5.0 (Linux; Android 5.0) AppleWebKit/537.36 (KHTML, like Gecko) Mobile Safari/537.36 (compatible; Bytespider; https://zhanzhang.toutiao.com/)"
216.73.217.23 - - [06/Jun/2026:02:36:14 +0200] "GET /loja/page/4/?add-to-cart=476&doing_wp_cron=1780406818.1222550868988037109375&orderby=menu_order HTTP/1.1" 200 61623 "-" "Mozilla/5.0 AppleWebKit/537.36 (KHTML, like Gecko; compatible; ClaudeBot/1.0; +claudebot@anthropic.com)"
110.249.201.226 - - [06/Jun/2026:02:36:15 +0200] "GET /wp-content/plugins/woocommerce/assets/client/blocks/wc-blocks.css?ver=wc-10.2.2 HTTP/1.1" 200 2673 "https://www.baudefruta.pt/loja/page/2/?doing_wp_cron=1778524050.8386631011962890625000&orderby=popularity" "Mozilla/5.0 (Linux; Android 5.0) AppleWebKit/537.36 (KHTML, like Gecko) Mobile Safari/537.36 (compatible; Bytespider; https://zhanzhang.toutiao.com/)"
110.249.201.218 - - [06/Jun/2026:02:36:15 +0200] "GET /wp-includes/css/dist/preferences/style.min.css?ver=6.9.1 HTTP/1.1" 200 1003 "https://www.baudefruta.pt/loja/page/2/?doing_wp_cron=1778524050.8386631011962890625000&orderby=popularity" "Mozilla/5.0 (Linux; Android 5.0) AppleWebKit/537.36 (KHTML, like Gecko) Mobile Safari/537.36 (compatible; Bytespider; https://zhanzhang.toutiao.com/)"
110.249.201.226 - - [06/Jun/2026:02:36:15 +0200] "GET /wp-content/plugins/woocommerce-products-filter/js/chosen/chosen.min.css?ver=2.2.9.4 HTTP/1.1" 200 2141 "https://www.baudefruta.pt/loja/page/2/?doing_wp_cron=1778524050.8386631011962890625000&orderby=popularity" "Mozilla/5.0 (Linux; Android 5.0) AppleWebKit/537.36 (KHTML, like Gecko) Mobile Safari/537.36 (compatible; Bytespider; https://zhanzhang.toutiao.com/)"
110.249.201.174 - - [06/Jun/2026:02:36:15 +0200] "GET /wp-content/plugins/woo-keyinvoice-integration/public/css/woo-keyinvoice-integration-public.css?ver=1.0.0 HTTP/1.1" 200 98 "https://www.baudefruta.pt/loja/page/2/?doing_wp_cron=1778524050.8386631011962890625000&orderby=popularity" "Mozilla/5.0 (Linux; Android 5.0) AppleWebKit/537.36 (KHTML, like Gecko) Mobile Safari/537.36 (compatible; Bytespider; https://zhanzhang.toutiao.com/)"
110.249.201.58 - - [06/Jun/2026:02:36:15 +0200] "GET /wp-content/plugins/woocommerce-products-filter/css/front.css?ver=2.2.9.4 HTTP/1.1" 200 5063 "https://www.baudefruta.pt/loja/page/2/?doing_wp_cron=1778524050.8386631011962890625000&orderby=popularity" "Mozilla/5.0 (Linux; Android 5.0) AppleWebKit/537.36 (KHTML, like Gecko) Mobile Safari/537.36 (compatible; Bytespider; https://zhanzhang.toutiao.com/)"
110.249.201.103 - - [06/Jun/2026:02:36:15 +0200] "GET /wp-includes/js/jquery/jquery.min.js?ver=3.7.1 HTTP/1.1" 200 30646 "https://www.baudefruta.pt/loja/page/2/?doing_wp_cron=1778524050.8386631011962890625000&orderby=popularity" "Mozilla/5.0 (Linux; Android 5.0) AppleWebKit/537.36 (KHTML, like Gecko) Mobile Safari/537.36 (compatible; Bytespider; https://zhanzhang.toutiao.com/)"
110.249.201.30 - - [06/Jun/2026:02:36:15 +0200] "GET /wp-content/plugins/custom-page-templates/assets/css/acf-google-maps.css?ver=3.1.1 HTTP/1.1" 200 283 "https://www.baudefruta.pt/loja/page/2/?doing_wp_cron=1778524050.8386631011962890625000&orderby=popularity" "Mozilla/5.0 (Linux; Android 5.0) AppleWebKit/537.36 (KHTML, like Gecko) Mobile Safari/537.36 (compatible; Bytespider; https://zhanzhang.toutiao.com/)"
110.249.201.58 - - [06/Jun/2026:02:36:15 +0200] "GET /wp-content/plugins/duracelltomi-google-tag-manager/dist/js/gtm4wp-woocommerce.js?ver=1.22.3 HTTP/1.1" 200 3043 "https://www.baudefruta.pt/loja/page/2/?doing_wp_cron=1778524050.8386631011962890625000&orderby=popularity" "Mozilla/5.0 (Linux; Android 5.0) AppleWebKit/537.36 (KHTML, like Gecko) Mobile Safari/537.36 (compatible; Bytespider; https://zhanzhang.toutiao.com/)"
110.249.201.174 - - [06/Jun/2026:02:36:15 +0200] "GET /wp-content/plugins/woocommerce/assets/js/frontend/order-attribution.min.js?ver=10.2.2 HTTP/1.1" 200 1140 "https://www.baudefruta.pt/loja/page/2/?doing_wp_cron=1778524050.8386631011962890625000&orderby=popularity" "Mozilla/5.0 (Linux; Android 5.0) AppleWebKit/537.36 (KHTML, like Gecko) Mobile Safari/537.36 (compatible; Bytespider; https://zhanzhang.toutiao.com/)"
110.249.201.58 - - [06/Jun/2026:02:36:16 +0200] "GET /wp-content/plugins/popup-maker/dist/assets/site.js?defer&ver=1.21.4 HTTP/1.1" 200 17994 "https://www.baudefruta.pt/loja/page/2/?doing_wp_cron=1778524050.8386631011962890625000&orderby=popularity" "Mozilla/5.0 (Linux; Android 5.0) AppleWebKit/537.36 (KHTML, like Gecko) Mobile Safari/537.36 (compatible; Bytespider; https://zhanzhang.toutiao.com/)"
110.249.201.174 - - [06/Jun/2026:02:36:16 +0200] "GET /wp-content/plugins/woocommerce-products-filter/js/html_types/checkbox.js?ver=2.2.9.4 HTTP/1.1" 200 859 "https://www.baudefruta.pt/loja/page/2/?doing_wp_cron=1778524050.8386631011962890625000&orderby=popularity" "Mozilla/5.0 (Linux; Android 5.0) AppleWebKit/537.36 (KHTML, like Gecko) Mobile Safari/537.36 (compatible; Bytespider; https://zhanzhang.toutiao.com/)"
110.249.201.103 - - [06/Jun/2026:02:36:16 +0200] "GET /wp-content/uploads/2021/06/FVL001-feijao-verde-uai-440x440.jpg HTTP/1.1" 206 500 "https://www.baudefruta.pt/loja/page/2/?doing_wp_cron=1778524050.8386631011962890625000&orderby=popularity" "Mozilla/5.0 (Linux; Android 5.0) AppleWebKit/537.36 (KHTML, like Gecko) Mobile Safari/537.36 (compatible; Bytespider; https://zhanzhang.toutiao.com/)"
110.249.201.30 - - [06/Jun/2026:02:36:16 +0200] "GET /wp-content/uploads/2021/05/logo-bau_1-01b.svg HTTP/1.1" 206 500 "https://www.baudefruta.pt/loja/page/2/?doing_wp_cron=1778524050.8386631011962890625000&orderby=popularity" "Mozilla/5.0 (Linux; Android 5.0) AppleWebKit/537.36 (KHTML, like Gecko) Mobile Safari/537.36 (compatible; Bytespider; https://zhanzhang.toutiao.com/)"
110.249.201.218 - - [06/Jun/2026:02:36:16 +0200] "GET /wp-content/uploads/2021/06/CF001-couve-flor-1-uai-461x461.jpg HTTP/1.1" 206 500 "https://www.baudefruta.pt/loja/page/2/?doing_wp_cron=1778524050.8386631011962890625000&orderby=popularity" "Mozilla/5.0 (Linux; Android 5.0) AppleWebKit/537.36 (KHTML, like Gecko) Mobile Safari/537.36 (compatible; Bytespider; https://zhanzhang.toutiao.com/)"
110.249.201.226 - - [06/Jun/2026:02:36:16 +0200] "GET /wp-content/uploads/2022/05/mac%CC%A7a-reineta-1-uai-287x287.jpg HTTP/1.1" 206 500 "https://www.baudefruta.pt/loja/page/2/?doing_wp_cron=1778524050.8386631011962890625000&orderby=popularity" "Mozilla/5.0 (Linux; Android 5.0) AppleWebKit/537.36 (KHTML, like Gecko) Mobile Safari/537.36 (compatible; Bytespider; https://zhanzhang.toutiao.com/)"
110.249.201.30 - - [06/Jun/2026:02:36:16 +0200] "GET /wp-content/uploads/2021/05/logo-bau_1-01b.svg HTTP/1.1" 304 0 "https://www.baudefruta.pt/loja/page/2/?doing_wp_cron=1778524050.8386631011962890625000&orderby=popularity" "Mozilla/5.0 (Linux; Android 5.0) AppleWebKit/537.36 (KHTML, like Gecko) Mobile Safari/537.36 (compatible; Bytespider; https://zhanzhang.toutiao.com/)"
110.249.201.58 - - [06/Jun/2026:02:36:16 +0200] "GET /wp-content/uploads/2021/05/bau_livroreclamacoes.svg HTTP/1.1" 206 500 "https://www.baudefruta.pt/loja/page/2/?doing_wp_cron=1778524050.8386631011962890625000&orderby=popularity" "Mozilla/5.0 (Linux; Android 5.0) AppleWebKit/537.36 (KHTML, like Gecko) Mobile Safari/537.36 (compatible; Bytespider; https://zhanzhang.toutiao.com/)"
110.249.201.226 - - [06/Jun/2026:02:36:16 +0200] "GET /wp-content/uploads/2021/07/bau_mb_mbway.svg HTTP/1.1" 206 500 "https://www.baudefruta.pt/loja/page/2/?doing_wp_cron=1778524050.8386631011962890625000&orderby=popularity" "Mozilla/5.0 (Linux; Android 5.0) AppleWebKit/537.36 (KHTML, like Gecko) Mobile Safari/537.36 (compatible; Bytespider; https://zhanzhang.toutiao.com/)"
110.249.201.30 - - [06/Jun/2026:02:36:16 +0200] "GET /wp-content/uploads/2021/05/logo-bau_1-01b.svg HTTP/1.1" 200 12888 "https://www.baudefruta.pt/loja/page/2/?doing_wp_cron=1778524050.8386631011962890625000&orderby=popularity" "Mozilla/5.0 (Linux; Android 5.0) AppleWebKit/537.36 (KHTML, like Gecko) Mobile Safari/537.36 (compatible; Bytespider; https://zhanzhang.toutiao.com/)"
110.249.201.58 - - [06/Jun/2026:02:36:17 +0200] "GET /wp-content/uploads/2021/05/bau_livroreclamacoes.svg HTTP/1.1" 304 0 "https://www.baudefruta.pt/loja/page/2/?doing_wp_cron=1778524050.8386631011962890625000&orderby=popularity" "Mozilla/5.0 (Linux; Android 5.0) AppleWebKit/537.36 (KHTML, like Gecko) Mobile Safari/537.36 (compatible; Bytespider; https://zhanzhang.toutiao.com/)"
110.249.201.226 - - [06/Jun/2026:02:36:17 +0200] "GET /wp-content/uploads/2021/07/bau_mb_mbway.svg HTTP/1.1" 304 0 "https://www.baudefruta.pt/loja/page/2/?doing_wp_cron=1778524050.8386631011962890625000&orderby=popularity" "Mozilla/5.0 (Linux; Android 5.0) AppleWebKit/537.36 (KHTML, like Gecko) Mobile Safari/537.36 (compatible; Bytespider; https://zhanzhang.toutiao.com/)"
110.249.201.58 - - [06/Jun/2026:02:36:17 +0200] "GET /wp-content/uploads/2021/05/bau_livroreclamacoes.svg HTTP/1.1" 200 2886 "https://www.baudefruta.pt/loja/page/2/?doing_wp_cron=1778524050.8386631011962890625000&orderby=popularity" "Mozilla/5.0 (Linux; Android 5.0) AppleWebKit/537.36 (KHTML, like Gecko) Mobile Safari/537.36 (compatible; Bytespider; https://zhanzhang.toutiao.com/)"
110.249.201.226 - - [06/Jun/2026:02:36:17 +0200] "GET /wp-content/uploads/2021/07/bau_mb_mbway.svg HTTP/1.1" 200 5318 "https://www.baudefruta.pt/loja/page/2/?doing_wp_cron=1778524050.8386631011962890625000&orderby=popularity" "Mozilla/5.0 (Linux; Android 5.0) AppleWebKit/537.36 (KHTML, like Gecko) Mobile Safari/537.36 (compatible; Bytespider; https://zhanzhang.toutiao.com/)"
216.73.217.23 - - [06/Jun/2026:02:36:17 +0200] "GET /loja/page/2/?add-to-cart=423&doing_wp_cron=1780383836.4200708866119384765625&orderby=menu_order HTTP/1.1" 200 61643 "-" "Mozilla/5.0 AppleWebKit/537.36 (KHTML, like Gecko; compatible; ClaudeBot/1.0; +claudebot@anthropic.com)"
216.73.217.23 - - [06/Jun/2026:02:36:20 +0200] "GET /loja/page/2/?add-to-cart=4233&doing_wp_cron=1780462940.9905130863189697265625&orderby=date HTTP/1.1" 200 61539 "-" "Mozilla/5.0 AppleWebKit/537.36 (KHTML, like Gecko; compatible; ClaudeBot/1.0; +claudebot@anthropic.com)"
216.73.217.23 - - [06/Jun/2026:02:36:23 +0200] "GET /loja/page/3/?add-to-cart=474&doing_wp_cron=1780429678.1482779979705810546875&orderby=menu_order HTTP/1.1" 200 61555 "-" "Mozilla/5.0 AppleWebKit/537.36 (KHTML, like Gecko; compatible; ClaudeBot/1.0; +claudebot@anthropic.com)"
216.73.217.23 - - [06/Jun/2026:02:36:26 +0200] "GET /categoria-produto/mercearia/?add-to-cart=628&doing_wp_cron=1780352002.1381890773773193359375&orderby=date HTTP/1.1" 200 61708 "-" "Mozilla/5.0 AppleWebKit/537.36 (KHTML, like Gecko; compatible; ClaudeBot/1.0; +claudebot@anthropic.com)"
114.119.149.3 - - [06/Jun/2026:02:36:27 +0200] "GET /produto/passa-de-uva-dourada/?doing_wp_cron=1765573144.1656239032745361328125 HTTP/1.1" 200 57670 "https://www.baudefruta.pt/produto/passa-de-uva-dourada/?doing_wp_cron=1765573144.1656239032745361328125" "Mozilla/5.0 (Linux; Android 7.0;) AppleWebKit/537.36 (HTML, like Gecko) Mobile Safari/537.36 (compatible; PetalBot;+https://webmaster.petalsearch.com/site/petalbot)"
216.73.217.23 - - [06/Jun/2026:02:36:29 +0200] "GET /loja/page/6/?add-to-cart=706&doing_wp_cron=1780420039.4808270931243896484375&orderby=menu_order HTTP/1.1" 200 62267 "-" "Mozilla/5.0 AppleWebKit/537.36 (KHTML, like Gecko; compatible; ClaudeBot/1.0; +claudebot@anthropic.com)"
216.73.217.23 - - [06/Jun/2026:02:36:32 +0200] "GET /loja/page/5/?add-to-cart=4235&doing_wp_cron=1780505801.7622530460357666015625&orderby=menu_order HTTP/1.1" 200 62582 "-" "Mozilla/5.0 AppleWebKit/537.36 (KHTML, like Gecko; compatible; ClaudeBot/1.0; +claudebot@anthropic.com)"
216.73.217.23 - - [06/Jun/2026:02:36:35 +0200] "GET /produto/alho-granulado-em-frasco/?add-to-cart=637&doing_wp_cron=1780464247.4986069202423095703125 HTTP/1.1" 200 61021 "-" "Mozilla/5.0 AppleWebKit/537.36 (KHTML, like Gecko; compatible; ClaudeBot/1.0; +claudebot@anthropic.com)"
110.249.201.234 - - [06/Jun/2026:02:36:38 +0200] "GET / HTTP/1.1" 302 102 "-" "Mozilla/5.0 (Linux; Android 5.0) AppleWebKit/537.36 (KHTML, like Gecko) Mobile Safari/537.36 (compatible; Bytespider; https://zhanzhang.toutiao.com/)"
216.73.217.23 - - [06/Jun/2026:02:36:38 +0200] "GET /loja/page/3/?add-to-cart=545&doing_wp_cron=1780383836.4200708866119384765625&orderby=popularity HTTP/1.1" 200 63081 "-" "Mozilla/5.0 AppleWebKit/537.36 (KHTML, like Gecko; compatible; ClaudeBot/1.0; +claudebot@anthropic.com)"
110.249.201.234 - - [06/Jun/2026:02:36:38 +0200] "GET /?doing_wp_cron=1780706198.2582809925079345703125 HTTP/1.1" 301 5 "-" "Mozilla/5.0 (Linux; Android 5.0) AppleWebKit/537.36 (KHTML, like Gecko) Mobile Safari/537.36 (compatible; Bytespider; https://zhanzhang.toutiao.com/)"
110.249.201.167 - - [06/Jun/2026:02:36:39 +0200] "GET /?doing_wp_cron=1780706198.2582809925079345703125 HTTP/1.1" 200 61410 "-" "Mozilla/5.0 (Linux; Android 5.0) AppleWebKit/537.36 (KHTML, like Gecko) Mobile Safari/537.36 (compatible; Bytespider; https://zhanzhang.toutiao.com/)"
110.249.201.167 - - [06/Jun/2026:02:36:40 +0200] "GET /wp-includes/css/dashicons.min.css?ver=6.9.1 HTTP/1.1" 200 35766 "https://www.baudefruta.pt/?doing_wp_cron=1780706198.2582809925079345703125" "Mozilla/5.0 (Linux; Android 5.0) AppleWebKit/537.36 (KHTML, like Gecko) Mobile Safari/537.36 (compatible; Bytespider; https://zhanzhang.toutiao.com/)"
110.249.201.167 - - [06/Jun/2026:02:36:40 +0200] "GET /wp-content/themes/baudefruta-un/style.css?ver=1783239089 HTTP/1.1" 200 896 "https://www.baudefruta.pt/?doing_wp_cron=1780706198.2582809925079345703125" "Mozilla/5.0 (Linux; Android 5.0) AppleWebKit/537.36 (KHTML, like Gecko) Mobile Safari/537.36 (compatible; Bytespider; https://zhanzhang.toutiao.com/)"
40.77.177.150 - - [06/Jun/2026:02:36:40 +0200] "POST /wp-json/pum/v1/analytics HTTP/1.1" 204 0 "https://www.baudefruta.pt/?doing_wp_cron=1769959227.0185089111328125000000" "Mozilla/5.0 AppleWebKit/537.36 (KHTML, like Gecko; compatible; bingbot/2.0; +http://www.bing.com/bingbot.htm) Chrome/136.0.0.0 Safari/537.36"
110.249.201.167 - - [06/Jun/2026:02:36:40 +0200] "GET /wp-content/plugins/woocommerce/assets/js/jquery-blockui/jquery.blockUI.min.js?ver=2.7.0-wc.10.2.2 HTTP/1.1" 200 3559 "https://www.baudefruta.pt/?doing_wp_cron=1780706198.2582809925079345703125" "Mozilla/5.0 (Linux; Android 5.0) AppleWebKit/537.36 (KHTML, like Gecko) Mobile Safari/537.36 (compatible; Bytespider; https://zhanzhang.toutiao.com/)"
110.249.201.88 - - [06/Jun/2026:02:36:40 +0200] "GET /wp-content/plugins/smart-marketing-for-wp/admin/js/egoi-for-wp-canvas.js?ver=5.1.11 HTTP/1.1" 200 2304 "https://www.baudefruta.pt/?doing_wp_cron=1780706198.2582809925079345703125" "Mozilla/5.0 (Linux; Android 5.0) AppleWebKit/537.36 (KHTML, like Gecko) Mobile Safari/537.36 (compatible; Bytespider; https://zhanzhang.toutiao.com/)"
110.249.201.167 - - [06/Jun/2026:02:36:40 +0200] "GET /wp-content/uploads/2022/06/pesssego-rosa-600x599.jpg HTTP/1.1" 206 500 "https://www.baudefruta.pt/?doing_wp_cron=1780706198.2582809925079345703125" "Mozilla/5.0 (Linux; Android 5.0) AppleWebKit/537.36 (KHTML, like Gecko) Mobile Safari/537.36 (compatible; Bytespider; https://zhanzhang.toutiao.com/)"
110.249.201.131 - - [06/Jun/2026:02:36:40 +0200] "GET /wp-content/plugins/uncode-js_composer/assets/js/vendors/woocommerce-add-to-cart.js?ver=6.5.0 HTTP/1.1" 200 992 "https://www.baudefruta.pt/?doing_wp_cron=1780706198.2582809925079345703125" "Mozilla/5.0 (Linux; Android 5.0) AppleWebKit/537.36 (KHTML, like Gecko) Mobile Safari/537.36 (compatible; Bytespider; https://zhanzhang.toutiao.com/)"
110.249.201.88 - - [06/Jun/2026:02:36:40 +0200] "GET /wp-content/uploads/2021/06/TP001-dom-duarte-pimentas-dom-duarte.jpg HTTP/1.1" 206 500 "https://www.baudefruta.pt/?doing_wp_cron=1780706198.2582809925079345703125" "Mozilla/5.0 (Linux; Android 5.0) AppleWebKit/537.36 (KHTML, like Gecko) Mobile Safari/537.36 (compatible; Bytespider; https://zhanzhang.toutiao.com/)"
110.249.201.93 - - [06/Jun/2026:02:36:40 +0200] "GET /wp-content/uploads/2021/12/AMT001-uai-500x500.jpg HTTP/1.1" 206 500 "https://www.baudefruta.pt/?doing_wp_cron=1780706198.2582809925079345703125" "Mozilla/5.0 (Linux; Android 5.0) AppleWebKit/537.36 (KHTML, like Gecko) Mobile Safari/537.36 (compatible; Bytespider; https://zhanzhang.toutiao.com/)"
110.249.201.167 - - [06/Jun/2026:02:36:40 +0200] "GET /wp-content/plugins/uncode-daves-wordpress-live-search/js/daves-wordpress-live-search.js?ver=6.9.1 HTTP/1.1" 200 3692 "https://www.baudefruta.pt/?doing_wp_cron=1780706198.2582809925079345703125" "Mozilla/5.0 (Linux; Android 5.0) AppleWebKit/537.36 (KHTML, like Gecko) Mobile Safari/537.36 (compatible; Bytespider; https://zhanzhang.toutiao.com/)"
110.249.201.131 - - [06/Jun/2026:02:36:40 +0200] "GET /wp-includes/js/underscore.min.js?ver=1.13.7 HTTP/1.1" 200 7353 "https://www.baudefruta.pt/?doing_wp_cron=1780706198.2582809925079345703125" "Mozilla/5.0 (Linux; Android 5.0) AppleWebKit/537.36 (KHTML, like Gecko) Mobile Safari/537.36 (compatible; Bytespider; https://zhanzhang.toutiao.com/)"
110.249.201.60 - - [06/Jun/2026:02:36:40 +0200] "GET /wp-includes/js/mediaelement/mediaelement-and-player.min.js?ver=4.2.17 HTTP/1.1" 200 39312 "https://www.baudefruta.pt/?doing_wp_cron=1780706198.2582809925079345703125" "Mozilla/5.0 (Linux; Android 5.0) AppleWebKit/537.36 (KHTML, like Gecko) Mobile Safari/537.36 (compatible; Bytespider; https://zhanzhang.toutiao.com/)"
110.249.201.88 - - [06/Jun/2026:02:36:40 +0200] "GET /wp-content/uploads/2021/06/TP001-dom-duarte-pimentas-dom-duarte.jpg HTTP/1.1" 304 0 "https://www.baudefruta.pt/?doing_wp_cron=1780706198.2582809925079345703125" "Mozilla/5.0 (Linux; Android 5.0) AppleWebKit/537.36 (KHTML, like Gecko) Mobile Safari/537.36 (compatible; Bytespider; https://zhanzhang.toutiao.com/)"
110.249.201.33 - - [06/Jun/2026:02:36:41 +0200] "GET /wp-includes/js/mediaelement/mediaelement-migrate.min.js?ver=6.9.1 HTTP/1.1" 200 552 "https://www.baudefruta.pt/?doing_wp_cron=1780706198.2582809925079345703125" "Mozilla/5.0 (Linux; Android 5.0) AppleWebKit/537.36 (KHTML, like Gecko) Mobile Safari/537.36 (compatible; Bytespider; https://zhanzhang.toutiao.com/)"
110.249.201.167 - - [06/Jun/2026:02:36:41 +0200] "GET /wp-includes/js/mediaelement/wp-mediaelement.min.js?ver=6.9.1 HTTP/1.1" 200 550 "https://www.baudefruta.pt/?doing_wp_cron=1780706198.2582809925079345703125" "Mozilla/5.0 (Linux; Android 5.0) AppleWebKit/537.36 (KHTML, like Gecko) Mobile Safari/537.36 (compatible; Bytespider; https://zhanzhang.toutiao.com/)"
110.249.201.131 - - [06/Jun/2026:02:36:41 +0200] "GET /wp-content/plugins/woocommerce-products-filter/js/front.js?ver=2.2.9.4 HTTP/1.1" 200 12289 "https://www.baudefruta.pt/?doing_wp_cron=1780706198.2582809925079345703125" "Mozilla/5.0 (Linux; Android 5.0) AppleWebKit/537.36 (KHTML, like Gecko) Mobile Safari/537.36 (compatible; Bytespider; https://zhanzhang.toutiao.com/)"
110.249.201.88 - - [06/Jun/2026:02:36:41 +0200] "GET /wp-content/uploads/2021/05/logo-bau_1-01b.svg HTTP/1.1" 206 500 "https://www.baudefruta.pt/?doing_wp_cron=1780706198.2582809925079345703125" "Mozilla/5.0 (Linux; Android 5.0) AppleWebKit/537.36 (KHTML, like Gecko) Mobile Safari/537.36 (compatible; Bytespider; https://zhanzhang.toutiao.com/)"
110.249.201.33 - - [06/Jun/2026:02:36:41 +0200] "GET /wp-content/uploads/2021/06/TP001-dom-duarte-pimentas-dom-duarte.jpg HTTP/1.1" 206 47307 "https://www.baudefruta.pt/?doing_wp_cron=1780706198.2582809925079345703125" "Mozilla/5.0 (Linux; Android 5.0) AppleWebKit/537.36 (KHTML, like Gecko) Mobile Safari/537.36 (compatible; Bytespider; https://zhanzhang.toutiao.com/)"
110.249.201.167 - - [06/Jun/2026:02:36:41 +0200] "GET /wp-content/uploads/2021/05/bau_produto-tutti-uai-572x381.jpg HTTP/1.1" 206 500 "https://www.baudefruta.pt/?doing_wp_cron=1780706198.2582809925079345703125" "Mozilla/5.0 (Linux; Android 5.0) AppleWebKit/537.36 (KHTML, like Gecko) Mobile Safari/537.36 (compatible; Bytespider; https://zhanzhang.toutiao.com/)"
110.249.201.60 - - [06/Jun/2026:02:36:41 +0200] "GET /wp-content/uploads/2023/12/BauFruta_narizvermelho_home.png HTTP/1.1" 206 500 "https://www.baudefruta.pt/?doing_wp_cron=1780706198.2582809925079345703125" "Mozilla/5.0 (Linux; Android 5.0) AppleWebKit/537.36 (KHTML, like Gecko) Mobile Safari/537.36 (compatible; Bytespider; https://zhanzhang.toutiao.com/)"
110.249.201.131 - - [06/Jun/2026:02:36:41 +0200] "GET /wp-content/uploads/2021/05/bau_produto-vegetais-uai-572x381.jpg HTTP/1.1" 206 500 "https://www.baudefruta.pt/?doing_wp_cron=1780706198.2582809925079345703125" "Mozilla/5.0 (Linux; Android 5.0) AppleWebKit/537.36 (KHTML, like Gecko) Mobile Safari/537.36 (compatible; Bytespider; https://zhanzhang.toutiao.com/)"
110.249.201.88 - - [06/Jun/2026:02:36:41 +0200] "GET /wp-content/uploads/2021/06/NP001-nesperas-uai-368x368.jpg HTTP/1.1" 206 500 "https://www.baudefruta.pt/?doing_wp_cron=1780706198.2582809925079345703125" "Mozilla/5.0 (Linux; Android 5.0) AppleWebKit/537.36 (KHTML, like Gecko) Mobile Safari/537.36 (compatible; Bytespider; https://zhanzhang.toutiao.com/)"
110.249.201.167 - - [06/Jun/2026:02:36:41 +0200] "GET /wp-content/uploads/2021/05/logo-bau_1-01b.svg HTTP/1.1" 304 0 "https://www.baudefruta.pt/?doing_wp_cron=1780706198.2582809925079345703125" "Mozilla/5.0 (Linux; Android 5.0) AppleWebKit/537.36 (KHTML, like Gecko) Mobile Safari/537.36 (compatible; Bytespider; https://zhanzhang.toutiao.com/)"
110.249.201.93 - - [06/Jun/2026:02:36:41 +0200] "GET /wp-content/themes/uncode/library/js/plugins.js?ver=770789872 HTTP/1.1" 200 192564 "https://www.baudefruta.pt/?doing_wp_cron=1780706198.2582809925079345703125" "Mozilla/5.0 (Linux; Android 5.0) AppleWebKit/537.36 (KHTML, like Gecko) Mobile Safari/537.36 (compatible; Bytespider; https://zhanzhang.toutiao.com/)"
110.249.201.60 - - [06/Jun/2026:02:36:41 +0200] "GET /wp-content/uploads/2023/11/BauFruta_refood_logorefood.jpg HTTP/1.1" 206 500 "https://www.baudefruta.pt/?doing_wp_cron=1780706198.2582809925079345703125" "Mozilla/5.0 (Linux; Android 5.0) AppleWebKit/537.36 (KHTML, like Gecko) Mobile Safari/537.36 (compatible; Bytespider; https://zhanzhang.toutiao.com/)"
110.249.201.88 - - [06/Jun/2026:02:36:41 +0200] "GET /wp-content/uploads/2021/05/bau_livroreclamacoes.svg HTTP/1.1" 206 500 "https://www.baudefruta.pt/?doing_wp_cron=1780706198.2582809925079345703125" "Mozilla/5.0 (Linux; Android 5.0) AppleWebKit/537.36 (KHTML, like Gecko) Mobile Safari/537.36 (compatible; Bytespider; https://zhanzhang.toutiao.com/)"
110.249.201.60 - - [06/Jun/2026:02:36:41 +0200] "GET /wp-content/uploads/2021/07/bau_mb_mbway.svg HTTP/1.1" 206 500 "https://www.baudefruta.pt/?doing_wp_cron=1780706198.2582809925079345703125" "Mozilla/5.0 (Linux; Android 5.0) AppleWebKit/537.36 (KHTML, like Gecko) Mobile Safari/537.36 (compatible; Bytespider; https://zhanzhang.toutiao.com/)"
110.249.201.131 - - [06/Jun/2026:02:36:41 +0200] "GET /wp-content/uploads/2021/05/bau_home_pontos-2.png HTTP/1.1" 206 500 "https://www.baudefruta.pt/?doing_wp_cron=1780706198.2582809925079345703125" "Mozilla/5.0 (Linux; Android 5.0) AppleWebKit/537.36 (KHTML, like Gecko) Mobile Safari/537.36 (compatible; Bytespider; https://zhanzhang.toutiao.com/)"
110.249.201.88 - - [06/Jun/2026:02:36:41 +0200] "GET /wp-content/uploads/2021/05/bau_livroreclamacoes.svg HTTP/1.1" 304 0 "https://www.baudefruta.pt/?doing_wp_cron=1780706198.2582809925079345703125" "Mozilla/5.0 (Linux; Android 5.0) AppleWebKit/537.36 (KHTML, like Gecko) Mobile Safari/537.36 (compatible; Bytespider; https://zhanzhang.toutiao.com/)"
110.249.201.167 - - [06/Jun/2026:02:36:41 +0200] "GET /wp-content/uploads/2021/05/logo-bau_1-01b.svg HTTP/1.1" 200 12888 "https://www.baudefruta.pt/?doing_wp_cron=1780706198.2582809925079345703125" "Mozilla/5.0 (Linux; Android 5.0) AppleWebKit/537.36 (KHTML, like Gecko) Mobile Safari/537.36 (compatible; Bytespider; https://zhanzhang.toutiao.com/)"
216.73.217.23 - - [06/Jun/2026:02:36:41 +0200] "GET /loja/page/6/?add-to-cart=771&doing_wp_cron=1780415098.0220060348510742187500&orderby=menu_order HTTP/1.1" 200 63122 "-" "Mozilla/5.0 AppleWebKit/537.36 (KHTML, like Gecko; compatible; ClaudeBot/1.0; +claudebot@anthropic.com)"
110.249.201.60 - - [06/Jun/2026:02:36:41 +0200] "GET /wp-content/uploads/2021/07/bau_mb_mbway.svg HTTP/1.1" 304 0 "https://www.baudefruta.pt/?doing_wp_cron=1780706198.2582809925079345703125" "Mozilla/5.0 (Linux; Android 5.0) AppleWebKit/537.36 (KHTML, like Gecko) Mobile Safari/537.36 (compatible; Bytespider; https://zhanzhang.toutiao.com/)"
110.249.201.88 - - [06/Jun/2026:02:36:41 +0200] "GET /wp-content/uploads/2021/05/bau_livroreclamacoes.svg HTTP/1.1" 200 2886 "https://www.baudefruta.pt/?doing_wp_cron=1780706198.2582809925079345703125" "Mozilla/5.0 (Linux; Android 5.0) AppleWebKit/537.36 (KHTML, like Gecko) Mobile Safari/537.36 (compatible; Bytespider; https://zhanzhang.toutiao.com/)"
110.249.201.60 - - [06/Jun/2026:02:36:42 +0200] "GET /wp-content/uploads/2021/07/bau_mb_mbway.svg HTTP/1.1" 200 5318 "https://www.baudefruta.pt/?doing_wp_cron=1780706198.2582809925079345703125" "Mozilla/5.0 (Linux; Android 5.0) AppleWebKit/537.36 (KHTML, like Gecko) Mobile Safari/537.36 (compatible; Bytespider; https://zhanzhang.toutiao.com/)"
216.73.217.23 - - [06/Jun/2026:02:36:44 +0200] "GET /loja/page/3/?add-to-cart=778&doing_wp_cron=1780429678.1482779979705810546875&orderby=popularity HTTP/1.1" 200 63553 "-" "Mozilla/5.0 AppleWebKit/537.36 (KHTML, like Gecko; compatible; ClaudeBot/1.0; +claudebot@anthropic.com)"
216.73.217.23 - - [06/Jun/2026:02:36:47 +0200] "GET /loja/page/4/?add-to-cart=823&doing_wp_cron=1780490766.1781001091003417968750&orderby=menu_order HTTP/1.1" 200 63942 "-" "Mozilla/5.0 AppleWebKit/537.36 (KHTML, like Gecko; compatible; ClaudeBot/1.0; +claudebot@anthropic.com)"
216.73.217.23 - - [06/Jun/2026:02:36:50 +0200] "GET /loja/page/10/?add-to-cart=484&doing_wp_cron=1780400178.2150061130523681640625&orderby=date HTTP/1.1" 200 63399 "-" "Mozilla/5.0 AppleWebKit/537.36 (KHTML, like Gecko; compatible; ClaudeBot/1.0; +claudebot@anthropic.com)"
216.73.217.23 - - [06/Jun/2026:02:36:53 +0200] "GET /loja/page/5/?add-to-cart=1986&doing_wp_cron=1780247694.3308169841766357421875&orderby=popularity HTTP/1.1" 200 64514 "-" "Mozilla/5.0 AppleWebKit/537.36 (KHTML, like Gecko; compatible; ClaudeBot/1.0; +claudebot@anthropic.com)"
216.73.217.23 - - [06/Jun/2026:02:36:56 +0200] "GET /loja/page/5/?add-to-cart=767&doing_wp_cron=1780259951.9076659679412841796875&orderby=menu_order HTTP/1.1" 200 64279 "-" "Mozilla/5.0 AppleWebKit/537.36 (KHTML, like Gecko; compatible; ClaudeBot/1.0; +claudebot@anthropic.com)"
216.73.217.23 - - [06/Jun/2026:02:36:59 +0200] "GET /loja/page/7/?add-to-cart=492&doing_wp_cron=1780521358.5195169448852539062500&orderby=popularity HTTP/1.1" 200 64967 "-" "Mozilla/5.0 AppleWebKit/537.36 (KHTML, like Gecko; compatible; ClaudeBot/1.0; +claudebot@anthropic.com)"
110.249.202.170 - - [06/Jun/2026:02:37:01 +0200] "GET /loja/page/6/?doing_wp_cron=1764541000.9128310680389404296875 HTTP/1.1" 200 59210 "-" "Mozilla/5.0 (Linux; Android 5.0) AppleWebKit/537.36 (KHTML, like Gecko) Mobile Safari/537.36 (compatible; Bytespider; https://zhanzhang.toutiao.com/)"
110.249.202.170 - - [06/Jun/2026:02:37:02 +0200] "GET /wp-includes/css/dist/components/style.min.css?ver=6.9.1 HTTP/1.1" 200 14528 "https://www.baudefruta.pt/loja/page/6/?doing_wp_cron=1764541000.9128310680389404296875" "Mozilla/5.0 (Linux; Android 5.0) AppleWebKit/537.36 (KHTML, like Gecko) Mobile Safari/537.36 (compatible; Bytespider; https://zhanzhang.toutiao.com/)"
110.249.202.170 - - [06/Jun/2026:02:37:02 +0200] "GET /wp-includes/css/dist/preferences/style.min.css?ver=6.9.1 HTTP/1.1" 200 1003 "https://www.baudefruta.pt/loja/page/6/?doing_wp_cron=1764541000.9128310680389404296875" "Mozilla/5.0 (Linux; Android 5.0) AppleWebKit/537.36 (KHTML, like Gecko) Mobile Safari/537.36 (compatible; Bytespider; https://zhanzhang.toutiao.com/)"
110.249.202.107 - - [06/Jun/2026:02:37:02 +0200] "GET /wp-content/plugins/popup-maker/dist/packages/block-library-style.css?ver=dbea705cfafe089d65f1 HTTP/1.1" 200 1127 "https://www.baudefruta.pt/loja/page/6/?doing_wp_cron=1764541000.9128310680389404296875" "Mozilla/5.0 (Linux; Android 5.0) AppleWebKit/537.36 (KHTML, like Gecko) Mobile Safari/537.36 (compatible; Bytespider; https://zhanzhang.toutiao.com/)"
110.249.202.24 - - [06/Jun/2026:02:37:02 +0200] "GET /wp-includes/css/dashicons.min.css?ver=6.9.1 HTTP/1.1" 200 35766 "https://www.baudefruta.pt/loja/page/6/?doing_wp_cron=1764541000.9128310680389404296875" "Mozilla/5.0 (Linux; Android 5.0) AppleWebKit/537.36 (KHTML, like Gecko) Mobile Safari/537.36 (compatible; Bytespider; https://zhanzhang.toutiao.com/)"
110.249.202.51 - - [06/Jun/2026:02:37:02 +0200] "GET /wp-content/plugins/custom-page-templates/assets/css/frontend.css?ver=3.1.1 HTTP/1.1" 200 187 "https://www.baudefruta.pt/loja/page/6/?doing_wp_cron=1764541000.9128310680389404296875" "Mozilla/5.0 (Linux; Android 5.0) AppleWebKit/537.36 (KHTML, like Gecko) Mobile Safari/537.36 (compatible; Bytespider; https://zhanzhang.toutiao.com/)"
110.249.202.56 - - [06/Jun/2026:02:37:02 +0200] "GET /wp-includes/js/jquery/jquery.min.js?ver=3.7.1 HTTP/1.1" 200 30646 "https://www.baudefruta.pt/loja/page/6/?doing_wp_cron=1764541000.9128310680389404296875" "Mozilla/5.0 (Linux; Android 5.0) AppleWebKit/537.36 (KHTML, like Gecko) Mobile Safari/537.36 (compatible; Bytespider; https://zhanzhang.toutiao.com/)"
110.249.202.77 - - [06/Jun/2026:02:37:02 +0200] "GET /wp-content/themes/uncode/library/css/uncode-icons.css?ver=1086489911 HTTP/1.1" 200 12098 "https://www.baudefruta.pt/loja/page/6/?doing_wp_cron=1764541000.9128310680389404296875" "Mozilla/5.0 (Linux; Android 5.0) AppleWebKit/537.36 (KHTML, like Gecko) Mobile Safari/537.36 (compatible; Bytespider; https://zhanzhang.toutiao.com/)"
216.73.217.23 - - [06/Jun/2026:02:37:03 +0200] "GET /loja/?add-to-cart=1986&doing_wp_cron=1780476198.9860539436340332031250&orderby=menu_order HTTP/1.1" 200 64314 "-" "Mozilla/5.0 AppleWebKit/537.36 (KHTML, like Gecko; compatible; ClaudeBot/1.0; +claudebot@anthropic.com)"
110.249.202.77 - - [06/Jun/2026:02:37:03 +0200] "GET /wp-content/plugins/custom-page-templates/assets/js/acf-google-maps.js?ver=3.1.1 HTTP/1.1" 200 1051 "https://www.baudefruta.pt/loja/page/6/?doing_wp_cron=1764541000.9128310680389404296875" "Mozilla/5.0 (Linux; Android 5.0) AppleWebKit/537.36 (KHTML, like Gecko) Mobile Safari/537.36 (compatible; Bytespider; https://zhanzhang.toutiao.com/)"
110.249.202.51 - - [06/Jun/2026:02:37:03 +0200] "GET /wp-includes/js/mediaelement/mediaelement-and-player.min.js?ver=4.2.17 HTTP/1.1" 200 39312 "https://www.baudefruta.pt/loja/page/6/?doing_wp_cron=1764541000.9128310680389404296875" "Mozilla/5.0 (Linux; Android 5.0) AppleWebKit/537.36 (KHTML, like Gecko) Mobile Safari/537.36 (compatible; Bytespider; https://zhanzhang.toutiao.com/)"
110.249.202.56 - - [06/Jun/2026:02:37:03 +0200] "GET /wp-content/themes/uncode/library/js/app.js?ver=1086489911 HTTP/1.1" 200 41076 "https://www.baudefruta.pt/loja/page/6/?doing_wp_cron=1764541000.9128310680389404296875" "Mozilla/5.0 (Linux; Android 5.0) AppleWebKit/537.36 (KHTML, like Gecko) Mobile Safari/537.36 (compatible; Bytespider; https://zhanzhang.toutiao.com/)"
110.249.202.77 - - [06/Jun/2026:02:37:03 +0200] "GET /wp-content/themes/uncode/library/js/woocommerce-uncode.js?ver=1086489911 HTTP/1.1" 200 7190 "https://www.baudefruta.pt/loja/page/6/?doing_wp_cron=1764541000.9128310680389404296875" "Mozilla/5.0 (Linux; Android 5.0) AppleWebKit/537.36 (KHTML, like Gecko) Mobile Safari/537.36 (compatible; Bytespider; https://zhanzhang.toutiao.com/)"
110.249.202.24 - - [06/Jun/2026:02:37:03 +0200] "GET /wp-content/plugins/woocommerce-products-filter/js/chosen/chosen.jquery.js?ver=2.2.9.4 HTTP/1.1" 200 8826 "https://www.baudefruta.pt/loja/page/6/?doing_wp_cron=1764541000.9128310680389404296875" "Mozilla/5.0 (Linux; Android 5.0) AppleWebKit/537.36 (KHTML, like Gecko) Mobile Safari/537.36 (compatible; Bytespider; https://zhanzhang.toutiao.com/)"
110.249.202.107 - - [06/Jun/2026:02:37:03 +0200] "GET /wp-content/uploads/2021/05/logo-bau_1-01b.svg HTTP/1.1" 206 500 "https://www.baudefruta.pt/loja/page/6/?doing_wp_cron=1764541000.9128310680389404296875" "Mozilla/5.0 (Linux; Android 5.0) AppleWebKit/537.36 (KHTML, like Gecko) Mobile Safari/537.36 (compatible; Bytespider; https://zhanzhang.toutiao.com/)"
110.249.202.77 - - [06/Jun/2026:02:37:03 +0200] "GET /wp-content/uploads/2022/05/20220515_235602-uai-562x562.jpg HTTP/1.1" 206 500 "https://www.baudefruta.pt/loja/page/6/?doing_wp_cron=1764541000.9128310680389404296875" "Mozilla/5.0 (Linux; Android 5.0) AppleWebKit/537.36 (KHTML, like Gecko) Mobile Safari/537.36 (compatible; Bytespider; https://zhanzhang.toutiao.com/)"
110.249.202.170 - - [06/Jun/2026:02:37:03 +0200] "GET /wp-content/uploads/2022/05/20220515_235722-uai-700x700.jpg HTTP/1.1" 206 500 "https://www.baudefruta.pt/loja/page/6/?doing_wp_cron=1764541000.9128310680389404296875" "Mozilla/5.0 (Linux; Android 5.0) AppleWebKit/537.36 (KHTML, like Gecko) Mobile Safari/537.36 (compatible; Bytespider; https://zhanzhang.toutiao.com/)"
110.249.202.56 - - [06/Jun/2026:02:37:03 +0200] "GET /wp-content/uploads/2021/06/FR001-framboesa-uai-1333x1333.jpg HTTP/1.1" 206 500 "https://www.baudefruta.pt/loja/page/6/?doing_wp_cron=1764541000.9128310680389404296875" "Mozilla/5.0 (Linux; Android 5.0) AppleWebKit/537.36 (KHTML, like Gecko) Mobile Safari/537.36 (compatible; Bytespider; https://zhanzhang.toutiao.com/)"
110.249.202.107 - - [06/Jun/2026:02:37:03 +0200] "GET /wp-content/uploads/2022/05/gengibre.jpg HTTP/1.1" 206 500 "https://www.baudefruta.pt/loja/page/6/?doing_wp_cron=1764541000.9128310680389404296875" "Mozilla/5.0 (Linux; Android 5.0) AppleWebKit/537.36 (KHTML, like Gecko) Mobile Safari/537.36 (compatible; Bytespider; https://zhanzhang.toutiao.com/)"
110.249.202.24 - - [06/Jun/2026:02:37:03 +0200] "GET /wp-content/uploads/2021/05/logo-bau_1-01b.svg HTTP/1.1" 304 0 "https://www.baudefruta.pt/loja/page/6/?doing_wp_cron=1764541000.9128310680389404296875" "Mozilla/5.0 (Linux; Android 5.0) AppleWebKit/537.36 (KHTML, like Gecko) Mobile Safari/537.36 (compatible; Bytespider; https://zhanzhang.toutiao.com/)"
110.249.202.51 - - [06/Jun/2026:02:37:03 +0200] "GET /wp-content/uploads/2021/06/FCN001-farinha-com-fermento-para-bolos-nacional.png HTTP/1.1" 206 500 "https://www.baudefruta.pt/loja/page/6/?doing_wp_cron=1764541000.9128310680389404296875" "Mozilla/5.0 (Linux; Android 5.0) AppleWebKit/537.36 (KHTML, like Gecko) Mobile Safari/537.36 (compatible; Bytespider; https://zhanzhang.toutiao.com/)"
110.249.202.170 - - [06/Jun/2026:02:37:03 +0200] "GET /wp-content/uploads/2021/05/bau_fundo_header_produtos-2.png HTTP/1.1" 206 500 "https://www.baudefruta.pt/loja/page/6/?doing_wp_cron=1764541000.9128310680389404296875" "Mozilla/5.0 (Linux; Android 5.0) AppleWebKit/537.36 (KHTML, like Gecko) Mobile Safari/537.36 (compatible; Bytespider; https://zhanzhang.toutiao.com/)"
110.249.202.56 - - [06/Jun/2026:02:37:04 +0200] "GET /wp-content/uploads/2021/06/FR001-framboesa-uai-1333x1333.jpg HTTP/1.1" 304 0 "https://www.baudefruta.pt/loja/page/6/?doing_wp_cron=1764541000.9128310680389404296875" "Mozilla/5.0 (Linux; Android 5.0) AppleWebKit/537.36 (KHTML, like Gecko) Mobile Safari/537.36 (compatible; Bytespider; https://zhanzhang.toutiao.com/)"
110.249.202.24 - - [06/Jun/2026:02:37:04 +0200] "GET /wp-content/uploads/2021/05/logo-bau_1-01b.svg HTTP/1.1" 200 12888 "https://www.baudefruta.pt/loja/page/6/?doing_wp_cron=1764541000.9128310680389404296875" "Mozilla/5.0 (Linux; Android 5.0) AppleWebKit/537.36 (KHTML, like Gecko) Mobile Safari/537.36 (compatible; Bytespider; https://zhanzhang.toutiao.com/)"
110.249.202.24 - - [06/Jun/2026:02:37:04 +0200] "GET /wp-content/uploads/2021/07/bau_mb_mbway.svg HTTP/1.1" 206 500 "https://www.baudefruta.pt/loja/page/6/?doing_wp_cron=1764541000.9128310680389404296875" "Mozilla/5.0 (Linux; Android 5.0) AppleWebKit/537.36 (KHTML, like Gecko) Mobile Safari/537.36 (compatible; Bytespider; https://zhanzhang.toutiao.com/)"
110.249.202.51 - - [06/Jun/2026:02:37:04 +0200] "GET /wp-content/uploads/2021/05/bau_livroreclamacoes.svg HTTP/1.1" 206 500 "https://www.baudefruta.pt/loja/page/6/?doing_wp_cron=1764541000.9128310680389404296875" "Mozilla/5.0 (Linux; Android 5.0) AppleWebKit/537.36 (KHTML, like Gecko) Mobile Safari/537.36 (compatible; Bytespider; https://zhanzhang.toutiao.com/)"
110.249.202.24 - - [06/Jun/2026:02:37:04 +0200] "GET /wp-content/uploads/2021/07/bau_mb_mbway.svg HTTP/1.1" 304 0 "https://www.baudefruta.pt/loja/page/6/?doing_wp_cron=1764541000.9128310680389404296875" "Mozilla/5.0 (Linux; Android 5.0) AppleWebKit/537.36 (KHTML, like Gecko) Mobile Safari/537.36 (compatible; Bytespider; https://zhanzhang.toutiao.com/)"
110.249.202.51 - - [06/Jun/2026:02:37:04 +0200] "GET /wp-content/uploads/2021/05/bau_livroreclamacoes.svg HTTP/1.1" 304 0 "https://www.baudefruta.pt/loja/page/6/?doing_wp_cron=1764541000.9128310680389404296875" "Mozilla/5.0 (Linux; Android 5.0) AppleWebKit/537.36 (KHTML, like Gecko) Mobile Safari/537.36 (compatible; Bytespider; https://zhanzhang.toutiao.com/)"
110.249.202.56 - - [06/Jun/2026:02:37:04 +0200] "GET /wp-content/uploads/2021/06/FR001-framboesa-uai-1333x1333.jpg HTTP/1.1" 206 370930 "https://www.baudefruta.pt/loja/page/6/?doing_wp_cron=1764541000.9128310680389404296875" "Mozilla/5.0 (Linux; Android 5.0) AppleWebKit/537.36 (KHTML, like Gecko) Mobile Safari/537.36 (compatible; Bytespider; https://zhanzhang.toutiao.com/)"
110.249.202.24 - - [06/Jun/2026:02:37:04 +0200] "GET /wp-content/uploads/2021/07/bau_mb_mbway.svg HTTP/1.1" 200 5318 "https://www.baudefruta.pt/loja/page/6/?doing_wp_cron=1764541000.9128310680389404296875" "Mozilla/5.0 (Linux; Android 5.0) AppleWebKit/537.36 (KHTML, like Gecko) Mobile Safari/537.36 (compatible; Bytespider; https://zhanzhang.toutiao.com/)"
110.249.202.51 - - [06/Jun/2026:02:37:04 +0200] "GET /wp-content/uploads/2021/05/bau_livroreclamacoes.svg HTTP/1.1" 200 2886 "https://www.baudefruta.pt/loja/page/6/?doing_wp_cron=1764541000.9128310680389404296875" "Mozilla/5.0 (Linux; Android 5.0) AppleWebKit/537.36 (KHTML, like Gecko) Mobile Safari/537.36 (compatible; Bytespider; https://zhanzhang.toutiao.com/)"
216.73.217.23 - - [06/Jun/2026:02:37:05 +0200] "GET /loja/page/7/?add-to-cart=701&doing_wp_cron=1780424125.1127629280090332031250&orderby=menu_order HTTP/1.1" 200 64745 "-" "Mozilla/5.0 AppleWebKit/537.36 (KHTML, like Gecko; compatible; ClaudeBot/1.0; +claudebot@anthropic.com)"
216.73.217.23 - - [06/Jun/2026:02:37:08 +0200] "GET /loja/?add-to-cart=4234&doing_wp_cron=1780462762.0583889484405517578125&orderby=date HTTP/1.1" 200 64722 "-" "Mozilla/5.0 AppleWebKit/537.36 (KHTML, like Gecko; compatible; ClaudeBot/1.0; +claudebot@anthropic.com)"
216.73.217.23 - - [06/Jun/2026:02:37:11 +0200] "GET /loja/page/4/?add-to-cart=893&doing_wp_cron=1780410981.3310050964355468750000&orderby=popularity HTTP/1.1" 200 65231 "-" "Mozilla/5.0 AppleWebKit/537.36 (KHTML, like Gecko; compatible; ClaudeBot/1.0; +claudebot@anthropic.com)"
216.73.217.23 - - [06/Jun/2026:02:37:14 +0200] "GET /loja/page/3/?add-to-cart=486&doing_wp_cron=1780657689.1318700313568115234375&orderby=date HTTP/1.1" 200 65279 "-" "Mozilla/5.0 AppleWebKit/537.36 (KHTML, like Gecko; compatible; ClaudeBot/1.0; +claudebot@anthropic.com)"
216.73.217.23 - - [06/Jun/2026:02:37:17 +0200] "GET /loja/page/9/?add-to-cart=889&doing_wp_cron=1780326079.0621399879455566406250&orderby=popularity HTTP/1.1" 200 65991 "-" "Mozilla/5.0 AppleWebKit/537.36 (KHTML, like Gecko; compatible; ClaudeBot/1.0; +claudebot@anthropic.com)"
216.73.217.23 - - [06/Jun/2026:02:37:20 +0200] "GET /categoria-produto/mercearia/?add-to-cart=745&doing_wp_cron=1780245057.2307438850402832031250&orderby=popularity HTTP/1.1" 200 65884 "-" "Mozilla/5.0 AppleWebKit/537.36 (KHTML, like Gecko; compatible; ClaudeBot/1.0; +claudebot@anthropic.com)"
216.73.217.23 - - [06/Jun/2026:02:37:23 +0200] "GET /loja/page/4/?add-to-cart=1645&doing_wp_cron=1780356259.9063909053802490234375&orderby=menu_order HTTP/1.1" 200 66141 "-" "Mozilla/5.0 AppleWebKit/537.36 (KHTML, like Gecko; compatible; ClaudeBot/1.0; +claudebot@anthropic.com)"
216.73.217.23 - - [06/Jun/2026:02:37:26 +0200] "GET /loja/?add-to-cart=452&doing_wp_cron=1780438616.7094020843505859375000&orderby=popularity HTTP/1.1" 200 65799 "-" "Mozilla/5.0 AppleWebKit/537.36 (KHTML, like Gecko; compatible; ClaudeBot/1.0; +claudebot@anthropic.com)"
178.16.52.137 - - [06/Jun/2026:02:37:27 +0200] "POST /wp-login.php?action=register HTTP/1.1" 403 146 "-" "-"
216.73.217.23 - - [06/Jun/2026:02:37:29 +0200] "GET /categoria-produto/mercearia/?add-to-cart=731&doing_wp_cron=1780282511.0896770954132080078125&orderby=menu_order HTTP/1.1" 200 66114 "-" "Mozilla/5.0 AppleWebKit/537.36 (KHTML, like Gecko; compatible; ClaudeBot/1.0; +claudebot@anthropic.com)"
178.16.52.137 - - [06/Jun/2026:02:37:30 +0200] "POST /wp-login.php?action=register HTTP/1.1" 403 146 "-" "-"
216.73.217.23 - - [06/Jun/2026:02:37:32 +0200] "GET /loja/page/3/?add-to-cart=452&doing_wp_cron=1780438640.8086369037628173828125&orderby=menu_order HTTP/1.1" 200 66038 "-" "Mozilla/5.0 AppleWebKit/537.36 (KHTML, like Gecko; compatible; ClaudeBot/1.0; +claudebot@anthropic.com)"
216.73.217.23 - - [06/Jun/2026:02:37:35 +0200] "GET /produto/miolo-de-noz/?add-to-cart=2044&doing_wp_cron=1780490038.6559369564056396484375 HTTP/1.1" 200 64585 "-" "Mozilla/5.0 AppleWebKit/537.36 (KHTML, like Gecko; compatible; ClaudeBot/1.0; +claudebot@anthropic.com)"
216.73.217.23 - - [06/Jun/2026:02:37:38 +0200] "GET /loja/page/4/?add-to-cart=1541&doing_wp_cron=1780490103.7011010646820068359375&orderby=date HTTP/1.1" 200 66880 "-" "Mozilla/5.0 AppleWebKit/537.36 (KHTML, like Gecko; compatible; ClaudeBot/1.0; +claudebot@anthropic.com)"
216.73.217.23 - - [06/Jun/2026:02:37:42 +0200] "GET /loja/page/3/?add-to-cart=725&doing_wp_cron=1780415098.0220060348510742187500&orderby=menu_order HTTP/1.1" 200 66669 "-" "Mozilla/5.0 AppleWebKit/537.36 (KHTML, like Gecko; compatible; ClaudeBot/1.0; +claudebot@anthropic.com)"
216.73.217.23 - - [06/Jun/2026:02:37:45 +0200] "GET /loja/page/4/?add-to-cart=460&doing_wp_cron=1779095602.6344830989837646484375&orderby=menu_order HTTP/1.1" 200 67388 "-" "Mozilla/5.0 AppleWebKit/537.36 (KHTML, like Gecko; compatible; ClaudeBot/1.0; +claudebot@anthropic.com)"
216.73.217.23 - - [06/Jun/2026:02:37:47 +0200] "GET /loja/page/4/?add-to-cart=1995&doing_wp_cron=1780415098.0220060348510742187500&orderby=popularity HTTP/1.1" 200 67369 "-" "Mozilla/5.0 AppleWebKit/537.36 (KHTML, like Gecko; compatible; ClaudeBot/1.0; +claudebot@anthropic.com)"
216.73.217.23 - - [06/Jun/2026:02:37:50 +0200] "GET /loja/page/5/?add-to-cart=444&doing_wp_cron=1780338056.7367100715637207031250&orderby=date HTTP/1.1" 200 67437 "-" "Mozilla/5.0 AppleWebKit/537.36 (KHTML, like Gecko; compatible; ClaudeBot/1.0; +claudebot@anthropic.com)"
91.92.242.223 - - [06/Jun/2026:02:37:51 +0200] "POST /wp-login.php?action=register HTTP/1.1" 403 146 "-" "-"
216.73.217.23 - - [06/Jun/2026:02:37:53 +0200] "GET /categoria-produto/mercearia/?add-to-cart=2013&doing_wp_cron=1780360137.7060799598693847656250&orderby=popularity HTTP/1.1" 200 67819 "-" "Mozilla/5.0 AppleWebKit/537.36 (KHTML, like Gecko; compatible; ClaudeBot/1.0; +claudebot@anthropic.com)"
66.249.79.136 - - [06/Jun/2026:02:37:56 +0200] "GET /produto/cha-emagrecimento-20-saquetas/?doing_wp_cron=1776283514.0295519828796386718750 HTTP/1.1" 200 57750 "-" "Mozilla/5.0 (Linux; Android 6.0.1; Nexus 5X Build/MMB29P) AppleWebKit/537.36 (KHTML, like Gecko) Chrome/148.0.7778.96 Mobile Safari/537.36 (compatible; Googlebot/2.1; +http://www.google.com/bot.html)"
216.73.217.23 - - [06/Jun/2026:02:37:56 +0200] "GET /loja/page/5/?add-to-cart=821&doing_wp_cron=1780398917.1266179084777832031250&orderby=date HTTP/1.1" 200 67819 "-" "Mozilla/5.0 AppleWebKit/537.36 (KHTML, like Gecko; compatible; ClaudeBot/1.0; +claudebot@anthropic.com)"
66.249.79.136 - - [06/Jun/2026:02:37:58 +0200] "GET /wp-content/themes/uncode/library/css/woocommerce.css?ver=1284840764 HTTP/1.1" 200 20067 "https://www.baudefruta.pt/produto/cha-emagrecimento-20-saquetas/?doing_wp_cron=1776283514.0295519828796386718750" "Mozilla/5.0 (Linux; Android 6.0.1; Nexus 5X Build/MMB29P) AppleWebKit/537.36 (KHTML, like Gecko) Chrome/148.0.7778.96 Mobile Safari/537.36 (compatible; Googlebot/2.1; +http://www.google.com/bot.html)"
66.249.79.136 - - [06/Jun/2026:02:37:58 +0200] "GET /wp-content/themes/uncode/library/css/uncode-icons.css?ver=1284840764 HTTP/1.1" 200 12098 "https://www.baudefruta.pt/produto/cha-emagrecimento-20-saquetas/?doing_wp_cron=1776283514.0295519828796386718750" "Mozilla/5.0 (Linux; Android 6.0.1; Nexus 5X Build/MMB29P) AppleWebKit/537.36 (KHTML, like Gecko) Chrome/148.0.7778.96 Mobile Safari/537.36 (compatible; Googlebot/2.1; +http://www.google.com/bot.html)"
66.249.79.136 - - [06/Jun/2026:02:37:59 +0200] "GET /wp-content/themes/uncode/library/js/plugins.js?ver=1284840764 HTTP/1.1" 200 192557 "https://www.baudefruta.pt/produto/cha-emagrecimento-20-saquetas/?doing_wp_cron=1776283514.0295519828796386718750" "Mozilla/5.0 (Linux; Android 6.0.1; Nexus 5X Build/MMB29P) AppleWebKit/537.36 (KHTML, like Gecko) Chrome/148.0.7778.96 Mobile Safari/537.36 (compatible; Googlebot/2.1; +http://www.google.com/bot.html)"
