52.167.144.172 - - [06/Jun/2026:03:17:10 +0200] "GET /?doing_wp_cron=1768209566.5699150562286376953125 HTTP/1.1" 200 61392 "-" "Mozilla/5.0 AppleWebKit/537.36 (KHTML, like Gecko; compatible; bingbot/2.0; +http://www.bing.com/bingbot.htm) Chrome/116.0.1938.76 Safari/537.36"
185.128.227.244 - - [06/Jun/2026:03:17:11 +0200] "GET /wp-includes/core.php HTTP/1.1" 404 47 "-" "Mozlila/5.0 (Linux; Android 7.0; SM-G892A Bulid/NRD90M; wv) AppleWebKit/537.36 (KHTML, like Gecko) Version/4.0 Chrome/60.0.3112.107 Moblie Safari/537.36"
216.73.217.23 - - [06/Jun/2026:03:17:12 +0200] "GET /loja/?add-to-cart=589&doing_wp_cron=1780247694.3308169841766357421875&orderby=menu_order HTTP/1.1" 200 61779 "-" "Mozilla/5.0 AppleWebKit/537.36 (KHTML, like Gecko; compatible; ClaudeBot/1.0; +claudebot@anthropic.com)"
52.167.144.25 - - [06/Jun/2026:03:17:15 +0200] "GET /p=2989282&doing_wp_cron=1777196384.1104559898376464843750 HTTP/1.1" 302 102 "-" "Mozilla/5.0 AppleWebKit/537.36 (KHTML, like Gecko; compatible; bingbot/2.0; +http://www.bing.com/bingbot.htm) Chrome/116.0.1938.76 Safari/537.36"
216.73.217.23 - - [06/Jun/2026:03:17:15 +0200] "GET /produto/erva-provence-em-frasco/?add-to-cart=901&doing_wp_cron=1780244650.9330909252166748046875 HTTP/1.1" 200 60311 "-" "Mozilla/5.0 AppleWebKit/537.36 (KHTML, like Gecko; compatible; ClaudeBot/1.0; +claudebot@anthropic.com)"
216.73.217.23 - - [06/Jun/2026:03:17:18 +0200] "GET /loja/?add-to-cart=4331&doing_wp_cron=1780470504.6510601043701171875000&orderby=popularity HTTP/1.1" 200 62089 "-" "Mozilla/5.0 AppleWebKit/537.36 (KHTML, like Gecko; compatible; ClaudeBot/1.0; +claudebot@anthropic.com)"
52.167.144.25 - - [06/Jun/2026:03:17:21 +0200] "GET /p=2989282&doing_wp_cron=1780708635.1325089931488037109375 HTTP/1.1" 302 102 "-" "Mozilla/5.0 AppleWebKit/537.36 (KHTML, like Gecko; compatible; bingbot/2.0; +http://www.bing.com/bingbot.htm) Chrome/116.0.1938.76 Safari/537.36"
216.73.217.23 - - [06/Jun/2026:03:17:21 +0200] "GET /loja/page/6/?doing_wp_cron=1780496838.3491590023040771484375&orderby=price-desc HTTP/1.1" 200 62673 "-" "Mozilla/5.0 AppleWebKit/537.36 (KHTML, like Gecko; compatible; ClaudeBot/1.0; +claudebot@anthropic.com)"
17.241.227.121 - - [06/Jun/2026:03:17:24 +0200] "GET /wp-content/themes/uncode/library/css/style.css?ver=981117441 HTTP/1.1" 200 70140 "https://www.baudefruta.pt/loja/page/10/?doing_wp_cron=1778769705.7689321041107177734375" "Mozilla/5.0 (Macintosh; Intel Mac OS X 10_15_7) AppleWebKit/605.1.15 (KHTML, like Gecko) Version/17.4 Safari/605.1.15 (Applebot/0.1; +http://www.apple.com/go/applebot)"
52.167.144.25 - - [06/Jun/2026:03:17:24 +0200] "GET /p=2989282&doing_wp_cron=1780708641.7469339370727539062500 HTTP/1.1" 404 42695 "-" "Mozilla/5.0 AppleWebKit/537.36 (KHTML, like Gecko; compatible; bingbot/2.0; +http://www.bing.com/bingbot.htm) Chrome/116.0.1938.76 Safari/537.36"
216.73.217.23 - - [06/Jun/2026:03:17:24 +0200] "GET /loja/?add-to-cart=1983&doing_wp_cron=1780430342.1766259670257568359375&orderby=menu_order HTTP/1.1" 200 62437 "-" "Mozilla/5.0 AppleWebKit/537.36 (KHTML, like Gecko; compatible; ClaudeBot/1.0; +claudebot@anthropic.com)"
17.241.219.64 - - [06/Jun/2026:03:17:25 +0200] "GET /wp-content/themes/uncode/library/css/woocommerce.css?ver=981117441 HTTP/1.1" 200 20067 "https://www.baudefruta.pt/loja/page/10/?doing_wp_cron=1778769705.7689321041107177734375" "Mozilla/5.0 (Macintosh; Intel Mac OS X 10_15_7) AppleWebKit/605.1.15 (KHTML, like Gecko) Version/17.4 Safari/605.1.15 (Applebot/0.1; +http://www.apple.com/go/applebot)"
17.241.227.121 - - [06/Jun/2026:03:17:25 +0200] "GET /wp-content/themes/uncode/library/css/uncode-icons.css?ver=981117441 HTTP/1.1" 200 12098 "https://www.baudefruta.pt/loja/page/10/?doing_wp_cron=1778769705.7689321041107177734375" "Mozilla/5.0 (Macintosh; Intel Mac OS X 10_15_7) AppleWebKit/605.1.15 (KHTML, like Gecko) Version/17.4 Safari/605.1.15 (Applebot/0.1; +http://www.apple.com/go/applebot)"
17.241.219.64 - - [06/Jun/2026:03:17:26 +0200] "GET /wp-content/themes/baudefruta-un/style.css?ver=982897487 HTTP/1.1" 200 896 "https://www.baudefruta.pt/loja/page/10/?doing_wp_cron=1778769705.7689321041107177734375" "Mozilla/5.0 (Macintosh; Intel Mac OS X 10_15_7) AppleWebKit/605.1.15 (KHTML, like Gecko) Version/17.4 Safari/605.1.15 (Applebot/0.1; +http://www.apple.com/go/applebot)"
216.73.217.23 - - [06/Jun/2026:03:17:27 +0200] "GET /loja/page/7/?doing_wp_cron=1780453197.6138989925384521484375&orderby=price-desc HTTP/1.1" 200 62664 "-" "Mozilla/5.0 AppleWebKit/537.36 (KHTML, like Gecko; compatible; ClaudeBot/1.0; +claudebot@anthropic.com)"
17.241.227.121 - - [06/Jun/2026:03:17:27 +0200] "GET /wp-content/themes/uncode/library/js/init.js?ver=981117441 HTTP/1.1" 200 38505 "https://www.baudefruta.pt/loja/page/10/?doing_wp_cron=1778769705.7689321041107177734375" "Mozilla/5.0 (Macintosh; Intel Mac OS X 10_15_7) AppleWebKit/605.1.15 (KHTML, like Gecko) Version/17.4 Safari/605.1.15 (Applebot/0.1; +http://www.apple.com/go/applebot)"
17.241.219.64 - - [06/Jun/2026:03:17:28 +0200] "GET /wp-content/themes/uncode/library/js/plugins.js?ver=981117441 HTTP/1.1" 200 192549 "https://www.baudefruta.pt/loja/page/10/?doing_wp_cron=1778769705.7689321041107177734375" "Mozilla/5.0 (Macintosh; Intel Mac OS X 10_15_7) AppleWebKit/605.1.15 (KHTML, like Gecko) Version/17.4 Safari/605.1.15 (Applebot/0.1; +http://www.apple.com/go/applebot)"
17.241.227.121 - - [06/Jun/2026:03:17:29 +0200] "GET /wp-content/themes/uncode/library/js/app.js?ver=981117441 HTTP/1.1" 200 41076 "https://www.baudefruta.pt/loja/page/10/?doing_wp_cron=1778769705.7689321041107177734375" "Mozilla/5.0 (Macintosh; Intel Mac OS X 10_15_7) AppleWebKit/605.1.15 (KHTML, like Gecko) Version/17.4 Safari/605.1.15 (Applebot/0.1; +http://www.apple.com/go/applebot)"
17.241.219.64 - - [06/Jun/2026:03:17:30 +0200] "GET /wp-content/themes/uncode/library/js/woocommerce-uncode.js?ver=981117441 HTTP/1.1" 200 7190 "https://www.baudefruta.pt/loja/page/10/?doing_wp_cron=1778769705.7689321041107177734375" "Mozilla/5.0 (Macintosh; Intel Mac OS X 10_15_7) AppleWebKit/605.1.15 (KHTML, like Gecko) Version/17.4 Safari/605.1.15 (Applebot/0.1; +http://www.apple.com/go/applebot)"
216.73.217.23 - - [06/Jun/2026:03:17:30 +0200] "GET /loja/?add-to-cart=547&doing_wp_cron=1780400178.2150061130523681640625&orderby=date HTTP/1.1" 200 62609 "-" "Mozilla/5.0 AppleWebKit/537.36 (KHTML, like Gecko; compatible; ClaudeBot/1.0; +claudebot@anthropic.com)"
52.167.144.25 - - [06/Jun/2026:03:17:31 +0200] "GET /loja/page/9/?orderby=date&doing_wp_cron=1764409418.2108459472656250000000 HTTP/1.1" 200 59691 "-" "Mozilla/5.0 AppleWebKit/537.36 (KHTML, like Gecko; compatible; bingbot/2.0; +http://www.bing.com/bingbot.htm) Chrome/116.0.1938.76 Safari/537.36"
216.73.217.23 - - [06/Jun/2026:03:17:33 +0200] "GET /produto/peixe-em-saqueta/?add-to-cart=2013&doing_wp_cron=1780539308.8798110485076904296875 HTTP/1.1" 200 61052 "-" "Mozilla/5.0 AppleWebKit/537.36 (KHTML, like Gecko; compatible; ClaudeBot/1.0; +claudebot@anthropic.com)"
178.16.52.137 - - [06/Jun/2026:03:17:33 +0200] "POST /wp-login.php?action=register HTTP/1.1" 403 146 "-" "-"
52.167.144.25 - - [06/Jun/2026:03:17:33 +0200] "GET /produto/bau-hortofruticola/ HTTP/1.1" 200 61712 "-" "Mozilla/5.0 AppleWebKit/537.36 (KHTML, like Gecko; compatible; bingbot/2.0; +http://www.bing.com/bingbot.htm) Chrome/116.0.1938.76 Safari/537.36"
80.90.183.146 - - [06/Jun/2026:03:17:35 +0200] "GET /2021/05/11/ola-mundo/ HTTP/1.1" 200 1137265 "https://www.baudefruta.pt/" "Mozilla/5.0 (Windows NT 10.0; Win64; x64; rv:147.0) Gecko/20100101 Firefox/147.0"
216.73.217.23 - - [06/Jun/2026:03:17:36 +0200] "GET /produto/groselha/?add-to-cart=504&doing_wp_cron=1780421825.1470160484313964843750 HTTP/1.1" 200 61086 "-" "Mozilla/5.0 AppleWebKit/537.36 (KHTML, like Gecko; compatible; ClaudeBot/1.0; +claudebot@anthropic.com)"
52.167.144.25 - - [06/Jun/2026:03:17:41 +0200] "GET /categoria-produto/mercearia/page/5/?doing_wp_cron=1768306611.6715800762176513671875&orderby=price-desc HTTP/1.1" 200 60075 "-" "Mozilla/5.0 AppleWebKit/537.36 (KHTML, like Gecko; compatible; bingbot/2.0; +http://www.bing.com/bingbot.htm) Chrome/116.0.1938.76 Safari/537.36"
216.73.217.23 - - [06/Jun/2026:03:17:42 +0200] "GET /loja/?add-to-cart=683&doing_wp_cron=1780462878.7975680828094482421875&orderby=date HTTP/1.1" 200 60949 "-" "Mozilla/5.0 AppleWebKit/537.36 (KHTML, like Gecko; compatible; ClaudeBot/1.0; +claudebot@anthropic.com)"
188.241.62.83 - - [06/Jun/2026:03:17:43 +0200] "POST /xmlrpc.php HTTP/1.1" 200 244 "-" "Mozilla/5.0 (Windows NT 10.0; WOW64) AppleWebKit/537.36 (KHTML, like Gecko) Chrome/133.0.0.0 Safari/537.36"
216.73.217.23 - - [06/Jun/2026:03:17:44 +0200] "GET /produto/semente-de-chia/?add-to-cart=889&doing_wp_cron=1780207058.0245449542999267578125 HTTP/1.1" 200 59496 "-" "Mozilla/5.0 AppleWebKit/537.36 (KHTML, like Gecko; compatible; ClaudeBot/1.0; +claudebot@anthropic.com)"
178.16.52.137 - - [06/Jun/2026:03:17:45 +0200] "POST /wp-login.php?action=register HTTP/1.1" 403 146 "-" "-"
216.73.217.23 - - [06/Jun/2026:03:17:47 +0200] "GET /produto/oleo-fula-3l/?add-to-cart=821&doing_wp_cron=1780248378.2885739803314208984375 HTTP/1.1" 200 59800 "-" "Mozilla/5.0 AppleWebKit/537.36 (KHTML, like Gecko; compatible; ClaudeBot/1.0; +claudebot@anthropic.com)"
216.73.217.23 - - [06/Jun/2026:03:17:50 +0200] "GET /loja/?add-to-cart=541&doing_wp_cron=1780259951.9076659679412841796875&orderby=menu_order HTTP/1.1" 200 61598 "-" "Mozilla/5.0 AppleWebKit/537.36 (KHTML, like Gecko; compatible; ClaudeBot/1.0; +claudebot@anthropic.com)"
216.73.217.23 - - [06/Jun/2026:03:17:53 +0200] "GET /produto/melao-verde/?add-to-cart=1681&doing_wp_cron=1780392417.3795850276947021484375 HTTP/1.1" 200 60076 "-" "Mozilla/5.0 AppleWebKit/537.36 (KHTML, like Gecko; compatible; ClaudeBot/1.0; +claudebot@anthropic.com)"
216.73.217.23 - - [06/Jun/2026:03:17:56 +0200] "GET /loja/?add-to-cart=4328&doing_wp_cron=1780268890.7532269954681396484375&orderby=date HTTP/1.1" 200 62048 "-" "Mozilla/5.0 AppleWebKit/537.36 (KHTML, like Gecko; compatible; ClaudeBot/1.0; +claudebot@anthropic.com)"
216.73.217.23 - - [06/Jun/2026:03:18:03 +0200] "GET /loja/page/3/?add-to-cart=595&doing_wp_cron=1780400178.2150061130523681640625&orderby=menu_order HTTP/1.1" 200 60775 "-" "Mozilla/5.0 AppleWebKit/537.36 (KHTML, like Gecko; compatible; ClaudeBot/1.0; +claudebot@anthropic.com)"
216.73.217.23 - - [06/Jun/2026:03:18:05 +0200] "GET /categoria-produto/mercearia/page/2/?doing_wp_cron=1780316180.4080190658569335937500&orderby=date HTTP/1.1" 200 60498 "-" "Mozilla/5.0 AppleWebKit/537.36 (KHTML, like Gecko; compatible; ClaudeBot/1.0; +claudebot@anthropic.com)"
216.73.217.23 - - [06/Jun/2026:03:18:08 +0200] "GET /loja/page/5/?add-to-cart=4228&doing_wp_cron=1780400178.2150061130523681640625&orderby=menu_order HTTP/1.1" 200 61303 "-" "Mozilla/5.0 AppleWebKit/537.36 (KHTML, like Gecko; compatible; ClaudeBot/1.0; +claudebot@anthropic.com)"
216.73.217.23 - - [06/Jun/2026:03:18:11 +0200] "GET /loja/page/2/?add-to-cart=593&doing_wp_cron=1780298590.2811610698699951171875&orderby=menu_order HTTP/1.1" 200 61669 "-" "Mozilla/5.0 AppleWebKit/537.36 (KHTML, like Gecko; compatible; ClaudeBot/1.0; +claudebot@anthropic.com)"
216.73.217.23 - - [06/Jun/2026:03:18:14 +0200] "GET /loja/?add-to-cart=452&doing_wp_cron=1780438640.8086369037628173828125&orderby=menu_order HTTP/1.1" 200 61533 "-" "Mozilla/5.0 AppleWebKit/537.36 (KHTML, like Gecko; compatible; ClaudeBot/1.0; +claudebot@anthropic.com)"
216.73.217.23 - - [06/Jun/2026:03:18:17 +0200] "GET /produto/clementina/?add-to-cart=4225&doing_wp_cron=1780276306.7036058902740478515625 HTTP/1.1" 200 59965 "-" "Mozilla/5.0 AppleWebKit/537.36 (KHTML, like Gecko; compatible; ClaudeBot/1.0; +claudebot@anthropic.com)"
114.119.141.203 - - [06/Jun/2026:03:18:20 +0200] "GET /loja/page/7/?doing_wp_cron=1769012460.9165549278259277343750&orderby=menu_order HTTP/1.1" 200 60456 "https://www.baudefruta.pt/loja/page/9/?doing_wp_cron=1769012460.9165549278259277343750&orderby=menu_order" "Mozilla/5.0 (Linux; Android 7.0;) AppleWebKit/537.36 (HTML, like Gecko) Mobile Safari/537.36 (compatible; PetalBot;+https://webmaster.petalsearch.com/site/petalbot)"
216.73.217.23 - - [06/Jun/2026:03:18:20 +0200] "GET /loja/page/10/?doing_wp_cron=1780415179.5259048938751220703125&orderby=price-desc HTTP/1.1" 200 61613 "-" "Mozilla/5.0 AppleWebKit/537.36 (KHTML, like Gecko; compatible; ClaudeBot/1.0; +claudebot@anthropic.com)"
103.89.25.245 - - [06/Jun/2026:03:18:22 +0200] "GET /categoria-produto/mercearia/?add-to-cart=2039&doing_wp_cron=1764434567.9894509315490722656250&orderby=date HTTP/1.1" 200 60701 "-" "Mozilla/5.0 (iPhone; CPU iPhone OS 17_4 like Mac OS X) AppleWebKit/532.1 (KHTML, like Gecko) CriOS/35.0.857.0 Mobile/79X663 Safari/532.1"
216.73.217.23 - - [06/Jun/2026:03:18:23 +0200] "GET /produto/semente-de-chia/?add-to-cart=761&doing_wp_cron=1780453978.1268188953399658203125 HTTP/1.1" 200 60365 "-" "Mozilla/5.0 AppleWebKit/537.36 (KHTML, like Gecko; compatible; ClaudeBot/1.0; +claudebot@anthropic.com)"
216.73.217.23 - - [06/Jun/2026:03:18:26 +0200] "GET /produto/chuchu/?add-to-cart=530&doing_wp_cron=1780235353.0792300701141357421875 HTTP/1.1" 200 60475 "-" "Mozilla/5.0 AppleWebKit/537.36 (KHTML, like Gecko; compatible; ClaudeBot/1.0; +claudebot@anthropic.com)"
216.73.217.23 - - [06/Jun/2026:03:18:29 +0200] "GET /produto/clementina/?add-to-cart=468&doing_wp_cron=1780227109.1147179603576660156250 HTTP/1.1" 200 60636 "-" "Mozilla/5.0 AppleWebKit/537.36 (KHTML, like Gecko; compatible; ClaudeBot/1.0; +claudebot@anthropic.com)"
216.73.217.23 - - [06/Jun/2026:03:18:32 +0200] "GET /produto/oleo-fula-3l/?add-to-cart=788&doing_wp_cron=1780248378.2885739803314208984375 HTTP/1.1" 200 61123 "-" "Mozilla/5.0 AppleWebKit/537.36 (KHTML, like Gecko; compatible; ClaudeBot/1.0; +claudebot@anthropic.com)"
216.73.217.23 - - [06/Jun/2026:03:18:36 +0200] "GET /loja/?add-to-cart=557&doing_wp_cron=1780407018.5904660224914550781250&orderby=popularity HTTP/1.1" 200 62690 "-" "Mozilla/5.0 AppleWebKit/537.36 (KHTML, like Gecko; compatible; ClaudeBot/1.0; +claudebot@anthropic.com)"
216.73.217.23 - - [06/Jun/2026:03:18:39 +0200] "GET /produto/bicarbonato-de-sodio-1kg/?add-to-cart=793&doing_wp_cron=1780135827.1885631084442138671875 HTTP/1.1" 200 61451 "-" "Mozilla/5.0 AppleWebKit/537.36 (KHTML, like Gecko; compatible; ClaudeBot/1.0; +claudebot@anthropic.com)"
216.73.217.23 - - [06/Jun/2026:03:18:42 +0200] "GET /produto/peixe-em-saqueta/?add-to-cart=1996&doing_wp_cron=1780480678.9936580657958984375000 HTTP/1.1" 200 61443 "-" "Mozilla/5.0 AppleWebKit/537.36 (KHTML, like Gecko; compatible; ClaudeBot/1.0; +claudebot@anthropic.com)"
216.73.217.23 - - [06/Jun/2026:03:18:45 +0200] "GET /produto/couve-flor/?add-to-cart=550&doing_wp_cron=1780463758.1426520347595214843750 HTTP/1.1" 200 61662 "-" "Mozilla/5.0 AppleWebKit/537.36 (KHTML, like Gecko; compatible; ClaudeBot/1.0; +claudebot@anthropic.com)"
216.73.217.23 - - [06/Jun/2026:03:18:48 +0200] "GET /loja/?add-to-cart=545&doing_wp_cron=1780388658.8284630775451660156250&orderby=popularity HTTP/1.1" 200 63510 "-" "Mozilla/5.0 AppleWebKit/537.36 (KHTML, like Gecko; compatible; ClaudeBot/1.0; +claudebot@anthropic.com)"
186.77.198.13 - - [06/Jun/2026:03:19:05 +0200] "GET /categoria-produto/mercearia/?add-to-cart=2033&doing_wp_cron=1779798024.7941360473632812500000&orderby=date HTTP/1.1" 200 60643 "-" "Opera/9.57.(Windows NT 5.1; tl-PH) Presto/2.9.186 Version/11.00"
216.73.217.23 - - [06/Jun/2026:03:19:10 +0200] "GET /loja/page/2/?add-to-cart=4328&doing_wp_cron=1780360638.0177381038665771484375&orderby=menu_order HTTP/1.1" 200 61232 "-" "Mozilla/5.0 AppleWebKit/537.36 (KHTML, like Gecko; compatible; ClaudeBot/1.0; +claudebot@anthropic.com)"
216.73.217.23 - - [06/Jun/2026:03:19:16 +0200] "GET /loja/page/11/?add-to-cart=643&doing_wp_cron=1780259424.5276329517364501953125 HTTP/1.1" 200 60754 "-" "Mozilla/5.0 AppleWebKit/537.36 (KHTML, like Gecko; compatible; ClaudeBot/1.0; +claudebot@anthropic.com)"
216.73.217.23 - - [06/Jun/2026:03:19:19 +0200] "GET /produto/amendoa-caramelizada/?add-to-cart=723&doing_wp_cron=1780486677.8783030509948730468750 HTTP/1.1" 200 59618 "-" "Mozilla/5.0 AppleWebKit/537.36 (KHTML, like Gecko; compatible; ClaudeBot/1.0; +claudebot@anthropic.com)"
216.73.217.23 - - [06/Jun/2026:03:19:22 +0200] "GET /loja/?add-to-cart=452&doing_wp_cron=1780455776.6261320114135742187500&orderby=menu_order HTTP/1.1" 200 61563 "-" "Mozilla/5.0 AppleWebKit/537.36 (KHTML, like Gecko; compatible; ClaudeBot/1.0; +claudebot@anthropic.com)"
216.73.217.23 - - [06/Jun/2026:03:19:25 +0200] "GET /produto/feijao-verde-largo/?add-to-cart=589&doing_wp_cron=1780438497.1909120082855224609375 HTTP/1.1" 200 60132 "-" "Mozilla/5.0 AppleWebKit/537.36 (KHTML, like Gecko; compatible; ClaudeBot/1.0; +claudebot@anthropic.com)"
216.73.217.23 - - [06/Jun/2026:03:19:28 +0200] "GET /produto/batata-vermelha-20-kg/?add-to-cart=4232&doing_wp_cron=1780225270.4277191162109375000000 HTTP/1.1" 200 60485 "-" "Mozilla/5.0 AppleWebKit/537.36 (KHTML, like Gecko; compatible; ClaudeBot/1.0; +claudebot@anthropic.com)"
216.73.217.23 - - [06/Jun/2026:03:19:31 +0200] "GET /produto/melao-verde/?add-to-cart=4781&doing_wp_cron=1780222508.3646550178527832031250 HTTP/1.1" 200 60549 "-" "Mozilla/5.0 AppleWebKit/537.36 (KHTML, like Gecko; compatible; ClaudeBot/1.0; +claudebot@anthropic.com)"
216.73.217.23 - - [06/Jun/2026:03:19:34 +0200] "GET /produto/tomilho-limao-100gr/?add-to-cart=571&doing_wp_cron=1780138653.6888589859008789062500 HTTP/1.1" 200 60547 "-" "Mozilla/5.0 AppleWebKit/537.36 (KHTML, like Gecko; compatible; ClaudeBot/1.0; +claudebot@anthropic.com)"
216.73.217.23 - - [06/Jun/2026:03:19:37 +0200] "GET /loja/?add-to-cart=4227&doing_wp_cron=1780259951.9076659679412841796875&orderby=menu_order HTTP/1.1" 200 62624 "-" "Mozilla/5.0 AppleWebKit/537.36 (KHTML, like Gecko; compatible; ClaudeBot/1.0; +claudebot@anthropic.com)"
114.119.152.161 - - [06/Jun/2026:03:19:39 +0200] "GET /produto/massa-de-alho/ HTTP/1.1" 302 102 "https://www.baudefruta.pt/loja/page/8/?orderby=menu_order&doing_wp_cron=1683459217.9418830871582031250000" "Mozilla/5.0 (Linux; Android 7.0;) AppleWebKit/537.36 (HTML, like Gecko) Mobile Safari/537.36 (compatible; PetalBot;+https://webmaster.petalsearch.com/site/petalbot)"
216.73.217.23 - - [06/Jun/2026:03:19:40 +0200] "GET /loja/?add-to-cart=478&doing_wp_cron=1780406818.1222550868988037109375&orderby=popularity HTTP/1.1" 200 62701 "-" "Mozilla/5.0 AppleWebKit/537.36 (KHTML, like Gecko; compatible; ClaudeBot/1.0; +claudebot@anthropic.com)"
114.119.152.161 - - [06/Jun/2026:03:19:42 +0200] "GET /produto/massa-de-alho/?doing_wp_cron=1780708779.9118320941925048828125 HTTP/1.1" 200 57893 "https://www.baudefruta.pt/loja/page/8/?orderby=menu_order&doing_wp_cron=1683459217.9418830871582031250000" "Mozilla/5.0 (Linux; Android 7.0;) AppleWebKit/537.36 (HTML, like Gecko) Mobile Safari/537.36 (compatible; PetalBot;+https://webmaster.petalsearch.com/site/petalbot)"
216.73.217.23 - - [06/Jun/2026:03:19:44 +0200] "GET /loja/page/3/?add-to-cart=2011&doing_wp_cron=1780475962.5489630699157714843750&orderby=menu_order HTTP/1.1" 200 62989 "-" "Mozilla/5.0 AppleWebKit/537.36 (KHTML, like Gecko; compatible; ClaudeBot/1.0; +claudebot@anthropic.com)"
216.73.217.23 - - [06/Jun/2026:03:19:46 +0200] "GET /loja/page/6/?add-to-cart=793&doing_wp_cron=1780410981.3310050964355468750000&orderby=menu_order HTTP/1.1" 200 63410 "-" "Mozilla/5.0 AppleWebKit/537.36 (KHTML, like Gecko; compatible; ClaudeBot/1.0; +claudebot@anthropic.com)"
216.73.217.23 - - [06/Jun/2026:03:19:49 +0200] "GET /loja/page/8/?add-to-cart=698&doing_wp_cron=1780400178.2150061130523681640625&orderby=menu_order HTTP/1.1" 200 63674 "-" "Mozilla/5.0 AppleWebKit/537.36 (KHTML, like Gecko; compatible; ClaudeBot/1.0; +claudebot@anthropic.com)"
216.73.217.23 - - [06/Jun/2026:03:19:52 +0200] "GET /produto/vinagre-de-sidra/?add-to-cart=715&doing_wp_cron=1780446679.5640509128570556640625 HTTP/1.1" 200 61970 "-" "Mozilla/5.0 AppleWebKit/537.36 (KHTML, like Gecko; compatible; ClaudeBot/1.0; +claudebot@anthropic.com)"
216.73.217.23 - - [06/Jun/2026:03:19:55 +0200] "GET /loja/?add-to-cart=559&doing_wp_cron=1780455776.6261320114135742187500&orderby=menu_order HTTP/1.1" 200 63872 "-" "Mozilla/5.0 AppleWebKit/537.36 (KHTML, like Gecko; compatible; ClaudeBot/1.0; +claudebot@anthropic.com)"
216.73.217.23 - - [06/Jun/2026:03:19:58 +0200] "GET /produto/groselha/?add-to-cart=4222&doing_wp_cron=1780289579.0049669742584228515625 HTTP/1.1" 200 62203 "-" "Mozilla/5.0 AppleWebKit/537.36 (KHTML, like Gecko; compatible; ClaudeBot/1.0; +claudebot@anthropic.com)"
173.252.82.14 - - [06/Jun/2026:03:20:00 +0200] "GET /meta.json?utm_source=meta&utm_campaign=reg24 HTTP/1.1" 404 298130 "-" "facebookexternalhit/1.1 (+http://www.facebook.com/externalhit_uatext.php)"
216.73.217.23 - - [06/Jun/2026:03:20:01 +0200] "GET /produto/groselha/?add-to-cart=462&doing_wp_cron=1780384317.7189331054687500000000 HTTP/1.1" 200 62399 "-" "Mozilla/5.0 AppleWebKit/537.36 (KHTML, like Gecko; compatible; ClaudeBot/1.0; +claudebot@anthropic.com)"
185.213.139.42 - - [06/Jun/2026:03:20:03 +0200] "GET /2021/05/11/ola-mundo/ HTTP/1.1" 200 196324 "https://www.baudefruta.pt/" "Mozilla/5.0 (Windows NT 10.0; Win64; x64) AppleWebKit/537.36 (KHTML, like Gecko) Chrome/143.0.0.0 Safari/537.36 OPR/127.0.0.0"
216.73.217.23 - - [06/Jun/2026:03:20:05 +0200] "GET /produto/grelos-de-nabo/?add-to-cart=597&doing_wp_cron=1780259402.6258659362792968750000 HTTP/1.1" 200 59170 "-" "Mozilla/5.0 AppleWebKit/537.36 (KHTML, like Gecko; compatible; ClaudeBot/1.0; +claudebot@anthropic.com)"
216.73.217.23 - - [06/Jun/2026:03:20:08 +0200] "GET /loja/?add-to-cart=4779&doing_wp_cron=1780415118.9577500820159912109375&orderby=popularity HTTP/1.1" 200 61059 "-" "Mozilla/5.0 AppleWebKit/537.36 (KHTML, like Gecko; compatible; ClaudeBot/1.0; +claudebot@anthropic.com)"
216.73.217.23 - - [06/Jun/2026:03:20:11 +0200] "GET /loja/?add-to-cart=452&doing_wp_cron=1780319098.8176429271697998046875&orderby=date HTTP/1.1" 200 61342 "-" "Mozilla/5.0 AppleWebKit/537.36 (KHTML, like Gecko; compatible; ClaudeBot/1.0; +claudebot@anthropic.com)"
216.73.217.23 - - [06/Jun/2026:03:20:14 +0200] "GET /loja/page/4/?add-to-cart=935&doing_wp_cron=1780360638.0177381038665771484375&orderby=menu_order HTTP/1.1" 200 62103 "-" "Mozilla/5.0 AppleWebKit/537.36 (KHTML, like Gecko; compatible; ClaudeBot/1.0; +claudebot@anthropic.com)"
216.73.217.23 - - [06/Jun/2026:03:20:17 +0200] "GET /categoria-produto/mercearia/page/5/?doing_wp_cron=1780540425.9013569355010986328125&orderby=price HTTP/1.1" 200 61694 "-" "Mozilla/5.0 AppleWebKit/537.36 (KHTML, like Gecko; compatible; ClaudeBot/1.0; +claudebot@anthropic.com)"
216.73.217.23 - - [06/Jun/2026:03:20:20 +0200] "GET /produto/alho-granulado-em-frasco/?add-to-cart=1934&doing_wp_cron=1780319602.2126159667968750000000 HTTP/1.1" 200 60114 "-" "Mozilla/5.0 AppleWebKit/537.36 (KHTML, like Gecko; compatible; ClaudeBot/1.0; +claudebot@anthropic.com)"
216.73.217.23 - - [06/Jun/2026:03:20:23 +0200] "GET /loja/page/3/?add-to-cart=408&doing_wp_cron=1780356236.1233079433441162109375&orderby=popularity HTTP/1.1" 200 62274 "-" "Mozilla/5.0 AppleWebKit/537.36 (KHTML, like Gecko; compatible; ClaudeBot/1.0; +claudebot@anthropic.com)"
216.73.217.23 - - [06/Jun/2026:03:20:26 +0200] "GET /loja/page/3/?add-to-cart=4236&doing_wp_cron=1780400178.2150061130523681640625&orderby=popularity HTTP/1.1" 200 62463 "-" "Mozilla/5.0 AppleWebKit/537.36 (KHTML, like Gecko; compatible; ClaudeBot/1.0; +claudebot@anthropic.com)"
216.73.217.23 - - [06/Jun/2026:03:20:29 +0200] "GET /produto/clementina/?add-to-cart=476&doing_wp_cron=1780224536.0810940265655517578125 HTTP/1.1" 200 60641 "-" "Mozilla/5.0 AppleWebKit/537.36 (KHTML, like Gecko; compatible; ClaudeBot/1.0; +claudebot@anthropic.com)"
216.73.217.23 - - [06/Jun/2026:03:20:32 +0200] "GET /loja/?add-to-cart=2039&doing_wp_cron=1780345137.3122010231018066406250&orderby=popularity HTTP/1.1" 200 62530 "-" "Mozilla/5.0 AppleWebKit/537.36 (KHTML, like Gecko; compatible; ClaudeBot/1.0; +claudebot@anthropic.com)"
185.213.139.42 - - [06/Jun/2026:03:20:34 +0200] "GET /2021/05/11/ola-mundo/ HTTP/1.1" 200 130788 "https://www.baudefruta.pt/" "Mozilla/5.0 (Windows NT 10.0; Win64; x64) AppleWebKit/537.36 (KHTML, like Gecko) Chrome/143.0.0.0 Safari/537.36 OPR/127.0.0.0"
216.73.217.23 - - [06/Jun/2026:03:20:35 +0200] "GET /loja/?add-to-cart=1983&doing_wp_cron=1780388658.8284630775451660156250&orderby=menu_order HTTP/1.1" 200 62815 "-" "Mozilla/5.0 AppleWebKit/537.36 (KHTML, like Gecko; compatible; ClaudeBot/1.0; +claudebot@anthropic.com)"
216.73.217.23 - - [06/Jun/2026:03:20:38 +0200] "GET /loja/?add-to-cart=1543&doing_wp_cron=1780521299.4223439693450927734375&orderby=popularity HTTP/1.1" 200 60740 "-" "Mozilla/5.0 AppleWebKit/537.36 (KHTML, like Gecko; compatible; ClaudeBot/1.0; +claudebot@anthropic.com)"
216.73.217.23 - - [06/Jun/2026:03:20:41 +0200] "GET /produto/figo-seco-sem-farinha/?add-to-cart=727&doing_wp_cron=1780496877.3582720756530761718750 HTTP/1.1" 200 59434 "-" "Mozilla/5.0 AppleWebKit/537.36 (KHTML, like Gecko; compatible; ClaudeBot/1.0; +claudebot@anthropic.com)"
216.73.217.23 - - [06/Jun/2026:03:20:44 +0200] "GET /loja/?add-to-cart=4231&doing_wp_cron=1780438640.8086369037628173828125&orderby=popularity HTTP/1.1" 200 61234 "-" "Mozilla/5.0 AppleWebKit/537.36 (KHTML, like Gecko; compatible; ClaudeBot/1.0; +claudebot@anthropic.com)"
216.73.217.23 - - [06/Jun/2026:03:20:47 +0200] "GET /loja/page/4/?add-to-cart=825&doing_wp_cron=1780360638.0177381038665771484375&orderby=menu_order HTTP/1.1" 200 62075 "-" "Mozilla/5.0 AppleWebKit/537.36 (KHTML, like Gecko; compatible; ClaudeBot/1.0; +claudebot@anthropic.com)"
216.73.217.23 - - [06/Jun/2026:03:20:54 +0200] "GET /loja/?add-to-cart=1541&doing_wp_cron=1780298590.2811610698699951171875&orderby=date HTTP/1.1" 200 60944 "-" "Mozilla/5.0 AppleWebKit/537.36 (KHTML, like Gecko; compatible; ClaudeBot/1.0; +claudebot@anthropic.com)"
216.73.217.23 - - [06/Jun/2026:03:20:57 +0200] "GET /loja/?add-to-cart=4233&doing_wp_cron=1780356259.9063909053802490234375&orderby=popularity HTTP/1.1" 200 61016 "-" "Mozilla/5.0 AppleWebKit/537.36 (KHTML, like Gecko; compatible; ClaudeBot/1.0; +claudebot@anthropic.com)"
216.73.217.23 - - [06/Jun/2026:03:20:59 +0200] "GET /produto/endivias/?add-to-cart=482&doing_wp_cron=1780514757.4421679973602294921875 HTTP/1.1" 200 59568 "-" "Mozilla/5.0 AppleWebKit/537.36 (KHTML, like Gecko; compatible; ClaudeBot/1.0; +claudebot@anthropic.com)"
216.73.217.23 - - [06/Jun/2026:03:21:03 +0200] "GET /categoria-produto/mercearia/?add-to-cart=2039&doing_wp_cron=1780360077.7625160217285156250000&orderby=menu_order HTTP/1.1" 200 61468 "-" "Mozilla/5.0 AppleWebKit/537.36 (KHTML, like Gecko; compatible; ClaudeBot/1.0; +claudebot@anthropic.com)"
216.73.217.23 - - [06/Jun/2026:03:21:06 +0200] "GET /produto/amendoa-caramelizada/?add-to-cart=827&doing_wp_cron=1780539357.8930599689483642578125 HTTP/1.1" 200 59992 "-" "Mozilla/5.0 AppleWebKit/537.36 (KHTML, like Gecko; compatible; ClaudeBot/1.0; +claudebot@anthropic.com)"
216.73.217.23 - - [06/Jun/2026:03:21:08 +0200] "GET /produto/groselha/?add-to-cart=4779&doing_wp_cron=1780384317.7189331054687500000000 HTTP/1.1" 200 60142 "-" "Mozilla/5.0 AppleWebKit/537.36 (KHTML, like Gecko; compatible; ClaudeBot/1.0; +claudebot@anthropic.com)"
216.73.217.23 - - [06/Jun/2026:03:21:11 +0200] "GET /loja/?add-to-cart=1986&doing_wp_cron=1780680087.3789279460906982421875&orderby=menu_order HTTP/1.1" 200 62281 "-" "Mozilla/5.0 AppleWebKit/537.36 (KHTML, like Gecko; compatible; ClaudeBot/1.0; +claudebot@anthropic.com)"
216.73.217.23 - - [06/Jun/2026:03:21:18 +0200] "GET /produto/amendoa-caramelizada/?add-to-cart=645&doing_wp_cron=1780486677.8783030509948730468750 HTTP/1.1" 200 59301 "-" "Mozilla/5.0 AppleWebKit/537.36 (KHTML, like Gecko; compatible; ClaudeBot/1.0; +claudebot@anthropic.com)"
216.73.217.23 - - [06/Jun/2026:03:21:21 +0200] "GET /produto/groselha/?add-to-cart=530&doing_wp_cron=1780434261.4710710048675537109375 HTTP/1.1" 200 59259 "-" "Mozilla/5.0 AppleWebKit/537.36 (KHTML, like Gecko; compatible; ClaudeBot/1.0; +claudebot@anthropic.com)"
114.119.141.203 - - [06/Jun/2026:03:21:22 +0200] "GET /produto/cenoura?doing_wp_cron=1758151666.8398768901824951171875 HTTP/1.1" 301 5 "https://www.baudefruta.pt/produto/cenoura?doing_wp_cron=1758151666.8398768901824951171875" "Mozilla/5.0 (Linux; Android 7.0;) AppleWebKit/537.36 (HTML, like Gecko) Mobile Safari/537.36 (compatible; PetalBot;+https://webmaster.petalsearch.com/site/petalbot)"
216.73.217.23 - - [06/Jun/2026:03:21:24 +0200] "GET /loja/page/8/?add-to-cart=587&doing_wp_cron=1780400178.2150061130523681640625&orderby=popularity HTTP/1.1" 200 62042 "-" "Mozilla/5.0 AppleWebKit/537.36 (KHTML, like Gecko; compatible; ClaudeBot/1.0; +claudebot@anthropic.com)"
47.128.42.95 - - [06/Jun/2026:03:21:27 +0200] "GET /produto/sortido-de-gomas-brilho/ HTTP/1.1" 302 102 "-" "Mozilla/5.0 (Linux; Android 5.0) AppleWebKit/537.36 (KHTML, like Gecko) Mobile Safari/537.36 (compatible; Bytespider; spider-feedback@bytedance.com)"
216.73.217.23 - - [06/Jun/2026:03:21:27 +0200] "GET /produto/endivias/?add-to-cart=510&doing_wp_cron=1780486458.9717268943786621093750 HTTP/1.1" 200 59811 "-" "Mozilla/5.0 AppleWebKit/537.36 (KHTML, like Gecko; compatible; ClaudeBot/1.0; +claudebot@anthropic.com)"
47.128.42.95 - - [06/Jun/2026:03:21:28 +0200] "GET /produto/sortido-de-gomas-brilho/?doing_wp_cron=1780708887.4418790340423583984375 HTTP/1.1" 200 57765 "-" "Mozilla/5.0 (Linux; Android 5.0) AppleWebKit/537.36 (KHTML, like Gecko) Mobile Safari/537.36 (compatible; Bytespider; spider-feedback@bytedance.com)"
47.128.42.95 - - [06/Jun/2026:03:21:30 +0200] "GET /wp-content/plugins/smart-marketing-for-wp/public/css/egoi-for-wp-public.css?ver=5.1.11 HTTP/1.1" 200 1173 "https://www.baudefruta.pt/produto/sortido-de-gomas-brilho/?doing_wp_cron=1780708887.4418790340423583984375" "Mozilla/5.0 (Linux; Android 5.0) AppleWebKit/537.36 (KHTML, like Gecko) Mobile Safari/537.36 (compatible; Bytespider; spider-feedback@bytedance.com)"
216.73.217.23 - - [06/Jun/2026:03:21:30 +0200] "GET /produto/vinagre-de-sidra/?add-to-cart=622&doing_wp_cron=1780646539.2642989158630371093750 HTTP/1.1" 200 60006 "-" "Mozilla/5.0 AppleWebKit/537.36 (KHTML, like Gecko; compatible; ClaudeBot/1.0; +claudebot@anthropic.com)"
47.128.42.95 - - [06/Jun/2026:03:21:30 +0200] "GET /wp-includes/css/dashicons.min.css?ver=6.9.1 HTTP/1.1" 200 35766 "https://www.baudefruta.pt/produto/sortido-de-gomas-brilho/?doing_wp_cron=1780708887.4418790340423583984375" "Mozilla/5.0 (Linux; Android 5.0) AppleWebKit/537.36 (KHTML, like Gecko) Mobile Safari/537.36 (compatible; Bytespider; spider-feedback@bytedance.com)"
47.128.42.95 - - [06/Jun/2026:03:21:31 +0200] "GET /wp-content/plugins/woo-keyinvoice-integration/public/css/woo-keyinvoice-integration-public.css?ver=1.0.0 HTTP/1.1" 200 98 "https://www.baudefruta.pt/produto/sortido-de-gomas-brilho/?doing_wp_cron=1780708887.4418790340423583984375" "Mozilla/5.0 (Linux; Android 5.0) AppleWebKit/537.36 (KHTML, like Gecko) Mobile Safari/537.36 (compatible; Bytespider; spider-feedback@bytedance.com)"
47.128.42.95 - - [06/Jun/2026:03:21:31 +0200] "GET /wp-content/plugins/popup-maker/dist/assets/site.css?ver=1.21.4 HTTP/1.1" 200 1917 "https://www.baudefruta.pt/produto/sortido-de-gomas-brilho/?doing_wp_cron=1780708887.4418790340423583984375" "Mozilla/5.0 (Linux; Android 5.0) AppleWebKit/537.36 (KHTML, like Gecko) Mobile Safari/537.36 (compatible; Bytespider; spider-feedback@bytedance.com)"
47.128.42.95 - - [06/Jun/2026:03:21:31 +0200] "GET /wp-content/plugins/custom-page-templates/assets/css/acf-google-maps.css?ver=3.1.1 HTTP/1.1" 200 283 "https://www.baudefruta.pt/produto/sortido-de-gomas-brilho/?doing_wp_cron=1780708887.4418790340423583984375" "Mozilla/5.0 (Linux; Android 5.0) AppleWebKit/537.36 (KHTML, like Gecko) Mobile Safari/537.36 (compatible; Bytespider; spider-feedback@bytedance.com)"
47.128.42.95 - - [06/Jun/2026:03:21:31 +0200] "GET /wp-content/uploads/2021/12/CKN001-uai-500x500.jpg HTTP/1.1" 206 500 "https://www.baudefruta.pt/produto/sortido-de-gomas-brilho/?doing_wp_cron=1780708887.4418790340423583984375" "Mozilla/5.0 (Linux; Android 5.0) AppleWebKit/537.36 (KHTML, like Gecko) Mobile Safari/537.36 (compatible; Bytespider; spider-feedback@bytedance.com)"
47.128.42.95 - - [06/Jun/2026:03:21:31 +0200] "GET /wp-content/uploads/2021/06/TF001-dom-duarte-tempero-frango-uai-787x787.jpg HTTP/1.1" 206 500 "https://www.baudefruta.pt/produto/sortido-de-gomas-brilho/?doing_wp_cron=1780708887.4418790340423583984375" "Mozilla/5.0 (Linux; Android 5.0) AppleWebKit/537.36 (KHTML, like Gecko) Mobile Safari/537.36 (compatible; Bytespider; spider-feedback@bytedance.com)"
47.128.42.95 - - [06/Jun/2026:03:21:32 +0200] "GET /wp-content/uploads/2021/12/SC001-uai-417x417.jpg HTTP/1.1" 206 500 "https://www.baudefruta.pt/produto/sortido-de-gomas-brilho/?doing_wp_cron=1780708887.4418790340423583984375" "Mozilla/5.0 (Linux; Android 5.0) AppleWebKit/537.36 (KHTML, like Gecko) Mobile Safari/537.36 (compatible; Bytespider; spider-feedback@bytedance.com)"
47.128.42.95 - - [06/Jun/2026:03:21:32 +0200] "GET /wp-content/uploads/2021/05/logo-bau_1-01b.svg HTTP/1.1" 206 500 "https://www.baudefruta.pt/produto/sortido-de-gomas-brilho/?doing_wp_cron=1780708887.4418790340423583984375" "Mozilla/5.0 (Linux; Android 5.0) AppleWebKit/537.36 (KHTML, like Gecko) Mobile Safari/537.36 (compatible; Bytespider; spider-feedback@bytedance.com)"
47.128.42.95 - - [06/Jun/2026:03:21:32 +0200] "GET /wp-content/uploads/2021/07/bau_mb_mbway.svg HTTP/1.1" 206 500 "https://www.baudefruta.pt/produto/sortido-de-gomas-brilho/?doing_wp_cron=1780708887.4418790340423583984375" "Mozilla/5.0 (Linux; Android 5.0) AppleWebKit/537.36 (KHTML, like Gecko) Mobile Safari/537.36 (compatible; Bytespider; spider-feedback@bytedance.com)"
47.128.42.95 - - [06/Jun/2026:03:21:32 +0200] "GET /wp-content/uploads/2021/05/bau_livroreclamacoes.svg HTTP/1.1" 206 500 "https://www.baudefruta.pt/produto/sortido-de-gomas-brilho/?doing_wp_cron=1780708887.4418790340423583984375" "Mozilla/5.0 (Linux; Android 5.0) AppleWebKit/537.36 (KHTML, like Gecko) Mobile Safari/537.36 (compatible; Bytespider; spider-feedback@bytedance.com)"
47.128.42.95 - - [06/Jun/2026:03:21:32 +0200] "GET /wp-content/uploads/2021/05/logo-bau_1-01b.svg HTTP/1.1" 304 0 "https://www.baudefruta.pt/produto/sortido-de-gomas-brilho/?doing_wp_cron=1780708887.4418790340423583984375" "Mozilla/5.0 (Linux; Android 5.0) AppleWebKit/537.36 (KHTML, like Gecko) Mobile Safari/537.36 (compatible; Bytespider; spider-feedback@bytedance.com)"
47.128.42.95 - - [06/Jun/2026:03:21:32 +0200] "GET /wp-content/uploads/2021/07/bau_mb_mbway.svg HTTP/1.1" 304 0 "https://www.baudefruta.pt/produto/sortido-de-gomas-brilho/?doing_wp_cron=1780708887.4418790340423583984375" "Mozilla/5.0 (Linux; Android 5.0) AppleWebKit/537.36 (KHTML, like Gecko) Mobile Safari/537.36 (compatible; Bytespider; spider-feedback@bytedance.com)"
47.128.42.95 - - [06/Jun/2026:03:21:33 +0200] "GET /wp-content/uploads/2021/05/bau_livroreclamacoes.svg HTTP/1.1" 304 0 "https://www.baudefruta.pt/produto/sortido-de-gomas-brilho/?doing_wp_cron=1780708887.4418790340423583984375" "Mozilla/5.0 (Linux; Android 5.0) AppleWebKit/537.36 (KHTML, like Gecko) Mobile Safari/537.36 (compatible; Bytespider; spider-feedback@bytedance.com)"
47.128.42.95 - - [06/Jun/2026:03:21:33 +0200] "GET /wp-content/uploads/2021/05/logo-bau_1-01b.svg HTTP/1.1" 200 12888 "https://www.baudefruta.pt/produto/sortido-de-gomas-brilho/?doing_wp_cron=1780708887.4418790340423583984375" "Mozilla/5.0 (Linux; Android 5.0) AppleWebKit/537.36 (KHTML, like Gecko) Mobile Safari/537.36 (compatible; Bytespider; spider-feedback@bytedance.com)"
47.128.42.95 - - [06/Jun/2026:03:21:33 +0200] "GET /wp-content/uploads/2021/07/bau_mb_mbway.svg HTTP/1.1" 200 5318 "https://www.baudefruta.pt/produto/sortido-de-gomas-brilho/?doing_wp_cron=1780708887.4418790340423583984375" "Mozilla/5.0 (Linux; Android 5.0) AppleWebKit/537.36 (KHTML, like Gecko) Mobile Safari/537.36 (compatible; Bytespider; spider-feedback@bytedance.com)"
47.128.42.95 - - [06/Jun/2026:03:21:33 +0200] "GET /wp-content/uploads/2021/05/bau_livroreclamacoes.svg HTTP/1.1" 200 2886 "https://www.baudefruta.pt/produto/sortido-de-gomas-brilho/?doing_wp_cron=1780708887.4418790340423583984375" "Mozilla/5.0 (Linux; Android 5.0) AppleWebKit/537.36 (KHTML, like Gecko) Mobile Safari/537.36 (compatible; Bytespider; spider-feedback@bytedance.com)"
216.73.217.23 - - [06/Jun/2026:03:21:33 +0200] "GET /loja/page/2/?add-to-cart=419&doing_wp_cron=1780356236.1233079433441162109375&orderby=popularity HTTP/1.1" 200 62072 "-" "Mozilla/5.0 AppleWebKit/537.36 (KHTML, like Gecko; compatible; ClaudeBot/1.0; +claudebot@anthropic.com)"
216.73.217.23 - - [06/Jun/2026:03:21:36 +0200] "GET /loja/page/9/?add-to-cart=4779&doing_wp_cron=1780577720.8370680809020996093750&orderby=menu_order HTTP/1.1" 200 62440 "-" "Mozilla/5.0 AppleWebKit/537.36 (KHTML, like Gecko; compatible; ClaudeBot/1.0; +claudebot@anthropic.com)"
216.73.217.23 - - [06/Jun/2026:03:21:39 +0200] "GET /categoria-produto/mercearia/?add-to-cart=4337&doing_wp_cron=1780360077.7625160217285156250000&orderby=popularity HTTP/1.1" 200 62738 "-" "Mozilla/5.0 AppleWebKit/537.36 (KHTML, like Gecko; compatible; ClaudeBot/1.0; +claudebot@anthropic.com)"
216.73.217.23 - - [06/Jun/2026:03:21:42 +0200] "GET /categoria-produto/mercearia/page/4/?doing_wp_cron=1780565509.8213191032409667968750&orderby=price HTTP/1.1" 200 62565 "-" "Mozilla/5.0 AppleWebKit/537.36 (KHTML, like Gecko; compatible; ClaudeBot/1.0; +claudebot@anthropic.com)"
216.73.217.23 - - [06/Jun/2026:03:21:45 +0200] "GET /loja/page/8/?add-to-cart=604&doing_wp_cron=1780400178.2150061130523681640625&orderby=popularity HTTP/1.1" 200 63303 "-" "Mozilla/5.0 AppleWebKit/537.36 (KHTML, like Gecko; compatible; ClaudeBot/1.0; +claudebot@anthropic.com)"
216.73.217.23 - - [06/Jun/2026:03:21:48 +0200] "GET /loja/page/9/?add-to-cart=719&doing_wp_cron=1780577720.8370680809020996093750&orderby=popularity HTTP/1.1" 200 63461 "-" "Mozilla/5.0 AppleWebKit/537.36 (KHTML, like Gecko; compatible; ClaudeBot/1.0; +claudebot@anthropic.com)"
216.73.217.23 - - [06/Jun/2026:03:21:51 +0200] "GET /loja/?add-to-cart=4232&doing_wp_cron=1780471578.9829709529876708984375&orderby=date HTTP/1.1" 200 63081 "-" "Mozilla/5.0 AppleWebKit/537.36 (KHTML, like Gecko; compatible; ClaudeBot/1.0; +claudebot@anthropic.com)"
216.73.217.23 - - [06/Jun/2026:03:21:54 +0200] "GET /produto/figo-seco-sem-farinha/?add-to-cart=687&doing_wp_cron=1780322757.5389499664306640625000 HTTP/1.1" 200 61512 "-" "Mozilla/5.0 AppleWebKit/537.36 (KHTML, like Gecko; compatible; ClaudeBot/1.0; +claudebot@anthropic.com)"
216.73.217.23 - - [06/Jun/2026:03:21:57 +0200] "GET /loja/page/2/?add-to-cart=891&doing_wp_cron=1780457004.9740800857543945312500&orderby=menu_order HTTP/1.1" 200 63835 "-" "Mozilla/5.0 AppleWebKit/537.36 (KHTML, like Gecko; compatible; ClaudeBot/1.0; +claudebot@anthropic.com)"
91.92.242.223 - - [06/Jun/2026:03:22:00 +0200] "POST /wp-login.php?action=register HTTP/1.1" 403 146 "-" "-"
216.73.217.23 - - [06/Jun/2026:03:22:00 +0200] "GET /produto/tamara-medjoul-large/?add-to-cart=641&doing_wp_cron=1780489999.7163379192352294921875 HTTP/1.1" 200 62043 "-" "Mozilla/5.0 AppleWebKit/537.36 (KHTML, like Gecko; compatible; ClaudeBot/1.0; +claudebot@anthropic.com)"
216.73.217.23 - - [06/Jun/2026:03:22:03 +0200] "GET /loja/page/9/?add-to-cart=2010&doing_wp_cron=1780552196.7174270153045654296875&orderby=popularity HTTP/1.1" 200 64666 "-" "Mozilla/5.0 AppleWebKit/537.36 (KHTML, like Gecko; compatible; ClaudeBot/1.0; +claudebot@anthropic.com)"
177.39.112.151 - - [06/Jun/2026:03:22:06 +0200] "GET /categoria-produto/mercearia/?add-to-cart=683&doing_wp_cron=1780021700.4191811084747314453125&orderby=price HTTP/1.1" 200 60825 "-" "Mozilla/5.0 (compatible; MSIE 8.0; Windows NT 5.1; Trident/3.0)"
216.73.217.23 - - [06/Jun/2026:03:22:06 +0200] "GET /loja/?add-to-cart=3520&doing_wp_cron=1780680087.3789279460906982421875&orderby=menu_order HTTP/1.1" 200 64202 "-" "Mozilla/5.0 AppleWebKit/537.36 (KHTML, like Gecko; compatible; ClaudeBot/1.0; +claudebot@anthropic.com)"
216.73.217.23 - - [06/Jun/2026:03:22:09 +0200] "GET /loja/page/6/?add-to-cart=2045&doing_wp_cron=1780580396.5920960903167724609375&orderby=popularity HTTP/1.1" 200 65023 "-" "Mozilla/5.0 AppleWebKit/537.36 (KHTML, like Gecko; compatible; ClaudeBot/1.0; +claudebot@anthropic.com)"
216.73.217.23 - - [06/Jun/2026:03:22:16 +0200] "GET /loja/?add-to-cart=538&doing_wp_cron=1780486432.4119439125061035156250&orderby=popularity HTTP/1.1" 200 60770 "-" "Mozilla/5.0 AppleWebKit/537.36 (KHTML, like Gecko; compatible; ClaudeBot/1.0; +claudebot@anthropic.com)"
216.73.217.23 - - [06/Jun/2026:03:22:18 +0200] "GET /loja/page/10/?add-to-cart=701&doing_wp_cron=1780360638.0177381038665771484375&orderby=menu_order HTTP/1.1" 200 61543 "-" "Mozilla/5.0 AppleWebKit/537.36 (KHTML, like Gecko; compatible; ClaudeBot/1.0; +claudebot@anthropic.com)"
216.73.217.23 - - [06/Jun/2026:03:22:21 +0200] "GET /produto/melao-verde/?add-to-cart=411&doing_wp_cron=1780323777.5646409988403320312500 HTTP/1.1" 200 59655 "-" "Mozilla/5.0 AppleWebKit/537.36 (KHTML, like Gecko; compatible; ClaudeBot/1.0; +claudebot@anthropic.com)"
91.92.242.223 - - [06/Jun/2026:03:22:23 +0200] "POST /wp-login.php?action=register HTTP/1.1" 403 146 "-" "-"
216.73.217.23 - - [06/Jun/2026:03:22:24 +0200] "GET /produto/groselha/?add-to-cart=494&doing_wp_cron=1780384317.7189331054687500000000 HTTP/1.1" 200 59700 "-" "Mozilla/5.0 AppleWebKit/537.36 (KHTML, like Gecko; compatible; ClaudeBot/1.0; +claudebot@anthropic.com)"
114.119.152.161 - - [06/Jun/2026:03:22:27 +0200] "GET /produto/cebolinho-em-saqueta?doing_wp_cron=1758009054.8052060604095458984375 HTTP/1.1" 301 5 "https://www.baudefruta.pt/produto/cebolinho-em-saqueta?doing_wp_cron=1758009054.8052060604095458984375" "Mozilla/5.0 (Linux; Android 7.0;) AppleWebKit/537.36 (HTML, like Gecko) Mobile Safari/537.36 (compatible; PetalBot;+https://webmaster.petalsearch.com/site/petalbot)"
216.73.217.23 - - [06/Jun/2026:03:22:27 +0200] "GET /loja/?add-to-cart=425&doing_wp_cron=1780438640.8086369037628173828125&orderby=menu_order HTTP/1.1" 200 61784 "-" "Mozilla/5.0 AppleWebKit/537.36 (KHTML, like Gecko; compatible; ClaudeBot/1.0; +claudebot@anthropic.com)"
114.119.152.161 - - [06/Jun/2026:03:22:30 +0200] "GET /produto/cebolinho-em-saqueta/?doing_wp_cron=1758009054.8052060604095458984375 HTTP/1.1" 200 57567 "https://www.baudefruta.pt/produto/cebolinho-em-saqueta?doing_wp_cron=1758009054.8052060604095458984375" "Mozilla/5.0 (Linux; Android 7.0;) AppleWebKit/537.36 (HTML, like Gecko) Mobile Safari/537.36 (compatible; PetalBot;+https://webmaster.petalsearch.com/site/petalbot)"
216.73.217.23 - - [06/Jun/2026:03:22:30 +0200] "GET /loja/page/3/?add-to-cart=2013&doing_wp_cron=1780490103.7011010646820068359375&orderby=date HTTP/1.1" 200 62077 "-" "Mozilla/5.0 AppleWebKit/537.36 (KHTML, like Gecko; compatible; ClaudeBot/1.0; +claudebot@anthropic.com)"
216.73.217.23 - - [06/Jun/2026:03:22:33 +0200] "GET /loja/?add-to-cart=4224&doing_wp_cron=1780066683.4503800868988037109375&orderby=date HTTP/1.1" 200 62291 "-" "Mozilla/5.0 AppleWebKit/537.36 (KHTML, like Gecko; compatible; ClaudeBot/1.0; +claudebot@anthropic.com)"
216.73.217.23 - - [06/Jun/2026:03:22:37 +0200] "GET /loja/?add-to-cart=5345&doing_wp_cron=1780521299.4223439693450927734375&orderby=date HTTP/1.1" 200 62434 "-" "Mozilla/5.0 AppleWebKit/537.36 (KHTML, like Gecko; compatible; ClaudeBot/1.0; +claudebot@anthropic.com)"
216.73.217.23 - - [06/Jun/2026:03:22:39 +0200] "GET /categoria-produto/mercearia/?add-to-cart=2014&doing_wp_cron=1780207808.4722089767456054687500&orderby=menu_order HTTP/1.1" 200 62508 "-" "Mozilla/5.0 AppleWebKit/537.36 (KHTML, like Gecko; compatible; ClaudeBot/1.0; +claudebot@anthropic.com)"
216.73.217.23 - - [06/Jun/2026:03:22:43 +0200] "GET /loja/page/6/?add-to-cart=1995&doing_wp_cron=1780400178.2150061130523681640625&orderby=popularity HTTP/1.1" 200 63462 "-" "Mozilla/5.0 AppleWebKit/537.36 (KHTML, like Gecko; compatible; ClaudeBot/1.0; +claudebot@anthropic.com)"
216.73.217.23 - - [06/Jun/2026:03:22:46 +0200] "GET /loja/page/5/?add-to-cart=466&doing_wp_cron=1780360638.0177381038665771484375&orderby=popularity HTTP/1.1" 200 63563 "-" "Mozilla/5.0 AppleWebKit/537.36 (KHTML, like Gecko; compatible; ClaudeBot/1.0; +claudebot@anthropic.com)"
216.73.217.23 - - [06/Jun/2026:03:22:49 +0200] "GET /loja/page/6/?add-to-cart=447&doing_wp_cron=1780400178.2150061130523681640625&orderby=menu_order HTTP/1.1" 200 63245 "-" "Mozilla/5.0 AppleWebKit/537.36 (KHTML, like Gecko; compatible; ClaudeBot/1.0; +claudebot@anthropic.com)"
5.255.231.183 - - [06/Jun/2026:03:22:49 +0200] "GET /wp-content/uploads/2021/06/ALF001-ALFACE-bio-300x300.jpg HTTP/1.1" 200 15767 "-" "Mozilla/5.0 (compatible; YandexImages/3.0; +http://yandex.com/bots)"
216.73.217.23 - - [06/Jun/2026:03:22:52 +0200] "GET /loja/page/4/?add-to-cart=1126&doing_wp_cron=1780400178.2150061130523681640625&orderby=popularity HTTP/1.1" 200 63586 "-" "Mozilla/5.0 AppleWebKit/537.36 (KHTML, like Gecko; compatible; ClaudeBot/1.0; +claudebot@anthropic.com)"
216.73.217.23 - - [06/Jun/2026:03:22:54 +0200] "GET /produto/batata-vermelha-20-kg/?add-to-cart=500&doing_wp_cron=1780225270.4277191162109375000000 HTTP/1.1" 200 61965 "-" "Mozilla/5.0 AppleWebKit/537.36 (KHTML, like Gecko; compatible; ClaudeBot/1.0; +claudebot@anthropic.com)"
216.73.217.23 - - [06/Jun/2026:03:22:58 +0200] "GET /loja/page/4/?add-to-cart=2012&doing_wp_cron=1780345137.3122010231018066406250&orderby=popularity HTTP/1.1" 200 63977 "-" "Mozilla/5.0 AppleWebKit/537.36 (KHTML, like Gecko; compatible; ClaudeBot/1.0; +claudebot@anthropic.com)"
216.73.217.23 - - [06/Jun/2026:03:23:01 +0200] "GET /loja/page/3/?add-to-cart=345&doing_wp_cron=1780490103.7011010646820068359375&orderby=menu_order HTTP/1.1" 200 64888 "-" "Mozilla/5.0 AppleWebKit/537.36 (KHTML, like Gecko; compatible; ClaudeBot/1.0; +claudebot@anthropic.com)"
216.73.217.23 - - [06/Jun/2026:03:23:06 +0200] "GET /loja/page/11/?add-to-cart=701&doing_wp_cron=1780577720.8370680809020996093750&orderby=popularity HTTP/1.1" 200 61166 "-" "Mozilla/5.0 AppleWebKit/537.36 (KHTML, like Gecko; compatible; ClaudeBot/1.0; +claudebot@anthropic.com)"
216.73.217.23 - - [06/Jun/2026:03:23:09 +0200] "GET /loja/page/3/?add-to-cart=408&doing_wp_cron=1780298590.2811610698699951171875&orderby=menu_order HTTP/1.1" 200 61006 "-" "Mozilla/5.0 AppleWebKit/537.36 (KHTML, like Gecko; compatible; ClaudeBot/1.0; +claudebot@anthropic.com)"
216.73.217.23 - - [06/Jun/2026:03:23:12 +0200] "GET /loja/page/4/?add-to-cart=823&doing_wp_cron=1780360638.0177381038665771484375&orderby=popularity HTTP/1.1" 200 61683 "-" "Mozilla/5.0 AppleWebKit/537.36 (KHTML, like Gecko; compatible; ClaudeBot/1.0; +claudebot@anthropic.com)"
216.73.217.23 - - [06/Jun/2026:03:23:14 +0200] "GET /produto/feijao-branco-cozido/?add-to-cart=693&doing_wp_cron=1780247343.6042420864105224609375 HTTP/1.1" 200 60042 "-" "Mozilla/5.0 AppleWebKit/537.36 (KHTML, like Gecko; compatible; ClaudeBot/1.0; +claudebot@anthropic.com)"
216.73.217.23 - - [06/Jun/2026:03:23:18 +0200] "GET /loja/?add-to-cart=1125&doing_wp_cron=1780453183.1994099617004394531250&orderby=popularity HTTP/1.1" 200 61721 "-" "Mozilla/5.0 AppleWebKit/537.36 (KHTML, like Gecko; compatible; ClaudeBot/1.0; +claudebot@anthropic.com)"
216.73.217.23 - - [06/Jun/2026:03:23:20 +0200] "GET /loja/?add-to-cart=788&doing_wp_cron=1780415098.0220060348510742187500&orderby=date HTTP/1.1" 200 62077 "-" "Mozilla/5.0 AppleWebKit/537.36 (KHTML, like Gecko; compatible; ClaudeBot/1.0; +claudebot@anthropic.com)"
216.73.217.23 - - [06/Jun/2026:03:23:23 +0200] "GET /loja/?add-to-cart=1542&doing_wp_cron=1780383836.4200708866119384765625&orderby=menu_order HTTP/1.1" 200 62294 "-" "Mozilla/5.0 AppleWebKit/537.36 (KHTML, like Gecko; compatible; ClaudeBot/1.0; +claudebot@anthropic.com)"
216.73.217.23 - - [06/Jun/2026:03:23:26 +0200] "GET /loja/?add-to-cart=4331&doing_wp_cron=1780455776.6261320114135742187500&orderby=date HTTP/1.1" 200 62514 "-" "Mozilla/5.0 AppleWebKit/537.36 (KHTML, like Gecko; compatible; ClaudeBot/1.0; +claudebot@anthropic.com)"
216.73.217.23 - - [06/Jun/2026:03:23:32 +0200] "GET /loja/page/3/?add-to-cart=563&doing_wp_cron=1780268890.7532269954681396484375&orderby=menu_order HTTP/1.1" 200 60767 "-" "Mozilla/5.0 AppleWebKit/537.36 (KHTML, like Gecko; compatible; ClaudeBot/1.0; +claudebot@anthropic.com)"
216.73.217.23 - - [06/Jun/2026:03:23:34 +0200] "GET /loja/?add-to-cart=1988&doing_wp_cron=1780445660.5325009822845458984375&orderby=date HTTP/1.1" 200 61186 "-" "Mozilla/5.0 AppleWebKit/537.36 (KHTML, like Gecko; compatible; ClaudeBot/1.0; +claudebot@anthropic.com)"
216.73.217.23 - - [06/Jun/2026:03:23:37 +0200] "GET /produto/grelos-de-nabo/?add-to-cart=444&doing_wp_cron=1780555395.5250411033630371093750 HTTP/1.1" 200 59538 "-" "Mozilla/5.0 AppleWebKit/537.36 (KHTML, like Gecko; compatible; ClaudeBot/1.0; +claudebot@anthropic.com)"
216.73.217.23 - - [06/Jun/2026:03:23:40 +0200] "GET /loja/page/2/?add-to-cart=1991&doing_wp_cron=1780553398.6100089550018310546875&orderby=menu_order HTTP/1.1" 200 61788 "-" "Mozilla/5.0 AppleWebKit/537.36 (KHTML, like Gecko; compatible; ClaudeBot/1.0; +claudebot@anthropic.com)"
216.73.217.23 - - [06/Jun/2026:03:23:43 +0200] "GET /loja/?add-to-cart=18756&doing_wp_cron=1780326079.0621399879455566406250&orderby=popularity HTTP/1.1" 200 61692 "-" "Mozilla/5.0 AppleWebKit/537.36 (KHTML, like Gecko; compatible; ClaudeBot/1.0; +claudebot@anthropic.com)"
216.73.217.23 - - [06/Jun/2026:03:23:46 +0200] "GET /loja/page/7/?add-to-cart=897&doing_wp_cron=1780268890.7532269954681396484375&orderby=menu_order HTTP/1.1" 200 62309 "-" "Mozilla/5.0 AppleWebKit/537.36 (KHTML, like Gecko; compatible; ClaudeBot/1.0; +claudebot@anthropic.com)"
