54.198.33.233 - - [06/Jun/2026:00:42:55 +0200] "GET /categoria-produto/frescos/page/3/?doing_wp_cron=1758891916.0486869812011718750000&orderby=popularity HTTP/1.1" 200 60310 "-" "Mozilla/5.0 AppleWebKit/537.36 (KHTML, like Gecko; compatible; Amazonbot/0.1; +https://developer.amazon.com/support/amazonbot) Chrome/119.0.6045.214 Safari/537.36"
69.49.112.73 - - [06/Jun/2026:00:42:56 +0200] "POST /wp-login.php HTTP/1.1" 405 552 "https://baudefruta.pt/wp-login.php" "Mozilla/5.0 (X11; Linux i686) AppleWebKit/537.36 (KHTML, like Gecko) Chrome/133.0.0.0 Safari/537.36"
216.73.217.23 - - [06/Jun/2026:00:42:57 +0200] "GET /loja/page/5/?add-to-cart=1995&doing_wp_cron=1780498167.6054840087890625000000&orderby=price HTTP/1.1" 200 62524 "-" "Mozilla/5.0 AppleWebKit/537.36 (KHTML, like Gecko; compatible; ClaudeBot/1.0; +claudebot@anthropic.com)"
178.16.52.137 - - [06/Jun/2026:00:42:59 +0200] "POST /wp-login.php?action=register HTTP/1.1" 403 146 "-" "-"
216.73.217.23 - - [06/Jun/2026:00:43:01 +0200] "GET /loja/?add-to-cart=1987&doing_wp_cron=1780400178.2150061130523681640625&orderby=price HTTP/1.1" 200 62460 "-" "Mozilla/5.0 AppleWebKit/537.36 (KHTML, like Gecko; compatible; ClaudeBot/1.0; +claudebot@anthropic.com)"
216.73.217.23 - - [06/Jun/2026:00:43:04 +0200] "GET /loja/page/8/?add-to-cart=4331&doing_wp_cron=1780521358.5195169448852539062500&orderby=menu_order HTTP/1.1" 200 62592 "-" "Mozilla/5.0 AppleWebKit/537.36 (KHTML, like Gecko; compatible; ClaudeBot/1.0; +claudebot@anthropic.com)"
216.73.217.23 - - [06/Jun/2026:00:43:06 +0200] "GET /loja/page/2/?add-to-cart=2045&doing_wp_cron=1780383896.6204249858856201171875&orderby=menu_order HTTP/1.1" 200 62898 "-" "Mozilla/5.0 AppleWebKit/537.36 (KHTML, like Gecko; compatible; ClaudeBot/1.0; +claudebot@anthropic.com)"
216.73.217.23 - - [06/Jun/2026:00:43:09 +0200] "GET /loja/page/5/?add-to-cart=934&doing_wp_cron=1780596024.2896258831024169921875&orderby=menu_order HTTP/1.1" 200 62940 "-" "Mozilla/5.0 AppleWebKit/537.36 (KHTML, like Gecko; compatible; ClaudeBot/1.0; +claudebot@anthropic.com)"
216.73.217.23 - - [06/Jun/2026:00:43:12 +0200] "GET /loja/page/5/?add-to-cart=1987&doing_wp_cron=1780205258.9664719104766845703125&orderby=menu_order HTTP/1.1" 200 62955 "-" "Mozilla/5.0 AppleWebKit/537.36 (KHTML, like Gecko; compatible; ClaudeBot/1.0; +claudebot@anthropic.com)"
216.73.217.23 - - [06/Jun/2026:00:43:16 +0200] "GET /produto/miolo-de-noz/?add-to-cart=698&doing_wp_cron=1780486698.9647560119628906250000 HTTP/1.1" 200 61327 "-" "Mozilla/5.0 AppleWebKit/537.36 (KHTML, like Gecko; compatible; ClaudeBot/1.0; +claudebot@anthropic.com)"
216.73.217.23 - - [06/Jun/2026:00:43:18 +0200] "GET /loja/page/5/?add-to-cart=685&doing_wp_cron=1780496817.3441560268402099609375&orderby=menu_order HTTP/1.1" 200 63429 "-" "Mozilla/5.0 AppleWebKit/537.36 (KHTML, like Gecko; compatible; ClaudeBot/1.0; +claudebot@anthropic.com)"
43.247.43.72 - - [06/Jun/2026:00:43:19 +0200] "GET /2021/05/11/ola-mundo/?doing_wp_cron=1780699071.0372190475463867187500 HTTP/1.1" 200 900836 "https://www.baudefruta.pt/" "Mozilla/5.0 (X11; Ubuntu; Linux x86_64; rv:148.0) Gecko/20100101 Firefox/148.0"
216.73.217.23 - - [06/Jun/2026:00:43:21 +0200] "GET /categoria-produto/mercearia/?add-to-cart=2015&doing_wp_cron=1780241391.0562460422515869140625&orderby=menu_order HTTP/1.1" 200 63459 "-" "Mozilla/5.0 AppleWebKit/537.36 (KHTML, like Gecko; compatible; ClaudeBot/1.0; +claudebot@anthropic.com)"
216.73.217.23 - - [06/Jun/2026:00:43:25 +0200] "GET /loja/?add-to-cart=240&doing_wp_cron=1780521228.9134140014648437500000&orderby=date HTTP/1.1" 200 65290 "-" "Mozilla/5.0 AppleWebKit/537.36 (KHTML, like Gecko; compatible; ClaudeBot/1.0; +claudebot@anthropic.com)"
216.73.217.23 - - [06/Jun/2026:00:43:28 +0200] "GET /produto/figo-seco-sem-farinha/?add-to-cart=641&doing_wp_cron=1780322757.5389499664306640625000 HTTP/1.1" 200 63730 "-" "Mozilla/5.0 AppleWebKit/537.36 (KHTML, like Gecko; compatible; ClaudeBot/1.0; +claudebot@anthropic.com)"
216.73.217.23 - - [06/Jun/2026:00:43:31 +0200] "GET /produto/ovos-cal-l-2/?add-to-cart=447&doing_wp_cron=1780489978.7514090538024902343750 HTTP/1.1" 200 63908 "-" "Mozilla/5.0 AppleWebKit/537.36 (KHTML, like Gecko; compatible; ClaudeBot/1.0; +claudebot@anthropic.com)"
216.73.217.23 - - [06/Jun/2026:00:43:34 +0200] "GET /loja/page/3/?add-to-cart=567&doing_wp_cron=1780430342.1766259670257568359375&orderby=menu_order HTTP/1.1" 200 65679 "-" "Mozilla/5.0 AppleWebKit/537.36 (KHTML, like Gecko; compatible; ClaudeBot/1.0; +claudebot@anthropic.com)"
216.73.217.23 - - [06/Jun/2026:00:43:37 +0200] "GET /loja/?add-to-cart=571&doing_wp_cron=1780356298.9136428833007812500000&orderby=menu_order HTTP/1.1" 200 65930 "-" "Mozilla/5.0 AppleWebKit/537.36 (KHTML, like Gecko; compatible; ClaudeBot/1.0; +claudebot@anthropic.com)"
216.73.217.23 - - [06/Jun/2026:00:43:40 +0200] "GET /categoria-produto/mercearia/?add-to-cart=2033&doing_wp_cron=1780360077.7625160217285156250000&orderby=date HTTP/1.1" 200 65865 "-" "Mozilla/5.0 AppleWebKit/537.36 (KHTML, like Gecko; compatible; ClaudeBot/1.0; +claudebot@anthropic.com)"
216.73.217.23 - - [06/Jun/2026:00:43:43 +0200] "GET /loja/?add-to-cart=458&doing_wp_cron=1780384400.8176770210266113281250&orderby=popularity HTTP/1.1" 200 66075 "-" "Mozilla/5.0 AppleWebKit/537.36 (KHTML, like Gecko; compatible; ClaudeBot/1.0; +claudebot@anthropic.com)"
114.119.132.173 - - [06/Jun/2026:00:43:44 +0200] "GET /produto/tomilho-em-saqueta?doing_wp_cron=1759480505.5489249229431152343750 HTTP/1.1" 301 5 "https://www.baudefruta.pt/produto/tomilho-em-saqueta?doing_wp_cron=1759480505.5489249229431152343750" "Mozilla/5.0 (Linux; Android 7.0;) AppleWebKit/537.36 (HTML, like Gecko) Mobile Safari/537.36 (compatible; PetalBot;+https://webmaster.petalsearch.com/site/petalbot)"
114.119.132.173 - - [06/Jun/2026:00:43:45 +0200] "GET /produto/tomilho-em-saqueta/?doing_wp_cron=1759480505.5489249229431152343750 HTTP/1.1" 200 57613 "https://www.baudefruta.pt/produto/tomilho-em-saqueta?doing_wp_cron=1759480505.5489249229431152343750" "Mozilla/5.0 (Linux; Android 7.0;) AppleWebKit/537.36 (HTML, like Gecko) Mobile Safari/537.36 (compatible; PetalBot;+https://webmaster.petalsearch.com/site/petalbot)"
216.73.217.23 - - [06/Jun/2026:00:43:46 +0200] "GET /loja/page/2/?add-to-cart=574&doing_wp_cron=1780455656.4795429706573486328125&orderby=popularity HTTP/1.1" 200 66585 "-" "Mozilla/5.0 AppleWebKit/537.36 (KHTML, like Gecko; compatible; ClaudeBot/1.0; +claudebot@anthropic.com)"
43.247.43.72 - - [06/Jun/2026:00:43:47 +0200] "GET /2021/05/11/ola-mundo/?doing_wp_cron=1780699071.0372190475463867187500 HTTP/1.1" 200 1135029 "https://www.baudefruta.pt/" "Mozilla/5.0 (X11; Ubuntu; Linux x86_64; rv:148.0) Gecko/20100101 Firefox/148.0"
40.77.167.224 - - [06/Jun/2026:00:43:47 +0200] "GET /produto/batata-vermelha-20-kg/?doing_wp_cron=1769407800.0971078872680664062500 HTTP/1.1" 200 57877 "-" "Mozilla/5.0 AppleWebKit/537.36 (KHTML, like Gecko; compatible; bingbot/2.0; +http://www.bing.com/bingbot.htm) Chrome/116.0.1938.76 Safari/537.36"
216.73.217.23 - - [06/Jun/2026:00:43:51 +0200] "GET /loja/page/4/?add-to-cart=749&doing_wp_cron=1780462940.9905130863189697265625&orderby=menu_order HTTP/1.1" 200 61318 "-" "Mozilla/5.0 AppleWebKit/537.36 (KHTML, like Gecko; compatible; ClaudeBot/1.0; +claudebot@anthropic.com)"
40.77.167.46 - - [06/Jun/2026:00:43:51 +0200] "GET /categoria-produto/mercearia/page/3/?doing_wp_cron=1707483341.7369201183319091796875&orderby=price-desc HTTP/1.1" 200 60423 "-" "Mozilla/5.0 AppleWebKit/537.36 (KHTML, like Gecko; compatible; bingbot/2.0; +http://www.bing.com/bingbot.htm) Chrome/116.0.1938.76 Safari/537.36"
216.73.217.23 - - [06/Jun/2026:00:43:53 +0200] "GET /loja/page/8/?add-to-cart=666&doing_wp_cron=1780247694.3308169841766357421875&orderby=menu_order HTTP/1.1" 200 61315 "-" "Mozilla/5.0 AppleWebKit/537.36 (KHTML, like Gecko; compatible; ClaudeBot/1.0; +claudebot@anthropic.com)"
40.77.167.46 - - [06/Jun/2026:00:43:56 +0200] "GET /produto/cha-de-cidreira-20-saquetas/ HTTP/1.1" 302 102 "-" "Mozilla/5.0 AppleWebKit/537.36 (KHTML, like Gecko; compatible; bingbot/2.0; +http://www.bing.com/bingbot.htm) Chrome/116.0.1938.76 Safari/537.36"
216.73.217.23 - - [06/Jun/2026:00:43:56 +0200] "GET /loja/page/2/?add-to-cart=1934&doing_wp_cron=1780466997.9201788902282714843750&orderby=menu_order HTTP/1.1" 200 61711 "-" "Mozilla/5.0 AppleWebKit/537.36 (KHTML, like Gecko; compatible; ClaudeBot/1.0; +claudebot@anthropic.com)"
216.73.217.23 - - [06/Jun/2026:00:43:59 +0200] "GET /loja/page/2/?add-to-cart=761&doing_wp_cron=1780415098.0220060348510742187500&orderby=menu_order HTTP/1.1" 200 61971 "-" "Mozilla/5.0 AppleWebKit/537.36 (KHTML, like Gecko; compatible; ClaudeBot/1.0; +claudebot@anthropic.com)"
40.77.167.224 - - [06/Jun/2026:00:44:01 +0200] "GET /page/19/?doing_wp_cron=1768209566.5699150562286376953125&orderby=popularity HTTP/1.1" 200 58437 "-" "Mozilla/5.0 AppleWebKit/537.36 (KHTML, like Gecko; compatible; bingbot/2.0; +http://www.bing.com/bingbot.htm) Chrome/116.0.1938.76 Safari/537.36"
216.73.217.23 - - [06/Jun/2026:00:44:02 +0200] "GET /produto/endivias/?add-to-cart=488&doing_wp_cron=1780468098.3633329868316650390625 HTTP/1.1" 200 60129 "-" "Mozilla/5.0 AppleWebKit/537.36 (KHTML, like Gecko; compatible; ClaudeBot/1.0; +claudebot@anthropic.com)"
57.141.20.31 - - [06/Jun/2026:00:44:04 +0200] "GET /sitemap.html?doing_wp_cron=1766457567.9519739151000976562500 HTTP/1.1" 404 298242 "-" "meta-externalagent/1.1 (+https://developers.facebook.com/docs/sharing/webmasters/crawler)"
216.73.217.23 - - [06/Jun/2026:00:44:05 +0200] "GET /loja/page/4/?add-to-cart=823&doing_wp_cron=1780338056.7367100715637207031250&orderby=menu_order HTTP/1.1" 200 62417 "-" "Mozilla/5.0 AppleWebKit/537.36 (KHTML, like Gecko; compatible; ClaudeBot/1.0; +claudebot@anthropic.com)"
40.77.167.46 - - [06/Jun/2026:00:44:07 +0200] "GET /produto/cha-de-cidreira-20-saquetas/?doing_wp_cron=1780699436.2750229835510253906250 HTTP/1.1" 200 57798 "-" "Mozilla/5.0 AppleWebKit/537.36 (KHTML, like Gecko; compatible; bingbot/2.0; +http://www.bing.com/bingbot.htm) Chrome/116.0.1938.76 Safari/537.36"
216.73.217.23 - - [06/Jun/2026:00:44:08 +0200] "GET /loja/page/8/?add-to-cart=778&doing_wp_cron=1780247694.3308169841766357421875&orderby=menu_order HTTP/1.1" 200 62444 "-" "Mozilla/5.0 AppleWebKit/537.36 (KHTML, like Gecko; compatible; ClaudeBot/1.0; +claudebot@anthropic.com)"
52.44.148.203 - - [06/Jun/2026:00:44:11 +0200] "GET /loja/page/4/?doing_wp_cron=1762304024.5367319583892822265625&orderby=date HTTP/1.1" 200 60614 "-" "Mozilla/5.0 AppleWebKit/537.36 (KHTML, like Gecko; compatible; Amazonbot/0.1; +https://developer.amazon.com/support/amazonbot) Chrome/119.0.6045.214 Safari/537.36"
216.73.217.23 - - [06/Jun/2026:00:44:11 +0200] "GET /loja/page/9/?add-to-cart=788&doing_wp_cron=1780445660.5325009822845458984375&orderby=menu_order HTTP/1.1" 200 62705 "-" "Mozilla/5.0 AppleWebKit/537.36 (KHTML, like Gecko; compatible; ClaudeBot/1.0; +claudebot@anthropic.com)"
216.73.217.23 - - [06/Jun/2026:00:44:14 +0200] "GET /loja/page/7/?add-to-cart=433&doing_wp_cron=1780601478.4901969432830810546875&orderby=menu_order HTTP/1.1" 200 62937 "-" "Mozilla/5.0 AppleWebKit/537.36 (KHTML, like Gecko; compatible; ClaudeBot/1.0; +claudebot@anthropic.com)"
216.73.217.23 - - [06/Jun/2026:00:44:18 +0200] "GET /loja/page/8/?add-to-cart=3501&doing_wp_cron=1780298590.2811610698699951171875&orderby=menu_order HTTP/1.1" 200 63083 "-" "Mozilla/5.0 AppleWebKit/537.36 (KHTML, like Gecko; compatible; ClaudeBot/1.0; +claudebot@anthropic.com)"
216.73.217.23 - - [06/Jun/2026:00:44:21 +0200] "GET /loja/page/8/?add-to-cart=4338&doing_wp_cron=1780400178.2150061130523681640625&orderby=popularity HTTP/1.1" 200 61698 "-" "Mozilla/5.0 AppleWebKit/537.36 (KHTML, like Gecko; compatible; ClaudeBot/1.0; +claudebot@anthropic.com)"
216.73.217.23 - - [06/Jun/2026:00:44:24 +0200] "GET /loja/page/7/?add-to-cart=622&doing_wp_cron=1780268890.7532269954681396484375&orderby=menu_order HTTP/1.1" 200 61481 "-" "Mozilla/5.0 AppleWebKit/537.36 (KHTML, like Gecko; compatible; ClaudeBot/1.0; +claudebot@anthropic.com)"
216.73.217.23 - - [06/Jun/2026:00:44:27 +0200] "GET /loja/?add-to-cart=719&doing_wp_cron=1780326118.2281150817871093750000&orderby=menu_order HTTP/1.1" 200 61396 "-" "Mozilla/5.0 AppleWebKit/537.36 (KHTML, like Gecko; compatible; ClaudeBot/1.0; +claudebot@anthropic.com)"
216.73.217.23 - - [06/Jun/2026:00:44:29 +0200] "GET /loja/page/10/?add-to-cart=2014&doing_wp_cron=1780383896.6204249858856201171875&orderby=menu_order HTTP/1.1" 200 61933 "-" "Mozilla/5.0 AppleWebKit/537.36 (KHTML, like Gecko; compatible; ClaudeBot/1.0; +claudebot@anthropic.com)"
216.73.217.23 - - [06/Jun/2026:00:44:32 +0200] "GET /loja/?add-to-cart=18495&doing_wp_cron=1780470504.6510601043701171875000&orderby=popularity HTTP/1.1" 200 61683 "-" "Mozilla/5.0 AppleWebKit/537.36 (KHTML, like Gecko; compatible; ClaudeBot/1.0; +claudebot@anthropic.com)"
216.73.217.23 - - [06/Jun/2026:00:44:36 +0200] "GET /loja/page/6/?add-to-cart=893&doing_wp_cron=1780268890.7532269954681396484375&orderby=menu_order HTTP/1.1" 200 62087 "-" "Mozilla/5.0 AppleWebKit/537.36 (KHTML, like Gecko; compatible; ClaudeBot/1.0; +claudebot@anthropic.com)"
216.73.217.23 - - [06/Jun/2026:00:44:38 +0200] "GET /loja/?add-to-cart=4236&doing_wp_cron=1780388658.8284630775451660156250&orderby=date HTTP/1.1" 200 62259 "-" "Mozilla/5.0 AppleWebKit/537.36 (KHTML, like Gecko; compatible; ClaudeBot/1.0; +claudebot@anthropic.com)"
216.73.217.23 - - [06/Jun/2026:00:44:41 +0200] "GET /loja/page/3/?add-to-cart=482&doing_wp_cron=1780494319.6479558944702148437500&orderby=popularity HTTP/1.1" 200 62636 "-" "Mozilla/5.0 AppleWebKit/537.36 (KHTML, like Gecko; compatible; ClaudeBot/1.0; +claudebot@anthropic.com)"
51.36.227.17 - - [06/Jun/2026:00:44:43 +0200] "GET /categoria-produto/mercearia/?add-to-cart=4337&doing_wp_cron=1779798024.7941360473632812500000&orderby=date HTTP/1.1" 200 60624 "-" "Mozilla/5.0 (Macintosh; PPC Mac OS X 10_7_0) AppleWebKit/534.1 (KHTML, like Gecko) Chrome/18.0.862.0 Safari/534.1"
93.203.161.124 - - [06/Jun/2026:00:44:44 +0200] "GET /produto/massa-de-pimentao/?add-to-cart=643&doing_wp_cron=1779673171.4368290901184082031250 HTTP/1.1" 200 59243 "-" "Mozilla/5.0 (Windows; U; Windows NT 5.2) AppleWebKit/531.19.4 (KHTML, like Gecko) Version/4.1 Safari/531.19.4"
216.73.217.23 - - [06/Jun/2026:00:44:44 +0200] "GET /categoria-produto/mercearia/page/3/?doing_wp_cron=1780458140.3529419898986816406250&orderby=price HTTP/1.1" 200 62287 "-" "Mozilla/5.0 AppleWebKit/537.36 (KHTML, like Gecko; compatible; ClaudeBot/1.0; +claudebot@anthropic.com)"
216.73.217.23 - - [06/Jun/2026:00:44:48 +0200] "GET /loja/?add-to-cart=543&doing_wp_cron=1780326118.2281150817871093750000&orderby=menu_order HTTP/1.1" 200 62636 "-" "Mozilla/5.0 AppleWebKit/537.36 (KHTML, like Gecko; compatible; ClaudeBot/1.0; +claudebot@anthropic.com)"
43.247.43.72 - - [06/Jun/2026:00:44:49 +0200] "GET /2021/05/11/ola-mundo/ HTTP/1.1" 200 1135029 "https://www.baudefruta.pt/2021/05/11/ola-mundo/?doing_wp_cron=1780699071.0372190475463867187500" "Mozilla/5.0 (X11; Ubuntu; Linux x86_64; rv:148.0) Gecko/20100101 Firefox/148.0"
216.73.217.23 - - [06/Jun/2026:00:44:50 +0200] "GET /loja/page/11/?add-to-cart=421&doing_wp_cron=1780400178.2150061130523681640625&orderby=popularity HTTP/1.1" 200 63032 "-" "Mozilla/5.0 AppleWebKit/537.36 (KHTML, like Gecko; compatible; ClaudeBot/1.0; +claudebot@anthropic.com)"
216.73.217.23 - - [06/Jun/2026:00:44:53 +0200] "GET /produto/feijao-verde-largo/?add-to-cart=543&doing_wp_cron=1780250350.0669429302215576171875 HTTP/1.1" 200 61187 "-" "Mozilla/5.0 AppleWebKit/537.36 (KHTML, like Gecko; compatible; ClaudeBot/1.0; +claudebot@anthropic.com)"
216.73.217.23 - - [06/Jun/2026:00:44:57 +0200] "GET /loja/page/9/?add-to-cart=526&doing_wp_cron=1780445660.5325009822845458984375&orderby=menu_order HTTP/1.1" 200 63295 "-" "Mozilla/5.0 AppleWebKit/537.36 (KHTML, like Gecko; compatible; ClaudeBot/1.0; +claudebot@anthropic.com)"
216.73.217.23 - - [06/Jun/2026:00:45:00 +0200] "GET /loja/?add-to-cart=468&doing_wp_cron=1780471458.6715359687805175781250&orderby=menu_order HTTP/1.1" 200 63243 "-" "Mozilla/5.0 AppleWebKit/537.36 (KHTML, like Gecko; compatible; ClaudeBot/1.0; +claudebot@anthropic.com)"
216.73.217.23 - - [06/Jun/2026:00:45:04 +0200] "GET /categoria-produto/mercearia/page/2/?doing_wp_cron=1780257058.2989900112152099609375&orderby=price HTTP/1.1" 200 60182 "-" "Mozilla/5.0 AppleWebKit/537.36 (KHTML, like Gecko; compatible; ClaudeBot/1.0; +claudebot@anthropic.com)"
216.73.217.23 - - [06/Jun/2026:00:45:07 +0200] "GET /loja/page/5/?add-to-cart=788&doing_wp_cron=1780468220.8436799049377441406250&orderby=menu_order HTTP/1.1" 200 61082 "-" "Mozilla/5.0 AppleWebKit/537.36 (KHTML, like Gecko; compatible; ClaudeBot/1.0; +claudebot@anthropic.com)"
114.119.135.57 - - [06/Jun/2026:00:45:07 +0200] "GET /produto/tomate-cacho/?doing_wp_cron=1749194443.3066189289093017578125 HTTP/1.1" 200 57546 "https://www.baudefruta.pt/produto/tomate-cacho/?doing_wp_cron=1749194443.3066189289093017578125" "Mozilla/5.0 (Linux; Android 7.0;) AppleWebKit/537.36 (HTML, like Gecko) Mobile Safari/537.36 (compatible; PetalBot;+https://webmaster.petalsearch.com/site/petalbot)"
216.73.217.23 - - [06/Jun/2026:00:45:10 +0200] "GET /loja/page/8/?add-to-cart=778&doing_wp_cron=1780298590.2811610698699951171875&orderby=menu_order HTTP/1.1" 200 61311 "-" "Mozilla/5.0 AppleWebKit/537.36 (KHTML, like Gecko; compatible; ClaudeBot/1.0; +claudebot@anthropic.com)"
216.73.217.23 - - [06/Jun/2026:00:45:13 +0200] "GET /loja/page/2/?add-to-cart=466&doing_wp_cron=1780319098.8176429271697998046875&orderby=menu_order HTTP/1.1" 200 61679 "-" "Mozilla/5.0 AppleWebKit/537.36 (KHTML, like Gecko; compatible; ClaudeBot/1.0; +claudebot@anthropic.com)"
216.73.217.23 - - [06/Jun/2026:00:45:15 +0200] "GET /categoria-produto/frescos/legumes/page/3/?doing_wp_cron=1780304778.8750090599060058593750&orderby=popularity HTTP/1.1" 200 59030 "-" "Mozilla/5.0 AppleWebKit/537.36 (KHTML, like Gecko; compatible; ClaudeBot/1.0; +claudebot@anthropic.com)"
216.73.217.23 - - [06/Jun/2026:00:45:19 +0200] "GET /loja/page/2/?add-to-cart=600&doing_wp_cron=1780455656.4795429706573486328125&orderby=menu_order HTTP/1.1" 200 61899 "-" "Mozilla/5.0 AppleWebKit/537.36 (KHTML, like Gecko; compatible; ClaudeBot/1.0; +claudebot@anthropic.com)"
216.73.217.23 - - [06/Jun/2026:00:45:22 +0200] "GET /loja/page/8/?add-to-cart=500&doing_wp_cron=1780268890.7532269954681396484375&orderby=menu_order HTTP/1.1" 200 61922 "-" "Mozilla/5.0 AppleWebKit/537.36 (KHTML, like Gecko; compatible; ClaudeBot/1.0; +claudebot@anthropic.com)"
216.73.217.23 - - [06/Jun/2026:00:45:28 +0200] "GET /loja/page/2/?add-to-cart=1983&doing_wp_cron=1780430342.1766259670257568359375&orderby=popularity HTTP/1.1" 200 61074 "-" "Mozilla/5.0 AppleWebKit/537.36 (KHTML, like Gecko; compatible; ClaudeBot/1.0; +claudebot@anthropic.com)"
216.73.217.23 - - [06/Jun/2026:00:45:31 +0200] "GET /loja/page/2/?add-to-cart=2041&doing_wp_cron=1780326079.0621399879455566406250&orderby=menu_order HTTP/1.1" 200 61369 "-" "Mozilla/5.0 AppleWebKit/537.36 (KHTML, like Gecko; compatible; ClaudeBot/1.0; +claudebot@anthropic.com)"
216.73.217.23 - - [06/Jun/2026:00:45:34 +0200] "GET /categoria-produto/mercearia/page/3/?doing_wp_cron=1780282511.0896770954132080078125&orderby=price-desc HTTP/1.1" 200 61102 "-" "Mozilla/5.0 AppleWebKit/537.36 (KHTML, like Gecko; compatible; ClaudeBot/1.0; +claudebot@anthropic.com)"
216.73.217.23 - - [06/Jun/2026:00:45:37 +0200] "GET /loja/page/11/?doing_wp_cron=1780555578.7937350273132324218750&orderby=price-desc HTTP/1.1" 200 60703 "-" "Mozilla/5.0 AppleWebKit/537.36 (KHTML, like Gecko; compatible; ClaudeBot/1.0; +claudebot@anthropic.com)"
216.73.217.23 - - [06/Jun/2026:00:45:40 +0200] "GET /produto/miolo-de-avela/?add-to-cart=747&doing_wp_cron=1780453999.1242420673370361328125 HTTP/1.1" 200 59666 "-" "Mozilla/5.0 AppleWebKit/537.36 (KHTML, like Gecko; compatible; ClaudeBot/1.0; +claudebot@anthropic.com)"
216.73.217.23 - - [06/Jun/2026:00:45:43 +0200] "GET /loja/page/6/?add-to-cart=731&doing_wp_cron=1780338056.7367100715637207031250&orderby=menu_order HTTP/1.1" 200 61711 "-" "Mozilla/5.0 AppleWebKit/537.36 (KHTML, like Gecko; compatible; ClaudeBot/1.0; +claudebot@anthropic.com)"
216.73.217.23 - - [06/Jun/2026:00:45:46 +0200] "GET /loja/?add-to-cart=1540&doing_wp_cron=1780259951.9076659679412841796875&orderby=popularity HTTP/1.1" 200 61780 "-" "Mozilla/5.0 AppleWebKit/537.36 (KHTML, like Gecko; compatible; ClaudeBot/1.0; +claudebot@anthropic.com)"
216.73.217.23 - - [06/Jun/2026:00:45:49 +0200] "GET /produto/amendoa-caramelizada/?add-to-cart=753&doing_wp_cron=1780214709.0771410465240478515625 HTTP/1.1" 200 60308 "-" "Mozilla/5.0 AppleWebKit/537.36 (KHTML, like Gecko; compatible; ClaudeBot/1.0; +claudebot@anthropic.com)"
216.73.217.23 - - [06/Jun/2026:00:45:52 +0200] "GET /loja/page/7/?add-to-cart=2010&doing_wp_cron=1780383896.6204249858856201171875&orderby=popularity HTTP/1.1" 200 63012 "-" "Mozilla/5.0 AppleWebKit/537.36 (KHTML, like Gecko; compatible; ClaudeBot/1.0; +claudebot@anthropic.com)"
216.73.217.23 - - [06/Jun/2026:00:45:55 +0200] "GET /loja/page/6/?add-to-cart=771&doing_wp_cron=1780247694.3308169841766357421875&orderby=menu_order HTTP/1.1" 200 62578 "-" "Mozilla/5.0 AppleWebKit/537.36 (KHTML, like Gecko; compatible; ClaudeBot/1.0; +claudebot@anthropic.com)"
216.73.217.23 - - [06/Jun/2026:00:45:58 +0200] "GET /loja/page/6/?add-to-cart=4331&doing_wp_cron=1780383896.6204249858856201171875&orderby=popularity HTTP/1.1" 200 63465 "-" "Mozilla/5.0 AppleWebKit/537.36 (KHTML, like Gecko; compatible; ClaudeBot/1.0; +claudebot@anthropic.com)"
216.73.217.23 - - [06/Jun/2026:00:46:01 +0200] "GET /categoria-produto/mercearia/?add-to-cart=2034&doing_wp_cron=1780360077.7625160217285156250000&orderby=date HTTP/1.1" 200 62772 "-" "Mozilla/5.0 AppleWebKit/537.36 (KHTML, like Gecko; compatible; ClaudeBot/1.0; +claudebot@anthropic.com)"
216.73.217.23 - - [06/Jun/2026:00:46:04 +0200] "GET /loja/page/9/?add-to-cart=717&doing_wp_cron=1780268890.7532269954681396484375&orderby=popularity HTTP/1.1" 200 63887 "-" "Mozilla/5.0 AppleWebKit/537.36 (KHTML, like Gecko; compatible; ClaudeBot/1.0; +claudebot@anthropic.com)"
216.73.217.23 - - [06/Jun/2026:00:46:07 +0200] "GET /loja/?add-to-cart=795&doing_wp_cron=1780384400.8176770210266113281250&orderby=popularity HTTP/1.1" 200 63370 "-" "Mozilla/5.0 AppleWebKit/537.36 (KHTML, like Gecko; compatible; ClaudeBot/1.0; +claudebot@anthropic.com)"
216.73.217.23 - - [06/Jun/2026:00:46:11 +0200] "GET /produto/alho-granulado-em-frasco/?add-to-cart=2009&doing_wp_cron=1780208258.0652849674224853515625 HTTP/1.1" 200 59142 "-" "Mozilla/5.0 AppleWebKit/537.36 (KHTML, like Gecko; compatible; ClaudeBot/1.0; +claudebot@anthropic.com)"
216.73.217.23 - - [06/Jun/2026:00:46:14 +0200] "GET /loja/page/3/?add-to-cart=2012&doing_wp_cron=1780208025.6175029277801513671875&orderby=popularity HTTP/1.1" 200 61375 "-" "Mozilla/5.0 AppleWebKit/537.36 (KHTML, like Gecko; compatible; ClaudeBot/1.0; +claudebot@anthropic.com)"
216.73.217.23 - - [06/Jun/2026:00:46:16 +0200] "GET /loja/page/11/?add-to-cart=649&doing_wp_cron=1780400178.2150061130523681640625&orderby=popularity HTTP/1.1" 200 61509 "-" "Mozilla/5.0 AppleWebKit/537.36 (KHTML, like Gecko; compatible; ClaudeBot/1.0; +claudebot@anthropic.com)"
216.73.217.23 - - [06/Jun/2026:00:46:20 +0200] "GET /loja/?add-to-cart=1543&doing_wp_cron=1780424125.1127629280090332031250&orderby=popularity HTTP/1.1" 200 61381 "-" "Mozilla/5.0 AppleWebKit/537.36 (KHTML, like Gecko; compatible; ClaudeBot/1.0; +claudebot@anthropic.com)"
216.73.217.23 - - [06/Jun/2026:00:46:23 +0200] "GET /loja/page/3/?add-to-cart=1560&doing_wp_cron=1780298590.2811610698699951171875&orderby=menu_order HTTP/1.1" 200 63314 "-" "Mozilla/5.0 AppleWebKit/537.36 (KHTML, like Gecko; compatible; ClaudeBot/1.0; +claudebot@anthropic.com)"
216.73.217.23 - - [06/Jun/2026:00:46:26 +0200] "GET /loja/page/8/?add-to-cart=1990&doing_wp_cron=1780247694.3308169841766357421875&orderby=popularity HTTP/1.1" 200 64398 "-" "Mozilla/5.0 AppleWebKit/537.36 (KHTML, like Gecko; compatible; ClaudeBot/1.0; +claudebot@anthropic.com)"
216.73.217.23 - - [06/Jun/2026:00:46:29 +0200] "GET /loja/page/3/?add-to-cart=889&doing_wp_cron=1780338056.7367100715637207031250&orderby=popularity HTTP/1.1" 200 64216 "-" "Mozilla/5.0 AppleWebKit/537.36 (KHTML, like Gecko; compatible; ClaudeBot/1.0; +claudebot@anthropic.com)"
216.73.217.23 - - [06/Jun/2026:00:46:32 +0200] "GET /loja/?add-to-cart=1560&doing_wp_cron=1780415098.0220060348510742187500&orderby=date HTTP/1.1" 200 63982 "-" "Mozilla/5.0 AppleWebKit/537.36 (KHTML, like Gecko; compatible; ClaudeBot/1.0; +claudebot@anthropic.com)"
114.119.150.140 - - [06/Jun/2026:00:46:32 +0200] "GET /produto/tempero-para-frango/?doing_wp_cron=1699314888.9594399929046630859375 HTTP/1.1" 200 57811 "https://www.baudefruta.pt/produto/tempero-para-frango/?doing_wp_cron=1751473958.8983500003814697265625" "Mozilla/5.0 (Linux; Android 7.0;) AppleWebKit/537.36 (HTML, like Gecko) Mobile Safari/537.36 (compatible; PetalBot;+https://webmaster.petalsearch.com/site/petalbot)"
216.73.217.23 - - [06/Jun/2026:00:46:35 +0200] "GET /loja/page/7/?add-to-cart=2012&doing_wp_cron=1780445098.1589419841766357421875&orderby=popularity HTTP/1.1" 200 64659 "-" "Mozilla/5.0 AppleWebKit/537.36 (KHTML, like Gecko; compatible; ClaudeBot/1.0; +claudebot@anthropic.com)"
216.73.217.23 - - [06/Jun/2026:00:46:38 +0200] "GET /loja/page/9/?add-to-cart=2037&doing_wp_cron=1780298590.2811610698699951171875&orderby=menu_order HTTP/1.1" 200 64358 "-" "Mozilla/5.0 AppleWebKit/537.36 (KHTML, like Gecko; compatible; ClaudeBot/1.0; +claudebot@anthropic.com)"
34.235.239.240 - - [06/Jun/2026:00:46:38 +0200] "GET /loja/page/3/?doing_wp_cron=1701153572.9826118946075439453125&orderby=price HTTP/1.1" 200 60462 "-" "Mozilla/5.0 AppleWebKit/537.36 (KHTML, like Gecko; compatible; Amazonbot/0.1; +https://developer.amazon.com/support/amazonbot) Chrome/119.0.6045.214 Safari/537.36"
54.165.169.15 - - [06/Jun/2026:00:46:40 +0200] "GET /produto/couve-coracao/ HTTP/1.1" 302 102 "-" "Mozilla/5.0 (Macintosh; Intel Mac OS X 10_10_1) AppleWebKit/600.2.5 (KHTML, like Gecko) Version/8.0.2 Safari/600.2.5 (Lanai)"
216.73.217.23 - - [06/Jun/2026:00:46:41 +0200] "GET /loja/page/5/?add-to-cart=775&doing_wp_cron=1780247694.3308169841766357421875&orderby=menu_order HTTP/1.1" 200 64491 "-" "Mozilla/5.0 AppleWebKit/537.36 (KHTML, like Gecko; compatible; ClaudeBot/1.0; +claudebot@anthropic.com)"
54.165.169.15 - - [06/Jun/2026:00:46:41 +0200] "GET /produto/couve-coracao/?doing_wp_cron=1780699600.0462019443511962890625 HTTP/1.1" 200 57705 "-" "Mozilla/5.0 (Macintosh; Intel Mac OS X 10_10_1) AppleWebKit/600.2.5 (KHTML, like Gecko) Version/8.0.2 Safari/600.2.5 (Lanai)"
34.236.135.14 - - [06/Jun/2026:00:46:42 +0200] "GET /loja/page/4/?doing_wp_cron=1759043873.1749200820922851562500 HTTP/1.1" 200 59535 "-" "Mozilla/5.0 AppleWebKit/537.36 (KHTML, like Gecko; compatible; Amazonbot/0.1; +https://developer.amazon.com/support/amazonbot) Chrome/119.0.6045.214 Safari/537.36"
23.22.99.102 - - [06/Jun/2026:00:46:43 +0200] "GET /wp-content/uploads/2021/06/CC001-couve_coracao.jpg HTTP/1.1" 200 132663 "-" "Mozilla/5.0 (Macintosh; Intel Mac OS X 10_10_1) AppleWebKit/600.2.5 (KHTML, like Gecko) Version/8.0.2 Safari/600.2.5 (Lanai)"
216.73.217.23 - - [06/Jun/2026:00:46:44 +0200] "GET /loja/page/7/?add-to-cart=829&doing_wp_cron=1780338056.7367100715637207031250&orderby=popularity HTTP/1.1" 200 65334 "-" "Mozilla/5.0 AppleWebKit/537.36 (KHTML, like Gecko; compatible; ClaudeBot/1.0; +claudebot@anthropic.com)"
216.73.217.23 - - [06/Jun/2026:00:46:47 +0200] "GET /loja/?add-to-cart=733&doing_wp_cron=1699032554.2910571098327636718750&orderby=date HTTP/1.1" 200 64914 "-" "Mozilla/5.0 AppleWebKit/537.36 (KHTML, like Gecko; compatible; ClaudeBot/1.0; +claudebot@anthropic.com)"
52.71.170.250 - - [06/Jun/2026:00:46:47 +0200] "GET /wp-content/uploads/2021/08/GR001.jpg HTTP/1.1" 200 134371 "-" "Mozilla/5.0 (Macintosh; Intel Mac OS X 10_10_1) AppleWebKit/600.2.5 (KHTML, like Gecko) Version/8.0.2 Safari/600.2.5 (Lanai)"
216.73.217.23 - - [06/Jun/2026:00:46:50 +0200] "GET /loja/page/3/?add-to-cart=482&doing_wp_cron=1780400178.2150061130523681640625&orderby=date HTTP/1.1" 200 65182 "-" "Mozilla/5.0 AppleWebKit/537.36 (KHTML, like Gecko; compatible; ClaudeBot/1.0; +claudebot@anthropic.com)"
216.73.217.23 - - [06/Jun/2026:00:46:53 +0200] "GET /loja/page/8/?add-to-cart=1987&doing_wp_cron=1780430342.1766259670257568359375&orderby=popularity HTTP/1.1" 200 65915 "-" "Mozilla/5.0 AppleWebKit/537.36 (KHTML, like Gecko; compatible; ClaudeBot/1.0; +claudebot@anthropic.com)"
216.73.217.23 - - [06/Jun/2026:00:46:56 +0200] "GET /produto/endivias/?add-to-cart=561&doing_wp_cron=1780446661.5440700054168701171875 HTTP/1.1" 200 63857 "-" "Mozilla/5.0 AppleWebKit/537.36 (KHTML, like Gecko; compatible; ClaudeBot/1.0; +claudebot@anthropic.com)"
40.77.167.46 - - [06/Jun/2026:00:46:56 +0200] "GET /page/6/?s&orderby=menu_order&doing_wp_cron=1778242455.2406799793243408203125 HTTP/1.1" 200 52435 "-" "Mozilla/5.0 AppleWebKit/537.36 (KHTML, like Gecko; compatible; bingbot/2.0; +http://www.bing.com/bingbot.htm) Chrome/116.0.1938.76 Safari/537.36"
216.73.217.23 - - [06/Jun/2026:00:46:59 +0200] "GET /categoria-produto/mercearia/?add-to-cart=702&doing_wp_cron=1780210687.5356690883636474609375&orderby=menu_order HTTP/1.1" 200 65642 "-" "Mozilla/5.0 AppleWebKit/537.36 (KHTML, like Gecko; compatible; ClaudeBot/1.0; +claudebot@anthropic.com)"
216.73.217.23 - - [06/Jun/2026:00:47:02 +0200] "GET /loja/page/3/?add-to-cart=238&doing_wp_cron=1780486857.8343369960784912109375&orderby=menu_order HTTP/1.1" 200 66443 "-" "Mozilla/5.0 AppleWebKit/537.36 (KHTML, like Gecko; compatible; ClaudeBot/1.0; +claudebot@anthropic.com)"
216.73.217.23 - - [06/Jun/2026:00:47:05 +0200] "GET /loja/page/11/?add-to-cart=727&doing_wp_cron=1780356236.1233079433441162109375&orderby=popularity HTTP/1.1" 200 66912 "-" "Mozilla/5.0 AppleWebKit/537.36 (KHTML, like Gecko; compatible; ClaudeBot/1.0; +claudebot@anthropic.com)"
78.165.40.58 - - [06/Jun/2026:00:47:06 +0200] "GET /produto/massa-de-pimentao/?add-to-cart=903&doing_wp_cron=1779778149.6337070465087890625000 HTTP/1.1" 200 59432 "-" "Mozilla/5.0 (Macintosh; U; PPC Mac OS X 10_5_8) AppleWebKit/535.2 (KHTML, like Gecko) Chrome/51.0.895.0 Safari/535.2"
216.73.217.23 - - [06/Jun/2026:00:47:08 +0200] "GET /loja/page/3/?add-to-cart=408&doing_wp_cron=1780551716.5523910522460937500000&orderby=menu_order HTTP/1.1" 200 66718 "-" "Mozilla/5.0 AppleWebKit/537.36 (KHTML, like Gecko; compatible; ClaudeBot/1.0; +claudebot@anthropic.com)"
216.73.217.23 - - [06/Jun/2026:00:47:11 +0200] "GET /loja/page/11/?add-to-cart=683&doing_wp_cron=1780247694.3308169841766357421875&orderby=menu_order HTTP/1.1" 200 66799 "-" "Mozilla/5.0 AppleWebKit/537.36 (KHTML, like Gecko; compatible; ClaudeBot/1.0; +claudebot@anthropic.com)"
216.73.217.23 - - [06/Jun/2026:00:47:14 +0200] "GET /loja/page/7/?add-to-cart=439&doing_wp_cron=1780383896.6204249858856201171875&orderby=menu_order HTTP/1.1" 200 67519 "-" "Mozilla/5.0 AppleWebKit/537.36 (KHTML, like Gecko; compatible; ClaudeBot/1.0; +claudebot@anthropic.com)"
216.73.217.23 - - [06/Jun/2026:00:47:17 +0200] "GET /loja/page/4/?add-to-cart=490&doing_wp_cron=1780384400.8176770210266113281250 HTTP/1.1" 200 67815 "-" "Mozilla/5.0 AppleWebKit/537.36 (KHTML, like Gecko; compatible; ClaudeBot/1.0; +claudebot@anthropic.com)"
216.73.217.23 - - [06/Jun/2026:00:47:20 +0200] "GET /loja/page/7/?add-to-cart=593&doing_wp_cron=1780445092.3632619380950927734375&orderby=menu_order HTTP/1.1" 200 67839 "-" "Mozilla/5.0 AppleWebKit/537.36 (KHTML, like Gecko; compatible; ClaudeBot/1.0; +claudebot@anthropic.com)"
216.73.217.23 - - [06/Jun/2026:00:47:23 +0200] "GET /categoria-produto/mercearia/page/4/?doing_wp_cron=1780385599.6426959037780761718750&orderby=price HTTP/1.1" 200 67787 "-" "Mozilla/5.0 AppleWebKit/537.36 (KHTML, like Gecko; compatible; ClaudeBot/1.0; +claudebot@anthropic.com)"
216.73.217.23 - - [06/Jun/2026:00:47:26 +0200] "GET /loja/page/5/?add-to-cart=530&doing_wp_cron=1780400178.2150061130523681640625&orderby=popularity HTTP/1.1" 200 68339 "-" "Mozilla/5.0 AppleWebKit/537.36 (KHTML, like Gecko; compatible; ClaudeBot/1.0; +claudebot@anthropic.com)"
216.73.217.23 - - [06/Jun/2026:00:47:29 +0200] "GET /loja/?add-to-cart=4225&doing_wp_cron=1780398926.3913888931274414062500&orderby=date HTTP/1.1" 200 68006 "-" "Mozilla/5.0 AppleWebKit/537.36 (KHTML, like Gecko; compatible; ClaudeBot/1.0; +claudebot@anthropic.com)"
216.73.217.23 - - [06/Jun/2026:00:47:32 +0200] "GET /loja/page/5/?add-to-cart=784&doing_wp_cron=1780268890.7532269954681396484375&orderby=popularity HTTP/1.1" 200 61575 "-" "Mozilla/5.0 AppleWebKit/537.36 (KHTML, like Gecko; compatible; ClaudeBot/1.0; +claudebot@anthropic.com)"
216.73.217.23 - - [06/Jun/2026:00:47:35 +0200] "GET /loja/page/4/?add-to-cart=4225&doing_wp_cron=1780247694.3308169841766357421875&orderby=menu_order HTTP/1.1" 200 61651 "-" "Mozilla/5.0 AppleWebKit/537.36 (KHTML, like Gecko; compatible; ClaudeBot/1.0; +claudebot@anthropic.com)"
216.73.217.23 - - [06/Jun/2026:00:47:38 +0200] "GET /loja/page/4/?add-to-cart=637&doing_wp_cron=1780383896.6204249858856201171875&orderby=menu_order HTTP/1.1" 200 61850 "-" "Mozilla/5.0 AppleWebKit/537.36 (KHTML, like Gecko; compatible; ClaudeBot/1.0; +claudebot@anthropic.com)"
216.73.217.23 - - [06/Jun/2026:00:47:41 +0200] "GET /loja/page/3/?add-to-cart=2010&doing_wp_cron=1780496817.3441560268402099609375&orderby=date HTTP/1.1" 200 61727 "-" "Mozilla/5.0 AppleWebKit/537.36 (KHTML, like Gecko; compatible; ClaudeBot/1.0; +claudebot@anthropic.com)"
170.245.197.8 - - [06/Jun/2026:00:47:42 +0200] "GET /wp-content/uploads/2021/06/BV001-batata_vermelha.jpg HTTP/1.1" 200 166184 "https://www.google.com/" "Mozilla/5.0 (Linux; Android 10; K) AppleWebKit/537.36 (KHTML, like Gecko) Chrome/149.0.0.0 Safari/537.36"
216.73.217.23 - - [06/Jun/2026:00:47:44 +0200] "GET /loja/page/2/?add-to-cart=563&doing_wp_cron=1780455656.4795429706573486328125&orderby=popularity HTTP/1.1" 200 61929 "-" "Mozilla/5.0 AppleWebKit/537.36 (KHTML, like Gecko; compatible; ClaudeBot/1.0; +claudebot@anthropic.com)"
178.16.52.137 - - [06/Jun/2026:00:47:46 +0200] "POST /wp-login.php?action=register HTTP/1.1" 403 146 "-" "-"
216.73.217.23 - - [06/Jun/2026:00:47:47 +0200] "GET /loja/page/2/?add-to-cart=893&doing_wp_cron=1780398926.3913888931274414062500&orderby=menu_order HTTP/1.1" 200 62402 "-" "Mozilla/5.0 AppleWebKit/537.36 (KHTML, like Gecko; compatible; ClaudeBot/1.0; +claudebot@anthropic.com)"
216.73.217.23 - - [06/Jun/2026:00:47:50 +0200] "GET /loja/page/5/?add-to-cart=695&doing_wp_cron=1780247694.3308169841766357421875&orderby=popularity HTTP/1.1" 200 62907 "-" "Mozilla/5.0 AppleWebKit/537.36 (KHTML, like Gecko; compatible; ClaudeBot/1.0; +claudebot@anthropic.com)"
216.73.217.23 - - [06/Jun/2026:00:47:53 +0200] "GET /produto/alho-granulado-em-frasco/?add-to-cart=2010&doing_wp_cron=1780208258.0652849674224853515625 HTTP/1.1" 200 60494 "-" "Mozilla/5.0 AppleWebKit/537.36 (KHTML, like Gecko; compatible; ClaudeBot/1.0; +claudebot@anthropic.com)"
114.119.150.140 - - [06/Jun/2026:00:47:54 +0200] "GET /produto/semente-de-linhaca/?doing_wp_cron=1749194527.0123429298400878906250 HTTP/1.1" 200 57757 "https://www.baudefruta.pt/produto/semente-de-linhaca/?doing_wp_cron=1749194527.0123429298400878906250" "Mozilla/5.0 (Linux; Android 7.0;) AppleWebKit/537.36 (HTML, like Gecko) Mobile Safari/537.36 (compatible; PetalBot;+https://webmaster.petalsearch.com/site/petalbot)"
66.249.79.136 - - [06/Jun/2026:00:47:56 +0200] "GET /produto/aneto-100gr/?add-to-cart=435 HTTP/1.1" 302 11 "-" "Mozilla/5.0 (Linux; Android 6.0.1; Nexus 5X Build/MMB29P) AppleWebKit/537.36 (KHTML, like Gecko) Chrome/148.0.7778.96 Mobile Safari/537.36 (compatible; Googlebot/2.1; +http://www.google.com/bot.html)"
216.73.217.23 - - [06/Jun/2026:00:47:57 +0200] "GET /loja/page/3/?add-to-cart=591&doing_wp_cron=1780552196.7174270153045654296875&orderby=popularity HTTP/1.1" 200 62797 "-" "Mozilla/5.0 AppleWebKit/537.36 (KHTML, like Gecko; compatible; ClaudeBot/1.0; +claudebot@anthropic.com)"
66.249.79.136 - - [06/Jun/2026:00:47:57 +0200] "GET /produto/aneto-100gr/?add-to-cart=435&doing_wp_cron=1780699676.5150420665740966796875 HTTP/1.1" 200 59104 "-" "Mozilla/5.0 (Linux; Android 6.0.1; Nexus 5X Build/MMB29P) AppleWebKit/537.36 (KHTML, like Gecko) Chrome/148.0.7778.96 Mobile Safari/537.36 (compatible; Googlebot/2.1; +http://www.google.com/bot.html)"
216.73.217.23 - - [06/Jun/2026:00:47:59 +0200] "GET /loja/page/3/?add-to-cart=585&doing_wp_cron=1780462940.9905130863189697265625&orderby=popularity HTTP/1.1" 200 62988 "-" "Mozilla/5.0 AppleWebKit/537.36 (KHTML, like Gecko; compatible; ClaudeBot/1.0; +claudebot@anthropic.com)"
43.230.201.87 - - [06/Jun/2026:00:47:59 +0200] "GET /wp-login.php HTTP/1.1" 200 51437 "-" "Mozilla/5.0 (Windows NT 10.0; Win64; x64) AppleWebKit/537.36 (KHTML, like Gecko) Chrome/133.0.0.0 Safari/537.36 Edg/133.0.0.0"
66.249.79.136 - - [06/Jun/2026:00:48:00 +0200] "GET /wp-content/themes/uncode/library/js/app.js?ver=2041265288 HTTP/1.1" 200 41076 "https://www.baudefruta.pt/produto/aneto-100gr/?add-to-cart=435&doing_wp_cron=1780699676.5150420665740966796875" "Mozilla/5.0 (Linux; Android 6.0.1; Nexus 5X Build/MMB29P) AppleWebKit/537.36 (KHTML, like Gecko) Chrome/148.0.7778.96 Mobile Safari/537.36 (compatible; Googlebot/2.1; +http://www.google.com/bot.html)"
66.249.79.138 - - [06/Jun/2026:00:48:01 +0200] "GET /wp-content/themes/uncode/library/js/init.js?ver=2041265288 HTTP/1.1" 200 38505 "https://www.baudefruta.pt/produto/aneto-100gr/?add-to-cart=435&doing_wp_cron=1780699676.5150420665740966796875" "Mozilla/5.0 (Linux; Android 6.0.1; Nexus 5X Build/MMB29P) AppleWebKit/537.36 (KHTML, like Gecko) Chrome/148.0.7778.96 Mobile Safari/537.36 (compatible; Googlebot/2.1; +http://www.google.com/bot.html)"
66.249.79.137 - - [06/Jun/2026:00:48:01 +0200] "GET /wp-content/themes/uncode/library/js/plugins.js?ver=2041265288 HTTP/1.1" 200 192557 "https://www.baudefruta.pt/produto/aneto-100gr/?add-to-cart=435&doing_wp_cron=1780699676.5150420665740966796875" "Mozilla/5.0 (Linux; Android 6.0.1; Nexus 5X Build/MMB29P) AppleWebKit/537.36 (KHTML, like Gecko) Chrome/148.0.7778.96 Mobile Safari/537.36 (compatible; Googlebot/2.1; +http://www.google.com/bot.html)"
66.249.79.138 - - [06/Jun/2026:00:48:01 +0200] "GET /wp-content/themes/uncode/library/css/style.css?ver=2041265288 HTTP/1.1" 200 70140 "https://www.baudefruta.pt/produto/aneto-100gr/?add-to-cart=435&doing_wp_cron=1780699676.5150420665740966796875" "Mozilla/5.0 (Linux; Android 6.0.1; Nexus 5X Build/MMB29P) AppleWebKit/537.36 (KHTML, like Gecko) Chrome/148.0.7778.96 Mobile Safari/537.36 (compatible; Googlebot/2.1; +http://www.google.com/bot.html)"
66.249.79.137 - - [06/Jun/2026:00:48:01 +0200] "GET /wp-content/themes/uncode/library/css/uncode-icons.css?ver=2041265288 HTTP/1.1" 200 12098 "https://www.baudefruta.pt/produto/aneto-100gr/?add-to-cart=435&doing_wp_cron=1780699676.5150420665740966796875" "Mozilla/5.0 (Linux; Android 6.0.1; Nexus 5X Build/MMB29P) AppleWebKit/537.36 (KHTML, like Gecko) Chrome/148.0.7778.96 Mobile Safari/537.36 (compatible; Googlebot/2.1; +http://www.google.com/bot.html)"
43.230.201.87 - - [06/Jun/2026:00:48:02 +0200] "POST /wp-login.php HTTP/1.1" 405 552 "https://baudefruta.pt/wp-login.php" "Mozilla/5.0 (Windows NT 10.0; Win64; x64) AppleWebKit/537.36 (KHTML, like Gecko) Chrome/133.0.0.0 Safari/537.36 Edg/133.0.0.0"
66.249.79.136 - - [06/Jun/2026:00:48:02 +0200] "GET /wp-content/themes/baudefruta-un/style.css?ver=933029415 HTTP/1.1" 200 896 "https://www.baudefruta.pt/produto/aneto-100gr/?add-to-cart=435&doing_wp_cron=1780699676.5150420665740966796875" "Mozilla/5.0 (Linux; Android 6.0.1; Nexus 5X Build/MMB29P) AppleWebKit/537.36 (KHTML, like Gecko) Chrome/148.0.7778.96 Mobile Safari/537.36 (compatible; Googlebot/2.1; +http://www.google.com/bot.html)"
216.73.217.23 - - [06/Jun/2026:00:48:02 +0200] "GET /loja/page/5/?add-to-cart=447&doing_wp_cron=1780498167.6054840087890625000000&orderby=price HTTP/1.1" 200 63374 "-" "Mozilla/5.0 AppleWebKit/537.36 (KHTML, like Gecko; compatible; ClaudeBot/1.0; +claudebot@anthropic.com)"
66.249.79.138 - - [06/Jun/2026:00:48:03 +0200] "GET /wp-content/themes/uncode/library/css/woocommerce.css?ver=2041265288 HTTP/1.1" 200 20067 "https://www.baudefruta.pt/produto/aneto-100gr/?add-to-cart=435&doing_wp_cron=1780699676.5150420665740966796875" "Mozilla/5.0 (Linux; Android 6.0.1; Nexus 5X Build/MMB29P) AppleWebKit/537.36 (KHTML, like Gecko) Chrome/148.0.7778.96 Mobile Safari/537.36 (compatible; Googlebot/2.1; +http://www.google.com/bot.html)"
66.249.79.136 - - [06/Jun/2026:00:48:03 +0200] "GET /wp-content/themes/uncode/library/js/woocommerce-uncode.js?ver=2041265288 HTTP/1.1" 200 7190 "https://www.baudefruta.pt/produto/aneto-100gr/?add-to-cart=435&doing_wp_cron=1780699676.5150420665740966796875" "Mozilla/5.0 (Linux; Android 6.0.1; Nexus 5X Build/MMB29P) AppleWebKit/537.36 (KHTML, like Gecko) Chrome/148.0.7778.96 Mobile Safari/537.36 (compatible; Googlebot/2.1; +http://www.google.com/bot.html)"
216.73.217.23 - - [06/Jun/2026:00:48:05 +0200] "GET /loja/page/5/?add-to-cart=651&doing_wp_cron=1780505541.2122659683227539062500&orderby=menu_order HTTP/1.1" 200 63321 "-" "Mozilla/5.0 AppleWebKit/537.36 (KHTML, like Gecko; compatible; ClaudeBot/1.0; +claudebot@anthropic.com)"
216.73.217.23 - - [06/Jun/2026:00:48:08 +0200] "GET /loja/page/7/?add-to-cart=593&doing_wp_cron=1780407018.5904660224914550781250&orderby=menu_order HTTP/1.1" 200 63538 "-" "Mozilla/5.0 AppleWebKit/537.36 (KHTML, like Gecko; compatible; ClaudeBot/1.0; +claudebot@anthropic.com)"
216.73.217.23 - - [06/Jun/2026:00:48:11 +0200] "GET /loja/page/5/?add-to-cart=695&doing_wp_cron=1780580458.8401908874511718750000&orderby=menu_order HTTP/1.1" 200 63478 "-" "Mozilla/5.0 AppleWebKit/537.36 (KHTML, like Gecko; compatible; ClaudeBot/1.0; +claudebot@anthropic.com)"
216.73.217.23 - - [06/Jun/2026:00:48:14 +0200] "GET /produto/amendoa-caramelizada/?add-to-cart=729&doing_wp_cron=1780214709.0771410465240478515625 HTTP/1.1" 200 61916 "-" "Mozilla/5.0 AppleWebKit/537.36 (KHTML, like Gecko; compatible; ClaudeBot/1.0; +claudebot@anthropic.com)"
41.251.184.117 - - [06/Jun/2026:00:48:17 +0200] "GET /categoria-produto/mercearia/?add-to-cart=2012&doing_wp_cron=1779624637.0600690841674804687500&orderby=date HTTP/1.1" 200 60652 "-" "Opera/9.46.(X11; Linux i686; en-HK) Presto/2.9.176 Version/10.00"
216.73.217.23 - - [06/Jun/2026:00:48:17 +0200] "GET /loja/page/3/?add-to-cart=695&doing_wp_cron=1780505541.2122659683227539062500&orderby=menu_order HTTP/1.1" 200 63485 "-" "Mozilla/5.0 AppleWebKit/537.36 (KHTML, like Gecko; compatible; ClaudeBot/1.0; +claudebot@anthropic.com)"
216.73.217.23 - - [06/Jun/2026:00:48:20 +0200] "GET /loja/page/2/?add-to-cart=1125&doing_wp_cron=1780247694.3308169841766357421875&orderby=menu_order HTTP/1.1" 200 64122 "-" "Mozilla/5.0 AppleWebKit/537.36 (KHTML, like Gecko; compatible; ClaudeBot/1.0; +claudebot@anthropic.com)"
216.73.217.23 - - [06/Jun/2026:00:48:23 +0200] "GET /produto/clementina/?add-to-cart=528&doing_wp_cron=1780276318.5458259582519531250000 HTTP/1.1" 200 62116 "-" "Mozilla/5.0 AppleWebKit/537.36 (KHTML, like Gecko; compatible; ClaudeBot/1.0; +claudebot@anthropic.com)"
216.73.217.23 - - [06/Jun/2026:00:48:26 +0200] "GET /loja/page/5/?add-to-cart=697&doing_wp_cron=1780566258.6879949569702148437500&orderby=menu_order HTTP/1.1" 200 64329 "-" "Mozilla/5.0 AppleWebKit/537.36 (KHTML, like Gecko; compatible; ClaudeBot/1.0; +claudebot@anthropic.com)"
216.73.217.23 - - [06/Jun/2026:00:48:32 +0200] "GET /produto/atum-em-oleo-vegetal-bom-petisco/?add-to-cart=747 HTTP/1.1" 302 11 "-" "Mozilla/5.0 AppleWebKit/537.36 (KHTML, like Gecko; compatible; ClaudeBot/1.0; +claudebot@anthropic.com)"
52.167.144.229 - - [06/Jun/2026:00:48:33 +0200] "GET /page/23/?s&doing_wp_cron=1773114550.7261281013488769531250&orderby=date HTTP/1.1" 200 50389 "-" "Mozilla/5.0 AppleWebKit/537.36 (KHTML, like Gecko; compatible; bingbot/2.0; +http://www.bing.com/bingbot.htm) Chrome/116.0.1938.76 Safari/537.36"
216.73.217.23 - - [06/Jun/2026:00:48:33 +0200] "GET /produto/atum-em-oleo-vegetal-bom-petisco/?add-to-cart=747&doing_wp_cron=1780699712.1132490634918212890625 HTTP/1.1" 200 59387 "https://www.baudefruta.pt/produto/atum-em-oleo-vegetal-bom-petisco/?add-to-cart=747" "Mozilla/5.0 AppleWebKit/537.36 (KHTML, like Gecko; compatible; ClaudeBot/1.0; +claudebot@anthropic.com)"
216.73.217.23 - - [06/Jun/2026:00:48:35 +0200] "GET /categoria-produto/mercearia/page/4/?add-to-cart=651 HTTP/1.1" 200 61179 "-" "Mozilla/5.0 AppleWebKit/537.36 (KHTML, like Gecko; compatible; ClaudeBot/1.0; +claudebot@anthropic.com)"
216.73.217.23 - - [06/Jun/2026:00:48:38 +0200] "GET /produto/atum-selvagem-em-oleo-vegetal-ramirez/?add-to-cart=737 HTTP/1.1" 200 59976 "-" "Mozilla/5.0 AppleWebKit/537.36 (KHTML, like Gecko; compatible; ClaudeBot/1.0; +claudebot@anthropic.com)"
216.73.217.23 - - [06/Jun/2026:00:48:41 +0200] "GET /loja/?doing_wp_cron=1749485637.4724121093750000000000&orderby=menu_order HTTP/1.1" 200 61251 "-" "Mozilla/5.0 AppleWebKit/537.36 (KHTML, like Gecko; compatible; ClaudeBot/1.0; +claudebot@anthropic.com)"
216.73.217.23 - - [06/Jun/2026:00:48:44 +0200] "GET /produto/bolonhesa-em-saqueta/?add-to-cart=733 HTTP/1.1" 200 59804 "-" "Mozilla/5.0 AppleWebKit/537.36 (KHTML, like Gecko; compatible; ClaudeBot/1.0; +claudebot@anthropic.com)"
216.73.217.23 - - [06/Jun/2026:00:48:47 +0200] "GET /categoria-produto/mercearia/page/6/?add-to-cart=647 HTTP/1.1" 200 59480 "-" "Mozilla/5.0 AppleWebKit/537.36 (KHTML, like Gecko; compatible; ClaudeBot/1.0; +claudebot@anthropic.com)"
216.73.217.23 - - [06/Jun/2026:00:48:50 +0200] "GET /loja/page/2/?doing_wp_cron=1758569056.8537590503692626953125&orderby=menu_order HTTP/1.1" 200 62028 "-" "Mozilla/5.0 AppleWebKit/537.36 (KHTML, like Gecko; compatible; ClaudeBot/1.0; +claudebot@anthropic.com)"
216.73.217.23 - - [06/Jun/2026:00:48:53 +0200] "GET /produto/atum-selvagem-em-oleo-vegetal-ramirez/?add-to-cart=933 HTTP/1.1" 200 60587 "-" "Mozilla/5.0 AppleWebKit/537.36 (KHTML, like Gecko; compatible; ClaudeBot/1.0; +claudebot@anthropic.com)"
216.73.217.23 - - [06/Jun/2026:00:48:56 +0200] "GET /loja/page/7/?add-to-cart=2012&orderby=price HTTP/1.1" 200 62567 "-" "Mozilla/5.0 AppleWebKit/537.36 (KHTML, like Gecko; compatible; ClaudeBot/1.0; +claudebot@anthropic.com)"
216.73.217.23 - - [06/Jun/2026:00:48:59 +0200] "GET /loja/?doing_wp_cron=1703787820.8273739814758300781250&orderby=date HTTP/1.1" 200 62107 "-" "Mozilla/5.0 AppleWebKit/537.36 (KHTML, like Gecko; compatible; ClaudeBot/1.0; +claudebot@anthropic.com)"
216.73.217.23 - - [06/Jun/2026:00:49:02 +0200] "GET /produto/espaguete-nacional-500g/?add-to-cart=2042 HTTP/1.1" 200 60835 "-" "Mozilla/5.0 AppleWebKit/537.36 (KHTML, like Gecko; compatible; ClaudeBot/1.0; +claudebot@anthropic.com)"
216.73.217.23 - - [06/Jun/2026:00:49:05 +0200] "GET /produto/espaguete-nacional-500g/?add-to-cart=2034 HTTP/1.1" 200 61017 "-" "Mozilla/5.0 AppleWebKit/537.36 (KHTML, like Gecko; compatible; ClaudeBot/1.0; +claudebot@anthropic.com)"
216.73.217.23 - - [06/Jun/2026:00:49:07 +0200] "GET /loja/page/10/?add-to-cart=4226&orderby=date HTTP/1.1" 302 11 "-" "Mozilla/5.0 AppleWebKit/537.36 (KHTML, like Gecko; compatible; ClaudeBot/1.0; +claudebot@anthropic.com)"
216.73.217.23 - - [06/Jun/2026:00:49:09 +0200] "GET /loja/page/10/?add-to-cart=4226&orderby=date&doing_wp_cron=1780699747.8787500858306884765625 HTTP/1.1" 200 62662 "https://www.baudefruta.pt/loja/page/10/?add-to-cart=4226&orderby=date" "Mozilla/5.0 AppleWebKit/537.36 (KHTML, like Gecko; compatible; ClaudeBot/1.0; +claudebot@anthropic.com)"
216.73.217.23 - - [06/Jun/2026:00:49:11 +0200] "GET /produto/espaguete-nacional-500g/?add-to-cart=2038 HTTP/1.1" 200 61672 "-" "Mozilla/5.0 AppleWebKit/537.36 (KHTML, like Gecko; compatible; ClaudeBot/1.0; +claudebot@anthropic.com)"
152.58.56.93 - - [06/Jun/2026:00:49:13 +0200] "GET /categoria-produto/mercearia/?add-to-cart=2037&doing_wp_cron=1779944167.2409219741821289062500&orderby=date HTTP/1.1" 200 60635 "-" "Mozilla/5.0 (Windows; U; Windows CE) AppleWebKit/533.9.7 (KHTML, like Gecko) Version/4.0 Safari/533.9.7"
216.73.217.23 - - [06/Jun/2026:00:49:14 +0200] "GET /produto/atum-selvagem-em-oleo-vegetal-ramirez/?add-to-cart=1990 HTTP/1.1" 200 61848 "-" "Mozilla/5.0 AppleWebKit/537.36 (KHTML, like Gecko; compatible; ClaudeBot/1.0; +claudebot@anthropic.com)"
114.119.150.140 - - [06/Jun/2026:00:49:17 +0200] "GET /produto/quinoa/?doing_wp_cron=1760093120.2603149414062500000000 HTTP/1.1" 200 57657 "https://www.baudefruta.pt/produto/quinoa/?doing_wp_cron=1760093120.2603149414062500000000" "Mozilla/5.0 (Linux; Android 7.0;) AppleWebKit/537.36 (HTML, like Gecko) Mobile Safari/537.36 (compatible; PetalBot;+https://webmaster.petalsearch.com/site/petalbot)"
216.73.217.23 - - [06/Jun/2026:00:49:17 +0200] "GET /produto/espaguete-nacional-500g/?add-to-cart=693 HTTP/1.1" 200 61882 "-" "Mozilla/5.0 AppleWebKit/537.36 (KHTML, like Gecko; compatible; ClaudeBot/1.0; +claudebot@anthropic.com)"
66.249.79.137 - - [06/Jun/2026:00:49:19 +0200] "GET /produto/azeitona-preta-oxidada/ HTTP/1.1" 302 102 "-" "Mozilla/5.0 (Linux; Android 6.0.1; Nexus 5X Build/MMB29P) AppleWebKit/537.36 (KHTML, like Gecko) Chrome/148.0.7778.96 Mobile Safari/537.36 (compatible; Googlebot/2.1; +http://www.google.com/bot.html)"
66.249.79.136 - - [06/Jun/2026:00:49:20 +0200] "GET /produto/azeitona-preta-oxidada/?doing_wp_cron=1780699759.0083520412445068359375 HTTP/1.1" 200 57838 "-" "Mozilla/5.0 (Linux; Android 6.0.1; Nexus 5X Build/MMB29P) AppleWebKit/537.36 (KHTML, like Gecko) Chrome/148.0.7778.96 Mobile Safari/537.36 (compatible; Googlebot/2.1; +http://www.google.com/bot.html)"
