66.249.79.136 - - [06/Jun/2026:01:51:39 +0200] "GET /wp-content/plugins/woocommerce-products-filter/js/html_types/radio.js?ver=2.2.9.4 HTTP/1.1" 200 763 "https://www.baudefruta.pt/produto/nabica/?doing_wp_cron=1780152862.0260279178619384765625&add-to-cart=1681" "Mozilla/5.0 (Linux; Android 6.0.1; Nexus 5X Build/MMB29P) AppleWebKit/537.36 (KHTML, like Gecko) Chrome/148.0.7778.96 Mobile Safari/537.36 (compatible; GoogleOther)"
216.73.217.23 - - [06/Jun/2026:01:51:42 +0200] "GET /loja/?add-to-cart=2015&doing_wp_cron=1701153572.9826118946075439453125&orderby=menu_order HTTP/1.1" 200 63425 "-" "Mozilla/5.0 AppleWebKit/537.36 (KHTML, like Gecko; compatible; ClaudeBot/1.0; +claudebot@anthropic.com)"
216.73.217.23 - - [06/Jun/2026:01:51:45 +0200] "GET /loja/?add-to-cart=693&doing_wp_cron=1780356259.9063909053802490234375&orderby=popularity HTTP/1.1" 200 63497 "-" "Mozilla/5.0 AppleWebKit/537.36 (KHTML, like Gecko; compatible; ClaudeBot/1.0; +claudebot@anthropic.com)"
216.73.217.23 - - [06/Jun/2026:01:51:48 +0200] "GET /loja/page/5/?add-to-cart=793&doing_wp_cron=1780208025.6175029277801513671875&orderby=menu_order HTTP/1.1" 200 64006 "-" "Mozilla/5.0 AppleWebKit/537.36 (KHTML, like Gecko; compatible; ClaudeBot/1.0; +claudebot@anthropic.com)"
216.73.217.23 - - [06/Jun/2026:01:51:51 +0200] "GET /loja/page/5/?add-to-cart=802&doing_wp_cron=1780462878.7975680828094482421875&orderby=menu_order HTTP/1.1" 200 64212 "-" "Mozilla/5.0 AppleWebKit/537.36 (KHTML, like Gecko; compatible; ClaudeBot/1.0; +claudebot@anthropic.com)"
114.119.149.3 - - [06/Jun/2026:01:51:53 +0200] "GET /produto/cha-hibisco-20-saquetas/?doing_wp_cron=1748754157.5025610923767089843750 HTTP/1.1" 200 57728 "https://www.baudefruta.pt/produto/cha-hibisco-20-saquetas/?doing_wp_cron=1748754157.5025610923767089843750" "Mozilla/5.0 (Linux; Android 7.0;) AppleWebKit/537.36 (HTML, like Gecko) Mobile Safari/537.36 (compatible; PetalBot;+https://webmaster.petalsearch.com/site/petalbot)"
178.217.98.153 - - [06/Jun/2026:01:51:56 +0200] "GET /2021/05/11/ola-mundo/ HTTP/1.0" 200 130822 "https://www.baudefruta.pt/2021/05/11/ola-mundo/#comment-68046" "Mozilla/5.0 (Windows NT 10.0; Win64; x64) AppleWebKit/537.36 (KHTML, like Gecko) Chrome/129.0.0.0 Safari/537.36"
216.73.217.23 - - [06/Jun/2026:01:51:59 +0200] "GET /loja/?add-to-cart=497&doing_wp_cron=1770738320.9674439430236816406250&orderby=menu_order HTTP/1.1" 200 60913 "-" "Mozilla/5.0 AppleWebKit/537.36 (KHTML, like Gecko; compatible; ClaudeBot/1.0; +claudebot@anthropic.com)"
216.73.217.23 - - [06/Jun/2026:01:52:02 +0200] "GET /loja/?add-to-cart=4338&doing_wp_cron=1780259951.9076659679412841796875&orderby=menu_order HTTP/1.1" 200 61228 "-" "Mozilla/5.0 AppleWebKit/537.36 (KHTML, like Gecko; compatible; ClaudeBot/1.0; +claudebot@anthropic.com)"
216.73.217.23 - - [06/Jun/2026:01:52:05 +0200] "GET /loja/page/3/?add-to-cart=622&doing_wp_cron=1780490103.7011010646820068359375&orderby=menu_order HTTP/1.1" 200 61302 "-" "Mozilla/5.0 AppleWebKit/537.36 (KHTML, like Gecko; compatible; ClaudeBot/1.0; +claudebot@anthropic.com)"
216.73.217.23 - - [06/Jun/2026:01:52:08 +0200] "GET /produto/amendoim-mel-e-sal/?add-to-cart=695&doing_wp_cron=1780555460.7475750446319580078125 HTTP/1.1" 200 59909 "-" "Mozilla/5.0 AppleWebKit/537.36 (KHTML, like Gecko; compatible; ClaudeBot/1.0; +claudebot@anthropic.com)"
216.73.217.23 - - [06/Jun/2026:01:52:11 +0200] "GET /loja/page/4/?add-to-cart=1132&doing_wp_cron=1780400178.2150061130523681640625&orderby=popularity HTTP/1.1" 200 62028 "-" "Mozilla/5.0 AppleWebKit/537.36 (KHTML, like Gecko; compatible; ClaudeBot/1.0; +claudebot@anthropic.com)"
216.73.217.23 - - [06/Jun/2026:01:52:14 +0200] "GET /loja/page/3/?add-to-cart=4236&doing_wp_cron=1780298590.2811610698699951171875&orderby=menu_order HTTP/1.1" 200 61853 "-" "Mozilla/5.0 AppleWebKit/537.36 (KHTML, like Gecko; compatible; ClaudeBot/1.0; +claudebot@anthropic.com)"
216.73.217.23 - - [06/Jun/2026:01:52:17 +0200] "GET /loja/?add-to-cart=559&doing_wp_cron=1780471458.6715359687805175781250&orderby=popularity HTTP/1.1" 200 62057 "-" "Mozilla/5.0 AppleWebKit/537.36 (KHTML, like Gecko; compatible; ClaudeBot/1.0; +claudebot@anthropic.com)"
216.73.217.23 - - [06/Jun/2026:01:52:20 +0200] "GET /loja/?add-to-cart=563&doing_wp_cron=1780208025.6175029277801513671875&orderby=popularity HTTP/1.1" 200 62233 "-" "Mozilla/5.0 AppleWebKit/537.36 (KHTML, like Gecko; compatible; ClaudeBot/1.0; +claudebot@anthropic.com)"
216.73.217.23 - - [06/Jun/2026:01:52:23 +0200] "GET /loja/page/2/?add-to-cart=602&doing_wp_cron=1780553398.6100089550018310546875&orderby=menu_order HTTP/1.1" 200 62880 "-" "Mozilla/5.0 AppleWebKit/537.36 (KHTML, like Gecko; compatible; ClaudeBot/1.0; +claudebot@anthropic.com)"
216.73.217.23 - - [06/Jun/2026:01:52:25 +0200] "GET /produto/miolo-de-noz/?add-to-cart=2043&doing_wp_cron=1780256240.9807300567626953125000 HTTP/1.1" 200 60998 "-" "Mozilla/5.0 AppleWebKit/537.36 (KHTML, like Gecko; compatible; ClaudeBot/1.0; +claudebot@anthropic.com)"
216.73.217.23 - - [06/Jun/2026:01:52:29 +0200] "GET /loja/page/4/?add-to-cart=4224&doing_wp_cron=1780356236.1233079433441162109375&orderby=popularity HTTP/1.1" 200 63305 "-" "Mozilla/5.0 AppleWebKit/537.36 (KHTML, like Gecko; compatible; ClaudeBot/1.0; +claudebot@anthropic.com)"
51.89.39.36 - - [06/Jun/2026:01:52:31 +0200] "GET /?wmo_hc=k7Hx9mQp2wRt HTTP/1.1" 302 11 "-" "Mozilla/5.0 (Windows NT 10.0; Win64; x64) AppleWebKit/537.36 (KHTML, like Gecko) Chrome/147.0.0.0 Safari/537.36"
51.89.39.36 - - [06/Jun/2026:01:52:31 +0200] "GET /?wmo_hc=k7Hx9mQp2wRt&doing_wp_cron=1780703551.2692110538482666015625 HTTP/1.1" 301 5 "-" "Mozilla/5.0 (Windows NT 10.0; Win64; x64) AppleWebKit/537.36 (KHTML, like Gecko) Chrome/147.0.0.0 Safari/537.36"
216.73.217.23 - - [06/Jun/2026:01:52:32 +0200] "GET /loja/?add-to-cart=478&doing_wp_cron=1780453183.1994099617004394531250&orderby=date HTTP/1.1" 200 63246 "-" "Mozilla/5.0 AppleWebKit/537.36 (KHTML, like Gecko; compatible; ClaudeBot/1.0; +claudebot@anthropic.com)"
51.89.39.36 - - [06/Jun/2026:01:52:32 +0200] "GET /?wmo_hc=k7Hx9mQp2wRt&doing_wp_cron=1780703551.2692110538482666015625 HTTP/1.1" 200 472483 "-" "Mozilla/5.0 (Windows NT 10.0; Win64; x64) AppleWebKit/537.36 (KHTML, like Gecko) Chrome/147.0.0.0 Safari/537.36"
216.73.217.23 - - [06/Jun/2026:01:52:35 +0200] "GET /loja/?add-to-cart=4225&doing_wp_cron=1780462878.7975680828094482421875&orderby=date HTTP/1.1" 200 63386 "-" "Mozilla/5.0 AppleWebKit/537.36 (KHTML, like Gecko; compatible; ClaudeBot/1.0; +claudebot@anthropic.com)"
216.73.217.23 - - [06/Jun/2026:01:52:38 +0200] "GET /loja/?add-to-cart=545&doing_wp_cron=1780534437.6809570789337158203125&orderby=popularity HTTP/1.1" 200 63391 "-" "Mozilla/5.0 AppleWebKit/537.36 (KHTML, like Gecko; compatible; ClaudeBot/1.0; +claudebot@anthropic.com)"
216.73.217.23 - - [06/Jun/2026:01:52:41 +0200] "GET /produto/semente-de-chia/?add-to-cart=712&doing_wp_cron=1780453960.5166590213775634765625 HTTP/1.1" 200 61895 "-" "Mozilla/5.0 AppleWebKit/537.36 (KHTML, like Gecko; compatible; ClaudeBot/1.0; +claudebot@anthropic.com)"
52.70.138.176 - - [06/Jun/2026:01:52:41 +0200] "GET /loja/page/5/?doing_wp_cron=1780484080.3415489196777343750000&orderby=price-desc HTTP/1.1" 200 60570 "-" "Mozilla/5.0 AppleWebKit/537.36 (KHTML, like Gecko; compatible; Amazonbot/0.1; +https://developer.amazon.com/support/amazonbot) Chrome/119.0.6045.214 Safari/537.36"
216.73.217.23 - - [06/Jun/2026:01:52:44 +0200] "GET /loja/page/2/?add-to-cart=2015&doing_wp_cron=1780462940.9905130863189697265625&orderby=popularity HTTP/1.1" 200 64034 "-" "Mozilla/5.0 AppleWebKit/537.36 (KHTML, like Gecko; compatible; ClaudeBot/1.0; +claudebot@anthropic.com)"
54.159.98.248 - - [06/Jun/2026:01:52:45 +0200] "GET /loja/page/11/?doing_wp_cron=1780484080.3415489196777343750000&orderby=popularity HTTP/1.1" 200 60352 "-" "Mozilla/5.0 AppleWebKit/537.36 (KHTML, like Gecko; compatible; Amazonbot/0.1; +https://developer.amazon.com/support/amazonbot) Chrome/119.0.6045.214 Safari/537.36"
178.217.98.153 - - [06/Jun/2026:01:52:46 +0200] "GET / HTTP/1.0" 200 130822 "https://www.baudefruta.pt/" "Mozilla/5.0 (Windows NT 10.0; Win64; x64) AppleWebKit/537.36 (KHTML, like Gecko) Chrome/129.0.0.0 Safari/537.36"
216.73.217.23 - - [06/Jun/2026:01:52:47 +0200] "GET /loja/page/2/?add-to-cart=439&doing_wp_cron=1780555436.5701129436492919921875&orderby=menu_order HTTP/1.1" 200 64362 "-" "Mozilla/5.0 AppleWebKit/537.36 (KHTML, like Gecko; compatible; ClaudeBot/1.0; +claudebot@anthropic.com)"
54.152.163.42 - - [06/Jun/2026:01:52:49 +0200] "GET /loja/page/2/?doing_wp_cron=1701153572.9826118946075439453125&orderby=price HTTP/1.1" 200 60273 "-" "Mozilla/5.0 AppleWebKit/537.36 (KHTML, like Gecko; compatible; Amazonbot/0.1; +https://developer.amazon.com/support/amazonbot) Chrome/119.0.6045.214 Safari/537.36"
216.73.217.23 - - [06/Jun/2026:01:52:50 +0200] "GET /loja/page/2/?add-to-cart=545&doing_wp_cron=1780551716.5523910522460937500000&orderby=menu_order HTTP/1.1" 200 64363 "-" "Mozilla/5.0 AppleWebKit/537.36 (KHTML, like Gecko; compatible; ClaudeBot/1.0; +claudebot@anthropic.com)"
216.73.217.23 - - [06/Jun/2026:01:52:53 +0200] "GET /loja/page/11/?add-to-cart=524&doing_wp_cron=1780541060.9407060146331787109375&orderby=menu_order HTTP/1.1" 200 63922 "-" "Mozilla/5.0 AppleWebKit/537.36 (KHTML, like Gecko; compatible; ClaudeBot/1.0; +claudebot@anthropic.com)"
216.73.217.23 - - [06/Jun/2026:01:53:02 +0200] "GET /loja/page/2/?add-to-cart=717&doing_wp_cron=1780557403.9619369506835937500000&orderby=menu_order HTTP/1.1" 200 61243 "-" "Mozilla/5.0 AppleWebKit/537.36 (KHTML, like Gecko; compatible; ClaudeBot/1.0; +claudebot@anthropic.com)"
216.73.217.23 - - [06/Jun/2026:01:53:06 +0200] "GET /loja/?add-to-cart=18756&doing_wp_cron=1780470504.6510601043701171875000&orderby=popularity HTTP/1.1" 200 61114 "-" "Mozilla/5.0 AppleWebKit/537.36 (KHTML, like Gecko; compatible; ClaudeBot/1.0; +claudebot@anthropic.com)"
216.73.217.23 - - [06/Jun/2026:01:53:09 +0200] "GET /loja/page/2/?add-to-cart=2014&doing_wp_cron=1780470504.6510601043701171875000&orderby=popularity HTTP/1.1" 200 61561 "-" "Mozilla/5.0 AppleWebKit/537.36 (KHTML, like Gecko; compatible; ClaudeBot/1.0; +claudebot@anthropic.com)"
216.73.217.23 - - [06/Jun/2026:01:53:12 +0200] "GET /produto/oleo-fula-3l/?add-to-cart=769&doing_wp_cron=1780319038.6419250965118408203125 HTTP/1.1" 200 60092 "-" "Mozilla/5.0 AppleWebKit/537.36 (KHTML, like Gecko; compatible; ClaudeBot/1.0; +claudebot@anthropic.com)"
216.73.217.23 - - [06/Jun/2026:01:53:15 +0200] "GET /loja/?add-to-cart=5345&doing_wp_cron=1779095602.6344830989837646484375&orderby=date HTTP/1.1" 200 61736 "-" "Mozilla/5.0 AppleWebKit/537.36 (KHTML, like Gecko; compatible; ClaudeBot/1.0; +claudebot@anthropic.com)"
114.119.132.173 - - [06/Jun/2026:01:53:17 +0200] "GET /produto/bau-hortofruticola/?doing_wp_cron=1770921873.4523589611053466796875 HTTP/1.1" 200 61727 "https://www.baudefruta.pt/produto/bau-hortofruticola/?doing_wp_cron=1770921873.4523589611053466796875" "Mozilla/5.0 (Linux; Android 7.0;) AppleWebKit/537.36 (HTML, like Gecko) Mobile Safari/537.36 (compatible; PetalBot;+https://webmaster.petalsearch.com/site/petalbot)"
216.73.217.23 - - [06/Jun/2026:01:53:18 +0200] "GET /loja/page/4/?add-to-cart=1133&doing_wp_cron=1780457004.9740800857543945312500&orderby=menu_order HTTP/1.1" 200 62489 "-" "Mozilla/5.0 AppleWebKit/537.36 (KHTML, like Gecko; compatible; ClaudeBot/1.0; +claudebot@anthropic.com)"
216.73.217.23 - - [06/Jun/2026:01:53:21 +0200] "GET /loja/page/2/?add-to-cart=414&doing_wp_cron=1780430342.1766259670257568359375&orderby=menu_order HTTP/1.1" 200 62577 "-" "Mozilla/5.0 AppleWebKit/537.36 (KHTML, like Gecko; compatible; ClaudeBot/1.0; +claudebot@anthropic.com)"
216.73.217.23 - - [06/Jun/2026:01:53:24 +0200] "GET /loja/page/5/?add-to-cart=690&doing_wp_cron=1780496817.3441560268402099609375&orderby=popularity HTTP/1.1" 200 63062 "-" "Mozilla/5.0 AppleWebKit/537.36 (KHTML, like Gecko; compatible; ClaudeBot/1.0; +claudebot@anthropic.com)"
216.73.217.23 - - [06/Jun/2026:01:53:27 +0200] "GET /loja/page/2/?add-to-cart=767&doing_wp_cron=1780455656.4795429706573486328125&orderby=menu_order HTTP/1.1" 200 62953 "-" "Mozilla/5.0 AppleWebKit/537.36 (KHTML, like Gecko; compatible; ClaudeBot/1.0; +claudebot@anthropic.com)"
38.49.217.60 - - [06/Jun/2026:01:53:28 +0200] "GET /wp-login.php HTTP/1.1" 200 51437 "-" "Mozilla/5.0 (Macintosh; Intel Mac OS X 10_15_7) AppleWebKit/537.36 (KHTML, like Gecko) Chrome/133.0.0.0 Safari/537.36 Edg/133.0.0.0"
38.49.217.60 - - [06/Jun/2026:01:53:29 +0200] "POST /wp-login.php HTTP/1.1" 405 552 "https://baudefruta.pt/wp-login.php" "Mozilla/5.0 (Macintosh; Intel Mac OS X 10_15_7) AppleWebKit/537.36 (KHTML, like Gecko) Chrome/133.0.0.0 Safari/537.36 Edg/133.0.0.0"
216.73.217.23 - - [06/Jun/2026:01:53:30 +0200] "GET /loja/page/2/?add-to-cart=439&doing_wp_cron=1780383896.6204249858856201171875&orderby=menu_order HTTP/1.1" 200 63129 "-" "Mozilla/5.0 AppleWebKit/537.36 (KHTML, like Gecko; compatible; ClaudeBot/1.0; +claudebot@anthropic.com)"
216.73.217.23 - - [06/Jun/2026:01:53:33 +0200] "GET /loja/?add-to-cart=408&doing_wp_cron=1780415179.5259048938751220703125&orderby=popularity HTTP/1.1" 200 62903 "-" "Mozilla/5.0 AppleWebKit/537.36 (KHTML, like Gecko; compatible; ClaudeBot/1.0; +claudebot@anthropic.com)"
216.73.217.23 - - [06/Jun/2026:01:53:36 +0200] "GET /produto/miolo-de-noz/?add-to-cart=1987&doing_wp_cron=1780582496.4064269065856933593750 HTTP/1.1" 200 61576 "-" "Mozilla/5.0 AppleWebKit/537.36 (KHTML, like Gecko; compatible; ClaudeBot/1.0; +claudebot@anthropic.com)"
216.73.217.23 - - [06/Jun/2026:01:53:39 +0200] "GET /loja/page/2/?add-to-cart=2041&doing_wp_cron=1780544538.0197379589080810546875&orderby=menu_order HTTP/1.1" 200 63692 "-" "Mozilla/5.0 AppleWebKit/537.36 (KHTML, like Gecko; compatible; ClaudeBot/1.0; +claudebot@anthropic.com)"
216.73.217.23 - - [06/Jun/2026:01:53:42 +0200] "GET /loja/page/10/?add-to-cart=767&doing_wp_cron=1780400178.2150061130523681640625&orderby=popularity HTTP/1.1" 200 64107 "-" "Mozilla/5.0 AppleWebKit/537.36 (KHTML, like Gecko; compatible; ClaudeBot/1.0; +claudebot@anthropic.com)"
216.73.217.23 - - [06/Jun/2026:01:53:45 +0200] "GET /produto/figo-seco-sem-farinha/?add-to-cart=735&doing_wp_cron=1780551178.6508100032806396484375 HTTP/1.1" 200 61937 "-" "Mozilla/5.0 AppleWebKit/537.36 (KHTML, like Gecko; compatible; ClaudeBot/1.0; +claudebot@anthropic.com)"
216.73.217.23 - - [06/Jun/2026:01:53:48 +0200] "GET /loja/page/2/?add-to-cart=767&doing_wp_cron=1780360638.0177381038665771484375&orderby=date HTTP/1.1" 200 63669 "-" "Mozilla/5.0 AppleWebKit/537.36 (KHTML, like Gecko; compatible; ClaudeBot/1.0; +claudebot@anthropic.com)"
216.73.217.23 - - [06/Jun/2026:01:53:51 +0200] "GET /produto/oleo-fula-3l/?add-to-cart=2038&doing_wp_cron=1780319038.6419250965118408203125 HTTP/1.1" 200 62257 "-" "Mozilla/5.0 AppleWebKit/537.36 (KHTML, like Gecko; compatible; ClaudeBot/1.0; +claudebot@anthropic.com)"
216.73.217.23 - - [06/Jun/2026:01:53:54 +0200] "GET /loja/page/4/?add-to-cart=500&doing_wp_cron=1780457004.9740800857543945312500&orderby=menu_order HTTP/1.1" 200 64477 "-" "Mozilla/5.0 AppleWebKit/537.36 (KHTML, like Gecko; compatible; ClaudeBot/1.0; +claudebot@anthropic.com)"
216.73.217.23 - - [06/Jun/2026:01:53:57 +0200] "GET /loja/page/3/?add-to-cart=2042&doing_wp_cron=1780541060.9407060146331787109375&orderby=menu_order HTTP/1.1" 200 64124 "-" "Mozilla/5.0 AppleWebKit/537.36 (KHTML, like Gecko; compatible; ClaudeBot/1.0; +claudebot@anthropic.com)"
216.73.217.23 - - [06/Jun/2026:01:54:00 +0200] "GET /produto/pera-rocha/?add-to-cart=486&doing_wp_cron=1780364637.2950370311737060546875 HTTP/1.1" 200 62831 "-" "Mozilla/5.0 AppleWebKit/537.36 (KHTML, like Gecko; compatible; ClaudeBot/1.0; +claudebot@anthropic.com)"
216.73.217.23 - - [06/Jun/2026:01:54:03 +0200] "GET /loja/?add-to-cart=18756&doing_wp_cron=1780453183.1994099617004394531250&orderby=popularity HTTP/1.1" 200 64392 "-" "Mozilla/5.0 AppleWebKit/537.36 (KHTML, like Gecko; compatible; ClaudeBot/1.0; +claudebot@anthropic.com)"
216.73.217.23 - - [06/Jun/2026:01:54:07 +0200] "GET /loja/?add-to-cart=691&doing_wp_cron=1780494314.2484500408172607421875&orderby=date HTTP/1.1" 200 64722 "-" "Mozilla/5.0 AppleWebKit/537.36 (KHTML, like Gecko; compatible; ClaudeBot/1.0; +claudebot@anthropic.com)"
216.73.217.23 - - [06/Jun/2026:01:54:09 +0200] "GET /loja/?add-to-cart=1125&doing_wp_cron=1780445660.5325009822845458984375&orderby=date HTTP/1.1" 200 64911 "-" "Mozilla/5.0 AppleWebKit/537.36 (KHTML, like Gecko; compatible; ClaudeBot/1.0; +claudebot@anthropic.com)"
216.73.217.23 - - [06/Jun/2026:01:54:12 +0200] "GET /loja/page/3/?add-to-cart=1992&doing_wp_cron=1780496817.3441560268402099609375&orderby=popularity HTTP/1.1" 200 65319 "-" "Mozilla/5.0 AppleWebKit/537.36 (KHTML, like Gecko; compatible; ClaudeBot/1.0; +claudebot@anthropic.com)"
216.73.217.23 - - [06/Jun/2026:01:54:15 +0200] "GET /loja/page/3/?add-to-cart=585&doing_wp_cron=1780489939.7494440078735351562500&orderby=menu_order HTTP/1.1" 200 65125 "-" "Mozilla/5.0 AppleWebKit/537.36 (KHTML, like Gecko; compatible; ClaudeBot/1.0; +claudebot@anthropic.com)"
216.73.217.23 - - [06/Jun/2026:01:54:18 +0200] "GET /loja/page/10/?add-to-cart=486&doing_wp_cron=1780400178.2150061130523681640625&orderby=popularity HTTP/1.1" 200 65967 "-" "Mozilla/5.0 AppleWebKit/537.36 (KHTML, like Gecko; compatible; ClaudeBot/1.0; +claudebot@anthropic.com)"
216.73.217.23 - - [06/Jun/2026:01:54:21 +0200] "GET /produto/ovos-cal-l-2/?add-to-cart=530&doing_wp_cron=1780486645.1286249160766601562500 HTTP/1.1" 200 63788 "-" "Mozilla/5.0 AppleWebKit/537.36 (KHTML, like Gecko; compatible; ClaudeBot/1.0; +claudebot@anthropic.com)"
138.199.60.183 - - [06/Jun/2026:01:54:23 +0200] "GET /2021/05/11/ola-mundo/ HTTP/1.1" 200 1135691 "https://www.baudefruta.pt/" "Mozilla/5.0 (Windows NT 10.0; Win64; x64) AppleWebKit/537.36 (KHTML, like Gecko) Chrome/144.0.0.0 YaBrowser/26.3.0.0 Safari/537.36"
216.73.217.23 - - [06/Jun/2026:01:54:24 +0200] "GET /loja/page/7/?add-to-cart=935&doing_wp_cron=1780457004.9740800857543945312500&orderby=popularity HTTP/1.1" 200 66263 "-" "Mozilla/5.0 AppleWebKit/537.36 (KHTML, like Gecko; compatible; ClaudeBot/1.0; +claudebot@anthropic.com)"
216.73.217.23 - - [06/Jun/2026:01:54:27 +0200] "GET /produto/oleo-fula-3l/?add-to-cart=2040&doing_wp_cron=1780319038.6419250965118408203125 HTTP/1.1" 200 64236 "-" "Mozilla/5.0 AppleWebKit/537.36 (KHTML, like Gecko; compatible; ClaudeBot/1.0; +claudebot@anthropic.com)"
138.199.60.183 - - [06/Jun/2026:01:54:29 +0200] "GET /2021/05/11/ola-mundo/ HTTP/1.1" 200 1135691 "https://www.baudefruta.pt/2021/05/11/ola-mundo/" "Mozilla/5.0 (Windows NT 10.0; Win64; x64) AppleWebKit/537.36 (KHTML, like Gecko) Chrome/144.0.0.0 YaBrowser/26.3.0.0 Safari/537.36"
216.73.217.23 - - [06/Jun/2026:01:54:30 +0200] "GET /loja/?add-to-cart=4226&doing_wp_cron=1780066683.4503800868988037109375&orderby=date HTTP/1.1" 200 66012 "-" "Mozilla/5.0 AppleWebKit/537.36 (KHTML, like Gecko; compatible; ClaudeBot/1.0; +claudebot@anthropic.com)"
216.73.217.23 - - [06/Jun/2026:01:54:33 +0200] "GET /loja/?add-to-cart=4781&doing_wp_cron=1780383896.6204249858856201171875&orderby=date HTTP/1.1" 200 66165 "-" "Mozilla/5.0 AppleWebKit/537.36 (KHTML, like Gecko; compatible; ClaudeBot/1.0; +claudebot@anthropic.com)"
216.73.217.23 - - [06/Jun/2026:01:54:36 +0200] "GET /produto/endivias/?add-to-cart=5345&doing_wp_cron=1780454038.1888170242309570312500 HTTP/1.1" 200 64486 "-" "Mozilla/5.0 AppleWebKit/537.36 (KHTML, like Gecko; compatible; ClaudeBot/1.0; +claudebot@anthropic.com)"
216.73.217.23 - - [06/Jun/2026:01:54:39 +0200] "GET /loja/page/3/?add-to-cart=897&doing_wp_cron=1780398917.1266179084777832031250&orderby=menu_order HTTP/1.1" 200 66280 "-" "Mozilla/5.0 AppleWebKit/537.36 (KHTML, like Gecko; compatible; ClaudeBot/1.0; +claudebot@anthropic.com)"
114.119.133.26 - - [06/Jun/2026:01:54:42 +0200] "GET /loja/page/8/?orderby=price-desc&doing_wp_cron=1763885004.8823380470275878906250 HTTP/1.1" 200 60680 "https://www.baudefruta.pt/loja/page/8/?orderby=date&doing_wp_cron=1763885004.8823380470275878906250" "Mozilla/5.0 (Linux; Android 7.0;) AppleWebKit/537.36 (HTML, like Gecko) Mobile Safari/537.36 (compatible; PetalBot;+https://webmaster.petalsearch.com/site/petalbot)"
216.73.217.23 - - [06/Jun/2026:01:54:42 +0200] "GET /loja/page/2/?add-to-cart=1934&doing_wp_cron=1780360638.0177381038665771484375&orderby=popularity HTTP/1.1" 200 66732 "-" "Mozilla/5.0 AppleWebKit/537.36 (KHTML, like Gecko; compatible; ClaudeBot/1.0; +claudebot@anthropic.com)"
216.73.217.23 - - [06/Jun/2026:01:54:45 +0200] "GET /loja/?add-to-cart=530&doing_wp_cron=1780415098.0220060348510742187500&orderby=popularity HTTP/1.1" 200 66461 "-" "Mozilla/5.0 AppleWebKit/537.36 (KHTML, like Gecko; compatible; ClaudeBot/1.0; +claudebot@anthropic.com)"
216.73.217.23 - - [06/Jun/2026:01:54:48 +0200] "GET /categoria-produto/mercearia/page/6/?doing_wp_cron=1780484422.2412259578704833984375&orderby=price HTTP/1.1" 200 64514 "-" "Mozilla/5.0 AppleWebKit/537.36 (KHTML, like Gecko; compatible; ClaudeBot/1.0; +claudebot@anthropic.com)"
58.10.30.185 - - [06/Jun/2026:01:54:48 +0200] "GET /categoria-produto/mercearia/?add-to-cart=2039&doing_wp_cron=1779785519.6235189437866210937500&orderby=date HTTP/1.1" 200 60697 "-" "Mozilla/5.0 (compatible; MSIE 8.0; Windows NT 5.01; Trident/5.1)"
216.73.217.23 - - [06/Jun/2026:01:54:51 +0200] "GET /loja/page/11/?add-to-cart=934&doing_wp_cron=1780356236.1233079433441162109375&orderby=popularity HTTP/1.1" 200 66884 "-" "Mozilla/5.0 AppleWebKit/537.36 (KHTML, like Gecko; compatible; ClaudeBot/1.0; +claudebot@anthropic.com)"
216.73.217.23 - - [06/Jun/2026:01:54:54 +0200] "GET /loja/page/2/?add-to-cart=466&doing_wp_cron=1780430342.1766259670257568359375&orderby=menu_order HTTP/1.1" 200 67178 "-" "Mozilla/5.0 AppleWebKit/537.36 (KHTML, like Gecko; compatible; ClaudeBot/1.0; +claudebot@anthropic.com)"
216.73.217.23 - - [06/Jun/2026:01:54:57 +0200] "GET /loja/?add-to-cart=589&doing_wp_cron=1780319098.8176429271697998046875&orderby=date HTTP/1.1" 200 67015 "-" "Mozilla/5.0 AppleWebKit/537.36 (KHTML, like Gecko; compatible; ClaudeBot/1.0; +claudebot@anthropic.com)"
216.73.217.23 - - [06/Jun/2026:01:55:00 +0200] "GET /loja/page/7/?add-to-cart=706&doing_wp_cron=1780338056.7367100715637207031250&orderby=menu_order HTTP/1.1" 200 67483 "-" "Mozilla/5.0 AppleWebKit/537.36 (KHTML, like Gecko; compatible; ClaudeBot/1.0; +claudebot@anthropic.com)"
216.73.217.23 - - [06/Jun/2026:01:55:04 +0200] "GET /loja/page/4/?add-to-cart=454&doing_wp_cron=1780457004.9740800857543945312500&orderby=menu_order HTTP/1.1" 200 67759 "-" "Mozilla/5.0 AppleWebKit/537.36 (KHTML, like Gecko; compatible; ClaudeBot/1.0; +claudebot@anthropic.com)"
216.73.217.23 - - [06/Jun/2026:01:55:07 +0200] "GET /produto/miolo-de-noz/?add-to-cart=4338&doing_wp_cron=1780256240.9807300567626953125000 HTTP/1.1" 200 65871 "-" "Mozilla/5.0 AppleWebKit/537.36 (KHTML, like Gecko; compatible; ClaudeBot/1.0; +claudebot@anthropic.com)"
216.73.217.23 - - [06/Jun/2026:01:55:10 +0200] "GET /loja/page/11/?add-to-cart=749&doing_wp_cron=1780462796.7094769477844238281250&orderby=popularity HTTP/1.1" 200 61140 "-" "Mozilla/5.0 AppleWebKit/537.36 (KHTML, like Gecko; compatible; ClaudeBot/1.0; +claudebot@anthropic.com)"
216.73.217.23 - - [06/Jun/2026:01:55:12 +0200] "GET /loja/page/8/?add-to-cart=606&doing_wp_cron=1780410981.3310050964355468750000&orderby=date HTTP/1.1" 200 61150 "-" "Mozilla/5.0 AppleWebKit/537.36 (KHTML, like Gecko; compatible; ClaudeBot/1.0; +claudebot@anthropic.com)"
216.73.217.23 - - [06/Jun/2026:01:55:15 +0200] "GET /loja/page/7/?add-to-cart=4224&doing_wp_cron=1780592658.1118791103363037109375&orderby=price-desc HTTP/1.1" 200 61783 "-" "Mozilla/5.0 AppleWebKit/537.36 (KHTML, like Gecko; compatible; ClaudeBot/1.0; +claudebot@anthropic.com)"
216.73.217.23 - - [06/Jun/2026:01:55:18 +0200] "GET /loja/page/9/?add-to-cart=1937&doing_wp_cron=1780445098.1589419841766357421875&orderby=popularity HTTP/1.1" 200 62375 "-" "Mozilla/5.0 AppleWebKit/537.36 (KHTML, like Gecko; compatible; ClaudeBot/1.0; +claudebot@anthropic.com)"
216.73.217.23 - - [06/Jun/2026:01:55:21 +0200] "GET /loja/page/8/?add-to-cart=4228&doing_wp_cron=1780505756.6808669567108154296875&orderby=menu_order HTTP/1.1" 200 61956 "-" "Mozilla/5.0 AppleWebKit/537.36 (KHTML, like Gecko; compatible; ClaudeBot/1.0; +claudebot@anthropic.com)"
216.73.217.23 - - [06/Jun/2026:01:55:24 +0200] "GET /loja/page/11/?add-to-cart=715&doing_wp_cron=1780454178.6453809738159179687500&orderby=popularity HTTP/1.1" 200 62277 "-" "Mozilla/5.0 AppleWebKit/537.36 (KHTML, like Gecko; compatible; ClaudeBot/1.0; +claudebot@anthropic.com)"
216.73.217.23 - - [06/Jun/2026:01:55:28 +0200] "GET /categoria-produto/mercearia/?add-to-cart=1993&doing_wp_cron=1780484422.2412259578704833984375&orderby=popularity HTTP/1.1" 200 62617 "-" "Mozilla/5.0 AppleWebKit/537.36 (KHTML, like Gecko; compatible; ClaudeBot/1.0; +claudebot@anthropic.com)"
216.73.217.23 - - [06/Jun/2026:01:55:32 +0200] "GET /categoria-produto/mercearia/?add-to-cart=2044&doing_wp_cron=1780298636.7111411094665527343750&orderby=menu_order HTTP/1.1" 200 60816 "-" "Mozilla/5.0 AppleWebKit/537.36 (KHTML, like Gecko; compatible; ClaudeBot/1.0; +claudebot@anthropic.com)"
216.73.217.23 - - [06/Jun/2026:01:55:35 +0200] "GET /categoria-produto/mercearia/?add-to-cart=2034&doing_wp_cron=1780484479.3946309089660644531250&orderby=menu_order HTTP/1.1" 200 61040 "-" "Mozilla/5.0 AppleWebKit/537.36 (KHTML, like Gecko; compatible; ClaudeBot/1.0; +claudebot@anthropic.com)"
216.73.217.23 - - [06/Jun/2026:01:55:38 +0200] "GET /categoria-produto/mercearia/?add-to-cart=2013&doing_wp_cron=1780228029.8608980178833007812500&orderby=menu_order HTTP/1.1" 200 61274 "-" "Mozilla/5.0 AppleWebKit/537.36 (KHTML, like Gecko; compatible; ClaudeBot/1.0; +claudebot@anthropic.com)"
131.221.202.130 - - [06/Jun/2026:01:55:40 +0200] "GET /carrinho/?_wpnonce=e762cbc873&remove_item=b1eec33c726a60554bc78518d5f9b32c HTTP/1.1" 302 11 "-" "Opera/9.63.(X11; Linux i686; sid-ET) Presto/2.9.184 Version/11.00"
216.73.217.23 - - [06/Jun/2026:01:55:41 +0200] "GET /categoria-produto/mercearia/?add-to-cart=2047&doing_wp_cron=1780232829.3746149539947509765625&orderby=menu_order HTTP/1.1" 200 61489 "-" "Mozilla/5.0 AppleWebKit/537.36 (KHTML, like Gecko; compatible; ClaudeBot/1.0; +claudebot@anthropic.com)"
216.73.217.23 - - [06/Jun/2026:01:55:44 +0200] "GET /loja/page/4/?add-to-cart=893&doing_wp_cron=1699032554.2910571098327636718750&orderby=menu_order HTTP/1.1" 200 62305 "-" "Mozilla/5.0 AppleWebKit/537.36 (KHTML, like Gecko; compatible; ClaudeBot/1.0; +claudebot@anthropic.com)"
216.73.217.23 - - [06/Jun/2026:01:55:47 +0200] "GET /loja/page/2/?add-to-cart=3519&doing_wp_cron=1780259951.9076659679412841796875&orderby=menu_order HTTP/1.1" 200 62367 "-" "Mozilla/5.0 AppleWebKit/537.36 (KHTML, like Gecko; compatible; ClaudeBot/1.0; +claudebot@anthropic.com)"
216.73.217.23 - - [06/Jun/2026:01:55:50 +0200] "GET /loja/page/3/?add-to-cart=2012&doing_wp_cron=1780398980.3144240379333496093750&orderby=date HTTP/1.1" 200 62294 "-" "Mozilla/5.0 AppleWebKit/537.36 (KHTML, like Gecko; compatible; ClaudeBot/1.0; +claudebot@anthropic.com)"
57.141.20.54 - - [06/Jun/2026:01:55:52 +0200] "GET /product-sitemap1.xml HTTP/1.1" 200 26074 "-" "meta-externalagent/1.1 (+https://developers.facebook.com/docs/sharing/webmasters/crawler)"
216.73.217.23 - - [06/Jun/2026:01:55:53 +0200] "GET /loja/page/7/?add-to-cart=666&doing_wp_cron=1780566237.4421460628509521484375&orderby=menu_order HTTP/1.1" 200 62707 "-" "Mozilla/5.0 AppleWebKit/537.36 (KHTML, like Gecko; compatible; ClaudeBot/1.0; +claudebot@anthropic.com)"
216.73.217.23 - - [06/Jun/2026:01:55:56 +0200] "GET /loja/page/3/?add-to-cart=1985&doing_wp_cron=1780345137.3122010231018066406250&orderby=menu_order HTTP/1.1" 200 62498 "-" "Mozilla/5.0 AppleWebKit/537.36 (KHTML, like Gecko; compatible; ClaudeBot/1.0; +claudebot@anthropic.com)"
187.190.23.53 - - [06/Jun/2026:01:55:58 +0200] "GET /carrinho/?_wpnonce=e762cbc873&remove_item=b1eec33c726a60554bc78518d5f9b32c&doing_wp_cron=1780703740.9246900081634521484375 HTTP/1.1" 200 55605 "-" "Mozilla/5.0 (Android 4.4.4; Mobile; rv:65.0) Gecko/65.0 Firefox/65.0"
216.73.217.23 - - [06/Jun/2026:01:55:59 +0200] "GET /loja/page/9/?add-to-cart=571&doing_wp_cron=1780388636.6831140518188476562500&orderby=menu_order HTTP/1.1" 200 63048 "-" "Mozilla/5.0 AppleWebKit/537.36 (KHTML, like Gecko; compatible; ClaudeBot/1.0; +claudebot@anthropic.com)"
216.73.217.23 - - [06/Jun/2026:01:56:02 +0200] "GET /produto/macarronete-nacional-500g/?add-to-cart=2009&doing_wp_cron=1780420081.1191689968109130859375 HTTP/1.1" 200 61495 "-" "Mozilla/5.0 AppleWebKit/537.36 (KHTML, like Gecko; compatible; ClaudeBot/1.0; +claudebot@anthropic.com)"
114.119.149.254 - - [06/Jun/2026:01:56:05 +0200] "GET /loja/page/7/?orderby=menu_order&doing_wp_cron=1684354466.7359011173248291015625 HTTP/1.1" 200 60468 "https://www.baudefruta.pt/loja/page/8/?orderby=menu_order&doing_wp_cron=1684354466.7359011173248291015625" "Mozilla/5.0 (Linux; Android 7.0;) AppleWebKit/537.36 (HTML, like Gecko) Mobile Safari/537.36 (compatible; PetalBot;+https://webmaster.petalsearch.com/site/petalbot)"
216.73.217.23 - - [06/Jun/2026:01:56:10 +0200] "GET /loja/page/9/?add-to-cart=532&doing_wp_cron=1780464358.8749949932098388671875&orderby=date HTTP/1.1" 200 60411 "-" "Mozilla/5.0 AppleWebKit/537.36 (KHTML, like Gecko; compatible; ClaudeBot/1.0; +claudebot@anthropic.com)"
216.73.217.23 - - [06/Jun/2026:01:56:14 +0200] "GET /loja/page/3/?add-to-cart=567&doing_wp_cron=1780529696.4466600418090820312500&orderby=popularity HTTP/1.1" 200 61381 "-" "Mozilla/5.0 AppleWebKit/537.36 (KHTML, like Gecko; compatible; ClaudeBot/1.0; +claudebot@anthropic.com)"
216.73.217.23 - - [06/Jun/2026:01:56:17 +0200] "GET /loja/page/6/?add-to-cart=641&doing_wp_cron=1724760408.5467429161071777343750&orderby=popularity HTTP/1.1" 200 62130 "-" "Mozilla/5.0 AppleWebKit/537.36 (KHTML, like Gecko; compatible; ClaudeBot/1.0; +claudebot@anthropic.com)"
216.73.217.23 - - [06/Jun/2026:01:56:24 +0200] "GET /loja/page/9/?add-to-cart=541&doing_wp_cron=1780424125.1127629280090332031250&orderby=date HTTP/1.1" 200 60399 "-" "Mozilla/5.0 AppleWebKit/537.36 (KHTML, like Gecko; compatible; ClaudeBot/1.0; +claudebot@anthropic.com)"
216.73.217.23 - - [06/Jun/2026:01:56:26 +0200] "GET /loja/page/3/?add-to-cart=2008&doing_wp_cron=1780505598.3389461040496826171875&orderby=date HTTP/1.1" 200 61240 "-" "Mozilla/5.0 AppleWebKit/537.36 (KHTML, like Gecko; compatible; ClaudeBot/1.0; +claudebot@anthropic.com)"
216.73.217.23 - - [06/Jun/2026:01:56:29 +0200] "GET /loja/page/10/?add-to-cart=712&doing_wp_cron=1780549918.2844839096069335937500&orderby=menu_order HTTP/1.1" 200 61768 "-" "Mozilla/5.0 AppleWebKit/537.36 (KHTML, like Gecko; compatible; ClaudeBot/1.0; +claudebot@anthropic.com)"
216.73.217.23 - - [06/Jun/2026:01:56:32 +0200] "GET /loja/page/3/?add-to-cart=4779&doing_wp_cron=1780356298.9136428833007812500000&orderby=menu_order HTTP/1.1" 200 61478 "-" "Mozilla/5.0 AppleWebKit/537.36 (KHTML, like Gecko; compatible; ClaudeBot/1.0; +claudebot@anthropic.com)"
216.73.217.23 - - [06/Jun/2026:01:56:35 +0200] "GET /categoria-produto/mercearia/?add-to-cart=761&doing_wp_cron=1780390100.9062159061431884765625&orderby=date HTTP/1.1" 200 61582 "-" "Mozilla/5.0 AppleWebKit/537.36 (KHTML, like Gecko; compatible; ClaudeBot/1.0; +claudebot@anthropic.com)"
216.73.217.23 - - [06/Jun/2026:01:56:38 +0200] "GET /loja/page/5/?add-to-cart=706&doing_wp_cron=1780338116.7118010520935058593750&orderby=popularity HTTP/1.1" 200 62656 "-" "Mozilla/5.0 AppleWebKit/537.36 (KHTML, like Gecko; compatible; ClaudeBot/1.0; +claudebot@anthropic.com)"
216.73.217.23 - - [06/Jun/2026:01:56:41 +0200] "GET /loja/page/6/?add-to-cart=763&doing_wp_cron=1724760408.5467429161071777343750&orderby=popularity HTTP/1.1" 200 62980 "-" "Mozilla/5.0 AppleWebKit/537.36 (KHTML, like Gecko; compatible; ClaudeBot/1.0; +claudebot@anthropic.com)"
216.73.217.23 - - [06/Jun/2026:01:56:44 +0200] "GET /categoria-produto/mercearia/?add-to-cart=630&doing_wp_cron=1780203376.2785120010375976562500&orderby=date HTTP/1.1" 200 62252 "-" "Mozilla/5.0 AppleWebKit/537.36 (KHTML, like Gecko; compatible; ClaudeBot/1.0; +claudebot@anthropic.com)"
216.73.217.23 - - [06/Jun/2026:01:56:47 +0200] "GET /loja/page/2/?add-to-cart=1990&doing_wp_cron=1780360638.0177381038665771484375&orderby=price HTTP/1.1" 200 62747 "-" "Mozilla/5.0 AppleWebKit/537.36 (KHTML, like Gecko; compatible; ClaudeBot/1.0; +claudebot@anthropic.com)"
216.73.217.23 - - [06/Jun/2026:01:56:50 +0200] "GET /loja/page/4/?add-to-cart=1540&doing_wp_cron=1780551716.5523910522460937500000&orderby=date HTTP/1.1" 200 63358 "-" "Mozilla/5.0 AppleWebKit/537.36 (KHTML, like Gecko; compatible; ClaudeBot/1.0; +claudebot@anthropic.com)"
216.73.217.23 - - [06/Jun/2026:01:56:53 +0200] "GET /loja/?add-to-cart=4235&doing_wp_cron=1780328969.7069408893585205078125&orderby=date HTTP/1.1" 200 63276 "-" "Mozilla/5.0 AppleWebKit/537.36 (KHTML, like Gecko; compatible; ClaudeBot/1.0; +claudebot@anthropic.com)"
216.73.217.23 - - [06/Jun/2026:01:56:56 +0200] "GET /loja/page/9/?add-to-cart=18756&doing_wp_cron=1780388636.6831140518188476562500&orderby=menu_order HTTP/1.1" 200 63647 "-" "Mozilla/5.0 AppleWebKit/537.36 (KHTML, like Gecko; compatible; ClaudeBot/1.0; +claudebot@anthropic.com)"
216.73.217.23 - - [06/Jun/2026:01:56:59 +0200] "GET /loja/page/8/?add-to-cart=1934&doing_wp_cron=1780496838.3491590023040771484375&orderby=popularity HTTP/1.1" 200 64353 "-" "Mozilla/5.0 AppleWebKit/537.36 (KHTML, like Gecko; compatible; ClaudeBot/1.0; +claudebot@anthropic.com)"
216.73.217.23 - - [06/Jun/2026:01:57:02 +0200] "GET /loja/page/4/?add-to-cart=3517&doing_wp_cron=1780505577.2491059303283691406250&orderby=popularity HTTP/1.1" 200 64103 "-" "Mozilla/5.0 AppleWebKit/537.36 (KHTML, like Gecko; compatible; ClaudeBot/1.0; +claudebot@anthropic.com)"
216.73.217.23 - - [06/Jun/2026:01:57:05 +0200] "GET /loja/page/7/?add-to-cart=795&doing_wp_cron=1780420099.1374759674072265625000&orderby=menu_order HTTP/1.1" 200 64389 "-" "Mozilla/5.0 AppleWebKit/537.36 (KHTML, like Gecko; compatible; ClaudeBot/1.0; +claudebot@anthropic.com)"
216.73.217.23 - - [06/Jun/2026:01:57:11 +0200] "GET /loja/?add-to-cart=1984&doing_wp_cron=1759043873.1749200820922851562500&orderby=menu_order HTTP/1.1" 200 60888 "-" "Mozilla/5.0 AppleWebKit/537.36 (KHTML, like Gecko; compatible; ClaudeBot/1.0; +claudebot@anthropic.com)"
216.73.217.23 - - [06/Jun/2026:01:57:13 +0200] "GET /loja/?add-to-cart=4337&doing_wp_cron=1759043873.1749200820922851562500&orderby=menu_order HTTP/1.1" 200 61163 "-" "Mozilla/5.0 AppleWebKit/537.36 (KHTML, like Gecko; compatible; ClaudeBot/1.0; +claudebot@anthropic.com)"
216.73.217.23 - - [06/Jun/2026:01:57:17 +0200] "GET /loja/page/11/?doing_wp_cron=1766181287.2179350852966308593750&orderby=price HTTP/1.1" 200 61052 "-" "Mozilla/5.0 AppleWebKit/537.36 (KHTML, like Gecko; compatible; ClaudeBot/1.0; +claudebot@anthropic.com)"
216.73.217.23 - - [06/Jun/2026:01:57:20 +0200] "GET /loja/?add-to-cart=526&doing_wp_cron=1759043873.1749200820922851562500&orderby=popularity HTTP/1.1" 200 61251 "-" "Mozilla/5.0 AppleWebKit/537.36 (KHTML, like Gecko; compatible; ClaudeBot/1.0; +claudebot@anthropic.com)"
216.73.217.23 - - [06/Jun/2026:01:57:22 +0200] "GET /loja/?add-to-cart=409&doing_wp_cron=1759043873.1749200820922851562500&orderby=popularity HTTP/1.1" 200 61353 "-" "Mozilla/5.0 AppleWebKit/537.36 (KHTML, like Gecko; compatible; ClaudeBot/1.0; +claudebot@anthropic.com)"
216.73.217.23 - - [06/Jun/2026:01:57:25 +0200] "GET /loja/page/3/?add-to-cart=1986&orderby=price-desc HTTP/1.1" 302 11 "-" "Mozilla/5.0 AppleWebKit/537.36 (KHTML, like Gecko; compatible; ClaudeBot/1.0; +claudebot@anthropic.com)"
216.73.217.23 - - [06/Jun/2026:01:57:26 +0200] "GET /loja/page/3/?add-to-cart=1986&orderby=price-desc&doing_wp_cron=1780703845.4321289062500000000000 HTTP/1.1" 200 62317 "https://www.baudefruta.pt/loja/page/3/?add-to-cart=1986&orderby=price-desc" "Mozilla/5.0 AppleWebKit/537.36 (KHTML, like Gecko; compatible; ClaudeBot/1.0; +claudebot@anthropic.com)"
114.119.135.57 - - [06/Jun/2026:01:57:28 +0200] "GET /loja/page/7/?orderby=menu_order&doing_wp_cron=1684063961.5928289890289306640625 HTTP/1.1" 200 60460 "https://www.baudefruta.pt/loja/page/7/?orderby=price-desc&doing_wp_cron=1684063961.5928289890289306640625" "Mozilla/5.0 (Linux; Android 7.0;) AppleWebKit/537.36 (HTML, like Gecko) Mobile Safari/537.36 (compatible; PetalBot;+https://webmaster.petalsearch.com/site/petalbot)"
216.73.217.23 - - [06/Jun/2026:01:57:29 +0200] "GET /loja/?add-to-cart=538&doing_wp_cron=1759043873.1749200820922851562500&orderby=popularity HTTP/1.1" 200 61768 "-" "Mozilla/5.0 AppleWebKit/537.36 (KHTML, like Gecko; compatible; ClaudeBot/1.0; +claudebot@anthropic.com)"
216.73.217.23 - - [06/Jun/2026:01:57:32 +0200] "GET /loja/page/11/?doing_wp_cron=1765642876.6927409172058105468750&orderby=price HTTP/1.1" 200 61850 "-" "Mozilla/5.0 AppleWebKit/537.36 (KHTML, like Gecko; compatible; ClaudeBot/1.0; +claudebot@anthropic.com)"
216.73.217.23 - - [06/Jun/2026:01:57:35 +0200] "GET /loja/page/3/?doing_wp_cron=1765642876.6927409172058105468750&orderby=price HTTP/1.1" 200 62021 "-" "Mozilla/5.0 AppleWebKit/537.36 (KHTML, like Gecko; compatible; ClaudeBot/1.0; +claudebot@anthropic.com)"
216.73.217.23 - - [06/Jun/2026:01:57:38 +0200] "GET /loja/page/8/?add-to-cart=519&orderby=price-desc HTTP/1.1" 200 62499 "-" "Mozilla/5.0 AppleWebKit/537.36 (KHTML, like Gecko; compatible; ClaudeBot/1.0; +claudebot@anthropic.com)"
216.73.217.23 - - [06/Jun/2026:01:57:41 +0200] "GET /loja/page/3/?add-to-cart=599&orderby=price-desc HTTP/1.1" 200 62827 "-" "Mozilla/5.0 AppleWebKit/537.36 (KHTML, like Gecko; compatible; ClaudeBot/1.0; +claudebot@anthropic.com)"
178.16.52.137 - - [06/Jun/2026:01:57:42 +0200] "POST /wp-login.php?action=register HTTP/1.1" 403 146 "-" "-"
216.73.217.23 - - [06/Jun/2026:01:57:44 +0200] "GET /loja/page/2/?doing_wp_cron=1765642876.6927409172058105468750&orderby=price HTTP/1.1" 200 62305 "-" "Mozilla/5.0 AppleWebKit/537.36 (KHTML, like Gecko; compatible; ClaudeBot/1.0; +claudebot@anthropic.com)"
216.73.217.23 - - [06/Jun/2026:01:57:47 +0200] "GET /loja/page/7/?add-to-cart=935&orderby=price-desc HTTP/1.1" 200 62816 "-" "Mozilla/5.0 AppleWebKit/537.36 (KHTML, like Gecko; compatible; ClaudeBot/1.0; +claudebot@anthropic.com)"
216.73.217.23 - - [06/Jun/2026:01:57:50 +0200] "GET /loja/page/2/?add-to-cart=715&orderby=price-desc HTTP/1.1" 200 63057 "-" "Mozilla/5.0 AppleWebKit/537.36 (KHTML, like Gecko; compatible; ClaudeBot/1.0; +claudebot@anthropic.com)"
216.73.217.23 - - [06/Jun/2026:01:57:53 +0200] "GET /loja/page/7/?add-to-cart=449&orderby=price-desc HTTP/1.1" 200 63189 "-" "Mozilla/5.0 AppleWebKit/537.36 (KHTML, like Gecko; compatible; ClaudeBot/1.0; +claudebot@anthropic.com)"
216.73.217.23 - - [06/Jun/2026:01:57:56 +0200] "GET /loja/page/4/?add-to-cart=532&orderby=price-desc HTTP/1.1" 200 63147 "-" "Mozilla/5.0 AppleWebKit/537.36 (KHTML, like Gecko; compatible; ClaudeBot/1.0; +claudebot@anthropic.com)"
216.73.217.23 - - [06/Jun/2026:01:57:59 +0200] "GET /loja/page/11/?doing_wp_cron=1703787820.8273739814758300781250&orderby=date HTTP/1.1" 200 62121 "-" "Mozilla/5.0 AppleWebKit/537.36 (KHTML, like Gecko; compatible; ClaudeBot/1.0; +claudebot@anthropic.com)"
216.73.217.23 - - [06/Jun/2026:01:58:02 +0200] "GET /loja/page/8/?add-to-cart=2011&orderby=price-desc HTTP/1.1" 200 63704 "-" "Mozilla/5.0 AppleWebKit/537.36 (KHTML, like Gecko; compatible; ClaudeBot/1.0; +claudebot@anthropic.com)"
216.73.217.23 - - [06/Jun/2026:01:58:05 +0200] "GET /loja/page/10/?add-to-cart=2013&orderby=price-desc HTTP/1.1" 200 63444 "-" "Mozilla/5.0 AppleWebKit/537.36 (KHTML, like Gecko; compatible; ClaudeBot/1.0; +claudebot@anthropic.com)"
216.73.217.23 - - [06/Jun/2026:01:58:08 +0200] "GET /loja/page/5/?doing_wp_cron=1703787820.8273739814758300781250&orderby=date HTTP/1.1" 200 63614 "-" "Mozilla/5.0 AppleWebKit/537.36 (KHTML, like Gecko; compatible; ClaudeBot/1.0; +claudebot@anthropic.com)"
216.73.217.23 - - [06/Jun/2026:01:58:11 +0200] "GET /loja/page/11/?doing_wp_cron=1705054787.4118249416351318359375&orderby=date HTTP/1.1" 200 62560 "-" "Mozilla/5.0 AppleWebKit/537.36 (KHTML, like Gecko; compatible; ClaudeBot/1.0; +claudebot@anthropic.com)"
178.16.52.137 - - [06/Jun/2026:01:58:16 +0200] "POST /wp-login.php?action=register HTTP/1.1" 403 146 "-" "-"
216.73.217.23 - - [06/Jun/2026:01:58:18 +0200] "GET /categoria-produto/mercearia/?add-to-cart=690&doing_wp_cron=1780323738.5383338928222656250000&orderby=menu_order HTTP/1.1" 200 60838 "-" "Mozilla/5.0 AppleWebKit/537.36 (KHTML, like Gecko; compatible; ClaudeBot/1.0; +claudebot@anthropic.com)"
216.73.217.23 - - [06/Jun/2026:01:58:24 +0200] "GET /loja/page/8/?add-to-cart=624&doing_wp_cron=1780319120.4665279388427734375000&orderby=menu_order HTTP/1.1" 200 61326 "-" "Mozilla/5.0 AppleWebKit/537.36 (KHTML, like Gecko; compatible; ClaudeBot/1.0; +claudebot@anthropic.com)"
216.73.217.23 - - [06/Jun/2026:01:58:28 +0200] "GET /categoria-produto/mercearia/?add-to-cart=901&doing_wp_cron=1780290429.9225111007690429687500&orderby=date HTTP/1.1" 200 61111 "-" "Mozilla/5.0 AppleWebKit/537.36 (KHTML, like Gecko; compatible; ClaudeBot/1.0; +claudebot@anthropic.com)"
216.73.217.23 - - [06/Jun/2026:01:58:31 +0200] "GET /loja/page/4/?add-to-cart=706&doing_wp_cron=1780424125.1127629280090332031250&orderby=date HTTP/1.1" 200 62055 "-" "Mozilla/5.0 AppleWebKit/537.36 (KHTML, like Gecko; compatible; ClaudeBot/1.0; +claudebot@anthropic.com)"
216.73.217.23 - - [06/Jun/2026:01:58:34 +0200] "GET /categoria-produto/mercearia/?add-to-cart=793&doing_wp_cron=1780389740.5137329101562500000000&orderby=popularity HTTP/1.1" 200 62083 "-" "Mozilla/5.0 AppleWebKit/537.36 (KHTML, like Gecko; compatible; ClaudeBot/1.0; +claudebot@anthropic.com)"
173.252.95.21 - - [06/Jun/2026:01:58:35 +0200] "GET /meta.json?utm_source=meta&utm_campaign=reg24 HTTP/1.1" 302 11 "-" "facebookexternalhit/1.1 (+http://www.facebook.com/externalhit_uatext.php)"
173.252.95.3 - - [06/Jun/2026:01:58:37 +0200] "GET /meta.json?utm_source=meta&utm_campaign=reg24&doing_wp_cron=1780703915.4955749511718750000000 HTTP/1.1" 404 298183 "-" "facebookexternalhit/1.1 (+http://www.facebook.com/externalhit_uatext.php)"
216.73.217.23 - - [06/Jun/2026:01:58:37 +0200] "GET /loja/page/5/?add-to-cart=793&doing_wp_cron=1780205258.9664719104766845703125&orderby=price HTTP/1.1" 200 62354 "-" "Mozilla/5.0 AppleWebKit/537.36 (KHTML, like Gecko; compatible; ClaudeBot/1.0; +claudebot@anthropic.com)"
216.73.217.23 - - [06/Jun/2026:01:58:40 +0200] "GET /loja/?add-to-cart=557&doing_wp_cron=1780453183.1994099617004394531250&orderby=price HTTP/1.1" 200 62219 "-" "Mozilla/5.0 AppleWebKit/537.36 (KHTML, like Gecko; compatible; ClaudeBot/1.0; +claudebot@anthropic.com)"
216.73.217.23 - - [06/Jun/2026:01:58:43 +0200] "GET /loja/page/6/?add-to-cart=795&doing_wp_cron=1749500398.4001810550689697265625&orderby=menu_order HTTP/1.1" 200 62305 "-" "Mozilla/5.0 AppleWebKit/537.36 (KHTML, like Gecko; compatible; ClaudeBot/1.0; +claudebot@anthropic.com)"
216.73.217.23 - - [06/Jun/2026:01:58:47 +0200] "GET /loja/page/3/?add-to-cart=1988&doing_wp_cron=1780486857.8343369960784912109375&orderby=date HTTP/1.1" 200 61027 "-" "Mozilla/5.0 AppleWebKit/537.36 (KHTML, like Gecko; compatible; ClaudeBot/1.0; +claudebot@anthropic.com)"
220.181.108.169 - - [06/Jun/2026:01:58:47 +0200] "GET /produto/salsa/ HTTP/1.1" 200 57586 "-" "Mozilla/5.0 (compatible; Baiduspider/2.0; +http://www.baidu.com/search/spider.html)"
216.73.217.23 - - [06/Jun/2026:01:58:51 +0200] "GET /loja/page/3/?add-to-cart=524&doing_wp_cron=1780445696.5725550651550292968750&orderby=popularity HTTP/1.1" 200 61408 "-" "Mozilla/5.0 AppleWebKit/537.36 (KHTML, like Gecko; compatible; ClaudeBot/1.0; +claudebot@anthropic.com)"
116.179.37.60 - - [06/Jun/2026:01:58:51 +0200] "GET /wp-content/themes/baudefruta-un/style.css?ver=1384942426 HTTP/1.1" 200 896 "https://www.baudefruta.pt/produto/salsa/" "Mozilla/5.0 (compatible; Baiduspider-render/2.0; +http://www.baidu.com/search/spider.html)"
116.179.37.214 - - [06/Jun/2026:01:58:51 +0200] "GET /wp-content/plugins/woocommerce/assets/client/blocks/wc-blocks.css?ver=wc-10.2.2 HTTP/1.1" 200 2673 "https://www.baudefruta.pt/produto/salsa/" "Mozilla/5.0 (compatible; Baiduspider-render/2.0; +http://www.baidu.com/search/spider.html)"
116.179.37.84 - - [06/Jun/2026:01:58:51 +0200] "GET /wp-content/uploads/2022/05/Maca-Fuji.jpg HTTP/1.1" 200 63139 "https://www.baudefruta.pt/produto/salsa/" "Mozilla/5.0 (compatible; Baiduspider-render/2.0; +http://www.baidu.com/search/spider.html)"
116.179.37.49 - - [06/Jun/2026:01:58:51 +0200] "GET /wp-content/uploads/2021/06/SL001-salsa-1.jpg HTTP/1.1" 200 21392 "https://www.baudefruta.pt/produto/salsa/" "Mozilla/5.0 (compatible; Baiduspider-render/2.0; +http://www.baidu.com/search/spider.html)"
116.179.37.75 - - [06/Jun/2026:01:58:51 +0200] "GET /wp-content/themes/uncode/library/css/woocommerce.css?ver=1132887707 HTTP/1.1" 200 20067 "https://www.baudefruta.pt/produto/salsa/" "Mozilla/5.0 (compatible; Baiduspider-render/2.0; +http://www.baidu.com/search/spider.html)"
116.179.37.59 - - [06/Jun/2026:01:58:51 +0200] "GET /wp-content/themes/uncode/library/css/style.css?ver=1132887707 HTTP/1.1" 200 70140 "https://www.baudefruta.pt/produto/salsa/" "Mozilla/5.0 (compatible; Baiduspider-render/2.0; +http://www.baidu.com/search/spider.html)"
114.119.135.57 - - [06/Jun/2026:01:58:51 +0200] "GET /loja/page/7/?orderby=menu_order&doing_wp_cron=1683563247.6934161186218261718750 HTTP/1.1" 200 60470 "https://www.baudefruta.pt/loja/page/7/?orderby=price-desc&doing_wp_cron=1683563247.6934161186218261718750" "Mozilla/5.0 (Linux; Android 7.0;) AppleWebKit/537.36 (HTML, like Gecko) Mobile Safari/537.36 (compatible; PetalBot;+https://webmaster.petalsearch.com/site/petalbot)"
116.179.37.98 - - [06/Jun/2026:01:58:52 +0200] "GET /wp-content/themes/uncode/library/css/uncode-icons.css?ver=1132887707 HTTP/1.1" 200 12098 "https://www.baudefruta.pt/produto/salsa/" "Mozilla/5.0 (compatible; Baiduspider-render/2.0; +http://www.baidu.com/search/spider.html)"
116.179.37.94 - - [06/Jun/2026:01:58:52 +0200] "GET /wp-content/themes/uncode/library/js/init.js?ver=1132887707 HTTP/1.1" 200 38505 "https://www.baudefruta.pt/produto/salsa/" "Mozilla/5.0 (compatible; Baiduspider-render/2.0; +http://www.baidu.com/search/spider.html)"
116.179.37.9 - - [06/Jun/2026:01:58:52 +0200] "GET /wp-content/themes/uncode/library/js/app.js?ver=1132887707 HTTP/1.1" 200 41076 "https://www.baudefruta.pt/produto/salsa/" "Mozilla/5.0 (compatible; Baiduspider-render/2.0; +http://www.baidu.com/search/spider.html)"
116.179.37.205 - - [06/Jun/2026:01:58:52 +0200] "GET /wp-content/themes/uncode/library/js/plugins.js?ver=1132887707 HTTP/1.1" 200 192565 "https://www.baudefruta.pt/produto/salsa/" "Mozilla/5.0 (compatible; Baiduspider-render/2.0; +http://www.baidu.com/search/spider.html)"
116.179.37.218 - - [06/Jun/2026:01:58:53 +0200] "GET /wp-content/plugins/woocommerce/assets/js/zoom/jquery.zoom.min.js?ver=1.7.21-wc.10.2.2 HTTP/1.1" 200 1205 "https://www.baudefruta.pt/produto/salsa/" "Mozilla/5.0 (compatible; Baiduspider-render/2.0; +http://www.baidu.com/search/spider.html)"
116.179.37.189 - - [06/Jun/2026:01:58:53 +0200] "GET /wp-content/plugins/uncode-js_composer/assets/lib/bower/flexslider/jquery.flexslider-min.js?ver=6.5.0 HTTP/1.1" 200 6483 "https://www.baudefruta.pt/produto/salsa/" "Mozilla/5.0 (compatible; Baiduspider-render/2.0; +http://www.baidu.com/search/spider.html)"
116.179.37.225 - - [06/Jun/2026:01:58:53 +0200] "GET /wp-content/themes/uncode/library/js/woocommerce-uncode.js?ver=1132887707 HTTP/1.1" 200 7190 "https://www.baudefruta.pt/produto/salsa/" "Mozilla/5.0 (compatible; Baiduspider-render/2.0; +http://www.baidu.com/search/spider.html)"
216.73.217.23 - - [06/Jun/2026:01:58:54 +0200] "GET /loja/?add-to-cart=559&doing_wp_cron=1780207778.1771409511566162109375&orderby=price HTTP/1.1" 200 61528 "-" "Mozilla/5.0 AppleWebKit/537.36 (KHTML, like Gecko; compatible; ClaudeBot/1.0; +claudebot@anthropic.com)"
216.73.217.23 - - [06/Jun/2026:01:58:56 +0200] "GET /loja/page/3/?add-to-cart=458&doing_wp_cron=1780496838.3491590023040771484375&orderby=date HTTP/1.1" 200 61643 "-" "Mozilla/5.0 AppleWebKit/537.36 (KHTML, like Gecko; compatible; ClaudeBot/1.0; +claudebot@anthropic.com)"
216.73.217.23 - - [06/Jun/2026:01:59:00 +0200] "GET /loja/page/5/?add-to-cart=2042&doing_wp_cron=1780471458.6715359687805175781250&orderby=popularity HTTP/1.1" 200 62243 "-" "Mozilla/5.0 AppleWebKit/537.36 (KHTML, like Gecko; compatible; ClaudeBot/1.0; +claudebot@anthropic.com)"
216.73.217.23 - - [06/Jun/2026:01:59:03 +0200] "GET /loja/page/5/?add-to-cart=2042&doing_wp_cron=1780338116.7118010520935058593750&orderby=menu_order HTTP/1.1" 200 61825 "-" "Mozilla/5.0 AppleWebKit/537.36 (KHTML, like Gecko; compatible; ClaudeBot/1.0; +claudebot@anthropic.com)"
216.73.217.23 - - [06/Jun/2026:01:59:06 +0200] "GET /loja/page/5/?add-to-cart=240&doing_wp_cron=1749500398.4001810550689697265625&orderby=menu_order HTTP/1.1" 200 63645 "-" "Mozilla/5.0 AppleWebKit/537.36 (KHTML, like Gecko; compatible; ClaudeBot/1.0; +claudebot@anthropic.com)"
216.73.217.23 - - [06/Jun/2026:01:59:09 +0200] "GET /loja/page/11/?add-to-cart=476&doing_wp_cron=1770738320.9674439430236816406250&orderby=menu_order HTTP/1.1" 200 63400 "-" "Mozilla/5.0 AppleWebKit/537.36 (KHTML, like Gecko; compatible; ClaudeBot/1.0; +claudebot@anthropic.com)"
216.73.217.23 - - [06/Jun/2026:01:59:12 +0200] "GET /loja/page/2/?add-to-cart=2039&doing_wp_cron=1780496838.3491590023040771484375&orderby=date HTTP/1.1" 200 63957 "-" "Mozilla/5.0 AppleWebKit/537.36 (KHTML, like Gecko; compatible; ClaudeBot/1.0; +claudebot@anthropic.com)"
