75.119.139.177 - - [06/Jun/2026:00:26:49 +0200] "GET /product-sitemap1.xml HTTP/1.1" 200 3480 "-" "WordPress/6.9.1; https://www.baudefruta.pt"
75.119.139.177 - - [06/Jun/2026:00:26:50 +0200] "GET /product-sitemap2.xml HTTP/1.1" 200 1554 "-" "WordPress/6.9.1; https://www.baudefruta.pt"
75.119.139.177 - - [06/Jun/2026:00:26:50 +0200] "GET /category-sitemap.xml HTTP/1.1" 200 384 "-" "WordPress/6.9.1; https://www.baudefruta.pt"
62.197.45.211 - - [06/Jun/2026:00:26:50 +0200] "POST /wp-comments-post.php HTTP/1.0" 302 0 "https://www.baudefruta.pt/2021/05/11/ola-mundo/" "Mozilla/5.0 (Windows NT 10.0; Win64; x64) AppleWebKit/537.36 (KHTML, like Gecko) Chrome/130.0.0.0 Safari/537.36"
216.73.217.23 - - [06/Jun/2026:00:26:50 +0200] "GET /produto/feijao-verde-largo/?add-to-cart=552&doing_wp_cron=1780250395.0767691135406494140625 HTTP/1.1" 200 61615 "-" "Mozilla/5.0 AppleWebKit/537.36 (KHTML, like Gecko; compatible; ClaudeBot/1.0; +claudebot@anthropic.com)"
216.73.217.23 - - [06/Jun/2026:00:26:54 +0200] "GET /loja/?add-to-cart=1681&doing_wp_cron=1780305920.7864100933074951171875&orderby=menu_order HTTP/1.1" 200 63501 "-" "Mozilla/5.0 AppleWebKit/537.36 (KHTML, like Gecko; compatible; ClaudeBot/1.0; +claudebot@anthropic.com)"
62.197.45.211 - - [06/Jun/2026:00:26:54 +0200] "GET /2021/05/11/ola-mundo/ HTTP/1.0" 200 327135 "https://www.baudefruta.pt/2021/05/11/ola-mundo/#comment-68800" "Mozilla/5.0 (Windows NT 10.0; Win64; x64) AppleWebKit/537.36 (KHTML, like Gecko) Chrome/130.0.0.0 Safari/537.36"
52.167.144.220 - - [06/Jun/2026:00:26:56 +0200] "GET /produto/tomilho-100gr/?doing_wp_cron=1765713680.7329800128936767578125 HTTP/1.1" 200 57395 "-" "Mozilla/5.0 AppleWebKit/537.36 (KHTML, like Gecko; compatible; bingbot/2.0; +http://www.bing.com/bingbot.htm) Chrome/116.0.1938.76 Safari/537.36"
216.73.217.23 - - [06/Jun/2026:00:26:57 +0200] "GET /categoria-produto/mercearia/?add-to-cart=2047&doing_wp_cron=1780211347.2811141014099121093750&orderby=menu_order HTTP/1.1" 200 63693 "-" "Mozilla/5.0 AppleWebKit/537.36 (KHTML, like Gecko; compatible; ClaudeBot/1.0; +claudebot@anthropic.com)"
216.73.217.23 - - [06/Jun/2026:00:26:59 +0200] "GET /produto/alface/?add-to-cart=468&doing_wp_cron=1780203700.5307528972625732421875 HTTP/1.1" 200 62142 "-" "Mozilla/5.0 AppleWebKit/537.36 (KHTML, like Gecko; compatible; ClaudeBot/1.0; +claudebot@anthropic.com)"
114.119.149.254 - - [06/Jun/2026:00:27:00 +0200] "GET /loja/page/7/?orderby=popularity&doing_wp_cron=1758686695.5406661033630371093750 HTTP/1.1" 200 60862 "https://www.baudefruta.pt/loja/page/7/?orderby=price-desc&doing_wp_cron=1758686695.5406661033630371093750" "Mozilla/5.0 (Linux; Android 7.0;) AppleWebKit/537.36 (HTML, like Gecko) Mobile Safari/537.36 (compatible; PetalBot;+https://webmaster.petalsearch.com/site/petalbot)"
216.73.217.23 - - [06/Jun/2026:00:27:03 +0200] "GET /loja/?add-to-cart=425&doing_wp_cron=1780319098.8176429271697998046875&orderby=popularity HTTP/1.1" 200 63969 "-" "Mozilla/5.0 AppleWebKit/537.36 (KHTML, like Gecko; compatible; ClaudeBot/1.0; +claudebot@anthropic.com)"
216.73.217.23 - - [06/Jun/2026:00:27:05 +0200] "GET /categoria-produto/mercearia/page/6/?doing_wp_cron=1780580939.6450829505920410156250&orderby=price HTTP/1.1" 200 61999 "-" "Mozilla/5.0 AppleWebKit/537.36 (KHTML, like Gecko; compatible; ClaudeBot/1.0; +claudebot@anthropic.com)"
216.73.217.23 - - [06/Jun/2026:00:27:08 +0200] "GET /produto/oleo-alimentar-de-tempero-5l/?add-to-cart=690&doing_wp_cron=1780119573.6498179435729980468750 HTTP/1.1" 200 62858 "-" "Mozilla/5.0 AppleWebKit/537.36 (KHTML, like Gecko; compatible; ClaudeBot/1.0; +claudebot@anthropic.com)"
216.73.217.23 - - [06/Jun/2026:00:27:12 +0200] "GET /loja/?add-to-cart=4337&doing_wp_cron=1780429678.1482779979705810546875&orderby=popularity HTTP/1.1" 200 64322 "-" "Mozilla/5.0 AppleWebKit/537.36 (KHTML, like Gecko; compatible; ClaudeBot/1.0; +claudebot@anthropic.com)"
216.73.217.23 - - [06/Jun/2026:00:27:16 +0200] "GET /produto/meloa-galia/?add-to-cart=4236&doing_wp_cron=1780612159.0353300571441650390625 HTTP/1.1" 200 59177 "-" "Mozilla/5.0 AppleWebKit/537.36 (KHTML, like Gecko; compatible; ClaudeBot/1.0; +claudebot@anthropic.com)"
216.73.217.23 - - [06/Jun/2026:00:27:19 +0200] "GET /produto/amendoim-mel-e-sal/?add-to-cart=825&doing_wp_cron=1780464680.4078578948974609375000 HTTP/1.1" 200 59427 "-" "Mozilla/5.0 AppleWebKit/537.36 (KHTML, like Gecko; compatible; ClaudeBot/1.0; +claudebot@anthropic.com)"
216.73.217.23 - - [06/Jun/2026:00:27:22 +0200] "GET /loja/page/2/?add-to-cart=606&doing_wp_cron=1753433019.5413260459899902343750 HTTP/1.1" 200 61759 "-" "Mozilla/5.0 AppleWebKit/537.36 (KHTML, like Gecko; compatible; ClaudeBot/1.0; +claudebot@anthropic.com)"
216.73.217.23 - - [06/Jun/2026:00:27:25 +0200] "GET /categoria-produto/mercearia/page/4/?doing_wp_cron=1780376541.5817520618438720703125&orderby=price HTTP/1.1" 200 61604 "-" "Mozilla/5.0 AppleWebKit/537.36 (KHTML, like Gecko; compatible; ClaudeBot/1.0; +claudebot@anthropic.com)"
216.73.217.23 - - [06/Jun/2026:00:27:28 +0200] "GET /produto/feijao-verde-largo/?add-to-cart=557&doing_wp_cron=1780250395.0767691135406494140625 HTTP/1.1" 200 59950 "-" "Mozilla/5.0 AppleWebKit/537.36 (KHTML, like Gecko; compatible; ClaudeBot/1.0; +claudebot@anthropic.com)"
216.73.217.23 - - [06/Jun/2026:00:27:31 +0200] "GET /produto/miolo-de-noz/?add-to-cart=1992&doing_wp_cron=1780256240.9807300567626953125000 HTTP/1.1" 200 60064 "-" "Mozilla/5.0 AppleWebKit/537.36 (KHTML, like Gecko; compatible; ClaudeBot/1.0; +claudebot@anthropic.com)"
216.73.217.23 - - [06/Jun/2026:00:27:34 +0200] "GET /loja/page/3/?add-to-cart=2013&doing_wp_cron=1780475962.5489630699157714843750&orderby=popularity HTTP/1.1" 200 62303 "-" "Mozilla/5.0 AppleWebKit/537.36 (KHTML, like Gecko; compatible; ClaudeBot/1.0; +claudebot@anthropic.com)"
216.73.217.23 - - [06/Jun/2026:00:27:37 +0200] "GET /loja/page/3/?add-to-cart=1994&doing_wp_cron=1780268890.7532269954681396484375&orderby=menu_order HTTP/1.1" 200 62104 "-" "Mozilla/5.0 AppleWebKit/537.36 (KHTML, like Gecko; compatible; ClaudeBot/1.0; +claudebot@anthropic.com)"
216.73.217.23 - - [06/Jun/2026:00:27:40 +0200] "GET /loja/page/6/?doing_wp_cron=1780505637.3969678878784179687500&orderby=price-desc HTTP/1.1" 200 62690 "-" "Mozilla/5.0 AppleWebKit/537.36 (KHTML, like Gecko; compatible; ClaudeBot/1.0; +claudebot@anthropic.com)"
216.73.217.23 - - [06/Jun/2026:00:27:43 +0200] "GET /produto/groselha/?add-to-cart=606&doing_wp_cron=1780384317.7189331054687500000000 HTTP/1.1" 200 60294 "-" "Mozilla/5.0 AppleWebKit/537.36 (KHTML, like Gecko; compatible; ClaudeBot/1.0; +claudebot@anthropic.com)"
216.73.217.23 - - [06/Jun/2026:00:27:46 +0200] "GET /loja/?add-to-cart=433&doing_wp_cron=1780356259.9063909053802490234375&orderby=date HTTP/1.1" 200 62542 "-" "Mozilla/5.0 AppleWebKit/537.36 (KHTML, like Gecko; compatible; ClaudeBot/1.0; +claudebot@anthropic.com)"
216.73.217.23 - - [06/Jun/2026:00:27:49 +0200] "GET /loja/page/2/?add-to-cart=2014&doing_wp_cron=1780360638.0177381038665771484375&orderby=date HTTP/1.1" 200 62687 "-" "Mozilla/5.0 AppleWebKit/537.36 (KHTML, like Gecko; compatible; ClaudeBot/1.0; +claudebot@anthropic.com)"
95.108.213.193 - - [06/Jun/2026:00:27:49 +0200] "GET /wp-content/uploads/2021/06/BB001-batata_peq-assar-uai-1145x1145.jpg HTTP/1.1" 200 410902 "-" "Mozilla/5.0 (compatible; YandexImages/3.0; +http://yandex.com/bots)"
216.73.217.23 - - [06/Jun/2026:00:27:54 +0200] "GET /loja/page/7/?add-to-cart=2010&doing_wp_cron=1780338056.7367100715637207031250&orderby=menu_order HTTP/1.1" 200 61218 "-" "Mozilla/5.0 AppleWebKit/537.36 (KHTML, like Gecko; compatible; ClaudeBot/1.0; +claudebot@anthropic.com)"
216.73.217.23 - - [06/Jun/2026:00:27:56 +0200] "GET /loja/?add-to-cart=733&doing_wp_cron=1780410981.3310050964355468750000&orderby=date HTTP/1.1" 200 61229 "-" "Mozilla/5.0 AppleWebKit/537.36 (KHTML, like Gecko; compatible; ClaudeBot/1.0; +claudebot@anthropic.com)"
216.73.217.23 - - [06/Jun/2026:00:27:59 +0200] "GET /loja/page/3/?add-to-cart=585&doing_wp_cron=1780552196.7174270153045654296875&orderby=popularity HTTP/1.1" 200 61711 "-" "Mozilla/5.0 AppleWebKit/537.36 (KHTML, like Gecko; compatible; ClaudeBot/1.0; +claudebot@anthropic.com)"
216.73.217.23 - - [06/Jun/2026:00:28:03 +0200] "GET /loja/page/7/?add-to-cart=622&doing_wp_cron=1780360638.0177381038665771484375&orderby=menu_order HTTP/1.1" 200 61946 "-" "Mozilla/5.0 AppleWebKit/537.36 (KHTML, like Gecko; compatible; ClaudeBot/1.0; +claudebot@anthropic.com)"
216.73.217.23 - - [06/Jun/2026:00:28:05 +0200] "GET /produto/vinagre-de-sidra/?add-to-cart=901&doing_wp_cron=1780438258.5164470672607421875000 HTTP/1.1" 200 59974 "-" "Mozilla/5.0 AppleWebKit/537.36 (KHTML, like Gecko; compatible; ClaudeBot/1.0; +claudebot@anthropic.com)"
216.73.217.23 - - [06/Jun/2026:00:28:08 +0200] "GET /loja/page/4/?add-to-cart=751&doing_wp_cron=1780247694.3308169841766357421875&orderby=menu_order HTTP/1.1" 200 62478 "-" "Mozilla/5.0 AppleWebKit/537.36 (KHTML, like Gecko; compatible; ClaudeBot/1.0; +claudebot@anthropic.com)"
216.73.217.23 - - [06/Jun/2026:00:28:11 +0200] "GET /loja/?add-to-cart=578&doing_wp_cron=1780521228.9134140014648437500000&orderby=date HTTP/1.1" 200 62319 "-" "Mozilla/5.0 AppleWebKit/537.36 (KHTML, like Gecko; compatible; ClaudeBot/1.0; +claudebot@anthropic.com)"
216.73.217.23 - - [06/Jun/2026:00:28:14 +0200] "GET /loja/?add-to-cart=4225&doing_wp_cron=1780383836.4200708866119384765625&orderby=menu_order HTTP/1.1" 200 62513 "-" "Mozilla/5.0 AppleWebKit/537.36 (KHTML, like Gecko; compatible; ClaudeBot/1.0; +claudebot@anthropic.com)"
216.73.217.23 - - [06/Jun/2026:00:28:17 +0200] "GET /produto/alho-seco/?add-to-cart=4233&doing_wp_cron=1721142302.1859409809112548828125 HTTP/1.1" 200 60958 "-" "Mozilla/5.0 AppleWebKit/537.36 (KHTML, like Gecko; compatible; ClaudeBot/1.0; +claudebot@anthropic.com)"
216.73.217.23 - - [06/Jun/2026:00:28:20 +0200] "GET /loja/?add-to-cart=3520&doing_wp_cron=1779095602.6344830989837646484375&orderby=menu_order HTTP/1.1" 200 62892 "-" "Mozilla/5.0 AppleWebKit/537.36 (KHTML, like Gecko; compatible; ClaudeBot/1.0; +claudebot@anthropic.com)"
114.119.141.203 - - [06/Jun/2026:00:28:23 +0200] "GET /loja/page/7/?orderby=popularity&doing_wp_cron=1756503279.1566989421844482421875 HTTP/1.1" 200 60863 "https://www.baudefruta.pt/loja/page/9/?orderby=popularity&doing_wp_cron=1756503279.1566989421844482421875" "Mozilla/5.0 (Linux; Android 7.0;) AppleWebKit/537.36 (HTML, like Gecko) Mobile Safari/537.36 (compatible; PetalBot;+https://webmaster.petalsearch.com/site/petalbot)"
216.73.217.23 - - [06/Jun/2026:00:28:24 +0200] "GET /loja/page/3/?add-to-cart=2011&doing_wp_cron=1780462940.9905130863189697265625&orderby=menu_order HTTP/1.1" 200 62978 "-" "Mozilla/5.0 AppleWebKit/537.36 (KHTML, like Gecko; compatible; ClaudeBot/1.0; +claudebot@anthropic.com)"
216.73.217.23 - - [06/Jun/2026:00:28:26 +0200] "GET /loja/?add-to-cart=541&doing_wp_cron=1780486432.4119439125061035156250&orderby=popularity HTTP/1.1" 200 63132 "-" "Mozilla/5.0 AppleWebKit/537.36 (KHTML, like Gecko; compatible; ClaudeBot/1.0; +claudebot@anthropic.com)"
216.73.217.23 - - [06/Jun/2026:00:28:31 +0200] "GET /loja/page/3/?add-to-cart=2012&doing_wp_cron=1780406818.1222550868988037109375&orderby=menu_order HTTP/1.1" 200 60758 "-" "Mozilla/5.0 AppleWebKit/537.36 (KHTML, like Gecko; compatible; ClaudeBot/1.0; +claudebot@anthropic.com)"
216.73.217.23 - - [06/Jun/2026:00:28:34 +0200] "GET /produto/batata-vermelha/?add-to-cart=444&doing_wp_cron=1780135860.4364490509033203125000 HTTP/1.1" 200 59427 "-" "Mozilla/5.0 AppleWebKit/537.36 (KHTML, like Gecko; compatible; ClaudeBot/1.0; +claudebot@anthropic.com)"
216.73.217.23 - - [06/Jun/2026:00:28:37 +0200] "GET /loja/?add-to-cart=538&doing_wp_cron=1780208025.6175029277801513671875&orderby=popularity HTTP/1.1" 200 61157 "-" "Mozilla/5.0 AppleWebKit/537.36 (KHTML, like Gecko; compatible; ClaudeBot/1.0; +claudebot@anthropic.com)"
3.144.69.63 - - [06/Jun/2026:00:28:38 +0200] "GET /2021/05/11/ola-mundo/ HTTP/1.1" 302 102 "https://www.baudefruta.pt/" "Mozilla/5.0 (Macintosh; Intel Mac OS X 10_15_7) AppleWebKit/605.1.15 (KHTML, like Gecko) Version/26.3 Safari/605.1.15"
216.73.217.23 - - [06/Jun/2026:00:28:40 +0200] "GET /loja/page/5/?add-to-cart=583&doing_wp_cron=1780457004.9740800857543945312500&orderby=menu_order HTTP/1.1" 200 61592 "-" "Mozilla/5.0 AppleWebKit/537.36 (KHTML, like Gecko; compatible; ClaudeBot/1.0; +claudebot@anthropic.com)"
216.73.217.23 - - [06/Jun/2026:00:28:43 +0200] "GET /produto/pera-rocha/?add-to-cart=449&doing_wp_cron=1780364607.2022969722747802734375 HTTP/1.1" 200 59964 "-" "Mozilla/5.0 AppleWebKit/537.36 (KHTML, like Gecko; compatible; ClaudeBot/1.0; +claudebot@anthropic.com)"
3.144.69.63 - - [06/Jun/2026:00:28:44 +0200] "GET /2021/05/11/ola-mundo/?doing_wp_cron=1780698518.5216870307922363281250 HTTP/1.1" 200 1134820 "https://www.baudefruta.pt/2021/05/11/ola-mundo/" "Mozilla/5.0 (Macintosh; Intel Mac OS X 10_15_7) AppleWebKit/605.1.15 (KHTML, like Gecko) Version/26.3 Safari/605.1.15"
216.73.217.23 - - [06/Jun/2026:00:28:46 +0200] "GET /produto/oleo-alimentar-de-tempero-5l/?add-to-cart=2035&doing_wp_cron=1780579339.9576950073242187500000 HTTP/1.1" 200 60389 "-" "Mozilla/5.0 AppleWebKit/537.36 (KHTML, like Gecko; compatible; ClaudeBot/1.0; +claudebot@anthropic.com)"
216.73.217.23 - - [06/Jun/2026:00:28:49 +0200] "GET /produto/maionese/?add-to-cart=765&doing_wp_cron=1780517398.0582680702209472656250 HTTP/1.1" 200 60636 "-" "Mozilla/5.0 AppleWebKit/537.36 (KHTML, like Gecko; compatible; ClaudeBot/1.0; +claudebot@anthropic.com)"
216.73.217.23 - - [06/Jun/2026:00:28:52 +0200] "GET /loja/?add-to-cart=1124&doing_wp_cron=1780486432.4119439125061035156250&orderby=menu_order HTTP/1.1" 200 62338 "-" "Mozilla/5.0 AppleWebKit/537.36 (KHTML, like Gecko; compatible; ClaudeBot/1.0; +claudebot@anthropic.com)"
216.73.217.23 - - [06/Jun/2026:00:28:55 +0200] "GET /produto/semente-de-chia/?add-to-cart=693&doing_wp_cron=1780392506.9509899616241455078125 HTTP/1.1" 200 60768 "-" "Mozilla/5.0 AppleWebKit/537.36 (KHTML, like Gecko; compatible; ClaudeBot/1.0; +claudebot@anthropic.com)"
216.73.217.23 - - [06/Jun/2026:00:28:58 +0200] "GET /loja/page/2/?add-to-cart=510&doing_wp_cron=1780400178.2150061130523681640625&orderby=popularity HTTP/1.1" 200 62906 "-" "Mozilla/5.0 AppleWebKit/537.36 (KHTML, like Gecko; compatible; ClaudeBot/1.0; +claudebot@anthropic.com)"
216.73.217.23 - - [06/Jun/2026:00:29:01 +0200] "GET /produto/vinha-dalho/?add-to-cart=1989&doing_wp_cron=1739319095.5677430629730224609375 HTTP/1.1" 200 61426 "-" "Mozilla/5.0 AppleWebKit/537.36 (KHTML, like Gecko; compatible; ClaudeBot/1.0; +claudebot@anthropic.com)"
216.73.217.23 - - [06/Jun/2026:00:29:04 +0200] "GET /loja/page/7/?add-to-cart=1994&doing_wp_cron=1780457004.9740800857543945312500&orderby=popularity HTTP/1.1" 200 63768 "-" "Mozilla/5.0 AppleWebKit/537.36 (KHTML, like Gecko; compatible; ClaudeBot/1.0; +claudebot@anthropic.com)"
216.73.217.23 - - [06/Jun/2026:00:29:07 +0200] "GET /loja/page/5/?add-to-cart=492&doing_wp_cron=1759043873.1749200820922851562500&orderby=popularity HTTP/1.1" 200 63873 "-" "Mozilla/5.0 AppleWebKit/537.36 (KHTML, like Gecko; compatible; ClaudeBot/1.0; +claudebot@anthropic.com)"
78.120.133.13 - - [06/Jun/2026:00:29:09 +0200] "GET /produto/feijao-vermelho-cozido/?add-to-cart=643&doing_wp_cron=1779799478.4307749271392822265625 HTTP/1.1" 200 59371 "-" "Mozilla/5.0 (Windows; U; Windows 98; Win 9x 4.90) AppleWebKit/532.16.2 (KHTML, like Gecko) Version/5.0.3 Safari/532.16.2"
216.73.217.23 - - [06/Jun/2026:00:29:10 +0200] "GET /loja/?add-to-cart=4236&doing_wp_cron=1780494314.2484500408172607421875&orderby=date HTTP/1.1" 200 63573 "-" "Mozilla/5.0 AppleWebKit/537.36 (KHTML, like Gecko; compatible; ClaudeBot/1.0; +claudebot@anthropic.com)"
192.42.116.18 - - [06/Jun/2026:00:29:11 +0200] "GET / HTTP/1.1" 302 102 "-" "Mozilla/5.0 (Windows NT 10.0; Win64; x64; rv:124.0) Gecko/20100101 Firefox/124.0"
192.42.116.18 - - [06/Jun/2026:00:29:11 +0200] "GET /?doing_wp_cron=1780698551.1239659786224365234375 HTTP/1.1" 301 5 "-" "Mozilla/5.0 (Windows NT 10.0; Win64; x64; rv:124.0) Gecko/20100101 Firefox/124.0"
192.42.116.18 - - [06/Jun/2026:00:29:11 +0200] "GET /?doing_wp_cron=1780698551.1239659786224365234375 HTTP/1.1" 200 61392 "-" "Mozilla/5.0 (Windows NT 10.0; Win64; x64; rv:124.0) Gecko/20100101 Firefox/124.0"
192.42.116.18 - - [06/Jun/2026:00:29:12 +0200] "GET /wp-content/themes/uncode/style.css HTTP/1.1" 200 378 "-" "Mozilla/5.0 (Windows NT 10.0; Win64; x64; rv:124.0) Gecko/20100101 Firefox/124.0"
216.73.217.23 - - [06/Jun/2026:00:29:13 +0200] "GET /loja/?add-to-cart=468&doing_wp_cron=1758569056.8537590503692626953125&orderby=popularity HTTP/1.1" 200 63568 "-" "Mozilla/5.0 AppleWebKit/537.36 (KHTML, like Gecko; compatible; ClaudeBot/1.0; +claudebot@anthropic.com)"
186.132.42.36 - - [06/Jun/2026:00:29:13 +0200] "GET /categoria-produto/mercearia/page/3/?doing_wp_cron=1764434567.9894509315490722656250&orderby=popularity HTTP/1.1" 200 60542 "-" "Opera/8.64.(X11; Linux x86_64; fi-FI) Presto/2.9.168 Version/12.00"
216.73.217.23 - - [06/Jun/2026:00:29:16 +0200] "GET /loja/?add-to-cart=4222&doing_wp_cron=1780415118.9577500820159912109375&orderby=popularity HTTP/1.1" 200 63745 "-" "Mozilla/5.0 AppleWebKit/537.36 (KHTML, like Gecko; compatible; ClaudeBot/1.0; +claudebot@anthropic.com)"
216.73.217.23 - - [06/Jun/2026:00:29:21 +0200] "GET /loja/?add-to-cart=559&doing_wp_cron=1780429669.1116149425506591796875&orderby=popularity HTTP/1.1" 200 60755 "-" "Mozilla/5.0 AppleWebKit/537.36 (KHTML, like Gecko; compatible; ClaudeBot/1.0; +claudebot@anthropic.com)"
216.73.217.23 - - [06/Jun/2026:00:29:24 +0200] "GET /loja/page/7/?add-to-cart=691&doing_wp_cron=1780490103.7011010646820068359375&orderby=menu_order HTTP/1.1" 200 61476 "-" "Mozilla/5.0 AppleWebKit/537.36 (KHTML, like Gecko; compatible; ClaudeBot/1.0; +claudebot@anthropic.com)"
216.73.217.23 - - [06/Jun/2026:00:29:27 +0200] "GET /loja/page/3/?add-to-cart=595&doing_wp_cron=1780268890.7532269954681396484375&orderby=menu_order HTTP/1.1" 200 61318 "-" "Mozilla/5.0 AppleWebKit/537.36 (KHTML, like Gecko; compatible; ClaudeBot/1.0; +claudebot@anthropic.com)"
216.73.217.23 - - [06/Jun/2026:00:29:30 +0200] "GET /loja/page/7/?add-to-cart=643&doing_wp_cron=1780268890.7532269954681396484375&orderby=popularity HTTP/1.1" 200 62386 "-" "Mozilla/5.0 AppleWebKit/537.36 (KHTML, like Gecko; compatible; ClaudeBot/1.0; +claudebot@anthropic.com)"
216.73.217.23 - - [06/Jun/2026:00:29:33 +0200] "GET /categoria-produto/mercearia/?add-to-cart=793&doing_wp_cron=1780298636.7111411094665527343750&orderby=popularity HTTP/1.1" 200 62263 "-" "Mozilla/5.0 AppleWebKit/537.36 (KHTML, like Gecko; compatible; ClaudeBot/1.0; +claudebot@anthropic.com)"
216.73.217.23 - - [06/Jun/2026:00:29:36 +0200] "GET /loja/?add-to-cart=557&doing_wp_cron=1780398926.3913888931274414062500&orderby=date HTTP/1.1" 200 62087 "-" "Mozilla/5.0 AppleWebKit/537.36 (KHTML, like Gecko; compatible; ClaudeBot/1.0; +claudebot@anthropic.com)"
216.73.217.23 - - [06/Jun/2026:00:29:39 +0200] "GET /loja/page/3/?add-to-cart=532&doing_wp_cron=1780475962.5489630699157714843750&orderby=popularity HTTP/1.1" 200 62517 "-" "Mozilla/5.0 AppleWebKit/537.36 (KHTML, like Gecko; compatible; ClaudeBot/1.0; +claudebot@anthropic.com)"
216.73.217.23 - - [06/Jun/2026:00:29:42 +0200] "GET /loja/page/3/?add-to-cart=2013&doing_wp_cron=1780505541.2122659683227539062500&orderby=popularity HTTP/1.1" 200 62777 "-" "Mozilla/5.0 AppleWebKit/537.36 (KHTML, like Gecko; compatible; ClaudeBot/1.0; +claudebot@anthropic.com)"
216.73.217.23 - - [06/Jun/2026:00:29:45 +0200] "GET /loja/page/11/?add-to-cart=643&doing_wp_cron=1780541060.9407060146331787109375&orderby=menu_order HTTP/1.1" 200 62165 "-" "Mozilla/5.0 AppleWebKit/537.36 (KHTML, like Gecko; compatible; ClaudeBot/1.0; +claudebot@anthropic.com)"
114.119.149.254 - - [06/Jun/2026:00:29:47 +0200] "GET /loja/page/7/?orderby=popularity&doing_wp_cron=1749893553.4871430397033691406250 HTTP/1.1" 200 60878 "https://www.baudefruta.pt/loja/page/8/?orderby=popularity&doing_wp_cron=1749893553.4871430397033691406250" "Mozilla/5.0 (Linux; Android 7.0;) AppleWebKit/537.36 (HTML, like Gecko) Mobile Safari/537.36 (compatible; PetalBot;+https://webmaster.petalsearch.com/site/petalbot)"
216.73.217.23 - - [06/Jun/2026:00:29:48 +0200] "GET /loja/?add-to-cart=795&doing_wp_cron=1780455776.6261320114135742187500&orderby=menu_order HTTP/1.1" 200 62686 "-" "Mozilla/5.0 AppleWebKit/537.36 (KHTML, like Gecko; compatible; ClaudeBot/1.0; +claudebot@anthropic.com)"
216.73.217.23 - - [06/Jun/2026:00:29:51 +0200] "GET /loja/page/3/?add-to-cart=452&doing_wp_cron=1780541060.9407060146331787109375&orderby=popularity HTTP/1.1" 200 63126 "-" "Mozilla/5.0 AppleWebKit/537.36 (KHTML, like Gecko; compatible; ClaudeBot/1.0; +claudebot@anthropic.com)"
216.73.217.23 - - [06/Jun/2026:00:29:54 +0200] "GET /loja/page/3/?add-to-cart=488&doing_wp_cron=1780490103.7011010646820068359375&orderby=popularity HTTP/1.1" 200 63339 "-" "Mozilla/5.0 AppleWebKit/537.36 (KHTML, like Gecko; compatible; ClaudeBot/1.0; +claudebot@anthropic.com)"
216.73.217.23 - - [06/Jun/2026:00:29:57 +0200] "GET /loja/page/4/?add-to-cart=238&doing_wp_cron=1780268890.7532269954681396484375&orderby=menu_order HTTP/1.1" 200 64751 "-" "Mozilla/5.0 AppleWebKit/537.36 (KHTML, like Gecko; compatible; ClaudeBot/1.0; +claudebot@anthropic.com)"
216.73.217.23 - - [06/Jun/2026:00:30:00 +0200] "GET /loja/?add-to-cart=1124&doing_wp_cron=1780470504.6510601043701171875000&orderby=date HTTP/1.1" 200 64506 "-" "Mozilla/5.0 AppleWebKit/537.36 (KHTML, like Gecko; compatible; ClaudeBot/1.0; +claudebot@anthropic.com)"
216.73.217.23 - - [06/Jun/2026:00:30:03 +0200] "GET /loja/page/3/?add-to-cart=561&doing_wp_cron=1780400178.2150061130523681640625&orderby=popularity HTTP/1.1" 200 64889 "-" "Mozilla/5.0 AppleWebKit/537.36 (KHTML, like Gecko; compatible; ClaudeBot/1.0; +claudebot@anthropic.com)"
216.73.217.23 - - [06/Jun/2026:00:30:06 +0200] "GET /loja/page/2/?add-to-cart=2014&doing_wp_cron=1780525352.6028890609741210937500&orderby=popularity HTTP/1.1" 200 64927 "-" "Mozilla/5.0 AppleWebKit/537.36 (KHTML, like Gecko; compatible; ClaudeBot/1.0; +claudebot@anthropic.com)"
216.73.217.23 - - [06/Jun/2026:00:30:09 +0200] "GET /loja/page/2/?add-to-cart=2037&doing_wp_cron=1780466997.9201788902282714843750&orderby=menu_order HTTP/1.1" 200 65246 "-" "Mozilla/5.0 AppleWebKit/537.36 (KHTML, like Gecko; compatible; ClaudeBot/1.0; +claudebot@anthropic.com)"
216.73.217.23 - - [06/Jun/2026:00:30:12 +0200] "GET /loja/?add-to-cart=502&doing_wp_cron=1780453183.1994099617004394531250&orderby=date HTTP/1.1" 200 65178 "-" "Mozilla/5.0 AppleWebKit/537.36 (KHTML, like Gecko; compatible; ClaudeBot/1.0; +claudebot@anthropic.com)"
216.73.217.23 - - [06/Jun/2026:00:30:16 +0200] "GET /loja/page/5/?add-to-cart=409&doing_wp_cron=1780445660.5325009822845458984375&orderby=menu_order HTTP/1.1" 200 61021 "-" "Mozilla/5.0 AppleWebKit/537.36 (KHTML, like Gecko; compatible; ClaudeBot/1.0; +claudebot@anthropic.com)"
216.73.217.23 - - [06/Jun/2026:00:30:19 +0200] "GET /loja/page/8/?add-to-cart=4331&doing_wp_cron=1711616234.3928558826446533203125 HTTP/1.1" 200 61218 "-" "Mozilla/5.0 AppleWebKit/537.36 (KHTML, like Gecko; compatible; ClaudeBot/1.0; +claudebot@anthropic.com)"
91.92.242.223 - - [06/Jun/2026:00:30:21 +0200] "POST /wp-login.php?action=register HTTP/1.1" 403 146 "-" "-"
216.73.217.23 - - [06/Jun/2026:00:30:22 +0200] "GET /loja/page/10/?add-to-cart=687&doing_wp_cron=1780561318.4196650981903076171875&orderby=menu_order HTTP/1.1" 200 61782 "-" "Mozilla/5.0 AppleWebKit/537.36 (KHTML, like Gecko; compatible; ClaudeBot/1.0; +claudebot@anthropic.com)"
177.72.138.133 - - [06/Jun/2026:00:30:24 +0200] "GET /carrinho/?_wpnonce=78839ed6f6&remove_item=4c144c47ecba6f8318128703ca9e2601 HTTP/1.1" 302 11 "-" "Opera/8.77.(Windows NT 6.0; hy-AM) Presto/2.9.182 Version/11.00"
216.73.217.23 - - [06/Jun/2026:00:30:25 +0200] "GET /loja/?add-to-cart=494&doing_wp_cron=1780259424.5276329517364501953125&orderby=popularity HTTP/1.1" 200 61352 "-" "Mozilla/5.0 AppleWebKit/537.36 (KHTML, like Gecko; compatible; ClaudeBot/1.0; +claudebot@anthropic.com)"
216.73.217.23 - - [06/Jun/2026:00:30:28 +0200] "GET /loja/page/3/?add-to-cart=462&doing_wp_cron=1780494319.6479558944702148437500&orderby=menu_order HTTP/1.1" 200 61644 "-" "Mozilla/5.0 AppleWebKit/537.36 (KHTML, like Gecko; compatible; ClaudeBot/1.0; +claudebot@anthropic.com)"
95.23.236.122 - - [06/Jun/2026:00:30:30 +0200] "GET /carrinho/?_wpnonce=78839ed6f6&remove_item=4c144c47ecba6f8318128703ca9e2601&doing_wp_cron=1780698624.4992470741271972656250 HTTP/1.1" 200 55607 "-" "Mozilla/5.0 (iPod; U; CPU iPhone OS 4_0 like Mac OS X; lij-IT) AppleWebKit/532.8.6 (KHTML, like Gecko) Version/4.0.5 Mobile/8B117 Safari/6532.8.6"
216.73.217.23 - - [06/Jun/2026:00:30:31 +0200] "GET /produto/miolo-de-noz/?add-to-cart=2035&doing_wp_cron=1780612113.8558220863342285156250 HTTP/1.1" 200 60237 "-" "Mozilla/5.0 AppleWebKit/537.36 (KHTML, like Gecko; compatible; ClaudeBot/1.0; +claudebot@anthropic.com)"
216.73.217.23 - - [06/Jun/2026:00:30:34 +0200] "GET /loja/page/5/?add-to-cart=486&doing_wp_cron=1780338056.7367100715637207031250&orderby=menu_order HTTP/1.1" 200 62380 "-" "Mozilla/5.0 AppleWebKit/537.36 (KHTML, like Gecko; compatible; ClaudeBot/1.0; +claudebot@anthropic.com)"
43.166.7.113 - - [06/Jun/2026:00:30:35 +0200] "GET /comments/feed/www.litteraesvfu.ru HTTP/1.1" 404 42702 "-" "Mozilla/5.0 (iPhone; CPU iPhone OS 13_2_3 like Mac OS X) AppleWebKit/605.1.15 (KHTML, like Gecko) Version/13.0.3 Mobile/15E148 Safari/604.1"
216.73.217.23 - - [06/Jun/2026:00:30:37 +0200] "GET /loja/page/2/?add-to-cart=439&doing_wp_cron=1780553398.6100089550018310546875&orderby=popularity HTTP/1.1" 200 62585 "-" "Mozilla/5.0 AppleWebKit/537.36 (KHTML, like Gecko; compatible; ClaudeBot/1.0; +claudebot@anthropic.com)"
216.73.217.23 - - [06/Jun/2026:00:30:40 +0200] "GET /loja/page/2/?add-to-cart=563&doing_wp_cron=1780430342.1766259670257568359375&orderby=menu_order HTTP/1.1" 200 62943 "-" "Mozilla/5.0 AppleWebKit/537.36 (KHTML, like Gecko; compatible; ClaudeBot/1.0; +claudebot@anthropic.com)"
216.73.217.23 - - [06/Jun/2026:00:30:43 +0200] "GET /loja/page/3/?add-to-cart=702&doing_wp_cron=1780268890.7532269954681396484375&orderby=menu_order HTTP/1.1" 200 62741 "-" "Mozilla/5.0 AppleWebKit/537.36 (KHTML, like Gecko; compatible; ClaudeBot/1.0; +claudebot@anthropic.com)"
216.73.217.23 - - [06/Jun/2026:00:30:46 +0200] "GET /loja/page/5/?add-to-cart=690&doing_wp_cron=1780498167.6054840087890625000000&orderby=price HTTP/1.1" 200 63544 "-" "Mozilla/5.0 AppleWebKit/537.36 (KHTML, like Gecko; compatible; ClaudeBot/1.0; +claudebot@anthropic.com)"
216.73.217.23 - - [06/Jun/2026:00:30:49 +0200] "GET /loja/page/9/?add-to-cart=2012&doing_wp_cron=1780247694.3308169841766357421875&orderby=date HTTP/1.1" 200 62728 "-" "Mozilla/5.0 AppleWebKit/537.36 (KHTML, like Gecko; compatible; ClaudeBot/1.0; +claudebot@anthropic.com)"
216.73.217.23 - - [06/Jun/2026:00:30:52 +0200] "GET /loja/page/2/?add-to-cart=761&doing_wp_cron=1780566199.9486548900604248046875&orderby=menu_order HTTP/1.1" 200 63813 "-" "Mozilla/5.0 AppleWebKit/537.36 (KHTML, like Gecko; compatible; ClaudeBot/1.0; +claudebot@anthropic.com)"
163.227.100.15 - - [06/Jun/2026:00:30:54 +0200] "GET /categoria-produto/mercearia/?add-to-cart=793&doing_wp_cron=1779785507.3062539100646972656250&orderby=popularity HTTP/1.1" 200 61301 "-" "Mozilla/5.0 (compatible; MSIE 8.0; Windows CE; Trident/4.0)"
216.73.217.23 - - [06/Jun/2026:00:30:55 +0200] "GET /produto/figo-seco-sem-farinha/?add-to-cart=935&doing_wp_cron=1780322757.5389499664306640625000 HTTP/1.1" 200 61905 "-" "Mozilla/5.0 AppleWebKit/537.36 (KHTML, like Gecko; compatible; ClaudeBot/1.0; +claudebot@anthropic.com)"
216.73.217.23 - - [06/Jun/2026:00:30:58 +0200] "GET /produto/figo-seco-sem-farinha/?add-to-cart=829&doing_wp_cron=1780322757.5389499664306640625000 HTTP/1.1" 200 62316 "-" "Mozilla/5.0 AppleWebKit/537.36 (KHTML, like Gecko; compatible; ClaudeBot/1.0; +claudebot@anthropic.com)"
91.92.242.223 - - [06/Jun/2026:00:31:01 +0200] "POST /wp-login.php?action=register HTTP/1.1" 403 146 "-" "-"
216.73.217.23 - - [06/Jun/2026:00:31:01 +0200] "GET /loja/?add-to-cart=526&doing_wp_cron=1780384400.8176770210266113281250&orderby=popularity HTTP/1.1" 200 64092 "-" "Mozilla/5.0 AppleWebKit/537.36 (KHTML, like Gecko; compatible; ClaudeBot/1.0; +claudebot@anthropic.com)"
216.73.217.23 - - [06/Jun/2026:00:31:04 +0200] "GET /loja/page/3/?add-to-cart=593&doing_wp_cron=1780489939.7494440078735351562500&orderby=popularity HTTP/1.1" 200 64667 "-" "Mozilla/5.0 AppleWebKit/537.36 (KHTML, like Gecko; compatible; ClaudeBot/1.0; +claudebot@anthropic.com)"
216.73.217.23 - - [06/Jun/2026:00:31:07 +0200] "GET /produto/feijao-verde-largo/?add-to-cart=462&doing_wp_cron=1780438437.1505079269409179687500 HTTP/1.1" 200 62723 "-" "Mozilla/5.0 AppleWebKit/537.36 (KHTML, like Gecko; compatible; ClaudeBot/1.0; +claudebot@anthropic.com)"
186.55.249.154 - - [06/Jun/2026:00:31:09 +0200] "GET /categoria-produto/mercearia/?add-to-cart=793&doing_wp_cron=1779785507.3062539100646972656250&orderby=popularity HTTP/1.1" 200 61300 "-" "Mozilla/5.0 (Windows NT 6.0) AppleWebKit/532.2 (KHTML, like Gecko) Chrome/51.0.868.0 Safari/532.2"
216.73.217.23 - - [06/Jun/2026:00:31:10 +0200] "GET /loja/page/3/?add-to-cart=4337&doing_wp_cron=1780494319.6479558944702148437500&orderby=menu_order HTTP/1.1" 200 64489 "-" "Mozilla/5.0 AppleWebKit/537.36 (KHTML, like Gecko; compatible; ClaudeBot/1.0; +claudebot@anthropic.com)"
114.119.150.140 - - [06/Jun/2026:00:31:13 +0200] "GET /loja/page/7/?orderby=popularity&doing_wp_cron=1746594250.4134480953216552734375 HTTP/1.1" 200 60867 "https://www.baudefruta.pt/loja/page/7/?orderby=popularity&doing_wp_cron=1746594250.4134480953216552734375" "Mozilla/5.0 (Linux; Android 7.0;) AppleWebKit/537.36 (HTML, like Gecko) Mobile Safari/537.36 (compatible; PetalBot;+https://webmaster.petalsearch.com/site/petalbot)"
216.73.217.23 - - [06/Jun/2026:00:31:13 +0200] "GET /produto/figo-seco-sem-farinha/?add-to-cart=719&doing_wp_cron=1780322757.5389499664306640625000 HTTP/1.1" 200 63091 "-" "Mozilla/5.0 AppleWebKit/537.36 (KHTML, like Gecko; compatible; ClaudeBot/1.0; +claudebot@anthropic.com)"
77.83.1.48 - - [06/Jun/2026:00:31:14 +0200] "GET /2021/05/11/ola-mundo/ HTTP/1.1" 200 1134820 "https://www.baudefruta.pt/" "Mozilla/5.0 (X11; Linux x86_64; rv:144.0) Gecko/20100101 Firefox/144.0"
216.73.217.23 - - [06/Jun/2026:00:31:16 +0200] "GET /loja/page/5/?add-to-cart=683&doing_wp_cron=1705054787.4118249416351318359375 HTTP/1.1" 200 65060 "-" "Mozilla/5.0 AppleWebKit/537.36 (KHTML, like Gecko; compatible; ClaudeBot/1.0; +claudebot@anthropic.com)"
216.73.217.23 - - [06/Jun/2026:00:31:19 +0200] "GET /loja/page/2/?add-to-cart=2045&doing_wp_cron=1780430342.1766259670257568359375&orderby=menu_order HTTP/1.1" 200 65430 "-" "Mozilla/5.0 AppleWebKit/537.36 (KHTML, like Gecko; compatible; ClaudeBot/1.0; +claudebot@anthropic.com)"
178.217.98.153 - - [06/Jun/2026:00:31:21 +0200] "GET /2021/05/11/ola-mundo/?doing_wp_cron=1780698077.3916149139404296875000 HTTP/1.0" 200 130527 "https://www.baudefruta.pt/?doing_wp_cron=1780698077.3916149139404296875000" "Mozilla/5.0 (Windows NT 10.0; Win64; x64) AppleWebKit/537.36 (KHTML, like Gecko) Chrome/131.0.0.0 Safari/537.36"
216.73.217.23 - - [06/Jun/2026:00:31:22 +0200] "GET /loja/page/2/?add-to-cart=545&doing_wp_cron=1780544538.0197379589080810546875&orderby=popularity HTTP/1.1" 200 65445 "-" "Mozilla/5.0 AppleWebKit/537.36 (KHTML, like Gecko; compatible; ClaudeBot/1.0; +claudebot@anthropic.com)"
216.73.217.23 - - [06/Jun/2026:00:31:25 +0200] "GET /loja/?add-to-cart=589&doing_wp_cron=1780486432.4119439125061035156250&orderby=menu_order HTTP/1.1" 200 65429 "-" "Mozilla/5.0 AppleWebKit/537.36 (KHTML, like Gecko; compatible; ClaudeBot/1.0; +claudebot@anthropic.com)"
216.73.217.23 - - [06/Jun/2026:00:31:28 +0200] "GET /loja/?add-to-cart=4329&doing_wp_cron=1780445636.4324181079864501953125&orderby=popularity HTTP/1.1" 200 65463 "-" "Mozilla/5.0 AppleWebKit/537.36 (KHTML, like Gecko; compatible; ClaudeBot/1.0; +claudebot@anthropic.com)"
66.249.79.137 - - [06/Jun/2026:00:31:32 +0200] "GET /produto/rucula/ HTTP/1.1" 302 102 "-" "Mozilla/5.0 (Linux; Android 6.0.1; Nexus 5X Build/MMB29P) AppleWebKit/537.36 (KHTML, like Gecko) Chrome/148.0.7778.96 Mobile Safari/537.36 (compatible; Googlebot/2.1; +http://www.google.com/bot.html)"
66.249.79.136 - - [06/Jun/2026:00:31:34 +0200] "GET /produto/rucula/?doing_wp_cron=1780698692.7446219921112060546875 HTTP/1.1" 200 57622 "-" "Mozilla/5.0 (Linux; Android 6.0.1; Nexus 5X Build/MMB29P) AppleWebKit/537.36 (KHTML, like Gecko) Chrome/148.0.7778.96 Mobile Safari/537.36 (compatible; Googlebot/2.1; +http://www.google.com/bot.html)"
216.73.217.23 - - [06/Jun/2026:00:31:35 +0200] "GET /loja/page/8/?add-to-cart=1126&doing_wp_cron=1780398923.3932321071624755859375&orderby=popularity HTTP/1.1" 200 61589 "-" "Mozilla/5.0 AppleWebKit/537.36 (KHTML, like Gecko; compatible; ClaudeBot/1.0; +claudebot@anthropic.com)"
66.249.79.136 - - [06/Jun/2026:00:31:35 +0200] "GET /wp-content/themes/uncode/library/css/style.css?ver=46399828 HTTP/1.1" 200 70140 "https://www.baudefruta.pt/produto/rucula/?doing_wp_cron=1780698692.7446219921112060546875" "Mozilla/5.0 (Linux; Android 6.0.1; Nexus 5X Build/MMB29P) AppleWebKit/537.36 (KHTML, like Gecko) Chrome/148.0.7778.96 Mobile Safari/537.36 (compatible; Googlebot/2.1; +http://www.google.com/bot.html)"
66.249.79.137 - - [06/Jun/2026:00:31:36 +0200] "GET /wp-content/themes/baudefruta-un/style.css?ver=1520400713 HTTP/1.1" 200 896 "https://www.baudefruta.pt/produto/rucula/?doing_wp_cron=1780698692.7446219921112060546875" "Mozilla/5.0 (Linux; Android 6.0.1; Nexus 5X Build/MMB29P) AppleWebKit/537.36 (KHTML, like Gecko) Chrome/148.0.7778.96 Mobile Safari/537.36 (compatible; Googlebot/2.1; +http://www.google.com/bot.html)"
66.249.79.137 - - [06/Jun/2026:00:31:36 +0200] "GET /wp-content/themes/uncode/library/js/init.js?ver=46399828 HTTP/1.1" 200 38505 "https://www.baudefruta.pt/produto/rucula/?doing_wp_cron=1780698692.7446219921112060546875" "Mozilla/5.0 (Linux; Android 6.0.1; Nexus 5X Build/MMB29P) AppleWebKit/537.36 (KHTML, like Gecko) Chrome/148.0.7778.96 Mobile Safari/537.36 (compatible; Googlebot/2.1; +http://www.google.com/bot.html)"
66.249.79.137 - - [06/Jun/2026:00:31:37 +0200] "GET /wp-content/themes/uncode/library/css/woocommerce.css?ver=46399828 HTTP/1.1" 200 20067 "https://www.baudefruta.pt/produto/rucula/?doing_wp_cron=1780698692.7446219921112060546875" "Mozilla/5.0 (Linux; Android 6.0.1; Nexus 5X Build/MMB29P) AppleWebKit/537.36 (KHTML, like Gecko) Chrome/148.0.7778.96 Mobile Safari/537.36 (compatible; Googlebot/2.1; +http://www.google.com/bot.html)"
66.249.79.137 - - [06/Jun/2026:00:31:37 +0200] "GET /wp-content/themes/uncode/library/css/uncode-icons.css?ver=46399828 HTTP/1.1" 200 12098 "https://www.baudefruta.pt/produto/rucula/?doing_wp_cron=1780698692.7446219921112060546875" "Mozilla/5.0 (Linux; Android 6.0.1; Nexus 5X Build/MMB29P) AppleWebKit/537.36 (KHTML, like Gecko) Chrome/148.0.7778.96 Mobile Safari/537.36 (compatible; Googlebot/2.1; +http://www.google.com/bot.html)"
66.249.79.137 - - [06/Jun/2026:00:31:37 +0200] "GET /wp-content/themes/uncode/library/js/app.js?ver=46399828 HTTP/1.1" 200 41076 "https://www.baudefruta.pt/produto/rucula/?doing_wp_cron=1780698692.7446219921112060546875" "Mozilla/5.0 (Linux; Android 6.0.1; Nexus 5X Build/MMB29P) AppleWebKit/537.36 (KHTML, like Gecko) Chrome/148.0.7778.96 Mobile Safari/537.36 (compatible; Googlebot/2.1; +http://www.google.com/bot.html)"
216.73.217.23 - - [06/Jun/2026:00:31:38 +0200] "GET /loja/?add-to-cart=1539&doing_wp_cron=1780476198.9860539436340332031250&orderby=date HTTP/1.1" 200 61176 "-" "Mozilla/5.0 AppleWebKit/537.36 (KHTML, like Gecko; compatible; ClaudeBot/1.0; +claudebot@anthropic.com)"
66.249.79.136 - - [06/Jun/2026:00:31:38 +0200] "GET /wp-content/themes/uncode/library/js/plugins.js?ver=46399828 HTTP/1.1" 200 192557 "https://www.baudefruta.pt/produto/rucula/?doing_wp_cron=1780698692.7446219921112060546875" "Mozilla/5.0 (Linux; Android 6.0.1; Nexus 5X Build/MMB29P) AppleWebKit/537.36 (KHTML, like Gecko) Chrome/148.0.7778.96 Mobile Safari/537.36 (compatible; Googlebot/2.1; +http://www.google.com/bot.html)"
66.249.79.137 - - [06/Jun/2026:00:31:39 +0200] "GET /wp-content/themes/uncode/library/js/woocommerce-uncode.js?ver=46399828 HTTP/1.1" 200 7190 "https://www.baudefruta.pt/produto/rucula/?doing_wp_cron=1780698692.7446219921112060546875" "Mozilla/5.0 (Linux; Android 6.0.1; Nexus 5X Build/MMB29P) AppleWebKit/537.36 (KHTML, like Gecko) Chrome/148.0.7778.96 Mobile Safari/537.36 (compatible; Googlebot/2.1; +http://www.google.com/bot.html)"
216.73.217.23 - - [06/Jun/2026:00:31:41 +0200] "GET /loja/page/11/?add-to-cart=934&doing_wp_cron=1780471500.7316999435424804687500&orderby=popularity HTTP/1.1" 200 61581 "-" "Mozilla/5.0 AppleWebKit/537.36 (KHTML, like Gecko; compatible; ClaudeBot/1.0; +claudebot@anthropic.com)"
216.73.217.23 - - [06/Jun/2026:00:31:44 +0200] "GET /loja/page/4/?add-to-cart=4226&doing_wp_cron=1780438640.8086369037628173828125&orderby=popularity HTTP/1.1" 200 61847 "-" "Mozilla/5.0 AppleWebKit/537.36 (KHTML, like Gecko; compatible; ClaudeBot/1.0; +claudebot@anthropic.com)"
216.73.217.23 - - [06/Jun/2026:00:31:47 +0200] "GET /loja/page/6/?add-to-cart=2008&doing_wp_cron=1780411016.8694920539855957031250&orderby=popularity HTTP/1.1" 200 62543 "-" "Mozilla/5.0 AppleWebKit/537.36 (KHTML, like Gecko; compatible; ClaudeBot/1.0; +claudebot@anthropic.com)"
216.73.217.23 - - [06/Jun/2026:00:31:50 +0200] "GET /categoria-produto/mercearia/?add-to-cart=737&doing_wp_cron=1780254548.9963829517364501953125&orderby=date HTTP/1.1" 200 61813 "-" "Mozilla/5.0 AppleWebKit/537.36 (KHTML, like Gecko; compatible; ClaudeBot/1.0; +claudebot@anthropic.com)"
216.73.217.23 - - [06/Jun/2026:00:31:53 +0200] "GET /loja/page/3/?add-to-cart=1996&doing_wp_cron=1780259951.9076659679412841796875&orderby=date HTTP/1.1" 200 62347 "-" "Mozilla/5.0 AppleWebKit/537.36 (KHTML, like Gecko; compatible; ClaudeBot/1.0; +claudebot@anthropic.com)"
216.73.217.23 - - [06/Jun/2026:00:31:56 +0200] "GET /loja/page/11/?add-to-cart=574&doing_wp_cron=1780319120.4665279388427734375000&orderby=menu_order HTTP/1.1" 200 62159 "-" "Mozilla/5.0 AppleWebKit/537.36 (KHTML, like Gecko; compatible; ClaudeBot/1.0; +claudebot@anthropic.com)"
178.16.52.137 - - [06/Jun/2026:00:31:58 +0200] "POST /wp-login.php?action=register HTTP/1.1" 403 146 "-" "-"
216.73.217.23 - - [06/Jun/2026:00:31:59 +0200] "GET /produto/oriental-em-saqueta/?add-to-cart=1645&doing_wp_cron=1780637469.2254080772399902343750 HTTP/1.1" 200 60974 "-" "Mozilla/5.0 AppleWebKit/537.36 (KHTML, like Gecko; compatible; ClaudeBot/1.0; +claudebot@anthropic.com)"
180.93.128.110 - - [06/Jun/2026:00:32:00 +0200] "GET /2021/05/11/ola-mundo/ HTTP/1.1" 200 1134820 "https://www.baudefruta.pt/" "Mozilla/5.0 (Windows NT 6.1; Win64; x64; rv:109.0) Gecko/20100101 Firefox/115.0"
216.73.217.23 - - [06/Jun/2026:00:32:02 +0200] "GET /loja/page/9/?add-to-cart=524&doing_wp_cron=1780328969.7069408893585205078125&orderby=menu_order HTTP/1.1" 200 63123 "-" "Mozilla/5.0 AppleWebKit/537.36 (KHTML, like Gecko; compatible; ClaudeBot/1.0; +claudebot@anthropic.com)"
180.93.128.110 - - [06/Jun/2026:00:32:04 +0200] "GET /2021/05/11/ola-mundo/ HTTP/1.1" 200 1134820 "https://www.baudefruta.pt/2021/05/11/ola-mundo/" "Mozilla/5.0 (Windows NT 6.1; Win64; x64; rv:109.0) Gecko/20100101 Firefox/115.0"
216.73.217.23 - - [06/Jun/2026:00:32:05 +0200] "GET /loja/page/3/?add-to-cart=778&doing_wp_cron=1780424113.2975559234619140625000&orderby=menu_order HTTP/1.1" 200 63065 "-" "Mozilla/5.0 AppleWebKit/537.36 (KHTML, like Gecko; compatible; ClaudeBot/1.0; +claudebot@anthropic.com)"
216.73.217.23 - - [06/Jun/2026:00:32:08 +0200] "GET /loja/page/7/?add-to-cart=651&doing_wp_cron=1780592637.0648500919342041015625&orderby=date HTTP/1.1" 200 63611 "-" "Mozilla/5.0 AppleWebKit/537.36 (KHTML, like Gecko; compatible; ClaudeBot/1.0; +claudebot@anthropic.com)"
216.73.217.23 - - [06/Jun/2026:00:32:11 +0200] "GET /loja/page/5/?add-to-cart=4235&doing_wp_cron=1780424119.0972061157226562500000&orderby=menu_order HTTP/1.1" 200 63791 "-" "Mozilla/5.0 AppleWebKit/537.36 (KHTML, like Gecko; compatible; ClaudeBot/1.0; +claudebot@anthropic.com)"
216.73.217.23 - - [06/Jun/2026:00:32:14 +0200] "GET /loja/page/4/?add-to-cart=1539&doing_wp_cron=1780468220.8436799049377441406250&orderby=date HTTP/1.1" 200 64012 "-" "Mozilla/5.0 AppleWebKit/537.36 (KHTML, like Gecko; compatible; ClaudeBot/1.0; +claudebot@anthropic.com)"
216.73.217.23 - - [06/Jun/2026:00:32:17 +0200] "GET /produto/feijao-vermelho-cozido/?add-to-cart=641&doing_wp_cron=1768421802.6520879268646240234375 HTTP/1.1" 200 62445 "-" "Mozilla/5.0 AppleWebKit/537.36 (KHTML, like Gecko; compatible; ClaudeBot/1.0; +claudebot@anthropic.com)"
216.73.217.23 - - [06/Jun/2026:00:32:20 +0200] "GET /loja/page/2/?add-to-cart=763&doing_wp_cron=1780208025.6175029277801513671875&orderby=date HTTP/1.1" 200 64154 "-" "Mozilla/5.0 AppleWebKit/537.36 (KHTML, like Gecko; compatible; ClaudeBot/1.0; +claudebot@anthropic.com)"
52.167.144.220 - - [06/Jun/2026:00:32:24 +0200] "GET /page/11/?s&orderby=popularity&doing_wp_cron=1779838440.4982059001922607421875 HTTP/1.1" 200 52513 "-" "Mozilla/5.0 AppleWebKit/537.36 (KHTML, like Gecko; compatible; bingbot/2.0; +http://www.bing.com/bingbot.htm) Chrome/116.0.1938.76 Safari/537.36"
216.73.217.23 - - [06/Jun/2026:00:32:26 +0200] "GET /categoria-produto/mercearia/?add-to-cart=4338&doing_wp_cron=1780230057.0581851005554199218750&orderby=menu_order HTTP/1.1" 200 60868 "-" "Mozilla/5.0 AppleWebKit/537.36 (KHTML, like Gecko; compatible; ClaudeBot/1.0; +claudebot@anthropic.com)"
216.73.217.23 - - [06/Jun/2026:00:32:29 +0200] "GET /loja/page/10/?add-to-cart=18495&doing_wp_cron=1780383896.6204249858856201171875&orderby=popularity HTTP/1.1" 200 61905 "-" "Mozilla/5.0 AppleWebKit/537.36 (KHTML, like Gecko; compatible; ClaudeBot/1.0; +claudebot@anthropic.com)"
216.73.217.23 - - [06/Jun/2026:00:32:32 +0200] "GET /loja/page/4/?add-to-cart=1132&doing_wp_cron=1780426458.2645881175994873046875&orderby=date HTTP/1.1" 200 61835 "-" "Mozilla/5.0 AppleWebKit/537.36 (KHTML, like Gecko; compatible; ClaudeBot/1.0; +claudebot@anthropic.com)"
216.73.217.23 - - [06/Jun/2026:00:32:35 +0200] "GET /produto/azeitona-cortada-mista/?add-to-cart=550&doing_wp_cron=1780195265.7563199996948242187500 HTTP/1.1" 200 59952 "-" "Mozilla/5.0 AppleWebKit/537.36 (KHTML, like Gecko; compatible; ClaudeBot/1.0; +claudebot@anthropic.com)"
114.119.150.140 - - [06/Jun/2026:00:32:37 +0200] "GET /loja/page/7/?orderby=popularity&doing_wp_cron=1745148443.8810710906982421875000 HTTP/1.1" 200 60875 "https://www.baudefruta.pt/loja/page/6?orderby=popularity&doing_wp_cron=1745148443.8810710906982421875000" "Mozilla/5.0 (Linux; Android 7.0;) AppleWebKit/537.36 (HTML, like Gecko) Mobile Safari/537.36 (compatible; PetalBot;+https://webmaster.petalsearch.com/site/petalbot)"
216.73.217.23 - - [06/Jun/2026:00:32:38 +0200] "GET /loja/page/10/?add-to-cart=737&doing_wp_cron=1780338116.7118010520935058593750&orderby=menu_order HTTP/1.1" 200 62240 "-" "Mozilla/5.0 AppleWebKit/537.36 (KHTML, like Gecko; compatible; ClaudeBot/1.0; +claudebot@anthropic.com)"
216.73.217.23 - - [06/Jun/2026:00:32:41 +0200] "GET /loja/page/6/?add-to-cart=421&doing_wp_cron=1780592658.1118791103363037109375&orderby=price-desc HTTP/1.1" 200 62626 "-" "Mozilla/5.0 AppleWebKit/537.36 (KHTML, like Gecko; compatible; ClaudeBot/1.0; +claudebot@anthropic.com)"
216.73.217.23 - - [06/Jun/2026:00:32:44 +0200] "GET /loja/page/3/?add-to-cart=567&doing_wp_cron=1780208025.6175029277801513671875&orderby=date HTTP/1.1" 200 62413 "-" "Mozilla/5.0 AppleWebKit/537.36 (KHTML, like Gecko; compatible; ClaudeBot/1.0; +claudebot@anthropic.com)"
216.73.217.23 - - [06/Jun/2026:00:32:47 +0200] "GET /loja/page/8/?add-to-cart=600&doing_wp_cron=1780415118.9577500820159912109375&orderby=date HTTP/1.1" 200 62438 "-" "Mozilla/5.0 AppleWebKit/537.36 (KHTML, like Gecko; compatible; ClaudeBot/1.0; +claudebot@anthropic.com)"
216.73.217.23 - - [06/Jun/2026:00:32:50 +0200] "GET /loja/page/10/?add-to-cart=701&doing_wp_cron=1780420099.1374759674072265625000&orderby=menu_order HTTP/1.1" 200 63060 "-" "Mozilla/5.0 AppleWebKit/537.36 (KHTML, like Gecko; compatible; ClaudeBot/1.0; +claudebot@anthropic.com)"
216.73.217.23 - - [06/Jun/2026:00:32:53 +0200] "GET /loja/page/4/?add-to-cart=1134&doing_wp_cron=1780555563.7996189594268798828125&orderby=date HTTP/1.1" 200 63344 "-" "Mozilla/5.0 AppleWebKit/537.36 (KHTML, like Gecko; compatible; ClaudeBot/1.0; +claudebot@anthropic.com)"
216.73.217.23 - - [06/Jun/2026:00:32:57 +0200] "GET /loja/page/8/?add-to-cart=626&doing_wp_cron=1758569056.8537590503692626953125&orderby=date HTTP/1.1" 200 60794 "-" "Mozilla/5.0 AppleWebKit/537.36 (KHTML, like Gecko; compatible; ClaudeBot/1.0; +claudebot@anthropic.com)"
216.73.217.23 - - [06/Jun/2026:00:33:00 +0200] "GET /loja/page/8/?add-to-cart=595&doing_wp_cron=1705054787.4118249416351318359375&orderby=popularity HTTP/1.1" 200 61901 "-" "Mozilla/5.0 AppleWebKit/537.36 (KHTML, like Gecko; compatible; ClaudeBot/1.0; +claudebot@anthropic.com)"
216.73.217.23 - - [06/Jun/2026:00:33:03 +0200] "GET /loja/page/3/?add-to-cart=1996&doing_wp_cron=1703787820.8273739814758300781250&orderby=menu_order HTTP/1.1" 200 61279 "-" "Mozilla/5.0 AppleWebKit/537.36 (KHTML, like Gecko; compatible; ClaudeBot/1.0; +claudebot@anthropic.com)"
216.73.217.23 - - [06/Jun/2026:00:33:06 +0200] "GET /loja/page/2/?add-to-cart=606&doing_wp_cron=1703787820.8273739814758300781250&orderby=menu_order HTTP/1.1" 200 61935 "-" "Mozilla/5.0 AppleWebKit/537.36 (KHTML, like Gecko; compatible; ClaudeBot/1.0; +claudebot@anthropic.com)"
91.92.242.223 - - [06/Jun/2026:00:33:09 +0200] "POST /wp-login.php?action=register HTTP/1.1" 403 146 "-" "-"
216.73.217.23 - - [06/Jun/2026:00:33:09 +0200] "GET /loja/page/3/?add-to-cart=1991&doing_wp_cron=1705054787.4118249416351318359375&orderby=popularity HTTP/1.1" 200 62114 "-" "Mozilla/5.0 AppleWebKit/537.36 (KHTML, like Gecko; compatible; ClaudeBot/1.0; +claudebot@anthropic.com)"
216.73.217.23 - - [06/Jun/2026:00:33:12 +0200] "GET /loja/?add-to-cart=502&doing_wp_cron=1758569056.8537590503692626953125&orderby=price HTTP/1.1" 200 62206 "-" "Mozilla/5.0 AppleWebKit/537.36 (KHTML, like Gecko; compatible; ClaudeBot/1.0; +claudebot@anthropic.com)"
216.73.217.23 - - [06/Jun/2026:00:33:15 +0200] "GET /loja/page/5/?add-to-cart=802&doing_wp_cron=1705054787.4118249416351318359375&orderby=date HTTP/1.1" 200 62564 "-" "Mozilla/5.0 AppleWebKit/537.36 (KHTML, like Gecko; compatible; ClaudeBot/1.0; +claudebot@anthropic.com)"
216.73.217.23 - - [06/Jun/2026:00:33:18 +0200] "GET /loja/page/3/?add-to-cart=524&doing_wp_cron=1703787820.8273739814758300781250&orderby=popularity HTTP/1.1" 200 62749 "-" "Mozilla/5.0 AppleWebKit/537.36 (KHTML, like Gecko; compatible; ClaudeBot/1.0; +claudebot@anthropic.com)"
216.73.217.23 - - [06/Jun/2026:00:33:21 +0200] "GET /loja/page/6/?add-to-cart=747&doing_wp_cron=1758569056.8537590503692626953125&orderby=date HTTP/1.1" 200 62792 "-" "Mozilla/5.0 AppleWebKit/537.36 (KHTML, like Gecko; compatible; ClaudeBot/1.0; +claudebot@anthropic.com)"
216.73.217.23 - - [06/Jun/2026:00:33:24 +0200] "GET /loja/?add-to-cart=563&doing_wp_cron=1758569056.8537590503692626953125&orderby=price HTTP/1.1" 200 63085 "-" "Mozilla/5.0 AppleWebKit/537.36 (KHTML, like Gecko; compatible; ClaudeBot/1.0; +claudebot@anthropic.com)"
198.135.55.62 - - [06/Jun/2026:00:33:26 +0200] "GET /2021/05/11/ola-mundo/ HTTP/1.1" 200 1134820 "-" "Mozilla/5.0 (Macintosh; Intel Mac OS X 10_15_7) AppleWebKit/537.36 (KHTML, like Gecko) Chrome/121.0.0.0 Safari/537.36"
75.119.139.177 - - [06/Jun/2026:00:33:27 +0200] "GET /sitemap.xml HTTP/1.1" 302 11 "-" "WordPress/6.9.1; https://www.baudefruta.pt"
216.73.217.23 - - [06/Jun/2026:00:33:27 +0200] "GET /loja/page/3/?add-to-cart=2011&doing_wp_cron=1705054787.4118249416351318359375&orderby=date HTTP/1.1" 200 63263 "-" "Mozilla/5.0 AppleWebKit/537.36 (KHTML, like Gecko; compatible; ClaudeBot/1.0; +claudebot@anthropic.com)"
75.119.139.177 - - [06/Jun/2026:00:33:27 +0200] "GET /sitemap.xml?doing_wp_cron=1780698807.0961248874664306640625 HTTP/1.1" 404 53256 "-" "WordPress/6.9.1; https://www.baudefruta.pt"
173.252.69.113 - - [06/Jun/2026:00:33:28 +0200] "GET /meta.json?utm_source=meta&utm_campaign=reg24 HTTP/1.1" 404 298130 "-" "facebookexternalhit/1.1 (+http://www.facebook.com/externalhit_uatext.php)"
198.135.55.62 - - [06/Jun/2026:00:33:30 +0200] "POST /wp-comments-post.php HTTP/1.1" 302 5 "https://www.baudefruta.pt/2021/05/11/ola-mundo/" "Mozilla/5.0 (Windows NT 10.0; Win64; x64) AppleWebKit/537.36 (KHTML, like Gecko) Chrome/122.0.0.0 Safari/537.36"
216.73.217.23 - - [06/Jun/2026:00:33:31 +0200] "GET /loja/page/3/?add-to-cart=1995&doing_wp_cron=1703787820.8273739814758300781250&orderby=menu_order HTTP/1.1" 200 63180 "-" "Mozilla/5.0 AppleWebKit/537.36 (KHTML, like Gecko; compatible; ClaudeBot/1.0; +claudebot@anthropic.com)"
216.73.217.23 - - [06/Jun/2026:00:33:33 +0200] "GET /loja/page/9/?add-to-cart=710&doing_wp_cron=1705054787.4118249416351318359375&orderby=menu_order HTTP/1.1" 200 63751 "-" "Mozilla/5.0 AppleWebKit/537.36 (KHTML, like Gecko; compatible; ClaudeBot/1.0; +claudebot@anthropic.com)"
216.73.217.23 - - [06/Jun/2026:00:33:36 +0200] "GET /loja/page/4/?add-to-cart=575&doing_wp_cron=1711616234.3928558826446533203125&orderby=menu_order HTTP/1.1" 200 64091 "-" "Mozilla/5.0 AppleWebKit/537.36 (KHTML, like Gecko; compatible; ClaudeBot/1.0; +claudebot@anthropic.com)"
