216.73.217.23 - - [06/Jun/2026:02:10:46 +0200] "GET /loja/page/9/?add-to-cart=4328&doing_wp_cron=1780298590.2811610698699951171875&orderby=menu_order HTTP/1.1" 200 61384 "-" "Mozilla/5.0 AppleWebKit/537.36 (KHTML, like Gecko; compatible; ClaudeBot/1.0; +claudebot@anthropic.com)"
216.73.217.23 - - [06/Jun/2026:02:10:49 +0200] "GET /loja/page/7/?add-to-cart=802&doing_wp_cron=1780205258.9664719104766845703125&orderby=popularity HTTP/1.1" 200 62078 "-" "Mozilla/5.0 AppleWebKit/537.36 (KHTML, like Gecko; compatible; ClaudeBot/1.0; +claudebot@anthropic.com)"
216.73.217.23 - - [06/Jun/2026:02:10:52 +0200] "GET /loja/page/2/?add-to-cart=1989&doing_wp_cron=1780398917.1266179084777832031250&orderby=menu_order HTTP/1.1" 200 61849 "-" "Mozilla/5.0 AppleWebKit/537.36 (KHTML, like Gecko; compatible; ClaudeBot/1.0; +claudebot@anthropic.com)"
216.73.217.23 - - [06/Jun/2026:02:10:55 +0200] "GET /categoria-produto/mercearia/?add-to-cart=793&doing_wp_cron=1780455716.5458710193634033203125&orderby=menu_order HTTP/1.1" 200 61653 "-" "Mozilla/5.0 AppleWebKit/537.36 (KHTML, like Gecko; compatible; ClaudeBot/1.0; +claudebot@anthropic.com)"
216.73.217.23 - - [06/Jun/2026:02:10:58 +0200] "GET /loja/page/4/?add-to-cart=753&doing_wp_cron=1780400178.2150061130523681640625&orderby=popularity HTTP/1.1" 200 62270 "-" "Mozilla/5.0 AppleWebKit/537.36 (KHTML, like Gecko; compatible; ClaudeBot/1.0; +claudebot@anthropic.com)"
216.73.217.23 - - [06/Jun/2026:02:11:01 +0200] "GET /categoria-produto/mercearia/?add-to-cart=1987&doing_wp_cron=1780207808.4722089767456054687500&orderby=popularity HTTP/1.1" 200 62598 "-" "Mozilla/5.0 AppleWebKit/537.36 (KHTML, like Gecko; compatible; ClaudeBot/1.0; +claudebot@anthropic.com)"
216.73.217.23 - - [06/Jun/2026:02:11:04 +0200] "GET /produto/alho-granulado-em-frasco/?add-to-cart=712&doing_wp_cron=1780205609.3343379497528076171875 HTTP/1.1" 200 60665 "-" "Mozilla/5.0 AppleWebKit/537.36 (KHTML, like Gecko; compatible; ClaudeBot/1.0; +claudebot@anthropic.com)"
216.244.66.243 - - [06/Jun/2026:02:11:05 +0200] "GET /produto/groselha/?add-to-cart=425&doing_wp_cron=1780394264.9771990776062011718750 HTTP/1.1" 200 401761 "-" "Mozilla/5.0 (compatible; DotBot/1.2; +https://opensiteexplorer.org/dotbot; help@moz.com)"
165.210.33.192 - usmidbaufruta [06/Jun/2026:02:11:05 +0200] "GET /wp-json/wp/v2/users/me HTTP/1.1" 302 11 "-" "Mozilla/5.0 (Windows NT 10.0; WOW64) AppleWebKit/537.36 (KHTML, like Gecko) Chrome/133.0.0.0 Safari/537.36"
165.210.33.192 - - [06/Jun/2026:02:11:06 +0200] "GET /wp-json/wp/v2/users/me?doing_wp_cron=1780704665.2483589649200439453125 HTTP/1.1" 401 109 "https://baudefruta.pt/wp-json/wp/v2/users/me" "Mozilla/5.0 (Windows NT 10.0; WOW64) AppleWebKit/537.36 (KHTML, like Gecko) Chrome/133.0.0.0 Safari/537.36"
216.73.217.23 - - [06/Jun/2026:02:11:07 +0200] "GET /loja/page/5/?add-to-cart=934&doing_wp_cron=1780521319.6477649211883544921875&orderby=menu_order HTTP/1.1" 200 62763 "-" "Mozilla/5.0 AppleWebKit/537.36 (KHTML, like Gecko; compatible; ClaudeBot/1.0; +claudebot@anthropic.com)"
216.73.217.23 - - [06/Jun/2026:02:11:10 +0200] "GET /loja/page/10/?add-to-cart=753&doing_wp_cron=1768556915.9241640567779541015625 HTTP/1.1" 200 63032 "-" "Mozilla/5.0 AppleWebKit/537.36 (KHTML, like Gecko; compatible; ClaudeBot/1.0; +claudebot@anthropic.com)"
216.73.217.23 - - [06/Jun/2026:02:11:13 +0200] "GET /loja/page/7/?add-to-cart=2012&doing_wp_cron=1780326079.0621399879455566406250&orderby=date HTTP/1.1" 200 63024 "-" "Mozilla/5.0 AppleWebKit/537.36 (KHTML, like Gecko; compatible; ClaudeBot/1.0; +claudebot@anthropic.com)"
216.73.217.23 - - [06/Jun/2026:02:11:16 +0200] "GET /loja/?add-to-cart=494&doing_wp_cron=1780429678.1482779979705810546875&orderby=date HTTP/1.1" 200 63054 "-" "Mozilla/5.0 AppleWebKit/537.36 (KHTML, like Gecko; compatible; ClaudeBot/1.0; +claudebot@anthropic.com)"
216.244.66.243 - - [06/Jun/2026:02:11:19 +0200] "GET /produto/amendoa-com-pele-torrada/?add-to-cart=637&doing_wp_cron=1780016482.6001679897308349609375 HTTP/1.1" 200 403879 "-" "Mozilla/5.0 (compatible; DotBot/1.2; +https://opensiteexplorer.org/dotbot; help@moz.com)"
216.73.217.23 - - [06/Jun/2026:02:11:20 +0200] "GET /loja/page/4/?add-to-cart=666&doing_wp_cron=1780498167.6054840087890625000000&orderby=price HTTP/1.1" 200 63423 "-" "Mozilla/5.0 AppleWebKit/537.36 (KHTML, like Gecko; compatible; ClaudeBot/1.0; +claudebot@anthropic.com)"
202.155.143.189 - - [06/Jun/2026:02:11:20 +0200] "GET /2021/05/11/ola-mundo/ HTTP/1.1" 200 1136404 "https://www.baudefruta.pt/2021/05/11/ola-mundo/" "Mozilla/5.0 (Windows NT 10.0; Win64; x64) AppleWebKit/537.36 (KHTML, like Gecko) Chrome/144.0.0.0 Safari/537.36"
216.73.217.23 - - [06/Jun/2026:02:11:22 +0200] "GET /loja/page/7/?add-to-cart=647&doing_wp_cron=1780066683.4503800868988037109375&orderby=menu_order HTTP/1.1" 200 63711 "-" "Mozilla/5.0 AppleWebKit/537.36 (KHTML, like Gecko; compatible; ClaudeBot/1.0; +claudebot@anthropic.com)"
114.119.149.254 - - [06/Jun/2026:02:11:25 +0200] "GET /loja/page/7/?orderby=date&doing_wp_cron=1749893553.4871430397033691406250 HTTP/1.1" 200 60397 "https://www.baudefruta.pt/loja/page/7/?orderby=date&doing_wp_cron=1749893553.4871430397033691406250" "Mozilla/5.0 (Linux; Android 7.0;) AppleWebKit/537.36 (HTML, like Gecko) Mobile Safari/537.36 (compatible; PetalBot;+https://webmaster.petalsearch.com/site/petalbot)"
216.244.66.243 - - [06/Jun/2026:02:11:25 +0200] "GET /produto/cotovelos-nacional-500g/?add-to-cart=710&doing_wp_cron=1779675548.5612659454345703125000 HTTP/1.1" 200 403597 "-" "Mozilla/5.0 (compatible; DotBot/1.2; +https://opensiteexplorer.org/dotbot; help@moz.com)"
216.73.217.23 - - [06/Jun/2026:02:11:25 +0200] "GET /loja/page/9/?add-to-cart=462&doing_wp_cron=1780445660.5325009822845458984375&orderby=menu_order HTTP/1.1" 200 63890 "-" "Mozilla/5.0 AppleWebKit/537.36 (KHTML, like Gecko; compatible; ClaudeBot/1.0; +claudebot@anthropic.com)"
216.73.217.23 - - [06/Jun/2026:02:11:28 +0200] "GET /produto/miolo-de-noz/?add-to-cart=712&doing_wp_cron=1780256240.9807300567626953125000 HTTP/1.1" 200 61902 "-" "Mozilla/5.0 AppleWebKit/537.36 (KHTML, like Gecko; compatible; ClaudeBot/1.0; +claudebot@anthropic.com)"
216.244.66.243 - - [06/Jun/2026:02:11:31 +0200] "GET /produto/noz-moscada-moida-em-saqueta/?add-to-cart=777&doing_wp_cron=1780019465.4422929286956787109375 HTTP/1.1" 200 403266 "-" "Mozilla/5.0 (compatible; DotBot/1.2; +https://opensiteexplorer.org/dotbot; help@moz.com)"
216.73.217.23 - - [06/Jun/2026:02:11:31 +0200] "GET /loja/page/11/?add-to-cart=444&doing_wp_cron=1780268890.7532269954681396484375&orderby=menu_order HTTP/1.1" 200 63519 "-" "Mozilla/5.0 AppleWebKit/537.36 (KHTML, like Gecko; compatible; ClaudeBot/1.0; +claudebot@anthropic.com)"
87.90.108.0 - - [06/Jun/2026:02:11:34 +0200] "GET /carrinho/?_wpnonce=02caf7fd02&doing_wp_cron=1779944453.5317480564117431640625 HTTP/1.1" 200 55560 "-" "Mozilla/5.0 (Macintosh; U; PPC Mac OS X; en) AppleWebKit/412.6 (KHTML, like Gecko) Safari/412.2"
190.43.38.102 - - [06/Jun/2026:02:11:34 +0200] "GET /categoria-produto/mercearia/?doing_wp_cron=1717455410.6088440418243408203125&orderby=price-desc HTTP/1.1" 200 60708 "-" "Mozilla/5.0 (Linux; Android 9) AppleWebKit/533.0 (KHTML, like Gecko) Chrome/54.0.858.0 Safari/533.0"
216.73.217.23 - - [06/Jun/2026:02:11:36 +0200] "GET /loja/page/3/?add-to-cart=1937&doing_wp_cron=1780338056.7367100715637207031250&orderby=menu_order HTTP/1.1" 200 60800 "-" "Mozilla/5.0 AppleWebKit/537.36 (KHTML, like Gecko; compatible; ClaudeBot/1.0; +claudebot@anthropic.com)"
216.73.217.23 - - [06/Jun/2026:02:11:39 +0200] "GET /loja/page/2/?add-to-cart=474&doing_wp_cron=1780247694.3308169841766357421875&orderby=popularity HTTP/1.1" 200 61322 "-" "Mozilla/5.0 AppleWebKit/537.36 (KHTML, like Gecko; compatible; ClaudeBot/1.0; +claudebot@anthropic.com)"
216.73.217.23 - - [06/Jun/2026:02:11:42 +0200] "GET /loja/page/5/?add-to-cart=408&doing_wp_cron=1780205258.9664719104766845703125&orderby=menu_order HTTP/1.1" 200 61478 "-" "Mozilla/5.0 AppleWebKit/537.36 (KHTML, like Gecko; compatible; ClaudeBot/1.0; +claudebot@anthropic.com)"
216.73.217.23 - - [06/Jun/2026:02:11:45 +0200] "GET /loja/page/5/?add-to-cart=4329&doing_wp_cron=1780338056.7367100715637207031250&orderby=popularity HTTP/1.1" 200 62088 "-" "Mozilla/5.0 AppleWebKit/537.36 (KHTML, like Gecko; compatible; ClaudeBot/1.0; +claudebot@anthropic.com)"
216.73.217.23 - - [06/Jun/2026:02:11:48 +0200] "GET /loja/page/5/?add-to-cart=778&doing_wp_cron=1780629161.0335929393768310546875&orderby=menu_order HTTP/1.1" 200 61911 "-" "Mozilla/5.0 AppleWebKit/537.36 (KHTML, like Gecko; compatible; ClaudeBot/1.0; +claudebot@anthropic.com)"
216.73.217.23 - - [06/Jun/2026:02:11:51 +0200] "GET /categoria-produto/mercearia/?doing_wp_cron=1780445546.5783019065856933593750&orderby=price-desc HTTP/1.1" 200 62039 "-" "Mozilla/5.0 AppleWebKit/537.36 (KHTML, like Gecko; compatible; ClaudeBot/1.0; +claudebot@anthropic.com)"
216.244.66.243 - - [06/Jun/2026:02:11:54 +0200] "GET /produto/acucar-branco-de-cana-sidul/?add-to-cart=2040 HTTP/1.1" 302 11 "-" "Mozilla/5.0 (compatible; DotBot/1.2; +https://opensiteexplorer.org/dotbot; help@moz.com)"
216.73.217.23 - - [06/Jun/2026:02:11:54 +0200] "GET /loja/page/11/?add-to-cart=524&doing_wp_cron=1711616234.3928558826446533203125 HTTP/1.1" 200 60576 "-" "Mozilla/5.0 AppleWebKit/537.36 (KHTML, like Gecko; compatible; ClaudeBot/1.0; +claudebot@anthropic.com)"
216.73.217.23 - - [06/Jun/2026:02:11:57 +0200] "GET /loja/page/2/?add-to-cart=763&doing_wp_cron=1780470504.6510601043701171875000&orderby=menu_order HTTP/1.1" 200 61494 "-" "Mozilla/5.0 AppleWebKit/537.36 (KHTML, like Gecko; compatible; ClaudeBot/1.0; +claudebot@anthropic.com)"
216.73.217.23 - - [06/Jun/2026:02:12:00 +0200] "GET /loja/page/9/?add-to-cart=821&doing_wp_cron=1780298590.2811610698699951171875&orderby=popularity HTTP/1.1" 200 62026 "-" "Mozilla/5.0 AppleWebKit/537.36 (KHTML, like Gecko; compatible; ClaudeBot/1.0; +claudebot@anthropic.com)"
216.73.217.23 - - [06/Jun/2026:02:12:03 +0200] "GET /loja/?add-to-cart=449&doing_wp_cron=1780455680.5886950492858886718750&orderby=popularity HTTP/1.1" 200 61482 "-" "Mozilla/5.0 AppleWebKit/537.36 (KHTML, like Gecko; compatible; ClaudeBot/1.0; +claudebot@anthropic.com)"
216.73.217.23 - - [06/Jun/2026:02:12:06 +0200] "GET /loja/page/4/?add-to-cart=581&doing_wp_cron=1780496817.3441560268402099609375&orderby=popularity HTTP/1.1" 200 62070 "-" "Mozilla/5.0 AppleWebKit/537.36 (KHTML, like Gecko; compatible; ClaudeBot/1.0; +claudebot@anthropic.com)"
216.73.217.23 - - [06/Jun/2026:02:12:09 +0200] "GET /loja/page/5/?add-to-cart=895&doing_wp_cron=1780383896.6204249858856201171875&orderby=menu_order HTTP/1.1" 200 62163 "-" "Mozilla/5.0 AppleWebKit/537.36 (KHTML, like Gecko; compatible; ClaudeBot/1.0; +claudebot@anthropic.com)"
165.227.84.167 - - [06/Jun/2026:02:12:11 +0200] "GET /wp-content/uploads/2022/05/mac%CC%A7a%CC%83-bravo-esmolfe-uai-548x548.jpg HTTP/1.1" 200 27827 "https://www.baudefruta.pt/" "Mozilla/5.0 (Windows NT 10.0; Win64; x64) AppleWebKit/537.36 (KHTML, like Gecko) Chrome/109.0.0.0 Safari/537.36"
216.73.217.23 - - [06/Jun/2026:02:12:12 +0200] "GET /loja/page/3/?add-to-cart=621&doing_wp_cron=1780398917.1266179084777832031250&orderby=popularity HTTP/1.1" 200 62546 "-" "Mozilla/5.0 AppleWebKit/537.36 (KHTML, like Gecko; compatible; ClaudeBot/1.0; +claudebot@anthropic.com)"
216.73.217.23 - - [06/Jun/2026:02:12:15 +0200] "GET /loja/page/7/?add-to-cart=934&doing_wp_cron=1780360638.0177381038665771484375&orderby=date HTTP/1.1" 200 62669 "-" "Mozilla/5.0 AppleWebKit/537.36 (KHTML, like Gecko; compatible; ClaudeBot/1.0; +claudebot@anthropic.com)"
216.73.217.23 - - [06/Jun/2026:02:12:18 +0200] "GET /produto/miolo-de-noz/?add-to-cart=651&doing_wp_cron=1780471880.2070729732513427734375 HTTP/1.1" 200 60872 "-" "Mozilla/5.0 AppleWebKit/537.36 (KHTML, like Gecko; compatible; ClaudeBot/1.0; +claudebot@anthropic.com)"
216.73.217.23 - - [06/Jun/2026:02:12:24 +0200] "GET /loja/page/3/?add-to-cart=2012&doing_wp_cron=1780415098.0220060348510742187500&orderby=date HTTP/1.1" 200 60966 "-" "Mozilla/5.0 AppleWebKit/537.36 (KHTML, like Gecko; compatible; ClaudeBot/1.0; +claudebot@anthropic.com)"
216.73.217.23 - - [06/Jun/2026:02:12:27 +0200] "GET /loja/page/4/?add-to-cart=1681&doing_wp_cron=1780247694.3308169841766357421875&orderby=menu_order HTTP/1.1" 200 61584 "-" "Mozilla/5.0 AppleWebKit/537.36 (KHTML, like Gecko; compatible; ClaudeBot/1.0; +claudebot@anthropic.com)"
216.73.217.23 - - [06/Jun/2026:02:12:30 +0200] "GET /loja/page/2/?add-to-cart=519&doing_wp_cron=1780470504.6510601043701171875000&orderby=menu_order HTTP/1.1" 200 61641 "-" "Mozilla/5.0 AppleWebKit/537.36 (KHTML, like Gecko; compatible; ClaudeBot/1.0; +claudebot@anthropic.com)"
216.73.217.23 - - [06/Jun/2026:02:12:33 +0200] "GET /produto/vinagre-de-vinho-branco/?add-to-cart=1993&doing_wp_cron=1780638069.6874868869781494140625 HTTP/1.1" 200 59752 "-" "Mozilla/5.0 AppleWebKit/537.36 (KHTML, like Gecko; compatible; ClaudeBot/1.0; +claudebot@anthropic.com)"
216.73.217.23 - - [06/Jun/2026:02:12:36 +0200] "GET /loja/page/3/?add-to-cart=486&doing_wp_cron=1780505541.2122659683227539062500&orderby=popularity HTTP/1.1" 200 62025 "-" "Mozilla/5.0 AppleWebKit/537.36 (KHTML, like Gecko; compatible; ClaudeBot/1.0; +claudebot@anthropic.com)"
216.73.217.23 - - [06/Jun/2026:02:12:39 +0200] "GET /categoria-produto/mercearia/?add-to-cart=2008&doing_wp_cron=1780207808.4722089767456054687500&orderby=popularity HTTP/1.1" 200 62256 "-" "Mozilla/5.0 AppleWebKit/537.36 (KHTML, like Gecko; compatible; ClaudeBot/1.0; +claudebot@anthropic.com)"
216.73.217.23 - - [06/Jun/2026:02:12:42 +0200] "GET /loja/?add-to-cart=4222&doing_wp_cron=1780407018.5904660224914550781250&orderby=date HTTP/1.1" 200 62210 "-" "Mozilla/5.0 AppleWebKit/537.36 (KHTML, like Gecko; compatible; ClaudeBot/1.0; +claudebot@anthropic.com)"
216.73.217.23 - - [06/Jun/2026:02:12:45 +0200] "GET /loja/?add-to-cart=2037&doing_wp_cron=1780383836.4200708866119384765625&orderby=date HTTP/1.1" 200 62359 "-" "Mozilla/5.0 AppleWebKit/537.36 (KHTML, like Gecko; compatible; ClaudeBot/1.0; +claudebot@anthropic.com)"
114.119.149.254 - - [06/Jun/2026:02:12:48 +0200] "GET /produto/caldo-de-carne-16-cubos/?doing_wp_cron=1696919709.4675149917602539062500 HTTP/1.1" 200 58010 "https://www.baudefruta.pt/produto/caldo-de-carne-16-cubos/?doing_wp_cron=1696919709.4675149917602539062500" "Mozilla/5.0 (Linux; Android 7.0;) AppleWebKit/537.36 (HTML, like Gecko) Mobile Safari/537.36 (compatible; PetalBot;+https://webmaster.petalsearch.com/site/petalbot)"
216.73.217.23 - - [06/Jun/2026:02:12:48 +0200] "GET /loja/page/2/?add-to-cart=452&doing_wp_cron=1779095602.6344830989837646484375&orderby=popularity HTTP/1.1" 200 62707 "-" "Mozilla/5.0 AppleWebKit/537.36 (KHTML, like Gecko; compatible; ClaudeBot/1.0; +claudebot@anthropic.com)"
81.167.26.57 - - [06/Jun/2026:02:12:51 +0200] "GET /carrinho/?remove_item=019d385eb67632a7e958e23f24bd07d7&_wpnonce=d7f06293cf HTTP/1.1" 302 11 "-" "Mozilla/5.0 (compatible; MJ12bot/v1.4.8; http://mj12bot.com/)"
216.73.217.23 - - [06/Jun/2026:02:12:52 +0200] "GET /loja/page/5/?add-to-cart=829&doing_wp_cron=1780490103.7011010646820068359375&orderby=date HTTP/1.1" 200 62971 "-" "Mozilla/5.0 AppleWebKit/537.36 (KHTML, like Gecko; compatible; ClaudeBot/1.0; +claudebot@anthropic.com)"
216.73.217.23 - - [06/Jun/2026:02:12:54 +0200] "GET /loja/page/3/?add-to-cart=702&doing_wp_cron=1780398917.1266179084777832031250&orderby=popularity HTTP/1.1" 200 63390 "-" "Mozilla/5.0 AppleWebKit/537.36 (KHTML, like Gecko; compatible; ClaudeBot/1.0; +claudebot@anthropic.com)"
81.167.26.57 - - [06/Jun/2026:02:12:56 +0200] "GET /carrinho/?remove_item=019d385eb67632a7e958e23f24bd07d7&_wpnonce=d7f06293cf&doing_wp_cron=1780704771.9680159091949462890625 HTTP/1.1" 200 55597 "-" "Mozilla/5.0 (compatible; MJ12bot/v1.4.8; http://mj12bot.com/)"
216.73.217.23 - - [06/Jun/2026:02:12:57 +0200] "GET /loja/page/2/?add-to-cart=606&doing_wp_cron=1780490816.3358080387115478515625&orderby=menu_order HTTP/1.1" 200 63655 "-" "Mozilla/5.0 AppleWebKit/537.36 (KHTML, like Gecko; compatible; ClaudeBot/1.0; +claudebot@anthropic.com)"
81.167.26.57 - - [06/Jun/2026:02:13:00 +0200] "GET /carrinho/?remove_item=f457c545a9ded88f18ecee47145a72c0&_wpnonce=124ed68491 HTTP/1.1" 200 55551 "-" "Mozilla/5.0 (compatible; MJ12bot/v1.4.8; http://mj12bot.com/)"
216.73.217.23 - - [06/Jun/2026:02:13:01 +0200] "GET /loja/page/3/?add-to-cart=532&doing_wp_cron=1780494319.6479558944702148437500&orderby=date HTTP/1.1" 200 63648 "-" "Mozilla/5.0 AppleWebKit/537.36 (KHTML, like Gecko; compatible; ClaudeBot/1.0; +claudebot@anthropic.com)"
216.73.217.23 - - [06/Jun/2026:02:13:04 +0200] "GET /loja/page/7/?add-to-cart=3500&doing_wp_cron=1780268890.7532269954681396484375&orderby=popularity HTTP/1.1" 200 64385 "-" "Mozilla/5.0 AppleWebKit/537.36 (KHTML, like Gecko; compatible; ClaudeBot/1.0; +claudebot@anthropic.com)"
81.167.26.57 - - [06/Jun/2026:02:13:04 +0200] "GET /carrinho/?remove_item=f457c545a9ded88f18ecee47145a72c0&_wpnonce=b469433ce2&doing_wp_cron=1754883782.2332639694213867187500 HTTP/1.1" 200 55592 "-" "Mozilla/5.0 (compatible; MJ12bot/v1.4.8; http://mj12bot.com/)"
216.73.217.23 - - [06/Jun/2026:02:13:07 +0200] "GET /loja/page/11/?add-to-cart=409&doing_wp_cron=1780541060.9407060146331787109375&orderby=popularity HTTP/1.1" 200 64081 "-" "Mozilla/5.0 AppleWebKit/537.36 (KHTML, like Gecko; compatible; ClaudeBot/1.0; +claudebot@anthropic.com)"
81.167.26.57 - - [06/Jun/2026:02:13:08 +0200] "GET /carrinho/?remove_item=f48c04ffab49ff0e5d1176244fdfb65c&_wpnonce=9676bbabe6&doing_wp_cron=1754884022.9517190456390380859375 HTTP/1.1" 200 55595 "-" "Mozilla/5.0 (compatible; MJ12bot/v1.4.8; http://mj12bot.com/)"
216.73.217.23 - - [06/Jun/2026:02:13:10 +0200] "GET /loja/page/3/?add-to-cart=561&doing_wp_cron=1762304024.5367319583892822265625 HTTP/1.1" 200 63988 "-" "Mozilla/5.0 AppleWebKit/537.36 (KHTML, like Gecko; compatible; ClaudeBot/1.0; +claudebot@anthropic.com)"
81.167.26.57 - - [06/Jun/2026:02:13:12 +0200] "GET /carrinho/?remove_item=f48c04ffab49ff0e5d1176244fdfb65c&_wpnonce=afc01367ff&doing_wp_cron=1743148535.8168220520019531250000 HTTP/1.1" 200 55596 "-" "Mozilla/5.0 (compatible; MJ12bot/v1.4.8; http://mj12bot.com/)"
216.73.217.23 - - [06/Jun/2026:02:13:12 +0200] "GET /loja/page/7/?add-to-cart=414&doing_wp_cron=1780383896.6204249858856201171875&orderby=menu_order HTTP/1.1" 200 64623 "-" "Mozilla/5.0 AppleWebKit/537.36 (KHTML, like Gecko; compatible; ClaudeBot/1.0; +claudebot@anthropic.com)"
216.73.217.23 - - [06/Jun/2026:02:13:15 +0200] "GET /produto/miolo-de-noz/?add-to-cart=782&doing_wp_cron=1780486698.9647560119628906250000 HTTP/1.1" 200 62768 "-" "Mozilla/5.0 AppleWebKit/537.36 (KHTML, like Gecko; compatible; ClaudeBot/1.0; +claudebot@anthropic.com)"
81.167.26.57 - - [06/Jun/2026:02:13:17 +0200] "GET /carrinho/?remove_item=f4be00279ee2e0a53eafdaa94a151e2c&_wpnonce=6ae6791077&doing_wp_cron=1716797490.8199338912963867187500 HTTP/1.1" 200 55595 "-" "Mozilla/5.0 (compatible; MJ12bot/v1.4.8; http://mj12bot.com/)"
216.73.217.23 - - [06/Jun/2026:02:13:18 +0200] "GET /loja/?add-to-cart=543&doing_wp_cron=1780476198.9860539436340332031250&orderby=popularity HTTP/1.1" 200 64556 "-" "Mozilla/5.0 AppleWebKit/537.36 (KHTML, like Gecko; compatible; ClaudeBot/1.0; +claudebot@anthropic.com)"
81.167.26.57 - - [06/Jun/2026:02:13:21 +0200] "GET /carrinho/?remove_item=f4be00279ee2e0a53eafdaa94a151e2c&_wpnonce=6bc7c1f70c&doing_wp_cron=1681117852.8575160503387451171875 HTTP/1.1" 200 55591 "-" "Mozilla/5.0 (compatible; MJ12bot/v1.4.8; http://mj12bot.com/)"
216.73.217.23 - - [06/Jun/2026:02:13:21 +0200] "GET /loja/page/11/?add-to-cart=643&doing_wp_cron=1780066683.4503800868988037109375&orderby=menu_order HTTP/1.1" 200 64540 "-" "Mozilla/5.0 AppleWebKit/537.36 (KHTML, like Gecko; compatible; ClaudeBot/1.0; +claudebot@anthropic.com)"
81.167.26.57 - - [06/Jun/2026:02:13:25 +0200] "GET /carrinho/?remove_item=f4be00279ee2e0a53eafdaa94a151e2c&_wpnonce=6bc7c1f70c&doing_wp_cron=1683727194.0795478820800781250000 HTTP/1.1" 200 55598 "-" "Mozilla/5.0 (compatible; MJ12bot/v1.4.8; http://mj12bot.com/)"
216.73.217.23 - - [06/Jun/2026:02:13:28 +0200] "GET /loja/page/5/?add-to-cart=1987&doing_wp_cron=1780345137.3122010231018066406250&orderby=popularity HTTP/1.1" 200 61541 "-" "Mozilla/5.0 AppleWebKit/537.36 (KHTML, like Gecko; compatible; ClaudeBot/1.0; +claudebot@anthropic.com)"
81.167.26.57 - - [06/Jun/2026:02:13:29 +0200] "GET /categoria-produto/frescos/?add-to-cart=4218&orderby=menu_order&doing_wp_cron=1780642700.6357009410858154296875 HTTP/1.1" 200 60635 "-" "Mozilla/5.0 (compatible; MJ12bot/v1.4.8; http://mj12bot.com/)"
216.73.217.23 - - [06/Jun/2026:02:13:30 +0200] "GET /loja/?add-to-cart=526&doing_wp_cron=1780455776.6261320114135742187500&orderby=date HTTP/1.1" 200 61198 "-" "Mozilla/5.0 AppleWebKit/537.36 (KHTML, like Gecko; compatible; ClaudeBot/1.0; +claudebot@anthropic.com)"
216.73.217.23 - - [06/Jun/2026:02:13:34 +0200] "GET /loja/page/3/?add-to-cart=408&doing_wp_cron=1780470504.6510601043701171875000&orderby=menu_order HTTP/1.1" 200 61153 "-" "Mozilla/5.0 AppleWebKit/537.36 (KHTML, like Gecko; compatible; ClaudeBot/1.0; +claudebot@anthropic.com)"
81.167.26.57 - - [06/Jun/2026:02:13:34 +0200] "GET /categoria-produto/frescos/?add-to-cart=4222&orderby=menu_order&doing_wp_cron=1780641151.2708849906921386718750 HTTP/1.1" 200 60605 "-" "Mozilla/5.0 (compatible; MJ12bot/v1.4.8; http://mj12bot.com/)"
216.73.217.23 - - [06/Jun/2026:02:13:36 +0200] "GET /loja/?add-to-cart=1681&doing_wp_cron=1780338116.7118010520935058593750&orderby=menu_order HTTP/1.1" 200 61555 "-" "Mozilla/5.0 AppleWebKit/537.36 (KHTML, like Gecko; compatible; ClaudeBot/1.0; +claudebot@anthropic.com)"
81.167.26.57 - - [06/Jun/2026:02:13:38 +0200] "GET /categoria-produto/frescos/?add-to-cart=4222&orderby=menu_order&doing_wp_cron=1780642700.6357009410858154296875 HTTP/1.1" 200 60600 "-" "Mozilla/5.0 (compatible; MJ12bot/v1.4.8; http://mj12bot.com/)"
216.73.217.23 - - [06/Jun/2026:02:13:39 +0200] "GET /produto/bicarbonato-de-sodio-1kg/?add-to-cart=624&doing_wp_cron=1763961362.6518940925598144531250 HTTP/1.1" 200 60195 "-" "Mozilla/5.0 AppleWebKit/537.36 (KHTML, like Gecko; compatible; ClaudeBot/1.0; +claudebot@anthropic.com)"
216.73.217.23 - - [06/Jun/2026:02:13:42 +0200] "GET /loja/page/10/?add-to-cart=2013&doing_wp_cron=1780356259.9063909053802490234375&orderby=menu_order HTTP/1.1" 200 62413 "-" "Mozilla/5.0 AppleWebKit/537.36 (KHTML, like Gecko; compatible; ClaudeBot/1.0; +claudebot@anthropic.com)"
81.167.26.57 - - [06/Jun/2026:02:13:43 +0200] "GET /categoria-produto/frescos/?add-to-cart=4222&orderby=popularity&doing_wp_cron=1780641151.2708849906921386718750 HTTP/1.1" 200 60610 "-" "Mozilla/5.0 (compatible; MJ12bot/v1.4.8; http://mj12bot.com/)"
216.244.66.243 - - [06/Jun/2026:02:13:43 +0200] "GET /produto/alface-iberica-250gr/?add-to-cart=538&doing_wp_cron=1764039575.4444880485534667968750 HTTP/1.1" 200 402524 "-" "Mozilla/5.0 (compatible; DotBot/1.2; +https://opensiteexplorer.org/dotbot; help@moz.com)"
216.73.217.23 - - [06/Jun/2026:02:13:45 +0200] "GET /loja/page/4/?add-to-cart=4226&doing_wp_cron=1780541060.9407060146331787109375&orderby=popularity HTTP/1.1" 200 62539 "-" "Mozilla/5.0 AppleWebKit/537.36 (KHTML, like Gecko; compatible; ClaudeBot/1.0; +claudebot@anthropic.com)"
81.167.26.57 - - [06/Jun/2026:02:13:48 +0200] "GET /categoria-produto/frescos/?add-to-cart=4222&orderby=popularity&doing_wp_cron=1780642700.6357009410858154296875 HTTP/1.1" 200 60612 "-" "Mozilla/5.0 (compatible; MJ12bot/v1.4.8; http://mj12bot.com/)"
216.73.217.23 - - [06/Jun/2026:02:13:49 +0200] "GET /loja/page/5/?add-to-cart=488&doing_wp_cron=1780566258.6879949569702148437500&orderby=menu_order HTTP/1.1" 200 62586 "-" "Mozilla/5.0 AppleWebKit/537.36 (KHTML, like Gecko; compatible; ClaudeBot/1.0; +claudebot@anthropic.com)"
178.217.98.153 - - [06/Jun/2026:02:13:50 +0200] "GET /2021/05/11/ola-mundo/ HTTP/1.0" 200 130525 "https://www.baudefruta.pt/2021/05/11/ola-mundo/#comment-68046" "Mozilla/5.0 (Windows NT 10.0; Win64; x64) AppleWebKit/537.36 (KHTML, like Gecko) Chrome/130.0.0.0 Safari/537.36"
216.244.66.243 - - [06/Jun/2026:02:13:51 +0200] "GET /produto/amendoim-torrado/?add-to-cart=804&doing_wp_cron=1764092389.4860010147094726562500 HTTP/1.1" 200 400929 "-" "Mozilla/5.0 (compatible; DotBot/1.2; +https://opensiteexplorer.org/dotbot; help@moz.com)"
216.73.217.23 - - [06/Jun/2026:02:13:51 +0200] "GET /produto/couve-coracao/?add-to-cart=4234&doing_wp_cron=1780534318.8721289634704589843750 HTTP/1.1" 200 60991 "-" "Mozilla/5.0 AppleWebKit/537.36 (KHTML, like Gecko; compatible; ClaudeBot/1.0; +claudebot@anthropic.com)"
81.167.26.57 - - [06/Jun/2026:02:13:52 +0200] "GET /categoria-produto/frescos/?add-to-cart=4222&orderby=price&doing_wp_cron=1780641151.2708849906921386718750 HTTP/1.1" 200 60596 "-" "Mozilla/5.0 (compatible; MJ12bot/v1.4.8; http://mj12bot.com/)"
216.73.217.23 - - [06/Jun/2026:02:13:54 +0200] "GET /categoria-produto/mercearia/page/2/?doing_wp_cron=1780379636.5880880355834960937500&orderby=price-desc HTTP/1.1" 200 62767 "-" "Mozilla/5.0 AppleWebKit/537.36 (KHTML, like Gecko; compatible; ClaudeBot/1.0; +claudebot@anthropic.com)"
81.167.26.57 - - [06/Jun/2026:02:13:57 +0200] "GET /categoria-produto/frescos/?add-to-cart=4222&orderby=price&doing_wp_cron=1780642700.6357009410858154296875 HTTP/1.1" 200 60593 "-" "Mozilla/5.0 (compatible; MJ12bot/v1.4.8; http://mj12bot.com/)"
216.244.66.243 - - [06/Jun/2026:02:13:57 +0200] "GET /produto/arando-vermelho/?add-to-cart=795&doing_wp_cron=1750886150.0332028865814208984375 HTTP/1.1" 200 403844 "-" "Mozilla/5.0 (compatible; DotBot/1.2; +https://opensiteexplorer.org/dotbot; help@moz.com)"
216.73.217.23 - - [06/Jun/2026:02:13:58 +0200] "GET /loja/page/5/?add-to-cart=470&doing_wp_cron=1780505541.2122659683227539062500&orderby=popularity HTTP/1.1" 200 61447 "-" "Mozilla/5.0 AppleWebKit/537.36 (KHTML, like Gecko; compatible; ClaudeBot/1.0; +claudebot@anthropic.com)"
216.73.217.23 - - [06/Jun/2026:02:14:00 +0200] "GET /loja/page/5/?add-to-cart=1993&doing_wp_cron=1780505541.2122659683227539062500&orderby=popularity HTTP/1.1" 200 61667 "-" "Mozilla/5.0 AppleWebKit/537.36 (KHTML, like Gecko; compatible; ClaudeBot/1.0; +claudebot@anthropic.com)"
81.167.26.57 - - [06/Jun/2026:02:14:02 +0200] "GET /categoria-produto/frescos/?add-to-cart=4222&orderby=price-desc&doing_wp_cron=1780641151.2708849906921386718750 HTTP/1.1" 200 60806 "-" "Mozilla/5.0 (compatible; MJ12bot/v1.4.8; http://mj12bot.com/)"
216.73.217.23 - - [06/Jun/2026:02:14:03 +0200] "GET /produto/espaguete-nacional-500g/?add-to-cart=2037 HTTP/1.1" 302 11 "-" "Mozilla/5.0 AppleWebKit/537.36 (KHTML, like Gecko; compatible; ClaudeBot/1.0; +claudebot@anthropic.com)"
216.244.66.243 - - [06/Jun/2026:02:14:04 +0200] "GET /produto/batata-agria-para-fritar/?add-to-cart=550&doing_wp_cron=1764405081.9479470252990722656250 HTTP/1.1" 200 402692 "-" "Mozilla/5.0 (compatible; DotBot/1.2; +https://opensiteexplorer.org/dotbot; help@moz.com)"
216.73.217.23 - - [06/Jun/2026:02:14:04 +0200] "GET /produto/espaguete-nacional-500g/?add-to-cart=2037&doing_wp_cron=1780704843.5506680011749267578125 HTTP/1.1" 200 59395 "https://www.baudefruta.pt/produto/espaguete-nacional-500g/?add-to-cart=2037" "Mozilla/5.0 AppleWebKit/537.36 (KHTML, like Gecko; compatible; ClaudeBot/1.0; +claudebot@anthropic.com)"
81.167.26.57 - - [06/Jun/2026:02:14:06 +0200] "GET /categoria-produto/frescos/?add-to-cart=4222&orderby=price-desc&doing_wp_cron=1780642700.6357009410858154296875 HTTP/1.1" 200 60818 "-" "Mozilla/5.0 (compatible; MJ12bot/v1.4.8; http://mj12bot.com/)"
216.73.217.23 - - [06/Jun/2026:02:14:06 +0200] "GET /loja/page/9/?doing_wp_cron=1759043873.1749200820922851562500&orderby=date HTTP/1.1" 200 60196 "-" "Mozilla/5.0 AppleWebKit/537.36 (KHTML, like Gecko; compatible; ClaudeBot/1.0; +claudebot@anthropic.com)"
216.73.217.23 - - [06/Jun/2026:02:14:09 +0200] "GET /loja/page/3/?add-to-cart=2012&orderby=price HTTP/1.1" 302 11 "-" "Mozilla/5.0 AppleWebKit/537.36 (KHTML, like Gecko; compatible; ClaudeBot/1.0; +claudebot@anthropic.com)"
216.244.66.243 - - [06/Jun/2026:02:14:10 +0200] "GET /produto/batata-doce-cor-de-laranja/?add-to-cart=532&doing_wp_cron=1750139186.0650169849395751953125 HTTP/1.1" 200 404187 "-" "Mozilla/5.0 (compatible; DotBot/1.2; +https://opensiteexplorer.org/dotbot; help@moz.com)"
216.73.217.23 - - [06/Jun/2026:02:14:10 +0200] "GET /loja/page/3/?add-to-cart=2012&orderby=price&doing_wp_cron=1780704849.3133170604705810546875 HTTP/1.1" 200 61382 "https://www.baudefruta.pt/loja/page/3/?add-to-cart=2012&orderby=price" "Mozilla/5.0 AppleWebKit/537.36 (KHTML, like Gecko; compatible; ClaudeBot/1.0; +claudebot@anthropic.com)"
81.167.26.57 - - [06/Jun/2026:02:14:11 +0200] "GET /categoria-produto/frescos/?add-to-cart=4224&orderby=menu_order&doing_wp_cron=1780642700.6357009410858154296875 HTTP/1.1" 200 60616 "-" "Mozilla/5.0 (compatible; MJ12bot/v1.4.8; http://mj12bot.com/)"
216.73.217.23 - - [06/Jun/2026:02:14:12 +0200] "GET /produto/espaguete-nacional-500g/?add-to-cart=624 HTTP/1.1" 200 59692 "-" "Mozilla/5.0 AppleWebKit/537.36 (KHTML, like Gecko; compatible; ClaudeBot/1.0; +claudebot@anthropic.com)"
81.167.26.57 - - [06/Jun/2026:02:14:15 +0200] "GET /categoria-produto/frescos/?add-to-cart=4224&orderby=popularity&doing_wp_cron=1780642700.6357009410858154296875 HTTP/1.1" 200 60626 "-" "Mozilla/5.0 (compatible; MJ12bot/v1.4.8; http://mj12bot.com/)"
216.73.217.23 - - [06/Jun/2026:02:14:15 +0200] "GET /produto/espaguete-nacional-500g/?add-to-cart=899 HTTP/1.1" 200 59900 "-" "Mozilla/5.0 AppleWebKit/537.36 (KHTML, like Gecko; compatible; ClaudeBot/1.0; +claudebot@anthropic.com)"
216.73.217.23 - - [06/Jun/2026:02:14:18 +0200] "GET /loja/page/6/?add-to-cart=793&orderby=price HTTP/1.1" 302 11 "-" "Mozilla/5.0 AppleWebKit/537.36 (KHTML, like Gecko; compatible; ClaudeBot/1.0; +claudebot@anthropic.com)"
216.73.217.23 - - [06/Jun/2026:02:14:19 +0200] "GET /loja/page/6/?add-to-cart=793&orderby=price&doing_wp_cron=1780704858.3316709995269775390625 HTTP/1.1" 200 62286 "https://www.baudefruta.pt/loja/page/6/?add-to-cart=793&orderby=price" "Mozilla/5.0 AppleWebKit/537.36 (KHTML, like Gecko; compatible; ClaudeBot/1.0; +claudebot@anthropic.com)"
81.167.26.57 - - [06/Jun/2026:02:14:20 +0200] "GET /categoria-produto/frescos/?add-to-cart=4224&orderby=price&doing_wp_cron=1780641151.2708849906921386718750 HTTP/1.1" 200 60614 "-" "Mozilla/5.0 (compatible; MJ12bot/v1.4.8; http://mj12bot.com/)"
216.244.66.243 - - [06/Jun/2026:02:14:21 +0200] "GET /produto/batata-doce/?add-to-cart=507&doing_wp_cron=1764360939.0560400485992431640625 HTTP/1.1" 200 403045 "-" "Mozilla/5.0 (compatible; DotBot/1.2; +https://opensiteexplorer.org/dotbot; help@moz.com)"
216.73.217.23 - - [06/Jun/2026:02:14:21 +0200] "GET /loja/page/10/?add-to-cart=468&orderby=date HTTP/1.1" 200 61512 "-" "Mozilla/5.0 AppleWebKit/537.36 (KHTML, like Gecko; compatible; ClaudeBot/1.0; +claudebot@anthropic.com)"
114.119.135.57 - - [06/Jun/2026:02:14:23 +0200] "GET /loja?orderby=price&doing_wp_cron=1742353445.6921670436859130859375 HTTP/1.1" 301 5 "https://www.baudefruta.pt/loja?orderby=price&doing_wp_cron=1742353445.6921670436859130859375" "Mozilla/5.0 (Linux; Android 7.0;) AppleWebKit/537.36 (HTML, like Gecko) Mobile Safari/537.36 (compatible; PetalBot;+https://webmaster.petalsearch.com/site/petalbot)"
216.73.217.23 - - [06/Jun/2026:02:14:24 +0200] "GET /produto/atum-em-oleo-vegetal-bom-petisco/?add-to-cart=893 HTTP/1.1" 200 60530 "-" "Mozilla/5.0 AppleWebKit/537.36 (KHTML, like Gecko; compatible; ClaudeBot/1.0; +claudebot@anthropic.com)"
81.167.26.57 - - [06/Jun/2026:02:14:25 +0200] "GET /categoria-produto/frescos/?add-to-cart=4224&orderby=price&doing_wp_cron=1780642700.6357009410858154296875 HTTP/1.1" 200 60613 "-" "Mozilla/5.0 (compatible; MJ12bot/v1.4.8; http://mj12bot.com/)"
114.119.135.57 - - [06/Jun/2026:02:14:27 +0200] "GET /loja/?orderby=price&doing_wp_cron=1742353445.6921670436859130859375 HTTP/1.1" 200 60425 "https://www.baudefruta.pt/loja?orderby=price&doing_wp_cron=1742353445.6921670436859130859375" "Mozilla/5.0 (Linux; Android 7.0;) AppleWebKit/537.36 (HTML, like Gecko) Mobile Safari/537.36 (compatible; PetalBot;+https://webmaster.petalsearch.com/site/petalbot)"
216.73.217.23 - - [06/Jun/2026:02:14:27 +0200] "GET /loja/page/8/?doing_wp_cron=1759043873.1749200820922851562500&orderby=date HTTP/1.1" 200 61936 "-" "Mozilla/5.0 AppleWebKit/537.36 (KHTML, like Gecko; compatible; ClaudeBot/1.0; +claudebot@anthropic.com)"
81.167.26.57 - - [06/Jun/2026:02:14:29 +0200] "GET /categoria-produto/frescos/?add-to-cart=4224&orderby=price-desc&doing_wp_cron=1780641151.2708849906921386718750 HTTP/1.1" 200 60842 "-" "Mozilla/5.0 (compatible; MJ12bot/v1.4.8; http://mj12bot.com/)"
216.244.66.243 - - [06/Jun/2026:02:14:30 +0200] "GET /produto/cebola-roxa/?add-to-cart=547&doing_wp_cron=1750327695.5528569221496582031250 HTTP/1.1" 200 403171 "-" "Mozilla/5.0 (compatible; DotBot/1.2; +https://opensiteexplorer.org/dotbot; help@moz.com)"
216.73.217.23 - - [06/Jun/2026:02:14:30 +0200] "GET /produto/espaguete-nacional-500g/?add-to-cart=782 HTTP/1.1" 200 60638 "-" "Mozilla/5.0 AppleWebKit/537.36 (KHTML, like Gecko; compatible; ClaudeBot/1.0; +claudebot@anthropic.com)"
216.73.217.23 - - [06/Jun/2026:02:14:34 +0200] "GET /produto/espaguete-nacional-500g/?add-to-cart=891 HTTP/1.1" 200 60975 "-" "Mozilla/5.0 AppleWebKit/537.36 (KHTML, like Gecko; compatible; ClaudeBot/1.0; +claudebot@anthropic.com)"
81.167.26.57 - - [06/Jun/2026:02:14:34 +0200] "GET /categoria-produto/frescos/?add-to-cart=4224&orderby=price-desc&doing_wp_cron=1780642700.6357009410858154296875 HTTP/1.1" 200 60836 "-" "Mozilla/5.0 (compatible; MJ12bot/v1.4.8; http://mj12bot.com/)"
216.73.217.23 - - [06/Jun/2026:02:14:37 +0200] "GET /produto/espaguete-nacional-500g/?add-to-cart=1984 HTTP/1.1" 200 61153 "-" "Mozilla/5.0 AppleWebKit/537.36 (KHTML, like Gecko; compatible; ClaudeBot/1.0; +claudebot@anthropic.com)"
216.244.66.243 - - [06/Jun/2026:02:14:38 +0200] "GET /produto/cebolinho-100gr/?add-to-cart=578&doing_wp_cron=1771721115.3837409019470214843750 HTTP/1.1" 200 403032 "-" "Mozilla/5.0 (compatible; DotBot/1.2; +https://opensiteexplorer.org/dotbot; help@moz.com)"
81.167.26.57 - - [06/Jun/2026:02:14:38 +0200] "GET /categoria-produto/frescos/?add-to-cart=4226&orderby=price-desc&doing_wp_cron=1780641151.2708849906921386718750 HTTP/1.1" 200 60828 "-" "Mozilla/5.0 (compatible; MJ12bot/v1.4.8; http://mj12bot.com/)"
216.73.217.23 - - [06/Jun/2026:02:14:39 +0200] "GET /loja/page/7/?doing_wp_cron=1749485637.4724121093750000000000 HTTP/1.1" 200 59391 "-" "Mozilla/5.0 AppleWebKit/537.36 (KHTML, like Gecko; compatible; ClaudeBot/1.0; +claudebot@anthropic.com)"
216.73.217.23 - - [06/Jun/2026:02:14:43 +0200] "GET /produto/atum-em-oleo-vegetal-bom-petisco/?add-to-cart=653 HTTP/1.1" 200 61465 "-" "Mozilla/5.0 AppleWebKit/537.36 (KHTML, like Gecko; compatible; ClaudeBot/1.0; +claudebot@anthropic.com)"
81.167.26.57 - - [06/Jun/2026:02:14:43 +0200] "GET /categoria-produto/frescos/?add-to-cart=4226&orderby=price-desc&doing_wp_cron=1780642700.6357009410858154296875 HTTP/1.1" 200 60839 "-" "Mozilla/5.0 (compatible; MJ12bot/v1.4.8; http://mj12bot.com/)"
216.244.66.243 - - [06/Jun/2026:02:14:45 +0200] "GET /produto/cogumelos-brancos-laminados/?add-to-cart=4227&doing_wp_cron=1764018236.3832409381866455078125 HTTP/1.1" 200 403703 "-" "Mozilla/5.0 (compatible; DotBot/1.2; +https://opensiteexplorer.org/dotbot; help@moz.com)"
216.73.217.23 - - [06/Jun/2026:02:14:46 +0200] "GET /produto/atum-em-oleo-vegetal-bom-petisco/?add-to-cart=737 HTTP/1.1" 200 61616 "-" "Mozilla/5.0 AppleWebKit/537.36 (KHTML, like Gecko; compatible; ClaudeBot/1.0; +claudebot@anthropic.com)"
81.167.26.57 - - [06/Jun/2026:02:14:47 +0200] "GET /categoria-produto/frescos/?add-to-cart=4228&orderby=price-desc&doing_wp_cron=1780641151.2708849906921386718750 HTTP/1.1" 200 60838 "-" "Mozilla/5.0 (compatible; MJ12bot/v1.4.8; http://mj12bot.com/)"
216.73.217.23 - - [06/Jun/2026:02:14:49 +0200] "GET /categoria-produto/mercearia/page/2/?add-to-cart=1991 HTTP/1.1" 200 63334 "-" "Mozilla/5.0 AppleWebKit/537.36 (KHTML, like Gecko; compatible; ClaudeBot/1.0; +claudebot@anthropic.com)"
216.73.217.23 - - [06/Jun/2026:02:14:51 +0200] "GET /loja/page/11/?doing_wp_cron=1703787820.8273739814758300781250 HTTP/1.1" 200 58877 "-" "Mozilla/5.0 AppleWebKit/537.36 (KHTML, like Gecko; compatible; ClaudeBot/1.0; +claudebot@anthropic.com)"
216.244.66.243 - - [06/Jun/2026:02:14:51 +0200] "GET /produto/couve-flor/?add-to-cart=439&doing_wp_cron=1750114790.5975940227508544921875 HTTP/1.1" 200 402421 "-" "Mozilla/5.0 (compatible; DotBot/1.2; +https://opensiteexplorer.org/dotbot; help@moz.com)"
81.167.26.57 - - [06/Jun/2026:02:14:51 +0200] "GET /categoria-produto/mercearia/arroz-e-massa/feed/ HTTP/1.1" 200 1572 "-" "Mozilla/5.0 (compatible; MJ12bot/v1.4.8; http://mj12bot.com/)"
81.167.26.57 - - [06/Jun/2026:02:14:55 +0200] "GET /categoria-produto/mercearia/arroz-e-massa/feed/?doing_wp_cron=1753020976.3016901016235351562500 HTTP/1.1" 200 1572 "-" "Mozilla/5.0 (compatible; MJ12bot/v1.4.8; http://mj12bot.com/)"
216.73.217.23 - - [06/Jun/2026:02:14:55 +0200] "GET /loja/page/6/?add-to-cart=743&orderby=date HTTP/1.1" 200 63555 "-" "Mozilla/5.0 AppleWebKit/537.36 (KHTML, like Gecko; compatible; ClaudeBot/1.0; +claudebot@anthropic.com)"
216.244.66.243 - - [06/Jun/2026:02:14:57 +0200] "GET /produto/erva-provence-em-frasco/?add-to-cart=2044&doing_wp_cron=1744681872.9336349964141845703125 HTTP/1.1" 200 402466 "-" "Mozilla/5.0 (compatible; DotBot/1.2; +https://opensiteexplorer.org/dotbot; help@moz.com)"
81.167.26.57 - - [06/Jun/2026:02:14:59 +0200] "GET /categoria-produto/mercearia/azeite/feed/ HTTP/1.1" 200 1082 "-" "Mozilla/5.0 (compatible; MJ12bot/v1.4.8; http://mj12bot.com/)"
216.73.217.23 - - [06/Jun/2026:02:15:00 +0200] "GET /categoria-produto/mercearia/?add-to-cart=767&doing_wp_cron=1769089643.8020830154418945312500&orderby=menu_order HTTP/1.1" 200 60848 "-" "Mozilla/5.0 AppleWebKit/537.36 (KHTML, like Gecko; compatible; ClaudeBot/1.0; +claudebot@anthropic.com)"
81.167.26.57 - - [06/Jun/2026:02:15:03 +0200] "GET /categoria-produto/mercearia/cha/feed/ HTTP/1.1" 200 1216 "-" "Mozilla/5.0 (compatible; MJ12bot/v1.4.8; http://mj12bot.com/)"
216.73.217.23 - - [06/Jun/2026:02:15:03 +0200] "GET /loja/page/2/?add-to-cart=421&doing_wp_cron=1765642876.6927409172058105468750&orderby=popularity HTTP/1.1" 200 61300 "-" "Mozilla/5.0 AppleWebKit/537.36 (KHTML, like Gecko; compatible; ClaudeBot/1.0; +claudebot@anthropic.com)"
216.244.66.243 - - [06/Jun/2026:02:15:03 +0200] "GET /produto/espargos/?add-to-cart=435&doing_wp_cron=1764126101.2898480892181396484375 HTTP/1.1" 200 403028 "-" "Mozilla/5.0 (compatible; DotBot/1.2; +https://opensiteexplorer.org/dotbot; help@moz.com)"
216.73.217.23 - - [06/Jun/2026:02:15:05 +0200] "GET /loja/page/2/?add-to-cart=472&doing_wp_cron=1765642876.6927409172058105468750&orderby=popularity HTTP/1.1" 200 61472 "-" "Mozilla/5.0 AppleWebKit/537.36 (KHTML, like Gecko; compatible; ClaudeBot/1.0; +claudebot@anthropic.com)"
81.167.26.57 - - [06/Jun/2026:02:15:06 +0200] "GET /categoria-produto/mercearia/cha/feed/?doing_wp_cron=1766862444.5207009315490722656250 HTTP/1.1" 200 1216 "-" "Mozilla/5.0 (compatible; MJ12bot/v1.4.8; http://mj12bot.com/)"
216.73.217.23 - - [06/Jun/2026:02:15:08 +0200] "GET /loja/page/2/?add-to-cart=565&doing_wp_cron=1765642876.6927409172058105468750&orderby=popularity HTTP/1.1" 200 61662 "-" "Mozilla/5.0 AppleWebKit/537.36 (KHTML, like Gecko; compatible; ClaudeBot/1.0; +claudebot@anthropic.com)"
216.73.217.23 - - [06/Jun/2026:02:15:11 +0200] "GET /loja/page/6/?add-to-cart=4331&doing_wp_cron=1705054787.4118249416351318359375&orderby=menu_order HTTP/1.1" 200 61835 "-" "Mozilla/5.0 AppleWebKit/537.36 (KHTML, like Gecko; compatible; ClaudeBot/1.0; +claudebot@anthropic.com)"
216.244.66.243 - - [06/Jun/2026:02:15:13 +0200] "GET /produto/espargos/?add-to-cart=575&doing_wp_cron=1767673771.8781030178070068359375 HTTP/1.1" 200 403160 "-" "Mozilla/5.0 (compatible; DotBot/1.2; +https://opensiteexplorer.org/dotbot; help@moz.com)"
216.73.217.23 - - [06/Jun/2026:02:15:14 +0200] "GET /loja/page/6/?add-to-cart=2045&doing_wp_cron=1758569056.8537590503692626953125&orderby=popularity HTTP/1.1" 200 62660 "-" "Mozilla/5.0 AppleWebKit/537.36 (KHTML, like Gecko; compatible; ClaudeBot/1.0; +claudebot@anthropic.com)"
216.73.217.23 - - [06/Jun/2026:02:15:17 +0200] "GET /loja/page/7/?add-to-cart=593&doing_wp_cron=1705054787.4118249416351318359375&orderby=menu_order HTTP/1.1" 200 62453 "-" "Mozilla/5.0 AppleWebKit/537.36 (KHTML, like Gecko; compatible; ClaudeBot/1.0; +claudebot@anthropic.com)"
216.73.217.23 - - [06/Jun/2026:02:15:20 +0200] "GET /loja/page/2/?add-to-cart=563&doing_wp_cron=1765642876.6927409172058105468750&orderby=popularity HTTP/1.1" 200 62454 "-" "Mozilla/5.0 AppleWebKit/537.36 (KHTML, like Gecko; compatible; ClaudeBot/1.0; +claudebot@anthropic.com)"
216.244.66.243 - - [06/Jun/2026:02:15:21 +0200] "GET /produto/espirais-com-vegetais-nacional-500g/?add-to-cart=765&doing_wp_cron=1764377098.9815180301666259765625 HTTP/1.1" 200 405001 "-" "Mozilla/5.0 (compatible; DotBot/1.2; +https://opensiteexplorer.org/dotbot; help@moz.com)"
216.73.217.23 - - [06/Jun/2026:02:15:23 +0200] "GET /loja/page/3/?add-to-cart=1987&doing_wp_cron=1758569056.8537590503692626953125&orderby=date HTTP/1.1" 200 62739 "-" "Mozilla/5.0 AppleWebKit/537.36 (KHTML, like Gecko; compatible; ClaudeBot/1.0; +claudebot@anthropic.com)"
216.73.217.23 - - [06/Jun/2026:02:15:26 +0200] "GET /categoria-produto/mercearia/?add-to-cart=1990&doing_wp_cron=1769089643.8020830154418945312500&orderby=menu_order HTTP/1.1" 200 62737 "-" "Mozilla/5.0 AppleWebKit/537.36 (KHTML, like Gecko; compatible; ClaudeBot/1.0; +claudebot@anthropic.com)"
216.244.66.243 - - [06/Jun/2026:02:15:29 +0200] "GET /produto/feijao-manteiga-cozido/?add-to-cart=702&doing_wp_cron=1767317658.7102079391479492187500 HTTP/1.1" 200 404748 "-" "Mozilla/5.0 (compatible; DotBot/1.2; +https://opensiteexplorer.org/dotbot; help@moz.com)"
216.73.217.23 - - [06/Jun/2026:02:15:29 +0200] "GET /loja/page/6/?add-to-cart=712&doing_wp_cron=1759043873.1749200820922851562500&orderby=date HTTP/1.1" 200 63160 "-" "Mozilla/5.0 AppleWebKit/537.36 (KHTML, like Gecko; compatible; ClaudeBot/1.0; +claudebot@anthropic.com)"
216.73.217.23 - - [06/Jun/2026:02:15:32 +0200] "GET /loja/page/2/?add-to-cart=441&doing_wp_cron=1765642876.6927409172058105468750&orderby=popularity HTTP/1.1" 200 63328 "-" "Mozilla/5.0 AppleWebKit/537.36 (KHTML, like Gecko; compatible; ClaudeBot/1.0; +claudebot@anthropic.com)"
216.73.217.23 - - [06/Jun/2026:02:15:35 +0200] "GET /categoria-produto/mercearia/?add-to-cart=2009&doing_wp_cron=1769089643.8020830154418945312500&orderby=popularity HTTP/1.1" 200 63739 "-" "Mozilla/5.0 AppleWebKit/537.36 (KHTML, like Gecko; compatible; ClaudeBot/1.0; +claudebot@anthropic.com)"
216.244.66.243 - - [06/Jun/2026:02:15:35 +0200] "GET /produto/figo-seco-com-farinha/?add-to-cart=792&doing_wp_cron=1743959818.0497009754180908203125 HTTP/1.1" 200 404370 "-" "Mozilla/5.0 (compatible; DotBot/1.2; +https://opensiteexplorer.org/dotbot; help@moz.com)"
216.244.66.243 - - [06/Jun/2026:02:15:41 +0200] "GET /produto/framboesa/?add-to-cart=1131&doing_wp_cron=1764173204.6017360687255859375000 HTTP/1.1" 200 400909 "-" "Mozilla/5.0 (compatible; DotBot/1.2; +https://opensiteexplorer.org/dotbot; help@moz.com)"
216.73.217.23 - - [06/Jun/2026:02:15:42 +0200] "GET /loja/page/4/?add-to-cart=1560&doing_wp_cron=1780356236.1233079433441162109375&orderby=date HTTP/1.1" 200 63107 "-" "Mozilla/5.0 AppleWebKit/537.36 (KHTML, like Gecko; compatible; ClaudeBot/1.0; +claudebot@anthropic.com)"
114.119.141.203 - - [06/Jun/2026:02:15:42 +0200] "GET /loja?orderby=popularity&doing_wp_cron=1747655568.3051700592041015625000 HTTP/1.1" 301 5 "https://www.baudefruta.pt/loja?orderby=price-desc&doing_wp_cron=1747655568.3051700592041015625000" "Mozilla/5.0 (Linux; Android 7.0;) AppleWebKit/537.36 (HTML, like Gecko) Mobile Safari/537.36 (compatible; PetalBot;+https://webmaster.petalsearch.com/site/petalbot)"
114.119.141.203 - - [06/Jun/2026:02:15:43 +0200] "GET /loja/?orderby=popularity&doing_wp_cron=1747655568.3051700592041015625000 HTTP/1.1" 200 60086 "https://www.baudefruta.pt/loja?orderby=price-desc&doing_wp_cron=1747655568.3051700592041015625000" "Mozilla/5.0 (Linux; Android 7.0;) AppleWebKit/537.36 (HTML, like Gecko) Mobile Safari/537.36 (compatible; PetalBot;+https://webmaster.petalsearch.com/site/petalbot)"
216.73.217.23 - - [06/Jun/2026:02:15:44 +0200] "GET /loja/page/5/?add-to-cart=583&doing_wp_cron=1780457004.9740800857543945312500&orderby=date HTTP/1.1" 200 63161 "-" "Mozilla/5.0 AppleWebKit/537.36 (KHTML, like Gecko; compatible; ClaudeBot/1.0; +claudebot@anthropic.com)"
216.73.217.23 - - [06/Jun/2026:02:15:47 +0200] "GET /loja/page/8/?add-to-cart=5345&doing_wp_cron=1780545559.8994989395141601562500&orderby=menu_order HTTP/1.1" 200 63268 "-" "Mozilla/5.0 AppleWebKit/537.36 (KHTML, like Gecko; compatible; ClaudeBot/1.0; +claudebot@anthropic.com)"
216.244.66.243 - - [06/Jun/2026:02:15:50 +0200] "GET /produto/miolo-de-avela/?add-to-cart=691&doing_wp_cron=1764171527.8746809959411621093750 HTTP/1.1" 200 403425 "-" "Mozilla/5.0 (compatible; DotBot/1.2; +https://opensiteexplorer.org/dotbot; help@moz.com)"
216.73.217.23 - - [06/Jun/2026:02:15:50 +0200] "GET /categoria-produto/mercearia/page/5/?doing_wp_cron=1780389383.8128929138183593750000&orderby=price HTTP/1.1" 200 63212 "-" "Mozilla/5.0 AppleWebKit/537.36 (KHTML, like Gecko; compatible; ClaudeBot/1.0; +claudebot@anthropic.com)"
216.73.217.23 - - [06/Jun/2026:02:15:53 +0200] "GET /loja/page/4/?add-to-cart=827&doing_wp_cron=1780455656.4795429706573486328125&orderby=menu_order HTTP/1.1" 200 63833 "-" "Mozilla/5.0 AppleWebKit/537.36 (KHTML, like Gecko; compatible; ClaudeBot/1.0; +claudebot@anthropic.com)"
52.167.144.175 - - [06/Jun/2026:02:15:55 +0200] "GET /loja/page/4/?doing_wp_cron=1764374095.7311310768127441406250&orderby=popularity HTTP/1.1" 200 60447 "-" "Mozilla/5.0 AppleWebKit/537.36 (KHTML, like Gecko; compatible; bingbot/2.0; +http://www.bing.com/bingbot.htm) Chrome/116.0.1938.76 Safari/537.36"
216.73.217.23 - - [06/Jun/2026:02:15:56 +0200] "GET /loja/page/2/?add-to-cart=1560&doing_wp_cron=1780544538.0197379589080810546875&orderby=popularity HTTP/1.1" 200 63527 "-" "Mozilla/5.0 AppleWebKit/537.36 (KHTML, like Gecko; compatible; ClaudeBot/1.0; +claudebot@anthropic.com)"
52.167.144.175 - - [06/Jun/2026:02:15:57 +0200] "GET /loja/page/11/?orderby=menu_order&doing_wp_cron=1764935278.1899380683898925781250 HTTP/1.1" 200 59887 "-" "Mozilla/5.0 AppleWebKit/537.36 (KHTML, like Gecko; compatible; bingbot/2.0; +http://www.bing.com/bingbot.htm) Chrome/116.0.1938.76 Safari/537.36"
216.73.217.23 - - [06/Jun/2026:02:15:59 +0200] "GET /loja/page/3/?add-to-cart=1987&doing_wp_cron=1780415098.0220060348510742187500&orderby=popularity HTTP/1.1" 200 63908 "-" "Mozilla/5.0 AppleWebKit/537.36 (KHTML, like Gecko; compatible; ClaudeBot/1.0; +claudebot@anthropic.com)"
216.73.217.23 - - [06/Jun/2026:02:16:04 +0200] "GET /loja/page/3/?add-to-cart=4236&doing_wp_cron=1780407018.5904660224914550781250&orderby=menu_order HTTP/1.1" 200 60748 "-" "Mozilla/5.0 AppleWebKit/537.36 (KHTML, like Gecko; compatible; ClaudeBot/1.0; +claudebot@anthropic.com)"
52.167.144.169 - - [06/Jun/2026:02:16:05 +0200] "GET /page/13/?s&orderby=date&doing_wp_cron=1773946158.7593328952789306640625 HTTP/1.1" 200 52312 "-" "Mozilla/5.0 AppleWebKit/537.36 (KHTML, like Gecko; compatible; bingbot/2.0; +http://www.bing.com/bingbot.htm) Chrome/116.0.1938.76 Safari/537.36"
52.167.144.169 - - [06/Jun/2026:02:16:06 +0200] "GET /page/16/?doing_wp_cron=1764131082.7052769660949707031250&orderby=price-desc HTTP/1.1" 200 58432 "-" "Mozilla/5.0 AppleWebKit/537.36 (KHTML, like Gecko; compatible; bingbot/2.0; +http://www.bing.com/bingbot.htm) Chrome/116.0.1938.76 Safari/537.36"
216.73.217.23 - - [06/Jun/2026:02:16:07 +0200] "GET /loja/page/2/?add-to-cart=441&doing_wp_cron=1780298590.2811610698699951171875&orderby=date HTTP/1.1" 200 61142 "-" "Mozilla/5.0 AppleWebKit/537.36 (KHTML, like Gecko; compatible; ClaudeBot/1.0; +claudebot@anthropic.com)"
216.73.217.23 - - [06/Jun/2026:02:16:10 +0200] "GET /loja/page/5/?add-to-cart=690&doing_wp_cron=1780207778.1771409511566162109375&orderby=menu_order HTTP/1.1" 200 61533 "-" "Mozilla/5.0 AppleWebKit/537.36 (KHTML, like Gecko; compatible; ClaudeBot/1.0; +claudebot@anthropic.com)"
216.244.66.243 - - [06/Jun/2026:02:16:10 +0200] "GET /produto/mostarda/?add-to-cart=675&doing_wp_cron=1764121382.8105618953704833984375 HTTP/1.1" 200 400947 "-" "Mozilla/5.0 (compatible; DotBot/1.2; +https://opensiteexplorer.org/dotbot; help@moz.com)"
177.243.145.12 - - [06/Jun/2026:02:16:12 +0200] "GET /categoria-produto/mercearia/page/5/?doing_wp_cron=1779653632.7675209045410156250000&orderby=menu_order HTTP/1.1" 200 60457 "-" "Opera/9.48.(Windows NT 5.2; he-IL) Presto/2.9.171 Version/11.00"
216.73.217.23 - - [06/Jun/2026:02:16:13 +0200] "GET /loja/?add-to-cart=2040&doing_wp_cron=1780338116.7118010520935058593750&orderby=popularity HTTP/1.1" 200 61508 "-" "Mozilla/5.0 AppleWebKit/537.36 (KHTML, like Gecko; compatible; ClaudeBot/1.0; +claudebot@anthropic.com)"
216.73.217.23 - - [06/Jun/2026:02:16:16 +0200] "GET /loja/page/3/?add-to-cart=591&doing_wp_cron=1780247694.3308169841766357421875&orderby=menu_order HTTP/1.1" 200 61644 "-" "Mozilla/5.0 AppleWebKit/537.36 (KHTML, like Gecko; compatible; ClaudeBot/1.0; +claudebot@anthropic.com)"
104.28.87.87 - - [06/Jun/2026:02:16:17 +0200] "GET /.well-known/passkey-endpoints HTTP/1.1" 302 102 "-" "com.apple.AuthenticationServicesCore.AuthenticationServicesAgent/8624.2.5.10.4 CFNetwork/3860.600.12 Darwin/25.5.0"
