52.167.144.170 - - [06/Jun/2026:01:22:49 +0200] "GET /wp-content/themes/uncode/library/css/woocommerce.css?ver=867561701 HTTP/1.1" 200 20067 "https://www.baudefruta.pt/categoria-produto/frescos/frutas/" "Mozilla/5.0 AppleWebKit/537.36 (KHTML, like Gecko; compatible; bingbot/2.0; +http://www.bing.com/bingbot.htm) Chrome/136.0.0.0 Safari/537.36 AppleWebKit/537.36 (KHTML, like Gecko; compatible; bingbot/2.0; +http://www.bing.com/bingbot.htm) Chrome/116.0.1938.76 Safari/537.36"
216.73.217.23 - - [06/Jun/2026:01:22:50 +0200] "GET /loja/page/9/?add-to-cart=3519&doing_wp_cron=1758569056.8537590503692626953125&orderby=menu_order HTTP/1.1" 200 62112 "-" "Mozilla/5.0 AppleWebKit/537.36 (KHTML, like Gecko; compatible; ClaudeBot/1.0; +claudebot@anthropic.com)"
52.167.144.170 - - [06/Jun/2026:01:22:52 +0200] "GET /wp-content/themes/uncode/library/js/woocommerce-uncode.js?ver=867561701 HTTP/1.1" 200 7190 "https://www.baudefruta.pt/categoria-produto/frescos/frutas/" "Mozilla/5.0 AppleWebKit/537.36 (KHTML, like Gecko; compatible; bingbot/2.0; +http://www.bing.com/bingbot.htm) Chrome/136.0.0.0 Safari/537.36 AppleWebKit/537.36 (KHTML, like Gecko; compatible; bingbot/2.0; +http://www.bing.com/bingbot.htm) Chrome/116.0.1938.76 Safari/537.36"
216.73.217.23 - - [06/Jun/2026:01:22:52 +0200] "GET /loja/page/3/?add-to-cart=524&doing_wp_cron=1758569056.8537590503692626953125&orderby=date HTTP/1.1" 200 61958 "-" "Mozilla/5.0 AppleWebKit/537.36 (KHTML, like Gecko; compatible; ClaudeBot/1.0; +claudebot@anthropic.com)"
216.73.217.23 - - [06/Jun/2026:01:22:56 +0200] "GET /categoria-produto/mercearia/page/3/?add-to-cart=685&orderby=price-desc HTTP/1.1" 200 62232 "-" "Mozilla/5.0 AppleWebKit/537.36 (KHTML, like Gecko; compatible; ClaudeBot/1.0; +claudebot@anthropic.com)"
52.167.144.174 - - [06/Jun/2026:01:22:56 +0200] "GET /wp-content/themes/baudefruta-un/style.css?ver=1942038229 HTTP/1.1" 200 896 "https://www.baudefruta.pt/categoria-produto/frescos/frutas/" "Mozilla/5.0 AppleWebKit/537.36 (KHTML, like Gecko; compatible; bingbot/2.0; +http://www.bing.com/bingbot.htm) Chrome/136.0.0.0 Safari/537.36 AppleWebKit/537.36 (KHTML, like Gecko; compatible; bingbot/2.0; +http://www.bing.com/bingbot.htm) Chrome/116.0.1938.76 Safari/537.36"
216.73.217.23 - - [06/Jun/2026:01:22:58 +0200] "GET /loja/page/10/?add-to-cart=502&doing_wp_cron=1758569056.8537590503692626953125&orderby=menu_order HTTP/1.1" 200 62661 "-" "Mozilla/5.0 AppleWebKit/537.36 (KHTML, like Gecko; compatible; ClaudeBot/1.0; +claudebot@anthropic.com)"
216.73.217.23 - - [06/Jun/2026:01:23:01 +0200] "GET /loja/page/11/?add-to-cart=502&doing_wp_cron=1758569056.8537590503692626953125&orderby=menu_order HTTP/1.1" 200 61984 "-" "Mozilla/5.0 AppleWebKit/537.36 (KHTML, like Gecko; compatible; ClaudeBot/1.0; +claudebot@anthropic.com)"
216.73.217.23 - - [06/Jun/2026:01:23:05 +0200] "GET /loja/page/2/?add-to-cart=587&doing_wp_cron=1758569056.8537590503692626953125&orderby=date HTTP/1.1" 200 62490 "-" "Mozilla/5.0 AppleWebKit/537.36 (KHTML, like Gecko; compatible; ClaudeBot/1.0; +claudebot@anthropic.com)"
216.73.217.23 - - [06/Jun/2026:01:23:08 +0200] "GET /loja/page/5/?add-to-cart=2038&doing_wp_cron=1758569056.8537590503692626953125&orderby=popularity HTTP/1.1" 200 63303 "-" "Mozilla/5.0 AppleWebKit/537.36 (KHTML, like Gecko; compatible; ClaudeBot/1.0; +claudebot@anthropic.com)"
216.73.217.23 - - [06/Jun/2026:01:23:11 +0200] "GET /loja/?add-to-cart=4218&doing_wp_cron=1749500398.4001810550689697265625&orderby=date HTTP/1.1" 200 62988 "-" "Mozilla/5.0 AppleWebKit/537.36 (KHTML, like Gecko; compatible; ClaudeBot/1.0; +claudebot@anthropic.com)"
216.73.217.23 - - [06/Jun/2026:01:23:13 +0200] "GET /loja/page/7/?add-to-cart=653&doing_wp_cron=1699032554.2910571098327636718750&orderby=menu_order HTTP/1.1" 200 63431 "-" "Mozilla/5.0 AppleWebKit/537.36 (KHTML, like Gecko; compatible; ClaudeBot/1.0; +claudebot@anthropic.com)"
216.73.217.23 - - [06/Jun/2026:01:23:17 +0200] "GET /loja/page/2/?add-to-cart=552&doing_wp_cron=1758569056.8537590503692626953125&orderby=date HTTP/1.1" 200 63289 "-" "Mozilla/5.0 AppleWebKit/537.36 (KHTML, like Gecko; compatible; ClaudeBot/1.0; +claudebot@anthropic.com)"
216.73.217.23 - - [06/Jun/2026:01:23:19 +0200] "GET /categoria-produto/mercearia/page/5/?add-to-cart=622&orderby=price-desc HTTP/1.1" 302 11 "-" "Mozilla/5.0 AppleWebKit/537.36 (KHTML, like Gecko; compatible; ClaudeBot/1.0; +claudebot@anthropic.com)"
189.63.225.182 - - [06/Jun/2026:01:23:19 +0200] "GET /wp-content/uploads/2021/06/FR001-framboesa.jpg HTTP/1.1" 200 302326 "https://br.images.search.yahoo.com/search/images;_ylt=AwrFG2VcWiNqPgIA2oTz6Qt.;_ylu=Y29sbwNiZjEEcG9zAzEEdnRpZAMEc2VjA3BpdnM-?p=framboesa&fr2=piv-web&type=E210BR853G0&fr=mcafee" "Mozilla/5.0 (Windows NT 10.0; Win64; x64) AppleWebKit/537.36 (KHTML, like Gecko) Chrome/148.0.0.0 Safari/537.36"
66.249.79.136 - - [06/Jun/2026:01:23:20 +0200] "GET /carrinho/?remove_item=019d385eb67632a7e958e23f24bd07d7&_wpnonce=6d48ef0841 HTTP/1.1" 200 55569 "-" "Mozilla/5.0 (Linux; Android 6.0.1; Nexus 5X Build/MMB29P) AppleWebKit/537.36 (KHTML, like Gecko) Chrome/148.0.7778.96 Mobile Safari/537.36 (compatible; Googlebot/2.1; +http://www.google.com/bot.html)"
216.73.217.23 - - [06/Jun/2026:01:23:20 +0200] "GET /categoria-produto/mercearia/page/5/?add-to-cart=622&orderby=price-desc&doing_wp_cron=1780701799.3103399276733398437500 HTTP/1.1" 200 63466 "https://www.baudefruta.pt/categoria-produto/mercearia/page/5/?add-to-cart=622&orderby=price-desc" "Mozilla/5.0 AppleWebKit/537.36 (KHTML, like Gecko; compatible; ClaudeBot/1.0; +claudebot@anthropic.com)"
216.73.217.23 - - [06/Jun/2026:01:23:22 +0200] "GET /categoria-produto/frescos/legumes/page/3/?add-to-cart=494&orderby=popularity HTTP/1.1" 200 61525 "-" "Mozilla/5.0 AppleWebKit/537.36 (KHTML, like Gecko; compatible; ClaudeBot/1.0; +claudebot@anthropic.com)"
216.73.217.23 - - [06/Jun/2026:01:23:26 +0200] "GET /loja/page/3/?add-to-cart=1994&doing_wp_cron=1758569056.8537590503692626953125&orderby=date HTTP/1.1" 200 64091 "-" "Mozilla/5.0 AppleWebKit/537.36 (KHTML, like Gecko; compatible; ClaudeBot/1.0; +claudebot@anthropic.com)"
216.73.217.23 - - [06/Jun/2026:01:23:29 +0200] "GET /loja/page/9/?add-to-cart=4338&doing_wp_cron=1758569056.8537590503692626953125&orderby=menu_order HTTP/1.1" 200 64433 "-" "Mozilla/5.0 AppleWebKit/537.36 (KHTML, like Gecko; compatible; ClaudeBot/1.0; +claudebot@anthropic.com)"
216.73.217.23 - - [06/Jun/2026:01:23:32 +0200] "GET /loja/?add-to-cart=2039&doing_wp_cron=1749485637.4724121093750000000000&orderby=menu_order HTTP/1.1" 200 64434 "-" "Mozilla/5.0 AppleWebKit/537.36 (KHTML, like Gecko; compatible; ClaudeBot/1.0; +claudebot@anthropic.com)"
216.73.217.23 - - [06/Jun/2026:01:23:35 +0200] "GET /loja/page/2/?add-to-cart=3520&doing_wp_cron=1758569056.8537590503692626953125&orderby=menu_order HTTP/1.1" 200 64888 "-" "Mozilla/5.0 AppleWebKit/537.36 (KHTML, like Gecko; compatible; ClaudeBot/1.0; +claudebot@anthropic.com)"
66.249.79.136 - - [06/Jun/2026:01:23:36 +0200] "GET /wp-content/themes/uncode/library/css/uncode-icons.css?ver=734934092 HTTP/1.1" 200 12098 "https://www.baudefruta.pt/carrinho/?remove_item=019d385eb67632a7e958e23f24bd07d7&_wpnonce=6d48ef0841" "Mozilla/5.0 (Linux; Android 6.0.1; Nexus 5X Build/MMB29P) AppleWebKit/537.36 (KHTML, like Gecko) Chrome/148.0.7778.96 Mobile Safari/537.36 (compatible; Googlebot/2.1; +http://www.google.com/bot.html)"
66.249.79.137 - - [06/Jun/2026:01:23:36 +0200] "GET /wp-content/themes/uncode/library/css/woocommerce.css?ver=734934092 HTTP/1.1" 200 20067 "https://www.baudefruta.pt/carrinho/?remove_item=019d385eb67632a7e958e23f24bd07d7&_wpnonce=6d48ef0841" "Mozilla/5.0 (Linux; Android 6.0.1; Nexus 5X Build/MMB29P) AppleWebKit/537.36 (KHTML, like Gecko) Chrome/148.0.7778.96 Mobile Safari/537.36 (compatible; Googlebot/2.1; +http://www.google.com/bot.html)"
66.249.79.137 - - [06/Jun/2026:01:23:36 +0200] "GET /wp-content/themes/uncode/library/js/init.js?ver=734934092 HTTP/1.1" 200 38505 "https://www.baudefruta.pt/carrinho/?remove_item=019d385eb67632a7e958e23f24bd07d7&_wpnonce=6d48ef0841" "Mozilla/5.0 (Linux; Android 6.0.1; Nexus 5X Build/MMB29P) AppleWebKit/537.36 (KHTML, like Gecko) Chrome/148.0.7778.96 Mobile Safari/537.36 (compatible; Googlebot/2.1; +http://www.google.com/bot.html)"
66.249.79.137 - - [06/Jun/2026:01:23:36 +0200] "GET /wp-content/themes/uncode/library/css/style.css?ver=734934092 HTTP/1.1" 200 70140 "https://www.baudefruta.pt/carrinho/?remove_item=019d385eb67632a7e958e23f24bd07d7&_wpnonce=6d48ef0841" "Mozilla/5.0 (Linux; Android 6.0.1; Nexus 5X Build/MMB29P) AppleWebKit/537.36 (KHTML, like Gecko) Chrome/148.0.7778.96 Mobile Safari/537.36 (compatible; Googlebot/2.1; +http://www.google.com/bot.html)"
66.249.79.137 - - [06/Jun/2026:01:23:37 +0200] "GET /wp-content/themes/uncode/library/js/plugins.js?ver=734934092 HTTP/1.1" 200 192557 "https://www.baudefruta.pt/carrinho/?remove_item=019d385eb67632a7e958e23f24bd07d7&_wpnonce=6d48ef0841" "Mozilla/5.0 (Linux; Android 6.0.1; Nexus 5X Build/MMB29P) AppleWebKit/537.36 (KHTML, like Gecko) Chrome/148.0.7778.96 Mobile Safari/537.36 (compatible; Googlebot/2.1; +http://www.google.com/bot.html)"
66.249.79.137 - - [06/Jun/2026:01:23:37 +0200] "GET /wp-content/themes/baudefruta-un/style.css?ver=1388277065 HTTP/1.1" 200 896 "https://www.baudefruta.pt/carrinho/?remove_item=019d385eb67632a7e958e23f24bd07d7&_wpnonce=6d48ef0841" "Mozilla/5.0 (Linux; Android 6.0.1; Nexus 5X Build/MMB29P) AppleWebKit/537.36 (KHTML, like Gecko) Chrome/148.0.7778.96 Mobile Safari/537.36 (compatible; Googlebot/2.1; +http://www.google.com/bot.html)"
66.249.79.137 - - [06/Jun/2026:01:23:38 +0200] "GET /wp-content/themes/uncode/library/js/app.js?ver=734934092 HTTP/1.1" 200 41076 "https://www.baudefruta.pt/carrinho/?remove_item=019d385eb67632a7e958e23f24bd07d7&_wpnonce=6d48ef0841" "Mozilla/5.0 (Linux; Android 6.0.1; Nexus 5X Build/MMB29P) AppleWebKit/537.36 (KHTML, like Gecko) Chrome/148.0.7778.96 Mobile Safari/537.36 (compatible; Googlebot/2.1; +http://www.google.com/bot.html)"
216.73.217.23 - - [06/Jun/2026:01:23:38 +0200] "GET /loja/?add-to-cart=557&doing_wp_cron=1749485637.4724121093750000000000&orderby=popularity HTTP/1.1" 200 64584 "-" "Mozilla/5.0 AppleWebKit/537.36 (KHTML, like Gecko; compatible; ClaudeBot/1.0; +claudebot@anthropic.com)"
66.249.79.137 - - [06/Jun/2026:01:23:38 +0200] "GET /wp-content/themes/uncode/library/js/woocommerce-uncode.js?ver=734934092 HTTP/1.1" 200 7190 "https://www.baudefruta.pt/carrinho/?remove_item=019d385eb67632a7e958e23f24bd07d7&_wpnonce=6d48ef0841" "Mozilla/5.0 (Linux; Android 6.0.1; Nexus 5X Build/MMB29P) AppleWebKit/537.36 (KHTML, like Gecko) Chrome/148.0.7778.96 Mobile Safari/537.36 (compatible; Googlebot/2.1; +http://www.google.com/bot.html)"
216.73.217.23 - - [06/Jun/2026:01:23:41 +0200] "GET /categoria-produto/mercearia/page/3/?add-to-cart=3500&orderby=price-desc HTTP/1.1" 200 65033 "-" "Mozilla/5.0 AppleWebKit/537.36 (KHTML, like Gecko; compatible; ClaudeBot/1.0; +claudebot@anthropic.com)"
216.73.217.23 - - [06/Jun/2026:01:23:44 +0200] "GET /loja/?add-to-cart=1984&doing_wp_cron=1703787820.8273739814758300781250&orderby=popularity HTTP/1.1" 200 64933 "-" "Mozilla/5.0 AppleWebKit/537.36 (KHTML, like Gecko; compatible; ClaudeBot/1.0; +claudebot@anthropic.com)"
216.73.217.23 - - [06/Jun/2026:01:23:47 +0200] "GET /loja/page/4/?add-to-cart=492&doing_wp_cron=1758569056.8537590503692626953125&orderby=popularity HTTP/1.1" 200 65494 "-" "Mozilla/5.0 AppleWebKit/537.36 (KHTML, like Gecko; compatible; ClaudeBot/1.0; +claudebot@anthropic.com)"
66.249.79.136 - - [06/Jun/2026:01:23:47 +0200] "GET /product-sitemap2.xml HTTP/1.1" 200 1554 "-" "Mozilla/5.0 (compatible; Googlebot/2.1; +http://www.google.com/bot.html)"
216.73.217.23 - - [06/Jun/2026:01:23:50 +0200] "GET /loja/page/7/?add-to-cart=610&doing_wp_cron=1758569056.8537590503692626953125&orderby=popularity HTTP/1.1" 200 65995 "-" "Mozilla/5.0 AppleWebKit/537.36 (KHTML, like Gecko; compatible; ClaudeBot/1.0; +claudebot@anthropic.com)"
216.73.217.23 - - [06/Jun/2026:01:23:53 +0200] "GET /loja/page/2/?add-to-cart=2039&doing_wp_cron=1699032554.2910571098327636718750&orderby=menu_order HTTP/1.1" 200 65654 "-" "Mozilla/5.0 AppleWebKit/537.36 (KHTML, like Gecko; compatible; ClaudeBot/1.0; +claudebot@anthropic.com)"
216.73.217.23 - - [06/Jun/2026:01:23:57 +0200] "GET /loja/page/11/?doing_wp_cron=1780424113.2975559234619140625000&orderby=price HTTP/1.1" 200 60294 "-" "Mozilla/5.0 AppleWebKit/537.36 (KHTML, like Gecko; compatible; ClaudeBot/1.0; +claudebot@anthropic.com)"
216.73.217.23 - - [06/Jun/2026:01:23:59 +0200] "GET /produto/clementina/?add-to-cart=593&doing_wp_cron=1780276306.7036058902740478515625 HTTP/1.1" 200 59169 "-" "Mozilla/5.0 AppleWebKit/537.36 (KHTML, like Gecko; compatible; ClaudeBot/1.0; +claudebot@anthropic.com)"
216.73.217.23 - - [06/Jun/2026:01:24:02 +0200] "GET /produto/erva-provence-em-frasco/?add-to-cart=731&doing_wp_cron=1780244650.9330909252166748046875 HTTP/1.1" 200 59440 "-" "Mozilla/5.0 AppleWebKit/537.36 (KHTML, like Gecko; compatible; ClaudeBot/1.0; +claudebot@anthropic.com)"
114.119.149.254 - - [06/Jun/2026:01:24:04 +0200] "GET /loja/page/7/?orderby=popularity&doing_wp_cron=1744319025.0990800857543945312500 HTTP/1.1" 200 60871 "https://www.baudefruta.pt/loja/page/8/?orderby=popularity&doing_wp_cron=1744319025.0990800857543945312500" "Mozilla/5.0 (Linux; Android 7.0;) AppleWebKit/537.36 (HTML, like Gecko) Mobile Safari/537.36 (compatible; PetalBot;+https://webmaster.petalsearch.com/site/petalbot)"
216.73.217.23 - - [06/Jun/2026:01:24:06 +0200] "GET /produto/banana-seca/?add-to-cart=719&doing_wp_cron=1778763750.3141698837280273437500 HTTP/1.1" 200 59632 "-" "Mozilla/5.0 AppleWebKit/537.36 (KHTML, like Gecko; compatible; ClaudeBot/1.0; +claudebot@anthropic.com)"
216.73.217.23 - - [06/Jun/2026:01:24:09 +0200] "GET /loja/?add-to-cart=575&doing_wp_cron=1780457004.9740800857543945312500&orderby=popularity HTTP/1.1" 200 61521 "-" "Mozilla/5.0 AppleWebKit/537.36 (KHTML, like Gecko; compatible; ClaudeBot/1.0; +claudebot@anthropic.com)"
216.73.217.23 - - [06/Jun/2026:01:24:11 +0200] "GET /produto/clementina/?add-to-cart=4224&doing_wp_cron=1780204405.3822889328002929687500 HTTP/1.1" 200 59993 "-" "Mozilla/5.0 AppleWebKit/537.36 (KHTML, like Gecko; compatible; ClaudeBot/1.0; +claudebot@anthropic.com)"
52.167.144.170 - - [06/Jun/2026:01:24:14 +0200] "GET /loja/page/3/?doing_wp_cron=1746987160.1812710762023925781250&orderby=popularity HTTP/1.1" 200 60465 "-" "Mozilla/5.0 AppleWebKit/537.36 (KHTML, like Gecko; compatible; bingbot/2.0; +http://www.bing.com/bingbot.htm) Chrome/116.0.1938.76 Safari/537.36"
216.73.217.23 - - [06/Jun/2026:01:24:14 +0200] "GET /produto/cebola-roxa/?add-to-cart=519&doing_wp_cron=1780226091.3126060962677001953125 HTTP/1.1" 200 60314 "-" "Mozilla/5.0 AppleWebKit/537.36 (KHTML, like Gecko; compatible; ClaudeBot/1.0; +claudebot@anthropic.com)"
216.73.217.23 - - [06/Jun/2026:01:24:17 +0200] "GET /categoria-produto/mercearia/page/4/?doing_wp_cron=1780303320.1956961154937744140625&orderby=date HTTP/1.1" 200 61743 "-" "Mozilla/5.0 AppleWebKit/537.36 (KHTML, like Gecko; compatible; ClaudeBot/1.0; +claudebot@anthropic.com)"
216.73.217.23 - - [06/Jun/2026:01:24:20 +0200] "GET /produto/alho-granulado-em-frasco/?add-to-cart=793&doing_wp_cron=1780205609.3343379497528076171875 HTTP/1.1" 200 60434 "-" "Mozilla/5.0 AppleWebKit/537.36 (KHTML, like Gecko; compatible; ClaudeBot/1.0; +claudebot@anthropic.com)"
216.73.217.23 - - [06/Jun/2026:01:24:24 +0200] "GET /loja/page/7/?add-to-cart=3520&doing_wp_cron=1780498167.6054840087890625000000&orderby=popularity HTTP/1.1" 200 63119 "-" "Mozilla/5.0 AppleWebKit/537.36 (KHTML, like Gecko; compatible; ClaudeBot/1.0; +claudebot@anthropic.com)"
173.252.82.17 - - [06/Jun/2026:01:24:25 +0200] "GET /meta.json?utm_source=meta&utm_campaign=reg24 HTTP/1.1" 302 11 "-" "facebookexternalhit/1.1 (+http://www.facebook.com/externalhit_uatext.php)"
216.73.217.23 - - [06/Jun/2026:01:24:27 +0200] "GET /loja/?add-to-cart=2040&doing_wp_cron=1780268890.7532269954681396484375&orderby=menu_order HTTP/1.1" 200 62644 "-" "Mozilla/5.0 AppleWebKit/537.36 (KHTML, like Gecko; compatible; ClaudeBot/1.0; +claudebot@anthropic.com)"
173.252.82.26 - - [06/Jun/2026:01:24:27 +0200] "GET /meta.json?utm_source=meta&utm_campaign=reg24&doing_wp_cron=1780701864.9940969944000244140625 HTTP/1.1" 404 298182 "-" "facebookexternalhit/1.1 (+http://www.facebook.com/externalhit_uatext.php)"
216.73.217.23 - - [06/Jun/2026:01:24:29 +0200] "GET /produto/pimento-verde/?add-to-cart=482&doing_wp_cron=1780388576.0660209655761718750000 HTTP/1.1" 200 61167 "-" "Mozilla/5.0 AppleWebKit/537.36 (KHTML, like Gecko; compatible; ClaudeBot/1.0; +claudebot@anthropic.com)"
216.73.217.23 - - [06/Jun/2026:01:24:32 +0200] "GET /produto/pimento-verde/?add-to-cart=547&doing_wp_cron=1780276452.5000720024108886718750 HTTP/1.1" 200 61319 "-" "Mozilla/5.0 AppleWebKit/537.36 (KHTML, like Gecko; compatible; ClaudeBot/1.0; +claudebot@anthropic.com)"
216.73.217.23 - - [06/Jun/2026:01:24:36 +0200] "GET /produto/nespera/?add-to-cart=610&doing_wp_cron=1780357099.5406489372253417968750 HTTP/1.1" 200 61606 "-" "Mozilla/5.0 AppleWebKit/537.36 (KHTML, like Gecko; compatible; ClaudeBot/1.0; +claudebot@anthropic.com)"
216.73.217.23 - - [06/Jun/2026:01:24:39 +0200] "GET /loja/?add-to-cart=452&doing_wp_cron=1780455656.4795429706573486328125&orderby=menu_order HTTP/1.1" 200 63428 "-" "Mozilla/5.0 AppleWebKit/537.36 (KHTML, like Gecko; compatible; ClaudeBot/1.0; +claudebot@anthropic.com)"
216.73.217.23 - - [06/Jun/2026:01:24:42 +0200] "GET /categoria-produto/mercearia/page/6/?doing_wp_cron=1780232817.6556460857391357421875&orderby=date HTTP/1.1" 200 60958 "-" "Mozilla/5.0 AppleWebKit/537.36 (KHTML, like Gecko; compatible; ClaudeBot/1.0; +claudebot@anthropic.com)"
216.73.217.23 - - [06/Jun/2026:01:24:44 +0200] "GET /produto/amendoa-caramelizada/?add-to-cart=630&doing_wp_cron=1780203520.7715070247650146484375 HTTP/1.1" 200 62003 "-" "Mozilla/5.0 AppleWebKit/537.36 (KHTML, like Gecko; compatible; ClaudeBot/1.0; +claudebot@anthropic.com)"
216.73.217.23 - - [06/Jun/2026:01:24:48 +0200] "GET /categoria-produto/mercearia/page/5/?doing_wp_cron=1780377538.3906450271606445312500&orderby=date HTTP/1.1" 200 63345 "-" "Mozilla/5.0 AppleWebKit/537.36 (KHTML, like Gecko; compatible; ClaudeBot/1.0; +claudebot@anthropic.com)"
216.73.217.23 - - [06/Jun/2026:01:24:51 +0200] "GET /loja/page/5/?add-to-cart=1134&doing_wp_cron=1780498167.6054840087890625000000&orderby=date HTTP/1.1" 200 64169 "-" "Mozilla/5.0 AppleWebKit/537.36 (KHTML, like Gecko; compatible; ClaudeBot/1.0; +claudebot@anthropic.com)"
216.73.217.23 - - [06/Jun/2026:01:24:53 +0200] "GET /produto/manjericao-100gr/?add-to-cart=1132&doing_wp_cron=1780146444.4622869491577148437500 HTTP/1.1" 200 62405 "-" "Mozilla/5.0 AppleWebKit/537.36 (KHTML, like Gecko; compatible; ClaudeBot/1.0; +claudebot@anthropic.com)"
216.73.217.23 - - [06/Jun/2026:01:24:57 +0200] "GET /loja/page/7/?add-to-cart=647&doing_wp_cron=1780592658.1118791103363037109375&orderby=date HTTP/1.1" 200 64532 "-" "Mozilla/5.0 AppleWebKit/537.36 (KHTML, like Gecko; compatible; ClaudeBot/1.0; +claudebot@anthropic.com)"
216.73.217.23 - - [06/Jun/2026:01:25:00 +0200] "GET /loja/?add-to-cart=4224&doing_wp_cron=1780268890.7532269954681396484375&orderby=menu_order HTTP/1.1" 200 64315 "-" "Mozilla/5.0 AppleWebKit/537.36 (KHTML, like Gecko; compatible; ClaudeBot/1.0; +claudebot@anthropic.com)"
216.73.217.23 - - [06/Jun/2026:01:25:03 +0200] "GET /produto/chuchu/?add-to-cart=543&doing_wp_cron=1780457696.7872140407562255859375 HTTP/1.1" 200 62818 "-" "Mozilla/5.0 AppleWebKit/537.36 (KHTML, like Gecko; compatible; ClaudeBot/1.0; +claudebot@anthropic.com)"
216.73.217.23 - - [06/Jun/2026:01:25:06 +0200] "GET /produto/pimento-verde/?add-to-cart=427&doing_wp_cron=1780276452.5000720024108886718750 HTTP/1.1" 200 62939 "-" "Mozilla/5.0 AppleWebKit/537.36 (KHTML, like Gecko; compatible; ClaudeBot/1.0; +claudebot@anthropic.com)"
216.73.217.23 - - [06/Jun/2026:01:25:09 +0200] "GET /produto/vinagre-de-sidra/?add-to-cart=2037&doing_wp_cron=1780325478.4133539199829101562500 HTTP/1.1" 200 63094 "-" "Mozilla/5.0 AppleWebKit/537.36 (KHTML, like Gecko; compatible; ClaudeBot/1.0; +claudebot@anthropic.com)"
216.73.217.23 - - [06/Jun/2026:01:25:12 +0200] "GET /loja/?add-to-cart=449&doing_wp_cron=1780445660.5325009822845458984375&orderby=popularity HTTP/1.1" 200 64886 "-" "Mozilla/5.0 AppleWebKit/537.36 (KHTML, like Gecko; compatible; ClaudeBot/1.0; +claudebot@anthropic.com)"
216.73.217.23 - - [06/Jun/2026:01:25:15 +0200] "GET /loja/page/3/?add-to-cart=565&doing_wp_cron=1780388636.6831140518188476562500&orderby=popularity HTTP/1.1" 200 61173 "-" "Mozilla/5.0 AppleWebKit/537.36 (KHTML, like Gecko; compatible; ClaudeBot/1.0; +claudebot@anthropic.com)"
216.73.217.23 - - [06/Jun/2026:01:25:18 +0200] "GET /loja/page/6/?add-to-cart=2009&doing_wp_cron=1724760408.5467429161071777343750&orderby=popularity HTTP/1.1" 200 61853 "-" "Mozilla/5.0 AppleWebKit/537.36 (KHTML, like Gecko; compatible; ClaudeBot/1.0; +claudebot@anthropic.com)"
216.73.217.23 - - [06/Jun/2026:01:25:21 +0200] "GET /loja/page/4/?add-to-cart=238&doing_wp_cron=1780407057.6045830249786376953125&orderby=menu_order HTTP/1.1" 200 62752 "-" "Mozilla/5.0 AppleWebKit/537.36 (KHTML, like Gecko; compatible; ClaudeBot/1.0; +claudebot@anthropic.com)"
216.73.217.23 - - [06/Jun/2026:01:25:24 +0200] "GET /loja/page/9/?add-to-cart=2037&doing_wp_cron=1780356259.9063909053802490234375&orderby=popularity HTTP/1.1" 200 63165 "-" "Mozilla/5.0 AppleWebKit/537.36 (KHTML, like Gecko; compatible; ClaudeBot/1.0; +claudebot@anthropic.com)"
216.73.217.23 - - [06/Jun/2026:01:25:27 +0200] "GET /loja/page/8/?add-to-cart=2047&doing_wp_cron=1780420039.4808270931243896484375&orderby=menu_order HTTP/1.1" 200 62836 "-" "Mozilla/5.0 AppleWebKit/537.36 (KHTML, like Gecko; compatible; ClaudeBot/1.0; +claudebot@anthropic.com)"
114.119.152.161 - - [06/Jun/2026:01:25:28 +0200] "GET /loja/page/7/?orderby=popularity&doing_wp_cron=1681023136.7568778991699218750000 HTTP/1.1" 200 60876 "https://www.baudefruta.pt/loja/page/7?orderby=price&doing_wp_cron=1681023136.7568778991699218750000" "Mozilla/5.0 (Linux; Android 7.0;) AppleWebKit/537.36 (HTML, like Gecko) Mobile Safari/537.36 (compatible; PetalBot;+https://webmaster.petalsearch.com/site/petalbot)"
216.73.217.23 - - [06/Jun/2026:01:25:30 +0200] "GET /categoria-produto/mercearia/?add-to-cart=2009&doing_wp_cron=1780290429.9225111007690429687500&orderby=date HTTP/1.1" 200 62400 "-" "Mozilla/5.0 AppleWebKit/537.36 (KHTML, like Gecko; compatible; ClaudeBot/1.0; +claudebot@anthropic.com)"
84.54.44.204 - - [06/Jun/2026:01:25:30 +0200] "GET /contactos/ HTTP/1.0" 200 386321 "https://www.baudefruta.pt/contactos/" "Mozilla/5.0 (Windows NT 10.0; Win64; x64) AppleWebKit/537.36 (KHTML, like Gecko) Chrome/131.0.0.0 Safari/537.36 Avast/131.0.0.0"
131.72.202.162 - - [06/Jun/2026:01:25:31 +0200] "GET /categoria-produto/mercearia/?add-to-cart=775&doing_wp_cron=1779786718.1693720817565917968750&orderby=price HTTP/1.1" 200 60874 "-" "Mozilla/5.0 (iPhone; CPU iPhone OS 16_7_7 like Mac OS X) AppleWebKit/531.2 (KHTML, like Gecko) CriOS/21.0.833.0 Mobile/83X734 Safari/531.2"
84.54.44.204 - - [06/Jun/2026:01:25:32 +0200] "POST /contactos/ HTTP/1.0" 200 386285 "https://www.baudefruta.pt/contactos/" "Mozilla/5.0 (Windows NT 10.0; Win64; x64) AppleWebKit/537.36 (KHTML, like Gecko) Chrome/131.0.0.0 Safari/537.36 Avast/131.0.0.0"
216.73.217.23 - - [06/Jun/2026:01:25:33 +0200] "GET /loja/page/3/?add-to-cart=561&doing_wp_cron=1780406818.1222550868988037109375&orderby=popularity HTTP/1.1" 200 63158 "-" "Mozilla/5.0 AppleWebKit/537.36 (KHTML, like Gecko; compatible; ClaudeBot/1.0; +claudebot@anthropic.com)"
216.73.217.23 - - [06/Jun/2026:01:25:36 +0200] "GET /loja/page/9/?add-to-cart=879&doing_wp_cron=1780455776.6261320114135742187500&orderby=menu_order HTTP/1.1" 200 63436 "-" "Mozilla/5.0 AppleWebKit/537.36 (KHTML, like Gecko; compatible; ClaudeBot/1.0; +claudebot@anthropic.com)"
216.73.217.23 - - [06/Jun/2026:01:25:39 +0200] "GET /loja/page/6/?add-to-cart=2045&doing_wp_cron=1780259951.9076659679412841796875&orderby=menu_order HTTP/1.1" 200 63449 "-" "Mozilla/5.0 AppleWebKit/537.36 (KHTML, like Gecko; compatible; ClaudeBot/1.0; +claudebot@anthropic.com)"
216.73.217.23 - - [06/Jun/2026:01:25:42 +0200] "GET /loja/page/5/?add-to-cart=621&doing_wp_cron=1780445098.1589419841766357421875&orderby=popularity HTTP/1.1" 200 64152 "-" "Mozilla/5.0 AppleWebKit/537.36 (KHTML, like Gecko; compatible; ClaudeBot/1.0; +claudebot@anthropic.com)"
216.73.217.23 - - [06/Jun/2026:01:25:46 +0200] "GET /loja/page/10/?add-to-cart=737&doing_wp_cron=1780549918.2844839096069335937500&orderby=popularity HTTP/1.1" 200 61613 "-" "Mozilla/5.0 AppleWebKit/537.36 (KHTML, like Gecko; compatible; ClaudeBot/1.0; +claudebot@anthropic.com)"
216.73.217.23 - - [06/Jun/2026:01:25:49 +0200] "GET /produto/azeitona-galega/?add-to-cart=3520&doing_wp_cron=1780400216.6574659347534179687500 HTTP/1.1" 200 59574 "-" "Mozilla/5.0 AppleWebKit/537.36 (KHTML, like Gecko; compatible; ClaudeBot/1.0; +claudebot@anthropic.com)"
216.73.217.23 - - [06/Jun/2026:01:25:52 +0200] "GET /loja/page/6/?add-to-cart=737&doing_wp_cron=1780521299.4223439693450927734375&orderby=date HTTP/1.1" 200 61264 "-" "Mozilla/5.0 AppleWebKit/537.36 (KHTML, like Gecko; compatible; ClaudeBot/1.0; +claudebot@anthropic.com)"
216.73.217.23 - - [06/Jun/2026:01:25:56 +0200] "GET /categoria-produto/mercearia/?add-to-cart=628&doing_wp_cron=1780236128.7207961082458496093750&orderby=popularity HTTP/1.1" 200 61253 "-" "Mozilla/5.0 AppleWebKit/537.36 (KHTML, like Gecko; compatible; ClaudeBot/1.0; +claudebot@anthropic.com)"
216.73.217.23 - - [06/Jun/2026:01:25:58 +0200] "GET /produto/alface-iberica-250gr/?add-to-cart=595&doing_wp_cron=1764177327.5529019832611083984375 HTTP/1.1" 200 59465 "-" "Mozilla/5.0 AppleWebKit/537.36 (KHTML, like Gecko; compatible; ClaudeBot/1.0; +claudebot@anthropic.com)"
216.73.217.23 - - [06/Jun/2026:01:26:01 +0200] "GET /loja/page/10/?add-to-cart=532&doing_wp_cron=1780208025.6175029277801513671875&orderby=menu_order HTTP/1.1" 200 61707 "-" "Mozilla/5.0 AppleWebKit/537.36 (KHTML, like Gecko; compatible; ClaudeBot/1.0; +claudebot@anthropic.com)"
216.73.217.23 - - [06/Jun/2026:01:26:04 +0200] "GET /categoria-produto/mercearia/?add-to-cart=4337&doing_wp_cron=1780207808.4722089767456054687500&orderby=date HTTP/1.1" 200 61302 "-" "Mozilla/5.0 AppleWebKit/537.36 (KHTML, like Gecko; compatible; ClaudeBot/1.0; +claudebot@anthropic.com)"
216.73.217.23 - - [06/Jun/2026:01:26:07 +0200] "GET /loja/page/8/?add-to-cart=610&doing_wp_cron=1780259951.9076659679412841796875&orderby=menu_order HTTP/1.1" 200 61907 "-" "Mozilla/5.0 AppleWebKit/537.36 (KHTML, like Gecko; compatible; ClaudeBot/1.0; +claudebot@anthropic.com)"
216.73.217.23 - - [06/Jun/2026:01:26:11 +0200] "GET /loja/page/2/?add-to-cart=414&doing_wp_cron=1780345137.3122010231018066406250&orderby=date HTTP/1.1" 200 61974 "-" "Mozilla/5.0 AppleWebKit/537.36 (KHTML, like Gecko; compatible; ClaudeBot/1.0; +claudebot@anthropic.com)"
216.73.217.23 - - [06/Jun/2026:01:26:14 +0200] "GET /loja/page/3/?add-to-cart=563&doing_wp_cron=1780445098.1589419841766357421875&orderby=popularity HTTP/1.1" 200 62470 "-" "Mozilla/5.0 AppleWebKit/537.36 (KHTML, like Gecko; compatible; ClaudeBot/1.0; +claudebot@anthropic.com)"
216.73.217.23 - - [06/Jun/2026:01:26:17 +0200] "GET /loja/page/4/?add-to-cart=4224&doing_wp_cron=1780388658.8284630775451660156250&orderby=menu_order HTTP/1.1" 200 62849 "-" "Mozilla/5.0 AppleWebKit/537.36 (KHTML, like Gecko; compatible; ClaudeBot/1.0; +claudebot@anthropic.com)"
216.73.217.23 - - [06/Jun/2026:01:26:19 +0200] "GET /categoria-produto/mercearia/page/6/?doing_wp_cron=1780295579.7918701171875000000000&orderby=price HTTP/1.1" 200 60259 "-" "Mozilla/5.0 AppleWebKit/537.36 (KHTML, like Gecko; compatible; ClaudeBot/1.0; +claudebot@anthropic.com)"
216.73.217.23 - - [06/Jun/2026:01:26:25 +0200] "GET /loja/page/3/?add-to-cart=2040&doing_wp_cron=1724760408.5467429161071777343750&orderby=menu_order HTTP/1.1" 200 60802 "-" "Mozilla/5.0 AppleWebKit/537.36 (KHTML, like Gecko; compatible; ClaudeBot/1.0; +claudebot@anthropic.com)"
216.73.217.23 - - [06/Jun/2026:01:26:27 +0200] "GET /loja/page/3/?add-to-cart=778&doing_wp_cron=1770738320.9674439430236816406250&orderby=menu_order HTTP/1.1" 200 61072 "-" "Mozilla/5.0 AppleWebKit/537.36 (KHTML, like Gecko; compatible; ClaudeBot/1.0; +claudebot@anthropic.com)"
216.73.217.23 - - [06/Jun/2026:01:26:30 +0200] "GET /loja/page/10/?add-to-cart=494&doing_wp_cron=1780326079.0621399879455566406250&orderby=menu_order HTTP/1.1" 200 61819 "-" "Mozilla/5.0 AppleWebKit/537.36 (KHTML, like Gecko; compatible; ClaudeBot/1.0; +claudebot@anthropic.com)"
216.73.217.23 - - [06/Jun/2026:01:26:33 +0200] "GET /categoria-produto/mercearia/?add-to-cart=893&doing_wp_cron=1780224376.5789399147033691406250&orderby=menu_order HTTP/1.1" 200 61598 "-" "Mozilla/5.0 AppleWebKit/537.36 (KHTML, like Gecko; compatible; ClaudeBot/1.0; +claudebot@anthropic.com)"
45.187.5.61 - - [06/Jun/2026:01:26:36 +0200] "GET /produto/feijao-frade-cozido/?add-to-cart=637&doing_wp_cron=1779753649.4263839721679687500000 HTTP/1.1" 200 59372 "-" "Mozilla/5.0 (compatible; MSIE 7.0; Windows NT 11.0; Trident/4.1)"
216.73.217.23 - - [06/Jun/2026:01:26:36 +0200] "GET /categoria-produto/mercearia/?add-to-cart=691&doing_wp_cron=1780284057.4707438945770263671875&orderby=menu_order HTTP/1.1" 200 61845 "-" "Mozilla/5.0 AppleWebKit/537.36 (KHTML, like Gecko; compatible; ClaudeBot/1.0; +claudebot@anthropic.com)"
216.73.217.23 - - [06/Jun/2026:01:26:40 +0200] "GET /loja/page/8/?add-to-cart=645&doing_wp_cron=1780424125.1127629280090332031250&orderby=menu_order HTTP/1.1" 200 62193 "-" "Mozilla/5.0 AppleWebKit/537.36 (KHTML, like Gecko; compatible; ClaudeBot/1.0; +claudebot@anthropic.com)"
216.73.217.23 - - [06/Jun/2026:01:26:42 +0200] "GET /loja/page/2/?add-to-cart=4218&doing_wp_cron=1780476177.9127869606018066406250&orderby=popularity HTTP/1.1" 200 62561 "-" "Mozilla/5.0 AppleWebKit/537.36 (KHTML, like Gecko; compatible; ClaudeBot/1.0; +claudebot@anthropic.com)"
216.73.217.23 - - [06/Jun/2026:01:26:45 +0200] "GET /loja/page/6/?add-to-cart=628&doing_wp_cron=1780398923.3932321071624755859375&orderby=popularity HTTP/1.1" 200 63277 "-" "Mozilla/5.0 AppleWebKit/537.36 (KHTML, like Gecko; compatible; ClaudeBot/1.0; +claudebot@anthropic.com)"
178.16.52.137 - - [06/Jun/2026:01:26:46 +0200] "POST /wp-login.php?action=register HTTP/1.1" 403 146 "-" "-"
101.57.245.109 - - [06/Jun/2026:01:26:47 +0200] "GET /produto/massa-de-pimentao/?add-to-cart=4338&doing_wp_cron=1779622607.6079220771789550781250 HTTP/1.1" 200 59460 "-" "Opera/9.23.(Windows NT 11.0; ts-ZA) Presto/2.9.167 Version/11.00"
216.244.66.243 - - [06/Jun/2026:01:26:48 +0200] "GET /produto/pimentao-doce-colorau-em-saqueta/?add-to-cart=1983 HTTP/1.1" 302 11 "-" "Mozilla/5.0 (compatible; DotBot/1.2; +https://opensiteexplorer.org/dotbot; help@moz.com)"
216.73.217.23 - - [06/Jun/2026:01:26:48 +0200] "GET /loja/page/3/?add-to-cart=1991&doing_wp_cron=1780383896.6204249858856201171875&orderby=date HTTP/1.1" 200 62932 "-" "Mozilla/5.0 AppleWebKit/537.36 (KHTML, like Gecko; compatible; ClaudeBot/1.0; +claudebot@anthropic.com)"
114.119.149.3 - - [06/Jun/2026:01:26:51 +0200] "GET /loja/page/7/?orderby=menu_order&doing_wp_cron=1758241090.5635440349578857421875 HTTP/1.1" 200 60462 "https://www.baudefruta.pt/loja/page/7/?orderby=popularity&doing_wp_cron=1758241090.5635440349578857421875" "Mozilla/5.0 (Linux; Android 7.0;) AppleWebKit/537.36 (HTML, like Gecko) Mobile Safari/537.36 (compatible; PetalBot;+https://webmaster.petalsearch.com/site/petalbot)"
216.73.217.23 - - [06/Jun/2026:01:26:51 +0200] "GET /loja/page/7/?add-to-cart=427&doing_wp_cron=1780462796.7094769477844238281250&orderby=menu_order HTTP/1.1" 200 63328 "-" "Mozilla/5.0 AppleWebKit/537.36 (KHTML, like Gecko; compatible; ClaudeBot/1.0; +claudebot@anthropic.com)"
216.73.217.23 - - [06/Jun/2026:01:26:54 +0200] "GET /loja/?add-to-cart=571&doing_wp_cron=1780555436.5701129436492919921875&orderby=price HTTP/1.1" 200 63356 "-" "Mozilla/5.0 AppleWebKit/537.36 (KHTML, like Gecko; compatible; ClaudeBot/1.0; +claudebot@anthropic.com)"
216.73.217.23 - - [06/Jun/2026:01:26:58 +0200] "GET /loja/page/4/?add-to-cart=825&doing_wp_cron=1780551056.5836288928985595703125&orderby=popularity HTTP/1.1" 200 63676 "-" "Mozilla/5.0 AppleWebKit/537.36 (KHTML, like Gecko; compatible; ClaudeBot/1.0; +claudebot@anthropic.com)"
216.73.217.23 - - [06/Jun/2026:01:27:00 +0200] "GET /loja/page/2/?add-to-cart=2042&doing_wp_cron=1749500398.4001810550689697265625&orderby=menu_order HTTP/1.1" 200 63947 "-" "Mozilla/5.0 AppleWebKit/537.36 (KHTML, like Gecko; compatible; ClaudeBot/1.0; +claudebot@anthropic.com)"
216.73.217.23 - - [06/Jun/2026:01:27:04 +0200] "GET /loja/page/2/?add-to-cart=587&doing_wp_cron=1701153572.9826118946075439453125&orderby=menu_order HTTP/1.1" 200 64129 "-" "Mozilla/5.0 AppleWebKit/537.36 (KHTML, like Gecko; compatible; ClaudeBot/1.0; +claudebot@anthropic.com)"
216.73.217.23 - - [06/Jun/2026:01:27:06 +0200] "GET /loja/page/5/?add-to-cart=825&doing_wp_cron=1780398923.3932321071624755859375&orderby=menu_order HTTP/1.1" 200 63981 "-" "Mozilla/5.0 AppleWebKit/537.36 (KHTML, like Gecko; compatible; ClaudeBot/1.0; +claudebot@anthropic.com)"
216.73.217.23 - - [06/Jun/2026:01:27:09 +0200] "GET /loja/page/11/?add-to-cart=524&doing_wp_cron=1780471458.6715359687805175781250&orderby=menu_order HTTP/1.1" 200 63718 "-" "Mozilla/5.0 AppleWebKit/537.36 (KHTML, like Gecko; compatible; ClaudeBot/1.0; +claudebot@anthropic.com)"
216.244.66.243 - - [06/Jun/2026:01:27:10 +0200] "GET /categoria-produto/frescos/ovos/?add-to-cart=599 HTTP/1.1" 302 11 "-" "Mozilla/5.0 (compatible; DotBot/1.2; +https://opensiteexplorer.org/dotbot; help@moz.com)"
216.73.217.23 - - [06/Jun/2026:01:27:12 +0200] "GET /loja/page/2/?add-to-cart=3519&doing_wp_cron=1780476177.9127869606018066406250&orderby=popularity HTTP/1.1" 200 64388 "-" "Mozilla/5.0 AppleWebKit/537.36 (KHTML, like Gecko; compatible; ClaudeBot/1.0; +claudebot@anthropic.com)"
216.73.217.23 - - [06/Jun/2026:01:27:16 +0200] "GET /loja/page/4/?add-to-cart=575&doing_wp_cron=1780438640.8086369037628173828125&orderby=menu_order HTTP/1.1" 200 64829 "-" "Mozilla/5.0 AppleWebKit/537.36 (KHTML, like Gecko; compatible; ClaudeBot/1.0; +claudebot@anthropic.com)"
216.73.217.23 - - [06/Jun/2026:01:27:18 +0200] "GET /loja/page/9/?add-to-cart=538&doing_wp_cron=1780319098.8176429271697998046875&orderby=date HTTP/1.1" 200 64033 "-" "Mozilla/5.0 AppleWebKit/537.36 (KHTML, like Gecko; compatible; ClaudeBot/1.0; +claudebot@anthropic.com)"
216.73.217.23 - - [06/Jun/2026:01:27:21 +0200] "GET /loja/page/2/?add-to-cart=423&doing_wp_cron=1780501699.2038629055023193359375&orderby=popularity HTTP/1.1" 200 64854 "-" "Mozilla/5.0 AppleWebKit/537.36 (KHTML, like Gecko; compatible; ClaudeBot/1.0; +claudebot@anthropic.com)"
216.73.217.23 - - [06/Jun/2026:01:27:25 +0200] "GET /loja/page/3/?add-to-cart=565&doing_wp_cron=1780398980.3144240379333496093750&orderby=menu_order HTTP/1.1" 200 64731 "-" "Mozilla/5.0 AppleWebKit/537.36 (KHTML, like Gecko; compatible; ClaudeBot/1.0; +claudebot@anthropic.com)"
216.73.217.23 - - [06/Jun/2026:01:27:27 +0200] "GET /produto/atum-selvagem-em-oleo-vegetal-ramirez/?add-to-cart=699&doing_wp_cron=1780285737.0543808937072753906250 HTTP/1.1" 200 63622 "-" "Mozilla/5.0 AppleWebKit/537.36 (KHTML, like Gecko; compatible; ClaudeBot/1.0; +claudebot@anthropic.com)"
216.73.217.23 - - [06/Jun/2026:01:27:31 +0200] "GET /categoria-produto/mercearia/?add-to-cart=2040&doing_wp_cron=1780615280.6549530029296875000000&orderby=price HTTP/1.1" 200 65040 "-" "Mozilla/5.0 AppleWebKit/537.36 (KHTML, like Gecko; compatible; ClaudeBot/1.0; +claudebot@anthropic.com)"
216.73.217.23 - - [06/Jun/2026:01:27:33 +0200] "GET /loja/page/2/?add-to-cart=411&doing_wp_cron=1780566199.9486548900604248046875&orderby=date HTTP/1.1" 200 65251 "-" "Mozilla/5.0 AppleWebKit/537.36 (KHTML, like Gecko; compatible; ClaudeBot/1.0; +claudebot@anthropic.com)"
216.73.217.23 - - [06/Jun/2026:01:27:36 +0200] "GET /categoria-produto/mercearia/?add-to-cart=4337&doing_wp_cron=1780241391.0562460422515869140625&orderby=date HTTP/1.1" 200 65177 "-" "Mozilla/5.0 AppleWebKit/537.36 (KHTML, like Gecko; compatible; ClaudeBot/1.0; +claudebot@anthropic.com)"
216.73.217.23 - - [06/Jun/2026:01:27:39 +0200] "GET /loja/page/3/?add-to-cart=1992&doing_wp_cron=1780398926.3913888931274414062500&orderby=date HTTP/1.1" 200 65730 "-" "Mozilla/5.0 AppleWebKit/537.36 (KHTML, like Gecko; compatible; ClaudeBot/1.0; +claudebot@anthropic.com)"
216.73.217.23 - - [06/Jun/2026:01:27:43 +0200] "GET /loja/page/7/?add-to-cart=414&doing_wp_cron=1780424179.3111770153045654296875&orderby=menu_order HTTP/1.1" 200 66011 "-" "Mozilla/5.0 AppleWebKit/537.36 (KHTML, like Gecko; compatible; ClaudeBot/1.0; +claudebot@anthropic.com)"
216.73.217.23 - - [06/Jun/2026:01:27:45 +0200] "GET /loja/page/7/?add-to-cart=670&doing_wp_cron=1780471500.7316999435424804687500&orderby=menu_order HTTP/1.1" 200 66145 "-" "Mozilla/5.0 AppleWebKit/537.36 (KHTML, like Gecko; compatible; ClaudeBot/1.0; +claudebot@anthropic.com)"
216.73.217.23 - - [06/Jun/2026:01:27:48 +0200] "GET /categoria-produto/mercearia/?add-to-cart=1645&doing_wp_cron=1780207808.4722089767456054687500&orderby=date HTTP/1.1" 200 65919 "-" "Mozilla/5.0 AppleWebKit/537.36 (KHTML, like Gecko; compatible; ClaudeBot/1.0; +claudebot@anthropic.com)"
216.73.217.23 - - [06/Jun/2026:01:27:51 +0200] "GET /categoria-produto/mercearia/?add-to-cart=2013&doing_wp_cron=1780398375.1426160335540771484375&orderby=date HTTP/1.1" 200 66136 "-" "Mozilla/5.0 AppleWebKit/537.36 (KHTML, like Gecko; compatible; ClaudeBot/1.0; +claudebot@anthropic.com)"
216.73.217.23 - - [06/Jun/2026:01:27:54 +0200] "GET /loja/page/7/?add-to-cart=702&doing_wp_cron=1780484080.3415489196777343750000&orderby=popularity HTTP/1.1" 200 67271 "-" "Mozilla/5.0 AppleWebKit/537.36 (KHTML, like Gecko; compatible; ClaudeBot/1.0; +claudebot@anthropic.com)"
216.73.217.23 - - [06/Jun/2026:01:27:59 +0200] "GET /categoria-produto/mercearia/?add-to-cart=1987&doing_wp_cron=1780385396.0644440650939941406250&orderby=popularity HTTP/1.1" 200 61272 "-" "Mozilla/5.0 AppleWebKit/537.36 (KHTML, like Gecko; compatible; ClaudeBot/1.0; +claudebot@anthropic.com)"
216.73.217.23 - - [06/Jun/2026:01:28:02 +0200] "GET /loja/page/5/?add-to-cart=1543&doing_wp_cron=1780410981.3310050964355468750000&orderby=popularity HTTP/1.1" 200 61751 "-" "Mozilla/5.0 AppleWebKit/537.36 (KHTML, like Gecko; compatible; ClaudeBot/1.0; +claudebot@anthropic.com)"
216.244.66.243 - - [06/Jun/2026:01:28:04 +0200] "GET /categoria-produto/mercearia/page/6/?add-to-cart=743 HTTP/1.1" 302 11 "-" "Mozilla/5.0 (compatible; DotBot/1.2; +https://opensiteexplorer.org/dotbot; help@moz.com)"
216.73.217.23 - - [06/Jun/2026:01:28:05 +0200] "GET /loja/?add-to-cart=478&doing_wp_cron=1780430342.1766259670257568359375&orderby=price HTTP/1.1" 200 61590 "-" "Mozilla/5.0 AppleWebKit/537.36 (KHTML, like Gecko; compatible; ClaudeBot/1.0; +claudebot@anthropic.com)"
216.73.217.23 - - [06/Jun/2026:01:28:08 +0200] "GET /loja/page/5/?add-to-cart=782&doing_wp_cron=1780384400.8176770210266113281250&orderby=menu_order HTTP/1.1" 200 61745 "-" "Mozilla/5.0 AppleWebKit/537.36 (KHTML, like Gecko; compatible; ClaudeBot/1.0; +claudebot@anthropic.com)"
216.73.217.23 - - [06/Jun/2026:01:28:11 +0200] "GET /categoria-produto/mercearia/?add-to-cart=2035&doing_wp_cron=1780219309.6356399059295654296875&orderby=date HTTP/1.1" 200 61598 "-" "Mozilla/5.0 AppleWebKit/537.36 (KHTML, like Gecko; compatible; ClaudeBot/1.0; +claudebot@anthropic.com)"
216.73.217.23 - - [06/Jun/2026:01:28:14 +0200] "GET /loja/page/6/?add-to-cart=691&doing_wp_cron=1780471858.5329909324645996093750&orderby=popularity HTTP/1.1" 200 62837 "-" "Mozilla/5.0 AppleWebKit/537.36 (KHTML, like Gecko; compatible; ClaudeBot/1.0; +claudebot@anthropic.com)"
114.119.141.203 - - [06/Jun/2026:01:28:15 +0200] "GET /produto/juliana/?doing_wp_cron=1764311297.2608010768890380859375 HTTP/1.1" 200 57707 "https://www.baudefruta.pt/produto/juliana/?doing_wp_cron=1764311297.2608010768890380859375" "Mozilla/5.0 (Linux; Android 7.0;) AppleWebKit/537.36 (HTML, like Gecko) Mobile Safari/537.36 (compatible; PetalBot;+https://webmaster.petalsearch.com/site/petalbot)"
216.73.217.23 - - [06/Jun/2026:01:28:17 +0200] "GET /loja/page/6/?add-to-cart=647&doing_wp_cron=1780566237.4421460628509521484375&orderby=popularity HTTP/1.1" 200 63084 "-" "Mozilla/5.0 AppleWebKit/537.36 (KHTML, like Gecko; compatible; ClaudeBot/1.0; +claudebot@anthropic.com)"
216.73.217.23 - - [06/Jun/2026:01:28:20 +0200] "GET /categoria-produto/mercearia/?add-to-cart=2012&doing_wp_cron=1780379720.2988820075988769531250&orderby=date HTTP/1.1" 200 62275 "-" "Mozilla/5.0 AppleWebKit/537.36 (KHTML, like Gecko; compatible; ClaudeBot/1.0; +claudebot@anthropic.com)"
216.73.217.23 - - [06/Jun/2026:01:28:23 +0200] "GET /loja/page/10/?add-to-cart=484&doing_wp_cron=1780268890.7532269954681396484375&orderby=date HTTP/1.1" 200 62417 "-" "Mozilla/5.0 AppleWebKit/537.36 (KHTML, like Gecko; compatible; ClaudeBot/1.0; +claudebot@anthropic.com)"
216.244.66.243 - - [06/Jun/2026:01:28:25 +0200] "GET /categoria-produto/frescos/?add-to-cart=408&doing_wp_cron=1716511679.2919890880584716796875 HTTP/1.1" 200 459964 "-" "Mozilla/5.0 (compatible; DotBot/1.2; +https://opensiteexplorer.org/dotbot; help@moz.com)"
216.73.217.23 - - [06/Jun/2026:01:28:26 +0200] "GET /loja/page/11/?add-to-cart=2038&doing_wp_cron=1780268890.7532269954681396484375&orderby=date HTTP/1.1" 200 62158 "-" "Mozilla/5.0 AppleWebKit/537.36 (KHTML, like Gecko; compatible; ClaudeBot/1.0; +claudebot@anthropic.com)"
216.73.217.23 - - [06/Jun/2026:01:28:29 +0200] "GET /loja/page/11/?add-to-cart=899&doing_wp_cron=1780486857.8343369960784912109375&orderby=popularity HTTP/1.1" 200 63237 "-" "Mozilla/5.0 AppleWebKit/537.36 (KHTML, like Gecko; compatible; ClaudeBot/1.0; +claudebot@anthropic.com)"
216.244.66.243 - - [06/Jun/2026:01:28:31 +0200] "GET /categoria-produto/frescos/page/5/?add-to-cart=1131 HTTP/1.1" 302 11 "-" "Mozilla/5.0 (compatible; DotBot/1.2; +https://opensiteexplorer.org/dotbot; help@moz.com)"
216.73.217.23 - - [06/Jun/2026:01:28:32 +0200] "GET /loja/page/6/?add-to-cart=715&doing_wp_cron=1780498200.4151859283447265625000&orderby=menu_order HTTP/1.1" 200 63356 "-" "Mozilla/5.0 AppleWebKit/537.36 (KHTML, like Gecko; compatible; ClaudeBot/1.0; +claudebot@anthropic.com)"
216.73.217.23 - - [06/Jun/2026:01:28:35 +0200] "GET /produto/espaguete-nacional-500g/?add-to-cart=823&doing_wp_cron=1780229509.6589090824127197265625 HTTP/1.1" 200 62059 "-" "Mozilla/5.0 AppleWebKit/537.36 (KHTML, like Gecko; compatible; ClaudeBot/1.0; +claudebot@anthropic.com)"
216.244.66.243 - - [06/Jun/2026:01:28:37 +0200] "GET /produto/arroz-cigala-carolino/?add-to-cart=688&doing_wp_cron=1772035293.0208520889282226562500 HTTP/1.1" 200 401445 "-" "Mozilla/5.0 (compatible; DotBot/1.2; +https://opensiteexplorer.org/dotbot; help@moz.com)"
216.73.217.23 - - [06/Jun/2026:01:28:38 +0200] "GET /loja/page/4/?add-to-cart=454&doing_wp_cron=1780383896.6204249858856201171875&orderby=date HTTP/1.1" 200 64109 "-" "Mozilla/5.0 AppleWebKit/537.36 (KHTML, like Gecko; compatible; ClaudeBot/1.0; +claudebot@anthropic.com)"
216.73.217.23 - - [06/Jun/2026:01:28:41 +0200] "GET /loja/page/9/?add-to-cart=717&doing_wp_cron=1749500398.4001810550689697265625&orderby=menu_order HTTP/1.1" 200 64078 "-" "Mozilla/5.0 AppleWebKit/537.36 (KHTML, like Gecko; compatible; ClaudeBot/1.0; +claudebot@anthropic.com)"
216.73.217.23 - - [06/Jun/2026:01:28:44 +0200] "GET /loja/page/5/?add-to-cart=685&doing_wp_cron=1780424125.1127629280090332031250&orderby=popularity HTTP/1.1" 200 64682 "-" "Mozilla/5.0 AppleWebKit/537.36 (KHTML, like Gecko; compatible; ClaudeBot/1.0; +claudebot@anthropic.com)"
216.244.66.243 - - [06/Jun/2026:01:28:44 +0200] "GET /produto/atum-em-oleo-vegetal-bom-petisco/?add-to-cart=3511&doing_wp_cron=1764389216.3578579425811767578125 HTTP/1.1" 200 402175 "-" "Mozilla/5.0 (compatible; DotBot/1.2; +https://opensiteexplorer.org/dotbot; help@moz.com)"
47.79.15.10 - - [06/Jun/2026:01:28:45 +0200] "GET /produto/caldo-de-carne-16-cubos/?add-to-cart=666&doing_wp_cron=1773774754.6690919399261474609375 HTTP/1.1" 200 59513 "-" "Mozilla/5.0 (Windows NT 10.0; Win64; x64) AppleWebKit/537.36 (KHTML, like Gecko) Chrome/145.0.0.0 Safari/537.36"
216.73.217.23 - - [06/Jun/2026:01:28:47 +0200] "GET /categoria-produto/mercearia/?add-to-cart=3500&doing_wp_cron=1780232755.4807059764862060546875&orderby=menu_order HTTP/1.1" 200 64203 "-" "Mozilla/5.0 AppleWebKit/537.36 (KHTML, like Gecko; compatible; ClaudeBot/1.0; +claudebot@anthropic.com)"
216.73.217.23 - - [06/Jun/2026:01:28:50 +0200] "GET /categoria-produto/mercearia/?add-to-cart=767&doing_wp_cron=1780407362.3914299011230468750000&orderby=menu_order HTTP/1.1" 200 64400 "-" "Mozilla/5.0 AppleWebKit/537.36 (KHTML, like Gecko; compatible; ClaudeBot/1.0; +claudebot@anthropic.com)"
216.73.217.23 - - [06/Jun/2026:01:28:53 +0200] "GET /produto/azeitona-preta-oxidada/?add-to-cart=1126&doing_wp_cron=1780202861.9026010036468505859375 HTTP/1.1" 200 63017 "-" "Mozilla/5.0 AppleWebKit/537.36 (KHTML, like Gecko; compatible; ClaudeBot/1.0; +claudebot@anthropic.com)"
216.73.217.23 - - [06/Jun/2026:01:28:56 +0200] "GET /loja/page/4/?add-to-cart=765&doing_wp_cron=1780338056.7367100715637207031250&orderby=date HTTP/1.1" 200 65271 "-" "Mozilla/5.0 AppleWebKit/537.36 (KHTML, like Gecko; compatible; ClaudeBot/1.0; +claudebot@anthropic.com)"
216.244.66.243 - - [06/Jun/2026:01:28:59 +0200] "GET /produto/broculos/?add-to-cart=482&doing_wp_cron=1763775955.7023510932922363281250 HTTP/1.1" 200 402674 "-" "Mozilla/5.0 (compatible; DotBot/1.2; +https://opensiteexplorer.org/dotbot; help@moz.com)"
216.73.217.23 - - [06/Jun/2026:01:29:00 +0200] "GET /loja/page/9/?add-to-cart=701&doing_wp_cron=1780415179.5259048938751220703125&orderby=menu_order HTTP/1.1" 200 61235 "-" "Mozilla/5.0 AppleWebKit/537.36 (KHTML, like Gecko; compatible; ClaudeBot/1.0; +claudebot@anthropic.com)"
216.73.217.23 - - [06/Jun/2026:01:29:02 +0200] "GET /loja/page/11/?add-to-cart=934&doing_wp_cron=1780356259.9063909053802490234375&orderby=popularity HTTP/1.1" 200 61397 "-" "Mozilla/5.0 AppleWebKit/537.36 (KHTML, like Gecko; compatible; ClaudeBot/1.0; +claudebot@anthropic.com)"
216.73.217.23 - - [06/Jun/2026:01:29:06 +0200] "GET /categoria-produto/mercearia/?add-to-cart=775&doing_wp_cron=1780232829.3746149539947509765625&orderby=popularity HTTP/1.1" 200 61757 "-" "Mozilla/5.0 AppleWebKit/537.36 (KHTML, like Gecko; compatible; ClaudeBot/1.0; +claudebot@anthropic.com)"
216.73.217.23 - - [06/Jun/2026:01:29:09 +0200] "GET /loja/page/4/?add-to-cart=555&doing_wp_cron=1780356259.9063909053802490234375&orderby=popularity HTTP/1.1" 200 61864 "-" "Mozilla/5.0 AppleWebKit/537.36 (KHTML, like Gecko; compatible; ClaudeBot/1.0; +claudebot@anthropic.com)"
216.73.217.23 - - [06/Jun/2026:01:29:11 +0200] "GET /loja/page/11/?add-to-cart=745&doing_wp_cron=1780326079.0621399879455566406250&orderby=menu_order HTTP/1.1" 200 61538 "-" "Mozilla/5.0 AppleWebKit/537.36 (KHTML, like Gecko; compatible; ClaudeBot/1.0; +claudebot@anthropic.com)"
216.244.66.243 - - [06/Jun/2026:01:29:12 +0200] "GET /produto/castanha-do-maranhao/?add-to-cart=2044&doing_wp_cron=1764358558.4773929119110107421875 HTTP/1.1" 200 403330 "-" "Mozilla/5.0 (compatible; DotBot/1.2; +https://opensiteexplorer.org/dotbot; help@moz.com)"
216.73.217.23 - - [06/Jun/2026:01:29:14 +0200] "GET /categoria-produto/mercearia/?add-to-cart=702&doing_wp_cron=1780210568.6572411060333251953125&orderby=menu_order HTTP/1.1" 200 61987 "-" "Mozilla/5.0 AppleWebKit/537.36 (KHTML, like Gecko; compatible; ClaudeBot/1.0; +claudebot@anthropic.com)"
216.73.217.23 - - [06/Jun/2026:01:29:17 +0200] "GET /loja/page/6/?add-to-cart=641&doing_wp_cron=1780208025.6175029277801513671875&orderby=menu_order HTTP/1.1" 200 62334 "-" "Mozilla/5.0 AppleWebKit/537.36 (KHTML, like Gecko; compatible; ClaudeBot/1.0; +claudebot@anthropic.com)"
43.166.134.114 - - [06/Jun/2026:01:29:18 +0200] "GET /2021/05/11/ola-mundo/feed/ HTTP/1.1" 302 102 "-" "Mozilla/5.0 (iPhone; CPU iPhone OS 13_2_3 like Mac OS X) AppleWebKit/605.1.15 (KHTML, like Gecko) Version/13.0.3 Mobile/15E148 Safari/604.1"
216.73.217.23 - - [06/Jun/2026:01:29:20 +0200] "GET /loja/page/11/?add-to-cart=685&doing_wp_cron=1780521358.5195169448852539062500&orderby=popularity HTTP/1.1" 200 62725 "-" "Mozilla/5.0 AppleWebKit/537.36 (KHTML, like Gecko; compatible; ClaudeBot/1.0; +claudebot@anthropic.com)"
66.249.79.138 - - [06/Jun/2026:01:29:22 +0200] "GET /wp-content/themes/baudefruta-un/style.css?ver=1627386689 HTTP/1.1" 200 896 "https://www.baudefruta.pt/finalizar-compra/order-received/18685/?doing_wp_cron=1780524444.2878749370574951171875" "Mozilla/5.0 (Linux; Android 6.0.1; Nexus 5X Build/MMB29P) AppleWebKit/537.36 (KHTML, like Gecko) Chrome/148.0.7778.96 Mobile Safari/537.36 (compatible; Googlebot/2.1; +http://www.google.com/bot.html)"
66.249.79.137 - - [06/Jun/2026:01:29:22 +0200] "GET /wp-content/themes/uncode/library/js/init.js?ver=1963796933 HTTP/1.1" 200 38505 "https://www.baudefruta.pt/finalizar-compra/order-received/18685/?doing_wp_cron=1780524444.2878749370574951171875" "Mozilla/5.0 (Linux; Android 6.0.1; Nexus 5X Build/MMB29P) AppleWebKit/537.36 (KHTML, like Gecko) Chrome/148.0.7778.96 Mobile Safari/537.36 (compatible; Googlebot/2.1; +http://www.google.com/bot.html)"
