216.73.217.23 - - [06/Jun/2026:02:43:32 +0200] "GET /loja/page/6/?add-to-cart=447&doing_wp_cron=1749485637.4724121093750000000000&orderby=menu_order HTTP/1.1" 200 61209 "-" "Mozilla/5.0 AppleWebKit/537.36 (KHTML, like Gecko; compatible; ClaudeBot/1.0; +claudebot@anthropic.com)"
216.73.217.23 - - [06/Jun/2026:02:43:35 +0200] "GET /loja/page/6/?add-to-cart=1990&doing_wp_cron=1749485637.4724121093750000000000&orderby=popularity HTTP/1.1" 200 62107 "-" "Mozilla/5.0 AppleWebKit/537.36 (KHTML, like Gecko; compatible; ClaudeBot/1.0; +claudebot@anthropic.com)"
216.73.217.23 - - [06/Jun/2026:02:43:38 +0200] "GET /loja/?add-to-cart=733&doing_wp_cron=1705054787.4118249416351318359375&orderby=price HTTP/1.1" 200 61789 "-" "Mozilla/5.0 AppleWebKit/537.36 (KHTML, like Gecko; compatible; ClaudeBot/1.0; +claudebot@anthropic.com)"
216.73.217.23 - - [06/Jun/2026:02:43:41 +0200] "GET /loja/page/2/?add-to-cart=2035&doing_wp_cron=1703787820.8273739814758300781250&orderby=date HTTP/1.1" 200 61926 "-" "Mozilla/5.0 AppleWebKit/537.36 (KHTML, like Gecko; compatible; ClaudeBot/1.0; +claudebot@anthropic.com)"
216.73.217.23 - - [06/Jun/2026:02:43:44 +0200] "GET /loja/page/7/?add-to-cart=763&doing_wp_cron=1749485637.4724121093750000000000&orderby=popularity HTTP/1.1" 200 62738 "-" "Mozilla/5.0 AppleWebKit/537.36 (KHTML, like Gecko; compatible; ClaudeBot/1.0; +claudebot@anthropic.com)"
216.73.217.23 - - [06/Jun/2026:02:43:47 +0200] "GET /loja/page/8/?add-to-cart=583&doing_wp_cron=1701153572.9826118946075439453125&orderby=date HTTP/1.1" 200 62315 "-" "Mozilla/5.0 AppleWebKit/537.36 (KHTML, like Gecko; compatible; ClaudeBot/1.0; +claudebot@anthropic.com)"
216.73.217.23 - - [06/Jun/2026:02:43:50 +0200] "GET /loja/page/3/?add-to-cart=239&doing_wp_cron=1749485637.4724121093750000000000&orderby=popularity HTTP/1.1" 200 63993 "-" "Mozilla/5.0 AppleWebKit/537.36 (KHTML, like Gecko; compatible; ClaudeBot/1.0; +claudebot@anthropic.com)"
216.73.217.23 - - [06/Jun/2026:02:43:53 +0200] "GET /loja/page/2/?add-to-cart=763&doing_wp_cron=1703787820.8273739814758300781250&orderby=date HTTP/1.1" 200 63803 "-" "Mozilla/5.0 AppleWebKit/537.36 (KHTML, like Gecko; compatible; ClaudeBot/1.0; +claudebot@anthropic.com)"
216.73.217.23 - - [06/Jun/2026:02:43:56 +0200] "GET /loja/page/3/?add-to-cart=599&doing_wp_cron=1749485637.4724121093750000000000&orderby=popularity HTTP/1.1" 200 64290 "-" "Mozilla/5.0 AppleWebKit/537.36 (KHTML, like Gecko; compatible; ClaudeBot/1.0; +claudebot@anthropic.com)"
216.73.217.23 - - [06/Jun/2026:02:43:59 +0200] "GET /loja/page/2/?add-to-cart=602&doing_wp_cron=1703787820.8273739814758300781250&orderby=date HTTP/1.1" 200 64259 "-" "Mozilla/5.0 AppleWebKit/537.36 (KHTML, like Gecko; compatible; ClaudeBot/1.0; +claudebot@anthropic.com)"
216.73.217.23 - - [06/Jun/2026:02:44:02 +0200] "GET /produto/sal-fino-vatel-250g/?add-to-cart=645&doing_wp_cron=1709101217.3249640464782714843750 HTTP/1.1" 200 62963 "-" "Mozilla/5.0 AppleWebKit/537.36 (KHTML, like Gecko; compatible; ClaudeBot/1.0; +claudebot@anthropic.com)"
216.73.217.23 - - [06/Jun/2026:02:44:05 +0200] "GET /loja/page/11/?add-to-cart=743&doing_wp_cron=1703787820.8273739814758300781250&orderby=menu_order HTTP/1.1" 200 64338 "-" "Mozilla/5.0 AppleWebKit/537.36 (KHTML, like Gecko; compatible; ClaudeBot/1.0; +claudebot@anthropic.com)"
216.73.217.23 - - [06/Jun/2026:02:44:09 +0200] "GET /categoria-produto/mercearia/?add-to-cart=2008&doing_wp_cron=1780361298.6005570888519287109375&orderby=menu_order HTTP/1.1" 200 60814 "-" "Mozilla/5.0 AppleWebKit/537.36 (KHTML, like Gecko; compatible; ClaudeBot/1.0; +claudebot@anthropic.com)"
216.73.217.23 - - [06/Jun/2026:02:44:11 +0200] "GET /loja/page/11/?add-to-cart=647&doing_wp_cron=1780406818.1222550868988037109375&orderby=menu_order HTTP/1.1" 200 60853 "-" "Mozilla/5.0 AppleWebKit/537.36 (KHTML, like Gecko; compatible; ClaudeBot/1.0; +claudebot@anthropic.com)"
216.73.217.23 - - [06/Jun/2026:02:44:14 +0200] "GET /produto/tamara-medjoul-large/?add-to-cart=901&doing_wp_cron=1780464078.8784830570220947265625 HTTP/1.1" 200 59753 "-" "Mozilla/5.0 AppleWebKit/537.36 (KHTML, like Gecko; compatible; ClaudeBot/1.0; +claudebot@anthropic.com)"
216.73.217.23 - - [06/Jun/2026:02:44:17 +0200] "GET /categoria-produto/mercearia/page/6/?doing_wp_cron=1780216489.1260809898376464843750&orderby=price-desc HTTP/1.1" 200 58926 "-" "Mozilla/5.0 AppleWebKit/537.36 (KHTML, like Gecko; compatible; ClaudeBot/1.0; +claudebot@anthropic.com)"
216.73.217.23 - - [06/Jun/2026:02:44:20 +0200] "GET /loja/page/5/?add-to-cart=690&doing_wp_cron=1780259951.9076659679412841796875&orderby=popularity HTTP/1.1" 200 62241 "-" "Mozilla/5.0 AppleWebKit/537.36 (KHTML, like Gecko; compatible; ClaudeBot/1.0; +claudebot@anthropic.com)"
216.73.217.23 - - [06/Jun/2026:02:44:23 +0200] "GET /loja/page/4/?add-to-cart=510&doing_wp_cron=1780407018.5904660224914550781250&orderby=menu_order HTTP/1.1" 200 62196 "-" "Mozilla/5.0 AppleWebKit/537.36 (KHTML, like Gecko; compatible; ClaudeBot/1.0; +claudebot@anthropic.com)"
216.73.217.23 - - [06/Jun/2026:02:44:26 +0200] "GET /loja/page/3/?add-to-cart=2008&doing_wp_cron=1780429669.1116149425506591796875&orderby=menu_order HTTP/1.1" 200 61685 "-" "Mozilla/5.0 AppleWebKit/537.36 (KHTML, like Gecko; compatible; ClaudeBot/1.0; +claudebot@anthropic.com)"
216.73.217.23 - - [06/Jun/2026:02:44:29 +0200] "GET /loja/page/7/?add-to-cart=933&doing_wp_cron=1780066683.4503800868988037109375&orderby=date HTTP/1.1" 200 62205 "-" "Mozilla/5.0 AppleWebKit/537.36 (KHTML, like Gecko; compatible; ClaudeBot/1.0; +claudebot@anthropic.com)"
216.73.217.23 - - [06/Jun/2026:02:44:32 +0200] "GET /loja/?add-to-cart=559&doing_wp_cron=1780338056.7367100715637207031250&orderby=price HTTP/1.1" 200 62407 "-" "Mozilla/5.0 AppleWebKit/537.36 (KHTML, like Gecko; compatible; ClaudeBot/1.0; +claudebot@anthropic.com)"
216.73.217.23 - - [06/Jun/2026:02:44:36 +0200] "GET /loja/page/3/?add-to-cart=4235&doing_wp_cron=1780544516.9586501121520996093750&orderby=menu_order HTTP/1.1" 200 62290 "-" "Mozilla/5.0 AppleWebKit/537.36 (KHTML, like Gecko; compatible; ClaudeBot/1.0; +claudebot@anthropic.com)"
216.73.217.23 - - [06/Jun/2026:02:44:38 +0200] "GET /loja/page/9/?add-to-cart=482&doing_wp_cron=1780429678.1482779979705810546875&orderby=popularity HTTP/1.1" 200 63270 "-" "Mozilla/5.0 AppleWebKit/537.36 (KHTML, like Gecko; compatible; ClaudeBot/1.0; +claudebot@anthropic.com)"
216.73.217.23 - - [06/Jun/2026:02:44:41 +0200] "GET /produto/pimento-verde/?add-to-cart=1542&doing_wp_cron=1780388398.2832939624786376953125 HTTP/1.1" 200 61190 "-" "Mozilla/5.0 AppleWebKit/537.36 (KHTML, like Gecko; compatible; ClaudeBot/1.0; +claudebot@anthropic.com)"
216.73.217.23 - - [06/Jun/2026:02:44:45 +0200] "GET /loja/page/3/?add-to-cart=1991&doing_wp_cron=1780568619.1913130283355712890625&orderby=menu_order HTTP/1.1" 200 60740 "-" "Mozilla/5.0 AppleWebKit/537.36 (KHTML, like Gecko; compatible; ClaudeBot/1.0; +claudebot@anthropic.com)"
216.73.217.23 - - [06/Jun/2026:02:44:47 +0200] "GET /loja/page/4/?add-to-cart=761&doing_wp_cron=1780476177.9127869606018066406250&orderby=popularity HTTP/1.1" 200 61466 "-" "Mozilla/5.0 AppleWebKit/537.36 (KHTML, like Gecko; compatible; ClaudeBot/1.0; +claudebot@anthropic.com)"
114.119.152.161 - - [06/Jun/2026:02:44:48 +0200] "GET /produto/couve-roxa?doing_wp_cron=1759663664.6971609592437744140625 HTTP/1.1" 301 5 "https://www.baudefruta.pt/produto/couve-roxa?doing_wp_cron=1759663664.6971609592437744140625" "Mozilla/5.0 (Linux; Android 7.0;) AppleWebKit/537.36 (HTML, like Gecko) Mobile Safari/537.36 (compatible; PetalBot;+https://webmaster.petalsearch.com/site/petalbot)"
216.73.217.23 - - [06/Jun/2026:02:44:50 +0200] "GET /loja/page/5/?add-to-cart=935&doing_wp_cron=1780455776.6261320114135742187500&orderby=menu_order HTTP/1.1" 200 61551 "-" "Mozilla/5.0 AppleWebKit/537.36 (KHTML, like Gecko; compatible; ClaudeBot/1.0; +claudebot@anthropic.com)"
114.119.152.161 - - [06/Jun/2026:02:44:52 +0200] "GET /produto/couve-roxa/?doing_wp_cron=1759663664.6971609592437744140625 HTTP/1.1" 200 57800 "https://www.baudefruta.pt/produto/couve-roxa?doing_wp_cron=1759663664.6971609592437744140625" "Mozilla/5.0 (Linux; Android 7.0;) AppleWebKit/537.36 (HTML, like Gecko) Mobile Safari/537.36 (compatible; PetalBot;+https://webmaster.petalsearch.com/site/petalbot)"
216.73.217.23 - - [06/Jun/2026:02:44:54 +0200] "GET /loja/page/3/?add-to-cart=486&doing_wp_cron=1780475905.7238750457763671875000&orderby=popularity HTTP/1.1" 200 61922 "-" "Mozilla/5.0 AppleWebKit/537.36 (KHTML, like Gecko; compatible; ClaudeBot/1.0; +claudebot@anthropic.com)"
216.73.217.23 - - [06/Jun/2026:02:44:56 +0200] "GET /loja/page/11/?add-to-cart=472&doing_wp_cron=1780415118.9577500820159912109375&orderby=menu_order HTTP/1.1" 200 61561 "-" "Mozilla/5.0 AppleWebKit/537.36 (KHTML, like Gecko; compatible; ClaudeBot/1.0; +claudebot@anthropic.com)"
216.73.217.23 - - [06/Jun/2026:02:45:00 +0200] "GET /loja/page/9/?add-to-cart=567&doing_wp_cron=1780430342.1766259670257568359375&orderby=date HTTP/1.1" 200 61529 "-" "Mozilla/5.0 AppleWebKit/537.36 (KHTML, like Gecko; compatible; ClaudeBot/1.0; +claudebot@anthropic.com)"
216.73.217.23 - - [06/Jun/2026:02:45:03 +0200] "GET /loja/page/10/?add-to-cart=460&doing_wp_cron=1780398917.1266179084777832031250&orderby=popularity HTTP/1.1" 200 62990 "-" "Mozilla/5.0 AppleWebKit/537.36 (KHTML, like Gecko; compatible; ClaudeBot/1.0; +claudebot@anthropic.com)"
216.73.217.23 - - [06/Jun/2026:02:45:06 +0200] "GET /loja/page/11/?add-to-cart=782&doing_wp_cron=1780490816.3358080387115478515625&orderby=menu_order HTTP/1.1" 200 62195 "-" "Mozilla/5.0 AppleWebKit/537.36 (KHTML, like Gecko; compatible; ClaudeBot/1.0; +claudebot@anthropic.com)"
121.200.216.37 - - [06/Jun/2026:02:45:07 +0200] "GET /2021/05/11/ola-mundo/ HTTP/1.1" 200 1136907 "-" "Mozilla/5.0 (X11; Linux i686; rv:114.0) Gecko/20100101 Firefox/114.0"
216.73.217.23 - - [06/Jun/2026:02:45:09 +0200] "GET /produto/espaguete-nacional-500g/?add-to-cart=1983&doing_wp_cron=1780476142.3534820079803466796875 HTTP/1.1" 200 61137 "-" "Mozilla/5.0 AppleWebKit/537.36 (KHTML, like Gecko; compatible; ClaudeBot/1.0; +claudebot@anthropic.com)"
216.73.217.23 - - [06/Jun/2026:02:45:12 +0200] "GET /loja/page/2/?add-to-cart=615&doing_wp_cron=1780471458.6715359687805175781250&orderby=menu_order HTTP/1.1" 200 63244 "-" "Mozilla/5.0 AppleWebKit/537.36 (KHTML, like Gecko; compatible; ClaudeBot/1.0; +claudebot@anthropic.com)"
212.58.119.10 - - [06/Jun/2026:02:45:15 +0200] "GET /produto/massa-de-pimentao/?add-to-cart=719&doing_wp_cron=1779633866.8846340179443359375000 HTTP/1.1" 200 59412 "-" "Mozilla/5.0 (Macintosh; U; PPC Mac OS X 10_12_2 rv:2.0; ln-CD) AppleWebKit/533.16.3 (KHTML, like Gecko) Version/5.1 Safari/533.16.3"
216.73.217.23 - - [06/Jun/2026:02:45:15 +0200] "GET /loja/?add-to-cart=502&doing_wp_cron=1780356298.9136428833007812500000&orderby=date HTTP/1.1" 200 63190 "-" "Mozilla/5.0 AppleWebKit/537.36 (KHTML, like Gecko; compatible; ClaudeBot/1.0; +claudebot@anthropic.com)"
216.73.217.23 - - [06/Jun/2026:02:45:18 +0200] "GET /loja/page/4/?add-to-cart=575&doing_wp_cron=1780551056.5836288928985595703125&orderby=menu_order HTTP/1.1" 200 63751 "-" "Mozilla/5.0 AppleWebKit/537.36 (KHTML, like Gecko; compatible; ClaudeBot/1.0; +claudebot@anthropic.com)"
216.73.217.23 - - [06/Jun/2026:02:45:21 +0200] "GET /loja/page/8/?add-to-cart=478&doing_wp_cron=1780445098.1589419841766357421875&orderby=menu_order HTTP/1.1" 200 63673 "-" "Mozilla/5.0 AppleWebKit/537.36 (KHTML, like Gecko; compatible; ClaudeBot/1.0; +claudebot@anthropic.com)"
216.73.217.23 - - [06/Jun/2026:02:45:24 +0200] "GET /loja/page/4/?add-to-cart=1681&doing_wp_cron=1780319098.8176429271697998046875&orderby=popularity HTTP/1.1" 200 63960 "-" "Mozilla/5.0 AppleWebKit/537.36 (KHTML, like Gecko; compatible; ClaudeBot/1.0; +claudebot@anthropic.com)"
216.73.217.23 - - [06/Jun/2026:02:45:27 +0200] "GET /loja/page/5/?add-to-cart=767&doing_wp_cron=1780629161.0335929393768310546875&orderby=date HTTP/1.1" 200 64190 "-" "Mozilla/5.0 AppleWebKit/537.36 (KHTML, like Gecko; compatible; ClaudeBot/1.0; +claudebot@anthropic.com)"
216.73.217.23 - - [06/Jun/2026:02:45:30 +0200] "GET /categoria-produto/mercearia/?add-to-cart=643&doing_wp_cron=1780236128.7207961082458496093750&orderby=menu_order HTTP/1.1" 200 64119 "-" "Mozilla/5.0 AppleWebKit/537.36 (KHTML, like Gecko; compatible; ClaudeBot/1.0; +claudebot@anthropic.com)"
216.73.217.23 - - [06/Jun/2026:02:45:33 +0200] "GET /loja/page/2/?add-to-cart=504&doing_wp_cron=1780505720.8375179767608642578125&orderby=menu_order HTTP/1.1" 200 64656 "-" "Mozilla/5.0 AppleWebKit/537.36 (KHTML, like Gecko; compatible; ClaudeBot/1.0; +claudebot@anthropic.com)"
216.73.217.23 - - [06/Jun/2026:02:45:38 +0200] "GET /loja/page/4/?add-to-cart=492&doing_wp_cron=1758569056.8537590503692626953125&orderby=menu_order HTTP/1.1" 200 61348 "-" "Mozilla/5.0 AppleWebKit/537.36 (KHTML, like Gecko; compatible; ClaudeBot/1.0; +claudebot@anthropic.com)"
216.73.217.23 - - [06/Jun/2026:02:45:41 +0200] "GET /loja/?add-to-cart=4225&doing_wp_cron=1765642876.6927409172058105468750&orderby=date HTTP/1.1" 200 61162 "-" "Mozilla/5.0 AppleWebKit/537.36 (KHTML, like Gecko; compatible; ClaudeBot/1.0; +claudebot@anthropic.com)"
216.73.217.23 - - [06/Jun/2026:02:45:44 +0200] "GET /loja/page/5/?add-to-cart=3500&doing_wp_cron=1758569056.8537590503692626953125&orderby=menu_order HTTP/1.1" 200 61500 "-" "Mozilla/5.0 AppleWebKit/537.36 (KHTML, like Gecko; compatible; ClaudeBot/1.0; +claudebot@anthropic.com)"
216.73.217.23 - - [06/Jun/2026:02:45:47 +0200] "GET /loja/page/6/?add-to-cart=643&doing_wp_cron=1758569056.8537590503692626953125&orderby=popularity HTTP/1.1" 200 62297 "-" "Mozilla/5.0 AppleWebKit/537.36 (KHTML, like Gecko; compatible; ClaudeBot/1.0; +claudebot@anthropic.com)"
216.73.217.23 - - [06/Jun/2026:02:45:50 +0200] "GET /loja/page/2/?add-to-cart=723&doing_wp_cron=1699032554.2910571098327636718750&orderby=menu_order HTTP/1.1" 200 62061 "-" "Mozilla/5.0 AppleWebKit/537.36 (KHTML, like Gecko; compatible; ClaudeBot/1.0; +claudebot@anthropic.com)"
216.73.217.23 - - [06/Jun/2026:02:45:53 +0200] "GET /loja/page/6/?add-to-cart=727&doing_wp_cron=1759043873.1749200820922851562500&orderby=date HTTP/1.1" 200 62139 "-" "Mozilla/5.0 AppleWebKit/537.36 (KHTML, like Gecko; compatible; ClaudeBot/1.0; +claudebot@anthropic.com)"
52.167.144.211 - - [06/Jun/2026:02:45:54 +0200] "GET /wp-content/uploads/2022/05/gengibre.jpg HTTP/1.1" 200 24501 "-" "Mozilla/5.0 AppleWebKit/537.36 (KHTML, like Gecko; compatible; bingbot/2.0; +http://www.bing.com/bingbot.htm) Chrome/116.0.1938.76 Safari/537.36"
216.73.217.23 - - [06/Jun/2026:02:45:56 +0200] "GET /loja/?add-to-cart=510&doing_wp_cron=1759043873.1749200820922851562500&orderby=price HTTP/1.1" 200 62382 "-" "Mozilla/5.0 AppleWebKit/537.36 (KHTML, like Gecko; compatible; ClaudeBot/1.0; +claudebot@anthropic.com)"
216.73.217.23 - - [06/Jun/2026:02:46:00 +0200] "GET /loja/page/9/?add-to-cart=435&doing_wp_cron=1780471500.7316999435424804687500&orderby=menu_order HTTP/1.1" 200 61160 "-" "Mozilla/5.0 AppleWebKit/537.36 (KHTML, like Gecko; compatible; ClaudeBot/1.0; +claudebot@anthropic.com)"
216.73.217.23 - - [06/Jun/2026:02:46:02 +0200] "GET /categoria-produto/frescos/legumes/?doing_wp_cron=1780429409.5304460525512695312500&orderby=date HTTP/1.1" 200 60408 "-" "Mozilla/5.0 AppleWebKit/537.36 (KHTML, like Gecko; compatible; ClaudeBot/1.0; +claudebot@anthropic.com)"
91.92.242.223 - - [06/Jun/2026:02:46:03 +0200] "POST /wp-login.php?action=register HTTP/1.1" 403 146 "-" "-"
216.73.217.23 - - [06/Jun/2026:02:46:05 +0200] "GET /loja/page/4/?add-to-cart=829&doing_wp_cron=1780551056.5836288928985595703125&orderby=popularity HTTP/1.1" 200 61524 "-" "Mozilla/5.0 AppleWebKit/537.36 (KHTML, like Gecko; compatible; ClaudeBot/1.0; +claudebot@anthropic.com)"
216.73.217.23 - - [06/Jun/2026:02:46:08 +0200] "GET /categoria-produto/frescos/legumes/page/2/?doing_wp_cron=1780513197.6740388870239257812500&orderby=popularity HTTP/1.1" 200 60844 "-" "Mozilla/5.0 AppleWebKit/537.36 (KHTML, like Gecko; compatible; ClaudeBot/1.0; +claudebot@anthropic.com)"
114.119.150.140 - - [06/Jun/2026:02:46:11 +0200] "GET /produto/cogumelos-portobelo/?doing_wp_cron=1759103055.5650479793548583984375 HTTP/1.1" 200 57595 "https://www.baudefruta.pt/produto/cogumelos-portobelo?doing_wp_cron=1759103055.5650479793548583984375" "Mozilla/5.0 (Linux; Android 7.0;) AppleWebKit/537.36 (HTML, like Gecko) Mobile Safari/537.36 (compatible; PetalBot;+https://webmaster.petalsearch.com/site/petalbot)"
216.73.217.23 - - [06/Jun/2026:02:46:11 +0200] "GET /loja/page/5/?add-to-cart=547&doing_wp_cron=1780420039.4808270931243896484375&orderby=popularity HTTP/1.1" 200 62061 "-" "Mozilla/5.0 AppleWebKit/537.36 (KHTML, like Gecko; compatible; ClaudeBot/1.0; +claudebot@anthropic.com)"
216.73.217.23 - - [06/Jun/2026:02:46:14 +0200] "GET /loja/page/4/?add-to-cart=600&doing_wp_cron=1780445092.3632619380950927734375&orderby=popularity HTTP/1.1" 200 61862 "-" "Mozilla/5.0 AppleWebKit/537.36 (KHTML, like Gecko; compatible; ClaudeBot/1.0; +claudebot@anthropic.com)"
216.73.217.23 - - [06/Jun/2026:02:46:18 +0200] "GET /loja/page/3/?add-to-cart=345&doing_wp_cron=1780259951.9076659679412841796875&orderby=menu_order HTTP/1.1" 200 62998 "-" "Mozilla/5.0 AppleWebKit/537.36 (KHTML, like Gecko; compatible; ClaudeBot/1.0; +claudebot@anthropic.com)"
216.73.217.23 - - [06/Jun/2026:02:46:20 +0200] "GET /loja/page/3/?add-to-cart=1728&doing_wp_cron=1780398926.3913888931274414062500&orderby=popularity HTTP/1.1" 200 63656 "-" "Mozilla/5.0 AppleWebKit/537.36 (KHTML, like Gecko; compatible; ClaudeBot/1.0; +claudebot@anthropic.com)"
17.22.253.207 - - [06/Jun/2026:02:46:22 +0200] "GET /categoria-produto/mercearia/azeite/?doing_wp_cron=1703224323.0699350833892822265625&orderby=date HTTP/1.1" 200 55592 "-" "Mozilla/5.0 (Macintosh; Intel Mac OS X 10_15_7) AppleWebKit/605.1.15 (KHTML, like Gecko) Version/17.4 Safari/605.1.15 (Applebot/0.1; +http://www.apple.com/go/applebot)"
216.73.217.23 - - [06/Jun/2026:02:46:23 +0200] "GET /categoria-produto/mercearia/?add-to-cart=1937&doing_wp_cron=1780232829.3746149539947509765625&orderby=menu_order HTTP/1.1" 200 63555 "-" "Mozilla/5.0 AppleWebKit/537.36 (KHTML, like Gecko; compatible; ClaudeBot/1.0; +claudebot@anthropic.com)"
216.73.217.23 - - [06/Jun/2026:02:46:26 +0200] "GET /loja/page/11/?add-to-cart=408&doing_wp_cron=1780259424.5276329517364501953125&orderby=menu_order HTTP/1.1" 200 63459 "-" "Mozilla/5.0 AppleWebKit/537.36 (KHTML, like Gecko; compatible; ClaudeBot/1.0; +claudebot@anthropic.com)"
216.73.217.23 - - [06/Jun/2026:02:46:30 +0200] "GET /categoria-produto/mercearia/?add-to-cart=717&doing_wp_cron=1780205678.2508180141448974609375&orderby=menu_order HTTP/1.1" 200 63930 "-" "Mozilla/5.0 AppleWebKit/537.36 (KHTML, like Gecko; compatible; ClaudeBot/1.0; +claudebot@anthropic.com)"
216.73.217.23 - - [06/Jun/2026:02:46:32 +0200] "GET /loja/page/11/?add-to-cart=2037&doing_wp_cron=1780415098.0220060348510742187500&orderby=menu_order HTTP/1.1" 200 63833 "-" "Mozilla/5.0 AppleWebKit/537.36 (KHTML, like Gecko; compatible; ClaudeBot/1.0; +claudebot@anthropic.com)"
216.73.217.23 - - [06/Jun/2026:02:46:35 +0200] "GET /loja/page/3/?add-to-cart=593&doing_wp_cron=1780398980.3144240379333496093750&orderby=popularity HTTP/1.1" 200 64612 "-" "Mozilla/5.0 AppleWebKit/537.36 (KHTML, like Gecko; compatible; ClaudeBot/1.0; +claudebot@anthropic.com)"
216.73.217.23 - - [06/Jun/2026:02:46:38 +0200] "GET /loja/?add-to-cart=494&doing_wp_cron=1780471458.6715359687805175781250&orderby=date HTTP/1.1" 200 64513 "-" "Mozilla/5.0 AppleWebKit/537.36 (KHTML, like Gecko; compatible; ClaudeBot/1.0; +claudebot@anthropic.com)"
216.73.217.23 - - [06/Jun/2026:02:46:44 +0200] "GET /loja/page/4/?add-to-cart=4233&doing_wp_cron=1780356259.9063909053802490234375&orderby=popularity HTTP/1.1" 200 61147 "-" "Mozilla/5.0 AppleWebKit/537.36 (KHTML, like Gecko; compatible; ClaudeBot/1.0; +claudebot@anthropic.com)"
216.73.217.23 - - [06/Jun/2026:02:46:47 +0200] "GET /loja/page/2/?add-to-cart=893&doing_wp_cron=1780505792.6709280014038085937500&orderby=menu_order HTTP/1.1" 200 61468 "-" "Mozilla/5.0 AppleWebKit/537.36 (KHTML, like Gecko; compatible; ClaudeBot/1.0; +claudebot@anthropic.com)"
216.73.217.23 - - [06/Jun/2026:02:46:50 +0200] "GET /loja/page/4/?add-to-cart=827&doing_wp_cron=1780568619.1913130283355712890625&orderby=menu_order HTTP/1.1" 200 61870 "-" "Mozilla/5.0 AppleWebKit/537.36 (KHTML, like Gecko; compatible; ClaudeBot/1.0; +claudebot@anthropic.com)"
216.73.217.23 - - [06/Jun/2026:02:46:53 +0200] "GET /loja/page/5/?add-to-cart=784&doing_wp_cron=1780596024.2896258831024169921875&orderby=date HTTP/1.1" 200 61851 "-" "Mozilla/5.0 AppleWebKit/537.36 (KHTML, like Gecko; compatible; ClaudeBot/1.0; +claudebot@anthropic.com)"
216.73.217.23 - - [06/Jun/2026:02:46:56 +0200] "GET /loja/page/3/?add-to-cart=1990&doing_wp_cron=1780205258.9664719104766845703125&orderby=date HTTP/1.1" 200 62009 "-" "Mozilla/5.0 AppleWebKit/537.36 (KHTML, like Gecko; compatible; ClaudeBot/1.0; +claudebot@anthropic.com)"
216.73.217.23 - - [06/Jun/2026:02:47:01 +0200] "GET /categoria-produto/mercearia/?add-to-cart=737&doing_wp_cron=1780210807.5206460952758789062500&orderby=menu_order HTTP/1.1" 200 60836 "-" "Mozilla/5.0 AppleWebKit/537.36 (KHTML, like Gecko; compatible; ClaudeBot/1.0; +claudebot@anthropic.com)"
216.73.217.23 - - [06/Jun/2026:02:47:03 +0200] "GET /loja/page/7/?add-to-cart=897&doing_wp_cron=1780539324.8090100288391113281250&orderby=menu_order HTTP/1.1" 200 61439 "-" "Mozilla/5.0 AppleWebKit/537.36 (KHTML, like Gecko; compatible; ClaudeBot/1.0; +claudebot@anthropic.com)"
52.167.144.211 - - [06/Jun/2026:02:47:04 +0200] "GET /page/9/?s&orderby=price-desc&doing_wp_cron=1779838440.4982059001922607421875 HTTP/1.1" 200 52580 "-" "Mozilla/5.0 AppleWebKit/537.36 (KHTML, like Gecko; compatible; bingbot/2.0; +http://www.bing.com/bingbot.htm) Chrome/116.0.1938.76 Safari/537.36"
216.73.217.23 - - [06/Jun/2026:02:47:07 +0200] "GET /loja/page/7/?add-to-cart=2014&doing_wp_cron=1701153572.9826118946075439453125&orderby=menu_order HTTP/1.1" 200 61621 "-" "Mozilla/5.0 AppleWebKit/537.36 (KHTML, like Gecko; compatible; ClaudeBot/1.0; +claudebot@anthropic.com)"
216.73.217.23 - - [06/Jun/2026:02:47:09 +0200] "GET /loja/page/6/?add-to-cart=621&doing_wp_cron=1780424125.1127629280090332031250&orderby=menu_order HTTP/1.1" 200 61617 "-" "Mozilla/5.0 AppleWebKit/537.36 (KHTML, like Gecko; compatible; ClaudeBot/1.0; +claudebot@anthropic.com)"
216.73.217.23 - - [06/Jun/2026:02:47:13 +0200] "GET /loja/page/8/?add-to-cart=476&doing_wp_cron=1780415118.9577500820159912109375&orderby=popularity HTTP/1.1" 200 62480 "-" "Mozilla/5.0 AppleWebKit/537.36 (KHTML, like Gecko; compatible; ClaudeBot/1.0; +claudebot@anthropic.com)"
148.66.130.53 - - [06/Jun/2026:02:47:15 +0200] "GET /wp-login.php HTTP/1.1" 200 51437 "-" "Mozilla/5.0 (Windows NT 10.0; Win64; x64) AppleWebKit/537.36 (KHTML, like Gecko) Chrome/120.0.0.0 Safari/537.36"
216.73.217.23 - - [06/Jun/2026:02:47:15 +0200] "GET /loja/page/5/?add-to-cart=767&doing_wp_cron=1780398923.3932321071624755859375&orderby=menu_order HTTP/1.1" 200 62156 "-" "Mozilla/5.0 AppleWebKit/537.36 (KHTML, like Gecko; compatible; ClaudeBot/1.0; +claudebot@anthropic.com)"
148.66.130.53 - - [06/Jun/2026:02:47:16 +0200] "POST /wp-login.php HTTP/1.1" 405 552 "https://baudefruta.pt/wp-login.php" "Mozilla/5.0 (Windows NT 10.0; Win64; x64) AppleWebKit/537.36 (KHTML, like Gecko) Chrome/120.0.0.0 Safari/537.36"
216.73.217.23 - - [06/Jun/2026:02:47:18 +0200] "GET /loja/page/9/?add-to-cart=532&doing_wp_cron=1780259951.9076659679412841796875&orderby=popularity HTTP/1.1" 200 62824 "-" "Mozilla/5.0 AppleWebKit/537.36 (KHTML, like Gecko; compatible; ClaudeBot/1.0; +claudebot@anthropic.com)"
216.73.217.23 - - [06/Jun/2026:02:47:22 +0200] "GET /loja/page/3/?add-to-cart=2007&doing_wp_cron=1780388636.6831140518188476562500&orderby=menu_order HTTP/1.1" 200 62304 "-" "Mozilla/5.0 AppleWebKit/537.36 (KHTML, like Gecko; compatible; ClaudeBot/1.0; +claudebot@anthropic.com)"
216.73.217.23 - - [06/Jun/2026:02:47:24 +0200] "GET /categoria-produto/mercearia/?add-to-cart=1996&doing_wp_cron=1780287552.3519690036773681640625&orderby=menu_order HTTP/1.1" 200 62524 "-" "Mozilla/5.0 AppleWebKit/537.36 (KHTML, like Gecko; compatible; ClaudeBot/1.0; +claudebot@anthropic.com)"
216.73.217.23 - - [06/Jun/2026:02:47:27 +0200] "GET /loja/page/11/?add-to-cart=238&doing_wp_cron=1780429678.1482779979705810546875&orderby=popularity HTTP/1.1" 200 63961 "-" "Mozilla/5.0 AppleWebKit/537.36 (KHTML, like Gecko; compatible; ClaudeBot/1.0; +claudebot@anthropic.com)"
216.73.217.23 - - [06/Jun/2026:02:47:31 +0200] "GET /loja/page/2/?add-to-cart=3500&doing_wp_cron=1780445098.1589419841766357421875&orderby=popularity HTTP/1.1" 200 64162 "-" "Mozilla/5.0 AppleWebKit/537.36 (KHTML, like Gecko; compatible; ClaudeBot/1.0; +claudebot@anthropic.com)"
216.73.217.23 - - [06/Jun/2026:02:47:35 +0200] "GET /loja/page/4/?add-to-cart=238&doing_wp_cron=1780398980.3144240379333496093750&orderby=menu_order HTTP/1.1" 200 62311 "-" "Mozilla/5.0 AppleWebKit/537.36 (KHTML, like Gecko; compatible; ClaudeBot/1.0; +claudebot@anthropic.com)"
216.73.217.23 - - [06/Jun/2026:02:47:38 +0200] "GET /loja/page/7/?add-to-cart=704&doing_wp_cron=1770738320.9674439430236816406250&orderby=menu_order HTTP/1.1" 200 62416 "-" "Mozilla/5.0 AppleWebKit/537.36 (KHTML, like Gecko; compatible; ClaudeBot/1.0; +claudebot@anthropic.com)"
216.73.217.23 - - [06/Jun/2026:02:47:41 +0200] "GET /loja/page/6/?add-to-cart=2044&doing_wp_cron=1780207778.1771409511566162109375&orderby=menu_order HTTP/1.1" 200 62401 "-" "Mozilla/5.0 AppleWebKit/537.36 (KHTML, like Gecko; compatible; ClaudeBot/1.0; +claudebot@anthropic.com)"
216.73.217.23 - - [06/Jun/2026:02:47:44 +0200] "GET /loja/page/4/?add-to-cart=895&doing_wp_cron=1780505598.3389461040496826171875&orderby=menu_order HTTP/1.1" 200 63022 "-" "Mozilla/5.0 AppleWebKit/537.36 (KHTML, like Gecko; compatible; ClaudeBot/1.0; +claudebot@anthropic.com)"
216.73.217.23 - - [06/Jun/2026:02:47:47 +0200] "GET /loja/page/3/?add-to-cart=1985&doing_wp_cron=1780268890.7532269954681396484375&orderby=date HTTP/1.1" 200 62880 "-" "Mozilla/5.0 AppleWebKit/537.36 (KHTML, like Gecko; compatible; ClaudeBot/1.0; +claudebot@anthropic.com)"
216.73.217.23 - - [06/Jun/2026:02:47:50 +0200] "GET /loja/page/2/?add-to-cart=2047&doing_wp_cron=1780383836.4200708866119384765625&orderby=popularity HTTP/1.1" 200 63136 "-" "Mozilla/5.0 AppleWebKit/537.36 (KHTML, like Gecko; compatible; ClaudeBot/1.0; +claudebot@anthropic.com)"
216.73.217.23 - - [06/Jun/2026:02:47:53 +0200] "GET /loja/page/4/?add-to-cart=1996&doing_wp_cron=1780319098.8176429271697998046875&orderby=date HTTP/1.1" 200 63650 "-" "Mozilla/5.0 AppleWebKit/537.36 (KHTML, like Gecko; compatible; ClaudeBot/1.0; +claudebot@anthropic.com)"
216.73.217.23 - - [06/Jun/2026:02:47:56 +0200] "GET /loja/page/4/?add-to-cart=2007&doing_wp_cron=1780388636.6831140518188476562500&orderby=menu_order HTTP/1.1" 200 63816 "-" "Mozilla/5.0 AppleWebKit/537.36 (KHTML, like Gecko; compatible; ClaudeBot/1.0; +claudebot@anthropic.com)"
216.73.217.23 - - [06/Jun/2026:02:47:59 +0200] "GET /categoria-produto/mercearia/?add-to-cart=2010&doing_wp_cron=1780229939.4653449058532714843750&orderby=popularity HTTP/1.1" 200 63881 "-" "Mozilla/5.0 AppleWebKit/537.36 (KHTML, like Gecko; compatible; ClaudeBot/1.0; +claudebot@anthropic.com)"
216.73.217.23 - - [06/Jun/2026:02:48:02 +0200] "GET /loja/page/5/?add-to-cart=589&doing_wp_cron=1780566172.3904969692230224609375&orderby=menu_order HTTP/1.1" 200 63858 "-" "Mozilla/5.0 AppleWebKit/537.36 (KHTML, like Gecko; compatible; ClaudeBot/1.0; +claudebot@anthropic.com)"
216.73.217.23 - - [06/Jun/2026:02:48:05 +0200] "GET /loja/page/7/?add-to-cart=641&doing_wp_cron=1780484080.3415489196777343750000&orderby=popularity HTTP/1.1" 200 64681 "-" "Mozilla/5.0 AppleWebKit/537.36 (KHTML, like Gecko; compatible; ClaudeBot/1.0; +claudebot@anthropic.com)"
114.119.149.254 - - [06/Jun/2026:02:48:06 +0200] "GET /produto/buzios-nacional-500g/?doing_wp_cron=1747428167.4931840896606445312500 HTTP/1.1" 200 58009 "https://www.baudefruta.pt/produto/buzios-nacional-500g/?doing_wp_cron=1764594831.3616800308227539062500" "Mozilla/5.0 (Linux; Android 7.0;) AppleWebKit/537.36 (HTML, like Gecko) Mobile Safari/537.36 (compatible; PetalBot;+https://webmaster.petalsearch.com/site/petalbot)"
216.73.217.23 - - [06/Jun/2026:02:48:08 +0200] "GET /loja/page/5/?add-to-cart=823&doing_wp_cron=1780521299.4223439693450927734375&orderby=date HTTP/1.1" 200 64440 "-" "Mozilla/5.0 AppleWebKit/537.36 (KHTML, like Gecko; compatible; ClaudeBot/1.0; +claudebot@anthropic.com)"
216.73.217.23 - - [06/Jun/2026:02:48:11 +0200] "GET /loja/?add-to-cart=497&doing_wp_cron=1780466997.9201788902282714843750&orderby=price HTTP/1.1" 200 64652 "-" "Mozilla/5.0 AppleWebKit/537.36 (KHTML, like Gecko; compatible; ClaudeBot/1.0; +claudebot@anthropic.com)"
216.73.217.23 - - [06/Jun/2026:02:48:14 +0200] "GET /loja/page/5/?add-to-cart=581&doing_wp_cron=1780383896.6204249858856201171875&orderby=date HTTP/1.1" 200 64882 "-" "Mozilla/5.0 AppleWebKit/537.36 (KHTML, like Gecko; compatible; ClaudeBot/1.0; +claudebot@anthropic.com)"
216.73.217.23 - - [06/Jun/2026:02:48:17 +0200] "GET /produto/vinagre-de-vinho-branco/?add-to-cart=647&doing_wp_cron=1780449476.0284938812255859375000 HTTP/1.1" 200 63151 "-" "Mozilla/5.0 AppleWebKit/537.36 (KHTML, like Gecko; compatible; ClaudeBot/1.0; +claudebot@anthropic.com)"
216.73.217.23 - - [06/Jun/2026:02:48:20 +0200] "GET /loja/page/2/?add-to-cart=3519&doing_wp_cron=1780612687.7391688823699951171875&orderby=date HTTP/1.1" 200 65069 "-" "Mozilla/5.0 AppleWebKit/537.36 (KHTML, like Gecko; compatible; ClaudeBot/1.0; +claudebot@anthropic.com)"
216.73.217.23 - - [06/Jun/2026:02:48:23 +0200] "GET /loja/page/2/?add-to-cart=2041&doing_wp_cron=1780424119.0972061157226562500000&orderby=menu_order HTTP/1.1" 200 65535 "-" "Mozilla/5.0 AppleWebKit/537.36 (KHTML, like Gecko; compatible; ClaudeBot/1.0; +claudebot@anthropic.com)"
216.73.217.23 - - [06/Jun/2026:02:48:26 +0200] "GET /loja/page/9/?add-to-cart=559&doing_wp_cron=1699032554.2910571098327636718750&orderby=popularity HTTP/1.1" 200 66077 "-" "Mozilla/5.0 AppleWebKit/537.36 (KHTML, like Gecko; compatible; ClaudeBot/1.0; +claudebot@anthropic.com)"
216.73.217.23 - - [06/Jun/2026:02:48:29 +0200] "GET /loja/page/3/?add-to-cart=545&doing_wp_cron=1780338116.7118010520935058593750&orderby=menu_order HTTP/1.1" 200 65456 "-" "Mozilla/5.0 AppleWebKit/537.36 (KHTML, like Gecko; compatible; ClaudeBot/1.0; +claudebot@anthropic.com)"
216.73.217.23 - - [06/Jun/2026:02:48:32 +0200] "GET /loja/page/9/?add-to-cart=1937&doing_wp_cron=1780521358.5195169448852539062500&orderby=popularity HTTP/1.1" 200 66438 "-" "Mozilla/5.0 AppleWebKit/537.36 (KHTML, like Gecko; compatible; ClaudeBot/1.0; +claudebot@anthropic.com)"
216.73.217.23 - - [06/Jun/2026:02:48:36 +0200] "GET /loja/page/4/?add-to-cart=552&doing_wp_cron=1780498167.6054840087890625000000&orderby=price-desc HTTP/1.1" 200 66059 "-" "Mozilla/5.0 AppleWebKit/537.36 (KHTML, like Gecko; compatible; ClaudeBot/1.0; +claudebot@anthropic.com)"
216.73.217.23 - - [06/Jun/2026:02:48:38 +0200] "GET /loja/page/6/?add-to-cart=775&doing_wp_cron=1780471858.5329909324645996093750&orderby=menu_order HTTP/1.1" 200 66137 "-" "Mozilla/5.0 AppleWebKit/537.36 (KHTML, like Gecko; compatible; ClaudeBot/1.0; +claudebot@anthropic.com)"
216.73.217.23 - - [06/Jun/2026:02:48:41 +0200] "GET /loja/?add-to-cart=575&doing_wp_cron=1780268890.7532269954681396484375&orderby=price HTTP/1.1" 200 66481 "-" "Mozilla/5.0 AppleWebKit/537.36 (KHTML, like Gecko; compatible; ClaudeBot/1.0; +claudebot@anthropic.com)"
216.73.217.23 - - [06/Jun/2026:02:48:44 +0200] "GET /loja/page/3/?add-to-cart=524&doing_wp_cron=1780579399.9913458824157714843750&orderby=date HTTP/1.1" 200 66581 "-" "Mozilla/5.0 AppleWebKit/537.36 (KHTML, like Gecko; compatible; ClaudeBot/1.0; +claudebot@anthropic.com)"
216.73.217.23 - - [06/Jun/2026:02:48:47 +0200] "GET /categoria-produto/mercearia/?add-to-cart=1993&doing_wp_cron=1780333684.1709189414978027343750&orderby=menu_order HTTP/1.1" 200 66578 "-" "Mozilla/5.0 AppleWebKit/537.36 (KHTML, like Gecko; compatible; ClaudeBot/1.0; +claudebot@anthropic.com)"
216.73.217.23 - - [06/Jun/2026:02:48:50 +0200] "GET /loja/page/5/?add-to-cart=1987&doing_wp_cron=1780338116.7118010520935058593750&orderby=menu_order HTTP/1.1" 200 66987 "-" "Mozilla/5.0 AppleWebKit/537.36 (KHTML, like Gecko; compatible; ClaudeBot/1.0; +claudebot@anthropic.com)"
216.73.217.23 - - [06/Jun/2026:02:48:53 +0200] "GET /loja/page/4/?add-to-cart=490&doing_wp_cron=1780388636.6831140518188476562500&orderby=menu_order HTTP/1.1" 200 67346 "-" "Mozilla/5.0 AppleWebKit/537.36 (KHTML, like Gecko; compatible; ClaudeBot/1.0; +claudebot@anthropic.com)"
216.73.217.23 - - [06/Jun/2026:02:48:56 +0200] "GET /categoria-produto/mercearia/?add-to-cart=628&doing_wp_cron=1780225191.8220589160919189453125&orderby=menu_order HTTP/1.1" 200 67183 "-" "Mozilla/5.0 AppleWebKit/537.36 (KHTML, like Gecko; compatible; ClaudeBot/1.0; +claudebot@anthropic.com)"
216.73.217.23 - - [06/Jun/2026:02:49:02 +0200] "GET /loja/page/11/?add-to-cart=727&doing_wp_cron=1780486857.8343369960784912109375&orderby=popularity HTTP/1.1" 200 61095 "-" "Mozilla/5.0 AppleWebKit/537.36 (KHTML, like Gecko; compatible; ClaudeBot/1.0; +claudebot@anthropic.com)"
216.73.217.23 - - [06/Jun/2026:02:49:04 +0200] "GET /loja/page/7/?add-to-cart=702&doing_wp_cron=1780319098.8176429271697998046875&orderby=date HTTP/1.1" 200 61298 "-" "Mozilla/5.0 AppleWebKit/537.36 (KHTML, like Gecko; compatible; ClaudeBot/1.0; +claudebot@anthropic.com)"
114.119.135.57 - - [06/Jun/2026:02:49:06 +0200] "GET /loja?orderby=menu_order&doing_wp_cron=1747650344.7712819576263427734375 HTTP/1.1" 301 5 "https://www.baudefruta.pt/loja?orderby=popularity&doing_wp_cron=1747650344.7712819576263427734375" "Mozilla/5.0 (Linux; Android 7.0;) AppleWebKit/537.36 (HTML, like Gecko) Mobile Safari/537.36 (compatible; PetalBot;+https://webmaster.petalsearch.com/site/petalbot)"
216.73.217.23 - - [06/Jun/2026:02:49:07 +0200] "GET /loja/page/11/?add-to-cart=547&doing_wp_cron=1780505801.7622530460357666015625&orderby=popularity HTTP/1.1" 200 61555 "-" "Mozilla/5.0 AppleWebKit/537.36 (KHTML, like Gecko; compatible; ClaudeBot/1.0; +claudebot@anthropic.com)"
57.141.20.64 - - [06/Jun/2026:02:49:07 +0200] "GET /category-sitemap.xml?doing_wp_cron=1768527006.3180658817291259765625 HTTP/1.1" 200 759 "-" "meta-externalagent/1.1 (+https://developers.facebook.com/docs/sharing/webmasters/crawler)"
216.73.217.23 - - [06/Jun/2026:02:49:10 +0200] "GET /loja/page/5/?add-to-cart=782&doing_wp_cron=1780383836.4200708866119384765625&orderby=popularity HTTP/1.1" 200 62235 "-" "Mozilla/5.0 AppleWebKit/537.36 (KHTML, like Gecko; compatible; ClaudeBot/1.0; +claudebot@anthropic.com)"
114.119.135.57 - - [06/Jun/2026:02:49:12 +0200] "GET /loja/?orderby=menu_order&doing_wp_cron=1747650344.7712819576263427734375 HTTP/1.1" 200 60225 "https://www.baudefruta.pt/loja?orderby=popularity&doing_wp_cron=1747650344.7712819576263427734375" "Mozilla/5.0 (Linux; Android 7.0;) AppleWebKit/537.36 (HTML, like Gecko) Mobile Safari/537.36 (compatible; PetalBot;+https://webmaster.petalsearch.com/site/petalbot)"
216.73.217.23 - - [06/Jun/2026:02:49:13 +0200] "GET /loja/page/4/?add-to-cart=825&doing_wp_cron=1780259951.9076659679412841796875&orderby=popularity HTTP/1.1" 200 62103 "-" "Mozilla/5.0 AppleWebKit/537.36 (KHTML, like Gecko; compatible; ClaudeBot/1.0; +claudebot@anthropic.com)"
216.73.217.23 - - [06/Jun/2026:02:49:16 +0200] "GET /loja/page/11/?add-to-cart=608&doing_wp_cron=1780454178.6453809738159179687500&orderby=menu_order HTTP/1.1" 200 61733 "-" "Mozilla/5.0 AppleWebKit/537.36 (KHTML, like Gecko; compatible; ClaudeBot/1.0; +claudebot@anthropic.com)"
69.49.112.63 - - [06/Jun/2026:02:49:18 +0200] "GET /wp-login.php HTTP/1.1" 200 51437 "-" "Mozilla/5.0 (Macintosh; Intel Mac OS X 10_15_7) AppleWebKit/605.1.15 (KHTML, like Gecko) Version/18.3 Safari/605.1.15"
69.49.112.63 - - [06/Jun/2026:02:49:19 +0200] "POST /wp-login.php HTTP/1.1" 405 150 "https://baudefruta.pt/wp-login.php" "Mozilla/5.0 (Macintosh; Intel Mac OS X 10_15_7) AppleWebKit/605.1.15 (KHTML, like Gecko) Version/18.3 Safari/605.1.15"
84.54.76.58 - - [06/Jun/2026:02:49:20 +0200] "GET /categoria-produto/mercearia/?add-to-cart=2047&doing_wp_cron=1764434567.9894509315490722656250&orderby=date HTTP/1.1" 200 60651 "-" "Mozilla/5.0 (Android 4.2; Mobile; rv:15.0) Gecko/15.0 Firefox/15.0"
216.73.217.23 - - [06/Jun/2026:02:49:21 +0200] "GET /loja/page/11/?add-to-cart=819&doing_wp_cron=1780268890.7532269954681396484375&orderby=date HTTP/1.1" 200 60195 "-" "Mozilla/5.0 AppleWebKit/537.36 (KHTML, like Gecko; compatible; ClaudeBot/1.0; +claudebot@anthropic.com)"
216.73.217.23 - - [06/Jun/2026:02:49:24 +0200] "GET /produto/alho-granulado-em-frasco/?add-to-cart=795&doing_wp_cron=1780205618.0370869636535644531250 HTTP/1.1" 200 59423 "-" "Mozilla/5.0 AppleWebKit/537.36 (KHTML, like Gecko; compatible; ClaudeBot/1.0; +claudebot@anthropic.com)"
57.141.20.34 - - [06/Jun/2026:02:49:24 +0200] "GET /product-sitemap2.xml?doing_wp_cron=1773742429.1829409599304199218750 HTTP/1.1" 200 8350 "-" "meta-externalagent/1.1 (+https://developers.facebook.com/docs/sharing/webmasters/crawler)"
216.73.217.23 - - [06/Jun/2026:02:49:27 +0200] "GET /produto/alface-iberica-250gr/?add-to-cart=421&doing_wp_cron=1764177327.5529019832611083984375 HTTP/1.1" 200 59645 "-" "Mozilla/5.0 AppleWebKit/537.36 (KHTML, like Gecko; compatible; ClaudeBot/1.0; +claudebot@anthropic.com)"
216.73.217.23 - - [06/Jun/2026:02:49:31 +0200] "GET /loja/page/2/?add-to-cart=419&doing_wp_cron=1780407018.5904660224914550781250&orderby=date HTTP/1.1" 200 60921 "-" "Mozilla/5.0 AppleWebKit/537.36 (KHTML, like Gecko; compatible; ClaudeBot/1.0; +claudebot@anthropic.com)"
216.73.217.23 - - [06/Jun/2026:02:49:33 +0200] "GET /loja/page/5/?add-to-cart=1993&doing_wp_cron=1780496838.3491590023040771484375&orderby=date HTTP/1.1" 200 61365 "-" "Mozilla/5.0 AppleWebKit/537.36 (KHTML, like Gecko; compatible; ClaudeBot/1.0; +claudebot@anthropic.com)"
57.141.20.42 - - [06/Jun/2026:02:49:37 +0200] "GET /sitemap.txt?doing_wp_cron=1766109831.8034429550170898437500 HTTP/1.1" 404 298147 "-" "meta-externalagent/1.1 (+https://developers.facebook.com/docs/sharing/webmasters/crawler)"
216.73.217.23 - - [06/Jun/2026:02:49:37 +0200] "GET /loja/page/5/?add-to-cart=782&doing_wp_cron=1780384400.8176770210266113281250&orderby=popularity HTTP/1.1" 200 61960 "-" "Mozilla/5.0 AppleWebKit/537.36 (KHTML, like Gecko; compatible; ClaudeBot/1.0; +claudebot@anthropic.com)"
216.73.217.23 - - [06/Jun/2026:02:49:40 +0200] "GET /loja/page/2/?add-to-cart=519&doing_wp_cron=1780476177.9127869606018066406250&orderby=date HTTP/1.1" 200 61581 "-" "Mozilla/5.0 AppleWebKit/537.36 (KHTML, like Gecko; compatible; ClaudeBot/1.0; +claudebot@anthropic.com)"
216.73.217.23 - - [06/Jun/2026:02:49:43 +0200] "GET /loja/page/6/?add-to-cart=2041&doing_wp_cron=1780410981.3310050964355468750000&orderby=date HTTP/1.1" 200 61881 "-" "Mozilla/5.0 AppleWebKit/537.36 (KHTML, like Gecko; compatible; ClaudeBot/1.0; +claudebot@anthropic.com)"
216.73.217.23 - - [06/Jun/2026:02:49:46 +0200] "GET /categoria-produto/mercearia/?add-to-cart=767&doing_wp_cron=1780407362.3914299011230468750000&orderby=popularity HTTP/1.1" 200 62230 "-" "Mozilla/5.0 AppleWebKit/537.36 (KHTML, like Gecko; compatible; ClaudeBot/1.0; +claudebot@anthropic.com)"
216.73.217.23 - - [06/Jun/2026:02:49:48 +0200] "GET /loja/page/2/?add-to-cart=521&doing_wp_cron=1780505720.8375179767608642578125&orderby=date HTTP/1.1" 200 62161 "-" "Mozilla/5.0 AppleWebKit/537.36 (KHTML, like Gecko; compatible; ClaudeBot/1.0; +claudebot@anthropic.com)"
216.73.217.23 - - [06/Jun/2026:02:49:52 +0200] "GET /loja/page/11/?add-to-cart=710&doing_wp_cron=1780398917.1266179084777832031250&orderby=date HTTP/1.1" 200 61559 "-" "Mozilla/5.0 AppleWebKit/537.36 (KHTML, like Gecko; compatible; ClaudeBot/1.0; +claudebot@anthropic.com)"
216.73.217.23 - - [06/Jun/2026:02:49:55 +0200] "GET /loja/page/9/?add-to-cart=626&doing_wp_cron=1780319098.8176429271697998046875&orderby=date HTTP/1.1" 200 62069 "-" "Mozilla/5.0 AppleWebKit/537.36 (KHTML, like Gecko; compatible; ClaudeBot/1.0; +claudebot@anthropic.com)"
216.73.217.23 - - [06/Jun/2026:02:49:58 +0200] "GET /loja/page/6/?add-to-cart=1990&doing_wp_cron=1780445092.3632619380950927734375&orderby=date HTTP/1.1" 200 62861 "-" "Mozilla/5.0 AppleWebKit/537.36 (KHTML, like Gecko; compatible; ClaudeBot/1.0; +claudebot@anthropic.com)"
216.73.217.23 - - [06/Jun/2026:02:50:01 +0200] "GET /loja/page/11/?add-to-cart=18756&doing_wp_cron=1780534399.0477209091186523437500&orderby=popularity HTTP/1.1" 200 61152 "-" "Mozilla/5.0 AppleWebKit/537.36 (KHTML, like Gecko; compatible; ClaudeBot/1.0; +claudebot@anthropic.com)"
190.121.151.14 - - [06/Jun/2026:02:50:02 +0200] "GET /categoria-produto/mercearia/?add-to-cart=719&doing_wp_cron=1779594857.3733429908752441406250&orderby=date HTTP/1.1" 200 60661 "-" "Mozilla/5.0 (compatible; MSIE 7.0; Windows NT 5.2; Trident/4.0)"
216.73.217.23 - - [06/Jun/2026:02:50:04 +0200] "GET /loja/page/5/?add-to-cart=484&doing_wp_cron=1780406878.1180000305175781250000&orderby=menu_order HTTP/1.1" 200 61324 "-" "Mozilla/5.0 AppleWebKit/537.36 (KHTML, like Gecko; compatible; ClaudeBot/1.0; +claudebot@anthropic.com)"
216.73.217.23 - - [06/Jun/2026:02:50:07 +0200] "GET /loja/page/7/?add-to-cart=1134&doing_wp_cron=1770738320.9674439430236816406250&orderby=date HTTP/1.1" 200 61605 "-" "Mozilla/5.0 AppleWebKit/537.36 (KHTML, like Gecko; compatible; ClaudeBot/1.0; +claudebot@anthropic.com)"
216.73.217.23 - - [06/Jun/2026:02:50:10 +0200] "GET /categoria-produto/mercearia/?add-to-cart=4337&doing_wp_cron=1780342920.8938410282135009765625&orderby=date HTTP/1.1" 200 61320 "-" "Mozilla/5.0 AppleWebKit/537.36 (KHTML, like Gecko; compatible; ClaudeBot/1.0; +claudebot@anthropic.com)"
216.73.217.23 - - [06/Jun/2026:02:50:13 +0200] "GET /loja/page/4/?add-to-cart=500&doing_wp_cron=1780360638.0177381038665771484375&orderby=price HTTP/1.1" 200 62066 "-" "Mozilla/5.0 AppleWebKit/537.36 (KHTML, like Gecko; compatible; ClaudeBot/1.0; +claudebot@anthropic.com)"
216.73.217.23 - - [06/Jun/2026:02:50:16 +0200] "GET /loja/page/7/?add-to-cart=670&doing_wp_cron=1780539324.8090100288391113281250&orderby=date HTTP/1.1" 200 62224 "-" "Mozilla/5.0 AppleWebKit/537.36 (KHTML, like Gecko; compatible; ClaudeBot/1.0; +claudebot@anthropic.com)"
216.73.217.23 - - [06/Jun/2026:02:50:19 +0200] "GET /loja/page/9/?add-to-cart=2040&doing_wp_cron=1780445636.4324181079864501953125&orderby=date HTTP/1.1" 200 61821 "-" "Mozilla/5.0 AppleWebKit/537.36 (KHTML, like Gecko; compatible; ClaudeBot/1.0; +claudebot@anthropic.com)"
57.128.22.95 - - [06/Jun/2026:02:50:20 +0200] "GET /2021/05/11/ola-mundo/ HTTP/1.1" 200 1136907 "https://www.baudefruta.pt/" "Mozilla/5.0 (Windows NT 10.0; Win64; x64) AppleWebKit/537.36 (KHTML, like Gecko) Chrome/133.0.6943.141 Safari/537.36"
216.73.217.23 - - [06/Jun/2026:02:50:22 +0200] "GET /categoria-produto/mercearia/?add-to-cart=1996&doing_wp_cron=1780314554.0645439624786376953125&orderby=popularity HTTP/1.1" 200 62802 "-" "Mozilla/5.0 AppleWebKit/537.36 (KHTML, like Gecko; compatible; ClaudeBot/1.0; +claudebot@anthropic.com)"
114.119.132.173 - - [06/Jun/2026:02:50:23 +0200] "GET /loja?doing_wp_cron=1761115014.1615679264068603515625&orderby=price HTTP/1.1" 301 5 "https://www.baudefruta.pt/loja?doing_wp_cron=1761115014.1615679264068603515625&orderby=price-desc" "Mozilla/5.0 (Linux; Android 7.0;) AppleWebKit/537.36 (HTML, like Gecko) Mobile Safari/537.36 (compatible; PetalBot;+https://webmaster.petalsearch.com/site/petalbot)"
216.73.217.23 - - [06/Jun/2026:02:50:25 +0200] "GET /loja/?add-to-cart=510&doing_wp_cron=1780407018.5904660224914550781250&orderby=price HTTP/1.1" 200 62814 "-" "Mozilla/5.0 AppleWebKit/537.36 (KHTML, like Gecko; compatible; ClaudeBot/1.0; +claudebot@anthropic.com)"
114.119.132.173 - - [06/Jun/2026:02:50:26 +0200] "GET /loja/?doing_wp_cron=1761115014.1615679264068603515625&orderby=price HTTP/1.1" 200 60417 "https://www.baudefruta.pt/loja?doing_wp_cron=1761115014.1615679264068603515625&orderby=price-desc" "Mozilla/5.0 (Linux; Android 7.0;) AppleWebKit/537.36 (HTML, like Gecko) Mobile Safari/537.36 (compatible; PetalBot;+https://webmaster.petalsearch.com/site/petalbot)"
216.73.217.23 - - [06/Jun/2026:02:50:28 +0200] "GET /categoria-produto/mercearia/?add-to-cart=2033&doing_wp_cron=1780285689.4217660427093505859375&orderby=date HTTP/1.1" 200 62525 "-" "Mozilla/5.0 AppleWebKit/537.36 (KHTML, like Gecko; compatible; ClaudeBot/1.0; +claudebot@anthropic.com)"
216.73.217.23 - - [06/Jun/2026:02:50:31 +0200] "GET /loja/page/11/?add-to-cart=693&doing_wp_cron=1780338116.7118010520935058593750&orderby=menu_order HTTP/1.1" 200 62751 "-" "Mozilla/5.0 AppleWebKit/537.36 (KHTML, like Gecko; compatible; ClaudeBot/1.0; +claudebot@anthropic.com)"
3.210.29.96 - - [06/Jun/2026:02:50:33 +0200] "GET /loja/page/11/?doing_wp_cron=1766181287.2179350852966308593750&orderby=price HTTP/1.1" 200 60289 "-" "Mozilla/5.0 AppleWebKit/537.36 (KHTML, like Gecko; compatible; Amazonbot/0.1; +https://developer.amazon.com/support/amazonbot) Chrome/119.0.6045.214 Safari/537.36"
216.73.217.23 - - [06/Jun/2026:02:50:34 +0200] "GET /loja/page/11/?add-to-cart=745&doing_wp_cron=1780462762.0583889484405517578125&orderby=popularity HTTP/1.1" 200 63421 "-" "Mozilla/5.0 AppleWebKit/537.36 (KHTML, like Gecko; compatible; ClaudeBot/1.0; +claudebot@anthropic.com)"
52.6.97.88 - - [06/Jun/2026:02:50:37 +0200] "GET /categoria-produto/frescos/page/4/?doing_wp_cron=1758891916.0486869812011718750000&orderby=menu_order HTTP/1.1" 200 59980 "-" "Mozilla/5.0 AppleWebKit/537.36 (KHTML, like Gecko; compatible; Amazonbot/0.1; +https://developer.amazon.com/support/amazonbot) Chrome/119.0.6045.214 Safari/537.36"
216.73.217.23 - - [06/Jun/2026:02:50:37 +0200] "GET /loja/page/3/?add-to-cart=524&doing_wp_cron=1780338056.7367100715637207031250&orderby=price HTTP/1.1" 200 63589 "-" "Mozilla/5.0 AppleWebKit/537.36 (KHTML, like Gecko; compatible; ClaudeBot/1.0; +claudebot@anthropic.com)"
216.73.217.23 - - [06/Jun/2026:02:50:40 +0200] "GET /categoria-produto/mercearia/?add-to-cart=2044&doing_wp_cron=1780458080.3271510601043701171875&orderby=date HTTP/1.1" 200 63386 "-" "Mozilla/5.0 AppleWebKit/537.36 (KHTML, like Gecko; compatible; ClaudeBot/1.0; +claudebot@anthropic.com)"
216.73.217.23 - - [06/Jun/2026:02:50:43 +0200] "GET /loja/page/8/?add-to-cart=575&doing_wp_cron=1724760408.5467429161071777343750&orderby=date HTTP/1.1" 200 63791 "-" "Mozilla/5.0 AppleWebKit/537.36 (KHTML, like Gecko; compatible; ClaudeBot/1.0; +claudebot@anthropic.com)"
51.89.129.254 - - [06/Jun/2026:02:50:43 +0200] "GET /sitemap.xml HTTP/1.1" 302 11 "-" "Mozilla/5.0 (compatible; AhrefsBot/7.0; +http://ahrefs.com/robot/)"
51.89.129.254 - - [06/Jun/2026:02:50:44 +0200] "GET /sitemap.xml?doing_wp_cron=1780707043.5625491142272949218750 HTTP/1.1" 404 53259 "-" "Mozilla/5.0 (compatible; AhrefsBot/7.0; +http://ahrefs.com/robot/)"
216.73.217.23 - - [06/Jun/2026:02:50:46 +0200] "GET /loja/page/11/?add-to-cart=521&doing_wp_cron=1780486432.4119439125061035156250&orderby=date HTTP/1.1" 200 63181 "-" "Mozilla/5.0 AppleWebKit/537.36 (KHTML, like Gecko; compatible; ClaudeBot/1.0; +claudebot@anthropic.com)"
216.73.217.23 - - [06/Jun/2026:02:50:49 +0200] "GET /loja/?add-to-cart=712&doing_wp_cron=1780521358.5195169448852539062500&orderby=price HTTP/1.1" 200 64341 "-" "Mozilla/5.0 AppleWebKit/537.36 (KHTML, like Gecko; compatible; ClaudeBot/1.0; +claudebot@anthropic.com)"
216.73.217.23 - - [06/Jun/2026:02:50:52 +0200] "GET /loja/page/3/?add-to-cart=458&doing_wp_cron=1780471452.7089319229125976562500&orderby=date HTTP/1.1" 200 64448 "-" "Mozilla/5.0 AppleWebKit/537.36 (KHTML, like Gecko; compatible; ClaudeBot/1.0; +claudebot@anthropic.com)"
216.73.217.23 - - [06/Jun/2026:02:50:55 +0200] "GET /loja/page/4/?add-to-cart=1133&doing_wp_cron=1780407057.6045830249786376953125&orderby=date HTTP/1.1" 200 64911 "-" "Mozilla/5.0 AppleWebKit/537.36 (KHTML, like Gecko; compatible; ClaudeBot/1.0; +claudebot@anthropic.com)"
216.73.217.23 - - [06/Jun/2026:02:50:58 +0200] "GET /loja/page/3/?add-to-cart=2007&doing_wp_cron=1780326118.2281150817871093750000&orderby=popularity HTTP/1.1" 200 64906 "-" "Mozilla/5.0 AppleWebKit/537.36 (KHTML, like Gecko; compatible; ClaudeBot/1.0; +claudebot@anthropic.com)"
216.73.217.23 - - [06/Jun/2026:02:51:01 +0200] "GET /loja/page/5/?add-to-cart=683&doing_wp_cron=1780442638.6953730583190917968750&orderby=popularity HTTP/1.1" 200 65474 "-" "Mozilla/5.0 AppleWebKit/537.36 (KHTML, like Gecko; compatible; ClaudeBot/1.0; +claudebot@anthropic.com)"
216.73.217.23 - - [06/Jun/2026:02:51:04 +0200] "GET /categoria-produto/mercearia/?add-to-cart=1989&doing_wp_cron=1780484458.3451409339904785156250&orderby=menu_order HTTP/1.1" 200 64973 "-" "Mozilla/5.0 AppleWebKit/537.36 (KHTML, like Gecko; compatible; ClaudeBot/1.0; +claudebot@anthropic.com)"
216.73.217.23 - - [06/Jun/2026:02:51:07 +0200] "GET /loja/?add-to-cart=4236&doing_wp_cron=1780455776.6261320114135742187500&orderby=price HTTP/1.1" 200 65450 "-" "Mozilla/5.0 AppleWebKit/537.36 (KHTML, like Gecko; compatible; ClaudeBot/1.0; +claudebot@anthropic.com)"
216.73.217.23 - - [06/Jun/2026:02:51:10 +0200] "GET /categoria-produto/mercearia/?add-to-cart=1989&doing_wp_cron=1780541036.9238469600677490234375&orderby=popularity HTTP/1.1" 200 65604 "-" "Mozilla/5.0 AppleWebKit/537.36 (KHTML, like Gecko; compatible; ClaudeBot/1.0; +claudebot@anthropic.com)"
216.73.217.23 - - [06/Jun/2026:02:51:13 +0200] "GET /loja/page/11/?add-to-cart=895&doing_wp_cron=1780388658.8284630775451660156250&orderby=date HTTP/1.1" 200 64734 "-" "Mozilla/5.0 AppleWebKit/537.36 (KHTML, like Gecko; compatible; ClaudeBot/1.0; +claudebot@anthropic.com)"
