89.115.164.1 - - [06/Jun/2026:03:07:12 +0200] "GET /wp-content/plugins/duracelltomi-google-tag-manager/dist/js/gtm4wp-woocommerce.js?ver=1.22.3 HTTP/1.1" 200 3043 "https://www.baudefruta.pt/?utm_source=meta&utm_campaign=reg24&fbclid=IwZXh0bgNhZW0BMABhZGlkAasyrkHfSORzcnRjBmFwcF9pZAwzNTA2ODU1MzE3MjgAAR6w9Sx0-bMwBEpdX8Z-OIL0ovx83aKjTJirawWtW-0Oe6dqggPtNhvprxJvVw_aem_2zvLmq2_aDq5Y7Jw3z0zkw&utm_medium=paid&utm_id=120245538772870644&utm_content=120245538772890644&utm_term=120245538772880644" "Mozilla/5.0 (Linux; Android 10; MAR-LX1A Build/HUAWEIMAR-L01A; wv) AppleWebKit/537.36 (KHTML, like Gecko) Version/4.0 Chrome/149.0.7827.83 Mobile Safari/537.36 [FB_IAB/FB4A;FBAV/564.0.0.48.74;IABMV/1;]"
89.115.164.1 - - [06/Jun/2026:03:07:12 +0200] "GET /wp-content/plugins/custom-page-templates/assets/js/acf-google-maps.js?ver=3.1.1 HTTP/1.1" 200 1051 "https://www.baudefruta.pt/?utm_source=meta&utm_campaign=reg24&fbclid=IwZXh0bgNhZW0BMABhZGlkAasyrkHfSORzcnRjBmFwcF9pZAwzNTA2ODU1MzE3MjgAAR6w9Sx0-bMwBEpdX8Z-OIL0ovx83aKjTJirawWtW-0Oe6dqggPtNhvprxJvVw_aem_2zvLmq2_aDq5Y7Jw3z0zkw&utm_medium=paid&utm_id=120245538772870644&utm_content=120245538772890644&utm_term=120245538772880644" "Mozilla/5.0 (Linux; Android 10; MAR-LX1A Build/HUAWEIMAR-L01A; wv) AppleWebKit/537.36 (KHTML, like Gecko) Version/4.0 Chrome/149.0.7827.83 Mobile Safari/537.36 [FB_IAB/FB4A;FBAV/564.0.0.48.74;IABMV/1;]"
89.115.164.1 - - [06/Jun/2026:03:07:12 +0200] "GET /wp-content/plugins/woocommerce/assets/js/sourcebuster/sourcebuster.min.js?ver=10.2.2 HTTP/1.1" 200 4830 "https://www.baudefruta.pt/?utm_source=meta&utm_campaign=reg24&fbclid=IwZXh0bgNhZW0BMABhZGlkAasyrkHfSORzcnRjBmFwcF9pZAwzNTA2ODU1MzE3MjgAAR6w9Sx0-bMwBEpdX8Z-OIL0ovx83aKjTJirawWtW-0Oe6dqggPtNhvprxJvVw_aem_2zvLmq2_aDq5Y7Jw3z0zkw&utm_medium=paid&utm_id=120245538772870644&utm_content=120245538772890644&utm_term=120245538772880644" "Mozilla/5.0 (Linux; Android 10; MAR-LX1A Build/HUAWEIMAR-L01A; wv) AppleWebKit/537.36 (KHTML, like Gecko) Version/4.0 Chrome/149.0.7827.83 Mobile Safari/537.36 [FB_IAB/FB4A;FBAV/564.0.0.48.74;IABMV/1;]"
89.115.164.1 - - [06/Jun/2026:03:07:12 +0200] "GET /wp-content/plugins/woocommerce/assets/js/frontend/order-attribution.min.js?ver=10.2.2 HTTP/1.1" 200 1140 "https://www.baudefruta.pt/?utm_source=meta&utm_campaign=reg24&fbclid=IwZXh0bgNhZW0BMABhZGlkAasyrkHfSORzcnRjBmFwcF9pZAwzNTA2ODU1MzE3MjgAAR6w9Sx0-bMwBEpdX8Z-OIL0ovx83aKjTJirawWtW-0Oe6dqggPtNhvprxJvVw_aem_2zvLmq2_aDq5Y7Jw3z0zkw&utm_medium=paid&utm_id=120245538772870644&utm_content=120245538772890644&utm_term=120245538772880644" "Mozilla/5.0 (Linux; Android 10; MAR-LX1A Build/HUAWEIMAR-L01A; wv) AppleWebKit/537.36 (KHTML, like Gecko) Version/4.0 Chrome/149.0.7827.83 Mobile Safari/537.36 [FB_IAB/FB4A;FBAV/564.0.0.48.74;IABMV/1;]"
216.73.217.23 - - [06/Jun/2026:03:07:12 +0200] "GET /categoria-produto/mercearia/?add-to-cart=2041&doing_wp_cron=1780398375.1426160335540771484375&orderby=popularity HTTP/1.1" 200 62212 "-" "Mozilla/5.0 AppleWebKit/537.36 (KHTML, like Gecko; compatible; ClaudeBot/1.0; +claudebot@anthropic.com)"
89.115.164.1 - - [06/Jun/2026:03:07:12 +0200] "GET /wp-includes/js/mediaelement/mediaelement-and-player.min.js?ver=4.2.17 HTTP/1.1" 200 39312 "https://www.baudefruta.pt/?utm_source=meta&utm_campaign=reg24&fbclid=IwZXh0bgNhZW0BMABhZGlkAasyrkHfSORzcnRjBmFwcF9pZAwzNTA2ODU1MzE3MjgAAR6w9Sx0-bMwBEpdX8Z-OIL0ovx83aKjTJirawWtW-0Oe6dqggPtNhvprxJvVw_aem_2zvLmq2_aDq5Y7Jw3z0zkw&utm_medium=paid&utm_id=120245538772870644&utm_content=120245538772890644&utm_term=120245538772880644" "Mozilla/5.0 (Linux; Android 10; MAR-LX1A Build/HUAWEIMAR-L01A; wv) AppleWebKit/537.36 (KHTML, like Gecko) Version/4.0 Chrome/149.0.7827.83 Mobile Safari/537.36 [FB_IAB/FB4A;FBAV/564.0.0.48.74;IABMV/1;]"
89.115.164.1 - - [06/Jun/2026:03:07:12 +0200] "GET /wp-includes/js/mediaelement/mediaelement-migrate.min.js?ver=6.9.1 HTTP/1.1" 200 552 "https://www.baudefruta.pt/?utm_source=meta&utm_campaign=reg24&fbclid=IwZXh0bgNhZW0BMABhZGlkAasyrkHfSORzcnRjBmFwcF9pZAwzNTA2ODU1MzE3MjgAAR6w9Sx0-bMwBEpdX8Z-OIL0ovx83aKjTJirawWtW-0Oe6dqggPtNhvprxJvVw_aem_2zvLmq2_aDq5Y7Jw3z0zkw&utm_medium=paid&utm_id=120245538772870644&utm_content=120245538772890644&utm_term=120245538772880644" "Mozilla/5.0 (Linux; Android 10; MAR-LX1A Build/HUAWEIMAR-L01A; wv) AppleWebKit/537.36 (KHTML, like Gecko) Version/4.0 Chrome/149.0.7827.83 Mobile Safari/537.36 [FB_IAB/FB4A;FBAV/564.0.0.48.74;IABMV/1;]"
89.115.164.1 - - [06/Jun/2026:03:07:12 +0200] "GET /wp-includes/js/mediaelement/wp-mediaelement.min.js?ver=6.9.1 HTTP/1.1" 200 550 "https://www.baudefruta.pt/?utm_source=meta&utm_campaign=reg24&fbclid=IwZXh0bgNhZW0BMABhZGlkAasyrkHfSORzcnRjBmFwcF9pZAwzNTA2ODU1MzE3MjgAAR6w9Sx0-bMwBEpdX8Z-OIL0ovx83aKjTJirawWtW-0Oe6dqggPtNhvprxJvVw_aem_2zvLmq2_aDq5Y7Jw3z0zkw&utm_medium=paid&utm_id=120245538772870644&utm_content=120245538772890644&utm_term=120245538772880644" "Mozilla/5.0 (Linux; Android 10; MAR-LX1A Build/HUAWEIMAR-L01A; wv) AppleWebKit/537.36 (KHTML, like Gecko) Version/4.0 Chrome/149.0.7827.83 Mobile Safari/537.36 [FB_IAB/FB4A;FBAV/564.0.0.48.74;IABMV/1;]"
89.115.164.1 - - [06/Jun/2026:03:07:12 +0200] "GET /wp-content/themes/uncode/library/js/plugins.js?ver=257930845 HTTP/1.1" 200 192557 "https://www.baudefruta.pt/?utm_source=meta&utm_campaign=reg24&fbclid=IwZXh0bgNhZW0BMABhZGlkAasyrkHfSORzcnRjBmFwcF9pZAwzNTA2ODU1MzE3MjgAAR6w9Sx0-bMwBEpdX8Z-OIL0ovx83aKjTJirawWtW-0Oe6dqggPtNhvprxJvVw_aem_2zvLmq2_aDq5Y7Jw3z0zkw&utm_medium=paid&utm_id=120245538772870644&utm_content=120245538772890644&utm_term=120245538772880644" "Mozilla/5.0 (Linux; Android 10; MAR-LX1A Build/HUAWEIMAR-L01A; wv) AppleWebKit/537.36 (KHTML, like Gecko) Version/4.0 Chrome/149.0.7827.83 Mobile Safari/537.36 [FB_IAB/FB4A;FBAV/564.0.0.48.74;IABMV/1;]"
89.115.164.1 - - [06/Jun/2026:03:07:12 +0200] "GET /wp-content/themes/uncode/library/js/app.js?ver=257930845 HTTP/1.1" 200 41076 "https://www.baudefruta.pt/?utm_source=meta&utm_campaign=reg24&fbclid=IwZXh0bgNhZW0BMABhZGlkAasyrkHfSORzcnRjBmFwcF9pZAwzNTA2ODU1MzE3MjgAAR6w9Sx0-bMwBEpdX8Z-OIL0ovx83aKjTJirawWtW-0Oe6dqggPtNhvprxJvVw_aem_2zvLmq2_aDq5Y7Jw3z0zkw&utm_medium=paid&utm_id=120245538772870644&utm_content=120245538772890644&utm_term=120245538772880644" "Mozilla/5.0 (Linux; Android 10; MAR-LX1A Build/HUAWEIMAR-L01A; wv) AppleWebKit/537.36 (KHTML, like Gecko) Version/4.0 Chrome/149.0.7827.83 Mobile Safari/537.36 [FB_IAB/FB4A;FBAV/564.0.0.48.74;IABMV/1;]"
89.115.164.1 - - [06/Jun/2026:03:07:12 +0200] "GET /wp-content/themes/uncode/library/js/woocommerce-uncode.js?ver=257930845 HTTP/1.1" 200 7190 "https://www.baudefruta.pt/?utm_source=meta&utm_campaign=reg24&fbclid=IwZXh0bgNhZW0BMABhZGlkAasyrkHfSORzcnRjBmFwcF9pZAwzNTA2ODU1MzE3MjgAAR6w9Sx0-bMwBEpdX8Z-OIL0ovx83aKjTJirawWtW-0Oe6dqggPtNhvprxJvVw_aem_2zvLmq2_aDq5Y7Jw3z0zkw&utm_medium=paid&utm_id=120245538772870644&utm_content=120245538772890644&utm_term=120245538772880644" "Mozilla/5.0 (Linux; Android 10; MAR-LX1A Build/HUAWEIMAR-L01A; wv) AppleWebKit/537.36 (KHTML, like Gecko) Version/4.0 Chrome/149.0.7827.83 Mobile Safari/537.36 [FB_IAB/FB4A;FBAV/564.0.0.48.74;IABMV/1;]"
89.115.164.1 - - [06/Jun/2026:03:07:13 +0200] "GET /wp-includes/js/jquery/ui/core.min.js?ver=1.13.3 HTTP/1.1" 200 7137 "https://www.baudefruta.pt/?utm_source=meta&utm_campaign=reg24&fbclid=IwZXh0bgNhZW0BMABhZGlkAasyrkHfSORzcnRjBmFwcF9pZAwzNTA2ODU1MzE3MjgAAR6w9Sx0-bMwBEpdX8Z-OIL0ovx83aKjTJirawWtW-0Oe6dqggPtNhvprxJvVw_aem_2zvLmq2_aDq5Y7Jw3z0zkw&utm_medium=paid&utm_id=120245538772870644&utm_content=120245538772890644&utm_term=120245538772880644" "Mozilla/5.0 (Linux; Android 10; MAR-LX1A Build/HUAWEIMAR-L01A; wv) AppleWebKit/537.36 (KHTML, like Gecko) Version/4.0 Chrome/149.0.7827.83 Mobile Safari/537.36 [FB_IAB/FB4A;FBAV/564.0.0.48.74;IABMV/1;]"
89.115.164.1 - - [06/Jun/2026:03:07:13 +0200] "GET /wp-content/plugins/popup-maker/dist/assets/site.js?defer&ver=1.21.4 HTTP/1.1" 200 17994 "https://www.baudefruta.pt/?utm_source=meta&utm_campaign=reg24&fbclid=IwZXh0bgNhZW0BMABhZGlkAasyrkHfSORzcnRjBmFwcF9pZAwzNTA2ODU1MzE3MjgAAR6w9Sx0-bMwBEpdX8Z-OIL0ovx83aKjTJirawWtW-0Oe6dqggPtNhvprxJvVw_aem_2zvLmq2_aDq5Y7Jw3z0zkw&utm_medium=paid&utm_id=120245538772870644&utm_content=120245538772890644&utm_term=120245538772880644" "Mozilla/5.0 (Linux; Android 10; MAR-LX1A Build/HUAWEIMAR-L01A; wv) AppleWebKit/537.36 (KHTML, like Gecko) Version/4.0 Chrome/149.0.7827.83 Mobile Safari/537.36 [FB_IAB/FB4A;FBAV/564.0.0.48.74;IABMV/1;]"
89.115.164.1 - - [06/Jun/2026:03:07:13 +0200] "GET /wp-content/plugins/woocommerce-products-filter/js/tooltip/js/tooltipster.bundle.min.js?ver=2.2.9.4 HTTP/1.1" 200 10234 "https://www.baudefruta.pt/?utm_source=meta&utm_campaign=reg24&fbclid=IwZXh0bgNhZW0BMABhZGlkAasyrkHfSORzcnRjBmFwcF9pZAwzNTA2ODU1MzE3MjgAAR6w9Sx0-bMwBEpdX8Z-OIL0ovx83aKjTJirawWtW-0Oe6dqggPtNhvprxJvVw_aem_2zvLmq2_aDq5Y7Jw3z0zkw&utm_medium=paid&utm_id=120245538772870644&utm_content=120245538772890644&utm_term=120245538772880644" "Mozilla/5.0 (Linux; Android 10; MAR-LX1A Build/HUAWEIMAR-L01A; wv) AppleWebKit/537.36 (KHTML, like Gecko) Version/4.0 Chrome/149.0.7827.83 Mobile Safari/537.36 [FB_IAB/FB4A;FBAV/564.0.0.48.74;IABMV/1;]"
89.115.164.1 - - [06/Jun/2026:03:07:13 +0200] "GET /wp-content/plugins/woocommerce-products-filter/js/html_types/radio.js?ver=2.2.9.4 HTTP/1.1" 200 763 "https://www.baudefruta.pt/?utm_source=meta&utm_campaign=reg24&fbclid=IwZXh0bgNhZW0BMABhZGlkAasyrkHfSORzcnRjBmFwcF9pZAwzNTA2ODU1MzE3MjgAAR6w9Sx0-bMwBEpdX8Z-OIL0ovx83aKjTJirawWtW-0Oe6dqggPtNhvprxJvVw_aem_2zvLmq2_aDq5Y7Jw3z0zkw&utm_medium=paid&utm_id=120245538772870644&utm_content=120245538772890644&utm_term=120245538772880644" "Mozilla/5.0 (Linux; Android 10; MAR-LX1A Build/HUAWEIMAR-L01A; wv) AppleWebKit/537.36 (KHTML, like Gecko) Version/4.0 Chrome/149.0.7827.83 Mobile Safari/537.36 [FB_IAB/FB4A;FBAV/564.0.0.48.74;IABMV/1;]"
89.115.164.1 - - [06/Jun/2026:03:07:13 +0200] "GET /wp-content/plugins/woocommerce-products-filter/js/front.js?ver=2.2.9.4 HTTP/1.1" 200 12289 "https://www.baudefruta.pt/?utm_source=meta&utm_campaign=reg24&fbclid=IwZXh0bgNhZW0BMABhZGlkAasyrkHfSORzcnRjBmFwcF9pZAwzNTA2ODU1MzE3MjgAAR6w9Sx0-bMwBEpdX8Z-OIL0ovx83aKjTJirawWtW-0Oe6dqggPtNhvprxJvVw_aem_2zvLmq2_aDq5Y7Jw3z0zkw&utm_medium=paid&utm_id=120245538772870644&utm_content=120245538772890644&utm_term=120245538772880644" "Mozilla/5.0 (Linux; Android 10; MAR-LX1A Build/HUAWEIMAR-L01A; wv) AppleWebKit/537.36 (KHTML, like Gecko) Version/4.0 Chrome/149.0.7827.83 Mobile Safari/537.36 [FB_IAB/FB4A;FBAV/564.0.0.48.74;IABMV/1;]"
89.115.164.1 - - [06/Jun/2026:03:07:13 +0200] "GET /wp-content/plugins/woocommerce-products-filter/js/html_types/checkbox.js?ver=2.2.9.4 HTTP/1.1" 200 859 "https://www.baudefruta.pt/?utm_source=meta&utm_campaign=reg24&fbclid=IwZXh0bgNhZW0BMABhZGlkAasyrkHfSORzcnRjBmFwcF9pZAwzNTA2ODU1MzE3MjgAAR6w9Sx0-bMwBEpdX8Z-OIL0ovx83aKjTJirawWtW-0Oe6dqggPtNhvprxJvVw_aem_2zvLmq2_aDq5Y7Jw3z0zkw&utm_medium=paid&utm_id=120245538772870644&utm_content=120245538772890644&utm_term=120245538772880644" "Mozilla/5.0 (Linux; Android 10; MAR-LX1A Build/HUAWEIMAR-L01A; wv) AppleWebKit/537.36 (KHTML, like Gecko) Version/4.0 Chrome/149.0.7827.83 Mobile Safari/537.36 [FB_IAB/FB4A;FBAV/564.0.0.48.74;IABMV/1;]"
89.115.164.1 - - [06/Jun/2026:03:07:13 +0200] "GET /wp-content/plugins/woocommerce-products-filter/js/html_types/mselect.js?ver=2.2.9.4 HTTP/1.1" 200 740 "https://www.baudefruta.pt/?utm_source=meta&utm_campaign=reg24&fbclid=IwZXh0bgNhZW0BMABhZGlkAasyrkHfSORzcnRjBmFwcF9pZAwzNTA2ODU1MzE3MjgAAR6w9Sx0-bMwBEpdX8Z-OIL0ovx83aKjTJirawWtW-0Oe6dqggPtNhvprxJvVw_aem_2zvLmq2_aDq5Y7Jw3z0zkw&utm_medium=paid&utm_id=120245538772870644&utm_content=120245538772890644&utm_term=120245538772880644" "Mozilla/5.0 (Linux; Android 10; MAR-LX1A Build/HUAWEIMAR-L01A; wv) AppleWebKit/537.36 (KHTML, like Gecko) Version/4.0 Chrome/149.0.7827.83 Mobile Safari/537.36 [FB_IAB/FB4A;FBAV/564.0.0.48.74;IABMV/1;]"
89.115.164.1 - - [06/Jun/2026:03:07:13 +0200] "GET /wp-content/plugins/woocommerce-products-filter/js/html_types/select.js?ver=2.2.9.4 HTTP/1.1" 200 473 "https://www.baudefruta.pt/?utm_source=meta&utm_campaign=reg24&fbclid=IwZXh0bgNhZW0BMABhZGlkAasyrkHfSORzcnRjBmFwcF9pZAwzNTA2ODU1MzE3MjgAAR6w9Sx0-bMwBEpdX8Z-OIL0ovx83aKjTJirawWtW-0Oe6dqggPtNhvprxJvVw_aem_2zvLmq2_aDq5Y7Jw3z0zkw&utm_medium=paid&utm_id=120245538772870644&utm_content=120245538772890644&utm_term=120245538772880644" "Mozilla/5.0 (Linux; Android 10; MAR-LX1A Build/HUAWEIMAR-L01A; wv) AppleWebKit/537.36 (KHTML, like Gecko) Version/4.0 Chrome/149.0.7827.83 Mobile Safari/537.36 [FB_IAB/FB4A;FBAV/564.0.0.48.74;IABMV/1;]"
89.115.164.1 - - [06/Jun/2026:03:07:13 +0200] "GET /wp-content/plugins/woocommerce-products-filter/js/chosen/chosen.jquery.js?ver=2.2.9.4 HTTP/1.1" 200 8826 "https://www.baudefruta.pt/?utm_source=meta&utm_campaign=reg24&fbclid=IwZXh0bgNhZW0BMABhZGlkAasyrkHfSORzcnRjBmFwcF9pZAwzNTA2ODU1MzE3MjgAAR6w9Sx0-bMwBEpdX8Z-OIL0ovx83aKjTJirawWtW-0Oe6dqggPtNhvprxJvVw_aem_2zvLmq2_aDq5Y7Jw3z0zkw&utm_medium=paid&utm_id=120245538772870644&utm_content=120245538772890644&utm_term=120245538772880644" "Mozilla/5.0 (Linux; Android 10; MAR-LX1A Build/HUAWEIMAR-L01A; wv) AppleWebKit/537.36 (KHTML, like Gecko) Version/4.0 Chrome/149.0.7827.83 Mobile Safari/537.36 [FB_IAB/FB4A;FBAV/564.0.0.48.74;IABMV/1;]"
89.115.164.1 - - [06/Jun/2026:03:07:13 +0200] "GET /wp-content/plugins/woocommerce/assets/js/js-cookie/js.cookie.min.js?ver=2.1.4-wc.10.2.2 HTTP/1.1" 200 845 "https://www.baudefruta.pt/?utm_source=meta&utm_campaign=reg24&fbclid=IwZXh0bgNhZW0BMABhZGlkAasyrkHfSORzcnRjBmFwcF9pZAwzNTA2ODU1MzE3MjgAAR6w9Sx0-bMwBEpdX8Z-OIL0ovx83aKjTJirawWtW-0Oe6dqggPtNhvprxJvVw_aem_2zvLmq2_aDq5Y7Jw3z0zkw&utm_medium=paid&utm_id=120245538772870644&utm_content=120245538772890644&utm_term=120245538772880644" "Mozilla/5.0 (Linux; Android 10; MAR-LX1A Build/HUAWEIMAR-L01A; wv) AppleWebKit/537.36 (KHTML, like Gecko) Version/4.0 Chrome/149.0.7827.83 Mobile Safari/537.36 [FB_IAB/FB4A;FBAV/564.0.0.48.74;IABMV/1;]"
89.115.164.1 - - [06/Jun/2026:03:07:13 +0200] "GET /wp-content/plugins/woocommerce/assets/js/frontend/woocommerce.min.js?ver=10.2.2 HTTP/1.1" 200 1488 "https://www.baudefruta.pt/?utm_source=meta&utm_campaign=reg24&fbclid=IwZXh0bgNhZW0BMABhZGlkAasyrkHfSORzcnRjBmFwcF9pZAwzNTA2ODU1MzE3MjgAAR6w9Sx0-bMwBEpdX8Z-OIL0ovx83aKjTJirawWtW-0Oe6dqggPtNhvprxJvVw_aem_2zvLmq2_aDq5Y7Jw3z0zkw&utm_medium=paid&utm_id=120245538772870644&utm_content=120245538772890644&utm_term=120245538772880644" "Mozilla/5.0 (Linux; Android 10; MAR-LX1A Build/HUAWEIMAR-L01A; wv) AppleWebKit/537.36 (KHTML, like Gecko) Version/4.0 Chrome/149.0.7827.83 Mobile Safari/537.36 [FB_IAB/FB4A;FBAV/564.0.0.48.74;IABMV/1;]"
89.115.164.1 - - [06/Jun/2026:03:07:13 +0200] "GET /wp-content/uploads/2021/05/bau_home_seta_drt.png HTTP/1.1" 200 426 "https://www.baudefruta.pt/?utm_source=meta&utm_campaign=reg24&fbclid=IwZXh0bgNhZW0BMABhZGlkAasyrkHfSORzcnRjBmFwcF9pZAwzNTA2ODU1MzE3MjgAAR6w9Sx0-bMwBEpdX8Z-OIL0ovx83aKjTJirawWtW-0Oe6dqggPtNhvprxJvVw_aem_2zvLmq2_aDq5Y7Jw3z0zkw&utm_medium=paid&utm_id=120245538772870644&utm_content=120245538772890644&utm_term=120245538772880644" "Mozilla/5.0 (Linux; Android 10; MAR-LX1A Build/HUAWEIMAR-L01A; wv) AppleWebKit/537.36 (KHTML, like Gecko) Version/4.0 Chrome/149.0.7827.83 Mobile Safari/537.36 [FB_IAB/FB4A;FBAV/564.0.0.48.74;IABMV/1;]"
89.115.164.1 - - [06/Jun/2026:03:07:13 +0200] "GET /wp-content/uploads/2021/05/bau_produto-tutti-2-uai-572x381.jpg HTTP/1.1" 200 89435 "https://www.baudefruta.pt/?utm_source=meta&utm_campaign=reg24&fbclid=IwZXh0bgNhZW0BMABhZGlkAasyrkHfSORzcnRjBmFwcF9pZAwzNTA2ODU1MzE3MjgAAR6w9Sx0-bMwBEpdX8Z-OIL0ovx83aKjTJirawWtW-0Oe6dqggPtNhvprxJvVw_aem_2zvLmq2_aDq5Y7Jw3z0zkw&utm_medium=paid&utm_id=120245538772870644&utm_content=120245538772890644&utm_term=120245538772880644" "Mozilla/5.0 (Linux; Android 10; MAR-LX1A Build/HUAWEIMAR-L01A; wv) AppleWebKit/537.36 (KHTML, like Gecko) Version/4.0 Chrome/149.0.7827.83 Mobile Safari/537.36 [FB_IAB/FB4A;FBAV/564.0.0.48.74;IABMV/1;]"
89.115.164.1 - - [06/Jun/2026:03:07:13 +0200] "GET /wp-content/uploads/2021/05/bau_produto-tutti-uai-572x381.jpg HTTP/1.1" 200 93249 "https://www.baudefruta.pt/?utm_source=meta&utm_campaign=reg24&fbclid=IwZXh0bgNhZW0BMABhZGlkAasyrkHfSORzcnRjBmFwcF9pZAwzNTA2ODU1MzE3MjgAAR6w9Sx0-bMwBEpdX8Z-OIL0ovx83aKjTJirawWtW-0Oe6dqggPtNhvprxJvVw_aem_2zvLmq2_aDq5Y7Jw3z0zkw&utm_medium=paid&utm_id=120245538772870644&utm_content=120245538772890644&utm_term=120245538772880644" "Mozilla/5.0 (Linux; Android 10; MAR-LX1A Build/HUAWEIMAR-L01A; wv) AppleWebKit/537.36 (KHTML, like Gecko) Version/4.0 Chrome/149.0.7827.83 Mobile Safari/537.36 [FB_IAB/FB4A;FBAV/564.0.0.48.74;IABMV/1;]"
89.115.164.1 - - [06/Jun/2026:03:07:14 +0200] "GET /wp-content/uploads/2021/10/bau_economico_2-uai-572x381.jpg HTTP/1.1" 200 112841 "https://www.baudefruta.pt/?utm_source=meta&utm_campaign=reg24&fbclid=IwZXh0bgNhZW0BMABhZGlkAasyrkHfSORzcnRjBmFwcF9pZAwzNTA2ODU1MzE3MjgAAR6w9Sx0-bMwBEpdX8Z-OIL0ovx83aKjTJirawWtW-0Oe6dqggPtNhvprxJvVw_aem_2zvLmq2_aDq5Y7Jw3z0zkw&utm_medium=paid&utm_id=120245538772870644&utm_content=120245538772890644&utm_term=120245538772880644" "Mozilla/5.0 (Linux; Android 10; MAR-LX1A Build/HUAWEIMAR-L01A; wv) AppleWebKit/537.36 (KHTML, like Gecko) Version/4.0 Chrome/149.0.7827.83 Mobile Safari/537.36 [FB_IAB/FB4A;FBAV/564.0.0.48.74;IABMV/1;]"
89.115.164.1 - - [06/Jun/2026:03:07:14 +0200] "GET /wp-content/uploads/2021/05/bau_produto-vegetais-uai-572x381.jpg HTTP/1.1" 200 118186 "https://www.baudefruta.pt/?utm_source=meta&utm_campaign=reg24&fbclid=IwZXh0bgNhZW0BMABhZGlkAasyrkHfSORzcnRjBmFwcF9pZAwzNTA2ODU1MzE3MjgAAR6w9Sx0-bMwBEpdX8Z-OIL0ovx83aKjTJirawWtW-0Oe6dqggPtNhvprxJvVw_aem_2zvLmq2_aDq5Y7Jw3z0zkw&utm_medium=paid&utm_id=120245538772870644&utm_content=120245538772890644&utm_term=120245538772880644" "Mozilla/5.0 (Linux; Android 10; MAR-LX1A Build/HUAWEIMAR-L01A; wv) AppleWebKit/537.36 (KHTML, like Gecko) Version/4.0 Chrome/149.0.7827.83 Mobile Safari/537.36 [FB_IAB/FB4A;FBAV/564.0.0.48.74;IABMV/1;]"
89.115.164.1 - - [06/Jun/2026:03:07:14 +0200] "GET /wp-content/uploads/2021/05/bau_produto-fruta-uai-572x381.jpg HTTP/1.1" 200 105616 "https://www.baudefruta.pt/?utm_source=meta&utm_campaign=reg24&fbclid=IwZXh0bgNhZW0BMABhZGlkAasyrkHfSORzcnRjBmFwcF9pZAwzNTA2ODU1MzE3MjgAAR6w9Sx0-bMwBEpdX8Z-OIL0ovx83aKjTJirawWtW-0Oe6dqggPtNhvprxJvVw_aem_2zvLmq2_aDq5Y7Jw3z0zkw&utm_medium=paid&utm_id=120245538772870644&utm_content=120245538772890644&utm_term=120245538772880644" "Mozilla/5.0 (Linux; Android 10; MAR-LX1A Build/HUAWEIMAR-L01A; wv) AppleWebKit/537.36 (KHTML, like Gecko) Version/4.0 Chrome/149.0.7827.83 Mobile Safari/537.36 [FB_IAB/FB4A;FBAV/564.0.0.48.74;IABMV/1;]"
89.115.164.1 - - [06/Jun/2026:03:07:14 +0200] "GET /wp-content/uploads/2022/06/nectarina.jpg HTTP/1.1" 200 81381 "https://www.baudefruta.pt/?utm_source=meta&utm_campaign=reg24&fbclid=IwZXh0bgNhZW0BMABhZGlkAasyrkHfSORzcnRjBmFwcF9pZAwzNTA2ODU1MzE3MjgAAR6w9Sx0-bMwBEpdX8Z-OIL0ovx83aKjTJirawWtW-0Oe6dqggPtNhvprxJvVw_aem_2zvLmq2_aDq5Y7Jw3z0zkw&utm_medium=paid&utm_id=120245538772870644&utm_content=120245538772890644&utm_term=120245538772880644" "Mozilla/5.0 (Linux; Android 10; MAR-LX1A Build/HUAWEIMAR-L01A; wv) AppleWebKit/537.36 (KHTML, like Gecko) Version/4.0 Chrome/149.0.7827.83 Mobile Safari/537.36 [FB_IAB/FB4A;FBAV/564.0.0.48.74;IABMV/1;]"
89.115.164.1 - - [06/Jun/2026:03:07:14 +0200] "GET /wp-content/uploads/2022/06/aromatica.jpg HTTP/1.1" 200 14098 "https://www.baudefruta.pt/?utm_source=meta&utm_campaign=reg24&fbclid=IwZXh0bgNhZW0BMABhZGlkAasyrkHfSORzcnRjBmFwcF9pZAwzNTA2ODU1MzE3MjgAAR6w9Sx0-bMwBEpdX8Z-OIL0ovx83aKjTJirawWtW-0Oe6dqggPtNhvprxJvVw_aem_2zvLmq2_aDq5Y7Jw3z0zkw&utm_medium=paid&utm_id=120245538772870644&utm_content=120245538772890644&utm_term=120245538772880644" "Mozilla/5.0 (Linux; Android 10; MAR-LX1A Build/HUAWEIMAR-L01A; wv) AppleWebKit/537.36 (KHTML, like Gecko) Version/4.0 Chrome/149.0.7827.83 Mobile Safari/537.36 [FB_IAB/FB4A;FBAV/564.0.0.48.74;IABMV/1;]"
89.115.164.1 - - [06/Jun/2026:03:07:14 +0200] "GET /wp-content/uploads/2022/05/gengibre.jpg HTTP/1.1" 200 21416 "https://www.baudefruta.pt/?utm_source=meta&utm_campaign=reg24&fbclid=IwZXh0bgNhZW0BMABhZGlkAasyrkHfSORzcnRjBmFwcF9pZAwzNTA2ODU1MzE3MjgAAR6w9Sx0-bMwBEpdX8Z-OIL0ovx83aKjTJirawWtW-0Oe6dqggPtNhvprxJvVw_aem_2zvLmq2_aDq5Y7Jw3z0zkw&utm_medium=paid&utm_id=120245538772870644&utm_content=120245538772890644&utm_term=120245538772880644" "Mozilla/5.0 (Linux; Android 10; MAR-LX1A Build/HUAWEIMAR-L01A; wv) AppleWebKit/537.36 (KHTML, like Gecko) Version/4.0 Chrome/149.0.7827.83 Mobile Safari/537.36 [FB_IAB/FB4A;FBAV/564.0.0.48.74;IABMV/1;]"
89.115.164.1 - - [06/Jun/2026:03:07:14 +0200] "GET /wp-content/uploads/2021/06/HT001-hortela-uai-952x952.jpg HTTP/1.1" 200 172178 "https://www.baudefruta.pt/?utm_source=meta&utm_campaign=reg24&fbclid=IwZXh0bgNhZW0BMABhZGlkAasyrkHfSORzcnRjBmFwcF9pZAwzNTA2ODU1MzE3MjgAAR6w9Sx0-bMwBEpdX8Z-OIL0ovx83aKjTJirawWtW-0Oe6dqggPtNhvprxJvVw_aem_2zvLmq2_aDq5Y7Jw3z0zkw&utm_medium=paid&utm_id=120245538772870644&utm_content=120245538772890644&utm_term=120245538772880644" "Mozilla/5.0 (Linux; Android 10; MAR-LX1A Build/HUAWEIMAR-L01A; wv) AppleWebKit/537.36 (KHTML, like Gecko) Version/4.0 Chrome/149.0.7827.83 Mobile Safari/537.36 [FB_IAB/FB4A;FBAV/564.0.0.48.74;IABMV/1;]"
89.115.164.1 - - [06/Jun/2026:03:07:14 +0200] "GET /wp-content/uploads/2021/06/TH001-tomate-cherry-uai-335x335.jpg HTTP/1.1" 200 17318 "https://www.baudefruta.pt/?utm_source=meta&utm_campaign=reg24&fbclid=IwZXh0bgNhZW0BMABhZGlkAasyrkHfSORzcnRjBmFwcF9pZAwzNTA2ODU1MzE3MjgAAR6w9Sx0-bMwBEpdX8Z-OIL0ovx83aKjTJirawWtW-0Oe6dqggPtNhvprxJvVw_aem_2zvLmq2_aDq5Y7Jw3z0zkw&utm_medium=paid&utm_id=120245538772870644&utm_content=120245538772890644&utm_term=120245538772880644" "Mozilla/5.0 (Linux; Android 10; MAR-LX1A Build/HUAWEIMAR-L01A; wv) AppleWebKit/537.36 (KHTML, like Gecko) Version/4.0 Chrome/149.0.7827.83 Mobile Safari/537.36 [FB_IAB/FB4A;FBAV/564.0.0.48.74;IABMV/1;]"
89.115.164.1 - - [06/Jun/2026:03:07:14 +0200] "GET /wp-content/uploads/2021/06/NP001-nesperas-uai-368x368.jpg HTTP/1.1" 200 25561 "https://www.baudefruta.pt/?utm_source=meta&utm_campaign=reg24&fbclid=IwZXh0bgNhZW0BMABhZGlkAasyrkHfSORzcnRjBmFwcF9pZAwzNTA2ODU1MzE3MjgAAR6w9Sx0-bMwBEpdX8Z-OIL0ovx83aKjTJirawWtW-0Oe6dqggPtNhvprxJvVw_aem_2zvLmq2_aDq5Y7Jw3z0zkw&utm_medium=paid&utm_id=120245538772870644&utm_content=120245538772890644&utm_term=120245538772880644" "Mozilla/5.0 (Linux; Android 10; MAR-LX1A Build/HUAWEIMAR-L01A; wv) AppleWebKit/537.36 (KHTML, like Gecko) Version/4.0 Chrome/149.0.7827.83 Mobile Safari/537.36 [FB_IAB/FB4A;FBAV/564.0.0.48.74;IABMV/1;]"
89.115.164.1 - - [06/Jun/2026:03:07:14 +0200] "GET /wp-content/uploads/2023/12/BauFruta_narizvermelho_home.png HTTP/1.1" 200 15004 "https://www.baudefruta.pt/?utm_source=meta&utm_campaign=reg24&fbclid=IwZXh0bgNhZW0BMABhZGlkAasyrkHfSORzcnRjBmFwcF9pZAwzNTA2ODU1MzE3MjgAAR6w9Sx0-bMwBEpdX8Z-OIL0ovx83aKjTJirawWtW-0Oe6dqggPtNhvprxJvVw_aem_2zvLmq2_aDq5Y7Jw3z0zkw&utm_medium=paid&utm_id=120245538772870644&utm_content=120245538772890644&utm_term=120245538772880644" "Mozilla/5.0 (Linux; Android 10; MAR-LX1A Build/HUAWEIMAR-L01A; wv) AppleWebKit/537.36 (KHTML, like Gecko) Version/4.0 Chrome/149.0.7827.83 Mobile Safari/537.36 [FB_IAB/FB4A;FBAV/564.0.0.48.74;IABMV/1;]"
89.115.164.1 - - [06/Jun/2026:03:07:14 +0200] "GET /wp-content/uploads/2023/11/BauFruta_refood_logorefood.jpg HTTP/1.1" 200 11650 "https://www.baudefruta.pt/?utm_source=meta&utm_campaign=reg24&fbclid=IwZXh0bgNhZW0BMABhZGlkAasyrkHfSORzcnRjBmFwcF9pZAwzNTA2ODU1MzE3MjgAAR6w9Sx0-bMwBEpdX8Z-OIL0ovx83aKjTJirawWtW-0Oe6dqggPtNhvprxJvVw_aem_2zvLmq2_aDq5Y7Jw3z0zkw&utm_medium=paid&utm_id=120245538772870644&utm_content=120245538772890644&utm_term=120245538772880644" "Mozilla/5.0 (Linux; Android 10; MAR-LX1A Build/HUAWEIMAR-L01A; wv) AppleWebKit/537.36 (KHTML, like Gecko) Version/4.0 Chrome/149.0.7827.83 Mobile Safari/537.36 [FB_IAB/FB4A;FBAV/564.0.0.48.74;IABMV/1;]"
89.115.164.1 - - [06/Jun/2026:03:07:14 +0200] "GET /wp-content/uploads/2021/05/bau_home_pontos-2.png HTTP/1.1" 200 13642 "https://www.baudefruta.pt/?utm_source=meta&utm_campaign=reg24&fbclid=IwZXh0bgNhZW0BMABhZGlkAasyrkHfSORzcnRjBmFwcF9pZAwzNTA2ODU1MzE3MjgAAR6w9Sx0-bMwBEpdX8Z-OIL0ovx83aKjTJirawWtW-0Oe6dqggPtNhvprxJvVw_aem_2zvLmq2_aDq5Y7Jw3z0zkw&utm_medium=paid&utm_id=120245538772870644&utm_content=120245538772890644&utm_term=120245538772880644" "Mozilla/5.0 (Linux; Android 10; MAR-LX1A Build/HUAWEIMAR-L01A; wv) AppleWebKit/537.36 (KHTML, like Gecko) Version/4.0 Chrome/149.0.7827.83 Mobile Safari/537.36 [FB_IAB/FB4A;FBAV/564.0.0.48.74;IABMV/1;]"
89.115.164.1 - - [06/Jun/2026:03:07:14 +0200] "GET /wp-content/uploads/2021/07/bau_mb_mbway.svg HTTP/1.1" 200 5318 "https://www.baudefruta.pt/?utm_source=meta&utm_campaign=reg24&fbclid=IwZXh0bgNhZW0BMABhZGlkAasyrkHfSORzcnRjBmFwcF9pZAwzNTA2ODU1MzE3MjgAAR6w9Sx0-bMwBEpdX8Z-OIL0ovx83aKjTJirawWtW-0Oe6dqggPtNhvprxJvVw_aem_2zvLmq2_aDq5Y7Jw3z0zkw&utm_medium=paid&utm_id=120245538772870644&utm_content=120245538772890644&utm_term=120245538772880644" "Mozilla/5.0 (Linux; Android 10; MAR-LX1A Build/HUAWEIMAR-L01A; wv) AppleWebKit/537.36 (KHTML, like Gecko) Version/4.0 Chrome/149.0.7827.83 Mobile Safari/537.36 [FB_IAB/FB4A;FBAV/564.0.0.48.74;IABMV/1;]"
89.115.164.1 - - [06/Jun/2026:03:07:14 +0200] "GET /wp-content/uploads/2021/05/bau_livroreclamacoes.svg HTTP/1.1" 200 2886 "https://www.baudefruta.pt/?utm_source=meta&utm_campaign=reg24&fbclid=IwZXh0bgNhZW0BMABhZGlkAasyrkHfSORzcnRjBmFwcF9pZAwzNTA2ODU1MzE3MjgAAR6w9Sx0-bMwBEpdX8Z-OIL0ovx83aKjTJirawWtW-0Oe6dqggPtNhvprxJvVw_aem_2zvLmq2_aDq5Y7Jw3z0zkw&utm_medium=paid&utm_id=120245538772870644&utm_content=120245538772890644&utm_term=120245538772880644" "Mozilla/5.0 (Linux; Android 10; MAR-LX1A Build/HUAWEIMAR-L01A; wv) AppleWebKit/537.36 (KHTML, like Gecko) Version/4.0 Chrome/149.0.7827.83 Mobile Safari/537.36 [FB_IAB/FB4A;FBAV/564.0.0.48.74;IABMV/1;]"
89.115.164.1 - - [06/Jun/2026:03:07:14 +0200] "GET /wp-content/uploads/2021/07/bau_fundo_grunge-2.png HTTP/1.1" 200 69186 "https://www.baudefruta.pt/?utm_source=meta&utm_campaign=reg24&fbclid=IwZXh0bgNhZW0BMABhZGlkAasyrkHfSORzcnRjBmFwcF9pZAwzNTA2ODU1MzE3MjgAAR6w9Sx0-bMwBEpdX8Z-OIL0ovx83aKjTJirawWtW-0Oe6dqggPtNhvprxJvVw_aem_2zvLmq2_aDq5Y7Jw3z0zkw&utm_medium=paid&utm_id=120245538772870644&utm_content=120245538772890644&utm_term=120245538772880644" "Mozilla/5.0 (Linux; Android 10; MAR-LX1A Build/HUAWEIMAR-L01A; wv) AppleWebKit/537.36 (KHTML, like Gecko) Version/4.0 Chrome/149.0.7827.83 Mobile Safari/537.36 [FB_IAB/FB4A;FBAV/564.0.0.48.74;IABMV/1;]"
89.115.164.1 - - [06/Jun/2026:03:07:15 +0200] "GET /wp-content/uploads/2021/05/bau_fundo_grunge-1.png HTTP/1.1" 200 108052 "https://www.baudefruta.pt/?utm_source=meta&utm_campaign=reg24&fbclid=IwZXh0bgNhZW0BMABhZGlkAasyrkHfSORzcnRjBmFwcF9pZAwzNTA2ODU1MzE3MjgAAR6w9Sx0-bMwBEpdX8Z-OIL0ovx83aKjTJirawWtW-0Oe6dqggPtNhvprxJvVw_aem_2zvLmq2_aDq5Y7Jw3z0zkw&utm_medium=paid&utm_id=120245538772870644&utm_content=120245538772890644&utm_term=120245538772880644" "Mozilla/5.0 (Linux; Android 10; MAR-LX1A Build/HUAWEIMAR-L01A; wv) AppleWebKit/537.36 (KHTML, like Gecko) Version/4.0 Chrome/149.0.7827.83 Mobile Safari/537.36 [FB_IAB/FB4A;FBAV/564.0.0.48.74;IABMV/1;]"
89.115.164.1 - - [06/Jun/2026:03:07:15 +0200] "GET /wp-content/uploads/2021/05/bau_footer-top.png HTTP/1.1" 200 14692 "https://www.baudefruta.pt/?utm_source=meta&utm_campaign=reg24&fbclid=IwZXh0bgNhZW0BMABhZGlkAasyrkHfSORzcnRjBmFwcF9pZAwzNTA2ODU1MzE3MjgAAR6w9Sx0-bMwBEpdX8Z-OIL0ovx83aKjTJirawWtW-0Oe6dqggPtNhvprxJvVw_aem_2zvLmq2_aDq5Y7Jw3z0zkw&utm_medium=paid&utm_id=120245538772870644&utm_content=120245538772890644&utm_term=120245538772880644" "Mozilla/5.0 (Linux; Android 10; MAR-LX1A Build/HUAWEIMAR-L01A; wv) AppleWebKit/537.36 (KHTML, like Gecko) Version/4.0 Chrome/149.0.7827.83 Mobile Safari/537.36 [FB_IAB/FB4A;FBAV/564.0.0.48.74;IABMV/1;]"
216.73.217.23 - - [06/Jun/2026:03:07:15 +0200] "GET /loja/page/11/?add-to-cart=345&doing_wp_cron=1780259424.5276329517364501953125&orderby=menu_order HTTP/1.1" 200 63171 "-" "Mozilla/5.0 AppleWebKit/537.36 (KHTML, like Gecko; compatible; ClaudeBot/1.0; +claudebot@anthropic.com)"
89.115.164.1 - - [06/Jun/2026:03:07:18 +0200] "GET /wp-content/uploads/2021/07/cropped-BauDeFruta_Logo-192x192.png HTTP/1.1" 200 9364 "https://www.baudefruta.pt/?utm_source=meta&utm_campaign=reg24&fbclid=IwZXh0bgNhZW0BMABhZGlkAasyrkHfSORzcnRjBmFwcF9pZAwzNTA2ODU1MzE3MjgAAR6w9Sx0-bMwBEpdX8Z-OIL0ovx83aKjTJirawWtW-0Oe6dqggPtNhvprxJvVw_aem_2zvLmq2_aDq5Y7Jw3z0zkw&utm_medium=paid&utm_id=120245538772870644&utm_content=120245538772890644&utm_term=120245538772880644" "Mozilla/5.0 (Linux; Android 10; MAR-LX1A Build/HUAWEIMAR-L01A; wv) AppleWebKit/537.36 (KHTML, like Gecko) Version/4.0 Chrome/149.0.7827.83 Mobile Safari/537.36 [FB_IAB/FB4A;FBAV/564.0.0.48.74;IABMV/1;]"
89.115.164.1 - - [06/Jun/2026:03:07:18 +0200] "GET /wp-content/uploads/2021/07/cropped-BauDeFruta_Logo-32x32.png HTTP/1.1" 200 750 "https://www.baudefruta.pt/?utm_source=meta&utm_campaign=reg24&fbclid=IwZXh0bgNhZW0BMABhZGlkAasyrkHfSORzcnRjBmFwcF9pZAwzNTA2ODU1MzE3MjgAAR6w9Sx0-bMwBEpdX8Z-OIL0ovx83aKjTJirawWtW-0Oe6dqggPtNhvprxJvVw_aem_2zvLmq2_aDq5Y7Jw3z0zkw&utm_medium=paid&utm_id=120245538772870644&utm_content=120245538772890644&utm_term=120245538772880644" "Mozilla/5.0 (Linux; Android 10; MAR-LX1A Build/HUAWEIMAR-L01A; wv) AppleWebKit/537.36 (KHTML, like Gecko) Version/4.0 Chrome/149.0.7827.83 Mobile Safari/537.36 [FB_IAB/FB4A;FBAV/564.0.0.48.74;IABMV/1;]"
216.73.217.23 - - [06/Jun/2026:03:07:18 +0200] "GET /loja/page/3/?add-to-cart=504&doing_wp_cron=1780388658.8284630775451660156250&orderby=popularity HTTP/1.1" 200 63934 "-" "Mozilla/5.0 AppleWebKit/537.36 (KHTML, like Gecko; compatible; ClaudeBot/1.0; +claudebot@anthropic.com)"
216.73.217.23 - - [06/Jun/2026:03:07:21 +0200] "GET /categoria-produto/mercearia/?add-to-cart=1993&doing_wp_cron=1780390100.9062159061431884765625&orderby=popularity HTTP/1.1" 200 64165 "-" "Mozilla/5.0 AppleWebKit/537.36 (KHTML, like Gecko; compatible; ClaudeBot/1.0; +claudebot@anthropic.com)"
216.73.217.23 - - [06/Jun/2026:03:07:24 +0200] "GET /loja/page/3/?add-to-cart=793&doing_wp_cron=1780338056.7367100715637207031250&orderby=price HTTP/1.1" 200 64323 "-" "Mozilla/5.0 AppleWebKit/537.36 (KHTML, like Gecko; compatible; ClaudeBot/1.0; +claudebot@anthropic.com)"
216.73.217.23 - - [06/Jun/2026:03:07:27 +0200] "GET /categoria-produto/mercearia/?add-to-cart=2013&doing_wp_cron=1780304997.4714779853820800781250&orderby=date HTTP/1.1" 200 64105 "-" "Mozilla/5.0 AppleWebKit/537.36 (KHTML, like Gecko; compatible; ClaudeBot/1.0; +claudebot@anthropic.com)"
216.73.217.23 - - [06/Jun/2026:03:07:30 +0200] "GET /loja/?add-to-cart=4233&doing_wp_cron=1780326118.2281150817871093750000&orderby=date HTTP/1.1" 200 64560 "-" "Mozilla/5.0 AppleWebKit/537.36 (KHTML, like Gecko; compatible; ClaudeBot/1.0; +claudebot@anthropic.com)"
216.73.217.23 - - [06/Jun/2026:03:07:34 +0200] "GET /loja/page/2/?add-to-cart=763&doing_wp_cron=1711616234.3928558826446533203125&orderby=menu_order HTTP/1.1" 200 61262 "-" "Mozilla/5.0 AppleWebKit/537.36 (KHTML, like Gecko; compatible; ClaudeBot/1.0; +claudebot@anthropic.com)"
216.73.217.23 - - [06/Jun/2026:03:07:37 +0200] "GET /loja/page/10/?add-to-cart=641&doing_wp_cron=1699032554.2910571098327636718750&orderby=menu_order HTTP/1.1" 200 61583 "-" "Mozilla/5.0 AppleWebKit/537.36 (KHTML, like Gecko; compatible; ClaudeBot/1.0; +claudebot@anthropic.com)"
216.73.217.23 - - [06/Jun/2026:03:07:40 +0200] "GET /loja/page/3/?add-to-cart=559&doing_wp_cron=1701153572.9826118946075439453125&orderby=menu_order HTTP/1.1" 200 61295 "-" "Mozilla/5.0 AppleWebKit/537.36 (KHTML, like Gecko; compatible; ClaudeBot/1.0; +claudebot@anthropic.com)"
52.167.144.150 - - [06/Jun/2026:03:07:43 +0200] "GET /p=4760278&doing_wp_cron=1779487519.4972250461578369140625 HTTP/1.1" 302 102 "-" "Mozilla/5.0 AppleWebKit/537.36 (KHTML, like Gecko; compatible; bingbot/2.0; +http://www.bing.com/bingbot.htm) Chrome/116.0.1938.76 Safari/537.36"
216.73.217.23 - - [06/Jun/2026:03:07:43 +0200] "GET /loja/page/6/?add-to-cart=761&doing_wp_cron=1758569056.8537590503692626953125&orderby=date HTTP/1.1" 200 61637 "-" "Mozilla/5.0 AppleWebKit/537.36 (KHTML, like Gecko; compatible; ClaudeBot/1.0; +claudebot@anthropic.com)"
216.73.217.23 - - [06/Jun/2026:03:07:46 +0200] "GET /loja/page/2/?add-to-cart=3501&doing_wp_cron=1711616234.3928558826446533203125&orderby=menu_order HTTP/1.1" 200 62131 "-" "Mozilla/5.0 AppleWebKit/537.36 (KHTML, like Gecko; compatible; ClaudeBot/1.0; +claudebot@anthropic.com)"
216.73.217.23 - - [06/Jun/2026:03:07:49 +0200] "GET /loja/page/8/?add-to-cart=478&doing_wp_cron=1749500398.4001810550689697265625&orderby=menu_order HTTP/1.1" 200 62235 "-" "Mozilla/5.0 AppleWebKit/537.36 (KHTML, like Gecko; compatible; ClaudeBot/1.0; +claudebot@anthropic.com)"
216.73.217.23 - - [06/Jun/2026:03:07:52 +0200] "GET /categoria-produto/mercearia/page/2/?add-to-cart=1996&doing_wp_cron=1774280542.3447179794311523437500 HTTP/1.1" 200 62433 "-" "Mozilla/5.0 AppleWebKit/537.36 (KHTML, like Gecko; compatible; ClaudeBot/1.0; +claudebot@anthropic.com)"
52.167.144.150 - - [06/Jun/2026:03:07:53 +0200] "GET /p=4760278&doing_wp_cron=1780708063.2445750236511230468750 HTTP/1.1" 404 42696 "-" "Mozilla/5.0 AppleWebKit/537.36 (KHTML, like Gecko; compatible; bingbot/2.0; +http://www.bing.com/bingbot.htm) Chrome/116.0.1938.76 Safari/537.36"
216.73.217.23 - - [06/Jun/2026:03:07:55 +0200] "GET /loja/page/7/?add-to-cart=653&doing_wp_cron=1758569056.8537590503692626953125&orderby=date HTTP/1.1" 200 62697 "-" "Mozilla/5.0 AppleWebKit/537.36 (KHTML, like Gecko; compatible; ClaudeBot/1.0; +claudebot@anthropic.com)"
216.73.217.23 - - [06/Jun/2026:03:07:59 +0200] "GET /loja/page/6/?add-to-cart=427&doing_wp_cron=1759043873.1749200820922851562500&orderby=price HTTP/1.1" 200 61499 "-" "Mozilla/5.0 AppleWebKit/537.36 (KHTML, like Gecko; compatible; ClaudeBot/1.0; +claudebot@anthropic.com)"
216.73.217.23 - - [06/Jun/2026:03:08:01 +0200] "GET /loja/page/6/?add-to-cart=891&doing_wp_cron=1759043873.1749200820922851562500&orderby=price HTTP/1.1" 200 61697 "-" "Mozilla/5.0 AppleWebKit/537.36 (KHTML, like Gecko; compatible; ClaudeBot/1.0; +claudebot@anthropic.com)"
216.73.217.23 - - [06/Jun/2026:03:08:04 +0200] "GET /loja/page/6/?add-to-cart=645&doing_wp_cron=1699032554.2910571098327636718750&orderby=date HTTP/1.1" 200 61573 "-" "Mozilla/5.0 AppleWebKit/537.36 (KHTML, like Gecko; compatible; ClaudeBot/1.0; +claudebot@anthropic.com)"
216.73.217.23 - - [06/Jun/2026:03:08:07 +0200] "GET /loja/page/5/?add-to-cart=4226&doing_wp_cron=1759043873.1749200820922851562500&orderby=price HTTP/1.1" 200 62199 "-" "Mozilla/5.0 AppleWebKit/537.36 (KHTML, like Gecko; compatible; ClaudeBot/1.0; +claudebot@anthropic.com)"
216.73.217.23 - - [06/Jun/2026:03:08:10 +0200] "GET /loja/page/3/?add-to-cart=1989&doing_wp_cron=1699032554.2910571098327636718750&orderby=date HTTP/1.1" 200 62028 "-" "Mozilla/5.0 AppleWebKit/537.36 (KHTML, like Gecko; compatible; ClaudeBot/1.0; +claudebot@anthropic.com)"
216.73.217.23 - - [06/Jun/2026:03:08:13 +0200] "GET /loja/page/3/?add-to-cart=1934&doing_wp_cron=1699032554.2910571098327636718750&orderby=date HTTP/1.1" 200 62234 "-" "Mozilla/5.0 AppleWebKit/537.36 (KHTML, like Gecko; compatible; ClaudeBot/1.0; +claudebot@anthropic.com)"
216.73.217.23 - - [06/Jun/2026:03:08:16 +0200] "GET /loja/page/5/?add-to-cart=3517&doing_wp_cron=1759043873.1749200820922851562500&orderby=price HTTP/1.1" 200 62793 "-" "Mozilla/5.0 AppleWebKit/537.36 (KHTML, like Gecko; compatible; ClaudeBot/1.0; +claudebot@anthropic.com)"
216.73.217.23 - - [06/Jun/2026:03:08:19 +0200] "GET /loja/page/6/?add-to-cart=2045&doing_wp_cron=1759043873.1749200820922851562500&orderby=price HTTP/1.1" 200 62933 "-" "Mozilla/5.0 AppleWebKit/537.36 (KHTML, like Gecko; compatible; ClaudeBot/1.0; +claudebot@anthropic.com)"
216.73.217.23 - - [06/Jun/2026:03:08:22 +0200] "GET /loja/page/5/?add-to-cart=784&doing_wp_cron=1759043873.1749200820922851562500&orderby=price HTTP/1.1" 200 63234 "-" "Mozilla/5.0 AppleWebKit/537.36 (KHTML, like Gecko; compatible; ClaudeBot/1.0; +claudebot@anthropic.com)"
89.115.164.1 - - [06/Jun/2026:03:08:24 +0200] "POST /wp-json/pum/v1/analytics/ HTTP/1.1" 204 0 "https://www.baudefruta.pt/?utm_source=meta&utm_campaign=reg24&fbclid=IwZXh0bgNhZW0BMABhZGlkAasyrkHfSORzcnRjBmFwcF9pZAwzNTA2ODU1MzE3MjgAAR6w9Sx0-bMwBEpdX8Z-OIL0ovx83aKjTJirawWtW-0Oe6dqggPtNhvprxJvVw_aem_2zvLmq2_aDq5Y7Jw3z0zkw&utm_medium=paid&utm_id=120245538772870644&utm_content=120245538772890644&utm_term=120245538772880644" "Mozilla/5.0 (Linux; Android 10; MAR-LX1A Build/HUAWEIMAR-L01A; wv) AppleWebKit/537.36 (KHTML, like Gecko) Version/4.0 Chrome/149.0.7827.83 Mobile Safari/537.36 [FB_IAB/FB4A;FBAV/564.0.0.48.74;IABMV/1;]"
216.73.217.23 - - [06/Jun/2026:03:08:26 +0200] "GET /loja/page/3/?add-to-cart=1560&doing_wp_cron=1703787820.8273739814758300781250&orderby=menu_order HTTP/1.1" 200 64639 "-" "Mozilla/5.0 AppleWebKit/537.36 (KHTML, like Gecko; compatible; ClaudeBot/1.0; +claudebot@anthropic.com)"
216.73.217.23 - - [06/Jun/2026:03:08:29 +0200] "GET /loja/page/3/?add-to-cart=4235&doing_wp_cron=1703787820.8273739814758300781250&orderby=menu_order HTTP/1.1" 200 64829 "-" "Mozilla/5.0 AppleWebKit/537.36 (KHTML, like Gecko; compatible; ClaudeBot/1.0; +claudebot@anthropic.com)"
114.119.135.57 - - [06/Jun/2026:03:08:29 +0200] "GET /loja/page/7/?orderby=date&doing_wp_cron=1680891906.9555819034576416015625 HTTP/1.1" 200 60402 "https://www.baudefruta.pt/loja/page/7/?orderby=popularity&doing_wp_cron=1680891906.9555819034576416015625" "Mozilla/5.0 (Linux; Android 7.0;) AppleWebKit/537.36 (HTML, like Gecko) Mobile Safari/537.36 (compatible; PetalBot;+https://webmaster.petalsearch.com/site/petalbot)"
216.73.217.23 - - [06/Jun/2026:03:08:31 +0200] "GET /loja/page/6/?add-to-cart=745&doing_wp_cron=1758569056.8537590503692626953125&orderby=date HTTP/1.1" 200 65278 "-" "Mozilla/5.0 AppleWebKit/537.36 (KHTML, like Gecko; compatible; ClaudeBot/1.0; +claudebot@anthropic.com)"
216.73.217.23 - - [06/Jun/2026:03:08:34 +0200] "GET /loja/page/5/?add-to-cart=649&doing_wp_cron=1759043873.1749200820922851562500&orderby=price HTTP/1.1" 200 65850 "-" "Mozilla/5.0 AppleWebKit/537.36 (KHTML, like Gecko; compatible; ClaudeBot/1.0; +claudebot@anthropic.com)"
216.73.217.23 - - [06/Jun/2026:03:08:37 +0200] "GET /loja/page/5/?add-to-cart=685&doing_wp_cron=1759043873.1749200820922851562500&orderby=price HTTP/1.1" 200 66029 "-" "Mozilla/5.0 AppleWebKit/537.36 (KHTML, like Gecko; compatible; ClaudeBot/1.0; +claudebot@anthropic.com)"
130.51.22.156 - - [06/Jun/2026:03:08:40 +0200] "GET /2021/05/11/ola-mundo/ HTTP/1.1" 200 1136959 "-" "Mozilla/5.0 (X11; Linux i686; rv:114.0) Gecko/20100101 Firefox/114.0"
216.73.217.23 - - [06/Jun/2026:03:08:41 +0200] "GET /loja/page/3/?add-to-cart=561&doing_wp_cron=1703787820.8273739814758300781250&orderby=menu_order HTTP/1.1" 200 65668 "-" "Mozilla/5.0 AppleWebKit/537.36 (KHTML, like Gecko; compatible; ClaudeBot/1.0; +claudebot@anthropic.com)"
178.16.52.137 - - [06/Jun/2026:03:08:41 +0200] "POST /wp-login.php?action=register HTTP/1.1" 403 146 "-" "-"
216.73.217.23 - - [06/Jun/2026:03:08:44 +0200] "GET /loja/?add-to-cart=597&doing_wp_cron=1759043873.1749200820922851562500&orderby=price-desc HTTP/1.1" 200 66514 "-" "Mozilla/5.0 AppleWebKit/537.36 (KHTML, like Gecko; compatible; ClaudeBot/1.0; +claudebot@anthropic.com)"
216.73.217.23 - - [06/Jun/2026:03:08:46 +0200] "GET /loja/page/5/?add-to-cart=670&doing_wp_cron=1759043873.1749200820922851562500&orderby=price HTTP/1.1" 200 66599 "-" "Mozilla/5.0 AppleWebKit/537.36 (KHTML, like Gecko; compatible; ClaudeBot/1.0; +claudebot@anthropic.com)"
52.167.144.25 - - [06/Jun/2026:03:08:50 +0200] "GET /categoria-produto/mercearia/cha/?doing_wp_cron=1768100249.7014079093933105468750 HTTP/1.1" 200 55982 "-" "Mozilla/5.0 AppleWebKit/537.36 (KHTML, like Gecko; compatible; bingbot/2.0; +http://www.bing.com/bingbot.htm) Chrome/116.0.1938.76 Safari/537.36"
216.73.217.23 - - [06/Jun/2026:03:08:51 +0200] "GET /loja/page/6/?add-to-cart=784&doing_wp_cron=1780498200.4151859283447265625000&orderby=menu_order HTTP/1.1" 200 60945 "-" "Mozilla/5.0 AppleWebKit/537.36 (KHTML, like Gecko; compatible; ClaudeBot/1.0; +claudebot@anthropic.com)"
178.16.52.137 - - [06/Jun/2026:03:08:54 +0200] "POST /wp-login.php?action=register HTTP/1.1" 403 146 "-" "-"
216.73.217.23 - - [06/Jun/2026:03:08:54 +0200] "GET /loja/?add-to-cart=541&doing_wp_cron=1780205258.9664719104766845703125&orderby=price HTTP/1.1" 200 61332 "-" "Mozilla/5.0 AppleWebKit/537.36 (KHTML, like Gecko; compatible; ClaudeBot/1.0; +claudebot@anthropic.com)"
52.167.144.237 - - [06/Jun/2026:03:08:56 +0200] "GET /loja/page/8/?doing_wp_cron=1694527489.6703550815582275390625&orderby=price-desc HTTP/1.1" 200 60669 "-" "Mozilla/5.0 AppleWebKit/537.36 (KHTML, like Gecko; compatible; bingbot/2.0; +http://www.bing.com/bingbot.htm) Chrome/116.0.1938.76 Safari/537.36"
216.73.217.23 - - [06/Jun/2026:03:08:57 +0200] "GET /loja/page/5/?add-to-cart=771&doing_wp_cron=1780410981.3310050964355468750000&orderby=date HTTP/1.1" 200 61647 "-" "Mozilla/5.0 AppleWebKit/537.36 (KHTML, like Gecko; compatible; ClaudeBot/1.0; +claudebot@anthropic.com)"
75.119.139.177 - - [06/Jun/2026:03:08:59 +0200] "GET /sitemap.xml HTTP/1.1" 302 11 "-" "WordPress/6.9.1; https://www.baudefruta.pt"
75.119.139.177 - - [06/Jun/2026:03:09:00 +0200] "GET /sitemap.xml?doing_wp_cron=1780708139.5892760753631591796875 HTTP/1.1" 404 53266 "-" "WordPress/6.9.1; https://www.baudefruta.pt"
216.73.217.23 - - [06/Jun/2026:03:09:00 +0200] "GET /loja/page/5/?add-to-cart=1132&doing_wp_cron=1780438640.8086369037628173828125&orderby=popularity HTTP/1.1" 200 62209 "-" "Mozilla/5.0 AppleWebKit/537.36 (KHTML, like Gecko; compatible; ClaudeBot/1.0; +claudebot@anthropic.com)"
52.167.144.237 - - [06/Jun/2026:03:09:01 +0200] "GET /loja/page/2/?doing_wp_cron=1767113868.7738280296325683593750&orderby=popularity HTTP/1.1" 200 60341 "-" "Mozilla/5.0 AppleWebKit/537.36 (KHTML, like Gecko; compatible; bingbot/2.0; +http://www.bing.com/bingbot.htm) Chrome/116.0.1938.76 Safari/537.36"
130.51.22.156 - - [06/Jun/2026:03:09:02 +0200] "POST /wp-comments-post.php HTTP/1.1" 302 5 "https://www.baudefruta.pt/2021/05/11/ola-mundo/" "Mozilla/5.0 (X11; Linux i686; rv:114.0) Gecko/20100101 Firefox/114.0"
216.73.217.23 - - [06/Jun/2026:03:09:04 +0200] "GET /loja/page/11/?add-to-cart=747&doing_wp_cron=1780298590.2811610698699951171875&orderby=date HTTP/1.1" 200 61067 "-" "Mozilla/5.0 AppleWebKit/537.36 (KHTML, like Gecko; compatible; ClaudeBot/1.0; +claudebot@anthropic.com)"
130.51.22.156 - - [06/Jun/2026:03:09:06 +0200] "GET /2021/05/11/ola-mundo/#comment-68811 HTTP/1.1" 302 11 "https://www.baudefruta.pt/wp-comments-post.php" "Mozilla/5.0 (X11; Linux i686; rv:114.0) Gecko/20100101 Firefox/114.0"
216.73.217.23 - - [06/Jun/2026:03:09:07 +0200] "GET /loja/page/3/?add-to-cart=1681&doing_wp_cron=1724760408.5467429161071777343750&orderby=menu_order HTTP/1.1" 200 61921 "-" "Mozilla/5.0 AppleWebKit/537.36 (KHTML, like Gecko; compatible; ClaudeBot/1.0; +claudebot@anthropic.com)"
52.167.144.25 - - [06/Jun/2026:03:09:07 +0200] "GET /produto/alperce-seco/?doing_wp_cron=1689240941.7340559959411621093750 HTTP/1.1" 200 57565 "-" "Mozilla/5.0 AppleWebKit/537.36 (KHTML, like Gecko; compatible; bingbot/2.0; +http://www.bing.com/bingbot.htm) Chrome/116.0.1938.76 Safari/537.36"
216.73.217.23 - - [06/Jun/2026:03:09:09 +0200] "GET /loja/page/5/?add-to-cart=608&doing_wp_cron=1780454157.5789349079132080078125&orderby=popularity HTTP/1.1" 200 62894 "-" "Mozilla/5.0 AppleWebKit/537.36 (KHTML, like Gecko; compatible; ClaudeBot/1.0; +claudebot@anthropic.com)"
52.167.144.150 - - [06/Jun/2026:03:09:11 +0200] "GET /page/21/?s&doing_wp_cron=1767986275.0086030960083007812500&orderby=date HTTP/1.1" 200 52061 "-" "Mozilla/5.0 AppleWebKit/537.36 (KHTML, like Gecko; compatible; bingbot/2.0; +http://www.bing.com/bingbot.htm) Chrome/116.0.1938.76 Safari/537.36"
216.73.217.23 - - [06/Jun/2026:03:09:12 +0200] "GET /loja/page/9/?add-to-cart=567&doing_wp_cron=1779095602.6344830989837646484375&orderby=date HTTP/1.1" 200 61964 "-" "Mozilla/5.0 AppleWebKit/537.36 (KHTML, like Gecko; compatible; ClaudeBot/1.0; +claudebot@anthropic.com)"
216.73.217.23 - - [06/Jun/2026:03:09:15 +0200] "GET /loja/page/9/?add-to-cart=411&doing_wp_cron=1780207778.1771409511566162109375&orderby=popularity HTTP/1.1" 200 63366 "-" "Mozilla/5.0 AppleWebKit/537.36 (KHTML, like Gecko; compatible; ClaudeBot/1.0; +claudebot@anthropic.com)"
216.73.217.23 - - [06/Jun/2026:03:09:18 +0200] "GET /loja/page/9/?add-to-cart=735&doing_wp_cron=1780455776.6261320114135742187500&orderby=popularity HTTP/1.1" 200 63565 "-" "Mozilla/5.0 AppleWebKit/537.36 (KHTML, like Gecko; compatible; ClaudeBot/1.0; +claudebot@anthropic.com)"
216.73.217.23 - - [06/Jun/2026:03:09:21 +0200] "GET /loja/page/11/?add-to-cart=447&doing_wp_cron=1780305920.7864100933074951171875&orderby=popularity HTTP/1.1" 200 63331 "-" "Mozilla/5.0 AppleWebKit/537.36 (KHTML, like Gecko; compatible; ClaudeBot/1.0; +claudebot@anthropic.com)"
216.73.217.23 - - [06/Jun/2026:03:09:24 +0200] "GET /loja/page/7/?add-to-cart=2014&doing_wp_cron=1780328969.7069408893585205078125&orderby=menu_order HTTP/1.1" 200 63558 "-" "Mozilla/5.0 AppleWebKit/537.36 (KHTML, like Gecko; compatible; ClaudeBot/1.0; +claudebot@anthropic.com)"
216.73.217.23 - - [06/Jun/2026:03:09:27 +0200] "GET /loja/page/7/?add-to-cart=4233&doing_wp_cron=1780259951.9076659679412841796875&orderby=popularity HTTP/1.1" 200 64151 "-" "Mozilla/5.0 AppleWebKit/537.36 (KHTML, like Gecko; compatible; ClaudeBot/1.0; +claudebot@anthropic.com)"
130.51.22.156 - - [06/Jun/2026:03:09:27 +0200] "GET /2021/05/11/ola-mundo/?doing_wp_cron=1780708146.8123269081115722656250 HTTP/1.1" 200 1161951 "https://www.baudefruta.pt/2021/05/11/ola-mundo/#comment-68811" "Mozilla/5.0 (X11; Linux i686; rv:114.0) Gecko/20100101 Firefox/114.0"
216.73.217.23 - - [06/Jun/2026:03:09:30 +0200] "GET /categoria-produto/mercearia/page/6/?doing_wp_cron=1780207838.1702120304107666015625&orderby=price-desc HTTP/1.1" 200 61082 "-" "Mozilla/5.0 AppleWebKit/537.36 (KHTML, like Gecko; compatible; ClaudeBot/1.0; +claudebot@anthropic.com)"
216.73.217.23 - - [06/Jun/2026:03:09:34 +0200] "GET /loja/page/7/?add-to-cart=1132&doing_wp_cron=1780205258.9664719104766845703125&orderby=date HTTP/1.1" 200 63684 "-" "Mozilla/5.0 AppleWebKit/537.36 (KHTML, like Gecko; compatible; ClaudeBot/1.0; +claudebot@anthropic.com)"
216.73.217.23 - - [06/Jun/2026:03:09:36 +0200] "GET /loja/page/2/?add-to-cart=587&doing_wp_cron=1780259951.9076659679412841796875&orderby=date HTTP/1.1" 200 63687 "-" "Mozilla/5.0 AppleWebKit/537.36 (KHTML, like Gecko; compatible; ClaudeBot/1.0; +claudebot@anthropic.com)"
130.51.22.156 - - [06/Jun/2026:03:09:37 +0200] "GET /2021/05/11/ola-mundo/ HTTP/1.1" 302 102 "-" "Mozilla/5.0 (X11; Linux i686; rv:114.0) Gecko/20100101 Firefox/114.0"
216.73.217.23 - - [06/Jun/2026:03:09:39 +0200] "GET /loja/page/2/?add-to-cart=3517&doing_wp_cron=1780470504.6510601043701171875000&orderby=date HTTP/1.1" 200 63889 "-" "Mozilla/5.0 AppleWebKit/537.36 (KHTML, like Gecko; compatible; ClaudeBot/1.0; +claudebot@anthropic.com)"
216.73.217.23 - - [06/Jun/2026:03:09:42 +0200] "GET /loja/page/2/?add-to-cart=767&doing_wp_cron=1780383836.4200708866119384765625&orderby=date HTTP/1.1" 200 64109 "-" "Mozilla/5.0 AppleWebKit/537.36 (KHTML, like Gecko; compatible; ClaudeBot/1.0; +claudebot@anthropic.com)"
216.73.217.23 - - [06/Jun/2026:03:09:45 +0200] "GET /categoria-produto/mercearia/?add-to-cart=3500&doing_wp_cron=1780324160.1801230907440185546875&orderby=menu_order HTTP/1.1" 200 64246 "-" "Mozilla/5.0 AppleWebKit/537.36 (KHTML, like Gecko; compatible; ClaudeBot/1.0; +claudebot@anthropic.com)"
216.73.217.23 - - [06/Jun/2026:03:09:48 +0200] "GET /categoria-produto/mercearia/?add-to-cart=615&doing_wp_cron=1780232945.0353910923004150390625&orderby=menu_order HTTP/1.1" 200 64448 "-" "Mozilla/5.0 AppleWebKit/537.36 (KHTML, like Gecko; compatible; ClaudeBot/1.0; +claudebot@anthropic.com)"
216.73.217.23 - - [06/Jun/2026:03:09:51 +0200] "GET /loja/page/2/?add-to-cart=552&doing_wp_cron=1780259951.9076659679412841796875&orderby=date HTTP/1.1" 200 64684 "-" "Mozilla/5.0 AppleWebKit/537.36 (KHTML, like Gecko; compatible; ClaudeBot/1.0; +claudebot@anthropic.com)"
114.119.132.173 - - [06/Jun/2026:03:09:52 +0200] "GET /loja/page/7/?orderby=date&doing_wp_cron=1680571761.8931789398193359375000 HTTP/1.1" 200 60401 "https://www.baudefruta.pt/loja/page/9?orderby=date&doing_wp_cron=1680571761.8931789398193359375000" "Mozilla/5.0 (Linux; Android 7.0;) AppleWebKit/537.36 (HTML, like Gecko) Mobile Safari/537.36 (compatible; PetalBot;+https://webmaster.petalsearch.com/site/petalbot)"
216.73.217.23 - - [06/Jun/2026:03:09:54 +0200] "GET /loja/page/2/?add-to-cart=3500&doing_wp_cron=1780384400.8176770210266113281250&orderby=popularity HTTP/1.1" 200 64854 "-" "Mozilla/5.0 AppleWebKit/537.36 (KHTML, like Gecko; compatible; ClaudeBot/1.0; +claudebot@anthropic.com)"
216.73.217.23 - - [06/Jun/2026:03:09:57 +0200] "GET /categoria-produto/mercearia/?add-to-cart=615&doing_wp_cron=1780284057.4707438945770263671875&orderby=popularity HTTP/1.1" 200 65050 "-" "Mozilla/5.0 AppleWebKit/537.36 (KHTML, like Gecko; compatible; ClaudeBot/1.0; +claudebot@anthropic.com)"
216.73.217.23 - - [06/Jun/2026:03:10:01 +0200] "GET /categoria-produto/mercearia/?add-to-cart=3501&doing_wp_cron=1780278549.9471869468688964843750&orderby=menu_order HTTP/1.1" 200 64786 "-" "Mozilla/5.0 AppleWebKit/537.36 (KHTML, like Gecko; compatible; ClaudeBot/1.0; +claudebot@anthropic.com)"
216.73.217.23 - - [06/Jun/2026:03:10:04 +0200] "GET /loja/page/4/?add-to-cart=427&doing_wp_cron=1780398980.3144240379333496093750&orderby=menu_order HTTP/1.1" 200 65481 "-" "Mozilla/5.0 AppleWebKit/537.36 (KHTML, like Gecko; compatible; ClaudeBot/1.0; +claudebot@anthropic.com)"
