66.249.79.136 - - [06/Jun/2026:02:37:59 +0200] "GET /wp-content/themes/baudefruta-un/style.css?ver=167157661 HTTP/1.1" 200 896 "https://www.baudefruta.pt/produto/cha-emagrecimento-20-saquetas/?doing_wp_cron=1776283514.0295519828796386718750" "Mozilla/5.0 (Linux; Android 6.0.1; Nexus 5X Build/MMB29P) AppleWebKit/537.36 (KHTML, like Gecko) Chrome/148.0.7778.96 Mobile Safari/537.36 (compatible; Googlebot/2.1; +http://www.google.com/bot.html)"
216.73.217.23 - - [06/Jun/2026:02:38:00 +0200] "GET /loja/page/7/?add-to-cart=492&doing_wp_cron=1780326079.0621399879455566406250&orderby=popularity HTTP/1.1" 200 68347 "-" "Mozilla/5.0 AppleWebKit/537.36 (KHTML, like Gecko; compatible; ClaudeBot/1.0; +claudebot@anthropic.com)"
66.249.79.137 - - [06/Jun/2026:02:38:00 +0200] "GET /wp-content/themes/uncode/library/js/init.js?ver=1284840764 HTTP/1.1" 200 38505 "https://www.baudefruta.pt/produto/cha-emagrecimento-20-saquetas/?doing_wp_cron=1776283514.0295519828796386718750" "Mozilla/5.0 (Linux; Android 6.0.1; Nexus 5X Build/MMB29P) AppleWebKit/537.36 (KHTML, like Gecko) Chrome/148.0.7778.96 Mobile Safari/537.36 (compatible; Googlebot/2.1; +http://www.google.com/bot.html)"
66.249.79.137 - - [06/Jun/2026:02:38:01 +0200] "GET /wp-content/themes/uncode/library/css/style.css?ver=1284840764 HTTP/1.1" 200 70140 "https://www.baudefruta.pt/produto/cha-emagrecimento-20-saquetas/?doing_wp_cron=1776283514.0295519828796386718750" "Mozilla/5.0 (Linux; Android 6.0.1; Nexus 5X Build/MMB29P) AppleWebKit/537.36 (KHTML, like Gecko) Chrome/148.0.7778.96 Mobile Safari/537.36 (compatible; Googlebot/2.1; +http://www.google.com/bot.html)"
66.249.79.136 - - [06/Jun/2026:02:38:02 +0200] "GET /wp-content/themes/uncode/library/js/app.js?ver=1284840764 HTTP/1.1" 200 41076 "https://www.baudefruta.pt/produto/cha-emagrecimento-20-saquetas/?doing_wp_cron=1776283514.0295519828796386718750" "Mozilla/5.0 (Linux; Android 6.0.1; Nexus 5X Build/MMB29P) AppleWebKit/537.36 (KHTML, like Gecko) Chrome/148.0.7778.96 Mobile Safari/537.36 (compatible; Googlebot/2.1; +http://www.google.com/bot.html)"
66.249.79.136 - - [06/Jun/2026:02:38:03 +0200] "GET /wp-content/themes/uncode/library/js/woocommerce-uncode.js?ver=1284840764 HTTP/1.1" 200 7190 "https://www.baudefruta.pt/produto/cha-emagrecimento-20-saquetas/?doing_wp_cron=1776283514.0295519828796386718750" "Mozilla/5.0 (Linux; Android 6.0.1; Nexus 5X Build/MMB29P) AppleWebKit/537.36 (KHTML, like Gecko) Chrome/148.0.7778.96 Mobile Safari/537.36 (compatible; Googlebot/2.1; +http://www.google.com/bot.html)"
114.119.150.140 - - [06/Jun/2026:02:38:04 +0200] "GET /produto/macarrao-grande-nacional-500g/?doing_wp_cron=1779833150.1249589920043945312500 HTTP/1.1" 200 57864 "https://www.baudefruta.pt/produto/macarrao-grande-nacional-500g/?doing_wp_cron=1739536803.0759720802307128906250" "Mozilla/5.0 (Linux; Android 7.0;) AppleWebKit/537.36 (HTML, like Gecko) Mobile Safari/537.36 (compatible; PetalBot;+https://webmaster.petalsearch.com/site/petalbot)"
216.73.217.23 - - [06/Jun/2026:02:38:04 +0200] "GET /categoria-produto/mercearia/?add-to-cart=2037&doing_wp_cron=1780360218.8901851177215576171875&orderby=popularity HTTP/1.1" 200 61207 "-" "Mozilla/5.0 AppleWebKit/537.36 (KHTML, like Gecko; compatible; ClaudeBot/1.0; +claudebot@anthropic.com)"
216.73.217.23 - - [06/Jun/2026:02:38:07 +0200] "GET /categoria-produto/mercearia/page/2/?doing_wp_cron=1780461546.6195700168609619140625&orderby=price-desc HTTP/1.1" 200 60960 "-" "Mozilla/5.0 AppleWebKit/537.36 (KHTML, like Gecko; compatible; ClaudeBot/1.0; +claudebot@anthropic.com)"
216.73.217.23 - - [06/Jun/2026:02:38:10 +0200] "GET /loja/page/9/?add-to-cart=535&doing_wp_cron=1780356259.9063909053802490234375&orderby=menu_order HTTP/1.1" 200 61362 "-" "Mozilla/5.0 AppleWebKit/537.36 (KHTML, like Gecko; compatible; ClaudeBot/1.0; +claudebot@anthropic.com)"
216.73.217.23 - - [06/Jun/2026:02:38:13 +0200] "GET /loja/page/2/?add-to-cart=2015&doing_wp_cron=1749500398.4001810550689697265625&orderby=popularity HTTP/1.1" 200 61493 "-" "Mozilla/5.0 AppleWebKit/537.36 (KHTML, like Gecko; compatible; ClaudeBot/1.0; +claudebot@anthropic.com)"
216.73.217.23 - - [06/Jun/2026:02:38:15 +0200] "GET /produto/mistura-tropical/?add-to-cart=1991&doing_wp_cron=1780273210.5604269504547119140625 HTTP/1.1" 200 59827 "-" "Mozilla/5.0 AppleWebKit/537.36 (KHTML, like Gecko; compatible; ClaudeBot/1.0; +claudebot@anthropic.com)"
216.73.217.23 - - [06/Jun/2026:02:38:19 +0200] "GET /categoria-produto/mercearia/?add-to-cart=788&doing_wp_cron=1780379705.5777630805969238281250&orderby=menu_order HTTP/1.1" 200 61688 "-" "Mozilla/5.0 AppleWebKit/537.36 (KHTML, like Gecko; compatible; ClaudeBot/1.0; +claudebot@anthropic.com)"
216.73.217.23 - - [06/Jun/2026:02:38:22 +0200] "GET /categoria-produto/mercearia/?add-to-cart=691&doing_wp_cron=1780235769.1686809062957763671875&orderby=menu_order HTTP/1.1" 200 61937 "-" "Mozilla/5.0 AppleWebKit/537.36 (KHTML, like Gecko; compatible; ClaudeBot/1.0; +claudebot@anthropic.com)"
216.73.217.23 - - [06/Jun/2026:02:38:25 +0200] "GET /loja/page/2/?add-to-cart=521&doing_wp_cron=1780501699.2038629055023193359375&orderby=popularity HTTP/1.1" 200 62410 "-" "Mozilla/5.0 AppleWebKit/537.36 (KHTML, like Gecko; compatible; ClaudeBot/1.0; +claudebot@anthropic.com)"
216.73.217.23 - - [06/Jun/2026:02:38:28 +0200] "GET /loja/page/11/?add-to-cart=749&doing_wp_cron=1780445092.3632619380950927734375&orderby=menu_order HTTP/1.1" 200 62106 "-" "Mozilla/5.0 AppleWebKit/537.36 (KHTML, like Gecko; compatible; ClaudeBot/1.0; +claudebot@anthropic.com)"
216.73.217.23 - - [06/Jun/2026:02:38:31 +0200] "GET /loja/page/11/?add-to-cart=447&doing_wp_cron=1780066683.4503800868988037109375&orderby=menu_order HTTP/1.1" 200 62312 "-" "Mozilla/5.0 AppleWebKit/537.36 (KHTML, like Gecko; compatible; ClaudeBot/1.0; +claudebot@anthropic.com)"
216.73.217.23 - - [06/Jun/2026:02:38:34 +0200] "GET /loja/page/11/?add-to-cart=409&doing_wp_cron=1780066683.4503800868988037109375&orderby=popularity HTTP/1.1" 200 63010 "-" "Mozilla/5.0 AppleWebKit/537.36 (KHTML, like Gecko; compatible; ClaudeBot/1.0; +claudebot@anthropic.com)"
216.73.217.23 - - [06/Jun/2026:02:38:37 +0200] "GET /loja/page/9/?add-to-cart=719&doing_wp_cron=1780388636.6831140518188476562500&orderby=menu_order HTTP/1.1" 200 63237 "-" "Mozilla/5.0 AppleWebKit/537.36 (KHTML, like Gecko; compatible; ClaudeBot/1.0; +claudebot@anthropic.com)"
216.73.217.23 - - [06/Jun/2026:02:38:40 +0200] "GET /categoria-produto/mercearia/?add-to-cart=691&doing_wp_cron=1780232829.3746149539947509765625&orderby=menu_order HTTP/1.1" 200 63001 "-" "Mozilla/5.0 AppleWebKit/537.36 (KHTML, like Gecko; compatible; ClaudeBot/1.0; +claudebot@anthropic.com)"
216.73.217.23 - - [06/Jun/2026:02:38:43 +0200] "GET /loja/page/3/?add-to-cart=1996&doing_wp_cron=1780462940.9905130863189697265625&orderby=date HTTP/1.1" 200 63382 "-" "Mozilla/5.0 AppleWebKit/537.36 (KHTML, like Gecko; compatible; ClaudeBot/1.0; +claudebot@anthropic.com)"
216.73.217.23 - - [06/Jun/2026:02:38:46 +0200] "GET /loja/page/2/?add-to-cart=615&doing_wp_cron=1780462762.0583889484405517578125&orderby=menu_order HTTP/1.1" 200 63773 "-" "Mozilla/5.0 AppleWebKit/537.36 (KHTML, like Gecko; compatible; ClaudeBot/1.0; +claudebot@anthropic.com)"
216.73.217.23 - - [06/Jun/2026:02:38:49 +0200] "GET /produto/alho-granulado-em-frasco/?add-to-cart=1983&doing_wp_cron=1780210637.8825500011444091796875 HTTP/1.1" 200 61859 "-" "Mozilla/5.0 AppleWebKit/537.36 (KHTML, like Gecko; compatible; ClaudeBot/1.0; +claudebot@anthropic.com)"
216.73.217.23 - - [06/Jun/2026:02:38:52 +0200] "GET /loja/page/4/?add-to-cart=4224&doing_wp_cron=1780205258.9664719104766845703125&orderby=popularity HTTP/1.1" 200 64147 "-" "Mozilla/5.0 AppleWebKit/537.36 (KHTML, like Gecko; compatible; ClaudeBot/1.0; +claudebot@anthropic.com)"
216.73.217.23 - - [06/Jun/2026:02:38:55 +0200] "GET /loja/page/8/?add-to-cart=1126&doing_wp_cron=1780205258.9664719104766845703125&orderby=popularity HTTP/1.1" 200 64713 "-" "Mozilla/5.0 AppleWebKit/537.36 (KHTML, like Gecko; compatible; ClaudeBot/1.0; +claudebot@anthropic.com)"
216.73.217.23 - - [06/Jun/2026:02:38:58 +0200] "GET /loja/page/3/?add-to-cart=591&doing_wp_cron=1780489939.7494440078735351562500&orderby=popularity HTTP/1.1" 200 64507 "-" "Mozilla/5.0 AppleWebKit/537.36 (KHTML, like Gecko; compatible; ClaudeBot/1.0; +claudebot@anthropic.com)"
216.73.217.23 - - [06/Jun/2026:02:39:01 +0200] "GET /loja/page/5/?add-to-cart=1134&doing_wp_cron=1780494314.2484500408172607421875&orderby=popularity HTTP/1.1" 200 65046 "-" "Mozilla/5.0 AppleWebKit/537.36 (KHTML, like Gecko; compatible; ClaudeBot/1.0; +claudebot@anthropic.com)"
216.73.217.23 - - [06/Jun/2026:02:39:04 +0200] "GET /loja/page/8/?add-to-cart=5345&doing_wp_cron=1780066683.4503800868988037109375&orderby=popularity HTTP/1.1" 200 65250 "-" "Mozilla/5.0 AppleWebKit/537.36 (KHTML, like Gecko; compatible; ClaudeBot/1.0; +claudebot@anthropic.com)"
216.73.217.23 - - [06/Jun/2026:02:39:07 +0200] "GET /produto/atum-selvagem-em-oleo-vegetal-ramirez/?add-to-cart=2008&doing_wp_cron=1780592576.4402899742126464843750 HTTP/1.1" 200 63416 "-" "Mozilla/5.0 AppleWebKit/537.36 (KHTML, like Gecko; compatible; ClaudeBot/1.0; +claudebot@anthropic.com)"
216.73.217.23 - - [06/Jun/2026:02:39:10 +0200] "GET /categoria-produto/mercearia/?add-to-cart=643&doing_wp_cron=1780264767.5983600616455078125000&orderby=menu_order HTTP/1.1" 200 64930 "-" "Mozilla/5.0 AppleWebKit/537.36 (KHTML, like Gecko; compatible; ClaudeBot/1.0; +claudebot@anthropic.com)"
216.73.217.23 - - [06/Jun/2026:02:39:13 +0200] "GET /loja/page/6/?add-to-cart=552&doing_wp_cron=1780454178.6453809738159179687500&orderby=menu_order HTTP/1.1" 200 65166 "-" "Mozilla/5.0 AppleWebKit/537.36 (KHTML, like Gecko; compatible; ClaudeBot/1.0; +claudebot@anthropic.com)"
114.119.141.203 - - [06/Jun/2026:02:39:13 +0200] "GET /produto/hortela/?doing_wp_cron=1774068380.5834710597991943359375 HTTP/1.1" 200 57128 "https://www.baudefruta.pt/produto/hortela/?doing_wp_cron=1774068380.5834710597991943359375" "Mozilla/5.0 (Linux; Android 7.0;) AppleWebKit/537.36 (HTML, like Gecko) Mobile Safari/537.36 (compatible; PetalBot;+https://webmaster.petalsearch.com/site/petalbot)"
216.73.217.23 - - [06/Jun/2026:02:39:16 +0200] "GET /categoria-produto/mercearia/page/5/?doing_wp_cron=1780227769.7231910228729248046875&orderby=price-desc HTTP/1.1" 200 64932 "-" "Mozilla/5.0 AppleWebKit/537.36 (KHTML, like Gecko; compatible; ClaudeBot/1.0; +claudebot@anthropic.com)"
216.73.217.23 - - [06/Jun/2026:02:39:19 +0200] "GET /loja/page/10/?add-to-cart=829&doing_wp_cron=1780066683.4503800868988037109375&orderby=popularity HTTP/1.1" 200 66147 "-" "Mozilla/5.0 AppleWebKit/537.36 (KHTML, like Gecko; compatible; ClaudeBot/1.0; +claudebot@anthropic.com)"
216.73.217.23 - - [06/Jun/2026:02:39:22 +0200] "GET /categoria-produto/mercearia/?add-to-cart=717&doing_wp_cron=1780210687.5356690883636474609375&orderby=date HTTP/1.1" 200 65362 "-" "Mozilla/5.0 AppleWebKit/537.36 (KHTML, like Gecko; compatible; ClaudeBot/1.0; +claudebot@anthropic.com)"
216.73.217.23 - - [06/Jun/2026:02:39:25 +0200] "GET /loja/page/4/?add-to-cart=239&doing_wp_cron=1779095602.6344830989837646484375&orderby=popularity HTTP/1.1" 200 67192 "-" "Mozilla/5.0 AppleWebKit/537.36 (KHTML, like Gecko; compatible; ClaudeBot/1.0; +claudebot@anthropic.com)"
216.73.217.23 - - [06/Jun/2026:02:39:28 +0200] "GET /loja/page/6/?add-to-cart=628&doing_wp_cron=1780431018.2992589473724365234375&orderby=menu_order HTTP/1.1" 200 67189 "-" "Mozilla/5.0 AppleWebKit/537.36 (KHTML, like Gecko; compatible; ClaudeBot/1.0; +claudebot@anthropic.com)"
216.73.217.23 - - [06/Jun/2026:02:39:31 +0200] "GET /loja/page/11/?add-to-cart=447&doing_wp_cron=1780338056.7367100715637207031250&orderby=popularity HTTP/1.1" 200 67298 "-" "Mozilla/5.0 AppleWebKit/537.36 (KHTML, like Gecko; compatible; ClaudeBot/1.0; +claudebot@anthropic.com)"
216.73.217.23 - - [06/Jun/2026:02:39:34 +0200] "GET /produto/azeitona-preta-oxidada/?add-to-cart=5345&doing_wp_cron=1780200007.4214611053466796875000 HTTP/1.1" 200 65543 "-" "Mozilla/5.0 AppleWebKit/537.36 (KHTML, like Gecko; compatible; ClaudeBot/1.0; +claudebot@anthropic.com)"
216.73.217.23 - - [06/Jun/2026:02:39:37 +0200] "GET /loja/page/2/?add-to-cart=444&doing_wp_cron=1780424125.1127629280090332031250&orderby=popularity HTTP/1.1" 200 67464 "-" "Mozilla/5.0 AppleWebKit/537.36 (KHTML, like Gecko; compatible; ClaudeBot/1.0; +claudebot@anthropic.com)"
216.73.217.23 - - [06/Jun/2026:02:39:40 +0200] "GET /loja/page/4/?add-to-cart=1126&doing_wp_cron=1779095602.6344830989837646484375&orderby=popularity HTTP/1.1" 200 67571 "-" "Mozilla/5.0 AppleWebKit/537.36 (KHTML, like Gecko; compatible; ClaudeBot/1.0; +claudebot@anthropic.com)"
216.73.217.23 - - [06/Jun/2026:02:39:43 +0200] "GET /produto/tamara-medjoul-large/?add-to-cart=698&doing_wp_cron=1780253217.2950110435485839843750 HTTP/1.1" 200 65856 "-" "Mozilla/5.0 AppleWebKit/537.36 (KHTML, like Gecko; compatible; ClaudeBot/1.0; +claudebot@anthropic.com)"
216.73.217.23 - - [06/Jun/2026:02:39:46 +0200] "GET /categoria-produto/mercearia/?add-to-cart=2014&doing_wp_cron=1780285689.4217660427093505859375&orderby=menu_order HTTP/1.1" 200 67613 "-" "Mozilla/5.0 AppleWebKit/537.36 (KHTML, like Gecko; compatible; ClaudeBot/1.0; +claudebot@anthropic.com)"
216.73.217.23 - - [06/Jun/2026:02:39:49 +0200] "GET /loja/page/3/?add-to-cart=4779&doing_wp_cron=1780470504.6510601043701171875000&orderby=popularity HTTP/1.1" 200 68120 "-" "Mozilla/5.0 AppleWebKit/537.36 (KHTML, like Gecko; compatible; ClaudeBot/1.0; +claudebot@anthropic.com)"
43.173.173.116 - - [06/Jun/2026:02:39:49 +0200] "GET /carrinho?_wpnonce=ece46dbbbd&remove_item=8c249675aea6c3cbd91661bbae767ff1 HTTP/1.1" 302 11 "-" "Mozilla/5.0 (Windows NT 10.0; Win64; x64) AppleWebKit/537.36 (KHTML, like Gecko) Chrome/104.0.5112.81 Safari/537.36"
43.173.181.7 - - [06/Jun/2026:02:39:51 +0200] "GET /carrinho?_wpnonce=ece46dbbbd&remove_item=8c249675aea6c3cbd91661bbae767ff1&doing_wp_cron=1780706389.9243559837341308593750 HTTP/1.1" 301 5 "-" "Mozilla/5.0 (Windows NT 10.0; Win64; x64) AppleWebKit/537.36 (KHTML, like Gecko) Chrome/104.0.5112.81 Safari/537.36"
216.73.217.23 - - [06/Jun/2026:02:39:52 +0200] "GET /loja/page/5/?add-to-cart=695&doing_wp_cron=1780496838.3491590023040771484375&orderby=menu_order HTTP/1.1" 200 68226 "-" "Mozilla/5.0 AppleWebKit/537.36 (KHTML, like Gecko; compatible; ClaudeBot/1.0; +claudebot@anthropic.com)"
43.172.197.89 - - [06/Jun/2026:02:39:53 +0200] "GET /carrinho/?_wpnonce=ece46dbbbd&remove_item=8c249675aea6c3cbd91661bbae767ff1&doing_wp_cron=1780706389.9243559837341308593750 HTTP/1.1" 200 55602 "-" "Mozilla/5.0 (Windows NT 10.0; Win64; x64) AppleWebKit/537.36 (KHTML, like Gecko) Chrome/104.0.5112.81 Safari/537.36"
216.73.217.23 - - [06/Jun/2026:02:39:55 +0200] "GET /loja/page/2/?add-to-cart=423&doing_wp_cron=1780259951.9076659679412841796875&orderby=menu_order HTTP/1.1" 200 68532 "-" "Mozilla/5.0 AppleWebKit/537.36 (KHTML, like Gecko; compatible; ClaudeBot/1.0; +claudebot@anthropic.com)"
43.173.173.10 - - [06/Jun/2026:02:39:55 +0200] "GET /wp-content/themes/uncode/library/css/uncode-icons.css?ver=1295865609 HTTP/1.1" 200 12098 "https://www.baudefruta.pt/carrinho/?_wpnonce=ece46dbbbd&remove_item=8c249675aea6c3cbd91661bbae767ff1&doing_wp_cron=1780706389.9243559837341308593750" "Mozilla/5.0 (Windows NT 10.0; Win64; x64) AppleWebKit/537.36 (KHTML, like Gecko) Chrome/104.0.5112.81 Safari/537.36"
43.173.173.249 - - [06/Jun/2026:02:39:56 +0200] "GET /wp-content/themes/uncode/library/css/style.css?ver=1295865609 HTTP/1.1" 200 70140 "https://www.baudefruta.pt/carrinho/?_wpnonce=ece46dbbbd&remove_item=8c249675aea6c3cbd91661bbae767ff1&doing_wp_cron=1780706389.9243559837341308593750" "Mozilla/5.0 (Windows NT 10.0; Win64; x64) AppleWebKit/537.36 (KHTML, like Gecko) Chrome/104.0.5112.81 Safari/537.36"
43.173.181.158 - - [06/Jun/2026:02:39:56 +0200] "GET /wp-content/themes/uncode/library/css/woocommerce.css?ver=1295865609 HTTP/1.1" 200 20067 "https://www.baudefruta.pt/carrinho/?_wpnonce=ece46dbbbd&remove_item=8c249675aea6c3cbd91661bbae767ff1&doing_wp_cron=1780706389.9243559837341308593750" "Mozilla/5.0 (Windows NT 10.0; Win64; x64) AppleWebKit/537.36 (KHTML, like Gecko) Chrome/104.0.5112.81 Safari/537.36"
43.172.196.5 - - [06/Jun/2026:02:39:56 +0200] "GET /wp-content/themes/uncode/library/js/init.js?ver=1295865609 HTTP/1.1" 200 38505 "https://www.baudefruta.pt/carrinho/?_wpnonce=ece46dbbbd&remove_item=8c249675aea6c3cbd91661bbae767ff1&doing_wp_cron=1780706389.9243559837341308593750" "Mozilla/5.0 (Windows NT 10.0; Win64; x64) AppleWebKit/537.36 (KHTML, like Gecko) Chrome/104.0.5112.81 Safari/537.36"
43.173.181.236 - - [06/Jun/2026:02:39:56 +0200] "GET /wp-content/themes/baudefruta-un/style.css?ver=1108501446 HTTP/1.1" 200 896 "https://www.baudefruta.pt/carrinho/?_wpnonce=ece46dbbbd&remove_item=8c249675aea6c3cbd91661bbae767ff1&doing_wp_cron=1780706389.9243559837341308593750" "Mozilla/5.0 (Windows NT 10.0; Win64; x64) AppleWebKit/537.36 (KHTML, like Gecko) Chrome/104.0.5112.81 Safari/537.36"
43.173.182.74 - - [06/Jun/2026:02:39:57 +0200] "GET /wp-content/themes/uncode/library/js/app.js?ver=1295865609 HTTP/1.1" 200 41076 "https://www.baudefruta.pt/carrinho/?_wpnonce=ece46dbbbd&remove_item=8c249675aea6c3cbd91661bbae767ff1&doing_wp_cron=1780706389.9243559837341308593750" "Mozilla/5.0 (Windows NT 10.0; Win64; x64) AppleWebKit/537.36 (KHTML, like Gecko) Chrome/104.0.5112.81 Safari/537.36"
43.173.182.122 - - [06/Jun/2026:02:39:57 +0200] "GET /wp-content/themes/uncode/library/js/plugins.js?ver=1295865609 HTTP/1.1" 200 192557 "https://www.baudefruta.pt/carrinho/?_wpnonce=ece46dbbbd&remove_item=8c249675aea6c3cbd91661bbae767ff1&doing_wp_cron=1780706389.9243559837341308593750" "Mozilla/5.0 (Windows NT 10.0; Win64; x64) AppleWebKit/537.36 (KHTML, like Gecko) Chrome/104.0.5112.81 Safari/537.36"
216.73.217.23 - - [06/Jun/2026:02:39:58 +0200] "GET /loja/page/4/?add-to-cart=706&doing_wp_cron=1780407018.5904660224914550781250&orderby=popularity HTTP/1.1" 200 68679 "-" "Mozilla/5.0 AppleWebKit/537.36 (KHTML, like Gecko; compatible; ClaudeBot/1.0; +claudebot@anthropic.com)"
43.172.196.243 - - [06/Jun/2026:02:39:58 +0200] "GET /wp-content/themes/uncode/library/js/woocommerce-uncode.js?ver=1295865609 HTTP/1.1" 200 7190 "https://www.baudefruta.pt/carrinho/?_wpnonce=ece46dbbbd&remove_item=8c249675aea6c3cbd91661bbae767ff1&doing_wp_cron=1780706389.9243559837341308593750" "Mozilla/5.0 (Windows NT 10.0; Win64; x64) AppleWebKit/537.36 (KHTML, like Gecko) Chrome/104.0.5112.81 Safari/537.36"
216.73.217.23 - - [06/Jun/2026:02:40:01 +0200] "GET /loja/page/5/?add-to-cart=827&doing_wp_cron=1780410981.3310050964355468750000&orderby=popularity HTTP/1.1" 200 69170 "-" "Mozilla/5.0 AppleWebKit/537.36 (KHTML, like Gecko; compatible; ClaudeBot/1.0; +claudebot@anthropic.com)"
216.73.217.23 - - [06/Jun/2026:02:40:04 +0200] "GET /loja/page/4/?add-to-cart=823&doing_wp_cron=1780345137.3122010231018066406250&orderby=popularity HTTP/1.1" 200 68993 "-" "Mozilla/5.0 AppleWebKit/537.36 (KHTML, like Gecko; compatible; ClaudeBot/1.0; +claudebot@anthropic.com)"
43.172.197.57 - - [06/Jun/2026:02:40:05 +0200] "GET /carrinho?_wpnonce=ece46dbbbd&remove_item=8c249675aea6c3cbd91661bbae767ff1 HTTP/1.1" 301 5 "-" "Mozilla/5.0 (Windows NT 10.0; Win64; x64) AppleWebKit/537.36 (KHTML, like Gecko) Chrome/112.0.0.0 Safari/537.36"
43.172.197.57 - - [06/Jun/2026:02:40:06 +0200] "GET /carrinho/?_wpnonce=ece46dbbbd&remove_item=8c249675aea6c3cbd91661bbae767ff1 HTTP/1.1" 200 55561 "https://www.baudefruta.pt/carrinho?_wpnonce=ece46dbbbd&remove_item=8c249675aea6c3cbd91661bbae767ff1" "Mozilla/5.0 (Windows NT 10.0; Win64; x64) AppleWebKit/537.36 (KHTML, like Gecko) Chrome/112.0.0.0 Safari/537.36"
216.73.217.23 - - [06/Jun/2026:02:40:08 +0200] "GET /loja/page/9/?add-to-cart=552&doing_wp_cron=1780415179.5259048938751220703125&orderby=date HTTP/1.1" 200 60409 "-" "Mozilla/5.0 AppleWebKit/537.36 (KHTML, like Gecko; compatible; ClaudeBot/1.0; +claudebot@anthropic.com)"
216.73.217.23 - - [06/Jun/2026:02:40:10 +0200] "GET /loja/page/4/?add-to-cart=687&doing_wp_cron=1780268890.7532269954681396484375&orderby=price HTTP/1.1" 200 61413 "-" "Mozilla/5.0 AppleWebKit/537.36 (KHTML, like Gecko; compatible; ClaudeBot/1.0; +claudebot@anthropic.com)"
216.73.217.23 - - [06/Jun/2026:02:40:13 +0200] "GET /loja/?add-to-cart=691&doing_wp_cron=1780393280.3025689125061035156250&orderby=price HTTP/1.1" 200 61563 "-" "Mozilla/5.0 AppleWebKit/537.36 (KHTML, like Gecko; compatible; ClaudeBot/1.0; +claudebot@anthropic.com)"
216.73.217.23 - - [06/Jun/2026:02:40:16 +0200] "GET /loja/page/7/?add-to-cart=645&doing_wp_cron=1780455680.5886950492858886718750&orderby=popularity HTTP/1.1" 200 62330 "-" "Mozilla/5.0 AppleWebKit/537.36 (KHTML, like Gecko; compatible; ClaudeBot/1.0; +claudebot@anthropic.com)"
216.73.217.23 - - [06/Jun/2026:02:40:19 +0200] "GET /categoria-produto/mercearia/?add-to-cart=691&doing_wp_cron=1780225149.9583170413970947265625&orderby=menu_order HTTP/1.1" 200 61575 "-" "Mozilla/5.0 AppleWebKit/537.36 (KHTML, like Gecko; compatible; ClaudeBot/1.0; +claudebot@anthropic.com)"
216.73.217.23 - - [06/Jun/2026:02:40:22 +0200] "GET /loja/page/10/?add-to-cart=3519&doing_wp_cron=1780561339.5231180191040039062500&orderby=popularity HTTP/1.1" 200 62534 "-" "Mozilla/5.0 AppleWebKit/537.36 (KHTML, like Gecko; compatible; ClaudeBot/1.0; +claudebot@anthropic.com)"
216.73.217.23 - - [06/Jun/2026:02:40:25 +0200] "GET /categoria-produto/mercearia/?add-to-cart=2038&doing_wp_cron=1780385456.1357109546661376953125&orderby=menu_order HTTP/1.1" 200 62006 "-" "Mozilla/5.0 AppleWebKit/537.36 (KHTML, like Gecko; compatible; ClaudeBot/1.0; +claudebot@anthropic.com)"
91.92.242.223 - - [06/Jun/2026:02:40:28 +0200] "POST /wp-login.php?action=register HTTP/1.1" 403 146 "-" "-"
216.73.217.23 - - [06/Jun/2026:02:40:29 +0200] "GET /loja/page/9/?add-to-cart=454&doing_wp_cron=1780207778.1771409511566162109375&orderby=menu_order HTTP/1.1" 200 61138 "-" "Mozilla/5.0 AppleWebKit/537.36 (KHTML, like Gecko; compatible; ClaudeBot/1.0; +claudebot@anthropic.com)"
216.73.217.23 - - [06/Jun/2026:02:40:32 +0200] "GET /loja/page/3/?add-to-cart=550&doing_wp_cron=1780383896.6204249858856201171875&orderby=popularity HTTP/1.1" 200 61391 "-" "Mozilla/5.0 AppleWebKit/537.36 (KHTML, like Gecko; compatible; ClaudeBot/1.0; +claudebot@anthropic.com)"
216.73.217.23 - - [06/Jun/2026:02:40:35 +0200] "GET /loja/page/8/?add-to-cart=610&doing_wp_cron=1780268890.7532269954681396484375&orderby=date HTTP/1.1" 200 61223 "-" "Mozilla/5.0 AppleWebKit/537.36 (KHTML, like Gecko; compatible; ClaudeBot/1.0; +claudebot@anthropic.com)"
216.73.217.23 - - [06/Jun/2026:02:40:39 +0200] "GET /loja/page/10/?add-to-cart=478&doing_wp_cron=1780534399.0477209091186523437500&orderby=date HTTP/1.1" 200 60589 "-" "Mozilla/5.0 AppleWebKit/537.36 (KHTML, like Gecko; compatible; ClaudeBot/1.0; +claudebot@anthropic.com)"
114.119.141.203 - - [06/Jun/2026:02:40:39 +0200] "GET /produto/grao-de-bico-cozido/?doing_wp_cron=1744700653.6311769485473632812500 HTTP/1.1" 200 57911 "https://www.baudefruta.pt/produto/grao-de-bico-cozido?doing_wp_cron=1744700653.6311769485473632812500" "Mozilla/5.0 (Linux; Android 7.0;) AppleWebKit/537.36 (HTML, like Gecko) Mobile Safari/537.36 (compatible; PetalBot;+https://webmaster.petalsearch.com/site/petalbot)"
216.73.217.23 - - [06/Jun/2026:02:40:41 +0200] "GET /loja/page/4/?add-to-cart=4781&doing_wp_cron=1780445696.5725550651550292968750&orderby=menu_order HTTP/1.1" 200 61609 "-" "Mozilla/5.0 AppleWebKit/537.36 (KHTML, like Gecko; compatible; ClaudeBot/1.0; +claudebot@anthropic.com)"
216.73.217.23 - - [06/Jun/2026:02:40:44 +0200] "GET /loja/page/11/?add-to-cart=2038&doing_wp_cron=1701153572.9826118946075439453125&orderby=menu_order HTTP/1.1" 200 60998 "-" "Mozilla/5.0 AppleWebKit/537.36 (KHTML, like Gecko; compatible; ClaudeBot/1.0; +claudebot@anthropic.com)"
216.73.217.23 - - [06/Jun/2026:02:40:47 +0200] "GET /categoria-produto/mercearia/?add-to-cart=731&doing_wp_cron=1780303320.1956961154937744140625&orderby=popularity HTTP/1.1" 200 61960 "-" "Mozilla/5.0 AppleWebKit/537.36 (KHTML, like Gecko; compatible; ClaudeBot/1.0; +claudebot@anthropic.com)"
216.73.217.23 - - [06/Jun/2026:02:40:50 +0200] "GET /loja/page/11/?add-to-cart=4231&doing_wp_cron=1780326118.2281150817871093750000&orderby=popularity HTTP/1.1" 200 62010 "-" "Mozilla/5.0 AppleWebKit/537.36 (KHTML, like Gecko; compatible; ClaudeBot/1.0; +claudebot@anthropic.com)"
216.73.217.23 - - [06/Jun/2026:02:40:54 +0200] "GET /categoria-produto/mercearia/?add-to-cart=1995&doing_wp_cron=1780407362.3914299011230468750000&orderby=date HTTP/1.1" 200 61788 "-" "Mozilla/5.0 AppleWebKit/537.36 (KHTML, like Gecko; compatible; ClaudeBot/1.0; +claudebot@anthropic.com)"
47.128.43.128 - - [06/Jun/2026:02:40:54 +0200] "GET /produto/banana/?doing_wp_cron=1705057329.0618820190429687500000 HTTP/1.1" 200 57704 "-" "Mozilla/5.0 (Linux; Android 5.0) AppleWebKit/537.36 (KHTML, like Gecko) Mobile Safari/537.36 (compatible; Bytespider; spider-feedback@bytedance.com)"
47.128.43.128 - - [06/Jun/2026:02:40:55 +0200] "GET /wp-content/plugins/woocommerce/assets/client/blocks/wc-blocks.css?ver=wc-10.2.2 HTTP/1.1" 200 2673 "https://www.baudefruta.pt/produto/banana/?doing_wp_cron=1705057329.0618820190429687500000" "Mozilla/5.0 (Linux; Android 5.0) AppleWebKit/537.36 (KHTML, like Gecko) Mobile Safari/537.36 (compatible; Bytespider; spider-feedback@bytedance.com)"
47.128.43.128 - - [06/Jun/2026:02:40:55 +0200] "GET /wp-content/plugins/woo-keyinvoice-integration/public/css/woo-keyinvoice-integration-public.css?ver=1.0.0 HTTP/1.1" 200 98 "https://www.baudefruta.pt/produto/banana/?doing_wp_cron=1705057329.0618820190429687500000" "Mozilla/5.0 (Linux; Android 5.0) AppleWebKit/537.36 (KHTML, like Gecko) Mobile Safari/537.36 (compatible; Bytespider; spider-feedback@bytedance.com)"
47.128.43.128 - - [06/Jun/2026:02:40:55 +0200] "GET /wp-content/plugins/woocommerce/assets/css/brands.css?ver=10.2.2 HTTP/1.1" 200 699 "https://www.baudefruta.pt/produto/banana/?doing_wp_cron=1705057329.0618820190429687500000" "Mozilla/5.0 (Linux; Android 5.0) AppleWebKit/537.36 (KHTML, like Gecko) Mobile Safari/537.36 (compatible; Bytespider; spider-feedback@bytedance.com)"
47.128.43.128 - - [06/Jun/2026:02:40:55 +0200] "GET /wp-content/themes/baudefruta-un/style.css?ver=1998358783 HTTP/1.1" 200 896 "https://www.baudefruta.pt/produto/banana/?doing_wp_cron=1705057329.0618820190429687500000" "Mozilla/5.0 (Linux; Android 5.0) AppleWebKit/537.36 (KHTML, like Gecko) Mobile Safari/537.36 (compatible; Bytespider; spider-feedback@bytedance.com)"
47.128.43.128 - - [06/Jun/2026:02:40:56 +0200] "GET /wp-content/plugins/popup-maker/dist/assets/site.css?ver=1.21.4 HTTP/1.1" 200 1917 "https://www.baudefruta.pt/produto/banana/?doing_wp_cron=1705057329.0618820190429687500000" "Mozilla/5.0 (Linux; Android 5.0) AppleWebKit/537.36 (KHTML, like Gecko) Mobile Safari/537.36 (compatible; Bytespider; spider-feedback@bytedance.com)"
47.128.43.128 - - [06/Jun/2026:02:40:56 +0200] "GET /wp-content/plugins/custom-page-templates/assets/css/acf-google-maps.css?ver=3.1.1 HTTP/1.1" 200 283 "https://www.baudefruta.pt/produto/banana/?doing_wp_cron=1705057329.0618820190429687500000" "Mozilla/5.0 (Linux; Android 5.0) AppleWebKit/537.36 (KHTML, like Gecko) Mobile Safari/537.36 (compatible; Bytespider; spider-feedback@bytedance.com)"
47.128.43.128 - - [06/Jun/2026:02:40:56 +0200] "GET /wp-content/uploads/2021/06/BN001-banana.jpg HTTP/1.1" 206 500 "https://www.baudefruta.pt/produto/banana/?doing_wp_cron=1705057329.0618820190429687500000" "Mozilla/5.0 (Linux; Android 5.0) AppleWebKit/537.36 (KHTML, like Gecko) Mobile Safari/537.36 (compatible; Bytespider; spider-feedback@bytedance.com)"
47.128.43.128 - - [06/Jun/2026:02:40:56 +0200] "GET /wp-content/uploads/2022/03/alface-romana.jpg HTTP/1.1" 206 500 "https://www.baudefruta.pt/produto/banana/?doing_wp_cron=1705057329.0618820190429687500000" "Mozilla/5.0 (Linux; Android 5.0) AppleWebKit/537.36 (KHTML, like Gecko) Mobile Safari/537.36 (compatible; Bytespider; spider-feedback@bytedance.com)"
47.128.43.128 - - [06/Jun/2026:02:40:56 +0200] "GET /wp-content/uploads/2022/05/alface-iberica-uai-440x440.jpg HTTP/1.1" 206 500 "https://www.baudefruta.pt/produto/banana/?doing_wp_cron=1705057329.0618820190429687500000" "Mozilla/5.0 (Linux; Android 5.0) AppleWebKit/537.36 (KHTML, like Gecko) Mobile Safari/537.36 (compatible; Bytespider; spider-feedback@bytedance.com)"
47.128.43.128 - - [06/Jun/2026:02:40:56 +0200] "GET /wp-content/uploads/2021/05/logo-bau_1-01b.svg HTTP/1.1" 206 500 "https://www.baudefruta.pt/produto/banana/?doing_wp_cron=1705057329.0618820190429687500000" "Mozilla/5.0 (Linux; Android 5.0) AppleWebKit/537.36 (KHTML, like Gecko) Mobile Safari/537.36 (compatible; Bytespider; spider-feedback@bytedance.com)"
47.128.43.128 - - [06/Jun/2026:02:40:56 +0200] "GET /wp-content/uploads/2021/07/bau_mb_mbway.svg HTTP/1.1" 206 500 "https://www.baudefruta.pt/produto/banana/?doing_wp_cron=1705057329.0618820190429687500000" "Mozilla/5.0 (Linux; Android 5.0) AppleWebKit/537.36 (KHTML, like Gecko) Mobile Safari/537.36 (compatible; Bytespider; spider-feedback@bytedance.com)"
47.128.43.128 - - [06/Jun/2026:02:40:56 +0200] "GET /wp-content/uploads/2021/05/bau_livroreclamacoes.svg HTTP/1.1" 206 500 "https://www.baudefruta.pt/produto/banana/?doing_wp_cron=1705057329.0618820190429687500000" "Mozilla/5.0 (Linux; Android 5.0) AppleWebKit/537.36 (KHTML, like Gecko) Mobile Safari/537.36 (compatible; Bytespider; spider-feedback@bytedance.com)"
47.128.43.128 - - [06/Jun/2026:02:40:56 +0200] "GET /wp-content/uploads/2021/05/bau_footer-top.png HTTP/1.1" 206 500 "https://www.baudefruta.pt/produto/banana/?doing_wp_cron=1705057329.0618820190429687500000" "Mozilla/5.0 (Linux; Android 5.0) AppleWebKit/537.36 (KHTML, like Gecko) Mobile Safari/537.36 (compatible; Bytespider; spider-feedback@bytedance.com)"
47.128.43.128 - - [06/Jun/2026:02:40:57 +0200] "GET /wp-content/uploads/2021/05/logo-bau_1-01b.svg HTTP/1.1" 304 0 "https://www.baudefruta.pt/produto/banana/?doing_wp_cron=1705057329.0618820190429687500000" "Mozilla/5.0 (Linux; Android 5.0) AppleWebKit/537.36 (KHTML, like Gecko) Mobile Safari/537.36 (compatible; Bytespider; spider-feedback@bytedance.com)"
47.128.43.128 - - [06/Jun/2026:02:40:57 +0200] "GET /wp-content/uploads/2021/07/bau_mb_mbway.svg HTTP/1.1" 304 0 "https://www.baudefruta.pt/produto/banana/?doing_wp_cron=1705057329.0618820190429687500000" "Mozilla/5.0 (Linux; Android 5.0) AppleWebKit/537.36 (KHTML, like Gecko) Mobile Safari/537.36 (compatible; Bytespider; spider-feedback@bytedance.com)"
47.128.43.128 - - [06/Jun/2026:02:40:57 +0200] "GET /wp-content/uploads/2021/05/bau_livroreclamacoes.svg HTTP/1.1" 304 0 "https://www.baudefruta.pt/produto/banana/?doing_wp_cron=1705057329.0618820190429687500000" "Mozilla/5.0 (Linux; Android 5.0) AppleWebKit/537.36 (KHTML, like Gecko) Mobile Safari/537.36 (compatible; Bytespider; spider-feedback@bytedance.com)"
216.73.217.23 - - [06/Jun/2026:02:40:57 +0200] "GET /loja/?add-to-cart=729&doing_wp_cron=1780356236.1233079433441162109375&orderby=price-desc HTTP/1.1" 200 62904 "-" "Mozilla/5.0 AppleWebKit/537.36 (KHTML, like Gecko; compatible; ClaudeBot/1.0; +claudebot@anthropic.com)"
47.128.43.128 - - [06/Jun/2026:02:40:57 +0200] "GET /wp-content/uploads/2021/05/logo-bau_1-01b.svg HTTP/1.1" 200 12888 "https://www.baudefruta.pt/produto/banana/?doing_wp_cron=1705057329.0618820190429687500000" "Mozilla/5.0 (Linux; Android 5.0) AppleWebKit/537.36 (KHTML, like Gecko) Mobile Safari/537.36 (compatible; Bytespider; spider-feedback@bytedance.com)"
47.128.43.128 - - [06/Jun/2026:02:40:57 +0200] "GET /wp-content/uploads/2021/07/bau_mb_mbway.svg HTTP/1.1" 200 5318 "https://www.baudefruta.pt/produto/banana/?doing_wp_cron=1705057329.0618820190429687500000" "Mozilla/5.0 (Linux; Android 5.0) AppleWebKit/537.36 (KHTML, like Gecko) Mobile Safari/537.36 (compatible; Bytespider; spider-feedback@bytedance.com)"
47.128.43.128 - - [06/Jun/2026:02:40:57 +0200] "GET /wp-content/uploads/2021/05/bau_livroreclamacoes.svg HTTP/1.1" 200 2886 "https://www.baudefruta.pt/produto/banana/?doing_wp_cron=1705057329.0618820190429687500000" "Mozilla/5.0 (Linux; Android 5.0) AppleWebKit/537.36 (KHTML, like Gecko) Mobile Safari/537.36 (compatible; Bytespider; spider-feedback@bytedance.com)"
216.73.217.23 - - [06/Jun/2026:02:40:59 +0200] "GET /loja/page/11/?add-to-cart=749&doing_wp_cron=1780505756.6808669567108154296875&orderby=popularity HTTP/1.1" 200 62680 "-" "Mozilla/5.0 AppleWebKit/537.36 (KHTML, like Gecko; compatible; ClaudeBot/1.0; +claudebot@anthropic.com)"
216.73.217.23 - - [06/Jun/2026:02:41:03 +0200] "GET /loja/page/5/?add-to-cart=484&doing_wp_cron=1780326118.2281150817871093750000&orderby=popularity HTTP/1.1" 200 63322 "-" "Mozilla/5.0 AppleWebKit/537.36 (KHTML, like Gecko; compatible; ClaudeBot/1.0; +claudebot@anthropic.com)"
216.73.217.23 - - [06/Jun/2026:02:41:06 +0200] "GET /categoria-produto/mercearia/page/3/?add-to-cart=624&doing_wp_cron=1774230627.4574561119079589843750 HTTP/1.1" 200 62725 "-" "Mozilla/5.0 AppleWebKit/537.36 (KHTML, like Gecko; compatible; ClaudeBot/1.0; +claudebot@anthropic.com)"
216.73.217.23 - - [06/Jun/2026:02:41:09 +0200] "GET /loja/page/4/?add-to-cart=825&doing_wp_cron=1780445696.5725550651550292968750&orderby=popularity HTTP/1.1" 200 63473 "-" "Mozilla/5.0 AppleWebKit/537.36 (KHTML, like Gecko; compatible; ClaudeBot/1.0; +claudebot@anthropic.com)"
216.73.217.23 - - [06/Jun/2026:02:41:11 +0200] "GET /loja/page/10/?add-to-cart=474&doing_wp_cron=1780471578.9829709529876708984375&orderby=date HTTP/1.1" 200 63144 "-" "Mozilla/5.0 AppleWebKit/537.36 (KHTML, like Gecko; compatible; ClaudeBot/1.0; +claudebot@anthropic.com)"
57.128.22.95 - - [06/Jun/2026:02:41:14 +0200] "GET /2021/05/11/ola-mundo/ HTTP/1.1" 200 1136907 "https://www.baudefruta.pt/" "Mozilla/5.0 (Macintosh; Intel Mac OS X 10_15_7) AppleWebKit/537.36 (KHTML, like Gecko) Chrome/146.0.0.0 Safari/537.36"
216.73.217.23 - - [06/Jun/2026:02:41:14 +0200] "GET /loja/page/9/?add-to-cart=2012&doing_wp_cron=1780205258.9664719104766845703125&orderby=price HTTP/1.1" 200 63994 "-" "Mozilla/5.0 AppleWebKit/537.36 (KHTML, like Gecko; compatible; ClaudeBot/1.0; +claudebot@anthropic.com)"
216.73.217.23 - - [06/Jun/2026:02:41:17 +0200] "GET /categoria-produto/mercearia/?add-to-cart=1993&doing_wp_cron=1780235765.3271749019622802734375&orderby=popularity HTTP/1.1" 200 64057 "-" "Mozilla/5.0 AppleWebKit/537.36 (KHTML, like Gecko; compatible; ClaudeBot/1.0; +claudebot@anthropic.com)"
216.73.217.23 - - [06/Jun/2026:02:41:20 +0200] "GET /loja/?add-to-cart=1541&doing_wp_cron=1780356259.9063909053802490234375&orderby=price HTTP/1.1" 200 64199 "-" "Mozilla/5.0 AppleWebKit/537.36 (KHTML, like Gecko; compatible; ClaudeBot/1.0; +claudebot@anthropic.com)"
216.73.217.23 - - [06/Jun/2026:02:41:23 +0200] "GET /categoria-produto/mercearia/?add-to-cart=745&doing_wp_cron=1780229933.6443889141082763671875&orderby=date HTTP/1.1" 200 64009 "-" "Mozilla/5.0 AppleWebKit/537.36 (KHTML, like Gecko; compatible; ClaudeBot/1.0; +claudebot@anthropic.com)"
216.73.217.23 - - [06/Jun/2026:02:41:27 +0200] "GET /loja/page/6/?add-to-cart=645&doing_wp_cron=1780424125.1127629280090332031250&orderby=date HTTP/1.1" 200 64506 "-" "Mozilla/5.0 AppleWebKit/537.36 (KHTML, like Gecko; compatible; ClaudeBot/1.0; +claudebot@anthropic.com)"
216.73.217.23 - - [06/Jun/2026:02:41:30 +0200] "GET /categoria-produto/mercearia/?add-to-cart=630&doing_wp_cron=1780254012.6115279197692871093750&orderby=menu_order HTTP/1.1" 200 64567 "-" "Mozilla/5.0 AppleWebKit/537.36 (KHTML, like Gecko; compatible; ClaudeBot/1.0; +claudebot@anthropic.com)"
216.73.217.23 - - [06/Jun/2026:02:41:32 +0200] "GET /loja/page/4/?add-to-cart=462&doing_wp_cron=1780360638.0177381038665771484375&orderby=price HTTP/1.1" 200 65094 "-" "Mozilla/5.0 AppleWebKit/537.36 (KHTML, like Gecko; compatible; ClaudeBot/1.0; +claudebot@anthropic.com)"
216.73.217.23 - - [06/Jun/2026:02:41:37 +0200] "GET /loja/page/5/?add-to-cart=829&doing_wp_cron=1780505637.3969678878784179687500&orderby=date HTTP/1.1" 200 61145 "-" "Mozilla/5.0 AppleWebKit/537.36 (KHTML, like Gecko; compatible; ClaudeBot/1.0; +claudebot@anthropic.com)"
216.73.217.23 - - [06/Jun/2026:02:41:40 +0200] "GET /loja/page/11/?add-to-cart=439&doing_wp_cron=1780498200.4151859283447265625000&orderby=date HTTP/1.1" 200 60402 "-" "Mozilla/5.0 AppleWebKit/537.36 (KHTML, like Gecko; compatible; ClaudeBot/1.0; +claudebot@anthropic.com)"
216.73.217.23 - - [06/Jun/2026:02:41:42 +0200] "GET /categoria-produto/mercearia/?add-to-cart=723&doing_wp_cron=1780357340.4553380012512207031250&orderby=date HTTP/1.1" 200 61220 "-" "Mozilla/5.0 AppleWebKit/537.36 (KHTML, like Gecko; compatible; ClaudeBot/1.0; +claudebot@anthropic.com)"
216.73.217.23 - - [06/Jun/2026:02:41:45 +0200] "GET /loja/page/8/?add-to-cart=581&doing_wp_cron=1724760408.5467429161071777343750&orderby=date HTTP/1.1" 200 61687 "-" "Mozilla/5.0 AppleWebKit/537.36 (KHTML, like Gecko; compatible; ClaudeBot/1.0; +claudebot@anthropic.com)"
216.73.217.23 - - [06/Jun/2026:02:41:49 +0200] "GET /loja/page/5/?add-to-cart=604&doing_wp_cron=1780406878.1180000305175781250000&orderby=popularity HTTP/1.1" 200 62459 "-" "Mozilla/5.0 AppleWebKit/537.36 (KHTML, like Gecko; compatible; ClaudeBot/1.0; +claudebot@anthropic.com)"
216.73.217.23 - - [06/Jun/2026:02:41:52 +0200] "GET /categoria-produto/mercearia/?add-to-cart=651&doing_wp_cron=1780278722.0383319854736328125000&orderby=menu_order HTTP/1.1" 200 62100 "-" "Mozilla/5.0 AppleWebKit/537.36 (KHTML, like Gecko; compatible; ClaudeBot/1.0; +claudebot@anthropic.com)"
216.73.217.23 - - [06/Jun/2026:02:41:54 +0200] "GET /loja/page/11/?add-to-cart=788&doing_wp_cron=1780356298.9136428833007812500000&orderby=popularity HTTP/1.1" 200 62601 "-" "Mozilla/5.0 AppleWebKit/537.36 (KHTML, like Gecko; compatible; ClaudeBot/1.0; +claudebot@anthropic.com)"
216.73.217.23 - - [06/Jun/2026:02:41:57 +0200] "GET /loja/page/11/?add-to-cart=819&doing_wp_cron=1780505637.3969678878784179687500&orderby=popularity HTTP/1.1" 200 62738 "-" "Mozilla/5.0 AppleWebKit/537.36 (KHTML, like Gecko; compatible; ClaudeBot/1.0; +claudebot@anthropic.com)"
114.119.150.140 - - [06/Jun/2026:02:42:00 +0200] "GET /produto/gengibre/?doing_wp_cron=1780391996.9846260547637939453125 HTTP/1.1" 200 57197 "https://www.baudefruta.pt/produto/gengibre/?doing_wp_cron=1753699290.5913939476013183593750" "Mozilla/5.0 (Linux; Android 7.0;) AppleWebKit/537.36 (HTML, like Gecko) Mobile Safari/537.36 (compatible; PetalBot;+https://webmaster.petalsearch.com/site/petalbot)"
216.73.217.23 - - [06/Jun/2026:02:42:01 +0200] "GET /categoria-produto/mercearia/?add-to-cart=2039&doing_wp_cron=1780385456.1357109546661376953125&orderby=menu_order HTTP/1.1" 200 62733 "-" "Mozilla/5.0 AppleWebKit/537.36 (KHTML, like Gecko; compatible; ClaudeBot/1.0; +claudebot@anthropic.com)"
216.73.217.23 - - [06/Jun/2026:02:42:04 +0200] "GET /categoria-produto/mercearia/?add-to-cart=2047&doing_wp_cron=1780357316.5677421092987060546875&orderby=date HTTP/1.1" 200 62756 "-" "Mozilla/5.0 AppleWebKit/537.36 (KHTML, like Gecko; compatible; ClaudeBot/1.0; +claudebot@anthropic.com)"
216.73.217.23 - - [06/Jun/2026:02:42:07 +0200] "GET /categoria-produto/mercearia/?add-to-cart=624&doing_wp_cron=1780259902.0175669193267822265625&orderby=popularity HTTP/1.1" 200 63597 "-" "Mozilla/5.0 AppleWebKit/537.36 (KHTML, like Gecko; compatible; ClaudeBot/1.0; +claudebot@anthropic.com)"
216.73.217.23 - - [06/Jun/2026:02:42:10 +0200] "GET /loja/page/6/?add-to-cart=550&doing_wp_cron=1780424420.1912429332733154296875&orderby=menu_order HTTP/1.1" 200 63512 "-" "Mozilla/5.0 AppleWebKit/537.36 (KHTML, like Gecko; compatible; ClaudeBot/1.0; +claudebot@anthropic.com)"
216.73.217.23 - - [06/Jun/2026:02:42:13 +0200] "GET /loja/page/5/?add-to-cart=777&doing_wp_cron=1780454178.6453809738159179687500&orderby=date HTTP/1.1" 200 63885 "-" "Mozilla/5.0 AppleWebKit/537.36 (KHTML, like Gecko; compatible; ClaudeBot/1.0; +claudebot@anthropic.com)"
216.73.217.23 - - [06/Jun/2026:02:42:16 +0200] "GET /loja/page/10/?add-to-cart=753&doing_wp_cron=1780429669.1116149425506591796875&orderby=menu_order HTTP/1.1" 200 64296 "-" "Mozilla/5.0 AppleWebKit/537.36 (KHTML, like Gecko; compatible; ClaudeBot/1.0; +claudebot@anthropic.com)"
216.73.217.23 - - [06/Jun/2026:02:42:19 +0200] "GET /loja/page/10/?add-to-cart=472&doing_wp_cron=1780534399.0477209091186523437500&orderby=date HTTP/1.1" 200 63820 "-" "Mozilla/5.0 AppleWebKit/537.36 (KHTML, like Gecko; compatible; ClaudeBot/1.0; +claudebot@anthropic.com)"
216.73.217.23 - - [06/Jun/2026:02:42:22 +0200] "GET /categoria-produto/mercearia/?add-to-cart=1995&doing_wp_cron=1780385456.1357109546661376953125&orderby=popularity HTTP/1.1" 200 64631 "-" "Mozilla/5.0 AppleWebKit/537.36 (KHTML, like Gecko; compatible; ClaudeBot/1.0; +claudebot@anthropic.com)"
216.73.217.23 - - [06/Jun/2026:02:42:25 +0200] "GET /loja/?add-to-cart=494&doing_wp_cron=1780415098.0220060348510742187500&orderby=price HTTP/1.1" 200 64672 "-" "Mozilla/5.0 AppleWebKit/537.36 (KHTML, like Gecko; compatible; ClaudeBot/1.0; +claudebot@anthropic.com)"
216.73.217.23 - - [06/Jun/2026:02:42:27 +0200] "GET /categoria-produto/mercearia/?add-to-cart=733&doing_wp_cron=1780225372.5635399818420410156250&orderby=date HTTP/1.1" 200 64445 "-" "Mozilla/5.0 AppleWebKit/537.36 (KHTML, like Gecko; compatible; ClaudeBot/1.0; +claudebot@anthropic.com)"
216.73.217.23 - - [06/Jun/2026:02:42:31 +0200] "GET /loja/page/10/?add-to-cart=1728&doing_wp_cron=1780207778.1771409511566162109375&orderby=date HTTP/1.1" 200 64579 "-" "Mozilla/5.0 AppleWebKit/537.36 (KHTML, like Gecko; compatible; ClaudeBot/1.0; +claudebot@anthropic.com)"
216.73.217.23 - - [06/Jun/2026:02:42:34 +0200] "GET /categoria-produto/mercearia/?add-to-cart=893&doing_wp_cron=1780407380.2900431156158447265625&orderby=popularity HTTP/1.1" 200 65518 "-" "Mozilla/5.0 AppleWebKit/537.36 (KHTML, like Gecko; compatible; ClaudeBot/1.0; +claudebot@anthropic.com)"
57.141.20.55 - - [06/Jun/2026:02:42:34 +0200] "GET /news_sitemap.xml?doing_wp_cron=1772014743.1302130222320556640625 HTTP/1.1" 404 298147 "-" "meta-externalagent/1.1 (+https://developers.facebook.com/docs/sharing/webmasters/crawler)"
216.73.217.23 - - [06/Jun/2026:02:42:37 +0200] "GET /loja/page/4/?add-to-cart=1125&doing_wp_cron=1780259424.5276329517364501953125&orderby=date HTTP/1.1" 200 65763 "-" "Mozilla/5.0 AppleWebKit/537.36 (KHTML, like Gecko; compatible; ClaudeBot/1.0; +claudebot@anthropic.com)"
193.24.208.14 - - [06/Jun/2026:02:42:39 +0200] "GET /2021/05/11/ola-mundo/ HTTP/1.1" 200 1136907 "https://www.baudefruta.pt/" "Mozilla/5.0 (Windows NT 10.0; Win64; x64; rv:148.0) Gecko/20100101 Firefox/148.0"
216.73.217.23 - - [06/Jun/2026:02:42:40 +0200] "GET /categoria-produto/mercearia/?add-to-cart=2038&doing_wp_cron=1780294736.7361509799957275390625&orderby=popularity HTTP/1.1" 200 65856 "-" "Mozilla/5.0 AppleWebKit/537.36 (KHTML, like Gecko; compatible; ClaudeBot/1.0; +claudebot@anthropic.com)"
216.73.217.23 - - [06/Jun/2026:02:42:43 +0200] "GET /loja/page/6/?add-to-cart=643&doing_wp_cron=1780457004.9740800857543945312500&orderby=price HTTP/1.1" 200 66226 "-" "Mozilla/5.0 AppleWebKit/537.36 (KHTML, like Gecko; compatible; ClaudeBot/1.0; +claudebot@anthropic.com)"
216.73.217.23 - - [06/Jun/2026:02:42:46 +0200] "GET /loja/page/6/?add-to-cart=784&doing_wp_cron=1780424420.1912429332733154296875&orderby=popularity HTTP/1.1" 200 66539 "-" "Mozilla/5.0 AppleWebKit/537.36 (KHTML, like Gecko; compatible; ClaudeBot/1.0; +claudebot@anthropic.com)"
216.73.217.23 - - [06/Jun/2026:02:42:49 +0200] "GET /loja/page/10/?add-to-cart=3517&doing_wp_cron=1780356298.9136428833007812500000&orderby=menu_order HTTP/1.1" 200 66464 "-" "Mozilla/5.0 AppleWebKit/537.36 (KHTML, like Gecko; compatible; ClaudeBot/1.0; +claudebot@anthropic.com)"
154.3.224.164 - - [06/Jun/2026:02:42:51 +0200] "GET /2021/05/11/ola-mundo/ HTTP/1.1" 302 102 "http://baudefruta.pt/2021/05/11/ola-mundo/" "Mozilla/5.0 (Macintosh; Intel Mac OS X 12_5) AppleWebKit/537.36 (KHTML, like Gecko) Chrome/114.0.0.0 Safari/537.36"
154.3.224.164 - - [06/Jun/2026:02:42:52 +0200] "GET /2021/05/11/ola-mundo/?doing_wp_cron=1780706571.1137909889221191406250 HTTP/1.1" 301 5 "https://baudefruta.pt/2021/05/11/ola-mundo/" "Mozilla/5.0 (Macintosh; Intel Mac OS X 12_5) AppleWebKit/537.36 (KHTML, like Gecko) Chrome/114.0.0.0 Safari/537.36"
216.73.217.23 - - [06/Jun/2026:02:42:52 +0200] "GET /loja/page/5/?add-to-cart=4228&doing_wp_cron=1780420099.1374759674072265625000&orderby=date HTTP/1.1" 200 66498 "-" "Mozilla/5.0 AppleWebKit/537.36 (KHTML, like Gecko; compatible; ClaudeBot/1.0; +claudebot@anthropic.com)"
154.3.224.164 - - [06/Jun/2026:02:42:53 +0200] "GET /2021/05/11/ola-mundo/?doing_wp_cron=1780706571.1137909889221191406250 HTTP/1.1" 200 1136907 "https://baudefruta.pt/2021/05/11/ola-mundo/?doing_wp_cron=1780706571.1137909889221191406250" "Mozilla/5.0 (Macintosh; Intel Mac OS X 12_5) AppleWebKit/537.36 (KHTML, like Gecko) Chrome/114.0.0.0 Safari/537.36"
52.167.144.211 - - [06/Jun/2026:02:42:53 +0200] "GET /page/11/?s&orderby=menu_order&doing_wp_cron=1779837739.1972560882568359375000 HTTP/1.1" 200 52312 "-" "Mozilla/5.0 AppleWebKit/537.36 (KHTML, like Gecko; compatible; bingbot/2.0; +http://www.bing.com/bingbot.htm) Chrome/116.0.1938.76 Safari/537.36"
216.73.217.23 - - [06/Jun/2026:02:42:55 +0200] "GET /categoria-produto/mercearia/?add-to-cart=1995&doing_wp_cron=1780314554.0645439624786376953125&orderby=popularity HTTP/1.1" 200 66563 "-" "Mozilla/5.0 AppleWebKit/537.36 (KHTML, like Gecko; compatible; ClaudeBot/1.0; +claudebot@anthropic.com)"
91.92.242.223 - - [06/Jun/2026:02:42:57 +0200] "POST /wp-login.php?action=register HTTP/1.1" 403 146 "-" "-"
216.73.217.23 - - [06/Jun/2026:02:42:58 +0200] "GET /loja/page/4/?add-to-cart=2014&doing_wp_cron=1780430342.1766259670257568359375&orderby=price HTTP/1.1" 200 66694 "-" "Mozilla/5.0 AppleWebKit/537.36 (KHTML, like Gecko; compatible; ClaudeBot/1.0; +claudebot@anthropic.com)"
216.73.217.23 - - [06/Jun/2026:02:43:01 +0200] "GET /loja/page/6/?add-to-cart=743&doing_wp_cron=1780326118.2281150817871093750000&orderby=menu_order HTTP/1.1" 200 66567 "-" "Mozilla/5.0 AppleWebKit/537.36 (KHTML, like Gecko; compatible; ClaudeBot/1.0; +claudebot@anthropic.com)"
216.73.217.23 - - [06/Jun/2026:02:43:04 +0200] "GET /loja/page/6/?add-to-cart=1991&doing_wp_cron=1780529696.4466600418090820312500&orderby=popularity HTTP/1.1" 200 67459 "-" "Mozilla/5.0 AppleWebKit/537.36 (KHTML, like Gecko; compatible; ClaudeBot/1.0; +claudebot@anthropic.com)"
216.73.217.23 - - [06/Jun/2026:02:43:07 +0200] "GET /categoria-produto/mercearia/?add-to-cart=1983&doing_wp_cron=1780357376.4988389015197753906250&orderby=date HTTP/1.1" 200 66700 "-" "Mozilla/5.0 AppleWebKit/537.36 (KHTML, like Gecko; compatible; ClaudeBot/1.0; +claudebot@anthropic.com)"
216.73.217.23 - - [06/Jun/2026:02:43:10 +0200] "GET /produto/chuchu/?add-to-cart=486&doing_wp_cron=1780457696.7872140407562255859375 HTTP/1.1" 200 59252 "-" "Mozilla/5.0 AppleWebKit/537.36 (KHTML, like Gecko; compatible; ClaudeBot/1.0; +claudebot@anthropic.com)"
216.73.217.23 - - [06/Jun/2026:02:43:13 +0200] "GET /produto/groselha/?add-to-cart=447&doing_wp_cron=1780408158.0399329662322998046875 HTTP/1.1" 200 59181 "-" "Mozilla/5.0 AppleWebKit/537.36 (KHTML, like Gecko; compatible; ClaudeBot/1.0; +claudebot@anthropic.com)"
216.73.217.23 - - [06/Jun/2026:02:43:16 +0200] "GET /loja/page/5/?add-to-cart=447&doing_wp_cron=1780498167.6054840087890625000000&orderby=date HTTP/1.1" 200 61399 "-" "Mozilla/5.0 AppleWebKit/537.36 (KHTML, like Gecko; compatible; ClaudeBot/1.0; +claudebot@anthropic.com)"
216.73.217.23 - - [06/Jun/2026:02:43:19 +0200] "GET /loja/page/7/?add-to-cart=492&doing_wp_cron=1780637652.3290569782257080078125&orderby=menu_order HTTP/1.1" 200 61583 "-" "Mozilla/5.0 AppleWebKit/537.36 (KHTML, like Gecko; compatible; ClaudeBot/1.0; +claudebot@anthropic.com)"
216.73.217.23 - - [06/Jun/2026:02:43:22 +0200] "GET /loja/page/7/?add-to-cart=427&doing_wp_cron=1780637652.3290569782257080078125&orderby=menu_order HTTP/1.1" 200 61822 "-" "Mozilla/5.0 AppleWebKit/537.36 (KHTML, like Gecko; compatible; ClaudeBot/1.0; +claudebot@anthropic.com)"
216.73.217.23 - - [06/Jun/2026:02:43:25 +0200] "GET /loja/page/7/?add-to-cart=1126&doing_wp_cron=1780637652.3290569782257080078125&orderby=menu_order HTTP/1.1" 200 61978 "-" "Mozilla/5.0 AppleWebKit/537.36 (KHTML, like Gecko; compatible; ClaudeBot/1.0; +claudebot@anthropic.com)"
114.119.132.173 - - [06/Jun/2026:02:43:26 +0200] "GET /produto/espinafre?doing_wp_cron=1744430925.7469999790191650390625 HTTP/1.1" 301 5 "https://www.baudefruta.pt/produto/espinafre?doing_wp_cron=1744430925.7469999790191650390625" "Mozilla/5.0 (Linux; Android 7.0;) AppleWebKit/537.36 (HTML, like Gecko) Mobile Safari/537.36 (compatible; PetalBot;+https://webmaster.petalsearch.com/site/petalbot)"
216.73.217.23 - - [06/Jun/2026:02:43:29 +0200] "GET /categoria-produto/frescos/legumes/?add-to-cart=574&orderby=price-desc HTTP/1.1" 302 11 "-" "Mozilla/5.0 AppleWebKit/537.36 (KHTML, like Gecko; compatible; ClaudeBot/1.0; +claudebot@anthropic.com)"
114.119.132.173 - - [06/Jun/2026:02:43:29 +0200] "GET /produto/espinafre/?doing_wp_cron=1744430925.7469999790191650390625 HTTP/1.1" 200 57671 "https://www.baudefruta.pt/produto/espinafre?doing_wp_cron=1744430925.7469999790191650390625" "Mozilla/5.0 (Linux; Android 7.0;) AppleWebKit/537.36 (HTML, like Gecko) Mobile Safari/537.36 (compatible; PetalBot;+https://webmaster.petalsearch.com/site/petalbot)"
216.73.217.23 - - [06/Jun/2026:02:43:30 +0200] "GET /categoria-produto/frescos/legumes/?add-to-cart=574&orderby=price-desc&doing_wp_cron=1780706609.0663959980010986328125 HTTP/1.1" 200 60699 "https://www.baudefruta.pt/categoria-produto/frescos/legumes/?add-to-cart=574&orderby=price-desc" "Mozilla/5.0 AppleWebKit/537.36 (KHTML, like Gecko; compatible; ClaudeBot/1.0; +claudebot@anthropic.com)"
