216.73.217.23 - - [06/Jun/2026:03:10:07 +0200] "GET /loja/page/3/?add-to-cart=622&doing_wp_cron=1780208025.6175029277801513671875&orderby=popularity HTTP/1.1" 200 65533 "-" "Mozilla/5.0 AppleWebKit/537.36 (KHTML, like Gecko; compatible; ClaudeBot/1.0; +claudebot@anthropic.com)"
216.73.217.23 - - [06/Jun/2026:03:10:10 +0200] "GET /loja/page/8/?add-to-cart=425&doing_wp_cron=1780259424.5276329517364501953125&orderby=popularity HTTP/1.1" 200 66024 "-" "Mozilla/5.0 AppleWebKit/537.36 (KHTML, like Gecko; compatible; ClaudeBot/1.0; +claudebot@anthropic.com)"
130.51.22.156 - - [06/Jun/2026:03:10:11 +0200] "GET /2021/05/11/ola-mundo/?doing_wp_cron=1780708177.5783369541168212890625 HTTP/1.1" 200 1137265 "https://www.baudefruta.pt/2021/05/11/ola-mundo/" "Mozilla/5.0 (X11; Linux i686; rv:114.0) Gecko/20100101 Firefox/114.0"
216.73.217.23 - - [06/Jun/2026:03:10:13 +0200] "GET /loja/page/2/?add-to-cart=2038&doing_wp_cron=1770738320.9674439430236816406250&orderby=popularity HTTP/1.1" 200 65756 "-" "Mozilla/5.0 AppleWebKit/537.36 (KHTML, like Gecko; compatible; ClaudeBot/1.0; +claudebot@anthropic.com)"
216.73.217.23 - - [06/Jun/2026:03:10:16 +0200] "GET /loja/page/3/?add-to-cart=1543&doing_wp_cron=1780445098.1589419841766357421875&orderby=menu_order HTTP/1.1" 200 65605 "-" "Mozilla/5.0 AppleWebKit/537.36 (KHTML, like Gecko; compatible; ClaudeBot/1.0; +claudebot@anthropic.com)"
216.73.217.23 - - [06/Jun/2026:03:10:18 +0200] "GET /produto/azeitona-preta-oxidada/?add-to-cart=435&doing_wp_cron=1780197819.7277491092681884765625 HTTP/1.1" 200 64297 "-" "Mozilla/5.0 AppleWebKit/537.36 (KHTML, like Gecko; compatible; ClaudeBot/1.0; +claudebot@anthropic.com)"
216.73.217.23 - - [06/Jun/2026:03:10:21 +0200] "GET /loja/page/11/?add-to-cart=521&doing_wp_cron=1780424179.3111770153045654296875&orderby=menu_order HTTP/1.1" 200 65752 "-" "Mozilla/5.0 AppleWebKit/537.36 (KHTML, like Gecko; compatible; ClaudeBot/1.0; +claudebot@anthropic.com)"
216.73.217.23 - - [06/Jun/2026:03:10:24 +0200] "GET /categoria-produto/mercearia/?add-to-cart=793&doing_wp_cron=1780278709.9574549198150634765625&orderby=date HTTP/1.1" 200 66144 "-" "Mozilla/5.0 AppleWebKit/537.36 (KHTML, like Gecko; compatible; ClaudeBot/1.0; +claudebot@anthropic.com)"
216.73.217.23 - - [06/Jun/2026:03:10:28 +0200] "GET /loja/page/2/?add-to-cart=504&doing_wp_cron=1780384400.8176770210266113281250&orderby=popularity HTTP/1.1" 200 66570 "-" "Mozilla/5.0 AppleWebKit/537.36 (KHTML, like Gecko; compatible; ClaudeBot/1.0; +claudebot@anthropic.com)"
216.73.217.23 - - [06/Jun/2026:03:10:30 +0200] "GET /loja/page/7/?add-to-cart=691&doing_wp_cron=1780407057.6045830249786376953125&orderby=menu_order HTTP/1.1" 200 67002 "-" "Mozilla/5.0 AppleWebKit/537.36 (KHTML, like Gecko; compatible; ClaudeBot/1.0; +claudebot@anthropic.com)"
38.49.217.60 - - [06/Jun/2026:03:10:32 +0200] "GET /wp-login.php HTTP/1.1" 200 51437 "-" "Mozilla/5.0 (Windows NT 10.0) AppleWebKit/537.36 (KHTML, like Gecko) Chrome/133.0.0.0 Safari/537.36"
216.73.217.23 - - [06/Jun/2026:03:10:33 +0200] "GET /categoria-produto/mercearia/?add-to-cart=691&doing_wp_cron=1780383920.6364150047302246093750&orderby=menu_order HTTP/1.1" 200 66638 "-" "Mozilla/5.0 AppleWebKit/537.36 (KHTML, like Gecko; compatible; ClaudeBot/1.0; +claudebot@anthropic.com)"
38.49.217.60 - - [06/Jun/2026:03:10:34 +0200] "POST /wp-login.php HTTP/1.1" 405 552 "https://baudefruta.pt/wp-login.php" "Mozilla/5.0 (Windows NT 10.0) AppleWebKit/537.36 (KHTML, like Gecko) Chrome/133.0.0.0 Safari/537.36"
216.73.217.23 - - [06/Jun/2026:03:10:37 +0200] "GET /categoria-produto/mercearia/?add-to-cart=2014&doing_wp_cron=1780287552.3519690036773681640625&orderby=date HTTP/1.1" 200 60635 "-" "Mozilla/5.0 AppleWebKit/537.36 (KHTML, like Gecko; compatible; ClaudeBot/1.0; +claudebot@anthropic.com)"
216.73.217.23 - - [06/Jun/2026:03:10:40 +0200] "GET /loja/page/3/?add-to-cart=1994&doing_wp_cron=1780356236.1233079433441162109375&orderby=price HTTP/1.1" 200 61359 "-" "Mozilla/5.0 AppleWebKit/537.36 (KHTML, like Gecko; compatible; ClaudeBot/1.0; +claudebot@anthropic.com)"
216.73.217.23 - - [06/Jun/2026:03:10:43 +0200] "GET /loja/page/7/?add-to-cart=419&doing_wp_cron=1780529684.9311110973358154296875&orderby=menu_order HTTP/1.1" 200 61563 "-" "Mozilla/5.0 AppleWebKit/537.36 (KHTML, like Gecko; compatible; ClaudeBot/1.0; +claudebot@anthropic.com)"
216.73.217.23 - - [06/Jun/2026:03:10:46 +0200] "GET /loja/page/5/?add-to-cart=771&doing_wp_cron=1780420099.1374759674072265625000&orderby=menu_order HTTP/1.1" 200 61697 "-" "Mozilla/5.0 AppleWebKit/537.36 (KHTML, like Gecko; compatible; ClaudeBot/1.0; +claudebot@anthropic.com)"
216.73.217.23 - - [06/Jun/2026:03:10:49 +0200] "GET /loja/?add-to-cart=18756&doing_wp_cron=1749485637.4724121093750000000000&orderby=menu_order HTTP/1.1" 200 61829 "-" "Mozilla/5.0 AppleWebKit/537.36 (KHTML, like Gecko; compatible; ClaudeBot/1.0; +claudebot@anthropic.com)"
216.73.217.23 - - [06/Jun/2026:03:10:52 +0200] "GET /loja/page/6/?add-to-cart=747&doing_wp_cron=1780582556.8518009185791015625000&orderby=menu_order HTTP/1.1" 200 62045 "-" "Mozilla/5.0 AppleWebKit/537.36 (KHTML, like Gecko; compatible; ClaudeBot/1.0; +claudebot@anthropic.com)"
216.73.217.23 - - [06/Jun/2026:03:10:55 +0200] "GET /loja/page/5/?add-to-cart=470&doing_wp_cron=1780398923.3932321071624755859375&orderby=popularity HTTP/1.1" 200 62807 "-" "Mozilla/5.0 AppleWebKit/537.36 (KHTML, like Gecko; compatible; ClaudeBot/1.0; +claudebot@anthropic.com)"
216.73.217.23 - - [06/Jun/2026:03:10:58 +0200] "GET /loja/page/9/?add-to-cart=561&doing_wp_cron=1780596009.2270820140838623046875&orderby=date HTTP/1.1" 200 61969 "-" "Mozilla/5.0 AppleWebKit/537.36 (KHTML, like Gecko; compatible; ClaudeBot/1.0; +claudebot@anthropic.com)"
216.73.217.23 - - [06/Jun/2026:03:11:01 +0200] "GET /loja/page/5/?add-to-cart=823&doing_wp_cron=1780505801.7622530460357666015625&orderby=date HTTP/1.1" 200 62885 "-" "Mozilla/5.0 AppleWebKit/537.36 (KHTML, like Gecko; compatible; ClaudeBot/1.0; +claudebot@anthropic.com)"
216.73.217.23 - - [06/Jun/2026:03:11:04 +0200] "GET /loja/page/4/?add-to-cart=739&doing_wp_cron=1780498167.6054840087890625000000&orderby=price-desc HTTP/1.1" 200 62989 "-" "Mozilla/5.0 AppleWebKit/537.36 (KHTML, like Gecko; compatible; ClaudeBot/1.0; +claudebot@anthropic.com)"
185.213.139.42 - - [06/Jun/2026:03:11:04 +0200] "GET /2021/05/11/ola-mundo/ HTTP/1.1" 200 1137265 "https://www.baudefruta.pt/" "Mozilla/5.0 (Windows NT 10.0; Win64; x64) AppleWebKit/537.36 (KHTML, like Gecko) Chrome/143.0.0.0 Safari/537.36 OPR/127.0.0.0"
216.73.217.23 - - [06/Jun/2026:03:11:07 +0200] "GET /loja/page/5/?add-to-cart=530&doing_wp_cron=1780383836.4200708866119384765625&orderby=menu_order HTTP/1.1" 200 63262 "-" "Mozilla/5.0 AppleWebKit/537.36 (KHTML, like Gecko; compatible; ClaudeBot/1.0; +claudebot@anthropic.com)"
216.73.217.23 - - [06/Jun/2026:03:11:10 +0200] "GET /categoria-produto/mercearia/?add-to-cart=1987&doing_wp_cron=1780227769.7231910228729248046875&orderby=popularity HTTP/1.1" 200 63729 "-" "Mozilla/5.0 AppleWebKit/537.36 (KHTML, like Gecko; compatible; ClaudeBot/1.0; +claudebot@anthropic.com)"
216.73.217.23 - - [06/Jun/2026:03:11:13 +0200] "GET /loja/page/6/?add-to-cart=751&doing_wp_cron=1780406818.1222550868988037109375&orderby=date HTTP/1.1" 200 63658 "-" "Mozilla/5.0 AppleWebKit/537.36 (KHTML, like Gecko; compatible; ClaudeBot/1.0; +claudebot@anthropic.com)"
216.73.217.23 - - [06/Jun/2026:03:11:16 +0200] "GET /loja/page/5/?add-to-cart=583&doing_wp_cron=1780529696.4466600418090820312500&orderby=menu_order HTTP/1.1" 200 63884 "-" "Mozilla/5.0 AppleWebKit/537.36 (KHTML, like Gecko; compatible; ClaudeBot/1.0; +claudebot@anthropic.com)"
114.119.135.57 - - [06/Jun/2026:03:11:16 +0200] "GET /loja/page/7/?orderby=date&doing_wp_cron=1680209384.7104640007019042968750 HTTP/1.1" 200 60402 "https://www.baudefruta.pt/loja/page/6/?orderby=date&doing_wp_cron=1680209384.7104640007019042968750" "Mozilla/5.0 (Linux; Android 7.0;) AppleWebKit/537.36 (HTML, like Gecko) Mobile Safari/537.36 (compatible; PetalBot;+https://webmaster.petalsearch.com/site/petalbot)"
216.73.217.23 - - [06/Jun/2026:03:11:19 +0200] "GET /loja/page/9/?add-to-cart=435&doing_wp_cron=1780411016.8694920539855957031250&orderby=menu_order HTTP/1.1" 200 64223 "-" "Mozilla/5.0 AppleWebKit/537.36 (KHTML, like Gecko; compatible; ClaudeBot/1.0; +claudebot@anthropic.com)"
216.73.217.23 - - [06/Jun/2026:03:11:22 +0200] "GET /loja/page/3/?add-to-cart=2011&doing_wp_cron=1701153572.9826118946075439453125&orderby=popularity HTTP/1.1" 200 64437 "-" "Mozilla/5.0 AppleWebKit/537.36 (KHTML, like Gecko; compatible; ClaudeBot/1.0; +claudebot@anthropic.com)"
216.73.217.23 - - [06/Jun/2026:03:11:25 +0200] "GET /loja/page/11/?add-to-cart=715&doing_wp_cron=1780259951.9076659679412841796875&orderby=menu_order HTTP/1.1" 200 64124 "-" "Mozilla/5.0 AppleWebKit/537.36 (KHTML, like Gecko; compatible; ClaudeBot/1.0; +claudebot@anthropic.com)"
216.73.217.23 - - [06/Jun/2026:03:11:28 +0200] "GET /loja/page/2/?add-to-cart=3502&doing_wp_cron=1780455680.5886950492858886718750&orderby=menu_order HTTP/1.1" 200 64874 "-" "Mozilla/5.0 AppleWebKit/537.36 (KHTML, like Gecko; compatible; ClaudeBot/1.0; +claudebot@anthropic.com)"
216.73.217.23 - - [06/Jun/2026:03:11:31 +0200] "GET /loja/page/11/?add-to-cart=521&doing_wp_cron=1780384400.8176770210266113281250&orderby=menu_order HTTP/1.1" 200 64420 "-" "Mozilla/5.0 AppleWebKit/537.36 (KHTML, like Gecko; compatible; ClaudeBot/1.0; +claudebot@anthropic.com)"
216.73.217.23 - - [06/Jun/2026:03:11:34 +0200] "GET /loja/page/5/?add-to-cart=1134&doing_wp_cron=1780424119.0972061157226562500000&orderby=menu_order HTTP/1.1" 200 61048 "-" "Mozilla/5.0 AppleWebKit/537.36 (KHTML, like Gecko; compatible; ClaudeBot/1.0; +claudebot@anthropic.com)"
216.73.217.23 - - [06/Jun/2026:03:11:37 +0200] "GET /loja/page/6/?add-to-cart=1990&doing_wp_cron=1780431018.2992589473724365234375&orderby=popularity HTTP/1.1" 200 61884 "-" "Mozilla/5.0 AppleWebKit/537.36 (KHTML, like Gecko; compatible; ClaudeBot/1.0; +claudebot@anthropic.com)"
216.73.217.23 - - [06/Jun/2026:03:11:40 +0200] "GET /produto/feijao-vermelho-cozido/?add-to-cart=767&doing_wp_cron=1768421802.6520879268646240234375 HTTP/1.1" 200 59961 "-" "Mozilla/5.0 AppleWebKit/537.36 (KHTML, like Gecko; compatible; ClaudeBot/1.0; +claudebot@anthropic.com)"
98.25.211.120 - - [06/Jun/2026:03:11:42 +0200] "GET /categoria-produto/mercearia/?add-to-cart=643&doing_wp_cron=1779785507.3062539100646972656250&orderby=popularity HTTP/1.1" 200 61259 "-" "Mozilla/5.0 (Macintosh; U; PPC Mac OS X 10_8_0; rv:1.9.5.20) Gecko/2366-02-10 21:48:08.932829 Firefox/3.8"
216.73.217.23 - - [06/Jun/2026:03:11:43 +0200] "GET /categoria-produto/mercearia/?add-to-cart=1993&doing_wp_cron=1780235769.1686809062957763671875&orderby=date HTTP/1.1" 200 61320 "-" "Mozilla/5.0 AppleWebKit/537.36 (KHTML, like Gecko; compatible; ClaudeBot/1.0; +claudebot@anthropic.com)"
216.73.217.23 - - [06/Jun/2026:03:11:46 +0200] "GET /categoria-produto/mercearia/?add-to-cart=1993&doing_wp_cron=1780288151.3869090080261230468750&orderby=menu_order HTTP/1.1" 200 61492 "-" "Mozilla/5.0 AppleWebKit/537.36 (KHTML, like Gecko; compatible; ClaudeBot/1.0; +claudebot@anthropic.com)"
216.73.217.23 - - [06/Jun/2026:03:11:49 +0200] "GET /loja/page/6/?add-to-cart=2043&doing_wp_cron=1780259951.9076659679412841796875&orderby=popularity HTTP/1.1" 200 62503 "-" "Mozilla/5.0 AppleWebKit/537.36 (KHTML, like Gecko; compatible; ClaudeBot/1.0; +claudebot@anthropic.com)"
216.73.217.23 - - [06/Jun/2026:03:11:52 +0200] "GET /loja/page/9/?add-to-cart=749&doing_wp_cron=1780338116.7118010520935058593750&orderby=menu_order HTTP/1.1" 200 62271 "-" "Mozilla/5.0 AppleWebKit/537.36 (KHTML, like Gecko; compatible; ClaudeBot/1.0; +claudebot@anthropic.com)"
102.208.44.18 - - [06/Jun/2026:03:11:53 +0200] "GET /categoria-produto/mercearia/page/4/?add-to-cart=733&doing_wp_cron=1779639880.4347229003906250000000&orderby=date HTTP/1.1" 200 60855 "-" "Mozilla/5.0 (Macintosh; PPC Mac OS X 10_10_4) AppleWebKit/536.0 (KHTML, like Gecko) Chrome/57.0.803.0 Safari/536.0"
216.73.217.23 - - [06/Jun/2026:03:11:55 +0200] "GET /loja/page/11/?add-to-cart=727&doing_wp_cron=1780445092.3632619380950927734375&orderby=popularity HTTP/1.1" 200 62421 "-" "Mozilla/5.0 AppleWebKit/537.36 (KHTML, like Gecko; compatible; ClaudeBot/1.0; +claudebot@anthropic.com)"
216.73.217.23 - - [06/Jun/2026:03:11:58 +0200] "GET /produto/azeitona-preta-oxidada/?add-to-cart=435&doing_wp_cron=1780442659.8524529933929443359375 HTTP/1.1" 200 60872 "-" "Mozilla/5.0 AppleWebKit/537.36 (KHTML, like Gecko; compatible; ClaudeBot/1.0; +claudebot@anthropic.com)"
216.73.217.23 - - [06/Jun/2026:03:12:02 +0200] "GET /loja/?add-to-cart=4218&doing_wp_cron=1780338056.7367100715637207031250&orderby=price HTTP/1.1" 200 62929 "-" "Mozilla/5.0 AppleWebKit/537.36 (KHTML, like Gecko; compatible; ClaudeBot/1.0; +claudebot@anthropic.com)"
216.73.217.23 - - [06/Jun/2026:03:12:04 +0200] "GET /loja/page/8/?add-to-cart=2047&doing_wp_cron=1780561339.5231180191040039062500&orderby=menu_order HTTP/1.1" 200 63078 "-" "Mozilla/5.0 AppleWebKit/537.36 (KHTML, like Gecko; compatible; ClaudeBot/1.0; +claudebot@anthropic.com)"
216.73.217.23 - - [06/Jun/2026:03:12:07 +0200] "GET /loja/page/11/?add-to-cart=643&doing_wp_cron=1780384400.8176770210266113281250&orderby=popularity HTTP/1.1" 200 63367 "-" "Mozilla/5.0 AppleWebKit/537.36 (KHTML, like Gecko; compatible; ClaudeBot/1.0; +claudebot@anthropic.com)"
57.141.20.14 - - [06/Jun/2026:03:12:08 +0200] "GET /news-sitemap.xml?doing_wp_cron=1769997553.8829610347747802734375 HTTP/1.1" 404 371958 "-" "meta-externalagent/1.1 (+https://developers.facebook.com/docs/sharing/webmasters/crawler)"
216.73.217.23 - - [06/Jun/2026:03:12:10 +0200] "GET /loja/page/6/?add-to-cart=621&doing_wp_cron=1780505792.6709280014038085937500&orderby=menu_order HTTP/1.1" 200 63449 "-" "Mozilla/5.0 AppleWebKit/537.36 (KHTML, like Gecko; compatible; ClaudeBot/1.0; +claudebot@anthropic.com)"
54.156.11.49 - - [06/Jun/2026:03:12:12 +0200] "GET /produto/atum-em-azeite-bom-petisco/ HTTP/1.1" 302 102 "-" "Mozilla/5.0 (Macintosh; Intel Mac OS X 10_10_1) AppleWebKit/600.2.5 (KHTML, like Gecko) Version/8.0.2 Safari/600.2.5 (Lanai)"
216.73.217.23 - - [06/Jun/2026:03:12:13 +0200] "GET /loja/page/8/?add-to-cart=610&doing_wp_cron=1780208025.6175029277801513671875&orderby=popularity HTTP/1.1" 200 64228 "-" "Mozilla/5.0 AppleWebKit/537.36 (KHTML, like Gecko; compatible; ClaudeBot/1.0; +claudebot@anthropic.com)"
54.81.199.30 - - [06/Jun/2026:03:12:13 +0200] "GET /produto/atum-em-azeite-bom-petisco/?doing_wp_cron=1780708332.5211451053619384765625 HTTP/1.1" 200 57835 "-" "Mozilla/5.0 (Macintosh; Intel Mac OS X 10_10_1) AppleWebKit/600.2.5 (KHTML, like Gecko) Version/8.0.2 Safari/600.2.5 (Lanai)"
54.165.169.15 - - [06/Jun/2026:03:12:15 +0200] "GET /wp-content/uploads/2021/07/ATBOMPET003-azeite_bom_petisco.jpg HTTP/1.1" 200 337857 "-" "Mozilla/5.0 (Macintosh; Intel Mac OS X 10_10_1) AppleWebKit/600.2.5 (KHTML, like Gecko) Version/8.0.2 Safari/600.2.5 (Lanai)"
216.73.217.23 - - [06/Jun/2026:03:12:16 +0200] "GET /loja/page/6/?add-to-cart=727&doing_wp_cron=1780582556.8518009185791015625000&orderby=menu_order HTTP/1.1" 200 63645 "-" "Mozilla/5.0 AppleWebKit/537.36 (KHTML, like Gecko; compatible; ClaudeBot/1.0; +claudebot@anthropic.com)"
216.73.217.23 - - [06/Jun/2026:03:12:19 +0200] "GET /loja/page/9/?add-to-cart=541&doing_wp_cron=1701153572.9826118946075439453125&orderby=menu_order HTTP/1.1" 200 63979 "-" "Mozilla/5.0 AppleWebKit/537.36 (KHTML, like Gecko; compatible; ClaudeBot/1.0; +claudebot@anthropic.com)"
216.73.217.23 - - [06/Jun/2026:03:12:22 +0200] "GET /loja/page/5/?add-to-cart=610&doing_wp_cron=1780445092.3632619380950927734375&orderby=date HTTP/1.1" 200 63971 "-" "Mozilla/5.0 AppleWebKit/537.36 (KHTML, like Gecko; compatible; ClaudeBot/1.0; +claudebot@anthropic.com)"
216.73.217.23 - - [06/Jun/2026:03:12:25 +0200] "GET /loja/page/8/?add-to-cart=2040&doing_wp_cron=1780505780.8484859466552734375000&orderby=popularity HTTP/1.1" 200 64658 "-" "Mozilla/5.0 AppleWebKit/537.36 (KHTML, like Gecko; compatible; ClaudeBot/1.0; +claudebot@anthropic.com)"
216.73.217.23 - - [06/Jun/2026:03:12:28 +0200] "GET /loja/page/4/?add-to-cart=827&doing_wp_cron=1780345137.3122010231018066406250&orderby=date HTTP/1.1" 200 64670 "-" "Mozilla/5.0 AppleWebKit/537.36 (KHTML, like Gecko; compatible; ClaudeBot/1.0; +claudebot@anthropic.com)"
216.73.217.23 - - [06/Jun/2026:03:12:31 +0200] "GET /categoria-produto/mercearia/?add-to-cart=2041&doing_wp_cron=1780383920.6364150047302246093750&orderby=popularity HTTP/1.1" 200 64737 "-" "Mozilla/5.0 AppleWebKit/537.36 (KHTML, like Gecko; compatible; ClaudeBot/1.0; +claudebot@anthropic.com)"
216.73.217.23 - - [06/Jun/2026:03:12:37 +0200] "GET /loja/page/8/?add-to-cart=574&doing_wp_cron=1780455680.5886950492858886718750&orderby=date HTTP/1.1" 200 60917 "-" "Mozilla/5.0 AppleWebKit/537.36 (KHTML, like Gecko; compatible; ClaudeBot/1.0; +claudebot@anthropic.com)"
216.73.217.23 - - [06/Jun/2026:03:12:39 +0200] "GET /loja/?add-to-cart=240&doing_wp_cron=1780207778.1771409511566162109375&orderby=price HTTP/1.1" 200 62925 "-" "Mozilla/5.0 AppleWebKit/537.36 (KHTML, like Gecko; compatible; ClaudeBot/1.0; +claudebot@anthropic.com)"
114.119.149.254 - - [06/Jun/2026:03:12:40 +0200] "GET /loja/page/7/?doing_wp_cron=1780597634.1829628944396972656250 HTTP/1.1" 200 64260 "https://www.baudefruta.pt/loja/page/8/?doing_wp_cron=1779703860.0695960521697998046875" "Mozilla/5.0 (Linux; Android 7.0;) AppleWebKit/537.36 (HTML, like Gecko) Mobile Safari/537.36 (compatible; PetalBot;+https://webmaster.petalsearch.com/site/petalbot)"
57.141.20.29 - - [06/Jun/2026:03:12:42 +0200] "GET /sitemap-index.xml?doing_wp_cron=1764717350.6633980274200439453125 HTTP/1.1" 404 298139 "-" "meta-externalagent/1.1 (+https://developers.facebook.com/docs/sharing/webmasters/crawler)"
216.73.217.23 - - [06/Jun/2026:03:12:43 +0200] "GET /loja/?add-to-cart=458&doing_wp_cron=1780298590.2811610698699951171875&orderby=price-desc HTTP/1.1" 200 63488 "-" "Mozilla/5.0 AppleWebKit/537.36 (KHTML, like Gecko; compatible; ClaudeBot/1.0; +claudebot@anthropic.com)"
216.73.217.23 - - [06/Jun/2026:03:12:45 +0200] "GET /categoria-produto/mercearia/?add-to-cart=630&doing_wp_cron=1780265318.2151339054107666015625&orderby=menu_order HTTP/1.1" 200 63159 "-" "Mozilla/5.0 AppleWebKit/537.36 (KHTML, like Gecko; compatible; ClaudeBot/1.0; +claudebot@anthropic.com)"
17.241.75.73 - - [06/Jun/2026:03:12:46 +0200] "GET /loja/page/10/?doing_wp_cron=1778769705.7689321041107177734375 HTTP/1.1" 200 59504 "-" "Mozilla/5.0 (Macintosh; Intel Mac OS X 10_15_7) AppleWebKit/605.1.15 (KHTML, like Gecko) Version/17.4 Safari/605.1.15 (Applebot/0.1; +http://www.apple.com/go/applebot)"
216.73.217.23 - - [06/Jun/2026:03:12:48 +0200] "GET /categoria-produto/mercearia/?add-to-cart=2040&doing_wp_cron=1780415239.5261960029602050781250&orderby=date HTTP/1.1" 200 63187 "-" "Mozilla/5.0 AppleWebKit/537.36 (KHTML, like Gecko; compatible; ClaudeBot/1.0; +claudebot@anthropic.com)"
216.73.217.23 - - [06/Jun/2026:03:12:51 +0200] "GET /loja/page/11/?add-to-cart=1542&doing_wp_cron=1778138237.6326730251312255859375&orderby=popularity HTTP/1.1" 200 63831 "-" "Mozilla/5.0 AppleWebKit/537.36 (KHTML, like Gecko; compatible; ClaudeBot/1.0; +claudebot@anthropic.com)"
216.73.217.23 - - [06/Jun/2026:03:12:54 +0200] "GET /loja/page/5/?add-to-cart=1995&doing_wp_cron=1780356298.9136428833007812500000&orderby=date HTTP/1.1" 200 64089 "-" "Mozilla/5.0 AppleWebKit/537.36 (KHTML, like Gecko; compatible; ClaudeBot/1.0; +claudebot@anthropic.com)"
216.73.217.23 - - [06/Jun/2026:03:12:57 +0200] "GET /loja/page/6/?add-to-cart=763&doing_wp_cron=1780398923.3932321071624755859375&orderby=date HTTP/1.1" 200 64120 "-" "Mozilla/5.0 AppleWebKit/537.36 (KHTML, like Gecko; compatible; ClaudeBot/1.0; +claudebot@anthropic.com)"
216.73.217.23 - - [06/Jun/2026:03:13:01 +0200] "GET /loja/page/5/?add-to-cart=777&doing_wp_cron=1780208025.6175029277801513671875&orderby=date HTTP/1.1" 200 64538 "-" "Mozilla/5.0 AppleWebKit/537.36 (KHTML, like Gecko; compatible; ClaudeBot/1.0; +claudebot@anthropic.com)"
213.171.208.232 - - [06/Jun/2026:03:13:02 +0200] "GET /wp-login.php HTTP/1.1" 200 51437 "-" "Mozilla/5.0 (X11; Fedora; Linux x86_64) AppleWebKit/537.36 (KHTML, like Gecko) Chrome/133.0.0.0 Safari/537.36"
213.171.208.232 - - [06/Jun/2026:03:13:03 +0200] "POST /wp-login.php HTTP/1.1" 405 552 "https://baudefruta.pt/wp-login.php" "Mozilla/5.0 (X11; Fedora; Linux x86_64) AppleWebKit/537.36 (KHTML, like Gecko) Chrome/133.0.0.0 Safari/537.36"
216.73.217.23 - - [06/Jun/2026:03:13:04 +0200] "GET /loja/page/6/?add-to-cart=761&doing_wp_cron=1780338116.7118010520935058593750&orderby=date HTTP/1.1" 200 64536 "-" "Mozilla/5.0 AppleWebKit/537.36 (KHTML, like Gecko; compatible; ClaudeBot/1.0; +claudebot@anthropic.com)"
216.73.217.23 - - [06/Jun/2026:03:13:06 +0200] "GET /categoria-produto/mercearia/temperos/?add-to-cart=735&doing_wp_cron=1780209280.2084410190582275390625&orderby=date HTTP/1.1" 200 62927 "-" "Mozilla/5.0 AppleWebKit/537.36 (KHTML, like Gecko; compatible; ClaudeBot/1.0; +claudebot@anthropic.com)"
216.73.217.23 - - [06/Jun/2026:03:13:09 +0200] "GET /loja/?add-to-cart=4228&doing_wp_cron=1780384400.8176770210266113281250&orderby=price HTTP/1.1" 200 65157 "-" "Mozilla/5.0 AppleWebKit/537.36 (KHTML, like Gecko; compatible; ClaudeBot/1.0; +claudebot@anthropic.com)"
216.73.217.23 - - [06/Jun/2026:03:13:12 +0200] "GET /categoria-produto/mercearia/?add-to-cart=895&doing_wp_cron=1780263777.0081369876861572265625&orderby=date HTTP/1.1" 200 64920 "-" "Mozilla/5.0 AppleWebKit/537.36 (KHTML, like Gecko; compatible; ClaudeBot/1.0; +claudebot@anthropic.com)"
216.73.217.23 - - [06/Jun/2026:03:13:15 +0200] "GET /loja/page/5/?add-to-cart=793&doing_wp_cron=1780462796.7094769477844238281250&orderby=price HTTP/1.1" 200 65876 "-" "Mozilla/5.0 AppleWebKit/537.36 (KHTML, like Gecko; compatible; ClaudeBot/1.0; +claudebot@anthropic.com)"
216.73.217.23 - - [06/Jun/2026:03:13:18 +0200] "GET /produto/mistura-tropical/?add-to-cart=706&doing_wp_cron=1780442279.4517109394073486328125 HTTP/1.1" 200 63912 "-" "Mozilla/5.0 AppleWebKit/537.36 (KHTML, like Gecko; compatible; ClaudeBot/1.0; +claudebot@anthropic.com)"
52.167.144.25 - - [06/Jun/2026:03:13:21 +0200] "GET /loja/page/6/?doing_wp_cron=1749485712.9523379802703857421875&orderby=date HTTP/1.1" 200 60309 "-" "Mozilla/5.0 AppleWebKit/537.36 (KHTML, like Gecko; compatible; bingbot/2.0; +http://www.bing.com/bingbot.htm) Chrome/116.0.1938.76 Safari/537.36"
117.235.204.203 - - [06/Jun/2026:03:13:21 +0200] "GET /produto/ovos-matinados-cal-m-l/?add-to-cart=524&doing_wp_cron=1779604774.4251370429992675781250 HTTP/1.1" 200 59319 "-" "Mozilla/5.0 (iPod; U; CPU iPhone OS 4_0 like Mac OS X; sw-TZ) AppleWebKit/534.18.3 (KHTML, like Gecko) Version/4.0.5 Mobile/8B113 Safari/6534.18.3"
216.73.217.23 - - [06/Jun/2026:03:13:21 +0200] "GET /loja/?add-to-cart=510&doing_wp_cron=1780454178.6453809738159179687500&orderby=price HTTP/1.1" 200 65905 "-" "Mozilla/5.0 AppleWebKit/537.36 (KHTML, like Gecko; compatible; ClaudeBot/1.0; +claudebot@anthropic.com)"
216.73.217.23 - - [06/Jun/2026:03:13:25 +0200] "GET /categoria-produto/mercearia/?add-to-cart=699&doing_wp_cron=1780213407.4605929851531982421875&orderby=popularity HTTP/1.1" 200 66272 "-" "Mozilla/5.0 AppleWebKit/537.36 (KHTML, like Gecko; compatible; ClaudeBot/1.0; +claudebot@anthropic.com)"
216.73.217.23 - - [06/Jun/2026:03:13:27 +0200] "GET /loja/?add-to-cart=2037&doing_wp_cron=1780388658.8284630775451660156250&orderby=price HTTP/1.1" 200 66262 "-" "Mozilla/5.0 AppleWebKit/537.36 (KHTML, like Gecko; compatible; ClaudeBot/1.0; +claudebot@anthropic.com)"
52.167.144.25 - - [06/Jun/2026:03:13:28 +0200] "GET /loja/page/9/?orderby=popularity&doing_wp_cron=1764541485.1962509155273437500000 HTTP/1.1" 200 60854 "-" "Mozilla/5.0 AppleWebKit/537.36 (KHTML, like Gecko; compatible; bingbot/2.0; +http://www.bing.com/bingbot.htm) Chrome/116.0.1938.76 Safari/537.36"
52.167.144.25 - - [06/Jun/2026:03:13:30 +0200] "GET /loja/page/3/?doing_wp_cron=1681474033.9208989143371582031250&orderby=popularity HTTP/1.1" 200 60463 "-" "Mozilla/5.0 AppleWebKit/537.36 (KHTML, like Gecko; compatible; bingbot/2.0; +http://www.bing.com/bingbot.htm) Chrome/116.0.1938.76 Safari/537.36"
216.73.217.23 - - [06/Jun/2026:03:13:30 +0200] "GET /categoria-produto/mercearia/?add-to-cart=1989&doing_wp_cron=1780212829.0223939418792724609375&orderby=date HTTP/1.1" 200 66014 "-" "Mozilla/5.0 AppleWebKit/537.36 (KHTML, like Gecko; compatible; ClaudeBot/1.0; +claudebot@anthropic.com)"
52.167.144.25 - - [06/Jun/2026:03:13:33 +0200] "GET /loja/page/7/?doing_wp_cron=1749486424.0255980491638183593750&orderby=menu_order HTTP/1.1" 200 60457 "-" "Mozilla/5.0 AppleWebKit/537.36 (KHTML, like Gecko; compatible; bingbot/2.0; +http://www.bing.com/bingbot.htm) Chrome/116.0.1938.76 Safari/537.36"
216.73.217.23 - - [06/Jun/2026:03:13:33 +0200] "GET /loja/page/3/?add-to-cart=782&doing_wp_cron=1780552196.7174270153045654296875&orderby=price HTTP/1.1" 200 66635 "-" "Mozilla/5.0 AppleWebKit/537.36 (KHTML, like Gecko; compatible; ClaudeBot/1.0; +claudebot@anthropic.com)"
216.73.217.23 - - [06/Jun/2026:03:13:37 +0200] "GET /loja/page/9/?add-to-cart=513&doing_wp_cron=1770738320.9674439430236816406250&orderby=date HTTP/1.1" 200 66108 "-" "Mozilla/5.0 AppleWebKit/537.36 (KHTML, like Gecko; compatible; ClaudeBot/1.0; +claudebot@anthropic.com)"
216.73.217.23 - - [06/Jun/2026:03:13:41 +0200] "GET /loja/page/6/?add-to-cart=1994&doing_wp_cron=1780319098.8176429271697998046875&orderby=price HTTP/1.1" 200 61393 "-" "Mozilla/5.0 AppleWebKit/537.36 (KHTML, like Gecko; compatible; ClaudeBot/1.0; +claudebot@anthropic.com)"
216.73.217.23 - - [06/Jun/2026:03:13:44 +0200] "GET /loja/page/3/?add-to-cart=1681&doing_wp_cron=1780494319.6479558944702148437500&orderby=price HTTP/1.1" 200 61447 "-" "Mozilla/5.0 AppleWebKit/537.36 (KHTML, like Gecko; compatible; ClaudeBot/1.0; +claudebot@anthropic.com)"
216.73.217.23 - - [06/Jun/2026:03:13:47 +0200] "GET /categoria-produto/mercearia/?add-to-cart=4337&doing_wp_cron=1780390058.8912529945373535156250&orderby=popularity HTTP/1.1" 200 61724 "-" "Mozilla/5.0 AppleWebKit/537.36 (KHTML, like Gecko; compatible; ClaudeBot/1.0; +claudebot@anthropic.com)"
216.73.217.23 - - [06/Jun/2026:03:13:50 +0200] "GET /loja/?add-to-cart=4235&doing_wp_cron=1780384400.8176770210266113281250&orderby=price HTTP/1.1" 200 61826 "-" "Mozilla/5.0 AppleWebKit/537.36 (KHTML, like Gecko; compatible; ClaudeBot/1.0; +claudebot@anthropic.com)"
216.73.217.23 - - [06/Jun/2026:03:13:53 +0200] "GET /loja/page/2/?add-to-cart=504&doing_wp_cron=1780383896.6204249858856201171875&orderby=price HTTP/1.1" 200 61928 "-" "Mozilla/5.0 AppleWebKit/537.36 (KHTML, like Gecko; compatible; ClaudeBot/1.0; +claudebot@anthropic.com)"
216.73.217.23 - - [06/Jun/2026:03:13:56 +0200] "GET /loja/page/10/?add-to-cart=829&doing_wp_cron=1780319120.4665279388427734375000&orderby=date HTTP/1.1" 200 61795 "-" "Mozilla/5.0 AppleWebKit/537.36 (KHTML, like Gecko; compatible; ClaudeBot/1.0; +claudebot@anthropic.com)"
216.73.217.23 - - [06/Jun/2026:03:13:59 +0200] "GET /loja/?add-to-cart=510&doing_wp_cron=1780424179.3111770153045654296875&orderby=price HTTP/1.1" 200 62471 "-" "Mozilla/5.0 AppleWebKit/537.36 (KHTML, like Gecko; compatible; ClaudeBot/1.0; +claudebot@anthropic.com)"
216.73.217.23 - - [06/Jun/2026:03:14:02 +0200] "GET /loja/page/4/?add-to-cart=901&doing_wp_cron=1780424113.2975559234619140625000&orderby=date HTTP/1.1" 200 62899 "-" "Mozilla/5.0 AppleWebKit/537.36 (KHTML, like Gecko; compatible; ClaudeBot/1.0; +claudebot@anthropic.com)"
114.119.152.161 - - [06/Jun/2026:03:14:03 +0200] "GET /loja/page/7/?doing_wp_cron=1771608409.0995390415191650390625&orderby=price HTTP/1.1" 200 60580 "https://www.baudefruta.pt/loja/page/9/?doing_wp_cron=1771608409.0995390415191650390625&orderby=price" "Mozilla/5.0 (Linux; Android 7.0;) AppleWebKit/537.36 (HTML, like Gecko) Mobile Safari/537.36 (compatible; PetalBot;+https://webmaster.petalsearch.com/site/petalbot)"
216.73.217.23 - - [06/Jun/2026:03:14:05 +0200] "GET /loja/page/2/?add-to-cart=702&doing_wp_cron=1780521228.9134140014648437500000&orderby=price HTTP/1.1" 200 62833 "-" "Mozilla/5.0 AppleWebKit/537.36 (KHTML, like Gecko; compatible; ClaudeBot/1.0; +claudebot@anthropic.com)"
216.73.217.23 - - [06/Jun/2026:03:14:08 +0200] "GET /categoria-produto/mercearia/?add-to-cart=2042&doing_wp_cron=1780349877.2924160957336425781250&orderby=date HTTP/1.1" 200 62633 "-" "Mozilla/5.0 AppleWebKit/537.36 (KHTML, like Gecko; compatible; ClaudeBot/1.0; +claudebot@anthropic.com)"
216.73.217.23 - - [06/Jun/2026:03:14:11 +0200] "GET /categoria-produto/mercearia/?add-to-cart=2012&doing_wp_cron=1780271038.0095450878143310546875&orderby=price HTTP/1.1" 200 63047 "-" "Mozilla/5.0 AppleWebKit/537.36 (KHTML, like Gecko; compatible; ClaudeBot/1.0; +claudebot@anthropic.com)"
216.73.217.23 - - [06/Jun/2026:03:14:14 +0200] "GET /loja/page/4/?add-to-cart=825&doing_wp_cron=1780338056.7367100715637207031250&orderby=price HTTP/1.1" 200 63570 "-" "Mozilla/5.0 AppleWebKit/537.36 (KHTML, like Gecko; compatible; ClaudeBot/1.0; +claudebot@anthropic.com)"
216.73.217.23 - - [06/Jun/2026:03:14:17 +0200] "GET /loja/page/2/?add-to-cart=604&doing_wp_cron=1780410981.3310050964355468750000&orderby=price HTTP/1.1" 200 63611 "-" "Mozilla/5.0 AppleWebKit/537.36 (KHTML, like Gecko; compatible; ClaudeBot/1.0; +claudebot@anthropic.com)"
216.73.217.23 - - [06/Jun/2026:03:14:20 +0200] "GET /categoria-produto/mercearia/?add-to-cart=1989&doing_wp_cron=1780383860.5373098850250244140625&orderby=date HTTP/1.1" 200 63450 "-" "Mozilla/5.0 AppleWebKit/537.36 (KHTML, like Gecko; compatible; ClaudeBot/1.0; +claudebot@anthropic.com)"
40.77.167.48 - - [06/Jun/2026:03:14:20 +0200] "GET /page/11/?s&doing_wp_cron=1774461523.8639070987701416015625&orderby=price-desc HTTP/1.1" 200 52516 "-" "Mozilla/5.0 AppleWebKit/537.36 (KHTML, like Gecko; compatible; bingbot/2.0; +http://www.bing.com/bingbot.htm) Chrome/116.0.1938.76 Safari/537.36"
216.73.217.23 - - [06/Jun/2026:03:14:23 +0200] "GET /categoria-produto/mercearia/?add-to-cart=1937&doing_wp_cron=1780225207.1263659000396728515625&orderby=date HTTP/1.1" 200 63673 "-" "Mozilla/5.0 AppleWebKit/537.36 (KHTML, like Gecko; compatible; ClaudeBot/1.0; +claudebot@anthropic.com)"
216.73.217.23 - - [06/Jun/2026:03:14:26 +0200] "GET /loja/page/11/?add-to-cart=649&doing_wp_cron=1780429669.1116149425506591796875&orderby=date HTTP/1.1" 200 63341 "-" "Mozilla/5.0 AppleWebKit/537.36 (KHTML, like Gecko; compatible; ClaudeBot/1.0; +claudebot@anthropic.com)"
91.92.242.223 - - [06/Jun/2026:03:14:27 +0200] "POST /wp-login.php?action=register HTTP/1.1" 403 146 "-" "-"
216.73.217.23 - - [06/Jun/2026:03:14:29 +0200] "GET /loja/page/4/?add-to-cart=1560&doing_wp_cron=1780529696.4466600418090820312500&orderby=date HTTP/1.1" 200 66358 "-" "Mozilla/5.0 AppleWebKit/537.36 (KHTML, like Gecko; compatible; ClaudeBot/1.0; +claudebot@anthropic.com)"
91.92.242.223 - - [06/Jun/2026:03:14:30 +0200] "POST /wp-login.php?action=register HTTP/1.1" 403 146 "-" "-"
216.73.217.23 - - [06/Jun/2026:03:14:32 +0200] "GET /loja/page/4/?add-to-cart=4226&doing_wp_cron=1780406878.1180000305175781250000&orderby=popularity HTTP/1.1" 200 66448 "-" "Mozilla/5.0 AppleWebKit/537.36 (KHTML, like Gecko; compatible; ClaudeBot/1.0; +claudebot@anthropic.com)"
216.73.217.23 - - [06/Jun/2026:03:14:35 +0200] "GET /loja/page/7/?add-to-cart=693&doing_wp_cron=1780505637.3969678878784179687500&orderby=date HTTP/1.1" 200 66497 "-" "Mozilla/5.0 AppleWebKit/537.36 (KHTML, like Gecko; compatible; ClaudeBot/1.0; +claudebot@anthropic.com)"
102.165.5.36 - - [06/Jun/2026:03:14:36 +0200] "GET /2021/05/11/ola-mundo/ HTTP/1.1" 200 1137265 "https://www.baudefruta.pt/" "Mozilla/5.0 (Windows NT 10.0; Win64; x64; rv:147.0) Gecko/20100101 Firefox/147.0"
216.73.217.23 - - [06/Jun/2026:03:14:38 +0200] "GET /loja/page/3/?add-to-cart=1934&doing_wp_cron=1780471518.8262639045715332031250&orderby=date HTTP/1.1" 200 61043 "-" "Mozilla/5.0 AppleWebKit/537.36 (KHTML, like Gecko; compatible; ClaudeBot/1.0; +claudebot@anthropic.com)"
216.73.217.23 - - [06/Jun/2026:03:14:41 +0200] "GET /loja/page/8/?add-to-cart=645&doing_wp_cron=1749485637.4724121093750000000000&orderby=popularity HTTP/1.1" 200 61863 "-" "Mozilla/5.0 AppleWebKit/537.36 (KHTML, like Gecko; compatible; ClaudeBot/1.0; +claudebot@anthropic.com)"
92.119.36.119 - - [06/Jun/2026:03:14:43 +0200] "GET / HTTP/1.0" 302 91 "https://baudefruta.pt/" "Mozilla/5.0 (Windows NT 10.0; Win64; x64) AppleWebKit/537.36 (KHTML, like Gecko) Chrome/130.0.0.0 Safari/537.36 CCleaner/130.0.0.0"
216.73.217.23 - - [06/Jun/2026:03:14:44 +0200] "GET /categoria-produto/mercearia/?add-to-cart=761&doing_wp_cron=1780316156.4523770809173583984375&orderby=date HTTP/1.1" 200 61181 "-" "Mozilla/5.0 AppleWebKit/537.36 (KHTML, like Gecko; compatible; ClaudeBot/1.0; +claudebot@anthropic.com)"
92.119.36.120 - - [06/Jun/2026:03:14:45 +0200] "GET /?doing_wp_cron=1780708483.1632668972015380859375 HTTP/1.0" 301 0 "https://baudefruta.pt/?doing_wp_cron=1780708483.1632668972015380859375" "Mozilla/5.0 (Windows NT 10.0; Win64; x64) AppleWebKit/537.36 (KHTML, like Gecko) Chrome/130.0.0.0 Safari/537.36 CCleaner/130.0.0.0"
40.77.179.245 - - [06/Jun/2026:03:14:47 +0200] "POST /wp-json/pum/v1/analytics/ HTTP/1.1" 204 0 "https://www.baudefruta.pt/produto/maracuja/?doing_wp_cron=1778382998.1700050830841064453125" "Mozilla/5.0 AppleWebKit/537.36 (KHTML, like Gecko; compatible; bingbot/2.0; +http://www.bing.com/bingbot.htm) Chrome/136.0.0.0 Safari/537.36"
92.119.36.113 - - [06/Jun/2026:03:14:47 +0200] "GET /?doing_wp_cron=1780708483.1632668972015380859375 HTTP/1.0" 200 470751 "https://www.baudefruta.pt/?doing_wp_cron=1780708483.1632668972015380859375" "Mozilla/5.0 (Windows NT 10.0; Win64; x64) AppleWebKit/537.36 (KHTML, like Gecko) Chrome/130.0.0.0 Safari/537.36 CCleaner/130.0.0.0"
216.73.217.23 - - [06/Jun/2026:03:14:47 +0200] "GET /loja/page/2/?add-to-cart=444&doing_wp_cron=1749485637.4724121093750000000000&orderby=date HTTP/1.1" 200 61639 "-" "Mozilla/5.0 AppleWebKit/537.36 (KHTML, like Gecko; compatible; ClaudeBot/1.0; +claudebot@anthropic.com)"
216.73.217.23 - - [06/Jun/2026:03:14:50 +0200] "GET /categoria-produto/mercearia/?add-to-cart=3502&doing_wp_cron=1780377538.3906450271606445312500&orderby=date HTTP/1.1" 200 61501 "-" "Mozilla/5.0 AppleWebKit/537.36 (KHTML, like Gecko; compatible; ClaudeBot/1.0; +claudebot@anthropic.com)"
216.73.217.23 - - [06/Jun/2026:03:14:53 +0200] "GET /categoria-produto/mercearia/?add-to-cart=893&doing_wp_cron=1780225149.9583170413970947265625&orderby=date HTTP/1.1" 200 61763 "-" "Mozilla/5.0 AppleWebKit/537.36 (KHTML, like Gecko; compatible; ClaudeBot/1.0; +claudebot@anthropic.com)"
216.73.217.23 - - [06/Jun/2026:03:14:56 +0200] "GET /categoria-produto/mercearia/?add-to-cart=624&doing_wp_cron=1780314554.0645439624786376953125&orderby=date HTTP/1.1" 200 61965 "-" "Mozilla/5.0 AppleWebKit/537.36 (KHTML, like Gecko; compatible; ClaudeBot/1.0; +claudebot@anthropic.com)"
216.73.217.23 - - [06/Jun/2026:03:14:59 +0200] "GET /loja/page/11/?add-to-cart=449&doing_wp_cron=1780247694.3308169841766357421875&orderby=price HTTP/1.1" 200 62529 "-" "Mozilla/5.0 AppleWebKit/537.36 (KHTML, like Gecko; compatible; ClaudeBot/1.0; +claudebot@anthropic.com)"
216.73.217.23 - - [06/Jun/2026:03:15:03 +0200] "GET /loja/page/6/?add-to-cart=739&doing_wp_cron=1780268890.7532269954681396484375&orderby=price HTTP/1.1" 200 63124 "-" "Mozilla/5.0 AppleWebKit/537.36 (KHTML, like Gecko; compatible; ClaudeBot/1.0; +claudebot@anthropic.com)"
216.73.217.23 - - [06/Jun/2026:03:15:05 +0200] "GET /categoria-produto/mercearia/?add-to-cart=1986&doing_wp_cron=1780203068.8095219135284423828125&orderby=date HTTP/1.1" 200 62550 "-" "Mozilla/5.0 AppleWebKit/537.36 (KHTML, like Gecko; compatible; ClaudeBot/1.0; +claudebot@anthropic.com)"
216.73.217.23 - - [06/Jun/2026:03:15:08 +0200] "GET /categoria-produto/mercearia/?add-to-cart=3502&doing_wp_cron=1780361036.2781939506530761718750&orderby=date HTTP/1.1" 200 62557 "-" "Mozilla/5.0 AppleWebKit/537.36 (KHTML, like Gecko; compatible; ClaudeBot/1.0; +claudebot@anthropic.com)"
216.73.217.23 - - [06/Jun/2026:03:15:11 +0200] "GET /loja/page/9/?add-to-cart=817&doing_wp_cron=1780205288.7391169071197509765625&orderby=menu_order HTTP/1.1" 200 63342 "-" "Mozilla/5.0 AppleWebKit/537.36 (KHTML, like Gecko; compatible; ClaudeBot/1.0; +claudebot@anthropic.com)"
216.73.217.23 - - [06/Jun/2026:03:15:15 +0200] "GET /loja/?add-to-cart=737&doing_wp_cron=1780490766.1781001091003417968750&orderby=price-desc HTTP/1.1" 200 63901 "-" "Mozilla/5.0 AppleWebKit/537.36 (KHTML, like Gecko; compatible; ClaudeBot/1.0; +claudebot@anthropic.com)"
216.73.217.23 - - [06/Jun/2026:03:15:17 +0200] "GET /loja/page/2/?add-to-cart=567&doing_wp_cron=1780345137.3122010231018066406250&orderby=price HTTP/1.1" 200 63597 "-" "Mozilla/5.0 AppleWebKit/537.36 (KHTML, like Gecko; compatible; ClaudeBot/1.0; +claudebot@anthropic.com)"
14.191.200.144 - - [06/Jun/2026:03:15:20 +0200] "GET /produto/tomate-xuxa/?doing_wp_cron=1776993988.6560990810394287109375 HTTP/1.1" 200 57760 "-" "Mozilla/5.0 (Windows NT 6.1; Win64; x64) AppleWebKit/537.36 (KHTML, like Gecko) Chrome/80.0.3987.132 Safari/537.36"
216.73.217.23 - - [06/Jun/2026:03:15:20 +0200] "GET /loja/page/7/?add-to-cart=1132&doing_wp_cron=1780445660.5325009822845458984375&orderby=price HTTP/1.1" 200 63992 "-" "Mozilla/5.0 AppleWebKit/537.36 (KHTML, like Gecko; compatible; ClaudeBot/1.0; +claudebot@anthropic.com)"
216.73.217.23 - - [06/Jun/2026:03:15:23 +0200] "GET /loja/?add-to-cart=557&doing_wp_cron=1780424420.1912429332733154296875&orderby=price HTTP/1.1" 200 64050 "-" "Mozilla/5.0 AppleWebKit/537.36 (KHTML, like Gecko; compatible; ClaudeBot/1.0; +claudebot@anthropic.com)"
216.73.217.23 - - [06/Jun/2026:03:15:26 +0200] "GET /loja/page/11/?add-to-cart=729&doing_wp_cron=1780424119.0972061157226562500000&orderby=popularity HTTP/1.1" 200 64253 "-" "Mozilla/5.0 AppleWebKit/537.36 (KHTML, like Gecko; compatible; ClaudeBot/1.0; +claudebot@anthropic.com)"
114.119.149.3 - - [06/Jun/2026:03:15:27 +0200] "GET /loja/page/7/?doing_wp_cron=1770328081.4498450756072998046875&orderby=menu_order HTTP/1.1" 200 60466 "https://www.baudefruta.pt/loja/page/7/?doing_wp_cron=1770328081.4498450756072998046875&orderby=menu_order" "Mozilla/5.0 (Linux; Android 7.0;) AppleWebKit/537.36 (HTML, like Gecko) Mobile Safari/537.36 (compatible; PetalBot;+https://webmaster.petalsearch.com/site/petalbot)"
216.73.217.23 - - [06/Jun/2026:03:15:29 +0200] "GET /loja/page/10/?add-to-cart=476&doing_wp_cron=1780549861.2518880367279052734375&orderby=date HTTP/1.1" 200 64060 "-" "Mozilla/5.0 AppleWebKit/537.36 (KHTML, like Gecko; compatible; ClaudeBot/1.0; +claudebot@anthropic.com)"
40.77.167.136 - - [06/Jun/2026:03:15:31 +0200] "GET /item/2546842?sellerview=on HTTP/1.1" 302 11 "-" "Mozilla/5.0 AppleWebKit/537.36 (KHTML, like Gecko; compatible; bingbot/2.0; +http://www.bing.com/bingbot.htm) Chrome/116.0.1938.76 Safari/537.36"
216.73.217.23 - - [06/Jun/2026:03:15:32 +0200] "GET /loja/page/8/?add-to-cart=699&doing_wp_cron=1701153572.9826118946075439453125&orderby=date HTTP/1.1" 200 64506 "-" "Mozilla/5.0 AppleWebKit/537.36 (KHTML, like Gecko; compatible; ClaudeBot/1.0; +claudebot@anthropic.com)"
40.77.167.136 - - [06/Jun/2026:03:15:33 +0200] "GET /item/2546842?sellerview=on&doing_wp_cron=1780708531.9056870937347412109375 HTTP/1.1" 301 5 "-" "Mozilla/5.0 AppleWebKit/537.36 (KHTML, like Gecko; compatible; bingbot/2.0; +http://www.bing.com/bingbot.htm) Chrome/116.0.1938.76 Safari/537.36"
40.77.167.136 - - [06/Jun/2026:03:15:34 +0200] "GET /categoria-produto/frescos HTTP/1.1" 301 5 "-" "Mozilla/5.0 AppleWebKit/537.36 (KHTML, like Gecko; compatible; bingbot/2.0; +http://www.bing.com/bingbot.htm) Chrome/116.0.1938.76 Safari/537.36"
216.73.217.23 - - [06/Jun/2026:03:15:35 +0200] "GET /loja/?add-to-cart=538&doing_wp_cron=1780406818.1222550868988037109375&orderby=price-desc HTTP/1.1" 200 65311 "-" "Mozilla/5.0 AppleWebKit/537.36 (KHTML, like Gecko; compatible; ClaudeBot/1.0; +claudebot@anthropic.com)"
216.73.217.23 - - [06/Jun/2026:03:15:38 +0200] "GET /loja/page/2/?add-to-cart=704&doing_wp_cron=1780470504.6510601043701171875000&orderby=price HTTP/1.1" 200 65034 "-" "Mozilla/5.0 AppleWebKit/537.36 (KHTML, like Gecko; compatible; ClaudeBot/1.0; +claudebot@anthropic.com)"
216.73.217.23 - - [06/Jun/2026:03:15:41 +0200] "GET /produto/arroz-cigala-carolino/?add-to-cart=649&doing_wp_cron=1780133608.7808370590209960937500 HTTP/1.1" 200 63508 "-" "Mozilla/5.0 AppleWebKit/537.36 (KHTML, like Gecko; compatible; ClaudeBot/1.0; +claudebot@anthropic.com)"
216.73.217.23 - - [06/Jun/2026:03:15:44 +0200] "GET /loja/page/5/?add-to-cart=788&doing_wp_cron=1780066683.4503800868988037109375&orderby=price HTTP/1.1" 200 65767 "-" "Mozilla/5.0 AppleWebKit/537.36 (KHTML, like Gecko; compatible; ClaudeBot/1.0; +claudebot@anthropic.com)"
52.167.144.172 - - [06/Jun/2026:03:15:45 +0200] "GET /page/16/?s&orderby=popularity&doing_wp_cron=1778242455.2406799793243408203125 HTTP/1.1" 200 52321 "-" "Mozilla/5.0 AppleWebKit/537.36 (KHTML, like Gecko; compatible; bingbot/2.0; +http://www.bing.com/bingbot.htm) Chrome/116.0.1938.76 Safari/537.36"
216.73.217.23 - - [06/Jun/2026:03:15:47 +0200] "GET /loja/page/6/?add-to-cart=935&doing_wp_cron=1780580396.5920960903167724609375&orderby=price-desc HTTP/1.1" 200 66060 "-" "Mozilla/5.0 AppleWebKit/537.36 (KHTML, like Gecko; compatible; ClaudeBot/1.0; +claudebot@anthropic.com)"
216.73.217.23 - - [06/Jun/2026:03:15:50 +0200] "GET /loja/page/9/?add-to-cart=447&doing_wp_cron=1701153572.9826118946075439453125&orderby=date HTTP/1.1" 200 65135 "-" "Mozilla/5.0 AppleWebKit/537.36 (KHTML, like Gecko; compatible; ClaudeBot/1.0; +claudebot@anthropic.com)"
216.73.217.23 - - [06/Jun/2026:03:15:53 +0200] "GET /loja/page/11/?add-to-cart=435&doing_wp_cron=1780455680.5886950492858886718750&orderby=date HTTP/1.1" 200 64961 "-" "Mozilla/5.0 AppleWebKit/537.36 (KHTML, like Gecko; compatible; ClaudeBot/1.0; +claudebot@anthropic.com)"
216.73.217.23 - - [06/Jun/2026:03:15:56 +0200] "GET /loja/page/11/?add-to-cart=2015&doing_wp_cron=1780328969.7069408893585205078125&orderby=date HTTP/1.1" 200 65146 "-" "Mozilla/5.0 AppleWebKit/537.36 (KHTML, like Gecko; compatible; ClaudeBot/1.0; +claudebot@anthropic.com)"
216.73.217.23 - - [06/Jun/2026:03:15:59 +0200] "GET /loja/page/3/?add-to-cart=628&doing_wp_cron=1780544516.9586501121520996093750&orderby=price HTTP/1.1" 200 66437 "-" "Mozilla/5.0 AppleWebKit/537.36 (KHTML, like Gecko; compatible; ClaudeBot/1.0; +claudebot@anthropic.com)"
216.73.217.23 - - [06/Jun/2026:03:16:03 +0200] "GET /loja/page/5/?add-to-cart=2014&doing_wp_cron=1780496838.3491590023040771484375&orderby=price HTTP/1.1" 200 66740 "-" "Mozilla/5.0 AppleWebKit/537.36 (KHTML, like Gecko; compatible; ClaudeBot/1.0; +claudebot@anthropic.com)"
216.73.217.23 - - [06/Jun/2026:03:16:05 +0200] "GET /loja/page/3/?add-to-cart=524&doing_wp_cron=1780356259.9063909053802490234375&orderby=price HTTP/1.1" 200 66735 "-" "Mozilla/5.0 AppleWebKit/537.36 (KHTML, like Gecko; compatible; ClaudeBot/1.0; +claudebot@anthropic.com)"
216.73.217.23 - - [06/Jun/2026:03:16:08 +0200] "GET /loja/page/2/?add-to-cart=441&doing_wp_cron=1780205258.9664719104766845703125&orderby=price HTTP/1.1" 200 66730 "-" "Mozilla/5.0 AppleWebKit/537.36 (KHTML, like Gecko; compatible; ClaudeBot/1.0; +claudebot@anthropic.com)"
216.73.217.23 - - [06/Jun/2026:03:16:11 +0200] "GET /loja/page/10/?add-to-cart=18495&doing_wp_cron=1705054787.4118249416351318359375&orderby=popularity HTTP/1.1" 200 67481 "-" "Mozilla/5.0 AppleWebKit/537.36 (KHTML, like Gecko; compatible; ClaudeBot/1.0; +claudebot@anthropic.com)"
46.55.177.199 - - [06/Jun/2026:03:16:14 +0200] "GET /categoria-produto/mercearia/?add-to-cart=745&doing_wp_cron=1779602601.9662549495697021484375&orderby=price HTTP/1.1" 200 60881 "-" "Opera/9.62.(Windows 98; quz-PE) Presto/2.9.160 Version/11.00"
216.73.217.23 - - [06/Jun/2026:03:16:14 +0200] "GET /loja/page/3/?add-to-cart=4236&doing_wp_cron=1780400178.2150061130523681640625&orderby=price-desc HTTP/1.1" 200 67537 "-" "Mozilla/5.0 AppleWebKit/537.36 (KHTML, like Gecko; compatible; ClaudeBot/1.0; +claudebot@anthropic.com)"
216.73.217.23 - - [06/Jun/2026:03:16:17 +0200] "GET /categoria-produto/mercearia/?add-to-cart=715&doing_wp_cron=1780225141.0240221023559570312500&orderby=popularity HTTP/1.1" 200 67489 "-" "Mozilla/5.0 AppleWebKit/537.36 (KHTML, like Gecko; compatible; ClaudeBot/1.0; +claudebot@anthropic.com)"
216.73.217.23 - - [06/Jun/2026:03:16:20 +0200] "GET /categoria-produto/mercearia/?add-to-cart=624&doing_wp_cron=1780198268.5399899482727050781250&orderby=date HTTP/1.1" 200 66929 "-" "Mozilla/5.0 AppleWebKit/537.36 (KHTML, like Gecko; compatible; ClaudeBot/1.0; +claudebot@anthropic.com)"
216.73.217.23 - - [06/Jun/2026:03:16:23 +0200] "GET /loja/page/4/?add-to-cart=2012&doing_wp_cron=1780455776.6261320114135742187500&orderby=price HTTP/1.1" 200 67553 "-" "Mozilla/5.0 AppleWebKit/537.36 (KHTML, like Gecko; compatible; ClaudeBot/1.0; +claudebot@anthropic.com)"
216.73.217.23 - - [06/Jun/2026:03:16:30 +0200] "GET /categoria-produto/mercearia/page/2/?doing_wp_cron=1780458140.3529419898986816406250&orderby=date HTTP/1.1" 200 59947 "-" "Mozilla/5.0 AppleWebKit/537.36 (KHTML, like Gecko; compatible; ClaudeBot/1.0; +claudebot@anthropic.com)"
216.73.217.23 - - [06/Jun/2026:03:16:32 +0200] "GET /loja/?add-to-cart=458&doing_wp_cron=1780356236.1233079433441162109375&orderby=popularity HTTP/1.1" 200 60768 "-" "Mozilla/5.0 AppleWebKit/537.36 (KHTML, like Gecko; compatible; ClaudeBot/1.0; +claudebot@anthropic.com)"
216.73.217.23 - - [06/Jun/2026:03:16:35 +0200] "GET /loja/page/5/?doing_wp_cron=1780521358.5195169448852539062500&orderby=price-desc HTTP/1.1" 200 61106 "-" "Mozilla/5.0 AppleWebKit/537.36 (KHTML, like Gecko; compatible; ClaudeBot/1.0; +claudebot@anthropic.com)"
216.73.217.23 - - [06/Jun/2026:03:16:38 +0200] "GET /loja/page/4/?add-to-cart=524&doing_wp_cron=1780498167.6054840087890625000000&orderby=date HTTP/1.1" 200 61554 "-" "Mozilla/5.0 AppleWebKit/537.36 (KHTML, like Gecko; compatible; ClaudeBot/1.0; +claudebot@anthropic.com)"
216.73.217.23 - - [06/Jun/2026:03:16:41 +0200] "GET /loja/page/3/?doing_wp_cron=1780521358.5195169448852539062500&orderby=price-desc HTTP/1.1" 200 61487 "-" "Mozilla/5.0 AppleWebKit/537.36 (KHTML, like Gecko; compatible; ClaudeBot/1.0; +claudebot@anthropic.com)"
216.73.217.23 - - [06/Jun/2026:03:16:44 +0200] "GET /loja/page/8/?doing_wp_cron=1780521299.4223439693450927734375&orderby=price-desc HTTP/1.1" 200 61434 "-" "Mozilla/5.0 AppleWebKit/537.36 (KHTML, like Gecko; compatible; ClaudeBot/1.0; +claudebot@anthropic.com)"
216.73.217.23 - - [06/Jun/2026:03:16:47 +0200] "GET /categoria-produto/mercearia/?doing_wp_cron=1780006758.0896399021148681640625&orderby=price HTTP/1.1" 200 60879 "-" "Mozilla/5.0 AppleWebKit/537.36 (KHTML, like Gecko; compatible; ClaudeBot/1.0; +claudebot@anthropic.com)"
40.77.167.22 - - [06/Jun/2026:03:16:50 +0200] "GET /sitemap.xml HTTP/1.1" 302 11 "-" "Mozilla/5.0 AppleWebKit/537.36 (KHTML, like Gecko; compatible; bingbot/2.0; +http://www.bing.com/bingbot.htm) Chrome/116.0.1938.76 Safari/537.36"
216.73.217.23 - - [06/Jun/2026:03:16:50 +0200] "GET /loja/page/9/?doing_wp_cron=1780521299.4223439693450927734375&orderby=price-desc HTTP/1.1" 200 61128 "-" "Mozilla/5.0 AppleWebKit/537.36 (KHTML, like Gecko; compatible; ClaudeBot/1.0; +claudebot@anthropic.com)"
40.77.167.22 - - [06/Jun/2026:03:16:51 +0200] "GET /sitemap.xml?doing_wp_cron=1780708610.7239921092987060546875 HTTP/1.1" 404 53264 "-" "Mozilla/5.0 AppleWebKit/537.36 (KHTML, like Gecko; compatible; bingbot/2.0; +http://www.bing.com/bingbot.htm) Chrome/116.0.1938.76 Safari/537.36"
114.119.141.203 - - [06/Jun/2026:03:16:52 +0200] "GET /loja/page/7/?doing_wp_cron=1769931991.5023200511932373046875 HTTP/1.1" 200 64260 "https://www.baudefruta.pt/loja/page/7/?doing_wp_cron=1769931991.5023200511932373046875" "Mozilla/5.0 (Linux; Android 7.0;) AppleWebKit/537.36 (HTML, like Gecko) Mobile Safari/537.36 (compatible; PetalBot;+https://webmaster.petalsearch.com/site/petalbot)"
216.73.217.23 - - [06/Jun/2026:03:16:55 +0200] "GET /categoria-produto/mercearia/?doing_wp_cron=1780377538.3906450271606445312500&orderby=price HTTP/1.1" 200 60163 "-" "Mozilla/5.0 AppleWebKit/537.36 (KHTML, like Gecko; compatible; ClaudeBot/1.0; +claudebot@anthropic.com)"
216.73.217.23 - - [06/Jun/2026:03:16:57 +0200] "GET /loja/?add-to-cart=733&doing_wp_cron=1780066683.4503800868988037109375&orderby=menu_order HTTP/1.1" 200 60981 "-" "Mozilla/5.0 AppleWebKit/537.36 (KHTML, like Gecko; compatible; ClaudeBot/1.0; +claudebot@anthropic.com)"
216.73.217.23 - - [06/Jun/2026:03:17:00 +0200] "GET /categoria-produto/mercearia/?doing_wp_cron=1780372917.0432999134063720703125&orderby=price-desc HTTP/1.1" 200 61293 "-" "Mozilla/5.0 AppleWebKit/537.36 (KHTML, like Gecko; compatible; ClaudeBot/1.0; +claudebot@anthropic.com)"
216.73.217.23 - - [06/Jun/2026:03:17:04 +0200] "GET /loja/?add-to-cart=578&doing_wp_cron=1780555436.5701129436492919921875&orderby=menu_order HTTP/1.1" 200 61178 "-" "Mozilla/5.0 AppleWebKit/537.36 (KHTML, like Gecko; compatible; ClaudeBot/1.0; +claudebot@anthropic.com)"
216.73.217.23 - - [06/Jun/2026:03:17:06 +0200] "GET /produto/alho-granulado-em-frasco/?add-to-cart=1994&doing_wp_cron=1780319602.2126159667968750000000 HTTP/1.1" 200 59641 "-" "Mozilla/5.0 AppleWebKit/537.36 (KHTML, like Gecko; compatible; ClaudeBot/1.0; +claudebot@anthropic.com)"
216.73.217.23 - - [06/Jun/2026:03:17:10 +0200] "GET /loja/?add-to-cart=559&doing_wp_cron=1780430342.1766259670257568359375&orderby=popularity HTTP/1.1" 200 61442 "-" "Mozilla/5.0 AppleWebKit/537.36 (KHTML, like Gecko; compatible; ClaudeBot/1.0; +claudebot@anthropic.com)"
