216.244.66.243 - - [06/Jun/2026:00:07:59 +0200] "GET /produto/ketchup/?add-to-cart=903&doing_wp_cron=1780276439.7740058898925781250000 HTTP/1.1" 200 404713 "-" "Mozilla/5.0 (compatible; DotBot/1.2; +https://opensiteexplorer.org/dotbot; help@moz.com)"
216.73.217.23 - - [06/Jun/2026:00:07:59 +0200] "GET /categoria-produto/mercearia/?add-to-cart=4337&doing_wp_cron=1780278490.1999869346618652343750&orderby=popularity HTTP/1.1" 200 64320 "-" "Mozilla/5.0 AppleWebKit/537.36 (KHTML, like Gecko; compatible; ClaudeBot/1.0; +claudebot@anthropic.com)"
216.73.217.23 - - [06/Jun/2026:00:08:03 +0200] "GET /loja/?add-to-cart=578&doing_wp_cron=1780415179.5259048938751220703125&orderby=price HTTP/1.1" 200 64184 "-" "Mozilla/5.0 AppleWebKit/537.36 (KHTML, like Gecko; compatible; ClaudeBot/1.0; +claudebot@anthropic.com)"
216.73.217.23 - - [06/Jun/2026:00:08:05 +0200] "GET /categoria-produto/mercearia/temperos/?add-to-cart=745&doing_wp_cron=1780209233.0873780250549316406250&orderby=popularity HTTP/1.1" 200 62412 "-" "Mozilla/5.0 AppleWebKit/537.36 (KHTML, like Gecko; compatible; ClaudeBot/1.0; +claudebot@anthropic.com)"
52.167.144.234 - - [06/Jun/2026:00:08:06 +0200] "GET /categoria-produto/frescos/frutas/?doing_wp_cron=1691071020.4435958862304687500000&orderby=price-desc HTTP/1.1" 200 59934 "-" "Mozilla/5.0 AppleWebKit/537.36 (KHTML, like Gecko; compatible; bingbot/2.0; +http://www.bing.com/bingbot.htm) Chrome/116.0.1938.76 Safari/537.36"
216.73.217.23 - - [06/Jun/2026:00:08:08 +0200] "GET /loja/page/10/?add-to-cart=474&doing_wp_cron=1701153572.9826118946075439453125&orderby=popularity HTTP/1.1" 200 65112 "-" "Mozilla/5.0 AppleWebKit/537.36 (KHTML, like Gecko; compatible; ClaudeBot/1.0; +claudebot@anthropic.com)"
91.92.242.223 - - [06/Jun/2026:00:08:11 +0200] "POST /wp-login.php?action=register HTTP/1.1" 403 146 "-" "-"
216.73.217.23 - - [06/Jun/2026:00:08:11 +0200] "GET /loja/page/5/?add-to-cart=769&doing_wp_cron=1780424113.2975559234619140625000&orderby=date HTTP/1.1" 200 64862 "-" "Mozilla/5.0 AppleWebKit/537.36 (KHTML, like Gecko; compatible; ClaudeBot/1.0; +claudebot@anthropic.com)"
216.73.217.23 - - [06/Jun/2026:00:08:14 +0200] "GET /categoria-produto/mercearia/?add-to-cart=2034&doing_wp_cron=1756896299.2631390094757080078125&orderby=popularity HTTP/1.1" 200 65189 "-" "Mozilla/5.0 AppleWebKit/537.36 (KHTML, like Gecko; compatible; ClaudeBot/1.0; +claudebot@anthropic.com)"
216.73.217.23 - - [06/Jun/2026:00:08:18 +0200] "GET /loja/page/11/?add-to-cart=497&doing_wp_cron=1749500398.4001810550689697265625&orderby=date HTTP/1.1" 200 64254 "-" "Mozilla/5.0 AppleWebKit/537.36 (KHTML, like Gecko; compatible; ClaudeBot/1.0; +claudebot@anthropic.com)"
216.73.217.23 - - [06/Jun/2026:00:08:20 +0200] "GET /loja/page/5/?add-to-cart=790&doing_wp_cron=1780471458.6715359687805175781250&orderby=date HTTP/1.1" 200 65443 "-" "Mozilla/5.0 AppleWebKit/537.36 (KHTML, like Gecko; compatible; ClaudeBot/1.0; +claudebot@anthropic.com)"
216.73.217.23 - - [06/Jun/2026:00:08:23 +0200] "GET /loja/page/2/?add-to-cart=423&doing_wp_cron=1780544538.0197379589080810546875&orderby=price HTTP/1.1" 200 65510 "-" "Mozilla/5.0 AppleWebKit/537.36 (KHTML, like Gecko; compatible; ClaudeBot/1.0; +claudebot@anthropic.com)"
216.73.217.23 - - [06/Jun/2026:00:08:26 +0200] "GET /categoria-produto/mercearia/?add-to-cart=765&doing_wp_cron=1780227920.1416950225830078125000&orderby=menu_order HTTP/1.1" 200 65487 "-" "Mozilla/5.0 AppleWebKit/537.36 (KHTML, like Gecko; compatible; ClaudeBot/1.0; +claudebot@anthropic.com)"
181.54.63.55 - - [06/Jun/2026:00:08:27 +0200] "GET /produto/ovos-matinados-cal-m-l/?add-to-cart=581&doing_wp_cron=1779788854.3586471080780029296875 HTTP/1.1" 200 59460 "-" "Mozilla/5.0 (Windows NT 6.1) AppleWebKit/533.0 (KHTML, like Gecko) Chrome/61.0.832.0 Safari/533.0"
216.73.217.23 - - [06/Jun/2026:00:08:29 +0200] "GET /loja/page/11/?add-to-cart=719&doing_wp_cron=1780406878.1180000305175781250000&orderby=popularity HTTP/1.1" 200 65736 "-" "Mozilla/5.0 AppleWebKit/537.36 (KHTML, like Gecko; compatible; ClaudeBot/1.0; +claudebot@anthropic.com)"
216.73.217.23 - - [06/Jun/2026:00:08:33 +0200] "GET /loja/?add-to-cart=4235&doing_wp_cron=1780398917.1266179084777832031250&orderby=price-desc HTTP/1.1" 200 66377 "-" "Mozilla/5.0 AppleWebKit/537.36 (KHTML, like Gecko; compatible; ClaudeBot/1.0; +claudebot@anthropic.com)"
216.73.217.23 - - [06/Jun/2026:00:08:35 +0200] "GET /categoria-produto/mercearia/?add-to-cart=1990&doing_wp_cron=1780203137.0991089344024658203125&orderby=popularity HTTP/1.1" 200 66312 "-" "Mozilla/5.0 AppleWebKit/537.36 (KHTML, like Gecko; compatible; ClaudeBot/1.0; +claudebot@anthropic.com)"
216.73.217.23 - - [06/Jun/2026:00:08:38 +0200] "GET /loja/page/11/?add-to-cart=715&doing_wp_cron=1780429669.1116149425506591796875&orderby=date HTTP/1.1" 200 65356 "-" "Mozilla/5.0 AppleWebKit/537.36 (KHTML, like Gecko; compatible; ClaudeBot/1.0; +claudebot@anthropic.com)"
216.73.217.23 - - [06/Jun/2026:00:08:41 +0200] "GET /loja/page/3/?add-to-cart=628&doing_wp_cron=1780505801.7622530460357666015625&orderby=price HTTP/1.1" 200 66546 "-" "Mozilla/5.0 AppleWebKit/537.36 (KHTML, like Gecko; compatible; ClaudeBot/1.0; +claudebot@anthropic.com)"
52.167.144.169 - - [06/Jun/2026:00:08:42 +0200] "GET /wp-content/themes/uncode/library/js/app.js?ver=997677846 HTTP/1.1" 200 41076 "https://baudefruta.pt/" "Mozilla/5.0 AppleWebKit/537.36 (KHTML, like Gecko; compatible; bingbot/2.0; +http://www.bing.com/bingbot.htm) Chrome/136.0.0.0 Safari/537.36 AppleWebKit/537.36 (KHTML, like Gecko; compatible; bingbot/2.0; +http://www.bing.com/bingbot.htm) Chrome/116.0.1938.76 Safari/537.36"
17.22.253.214 - - [06/Jun/2026:00:08:43 +0200] "GET /produto/polpa-de-tomate-com-alho-e-cebola-500g/ HTTP/1.1" 200 57954 "-" "Mozilla/5.0 (Macintosh; Intel Mac OS X 10_15_7) AppleWebKit/605.1.15 (KHTML, like Gecko) Version/17.4 Safari/605.1.15 (Applebot/0.1; +http://www.apple.com/go/applebot)"
216.73.217.23 - - [06/Jun/2026:00:08:45 +0200] "GET /categoria-produto/mercearia/?add-to-cart=1937&doing_wp_cron=1780205772.1702990531921386718750&orderby=menu_order HTTP/1.1" 200 66456 "-" "Mozilla/5.0 AppleWebKit/537.36 (KHTML, like Gecko; compatible; ClaudeBot/1.0; +claudebot@anthropic.com)"
52.167.144.169 - - [06/Jun/2026:00:08:45 +0200] "GET /wp-content/themes/uncode/library/js/plugins.js?ver=997677846 HTTP/1.1" 200 192557 "https://baudefruta.pt/" "Mozilla/5.0 AppleWebKit/537.36 (KHTML, like Gecko; compatible; bingbot/2.0; +http://www.bing.com/bingbot.htm) Chrome/136.0.0.0 Safari/537.36 AppleWebKit/537.36 (KHTML, like Gecko; compatible; bingbot/2.0; +http://www.bing.com/bingbot.htm) Chrome/116.0.1938.76 Safari/537.36"
216.73.217.23 - - [06/Jun/2026:00:08:47 +0200] "GET /categoria-produto/mercearia/?add-to-cart=889&doing_wp_cron=1780341189.7270989418029785156250&orderby=date HTTP/1.1" 200 66498 "-" "Mozilla/5.0 AppleWebKit/537.36 (KHTML, like Gecko; compatible; ClaudeBot/1.0; +claudebot@anthropic.com)"
52.167.144.199 - - [06/Jun/2026:00:08:48 +0200] "GET /wp-content/themes/uncode/library/css/uncode-icons.css?ver=997677846 HTTP/1.1" 200 12098 "https://baudefruta.pt/" "Mozilla/5.0 AppleWebKit/537.36 (KHTML, like Gecko; compatible; bingbot/2.0; +http://www.bing.com/bingbot.htm) Chrome/136.0.0.0 Safari/537.36 AppleWebKit/537.36 (KHTML, like Gecko; compatible; bingbot/2.0; +http://www.bing.com/bingbot.htm) Chrome/116.0.1938.76 Safari/537.36"
52.167.144.199 - - [06/Jun/2026:00:08:50 +0200] "GET /wp-content/themes/uncode/library/js/woocommerce-uncode.js?ver=997677846 HTTP/1.1" 200 7190 "https://baudefruta.pt/" "Mozilla/5.0 AppleWebKit/537.36 (KHTML, like Gecko; compatible; bingbot/2.0; +http://www.bing.com/bingbot.htm) Chrome/136.0.0.0 Safari/537.36 AppleWebKit/537.36 (KHTML, like Gecko; compatible; bingbot/2.0; +http://www.bing.com/bingbot.htm) Chrome/116.0.1938.76 Safari/537.36"
216.73.217.23 - - [06/Jun/2026:00:08:50 +0200] "GET /loja/page/2/?add-to-cart=2040&doing_wp_cron=1780328969.7069408893585205078125&orderby=date HTTP/1.1" 200 66940 "-" "Mozilla/5.0 AppleWebKit/537.36 (KHTML, like Gecko; compatible; ClaudeBot/1.0; +claudebot@anthropic.com)"
52.167.144.234 - - [06/Jun/2026:00:08:52 +0200] "GET /wp-content/themes/baudefruta-un/style.css?ver=1981816410 HTTP/1.1" 200 896 "https://baudefruta.pt/" "Mozilla/5.0 AppleWebKit/537.36 (KHTML, like Gecko; compatible; bingbot/2.0; +http://www.bing.com/bingbot.htm) Chrome/136.0.0.0 Safari/537.36 AppleWebKit/537.36 (KHTML, like Gecko; compatible; bingbot/2.0; +http://www.bing.com/bingbot.htm) Chrome/116.0.1938.76 Safari/537.36"
114.119.150.140 - - [06/Jun/2026:00:08:52 +0200] "GET /loja/page/7/?orderby=price&doing_wp_cron=1686120988.4610750675201416015625 HTTP/1.1" 200 60585 "https://www.baudefruta.pt/loja/page/7/?orderby=price-desc&doing_wp_cron=1686120988.4610750675201416015625" "Mozilla/5.0 (Linux; Android 7.0;) AppleWebKit/537.36 (HTML, like Gecko) Mobile Safari/537.36 (compatible; PetalBot;+https://webmaster.petalsearch.com/site/petalbot)"
52.167.144.199 - - [06/Jun/2026:00:08:54 +0200] "POST /wp-json/pum/v1/analytics HTTP/1.1" 204 0 "https://baudefruta.pt/" "Mozilla/5.0 AppleWebKit/537.36 (KHTML, like Gecko; compatible; bingbot/2.0; +http://www.bing.com/bingbot.htm) Chrome/136.0.0.0 Safari/537.36 AppleWebKit/537.36 (KHTML, like Gecko; compatible; bingbot/2.0; +http://www.bing.com/bingbot.htm) Chrome/116.0.1938.76 Safari/537.36"
216.73.217.23 - - [06/Jun/2026:00:08:54 +0200] "GET /loja/?add-to-cart=4233&doing_wp_cron=1780457004.9740800857543945312500&orderby=menu_order HTTP/1.1" 200 60902 "-" "Mozilla/5.0 AppleWebKit/537.36 (KHTML, like Gecko; compatible; ClaudeBot/1.0; +claudebot@anthropic.com)"
216.73.217.23 - - [06/Jun/2026:00:08:56 +0200] "GET /produto/cebola-roxa/?add-to-cart=439&doing_wp_cron=1780226091.3126060962677001953125 HTTP/1.1" 200 59394 "-" "Mozilla/5.0 AppleWebKit/537.36 (KHTML, like Gecko; compatible; ClaudeBot/1.0; +claudebot@anthropic.com)"
52.167.144.199 - - [06/Jun/2026:00:08:57 +0200] "GET /loja/page/5/?doing_wp_cron=1699577175.4842650890350341796875&orderby=date HTTP/1.1" 200 60427 "-" "Mozilla/5.0 AppleWebKit/537.36 (KHTML, like Gecko; compatible; bingbot/2.0; +http://www.bing.com/bingbot.htm) Chrome/116.0.1938.76 Safari/537.36"
216.73.217.23 - - [06/Jun/2026:00:09:00 +0200] "GET /loja/page/7/?add-to-cart=458&doing_wp_cron=1780637652.3290569782257080078125&orderby=menu_order HTTP/1.1" 200 61553 "-" "Mozilla/5.0 AppleWebKit/537.36 (KHTML, like Gecko; compatible; ClaudeBot/1.0; +claudebot@anthropic.com)"
52.167.144.199 - - [06/Jun/2026:00:09:03 +0200] "GET /loja/page/7/?doing_wp_cron=1680469064.4596960544586181640625&orderby=price-desc HTTP/1.1" 200 60591 "-" "Mozilla/5.0 AppleWebKit/537.36 (KHTML, like Gecko; compatible; bingbot/2.0; +http://www.bing.com/bingbot.htm) Chrome/116.0.1938.76 Safari/537.36"
216.73.217.23 - - [06/Jun/2026:00:09:03 +0200] "GET /produto/groselha/?add-to-cart=587&doing_wp_cron=1780421825.1470160484313964843750 HTTP/1.1" 200 59478 "-" "Mozilla/5.0 AppleWebKit/537.36 (KHTML, like Gecko; compatible; ClaudeBot/1.0; +claudebot@anthropic.com)"
216.73.217.23 - - [06/Jun/2026:00:09:06 +0200] "GET /produto/couve-coracao/?add-to-cart=4227&doing_wp_cron=1780631358.2255659103393554687500 HTTP/1.1" 200 60002 "-" "Mozilla/5.0 AppleWebKit/537.36 (KHTML, like Gecko; compatible; ClaudeBot/1.0; +claudebot@anthropic.com)"
46.105.39.49 - - [06/Jun/2026:00:09:08 +0200] "GET / HTTP/1.1" 302 102 "-" "Mozilla/5.0 (compatible; MJ12bot/v2.0.5; http://mj12bot.com/)"
46.105.39.49 - - [06/Jun/2026:00:09:09 +0200] "GET /?doing_wp_cron=1780697348.6890769004821777343750 HTTP/1.1" 301 5 "-" "Mozilla/5.0 (compatible; MJ12bot/v2.0.5; http://mj12bot.com/)"
216.73.217.23 - - [06/Jun/2026:00:09:09 +0200] "GET /produto/figo-seco-com-farinha/?add-to-cart=829&doing_wp_cron=1780680129.0401239395141601562500 HTTP/1.1" 200 60294 "-" "Mozilla/5.0 AppleWebKit/537.36 (KHTML, like Gecko; compatible; ClaudeBot/1.0; +claudebot@anthropic.com)"
46.105.39.49 - - [06/Jun/2026:00:09:09 +0200] "GET /?doing_wp_cron=1780697348.6890769004821777343750 HTTP/1.1" 200 61392 "-" "Mozilla/5.0 (compatible; MJ12bot/v2.0.5; http://mj12bot.com/)"
52.167.144.199 - - [06/Jun/2026:00:09:09 +0200] "GET /?doing_wp_cron=1690801416.9932720661163330078125 HTTP/1.1" 200 61392 "-" "Mozilla/5.0 AppleWebKit/537.36 (KHTML, like Gecko; compatible; bingbot/2.0; +http://www.bing.com/bingbot.htm) Chrome/116.0.1938.76 Safari/537.36"
216.73.217.23 - - [06/Jun/2026:00:09:12 +0200] "GET /produto/couve-coracao/?add-to-cart=557&doing_wp_cron=1780631358.2255659103393554687500 HTTP/1.1" 200 60590 "-" "Mozilla/5.0 AppleWebKit/537.36 (KHTML, like Gecko; compatible; ClaudeBot/1.0; +claudebot@anthropic.com)"
46.105.39.49 - - [06/Jun/2026:00:09:12 +0200] "GET / HTTP/1.1" 200 61392 "-" "Mozilla/5.0 (compatible; MJ12bot/v2.0.5; http://mj12bot.com/)"
52.167.144.234 - - [06/Jun/2026:00:09:14 +0200] "GET /wp-content/themes/uncode/library/js/init.js?ver=997677846 HTTP/1.1" 200 38505 "https://baudefruta.pt/" "Mozilla/5.0 AppleWebKit/537.36 (KHTML, like Gecko; compatible; bingbot/2.0; +http://www.bing.com/bingbot.htm) Chrome/136.0.0.0 Safari/537.36 AppleWebKit/537.36 (KHTML, like Gecko; compatible; bingbot/2.0; +http://www.bing.com/bingbot.htm) Chrome/116.0.1938.76 Safari/537.36"
216.73.217.23 - - [06/Jun/2026:00:09:15 +0200] "GET /categoria-produto/mercearia/page/3/?doing_wp_cron=1780630267.4977529048919677734375&orderby=popularity HTTP/1.1" 200 62402 "-" "Mozilla/5.0 AppleWebKit/537.36 (KHTML, like Gecko; compatible; ClaudeBot/1.0; +claudebot@anthropic.com)"
52.167.144.234 - - [06/Jun/2026:00:09:17 +0200] "GET /wp-content/themes/uncode/library/css/woocommerce.css?ver=997677846 HTTP/1.1" 200 20067 "https://baudefruta.pt/" "Mozilla/5.0 AppleWebKit/537.36 (KHTML, like Gecko; compatible; bingbot/2.0; +http://www.bing.com/bingbot.htm) Chrome/136.0.0.0 Safari/537.36 AppleWebKit/537.36 (KHTML, like Gecko; compatible; bingbot/2.0; +http://www.bing.com/bingbot.htm) Chrome/116.0.1938.76 Safari/537.36"
216.73.217.23 - - [06/Jun/2026:00:09:18 +0200] "GET /loja/page/7/?add-to-cart=421&doing_wp_cron=1780637652.3290569782257080078125&orderby=menu_order HTTP/1.1" 200 62633 "-" "Mozilla/5.0 AppleWebKit/537.36 (KHTML, like Gecko; compatible; ClaudeBot/1.0; +claudebot@anthropic.com)"
52.167.144.234 - - [06/Jun/2026:00:09:20 +0200] "GET /wp-content/themes/uncode/library/css/style.css?ver=997677846 HTTP/1.1" 200 70140 "https://baudefruta.pt/" "Mozilla/5.0 AppleWebKit/537.36 (KHTML, like Gecko; compatible; bingbot/2.0; +http://www.bing.com/bingbot.htm) Chrome/136.0.0.0 Safari/537.36 AppleWebKit/537.36 (KHTML, like Gecko; compatible; bingbot/2.0; +http://www.bing.com/bingbot.htm) Chrome/116.0.1938.76 Safari/537.36"
216.73.217.23 - - [06/Jun/2026:00:09:21 +0200] "GET /produto/couve-flor/?add-to-cart=4227&doing_wp_cron=1780265829.6814959049224853515625 HTTP/1.1" 200 60605 "-" "Mozilla/5.0 AppleWebKit/537.36 (KHTML, like Gecko; compatible; ClaudeBot/1.0; +claudebot@anthropic.com)"
216.73.217.23 - - [06/Jun/2026:00:09:24 +0200] "GET /loja/page/8/?doing_wp_cron=1780445092.3632619380950927734375&orderby=price-desc HTTP/1.1" 200 62710 "-" "Mozilla/5.0 AppleWebKit/537.36 (KHTML, like Gecko; compatible; ClaudeBot/1.0; +claudebot@anthropic.com)"
216.73.217.23 - - [06/Jun/2026:00:09:27 +0200] "GET /loja/?add-to-cart=683&doing_wp_cron=1780338056.7367100715637207031250&orderby=menu_order HTTP/1.1" 200 62636 "-" "Mozilla/5.0 AppleWebKit/537.36 (KHTML, like Gecko; compatible; ClaudeBot/1.0; +claudebot@anthropic.com)"
216.73.217.23 - - [06/Jun/2026:00:09:30 +0200] "GET /loja/?add-to-cart=788&doing_wp_cron=1780268890.7532269954681396484375&orderby=menu_order HTTP/1.1" 200 62865 "-" "Mozilla/5.0 AppleWebKit/537.36 (KHTML, like Gecko; compatible; ClaudeBot/1.0; +claudebot@anthropic.com)"
57.141.20.33 - - [06/Jun/2026:00:09:31 +0200] "GET /sitemap.html?doing_wp_cron=1767866658.4646630287170410156250 HTTP/1.1" 404 298241 "-" "meta-externalagent/1.1 (+https://developers.facebook.com/docs/sharing/webmasters/crawler)"
91.92.242.223 - - [06/Jun/2026:00:09:32 +0200] "POST /wp-login.php?action=register HTTP/1.1" 403 146 "-" "-"
216.73.217.23 - - [06/Jun/2026:00:09:33 +0200] "GET /loja/page/8/?doing_wp_cron=1780415118.9577500820159912109375&orderby=price-desc HTTP/1.1" 200 63127 "-" "Mozilla/5.0 AppleWebKit/537.36 (KHTML, like Gecko; compatible; ClaudeBot/1.0; +claudebot@anthropic.com)"
216.73.217.23 - - [06/Jun/2026:00:09:36 +0200] "GET /categoria-produto/mercearia/page/6/?doing_wp_cron=1780349838.2851428985595703125000&orderby=date HTTP/1.1" 200 60271 "-" "Mozilla/5.0 AppleWebKit/537.36 (KHTML, like Gecko; compatible; ClaudeBot/1.0; +claudebot@anthropic.com)"
216.73.217.23 - - [06/Jun/2026:00:09:39 +0200] "GET /produto/chuchu/?add-to-cart=1125&doing_wp_cron=1780235701.0197989940643310546875 HTTP/1.1" 200 61322 "-" "Mozilla/5.0 AppleWebKit/537.36 (KHTML, like Gecko; compatible; ClaudeBot/1.0; +claudebot@anthropic.com)"
216.73.217.23 - - [06/Jun/2026:00:09:42 +0200] "GET /produto/alface/?add-to-cart=4230&doing_wp_cron=1780265574.2066929340362548828125 HTTP/1.1" 200 61577 "-" "Mozilla/5.0 AppleWebKit/537.36 (KHTML, like Gecko; compatible; ClaudeBot/1.0; +claudebot@anthropic.com)"
216.73.217.23 - - [06/Jun/2026:00:09:45 +0200] "GET /produto/chuchu/?add-to-cart=545&doing_wp_cron=1780262288.8640589714050292968750 HTTP/1.1" 200 61640 "-" "Mozilla/5.0 AppleWebKit/537.36 (KHTML, like Gecko; compatible; ClaudeBot/1.0; +claudebot@anthropic.com)"
216.73.217.23 - - [06/Jun/2026:00:09:48 +0200] "GET /categoria-produto/mercearia/?doing_wp_cron=1780540939.7934939861297607421875&orderby=price HTTP/1.1" 200 63182 "-" "Mozilla/5.0 AppleWebKit/537.36 (KHTML, like Gecko; compatible; ClaudeBot/1.0; +claudebot@anthropic.com)"
216.73.217.23 - - [06/Jun/2026:00:09:51 +0200] "GET /produto/couve-coracao/?add-to-cart=4230&doing_wp_cron=1780319059.7149140834808349609375 HTTP/1.1" 200 61770 "-" "Mozilla/5.0 AppleWebKit/537.36 (KHTML, like Gecko; compatible; ClaudeBot/1.0; +claudebot@anthropic.com)"
216.73.217.23 - - [06/Jun/2026:00:09:54 +0200] "GET /loja/?add-to-cart=4331&doing_wp_cron=1780319098.8176429271697998046875&orderby=menu_order HTTP/1.1" 200 63590 "-" "Mozilla/5.0 AppleWebKit/537.36 (KHTML, like Gecko; compatible; ClaudeBot/1.0; +claudebot@anthropic.com)"
216.73.217.23 - - [06/Jun/2026:00:09:57 +0200] "GET /produto/amendoim-mel-e-sal/?add-to-cart=1993&doing_wp_cron=1780119662.5325610637664794921875 HTTP/1.1" 200 62139 "-" "Mozilla/5.0 AppleWebKit/537.36 (KHTML, like Gecko; compatible; ClaudeBot/1.0; +claudebot@anthropic.com)"
216.73.217.23 - - [06/Jun/2026:00:10:00 +0200] "GET /loja/page/7/?doing_wp_cron=1780356259.9063909053802490234375&orderby=price-desc HTTP/1.1" 200 64049 "-" "Mozilla/5.0 AppleWebKit/537.36 (KHTML, like Gecko; compatible; ClaudeBot/1.0; +claudebot@anthropic.com)"
66.249.79.136 - - [06/Jun/2026:00:10:00 +0200] "GET /produto/tomilho-limao-100gr/ HTTP/1.1" 302 102 "-" "Mozilla/5.0 (Linux; Android 6.0.1; Nexus 5X Build/MMB29P) AppleWebKit/537.36 (KHTML, like Gecko) Chrome/148.0.7778.96 Mobile Safari/537.36 (compatible; Googlebot/2.1; +http://www.google.com/bot.html)"
66.249.79.136 - - [06/Jun/2026:00:10:02 +0200] "GET /produto/tomilho-limao-100gr/?doing_wp_cron=1780697400.9373478889465332031250 HTTP/1.1" 200 57656 "-" "Mozilla/5.0 (Linux; Android 6.0.1; Nexus 5X Build/MMB29P) AppleWebKit/537.36 (KHTML, like Gecko) Chrome/148.0.7778.96 Mobile Safari/537.36 (compatible; Googlebot/2.1; +http://www.google.com/bot.html)"
216.73.217.23 - - [06/Jun/2026:00:10:04 +0200] "GET /produto/maionese/?add-to-cart=717&doing_wp_cron=1780384219.4973940849304199218750 HTTP/1.1" 200 59382 "-" "Mozilla/5.0 AppleWebKit/537.36 (KHTML, like Gecko; compatible; ClaudeBot/1.0; +claudebot@anthropic.com)"
178.16.52.137 - - [06/Jun/2026:00:10:04 +0200] "POST /wp-login.php?action=register HTTP/1.1" 403 146 "-" "-"
216.73.217.23 - - [06/Jun/2026:00:10:07 +0200] "GET /produto/clementina/?add-to-cart=550&doing_wp_cron=1780219009.0976109504699707031250 HTTP/1.1" 200 59417 "-" "Mozilla/5.0 AppleWebKit/537.36 (KHTML, like Gecko; compatible; ClaudeBot/1.0; +claudebot@anthropic.com)"
66.249.79.136 - - [06/Jun/2026:00:10:08 +0200] "GET /wp-content/themes/uncode/library/css/woocommerce.css?ver=1437577334 HTTP/1.1" 200 20067 "https://www.baudefruta.pt/produto/tomilho-limao-100gr/?doing_wp_cron=1780697400.9373478889465332031250" "Mozilla/5.0 (Linux; Android 6.0.1; Nexus 5X Build/MMB29P) AppleWebKit/537.36 (KHTML, like Gecko) Chrome/148.0.7778.96 Mobile Safari/537.36 (compatible; Googlebot/2.1; +http://www.google.com/bot.html)"
66.249.79.136 - - [06/Jun/2026:00:10:09 +0200] "GET /wp-content/themes/uncode/library/css/uncode-icons.css?ver=1437577334 HTTP/1.1" 200 12098 "https://www.baudefruta.pt/produto/tomilho-limao-100gr/?doing_wp_cron=1780697400.9373478889465332031250" "Mozilla/5.0 (Linux; Android 6.0.1; Nexus 5X Build/MMB29P) AppleWebKit/537.36 (KHTML, like Gecko) Chrome/148.0.7778.96 Mobile Safari/537.36 (compatible; Googlebot/2.1; +http://www.google.com/bot.html)"
66.249.79.137 - - [06/Jun/2026:00:10:09 +0200] "GET /wp-content/themes/uncode/library/js/init.js?ver=1437577334 HTTP/1.1" 200 38505 "https://www.baudefruta.pt/produto/tomilho-limao-100gr/?doing_wp_cron=1780697400.9373478889465332031250" "Mozilla/5.0 (Linux; Android 6.0.1; Nexus 5X Build/MMB29P) AppleWebKit/537.36 (KHTML, like Gecko) Chrome/148.0.7778.96 Mobile Safari/537.36 (compatible; Googlebot/2.1; +http://www.google.com/bot.html)"
66.249.79.136 - - [06/Jun/2026:00:10:09 +0200] "GET /wp-content/themes/uncode/library/css/style.css?ver=1437577334 HTTP/1.1" 200 70140 "https://www.baudefruta.pt/produto/tomilho-limao-100gr/?doing_wp_cron=1780697400.9373478889465332031250" "Mozilla/5.0 (Linux; Android 6.0.1; Nexus 5X Build/MMB29P) AppleWebKit/537.36 (KHTML, like Gecko) Chrome/148.0.7778.96 Mobile Safari/537.36 (compatible; Googlebot/2.1; +http://www.google.com/bot.html)"
66.249.79.136 - - [06/Jun/2026:00:10:09 +0200] "GET /wp-content/themes/baudefruta-un/style.css?ver=955668415 HTTP/1.1" 200 896 "https://www.baudefruta.pt/produto/tomilho-limao-100gr/?doing_wp_cron=1780697400.9373478889465332031250" "Mozilla/5.0 (Linux; Android 6.0.1; Nexus 5X Build/MMB29P) AppleWebKit/537.36 (KHTML, like Gecko) Chrome/148.0.7778.96 Mobile Safari/537.36 (compatible; Googlebot/2.1; +http://www.google.com/bot.html)"
216.73.217.23 - - [06/Jun/2026:00:10:10 +0200] "GET /loja/page/5/?doing_wp_cron=1780259951.9076659679412841796875&orderby=price-desc HTTP/1.1" 200 61377 "-" "Mozilla/5.0 AppleWebKit/537.36 (KHTML, like Gecko; compatible; ClaudeBot/1.0; +claudebot@anthropic.com)"
66.249.79.137 - - [06/Jun/2026:00:10:10 +0200] "GET /wp-content/themes/uncode/library/js/plugins.js?ver=1437577334 HTTP/1.1" 200 192557 "https://www.baudefruta.pt/produto/tomilho-limao-100gr/?doing_wp_cron=1780697400.9373478889465332031250" "Mozilla/5.0 (Linux; Android 6.0.1; Nexus 5X Build/MMB29P) AppleWebKit/537.36 (KHTML, like Gecko) Chrome/148.0.7778.96 Mobile Safari/537.36 (compatible; Googlebot/2.1; +http://www.google.com/bot.html)"
66.249.79.137 - - [06/Jun/2026:00:10:11 +0200] "GET /wp-content/themes/uncode/library/js/app.js?ver=1437577334 HTTP/1.1" 200 41076 "https://www.baudefruta.pt/produto/tomilho-limao-100gr/?doing_wp_cron=1780697400.9373478889465332031250" "Mozilla/5.0 (Linux; Android 6.0.1; Nexus 5X Build/MMB29P) AppleWebKit/537.36 (KHTML, like Gecko) Chrome/148.0.7778.96 Mobile Safari/537.36 (compatible; Googlebot/2.1; +http://www.google.com/bot.html)"
66.249.79.136 - - [06/Jun/2026:00:10:11 +0200] "GET /wp-content/themes/uncode/library/js/woocommerce-uncode.js?ver=1437577334 HTTP/1.1" 200 7190 "https://www.baudefruta.pt/produto/tomilho-limao-100gr/?doing_wp_cron=1780697400.9373478889465332031250" "Mozilla/5.0 (Linux; Android 6.0.1; Nexus 5X Build/MMB29P) AppleWebKit/537.36 (KHTML, like Gecko) Chrome/148.0.7778.96 Mobile Safari/537.36 (compatible; Googlebot/2.1; +http://www.google.com/bot.html)"
216.73.217.23 - - [06/Jun/2026:00:10:13 +0200] "GET /loja/?add-to-cart=1124&doing_wp_cron=1780430342.1766259670257568359375&orderby=menu_order HTTP/1.1" 200 61386 "-" "Mozilla/5.0 AppleWebKit/537.36 (KHTML, like Gecko; compatible; ClaudeBot/1.0; +claudebot@anthropic.com)"
216.73.217.23 - - [06/Jun/2026:00:10:16 +0200] "GET /produto/pimento-verde/?add-to-cart=583&doing_wp_cron=1780517358.8521440029144287109375 HTTP/1.1" 200 59831 "-" "Mozilla/5.0 AppleWebKit/537.36 (KHTML, like Gecko; compatible; ClaudeBot/1.0; +claudebot@anthropic.com)"
114.119.141.203 - - [06/Jun/2026:00:10:17 +0200] "GET /loja/page/7/?orderby=price&doing_wp_cron=1685230191.4258060455322265625000 HTTP/1.1" 200 60588 "https://www.baudefruta.pt/loja/page/6/?orderby=price&doing_wp_cron=1685230191.4258060455322265625000" "Mozilla/5.0 (Linux; Android 7.0;) AppleWebKit/537.36 (HTML, like Gecko) Mobile Safari/537.36 (compatible; PetalBot;+https://webmaster.petalsearch.com/site/petalbot)"
216.73.217.23 - - [06/Jun/2026:00:10:19 +0200] "GET /loja/?add-to-cart=4328&doing_wp_cron=1780338056.7367100715637207031250&orderby=menu_order HTTP/1.1" 200 61781 "-" "Mozilla/5.0 AppleWebKit/537.36 (KHTML, like Gecko; compatible; ClaudeBot/1.0; +claudebot@anthropic.com)"
216.73.217.23 - - [06/Jun/2026:00:10:22 +0200] "GET /categoria-produto/mercearia/page/5/?doing_wp_cron=1780377478.3895769119262695312500&orderby=popularity HTTP/1.1" 200 62077 "-" "Mozilla/5.0 AppleWebKit/537.36 (KHTML, like Gecko; compatible; ClaudeBot/1.0; +claudebot@anthropic.com)"
216.73.217.23 - - [06/Jun/2026:00:10:25 +0200] "GET /produto/pinhao-sem-pele-1a/?add-to-cart=935&doing_wp_cron=1780205151.6684770584106445312500 HTTP/1.1" 200 60437 "-" "Mozilla/5.0 AppleWebKit/537.36 (KHTML, like Gecko; compatible; ClaudeBot/1.0; +claudebot@anthropic.com)"
216.73.217.23 - - [06/Jun/2026:00:10:28 +0200] "GET /loja/?add-to-cart=793&doing_wp_cron=1780424420.1912429332733154296875&orderby=menu_order HTTP/1.1" 200 62206 "-" "Mozilla/5.0 AppleWebKit/537.36 (KHTML, like Gecko; compatible; ClaudeBot/1.0; +claudebot@anthropic.com)"
216.73.217.23 - - [06/Jun/2026:00:10:33 +0200] "GET /produto/banana-seca/?add-to-cart=2035&doing_wp_cron=1778763750.3141698837280273437500 HTTP/1.1" 200 59237 "-" "Mozilla/5.0 AppleWebKit/537.36 (KHTML, like Gecko; compatible; ClaudeBot/1.0; +claudebot@anthropic.com)"
216.73.217.23 - - [06/Jun/2026:00:10:36 +0200] "GET /produto/chuchu/?add-to-cart=591&doing_wp_cron=1780232641.5899379253387451171875 HTTP/1.1" 200 59400 "-" "Mozilla/5.0 AppleWebKit/537.36 (KHTML, like Gecko; compatible; ClaudeBot/1.0; +claudebot@anthropic.com)"
216.73.217.23 - - [06/Jun/2026:00:10:39 +0200] "GET /loja/page/7/?add-to-cart=691&doing_wp_cron=1780592658.1118791103363037109375&orderby=date HTTP/1.1" 200 61627 "-" "Mozilla/5.0 AppleWebKit/537.36 (KHTML, like Gecko; compatible; ClaudeBot/1.0; +claudebot@anthropic.com)"
216.73.217.23 - - [06/Jun/2026:00:10:41 +0200] "GET /produto/melao-verde/?add-to-cart=4331&doing_wp_cron=1780408197.0826339721679687500000 HTTP/1.1" 200 59967 "-" "Mozilla/5.0 AppleWebKit/537.36 (KHTML, like Gecko; compatible; ClaudeBot/1.0; +claudebot@anthropic.com)"
216.73.217.23 - - [06/Jun/2026:00:10:45 +0200] "GET /loja/?add-to-cart=543&doing_wp_cron=1780205258.9664719104766845703125&orderby=menu_order HTTP/1.1" 200 61872 "-" "Mozilla/5.0 AppleWebKit/537.36 (KHTML, like Gecko; compatible; ClaudeBot/1.0; +claudebot@anthropic.com)"
216.73.217.23 - - [06/Jun/2026:00:10:48 +0200] "GET /produto/clementina/?add-to-cart=541&doing_wp_cron=1780227109.1147179603576660156250 HTTP/1.1" 200 60159 "-" "Mozilla/5.0 AppleWebKit/537.36 (KHTML, like Gecko; compatible; ClaudeBot/1.0; +claudebot@anthropic.com)"
216.73.217.23 - - [06/Jun/2026:00:10:51 +0200] "GET /loja/?add-to-cart=4229&doing_wp_cron=1780247694.3308169841766357421875&orderby=menu_order HTTP/1.1" 200 62238 "-" "Mozilla/5.0 AppleWebKit/537.36 (KHTML, like Gecko; compatible; ClaudeBot/1.0; +claudebot@anthropic.com)"
216.73.217.23 - - [06/Jun/2026:00:10:54 +0200] "GET /loja/?add-to-cart=5345&doing_wp_cron=1780268890.7532269954681396484375&orderby=popularity HTTP/1.1" 200 62329 "-" "Mozilla/5.0 AppleWebKit/537.36 (KHTML, like Gecko; compatible; ClaudeBot/1.0; +claudebot@anthropic.com)"
216.73.217.23 - - [06/Jun/2026:00:10:57 +0200] "GET /produto/cebola-roxa/?add-to-cart=4235&doing_wp_cron=1780226091.3126060962677001953125 HTTP/1.1" 200 60996 "-" "Mozilla/5.0 AppleWebKit/537.36 (KHTML, like Gecko; compatible; ClaudeBot/1.0; +claudebot@anthropic.com)"
216.73.217.23 - - [06/Jun/2026:00:11:00 +0200] "GET /produto/grelos-de-nabo/?add-to-cart=4231&doing_wp_cron=1780400276.7553250789642333984375 HTTP/1.1" 200 61098 "-" "Mozilla/5.0 AppleWebKit/537.36 (KHTML, like Gecko; compatible; ClaudeBot/1.0; +claudebot@anthropic.com)"
216.73.217.23 - - [06/Jun/2026:00:11:03 +0200] "GET /loja/?add-to-cart=433&doing_wp_cron=1780305920.7864100933074951171875&orderby=popularity HTTP/1.1" 200 62972 "-" "Mozilla/5.0 AppleWebKit/537.36 (KHTML, like Gecko; compatible; ClaudeBot/1.0; +claudebot@anthropic.com)"
216.73.217.23 - - [06/Jun/2026:00:11:06 +0200] "GET /produto/chuchu/?add-to-cart=1132&doing_wp_cron=1780457696.7872140407562255859375 HTTP/1.1" 200 61477 "-" "Mozilla/5.0 AppleWebKit/537.36 (KHTML, like Gecko; compatible; ClaudeBot/1.0; +claudebot@anthropic.com)"
43.165.67.31 - - [06/Jun/2026:00:11:08 +0200] "GET /xmlrpc.php HTTP/1.1" 405 53 "-" "Mozilla/5.0 (iPhone; CPU iPhone OS 13_2_3 like Mac OS X) AppleWebKit/605.1.15 (KHTML, like Gecko) Version/13.0.3 Mobile/15E148 Safari/604.1"
216.73.217.23 - - [06/Jun/2026:00:11:09 +0200] "GET /loja/?add-to-cart=4230&doing_wp_cron=1780268890.7532269954681396484375&orderby=popularity HTTP/1.1" 200 63297 "-" "Mozilla/5.0 AppleWebKit/537.36 (KHTML, like Gecko; compatible; ClaudeBot/1.0; +claudebot@anthropic.com)"
216.73.217.23 - - [06/Jun/2026:00:11:12 +0200] "GET /loja/?add-to-cart=4229&doing_wp_cron=1780298590.2811610698699951171875&orderby=menu_order HTTP/1.1" 200 63391 "-" "Mozilla/5.0 AppleWebKit/537.36 (KHTML, like Gecko; compatible; ClaudeBot/1.0; +claudebot@anthropic.com)"
216.73.217.23 - - [06/Jun/2026:00:11:15 +0200] "GET /loja/page/11/?add-to-cart=526&doing_wp_cron=1780268890.7532269954681396484375 HTTP/1.1" 200 63254 "-" "Mozilla/5.0 AppleWebKit/537.36 (KHTML, like Gecko; compatible; ClaudeBot/1.0; +claudebot@anthropic.com)"
216.73.217.23 - - [06/Jun/2026:00:11:18 +0200] "GET /loja/?add-to-cart=901&doing_wp_cron=1780430342.1766259670257568359375&orderby=menu_order HTTP/1.1" 200 63819 "-" "Mozilla/5.0 AppleWebKit/537.36 (KHTML, like Gecko; compatible; ClaudeBot/1.0; +claudebot@anthropic.com)"
216.73.217.23 - - [06/Jun/2026:00:11:21 +0200] "GET /produto/couve-flor/?add-to-cart=4236&doing_wp_cron=1780303498.8274259567260742187500 HTTP/1.1" 200 62237 "-" "Mozilla/5.0 AppleWebKit/537.36 (KHTML, like Gecko; compatible; ClaudeBot/1.0; +claudebot@anthropic.com)"
216.73.217.23 - - [06/Jun/2026:00:11:24 +0200] "GET /loja/?add-to-cart=1541&doing_wp_cron=1780247694.3308169841766357421875&orderby=menu_order HTTP/1.1" 200 64210 "-" "Mozilla/5.0 AppleWebKit/537.36 (KHTML, like Gecko; compatible; ClaudeBot/1.0; +claudebot@anthropic.com)"
216.73.217.23 - - [06/Jun/2026:00:11:27 +0200] "GET /loja/?add-to-cart=737&doing_wp_cron=1780415118.9577500820159912109375&orderby=menu_order HTTP/1.1" 200 60946 "-" "Mozilla/5.0 AppleWebKit/537.36 (KHTML, like Gecko; compatible; ClaudeBot/1.0; +claudebot@anthropic.com)"
216.73.217.23 - - [06/Jun/2026:00:11:30 +0200] "GET /produto/grelos-de-nabo/?add-to-cart=879&doing_wp_cron=1780259402.6258659362792968750000 HTTP/1.1" 200 59426 "-" "Mozilla/5.0 AppleWebKit/537.36 (KHTML, like Gecko; compatible; ClaudeBot/1.0; +claudebot@anthropic.com)"
216.73.217.23 - - [06/Jun/2026:00:11:33 +0200] "GET /produto/maionese/?add-to-cart=733&doing_wp_cron=1780226025.6164679527282714843750 HTTP/1.1" 200 59397 "-" "Mozilla/5.0 AppleWebKit/537.36 (KHTML, like Gecko; compatible; ClaudeBot/1.0; +claudebot@anthropic.com)"
52.167.144.234 - - [06/Jun/2026:00:11:34 +0200] "GET /produto/cogumelos-brancos-laminados/ HTTP/1.1" 302 102 "-" "Mozilla/5.0 AppleWebKit/537.36 (KHTML, like Gecko; compatible; bingbot/2.0; +http://www.bing.com/bingbot.htm) Chrome/116.0.1938.76 Safari/537.36"
216.73.217.23 - - [06/Jun/2026:00:11:36 +0200] "GET /loja/?add-to-cart=1983&doing_wp_cron=1780305920.7864100933074951171875&orderby=menu_order HTTP/1.1" 200 61208 "-" "Mozilla/5.0 AppleWebKit/537.36 (KHTML, like Gecko; compatible; ClaudeBot/1.0; +claudebot@anthropic.com)"
114.119.135.57 - - [06/Jun/2026:00:11:39 +0200] "GET /loja/page/7/?orderby=price&doing_wp_cron=1682558119.3227720260620117187500 HTTP/1.1" 200 60585 "https://www.baudefruta.pt/loja/page/6/?orderby=price&doing_wp_cron=1682558119.3227720260620117187500" "Mozilla/5.0 (Linux; Android 7.0;) AppleWebKit/537.36 (HTML, like Gecko) Mobile Safari/537.36 (compatible; PetalBot;+https://webmaster.petalsearch.com/site/petalbot)"
216.73.217.23 - - [06/Jun/2026:00:11:39 +0200] "GET /produto/amendoim-mel-e-sal/?add-to-cart=2011&doing_wp_cron=1780464680.4078578948974609375000 HTTP/1.1" 200 59760 "-" "Mozilla/5.0 AppleWebKit/537.36 (KHTML, like Gecko; compatible; ClaudeBot/1.0; +claudebot@anthropic.com)"
216.73.217.23 - - [06/Jun/2026:00:11:42 +0200] "GET /produto/miolo-de-noz/?add-to-cart=622&doing_wp_cron=1780247668.8721160888671875000000 HTTP/1.1" 200 59861 "-" "Mozilla/5.0 AppleWebKit/537.36 (KHTML, like Gecko; compatible; ClaudeBot/1.0; +claudebot@anthropic.com)"
52.167.144.234 - - [06/Jun/2026:00:11:45 +0200] "GET /produto/cogumelos-brancos-laminados/?doing_wp_cron=1780697494.4055140018463134765625 HTTP/1.1" 200 57707 "-" "Mozilla/5.0 AppleWebKit/537.36 (KHTML, like Gecko; compatible; bingbot/2.0; +http://www.bing.com/bingbot.htm) Chrome/116.0.1938.76 Safari/537.36"
216.73.217.23 - - [06/Jun/2026:00:11:45 +0200] "GET /produto/grelos-de-nabo/?add-to-cart=595&doing_wp_cron=1780446619.4275820255279541015625 HTTP/1.1" 200 60040 "-" "Mozilla/5.0 AppleWebKit/537.36 (KHTML, like Gecko; compatible; ClaudeBot/1.0; +claudebot@anthropic.com)"
52.167.144.234 - - [06/Jun/2026:00:11:47 +0200] "GET /produto/cha-digestao-facil-20-saquetas/ HTTP/1.1" 200 57715 "-" "Mozilla/5.0 AppleWebKit/537.36 (KHTML, like Gecko; compatible; bingbot/2.0; +http://www.bing.com/bingbot.htm) Chrome/116.0.1938.76 Safari/537.36"
216.73.217.23 - - [06/Jun/2026:00:11:48 +0200] "GET /produto/maionese/?add-to-cart=749&doing_wp_cron=1780226025.6164679527282714843750 HTTP/1.1" 200 60600 "-" "Mozilla/5.0 AppleWebKit/537.36 (KHTML, like Gecko; compatible; ClaudeBot/1.0; +claudebot@anthropic.com)"
216.73.217.23 - - [06/Jun/2026:00:11:51 +0200] "GET /loja/?add-to-cart=2013&doing_wp_cron=1780486857.8343369960784912109375&orderby=date HTTP/1.1" 200 62387 "-" "Mozilla/5.0 AppleWebKit/537.36 (KHTML, like Gecko; compatible; ClaudeBot/1.0; +claudebot@anthropic.com)"
216.73.217.23 - - [06/Jun/2026:00:11:54 +0200] "GET /produto/amendoa-caramelizada/?add-to-cart=3502&doing_wp_cron=1780672329.3540189266204833984375 HTTP/1.1" 200 60809 "-" "Mozilla/5.0 AppleWebKit/537.36 (KHTML, like Gecko; compatible; ClaudeBot/1.0; +claudebot@anthropic.com)"
216.73.217.23 - - [06/Jun/2026:00:11:57 +0200] "GET /produto/couve-coracao/?add-to-cart=470&doing_wp_cron=1780534301.5693559646606445312500 HTTP/1.1" 200 61108 "-" "Mozilla/5.0 AppleWebKit/537.36 (KHTML, like Gecko; compatible; ClaudeBot/1.0; +claudebot@anthropic.com)"
216.73.217.23 - - [06/Jun/2026:00:12:00 +0200] "GET /loja/?add-to-cart=452&doing_wp_cron=1780470504.6510601043701171875000&orderby=popularity HTTP/1.1" 200 62851 "-" "Mozilla/5.0 AppleWebKit/537.36 (KHTML, like Gecko; compatible; ClaudeBot/1.0; +claudebot@anthropic.com)"
216.73.217.23 - - [06/Jun/2026:00:12:03 +0200] "GET /produto/couve-flor/?add-to-cart=454&doing_wp_cron=1780303498.8274259567260742187500 HTTP/1.1" 200 61446 "-" "Mozilla/5.0 AppleWebKit/537.36 (KHTML, like Gecko; compatible; ClaudeBot/1.0; +claudebot@anthropic.com)"
216.73.217.23 - - [06/Jun/2026:00:12:06 +0200] "GET /produto/groselha/?add-to-cart=3520&doing_wp_cron=1780408158.0399329662322998046875 HTTP/1.1" 200 61402 "-" "Mozilla/5.0 AppleWebKit/537.36 (KHTML, like Gecko; compatible; ClaudeBot/1.0; +claudebot@anthropic.com)"
216.73.217.23 - - [06/Jun/2026:00:12:09 +0200] "GET /loja/?add-to-cart=1983&doing_wp_cron=1780494314.2484500408172607421875&orderby=menu_order HTTP/1.1" 200 63308 "-" "Mozilla/5.0 AppleWebKit/537.36 (KHTML, like Gecko; compatible; ClaudeBot/1.0; +claudebot@anthropic.com)"
216.73.217.23 - - [06/Jun/2026:00:12:12 +0200] "GET /produto/pimento-verde/?add-to-cart=482&doing_wp_cron=1780368920.1745469570159912109375 HTTP/1.1" 200 61877 "-" "Mozilla/5.0 AppleWebKit/537.36 (KHTML, like Gecko; compatible; ClaudeBot/1.0; +claudebot@anthropic.com)"
216.73.217.23 - - [06/Jun/2026:00:12:15 +0200] "GET /produto/meloa-galia/?add-to-cart=411&doing_wp_cron=1780486437.9395930767059326171875 HTTP/1.1" 200 61927 "-" "Mozilla/5.0 AppleWebKit/537.36 (KHTML, like Gecko; compatible; ClaudeBot/1.0; +claudebot@anthropic.com)"
216.73.217.23 - - [06/Jun/2026:00:12:18 +0200] "GET /loja/?add-to-cart=452&doing_wp_cron=1780410981.3310050964355468750000&orderby=popularity HTTP/1.1" 200 63596 "-" "Mozilla/5.0 AppleWebKit/537.36 (KHTML, like Gecko; compatible; ClaudeBot/1.0; +claudebot@anthropic.com)"
216.73.217.23 - - [06/Jun/2026:00:12:21 +0200] "GET /loja/page/11/?doing_wp_cron=1780475905.7238750457763671875000&orderby=price-desc HTTP/1.1" 200 63326 "-" "Mozilla/5.0 AppleWebKit/537.36 (KHTML, like Gecko; compatible; ClaudeBot/1.0; +claudebot@anthropic.com)"
216.73.217.23 - - [06/Jun/2026:00:12:24 +0200] "GET /produto/alho-granulado-em-frasco/?add-to-cart=731&doing_wp_cron=1780319602.2126159667968750000000 HTTP/1.1" 200 62173 "-" "Mozilla/5.0 AppleWebKit/537.36 (KHTML, like Gecko; compatible; ClaudeBot/1.0; +claudebot@anthropic.com)"
216.73.217.23 - - [06/Jun/2026:00:12:27 +0200] "GET /loja/?add-to-cart=571&doing_wp_cron=1780415098.0220060348510742187500&orderby=menu_order HTTP/1.1" 200 64092 "-" "Mozilla/5.0 AppleWebKit/537.36 (KHTML, like Gecko; compatible; ClaudeBot/1.0; +claudebot@anthropic.com)"
216.73.217.23 - - [06/Jun/2026:00:12:30 +0200] "GET /loja/?add-to-cart=733&doing_wp_cron=1780407018.5904660224914550781250&orderby=menu_order HTTP/1.1" 200 64106 "-" "Mozilla/5.0 AppleWebKit/537.36 (KHTML, like Gecko; compatible; ClaudeBot/1.0; +claudebot@anthropic.com)"
216.73.217.23 - - [06/Jun/2026:00:12:33 +0200] "GET /categoria-produto/frescos/legumes/?doing_wp_cron=1780395913.3145670890808105468750&orderby=popularity HTTP/1.1" 200 63568 "-" "Mozilla/5.0 AppleWebKit/537.36 (KHTML, like Gecko; compatible; ClaudeBot/1.0; +claudebot@anthropic.com)"
216.73.217.23 - - [06/Jun/2026:00:12:36 +0200] "GET /produto/couve-flor/?add-to-cart=578&doing_wp_cron=1780303498.8274259567260742187500 HTTP/1.1" 200 62680 "-" "Mozilla/5.0 AppleWebKit/537.36 (KHTML, like Gecko; compatible; ClaudeBot/1.0; +claudebot@anthropic.com)"
216.73.217.23 - - [06/Jun/2026:00:12:39 +0200] "GET /produto/pimento-verde/?add-to-cart=526&doing_wp_cron=1780463738.3957040309906005859375 HTTP/1.1" 200 62724 "-" "Mozilla/5.0 AppleWebKit/537.36 (KHTML, like Gecko; compatible; ClaudeBot/1.0; +claudebot@anthropic.com)"
173.252.70.1 - - [06/Jun/2026:00:12:42 +0200] "GET /meta.json?utm_source=meta&utm_campaign=reg24 HTTP/1.1" 302 11 "-" "facebookexternalhit/1.1 (+http://www.facebook.com/externalhit_uatext.php)"
173.252.70.33 - - [06/Jun/2026:00:12:44 +0200] "GET /meta.json?utm_source=meta&utm_campaign=reg24&doing_wp_cron=1780697562.7508029937744140625000 HTTP/1.1" 404 298182 "-" "facebookexternalhit/1.1 (+http://www.facebook.com/externalhit_uatext.php)"
216.73.217.23 - - [06/Jun/2026:00:12:45 +0200] "GET /loja/?add-to-cart=788&doing_wp_cron=1780426458.2645881175994873046875&orderby=date HTTP/1.1" 200 60944 "-" "Mozilla/5.0 AppleWebKit/537.36 (KHTML, like Gecko; compatible; ClaudeBot/1.0; +claudebot@anthropic.com)"
43.157.148.38 - - [06/Jun/2026:00:12:47 +0200] "GET / HTTP/1.1" 200 61410 "http://www.baudefruta.pt" "Mozilla/5.0 (iPhone; CPU iPhone OS 13_2_3 like Mac OS X) AppleWebKit/605.1.15 (KHTML, like Gecko) Version/13.0.3 Mobile/15E148 Safari/604.1"
216.73.217.23 - - [06/Jun/2026:00:12:48 +0200] "GET /loja/page/8/?add-to-cart=4338&doing_wp_cron=1780552196.7174270153045654296875&orderby=menu_order HTTP/1.1" 200 61351 "-" "Mozilla/5.0 AppleWebKit/537.36 (KHTML, like Gecko; compatible; ClaudeBot/1.0; +claudebot@anthropic.com)"
216.73.217.23 - - [06/Jun/2026:00:12:51 +0200] "GET /loja/?add-to-cart=4230&doing_wp_cron=1780424179.3111770153045654296875&orderby=popularity HTTP/1.1" 200 61301 "-" "Mozilla/5.0 AppleWebKit/537.36 (KHTML, like Gecko; compatible; ClaudeBot/1.0; +claudebot@anthropic.com)"
216.73.217.23 - - [06/Jun/2026:00:12:54 +0200] "GET /loja/?add-to-cart=1984&doing_wp_cron=1780410981.3310050964355468750000&orderby=date HTTP/1.1" 200 61533 "-" "Mozilla/5.0 AppleWebKit/537.36 (KHTML, like Gecko; compatible; ClaudeBot/1.0; +claudebot@anthropic.com)"
216.73.217.23 - - [06/Jun/2026:00:12:57 +0200] "GET /loja/?add-to-cart=795&doing_wp_cron=1780470504.6510601043701171875000&orderby=date HTTP/1.1" 200 61827 "-" "Mozilla/5.0 AppleWebKit/537.36 (KHTML, like Gecko; compatible; ClaudeBot/1.0; +claudebot@anthropic.com)"
216.73.217.23 - - [06/Jun/2026:00:13:00 +0200] "GET /loja/?add-to-cart=452&doing_wp_cron=1780424125.1127629280090332031250&orderby=date HTTP/1.1" 200 62065 "-" "Mozilla/5.0 AppleWebKit/537.36 (KHTML, like Gecko; compatible; ClaudeBot/1.0; +claudebot@anthropic.com)"
216.73.217.23 - - [06/Jun/2026:00:13:03 +0200] "GET /loja/page/8/?add-to-cart=2047&doing_wp_cron=1780552196.7174270153045654296875&orderby=menu_order HTTP/1.1" 200 62377 "-" "Mozilla/5.0 AppleWebKit/537.36 (KHTML, like Gecko; compatible; ClaudeBot/1.0; +claudebot@anthropic.com)"
114.119.149.254 - - [06/Jun/2026:00:13:05 +0200] "GET /loja/page/7/?orderby=price&doing_wp_cron=1682219356.7198729515075683593750 HTTP/1.1" 200 60593 "https://www.baudefruta.pt/loja/page/7/?orderby=popularity&doing_wp_cron=1682219356.7198729515075683593750" "Mozilla/5.0 (Linux; Android 7.0;) AppleWebKit/537.36 (HTML, like Gecko) Mobile Safari/537.36 (compatible; PetalBot;+https://webmaster.petalsearch.com/site/petalbot)"
216.73.217.23 - - [06/Jun/2026:00:13:06 +0200] "GET /loja/page/7/?add-to-cart=2010&doing_wp_cron=1780678519.5610549449920654296875&orderby=popularity HTTP/1.1" 200 63170 "-" "Mozilla/5.0 AppleWebKit/537.36 (KHTML, like Gecko; compatible; ClaudeBot/1.0; +claudebot@anthropic.com)"
216.73.217.23 - - [06/Jun/2026:00:13:09 +0200] "GET /produto/louro/?add-to-cart=559&doing_wp_cron=1731437988.8543839454650878906250 HTTP/1.1" 200 60676 "-" "Mozilla/5.0 AppleWebKit/537.36 (KHTML, like Gecko; compatible; ClaudeBot/1.0; +claudebot@anthropic.com)"
216.73.217.23 - - [06/Jun/2026:00:13:12 +0200] "GET /categoria-produto/mercearia/?doing_wp_cron=1780461618.7311470508575439453125&orderby=price-desc HTTP/1.1" 200 62994 "-" "Mozilla/5.0 AppleWebKit/537.36 (KHTML, like Gecko; compatible; ClaudeBot/1.0; +claudebot@anthropic.com)"
216.73.217.23 - - [06/Jun/2026:00:13:15 +0200] "GET /loja/?add-to-cart=795&doing_wp_cron=1780410981.3310050964355468750000&orderby=date HTTP/1.1" 200 62721 "-" "Mozilla/5.0 AppleWebKit/537.36 (KHTML, like Gecko; compatible; ClaudeBot/1.0; +claudebot@anthropic.com)"
66.249.88.101 - - [06/Jun/2026:00:13:17 +0200] "GET /.well-known/traffic-advice HTTP/1.1" 302 102 "-" "Chrome Privacy Preserving Prefetch Proxy"
216.73.217.23 - - [06/Jun/2026:00:13:18 +0200] "GET /loja/page/2/?add-to-cart=3502&doing_wp_cron=1780496817.3441560268402099609375&orderby=popularity HTTP/1.1" 200 63016 "-" "Mozilla/5.0 AppleWebKit/537.36 (KHTML, like Gecko; compatible; ClaudeBot/1.0; +claudebot@anthropic.com)"
162.120.186.81 - - [06/Jun/2026:00:13:19 +0200] "GET /produto/manjericao-100gr/ HTTP/1.1" 200 57717 "https://www.google.com/" "Mozilla/5.0 (Linux; Android 10; K) AppleWebKit/537.36 (KHTML, like Gecko) Chrome/148.0.0.0 Mobile Safari/537.36"
173.252.87.114 - - [06/Jun/2026:00:13:20 +0200] "GET /meta.json?utm_source=meta&utm_campaign=reg24 HTTP/1.1" 302 11 "-" "facebookexternalhit/1.1 (+http://www.facebook.com/externalhit_uatext.php)"
216.73.217.23 - - [06/Jun/2026:00:13:21 +0200] "GET /loja/page/9/?add-to-cart=2010&doing_wp_cron=1780298590.2811610698699951171875&orderby=popularity HTTP/1.1" 200 63531 "-" "Mozilla/5.0 AppleWebKit/537.36 (KHTML, like Gecko; compatible; ClaudeBot/1.0; +claudebot@anthropic.com)"
173.252.87.36 - - [06/Jun/2026:00:13:22 +0200] "GET /meta.json?utm_source=meta&utm_campaign=reg24&doing_wp_cron=1780697600.6046309471130371093750 HTTP/1.1" 404 298183 "-" "facebookexternalhit/1.1 (+http://www.facebook.com/externalhit_uatext.php)"
216.73.217.23 - - [06/Jun/2026:00:13:24 +0200] "GET /loja/page/8/?add-to-cart=2007&doing_wp_cron=1780552196.7174270153045654296875&orderby=menu_order HTTP/1.1" 200 63238 "-" "Mozilla/5.0 AppleWebKit/537.36 (KHTML, like Gecko; compatible; ClaudeBot/1.0; +claudebot@anthropic.com)"
216.73.217.23 - - [06/Jun/2026:00:13:27 +0200] "GET /loja/?add-to-cart=449&doing_wp_cron=1780454178.6453809738159179687500&orderby=date HTTP/1.1" 200 63301 "-" "Mozilla/5.0 AppleWebKit/537.36 (KHTML, like Gecko; compatible; ClaudeBot/1.0; +claudebot@anthropic.com)"
65.55.210.37 - - [06/Jun/2026:00:13:29 +0200] "POST /wp-json/pum/v1/analytics HTTP/1.1" 204 0 "https://www.baudefruta.pt/produto/mirtilo/?doing_wp_cron=1778972123.3748929500579833984375" "Mozilla/5.0 AppleWebKit/537.36 (KHTML, like Gecko; compatible; bingbot/2.0; +http://www.bing.com/bingbot.htm) Chrome/136.0.0.0 Safari/537.36"
216.73.217.23 - - [06/Jun/2026:00:13:30 +0200] "GET /loja/page/3/?add-to-cart=559&doing_wp_cron=1780298590.2811610698699951171875&orderby=popularity HTTP/1.1" 200 63504 "-" "Mozilla/5.0 AppleWebKit/537.36 (KHTML, like Gecko; compatible; ClaudeBot/1.0; +claudebot@anthropic.com)"
216.73.217.23 - - [06/Jun/2026:00:13:33 +0200] "GET /loja/page/7/?add-to-cart=1994&doing_wp_cron=1780678519.5610549449920654296875&orderby=popularity HTTP/1.1" 200 64089 "-" "Mozilla/5.0 AppleWebKit/537.36 (KHTML, like Gecko; compatible; ClaudeBot/1.0; +claudebot@anthropic.com)"
216.73.217.23 - - [06/Jun/2026:00:13:36 +0200] "GET /loja/page/7/?add-to-cart=706&doing_wp_cron=1780678519.5610549449920654296875&orderby=menu_order HTTP/1.1" 200 63905 "-" "Mozilla/5.0 AppleWebKit/537.36 (KHTML, like Gecko; compatible; ClaudeBot/1.0; +claudebot@anthropic.com)"
216.73.217.23 - - [06/Jun/2026:00:13:39 +0200] "GET /loja/?add-to-cart=795&doing_wp_cron=1780305920.7864100933074951171875&orderby=date HTTP/1.1" 200 63651 "-" "Mozilla/5.0 AppleWebKit/537.36 (KHTML, like Gecko; compatible; ClaudeBot/1.0; +claudebot@anthropic.com)"
216.73.217.23 - - [06/Jun/2026:00:13:42 +0200] "GET /loja/?add-to-cart=2040&doing_wp_cron=1780494314.2484500408172607421875&orderby=date HTTP/1.1" 200 63891 "-" "Mozilla/5.0 AppleWebKit/537.36 (KHTML, like Gecko; compatible; ClaudeBot/1.0; +claudebot@anthropic.com)"
216.73.217.23 - - [06/Jun/2026:00:13:45 +0200] "GET /loja/page/8/?add-to-cart=460&doing_wp_cron=1780552196.7174270153045654296875&orderby=menu_order HTTP/1.1" 200 64179 "-" "Mozilla/5.0 AppleWebKit/537.36 (KHTML, like Gecko; compatible; ClaudeBot/1.0; +claudebot@anthropic.com)"
216.73.217.23 - - [06/Jun/2026:00:13:48 +0200] "GET /loja/page/7/?add-to-cart=433&doing_wp_cron=1780592658.1118791103363037109375&orderby=price HTTP/1.1" 200 64631 "-" "Mozilla/5.0 AppleWebKit/537.36 (KHTML, like Gecko; compatible; ClaudeBot/1.0; +claudebot@anthropic.com)"
216.73.217.23 - - [06/Jun/2026:00:13:51 +0200] "GET /loja/page/4/?add-to-cart=574&doing_wp_cron=1780400178.2150061130523681640625&orderby=date HTTP/1.1" 200 64876 "-" "Mozilla/5.0 AppleWebKit/537.36 (KHTML, like Gecko; compatible; ClaudeBot/1.0; +claudebot@anthropic.com)"
216.73.217.23 - - [06/Jun/2026:00:13:54 +0200] "GET /loja/page/8/?add-to-cart=425&doing_wp_cron=1780552196.7174270153045654296875&orderby=menu_order HTTP/1.1" 200 64778 "-" "Mozilla/5.0 AppleWebKit/537.36 (KHTML, like Gecko; compatible; ClaudeBot/1.0; +claudebot@anthropic.com)"
47.128.43.0 - - [06/Jun/2026:00:14:00 +0200] "GET /loja/page/11/?doing_wp_cron=1780215128.4538719654083251953125&orderby=menu_order HTTP/1.1" 200 59879 "-" "Mozilla/5.0 (Linux; Android 5.0) AppleWebKit/537.36 (KHTML, like Gecko) Mobile Safari/537.36 (compatible; Bytespider; spider-feedback@bytedance.com)"
47.128.43.0 - - [06/Jun/2026:00:14:02 +0200] "GET /wp-content/plugins/custom-page-templates/assets/css/acf-google-maps.css?ver=3.1.1 HTTP/1.1" 200 283 "https://www.baudefruta.pt/loja/page/11/?doing_wp_cron=1780215128.4538719654083251953125&orderby=menu_order" "Mozilla/5.0 (Linux; Android 5.0) AppleWebKit/537.36 (KHTML, like Gecko) Mobile Safari/537.36 (compatible; Bytespider; spider-feedback@bytedance.com)"
47.128.43.0 - - [06/Jun/2026:00:14:03 +0200] "GET /wp-content/themes/uncode/library/css/woocommerce.css?ver=62350864 HTTP/1.1" 200 20067 "https://www.baudefruta.pt/loja/page/11/?doing_wp_cron=1780215128.4538719654083251953125&orderby=menu_order" "Mozilla/5.0 (Linux; Android 5.0) AppleWebKit/537.36 (KHTML, like Gecko) Mobile Safari/537.36 (compatible; Bytespider; spider-feedback@bytedance.com)"
47.128.43.0 - - [06/Jun/2026:00:14:05 +0200] "GET /wp-content/uploads/2021/12/TMR001.jpg HTTP/1.1" 206 500 "https://www.baudefruta.pt/loja/page/11/?doing_wp_cron=1780215128.4538719654083251953125&orderby=menu_order" "Mozilla/5.0 (Linux; Android 5.0) AppleWebKit/537.36 (KHTML, like Gecko) Mobile Safari/537.36 (compatible; Bytespider; spider-feedback@bytedance.com)"
47.128.43.0 - - [06/Jun/2026:00:14:05 +0200] "GET /wp-includes/css/dist/preferences/style.min.css?ver=6.9.1 HTTP/1.1" 200 1003 "https://www.baudefruta.pt/loja/page/11/?doing_wp_cron=1780215128.4538719654083251953125&orderby=menu_order" "Mozilla/5.0 (Linux; Android 5.0) AppleWebKit/537.36 (KHTML, like Gecko) Mobile Safari/537.36 (compatible; Bytespider; spider-feedback@bytedance.com)"
