/
var
/
log
/
nginx
/
Upload File
HOME
114.119.150.140 - - [07/Jun/2026:00:00:19 +0200] "GET /loja/page/6/?orderby=date&doing_wp_cron=1743504069.4086439609527587890625 HTTP/1.1" 200 60315 "https://www.baudefruta.pt/loja/page/8/?orderby=date&doing_wp_cron=1743504069.4086439609527587890625" "Mozilla/5.0 (Linux; Android 7.0;) AppleWebKit/537.36 (HTML, like Gecko) Mobile Safari/537.36 (compatible; PetalBot;+https://webmaster.petalsearch.com/site/petalbot)"
216.73.217.54 - - [07/Jun/2026:00:00:19 +0200] "GET /loja/page/6/?add-to-cart=4329&doing_wp_cron=1758569056.8537590503692626953125&orderby=menu_order HTTP/1.1" 200 62263 "-" "Mozilla/5.0 AppleWebKit/537.36 (KHTML, like Gecko; compatible; ClaudeBot/1.0; +claudebot@anthropic.com)"
156.230.212.226 - - [07/Jun/2026:00:00:20 +0200] "GET /2021/05/11/ola-mundo/ HTTP/1.1" 200 1154196 "https://www.baudefruta.pt/" "Mozilla/5.0 (Macintosh; Intel Mac OS X 10_15_7) AppleWebKit/537.36 (KHTML, like Gecko) Chrome/146.0.0.0 Safari/537.36 Edg/146.0.0.0"
130.51.22.201 - - [07/Jun/2026:00:00:20 +0200] "GET /2021/05/11/ola-mundo/?doing_wp_cron=1780783208.9553380012512207031250 HTTP/1.1" 200 1154279 "https://www.baudefruta.pt/2021/05/11/ola-mundo/" "Mozilla/5.0 (compatible; Googlebot/2.1; +http://www.google.com/bot.html)"
94.154.239.69 - - [07/Jun/2026:00:00:21 +0200] "GET /carrinho/?remove_item=3ff5c711b7d35b03b45455ffc20017a4&_wpnonce=efbdc65a58&doing_wp_cron=1754889723.3089659214019775390625 HTTP/1.1" 200 55601 "-" "Mozilla/5.0 (compatible; MJ12bot/v1.4.8; http://mj12bot.com/)"
216.73.217.54 - - [07/Jun/2026:00:00:24 +0200] "GET /loja/page/6/?add-to-cart=771&doing_wp_cron=1758569056.8537590503692626953125&orderby=menu_order HTTP/1.1" 200 62463 "-" "Mozilla/5.0 AppleWebKit/537.36 (KHTML, like Gecko; compatible; ClaudeBot/1.0; +claudebot@anthropic.com)"
94.154.239.69 - - [07/Jun/2026:00:00:26 +0200] "GET /carrinho/?remove_item=4558dbb6f6f8bb2e16d03b85bde76e2c&_wpnonce=b21cc0293e&doing_wp_cron=1754929296.1909239292144775390625 HTTP/1.1" 200 55600 "-" "Mozilla/5.0 (compatible; MJ12bot/v1.4.8; http://mj12bot.com/)"
216.73.217.54 - - [07/Jun/2026:00:00:27 +0200] "GET /loja/page/10/?add-to-cart=587&doing_wp_cron=1758569056.8537590503692626953125&orderby=menu_order HTTP/1.1" 200 63086 "-" "Mozilla/5.0 AppleWebKit/537.36 (KHTML, like Gecko; compatible; ClaudeBot/1.0; +claudebot@anthropic.com)"
94.154.239.69 - - [07/Jun/2026:00:00:30 +0200] "GET /carrinho/?remove_item=45645a27c4f1adc8a7a835976064a86d&_wpnonce=7b35b3990a HTTP/1.1" 302 11 "-" "Mozilla/5.0 (compatible; MJ12bot/v1.4.8; http://mj12bot.com/)"
216.73.217.54 - - [07/Jun/2026:00:00:30 +0200] "GET /loja/page/5/?add-to-cart=621&doing_wp_cron=1758569056.8537590503692626953125&orderby=popularity HTTP/1.1" 200 63465 "-" "Mozilla/5.0 AppleWebKit/537.36 (KHTML, like Gecko; compatible; ClaudeBot/1.0; +claudebot@anthropic.com)"
216.73.217.54 - - [07/Jun/2026:00:00:33 +0200] "GET /categoria-produto/frescos/legumes/page/3/?add-to-cart=490&orderby=popularity HTTP/1.1" 200 60828 "-" "Mozilla/5.0 AppleWebKit/537.36 (KHTML, like Gecko; compatible; ClaudeBot/1.0; +claudebot@anthropic.com)"
94.154.239.69 - - [07/Jun/2026:00:00:34 +0200] "GET /carrinho/?remove_item=45645a27c4f1adc8a7a835976064a86d&_wpnonce=7b35b3990a&doing_wp_cron=1780783230.0633618831634521484375 HTTP/1.1" 200 55607 "-" "Mozilla/5.0 (compatible; MJ12bot/v1.4.8; http://mj12bot.com/)"
216.73.217.54 - - [07/Jun/2026:00:00:36 +0200] "GET /loja/page/4/?add-to-cart=897&doing_wp_cron=1758569056.8537590503692626953125&orderby=popularity HTTP/1.1" 200 63591 "-" "Mozilla/5.0 AppleWebKit/537.36 (KHTML, like Gecko; compatible; ClaudeBot/1.0; +claudebot@anthropic.com)"
103.15.94.7 - - [07/Jun/2026:00:00:37 +0200] "GET /2021/05/11/ola-mundo/ HTTP/1.1" 200 1154279 "-" "Mozilla/5.0 (X11; Linux i686; rv:114.0) Gecko/20100101 Firefox/114.0"
130.51.22.201 - - [07/Jun/2026:00:00:38 +0200] "GET /2021/05/11/ola-mundo/ HTTP/1.1" 200 1154279 "-" "Mozilla/5.0 (compatible; Googlebot/2.1; +http://www.google.com/bot.html)"
94.154.239.69 - - [07/Jun/2026:00:00:39 +0200] "GET /carrinho/?remove_item=7380ad8a673226ae47fce7bff88e9c33&_wpnonce=7733b47c54 HTTP/1.1" 200 55568 "-" "Mozilla/5.0 (compatible; MJ12bot/v1.4.8; http://mj12bot.com/)"
216.73.217.54 - - [07/Jun/2026:00:00:40 +0200] "GET /loja/page/8/?add-to-cart=1987&doing_wp_cron=1780247694.3308169841766357421875&orderby=popularity HTTP/1.1" 200 61652 "-" "Mozilla/5.0 AppleWebKit/537.36 (KHTML, like Gecko; compatible; ClaudeBot/1.0; +claudebot@anthropic.com)"
216.73.217.54 - - [07/Jun/2026:00:00:43 +0200] "GET /produto/endivias/?add-to-cart=472&doing_wp_cron=1780446661.5440700054168701171875 HTTP/1.1" 200 59458 "-" "Mozilla/5.0 AppleWebKit/537.36 (KHTML, like Gecko; compatible; ClaudeBot/1.0; +claudebot@anthropic.com)"
94.154.239.69 - - [07/Jun/2026:00:00:45 +0200] "GET /carrinho/?remove_item=f2201f5191c4e92cc5af043eebfd0946&_wpnonce=9ff6d44a42&doing_wp_cron=1723628533.8982489109039306640625 HTTP/1.1" 200 55593 "-" "Mozilla/5.0 (compatible; MJ12bot/v1.4.8; http://mj12bot.com/)"
216.73.217.54 - - [07/Jun/2026:00:00:46 +0200] "GET /loja/page/3/?add-to-cart=1990&doing_wp_cron=1780298590.2811610698699951171875&orderby=popularity HTTP/1.1" 200 61675 "-" "Mozilla/5.0 AppleWebKit/537.36 (KHTML, like Gecko; compatible; ClaudeBot/1.0; +claudebot@anthropic.com)"
103.15.94.7 - - [07/Jun/2026:00:00:47 +0200] "GET /2021/05/11/ola-mundo/ HTTP/1.1" 200 1154279 "https://www.baudefruta.pt/2021/05/11/ola-mundo/" "Mozilla/5.0 (X11; Linux i686; rv:114.0) Gecko/20100101 Firefox/114.0"
216.73.217.54 - - [07/Jun/2026:00:00:49 +0200] "GET /loja/page/3/?add-to-cart=545&doing_wp_cron=1780489939.7494440078735351562500&orderby=popularity HTTP/1.1" 200 61871 "-" "Mozilla/5.0 AppleWebKit/537.36 (KHTML, like Gecko; compatible; ClaudeBot/1.0; +claudebot@anthropic.com)"
216.73.217.54 - - [07/Jun/2026:00:00:52 +0200] "GET /categoria-produto/mercearia/?add-to-cart=2014&doing_wp_cron=1780207808.4722089767456054687500&orderby=popularity HTTP/1.1" 200 62095 "-" "Mozilla/5.0 AppleWebKit/537.36 (KHTML, like Gecko; compatible; ClaudeBot/1.0; +claudebot@anthropic.com)"
94.154.239.69 - - [07/Jun/2026:00:00:53 +0200] "GET /carrinho/?remove_item=f2201f5191c4e92cc5af043eebfd0946&_wpnonce=a1708bae84&doing_wp_cron=1730575722.8698170185089111328125 HTTP/1.1" 200 55599 "-" "Mozilla/5.0 (compatible; MJ12bot/v1.4.8; http://mj12bot.com/)"
216.73.217.54 - - [07/Jun/2026:00:00:54 +0200] "GET /produto/miolo-de-noz/?add-to-cart=767&doing_wp_cron=1780375377.5860760211944580078125 HTTP/1.1" 200 60272 "-" "Mozilla/5.0 AppleWebKit/537.36 (KHTML, like Gecko; compatible; ClaudeBot/1.0; +claudebot@anthropic.com)"
216.73.217.54 - - [07/Jun/2026:00:00:58 +0200] "GET /loja/page/3/?add-to-cart=486&doing_wp_cron=1780657689.1318700313568115234375&orderby=menu_order HTTP/1.1" 200 62116 "-" "Mozilla/5.0 AppleWebKit/537.36 (KHTML, like Gecko; compatible; ClaudeBot/1.0; +claudebot@anthropic.com)"
94.154.239.69 - - [07/Jun/2026:00:00:58 +0200] "GET /carrinho/?remove_item=f2201f5191c4e92cc5af043eebfd0946&_wpnonce=a6757825fc&doing_wp_cron=1688831395.0139760971069335937500 HTTP/1.1" 200 55598 "-" "Mozilla/5.0 (compatible; MJ12bot/v1.4.8; http://mj12bot.com/)"
216.73.217.54 - - [07/Jun/2026:00:01:02 +0200] "GET /categoria-produto/mercearia/?add-to-cart=895&doing_wp_cron=1780207808.4722089767456054687500&orderby=menu_order HTTP/1.1" 200 60859 "-" "Mozilla/5.0 AppleWebKit/537.36 (KHTML, like Gecko; compatible; ClaudeBot/1.0; +claudebot@anthropic.com)"
216.73.217.54 - - [07/Jun/2026:00:01:04 +0200] "GET /loja/page/10/?add-to-cart=4331&doing_wp_cron=1780305920.7864100933074951171875&orderby=menu_order HTTP/1.1" 200 61619 "-" "Mozilla/5.0 AppleWebKit/537.36 (KHTML, like Gecko; compatible; ClaudeBot/1.0; +claudebot@anthropic.com)"
94.154.239.69 - - [07/Jun/2026:00:01:05 +0200] "GET /carrinho/?remove_item=f2201f5191c4e92cc5af043eebfd0946&_wpnonce=a6757825fc&doing_wp_cron=1724011877.9061310291290283203125 HTTP/1.1" 200 55599 "-" "Mozilla/5.0 (compatible; MJ12bot/v1.4.8; http://mj12bot.com/)"
216.73.217.54 - - [07/Jun/2026:00:01:07 +0200] "GET /loja/page/9/?add-to-cart=462&doing_wp_cron=1780430342.1766259670257568359375&orderby=menu_order HTTP/1.1" 200 61652 "-" "Mozilla/5.0 AppleWebKit/537.36 (KHTML, like Gecko; compatible; ClaudeBot/1.0; +claudebot@anthropic.com)"
216.73.217.54 - - [07/Jun/2026:00:01:10 +0200] "GET /loja/page/2/?add-to-cart=2041&doing_wp_cron=1780415098.0220060348510742187500&orderby=menu_order HTTP/1.1" 200 61854 "-" "Mozilla/5.0 AppleWebKit/537.36 (KHTML, like Gecko; compatible; ClaudeBot/1.0; +claudebot@anthropic.com)"
94.154.239.69 - - [07/Jun/2026:00:01:10 +0200] "GET /carrinho/?remove_item=f2201f5191c4e92cc5af043eebfd0946&_wpnonce=a6c3e8549c&doing_wp_cron=1701335714.9866030216217041015625 HTTP/1.1" 200 55597 "-" "Mozilla/5.0 (compatible; MJ12bot/v1.4.8; http://mj12bot.com/)"
216.73.217.54 - - [07/Jun/2026:00:01:13 +0200] "GET /loja/?add-to-cart=690&doing_wp_cron=1780360638.0177381038665771484375&orderby=price HTTP/1.1" 200 61988 "-" "Mozilla/5.0 AppleWebKit/537.36 (KHTML, like Gecko; compatible; ClaudeBot/1.0; +claudebot@anthropic.com)"
94.154.239.69 - - [07/Jun/2026:00:01:15 +0200] "GET /carrinho/?remove_item=f2201f5191c4e92cc5af043eebfd0946&_wpnonce=a6c3e8549c&doing_wp_cron=1736939581.3961579799652099609375 HTTP/1.1" 200 55602 "-" "Mozilla/5.0 (compatible; MJ12bot/v1.4.8; http://mj12bot.com/)"
216.73.217.54 - - [07/Jun/2026:00:01:16 +0200] "GET /loja/page/5/?add-to-cart=4225&doing_wp_cron=1780596024.2896258831024169921875&orderby=menu_order HTTP/1.1" 200 62199 "-" "Mozilla/5.0 AppleWebKit/537.36 (KHTML, like Gecko; compatible; ClaudeBot/1.0; +claudebot@anthropic.com)"
216.73.217.54 - - [07/Jun/2026:00:01:20 +0200] "GET /loja/page/4/?add-to-cart=476&doing_wp_cron=1780553398.6100089550018310546875&orderby=popularity HTTP/1.1" 200 62514 "-" "Mozilla/5.0 AppleWebKit/537.36 (KHTML, like Gecko; compatible; ClaudeBot/1.0; +claudebot@anthropic.com)"
94.154.239.69 - - [07/Jun/2026:00:01:21 +0200] "GET /carrinho/?remove_item=f2201f5191c4e92cc5af043eebfd0946&_wpnonce=aa4dcaf2cc&doing_wp_cron=1743186033.1184580326080322265625 HTTP/1.1" 200 55599 "-" "Mozilla/5.0 (compatible; MJ12bot/v1.4.8; http://mj12bot.com/)"
216.73.217.54 - - [07/Jun/2026:00:01:22 +0200] "GET /loja/page/2/?add-to-cart=519&doing_wp_cron=1780505541.2122659683227539062500&orderby=popularity HTTP/1.1" 200 62590 "-" "Mozilla/5.0 AppleWebKit/537.36 (KHTML, like Gecko; compatible; ClaudeBot/1.0; +claudebot@anthropic.com)"
94.154.239.69 - - [07/Jun/2026:00:01:26 +0200] "GET /carrinho/?remove_item=f2201f5191c4e92cc5af043eebfd0946&_wpnonce=aa6655e0b0&doing_wp_cron=1694407579.6616148948669433593750 HTTP/1.1" 200 55599 "-" "Mozilla/5.0 (compatible; MJ12bot/v1.4.8; http://mj12bot.com/)"
216.73.217.54 - - [07/Jun/2026:00:01:29 +0200] "GET /loja/page/6/?add-to-cart=731&doing_wp_cron=1780521299.4223439693450927734375&orderby=menu_order HTTP/1.1" 200 61068 "-" "Mozilla/5.0 AppleWebKit/537.36 (KHTML, like Gecko; compatible; ClaudeBot/1.0; +claudebot@anthropic.com)"
94.154.239.69 - - [07/Jun/2026:00:01:31 +0200] "GET /carrinho/?remove_item=f2201f5191c4e92cc5af043eebfd0946&_wpnonce=aa6655e0b0&doing_wp_cron=1743186037.8833599090576171875000 HTTP/1.1" 200 55599 "-" "Mozilla/5.0 (compatible; MJ12bot/v1.4.8; http://mj12bot.com/)"
216.73.217.54 - - [07/Jun/2026:00:01:31 +0200] "GET /loja/?add-to-cart=3520&doing_wp_cron=1780384400.8176770210266113281250&orderby=menu_order HTTP/1.1" 200 61216 "-" "Mozilla/5.0 AppleWebKit/537.36 (KHTML, like Gecko; compatible; ClaudeBot/1.0; +claudebot@anthropic.com)"
216.73.217.54 - - [07/Jun/2026:00:01:34 +0200] "GET /loja/?add-to-cart=4235&doing_wp_cron=1780393280.3025689125061035156250&orderby=date HTTP/1.1" 200 61471 "-" "Mozilla/5.0 AppleWebKit/537.36 (KHTML, like Gecko; compatible; ClaudeBot/1.0; +claudebot@anthropic.com)"
94.154.239.69 - - [07/Jun/2026:00:01:36 +0200] "GET /carrinho/?remove_item=f2201f5191c4e92cc5af043eebfd0946&_wpnonce=ac9a682305 HTTP/1.1" 302 11 "-" "Mozilla/5.0 (compatible; MJ12bot/v1.4.8; http://mj12bot.com/)"
114.119.133.26 - - [07/Jun/2026:00:01:37 +0200] "GET /loja/page/6/?orderby=date&doing_wp_cron=1743395995.5368680953979492187500 HTTP/1.1" 200 60323 "https://www.baudefruta.pt/loja/page/7/?orderby=date&doing_wp_cron=1743395995.5368680953979492187500" "Mozilla/5.0 (Linux; Android 7.0;) AppleWebKit/537.36 (HTML, like Gecko) Mobile Safari/537.36 (compatible; PetalBot;+https://webmaster.petalsearch.com/site/petalbot)"
216.73.217.54 - - [07/Jun/2026:00:01:38 +0200] "GET /loja/page/4/?add-to-cart=454&doing_wp_cron=1780553398.6100089550018310546875&orderby=popularity HTTP/1.1" 200 61891 "-" "Mozilla/5.0 AppleWebKit/537.36 (KHTML, like Gecko; compatible; ClaudeBot/1.0; +claudebot@anthropic.com)"
216.73.217.54 - - [07/Jun/2026:00:01:40 +0200] "GET /loja/page/2/?add-to-cart=761&doing_wp_cron=1780551056.5836288928985595703125&orderby=menu_order HTTP/1.1" 200 62229 "-" "Mozilla/5.0 AppleWebKit/537.36 (KHTML, like Gecko; compatible; ClaudeBot/1.0; +claudebot@anthropic.com)"
94.154.239.69 - - [07/Jun/2026:00:01:41 +0200] "GET /carrinho/?remove_item=f2201f5191c4e92cc5af043eebfd0946&_wpnonce=ac9a682305&doing_wp_cron=1780783296.8976240158081054687500 HTTP/1.1" 200 55596 "-" "Mozilla/5.0 (compatible; MJ12bot/v1.4.8; http://mj12bot.com/)"
216.73.217.54 - - [07/Jun/2026:00:01:43 +0200] "GET /loja/page/5/?add-to-cart=777&doing_wp_cron=1780247694.3308169841766357421875&orderby=menu_order HTTP/1.1" 200 62262 "-" "Mozilla/5.0 AppleWebKit/537.36 (KHTML, like Gecko; compatible; ClaudeBot/1.0; +claudebot@anthropic.com)"
94.154.239.69 - - [07/Jun/2026:00:01:45 +0200] "GET /carrinho/?remove_item=f2201f5191c4e92cc5af043eebfd0946&_wpnonce=ac9a682305&doing_wp_cron=1730588234.8534510135650634765625 HTTP/1.1" 200 55600 "-" "Mozilla/5.0 (compatible; MJ12bot/v1.4.8; http://mj12bot.com/)"
216.73.217.54 - - [07/Jun/2026:00:01:46 +0200] "GET /loja/page/6/?add-to-cart=641&doing_wp_cron=1780498167.6054840087890625000000&orderby=price HTTP/1.1" 200 62807 "-" "Mozilla/5.0 AppleWebKit/537.36 (KHTML, like Gecko; compatible; ClaudeBot/1.0; +claudebot@anthropic.com)"
94.154.239.69 - - [07/Jun/2026:00:01:49 +0200] "GET /carrinho/?remove_item=f2201f5191c4e92cc5af043eebfd0946&_wpnonce=acece2430e&doing_wp_cron=1709422214.9579360485076904296875 HTTP/1.1" 200 55597 "-" "Mozilla/5.0 (compatible; MJ12bot/v1.4.8; http://mj12bot.com/)"
216.73.217.54 - - [07/Jun/2026:00:01:49 +0200] "GET /loja/page/3/?add-to-cart=1992&doing_wp_cron=1780319098.8176429271697998046875&orderby=popularity HTTP/1.1" 200 62826 "-" "Mozilla/5.0 AppleWebKit/537.36 (KHTML, like Gecko; compatible; ClaudeBot/1.0; +claudebot@anthropic.com)"
216.73.217.54 - - [07/Jun/2026:00:01:52 +0200] "GET /produto/endivias/?add-to-cart=4230&doing_wp_cron=1780514718.3611130714416503906250 HTTP/1.1" 200 61065 "-" "Mozilla/5.0 AppleWebKit/537.36 (KHTML, like Gecko; compatible; ClaudeBot/1.0; +claudebot@anthropic.com)"
94.154.239.69 - - [07/Jun/2026:00:01:53 +0200] "GET /carrinho/?remove_item=f2201f5191c4e92cc5af043eebfd0946&_wpnonce=acece2430e&doing_wp_cron=1730886626.0648479461669921875000 HTTP/1.1" 200 55603 "-" "Mozilla/5.0 (compatible; MJ12bot/v1.4.8; http://mj12bot.com/)"
216.73.217.54 - - [07/Jun/2026:00:01:56 +0200] "GET /loja/page/3/?add-to-cart=561&doing_wp_cron=1780505541.2122659683227539062500&orderby=menu_order HTTP/1.1" 200 62797 "-" "Mozilla/5.0 AppleWebKit/537.36 (KHTML, like Gecko; compatible; ClaudeBot/1.0; +claudebot@anthropic.com)"
94.154.239.69 - - [07/Jun/2026:00:01:57 +0200] "GET /carrinho/?remove_item=f2201f5191c4e92cc5af043eebfd0946&_wpnonce=b2ef935e82&doing_wp_cron=1680970013.8486320972442626953125 HTTP/1.1" 200 55606 "-" "Mozilla/5.0 (compatible; MJ12bot/v1.4.8; http://mj12bot.com/)"
216.73.217.54 - - [07/Jun/2026:00:01:58 +0200] "GET /categoria-produto/mercearia/?add-to-cart=793&doing_wp_cron=1780282511.0896770954132080078125&orderby=date HTTP/1.1" 200 62991 "-" "Mozilla/5.0 AppleWebKit/537.36 (KHTML, like Gecko; compatible; ClaudeBot/1.0; +claudebot@anthropic.com)"
216.73.217.54 - - [07/Jun/2026:00:02:01 +0200] "GET /produto/couve-coracao/?add-to-cart=492&doing_wp_cron=1780489798.7315669059753417968750 HTTP/1.1" 200 61801 "-" "Mozilla/5.0 AppleWebKit/537.36 (KHTML, like Gecko; compatible; ClaudeBot/1.0; +claudebot@anthropic.com)"
94.154.239.69 - - [07/Jun/2026:00:02:02 +0200] "GET /carrinho/?remove_item=f2201f5191c4e92cc5af043eebfd0946&_wpnonce=b2ef935e82&doing_wp_cron=1701335736.1084580421447753906250 HTTP/1.1" 200 55599 "-" "Mozilla/5.0 (compatible; MJ12bot/v1.4.8; http://mj12bot.com/)"
216.73.217.54 - - [07/Jun/2026:00:02:05 +0200] "GET /loja/page/9/?add-to-cart=462&doing_wp_cron=1780596009.2270820140838623046875&orderby=menu_order HTTP/1.1" 200 63788 "-" "Mozilla/5.0 AppleWebKit/537.36 (KHTML, like Gecko; compatible; ClaudeBot/1.0; +claudebot@anthropic.com)"
94.154.239.69 - - [07/Jun/2026:00:02:06 +0200] "GET /carrinho/?remove_item=f2201f5191c4e92cc5af043eebfd0946&_wpnonce=b2ef935e82&doing_wp_cron=1716659116.9541039466857910156250 HTTP/1.1" 200 55600 "-" "Mozilla/5.0 (compatible; MJ12bot/v1.4.8; http://mj12bot.com/)"
216.73.217.54 - - [07/Jun/2026:00:02:08 +0200] "GET /loja/page/4/?add-to-cart=903&doing_wp_cron=1780468220.8436799049377441406250&orderby=popularity HTTP/1.1" 200 64054 "-" "Mozilla/5.0 AppleWebKit/537.36 (KHTML, like Gecko; compatible; ClaudeBot/1.0; +claudebot@anthropic.com)"
35.145.154.201 - - [07/Jun/2026:00:02:09 +0200] "GET /categoria-produto/mercearia/?add-to-cart=2041&doing_wp_cron=1779633988.7657229900360107421875&orderby=popularity HTTP/1.1" 200 462723 "-" "Mozilla/5.0 (compatible; MSIE 5.0; Windows NT 5.2; Trident/3.0)"
216.73.217.54 - - [07/Jun/2026:00:02:10 +0200] "GET /produto/miolo-de-noz/?add-to-cart=935&doing_wp_cron=1780490038.6559369564056396484375 HTTP/1.1" 200 62178 "-" "Mozilla/5.0 AppleWebKit/537.36 (KHTML, like Gecko; compatible; ClaudeBot/1.0; +claudebot@anthropic.com)"
94.154.239.69 - - [07/Jun/2026:00:02:10 +0200] "GET /carrinho/?remove_item=f2201f5191c4e92cc5af043eebfd0946&_wpnonce=bdf6962a03&doing_wp_cron=1691424531.1189479827880859375000 HTTP/1.1" 200 55603 "-" "Mozilla/5.0 (compatible; MJ12bot/v1.4.8; http://mj12bot.com/)"
216.73.217.54 - - [07/Jun/2026:00:02:14 +0200] "GET /loja/page/9/?add-to-cart=717&doing_wp_cron=1780319098.8176429271697998046875&orderby=menu_order HTTP/1.1" 200 64414 "-" "Mozilla/5.0 AppleWebKit/537.36 (KHTML, like Gecko; compatible; ClaudeBot/1.0; +claudebot@anthropic.com)"
94.154.239.69 - - [07/Jun/2026:00:02:15 +0200] "GET /carrinho/?remove_item=f2201f5191c4e92cc5af043eebfd0946&_wpnonce=bdf6962a03&doing_wp_cron=1709422251.6323580741882324218750 HTTP/1.1" 200 55602 "-" "Mozilla/5.0 (compatible; MJ12bot/v1.4.8; http://mj12bot.com/)"
216.73.217.54 - - [07/Jun/2026:00:02:18 +0200] "GET /loja/page/4/?add-to-cart=600&doing_wp_cron=1780534458.6864840984344482421875&orderby=popularity HTTP/1.1" 200 61119 "-" "Mozilla/5.0 AppleWebKit/537.36 (KHTML, like Gecko; compatible; ClaudeBot/1.0; +claudebot@anthropic.com)"
94.154.239.69 - - [07/Jun/2026:00:02:19 +0200] "GET /carrinho/?remove_item=f79921bbae40a577928b76d2fc3edc2a&_wpnonce=421ce4e2ec&doing_wp_cron=1716825310.1913390159606933593750 HTTP/1.1" 200 55602 "-" "Mozilla/5.0 (compatible; MJ12bot/v1.4.8; http://mj12bot.com/)"
216.73.217.54 - - [07/Jun/2026:00:02:21 +0200] "GET /loja/page/11/?add-to-cart=899&doing_wp_cron=1780489939.7494440078735351562500&orderby=menu_order HTTP/1.1" 200 60821 "-" "Mozilla/5.0 AppleWebKit/537.36 (KHTML, like Gecko; compatible; ClaudeBot/1.0; +claudebot@anthropic.com)"
94.154.239.69 - - [07/Jun/2026:00:02:23 +0200] "GET /carrinho/?remove_item=fa14d4fe2f19414de3ebd9f63d5c0169&_wpnonce=229889990b&doing_wp_cron=1754890488.7678179740905761718750 HTTP/1.1" 200 55603 "-" "Mozilla/5.0 (compatible; MJ12bot/v1.4.8; http://mj12bot.com/)"
216.73.217.54 - - [07/Jun/2026:00:02:24 +0200] "GET /produto/endivias/?add-to-cart=1540&doing_wp_cron=1780514718.3611130714416503906250 HTTP/1.1" 200 59604 "-" "Mozilla/5.0 AppleWebKit/537.36 (KHTML, like Gecko; compatible; ClaudeBot/1.0; +claudebot@anthropic.com)"
216.73.217.54 - - [07/Jun/2026:00:02:27 +0200] "GET /loja/page/9/?add-to-cart=2010&doing_wp_cron=1780498200.4151859283447265625000&orderby=menu_order HTTP/1.1" 200 61856 "-" "Mozilla/5.0 AppleWebKit/537.36 (KHTML, like Gecko; compatible; ClaudeBot/1.0; +claudebot@anthropic.com)"
94.154.239.69 - - [07/Jun/2026:00:02:27 +0200] "GET /carrinho/?remove_item=fa14d4fe2f19414de3ebd9f63d5c0169&_wpnonce=268ad1da54 HTTP/1.1" 302 11 "-" "Mozilla/5.0 (compatible; MJ12bot/v1.4.8; http://mj12bot.com/)"
216.73.217.54 - - [07/Jun/2026:00:02:30 +0200] "GET /loja/page/7/?add-to-cart=423&doing_wp_cron=1780468220.8436799049377441406250&orderby=popularity HTTP/1.1" 200 62502 "-" "Mozilla/5.0 AppleWebKit/537.36 (KHTML, like Gecko; compatible; ClaudeBot/1.0; +claudebot@anthropic.com)"
94.154.239.69 - - [07/Jun/2026:00:02:31 +0200] "GET /carrinho/?remove_item=fa14d4fe2f19414de3ebd9f63d5c0169&_wpnonce=268ad1da54&doing_wp_cron=1780783347.5132820606231689453125 HTTP/1.1" 200 55599 "-" "Mozilla/5.0 (compatible; MJ12bot/v1.4.8; http://mj12bot.com/)"
216.73.217.54 - - [07/Jun/2026:00:02:33 +0200] "GET /loja/page/5/?add-to-cart=767&doing_wp_cron=1780415098.0220060348510742187500&orderby=popularity HTTP/1.1" 200 62627 "-" "Mozilla/5.0 AppleWebKit/537.36 (KHTML, like Gecko; compatible; ClaudeBot/1.0; +claudebot@anthropic.com)"
216.73.217.54 - - [07/Jun/2026:00:02:36 +0200] "GET /loja/page/6/?add-to-cart=899&doing_wp_cron=1780247694.3308169841766357421875&orderby=popularity HTTP/1.1" 200 62766 "-" "Mozilla/5.0 AppleWebKit/537.36 (KHTML, like Gecko; compatible; ClaudeBot/1.0; +claudebot@anthropic.com)"
94.154.239.69 - - [07/Jun/2026:00:02:36 +0200] "GET /carrinho/?remove_item=fc8001f834f6a5f0561080d134d53d29&_wpnonce=abae81ff46 HTTP/1.1" 200 55557 "-" "Mozilla/5.0 (compatible; MJ12bot/v1.4.8; http://mj12bot.com/)"
216.73.217.54 - - [07/Jun/2026:00:02:39 +0200] "GET /loja/page/3/?add-to-cart=2009&doing_wp_cron=1780388658.8284630775451660156250&orderby=popularity HTTP/1.1" 200 62548 "-" "Mozilla/5.0 AppleWebKit/537.36 (KHTML, like Gecko; compatible; ClaudeBot/1.0; +claudebot@anthropic.com)"
52.167.144.201 - - [07/Jun/2026:00:02:40 +0200] "GET /loja/page/8/?doing_wp_cron=1777082328.5216441154479980468750&orderby=price-desc HTTP/1.1" 200 60665 "-" "Mozilla/5.0 AppleWebKit/537.36 (KHTML, like Gecko; compatible; bingbot/2.0; +http://www.bing.com/bingbot.htm) Chrome/116.0.1938.76 Safari/537.36"
216.73.217.54 - - [07/Jun/2026:00:02:42 +0200] "GET /loja/page/11/?add-to-cart=526&doing_wp_cron=1780552136.4866590499877929687500&orderby=popularity HTTP/1.1" 200 62626 "-" "Mozilla/5.0 AppleWebKit/537.36 (KHTML, like Gecko; compatible; ClaudeBot/1.0; +claudebot@anthropic.com)"
94.154.239.69 - - [07/Jun/2026:00:02:42 +0200] "GET /carrinho/?remove_item=fc8001f834f6a5f0561080d134d53d29&_wpnonce=c0f32b5bba&doing_wp_cron=1716825866.1896119117736816406250 HTTP/1.1" 200 55607 "-" "Mozilla/5.0 (compatible; MJ12bot/v1.4.8; http://mj12bot.com/)"
216.73.217.54 - - [07/Jun/2026:00:02:45 +0200] "GET /loja/page/8/?add-to-cart=778&doing_wp_cron=1780305920.7864100933074951171875&orderby=menu_order HTTP/1.1" 200 62794 "-" "Mozilla/5.0 AppleWebKit/537.36 (KHTML, like Gecko; compatible; ClaudeBot/1.0; +claudebot@anthropic.com)"
57.141.20.38 - - [07/Jun/2026:00:02:48 +0200] "GET /produto/favas/ HTTP/1.1" 404 298150 "-" "meta-externalagent/1.1 (+https://developers.facebook.com/docs/sharing/webmasters/crawler)"
94.154.239.69 - - [07/Jun/2026:00:02:48 +0200] "GET /carrinho/?remove_item=fc8001f834f6a5f0561080d134d53d29&_wpnonce=cd37b24df3&doing_wp_cron=1680979918.8424329757690429687500 HTTP/1.1" 200 55602 "-" "Mozilla/5.0 (compatible; MJ12bot/v1.4.8; http://mj12bot.com/)"
216.73.217.54 - - [07/Jun/2026:00:02:48 +0200] "GET /loja/page/7/?add-to-cart=891&doing_wp_cron=1780415118.9577500820159912109375&orderby=menu_order HTTP/1.1" 200 63141 "-" "Mozilla/5.0 AppleWebKit/537.36 (KHTML, like Gecko; compatible; ClaudeBot/1.0; +claudebot@anthropic.com)"
216.73.217.54 - - [07/Jun/2026:00:02:51 +0200] "GET /loja/page/2/?add-to-cart=521&doing_wp_cron=1780529684.9311110973358154296875&orderby=menu_order HTTP/1.1" 200 63380 "-" "Mozilla/5.0 AppleWebKit/537.36 (KHTML, like Gecko; compatible; ClaudeBot/1.0; +claudebot@anthropic.com)"
104.194.132.199 - - [07/Jun/2026:00:02:52 +0200] "GET /2021/05/11/ola-mundo/ HTTP/1.1" 200 1154279 "https://www.baudefruta.pt/" "Mozilla/5.0 (Windows NT 10.0; Win64; x64; rv:114.0) Gecko/20100101 Firefox/114.0"
104.194.132.199 - - [07/Jun/2026:00:02:53 +0200] "POST /xmlrpc.php HTTP/1.1" 200 217 "https://www.baudefruta.pt/2021/05/11/ola-mundo/" "PHP/6.3.06"
94.154.239.69 - - [07/Jun/2026:00:02:54 +0200] "GET /carrinho/?remove_item=fc8001f834f6a5f0561080d134d53d29&_wpnonce=cd37b24df3&doing_wp_cron=1683573473.3018250465393066406250 HTTP/1.1" 200 55602 "-" "Mozilla/5.0 (compatible; MJ12bot/v1.4.8; http://mj12bot.com/)"
216.73.217.54 - - [07/Jun/2026:00:02:54 +0200] "GET /loja/page/5/?add-to-cart=1539&doing_wp_cron=1780596009.2270820140838623046875&orderby=menu_order HTTP/1.1" 200 63363 "-" "Mozilla/5.0 AppleWebKit/537.36 (KHTML, like Gecko; compatible; ClaudeBot/1.0; +claudebot@anthropic.com)"
216.73.217.54 - - [07/Jun/2026:00:02:57 +0200] "GET /loja/page/5/?add-to-cart=1539&doing_wp_cron=1780704849.3133170604705810546875&orderby=menu_order HTTP/1.1" 200 63367 "-" "Mozilla/5.0 AppleWebKit/537.36 (KHTML, like Gecko; compatible; ClaudeBot/1.0; +claudebot@anthropic.com)"
94.154.239.69 - - [07/Jun/2026:00:03:00 +0200] "GET /carrinho/?remove_item=fc8001f834f6a5f0561080d134d53d29&_wpnonce=cd37b24df3&doing_wp_cron=1701565458.5770330429077148437500 HTTP/1.1" 200 55598 "-" "Mozilla/5.0 (compatible; MJ12bot/v1.4.8; http://mj12bot.com/)"
216.73.217.54 - - [07/Jun/2026:00:03:00 +0200] "GET /loja/page/2/?add-to-cart=604&doing_wp_cron=1780551056.5836288928985595703125&orderby=popularity HTTP/1.1" 200 63635 "-" "Mozilla/5.0 AppleWebKit/537.36 (KHTML, like Gecko; compatible; ClaudeBot/1.0; +claudebot@anthropic.com)"
114.119.132.173 - - [07/Jun/2026:00:03:01 +0200] "GET /loja/page/6/?orderby=date&doing_wp_cron=1743191579.9375219345092773437500 HTTP/1.1" 200 60318 "https://www.baudefruta.pt/loja/page/7/?orderby=date&doing_wp_cron=1743191579.9375219345092773437500" "Mozilla/5.0 (Linux; Android 7.0;) AppleWebKit/537.36 (HTML, like Gecko) Mobile Safari/537.36 (compatible; PetalBot;+https://webmaster.petalsearch.com/site/petalbot)"
216.73.217.54 - - [07/Jun/2026:00:03:03 +0200] "GET /loja/page/11/?add-to-cart=521&doing_wp_cron=1780552196.7174270153045654296875&orderby=date HTTP/1.1" 200 62719 "-" "Mozilla/5.0 AppleWebKit/537.36 (KHTML, like Gecko; compatible; ClaudeBot/1.0; +claudebot@anthropic.com)"
94.154.239.69 - - [07/Jun/2026:00:03:05 +0200] "GET /carrinho/?remove_item=fc8001f834f6a5f0561080d134d53d29&_wpnonce=cd37b24df3&doing_wp_cron=1736968596.9377589225769042968750 HTTP/1.1" 200 55599 "-" "Mozilla/5.0 (compatible; MJ12bot/v1.4.8; http://mj12bot.com/)"
216.73.217.54 - - [07/Jun/2026:00:03:06 +0200] "GET /loja/page/4/?add-to-cart=600&doing_wp_cron=1780614619.3051850795745849609375&orderby=menu_order HTTP/1.1" 200 63901 "-" "Mozilla/5.0 AppleWebKit/537.36 (KHTML, like Gecko; compatible; ClaudeBot/1.0; +claudebot@anthropic.com)"
216.73.217.54 - - [07/Jun/2026:00:03:09 +0200] "GET /loja/page/8/?add-to-cart=595&doing_wp_cron=1780066683.4503800868988037109375&orderby=popularity HTTP/1.1" 200 64366 "-" "Mozilla/5.0 AppleWebKit/537.36 (KHTML, like Gecko; compatible; ClaudeBot/1.0; +claudebot@anthropic.com)"
94.154.239.69 - - [07/Jun/2026:00:03:10 +0200] "GET /carrinho/?remove_item=fc8001f834f6a5f0561080d134d53d29&_wpnonce=f24dd017e9&doing_wp_cron=1754895940.3028399944305419921875 HTTP/1.1" 200 55598 "-" "Mozilla/5.0 (compatible; MJ12bot/v1.4.8; http://mj12bot.com/)"
216.73.217.54 - - [07/Jun/2026:00:03:12 +0200] "GET /loja/page/4/?add-to-cart=239&doing_wp_cron=1780534458.6864840984344482421875&orderby=popularity HTTP/1.1" 200 65346 "-" "Mozilla/5.0 AppleWebKit/537.36 (KHTML, like Gecko; compatible; ClaudeBot/1.0; +claudebot@anthropic.com)"
216.73.217.54 - - [07/Jun/2026:00:03:15 +0200] "GET /loja/page/4/?add-to-cart=427&doing_wp_cron=1780534458.6864840984344482421875&orderby=popularity HTTP/1.1" 200 65482 "-" "Mozilla/5.0 AppleWebKit/537.36 (KHTML, like Gecko; compatible; ClaudeBot/1.0; +claudebot@anthropic.com)"
94.154.239.69 - - [07/Jun/2026:00:03:15 +0200] "GET /carrinho/?remove_item=fc8001f834f6a5f0561080d134d53d29&_wpnonce=f8979c48b3&doing_wp_cron=1743198396.0831840038299560546875 HTTP/1.1" 200 55597 "-" "Mozilla/5.0 (compatible; MJ12bot/v1.4.8; http://mj12bot.com/)"
216.73.217.54 - - [07/Jun/2026:00:03:18 +0200] "GET /loja/page/8/?add-to-cart=2009&doing_wp_cron=1780545559.8994989395141601562500&orderby=date HTTP/1.1" 200 65284 "-" "Mozilla/5.0 AppleWebKit/537.36 (KHTML, like Gecko; compatible; ClaudeBot/1.0; +claudebot@anthropic.com)"
94.154.239.69 - - [07/Jun/2026:00:03:21 +0200] "GET /carrinho/?remove_item=fc8001f834f6a5f0561080d134d53d29&_wpnonce=fb9df03c24&doing_wp_cron=1754895953.2928950786590576171875 HTTP/1.1" 200 55597 "-" "Mozilla/5.0 (compatible; MJ12bot/v1.4.8; http://mj12bot.com/)"
216.73.217.54 - - [07/Jun/2026:00:03:21 +0200] "GET /loja/page/9/?add-to-cart=2011&doing_wp_cron=1780498200.4151859283447265625000&orderby=menu_order HTTP/1.1" 200 65753 "-" "Mozilla/5.0 AppleWebKit/537.36 (KHTML, like Gecko; compatible; ClaudeBot/1.0; +claudebot@anthropic.com)"
216.73.217.54 - - [07/Jun/2026:00:03:24 +0200] "GET /loja/page/4/?add-to-cart=581&doing_wp_cron=1780534458.6864840984344482421875&orderby=popularity HTTP/1.1" 200 65875 "-" "Mozilla/5.0 AppleWebKit/537.36 (KHTML, like Gecko; compatible; ClaudeBot/1.0; +claudebot@anthropic.com)"
94.154.239.69 - - [07/Jun/2026:00:03:26 +0200] "GET /carrinho/?remove_item=fccb60fb512d13df5083790d64c4d5dd&_wpnonce=013a787617 HTTP/1.1" 302 11 "-" "Mozilla/5.0 (compatible; MJ12bot/v1.4.8; http://mj12bot.com/)"
216.73.217.54 - - [07/Jun/2026:00:03:27 +0200] "GET /loja/page/4/?add-to-cart=476&doing_wp_cron=1780534458.6864840984344482421875&orderby=popularity HTTP/1.1" 200 66042 "-" "Mozilla/5.0 AppleWebKit/537.36 (KHTML, like Gecko; compatible; ClaudeBot/1.0; +claudebot@anthropic.com)"
94.154.239.69 - - [07/Jun/2026:00:03:30 +0200] "GET /carrinho/?remove_item=fccb60fb512d13df5083790d64c4d5dd&_wpnonce=013a787617&doing_wp_cron=1780783406.0684509277343750000000 HTTP/1.1" 200 55600 "-" "Mozilla/5.0 (compatible; MJ12bot/v1.4.8; http://mj12bot.com/)"
216.73.217.54 - - [07/Jun/2026:00:03:30 +0200] "GET /loja/page/4/?add-to-cart=492&doing_wp_cron=1780534458.6864840984344482421875&orderby=popularity HTTP/1.1" 200 66162 "-" "Mozilla/5.0 AppleWebKit/537.36 (KHTML, like Gecko; compatible; ClaudeBot/1.0; +claudebot@anthropic.com)"
216.73.217.54 - - [07/Jun/2026:00:03:33 +0200] "GET /loja/page/4/?add-to-cart=462&doing_wp_cron=1780534458.6864840984344482421875&orderby=popularity HTTP/1.1" 200 66341 "-" "Mozilla/5.0 AppleWebKit/537.36 (KHTML, like Gecko; compatible; ClaudeBot/1.0; +claudebot@anthropic.com)"
94.154.239.69 - - [07/Jun/2026:00:03:34 +0200] "GET /carrinho/?remove_item=fccb60fb512d13df5083790d64c4d5dd&_wpnonce=5a643b384e HTTP/1.1" 200 55567 "-" "Mozilla/5.0 (compatible; MJ12bot/v1.4.8; http://mj12bot.com/)"
216.73.217.54 - - [07/Jun/2026:00:03:36 +0200] "GET /loja/page/7/?add-to-cart=532&doing_wp_cron=1780637652.3290569782257080078125&orderby=price HTTP/1.1" 200 66655 "-" "Mozilla/5.0 AppleWebKit/537.36 (KHTML, like Gecko; compatible; ClaudeBot/1.0; +claudebot@anthropic.com)"
94.154.239.69 - - [07/Jun/2026:00:03:38 +0200] "GET /carrinho/?remove_item=fccb60fb512d13df5083790d64c4d5dd&_wpnonce=5a643b384e&doing_wp_cron=1709575954.0982871055603027343750 HTTP/1.1" 200 55605 "-" "Mozilla/5.0 (compatible; MJ12bot/v1.4.8; http://mj12bot.com/)"
216.73.217.54 - - [07/Jun/2026:00:03:40 +0200] "GET /loja/page/2/?add-to-cart=2033&doing_wp_cron=1780388658.8284630775451660156250&orderby=menu_order HTTP/1.1" 200 66750 "-" "Mozilla/5.0 AppleWebKit/537.36 (KHTML, like Gecko; compatible; ClaudeBot/1.0; +claudebot@anthropic.com)"
216.73.217.54 - - [07/Jun/2026:00:03:42 +0200] "GET /loja/page/5/?add-to-cart=795&doing_wp_cron=1780596009.2270820140838623046875&orderby=popularity HTTP/1.1" 200 67243 "-" "Mozilla/5.0 AppleWebKit/537.36 (KHTML, like Gecko; compatible; ClaudeBot/1.0; +claudebot@anthropic.com)"
94.154.239.69 - - [07/Jun/2026:00:03:42 +0200] "GET /carrinho/?remove_item=fccb60fb512d13df5083790d64c4d5dd&_wpnonce=5b0f246ca3&doing_wp_cron=1681118459.7473230361938476562500 HTTP/1.1" 200 55604 "-" "Mozilla/5.0 (compatible; MJ12bot/v1.4.8; http://mj12bot.com/)"
216.73.217.54 - - [07/Jun/2026:00:03:45 +0200] "GET /loja/?add-to-cart=1983&doing_wp_cron=1780471458.6715359687805175781250&orderby=date HTTP/1.1" 200 66839 "-" "Mozilla/5.0 AppleWebKit/537.36 (KHTML, like Gecko; compatible; ClaudeBot/1.0; +claudebot@anthropic.com)"
94.154.239.69 - - [07/Jun/2026:00:03:47 +0200] "GET /carrinho/?remove_item=fccb60fb512d13df5083790d64c4d5dd&_wpnonce=8842659baf&doing_wp_cron=1681122598.6745541095733642578125 HTTP/1.1" 200 55610 "-" "Mozilla/5.0 (compatible; MJ12bot/v1.4.8; http://mj12bot.com/)"
216.73.217.54 - - [07/Jun/2026:00:03:48 +0200] "GET /loja/page/9/?add-to-cart=532&doing_wp_cron=1780453183.1994099617004394531250&orderby=popularity HTTP/1.1" 200 67535 "-" "Mozilla/5.0 AppleWebKit/537.36 (KHTML, like Gecko; compatible; ClaudeBot/1.0; +claudebot@anthropic.com)"
94.154.239.69 - - [07/Jun/2026:00:03:51 +0200] "GET /carrinho/?remove_item=fccb60fb512d13df5083790d64c4d5dd&_wpnonce=8842659baf&doing_wp_cron=1716826000.4773299694061279296875 HTTP/1.1" 200 55601 "-" "Mozilla/5.0 (compatible; MJ12bot/v1.4.8; http://mj12bot.com/)"
216.73.217.54 - - [07/Jun/2026:00:03:51 +0200] "GET /categoria-produto/mercearia/?add-to-cart=793&doing_wp_cron=1780540985.8541419506072998046875&orderby=popularity HTTP/1.1" 200 67390 "-" "Mozilla/5.0 AppleWebKit/537.36 (KHTML, like Gecko; compatible; ClaudeBot/1.0; +claudebot@anthropic.com)"
216.73.217.54 - - [07/Jun/2026:00:03:54 +0200] "GET /loja/page/3/?add-to-cart=1937&doing_wp_cron=1780552136.4866590499877929687500&orderby=popularity HTTP/1.1" 200 67479 "-" "Mozilla/5.0 AppleWebKit/537.36 (KHTML, like Gecko; compatible; ClaudeBot/1.0; +claudebot@anthropic.com)"
94.154.239.69 - - [07/Jun/2026:00:03:55 +0200] "GET /carrinho/?remove_item=fccb60fb512d13df5083790d64c4d5dd&_wpnonce=8ce46655fe&doing_wp_cron=1701565522.3168070316314697265625 HTTP/1.1" 200 55598 "-" "Mozilla/5.0 (compatible; MJ12bot/v1.4.8; http://mj12bot.com/)"
216.73.217.54 - - [07/Jun/2026:00:03:59 +0200] "GET /loja/page/5/?add-to-cart=409&doing_wp_cron=1780654689.7718369960784912109375&orderby=date HTTP/1.1" 200 61139 "-" "Mozilla/5.0 AppleWebKit/537.36 (KHTML, like Gecko; compatible; ClaudeBot/1.0; +claudebot@anthropic.com)"
94.154.239.69 - - [07/Jun/2026:00:03:59 +0200] "GET /carrinho/?remove_item=fccb60fb512d13df5083790d64c4d5dd&_wpnonce=8ce46655fe&doing_wp_cron=1754895991.0178480148315429687500 HTTP/1.1" 200 55602 "-" "Mozilla/5.0 (compatible; MJ12bot/v1.4.8; http://mj12bot.com/)"
216.73.217.54 - - [07/Jun/2026:00:04:02 +0200] "GET /categoria-produto/mercearia/?add-to-cart=621&doing_wp_cron=1780398375.1426160335540771484375&orderby=menu_order HTTP/1.1" 200 61056 "-" "Mozilla/5.0 AppleWebKit/537.36 (KHTML, like Gecko; compatible; ClaudeBot/1.0; +claudebot@anthropic.com)"
94.154.239.69 - - [07/Jun/2026:00:04:03 +0200] "GET /carrinho/?remove_item=fccb60fb512d13df5083790d64c4d5dd&_wpnonce=93669e683a&doing_wp_cron=1730891592.3162460327148437500000 HTTP/1.1" 200 55598 "-" "Mozilla/5.0 (compatible; MJ12bot/v1.4.8; http://mj12bot.com/)"
216.73.217.54 - - [07/Jun/2026:00:04:04 +0200] "GET /produto/ovos-cal-l-2/?add-to-cart=1543&doing_wp_cron=1780331118.8594269752502441406250 HTTP/1.1" 200 59702 "-" "Mozilla/5.0 AppleWebKit/537.36 (KHTML, like Gecko; compatible; ClaudeBot/1.0; +claudebot@anthropic.com)"
216.73.217.54 - - [07/Jun/2026:00:04:07 +0200] "GET /loja/page/9/?add-to-cart=719&doing_wp_cron=1780498200.4151859283447265625000&orderby=menu_order HTTP/1.1" 200 61728 "-" "Mozilla/5.0 AppleWebKit/537.36 (KHTML, like Gecko; compatible; ClaudeBot/1.0; +claudebot@anthropic.com)"
94.154.239.69 - - [07/Jun/2026:00:04:08 +0200] "GET /carrinho/?remove_item=fccb60fb512d13df5083790d64c4d5dd&_wpnonce=93ac5bfb07&doing_wp_cron=1683694163.2467710971832275390625 HTTP/1.1" 200 55602 "-" "Mozilla/5.0 (compatible; MJ12bot/v1.4.8; http://mj12bot.com/)"
216.73.217.54 - - [07/Jun/2026:00:04:10 +0200] "GET /loja/page/4/?add-to-cart=935&doing_wp_cron=1780454157.5789349079132080078125&orderby=menu_order HTTP/1.1" 200 62180 "-" "Mozilla/5.0 AppleWebKit/537.36 (KHTML, like Gecko; compatible; ClaudeBot/1.0; +claudebot@anthropic.com)"
94.154.239.69 - - [07/Jun/2026:00:04:12 +0200] "GET /carrinho/?remove_item=fccb60fb512d13df5083790d64c4d5dd&_wpnonce=cc6072e7ee&doing_wp_cron=1683694193.1022200584411621093750 HTTP/1.1" 200 55604 "-" "Mozilla/5.0 (compatible; MJ12bot/v1.4.8; http://mj12bot.com/)"
216.73.217.54 - - [07/Jun/2026:00:04:13 +0200] "GET /loja/page/7/?add-to-cart=795&doing_wp_cron=1780494314.2484500408172607421875&orderby=popularity HTTP/1.1" 200 62658 "-" "Mozilla/5.0 AppleWebKit/537.36 (KHTML, like Gecko; compatible; ClaudeBot/1.0; +claudebot@anthropic.com)"
94.154.239.69 - - [07/Jun/2026:00:04:16 +0200] "GET /carrinho/?remove_item=fccb60fb512d13df5083790d64c4d5dd&_wpnonce=cc6072e7ee&doing_wp_cron=1736968700.7317950725555419921875 HTTP/1.1" 200 55597 "-" "Mozilla/5.0 (compatible; MJ12bot/v1.4.8; http://mj12bot.com/)"
216.73.217.54 - - [07/Jun/2026:00:04:16 +0200] "GET /categoria-produto/mercearia/?add-to-cart=2009&doing_wp_cron=1780484422.2412259578704833984375&orderby=menu_order HTTP/1.1" 200 62031 "-" "Mozilla/5.0 AppleWebKit/537.36 (KHTML, like Gecko; compatible; ClaudeBot/1.0; +claudebot@anthropic.com)"
216.73.217.54 - - [07/Jun/2026:00:04:20 +0200] "GET /loja/page/6/?add-to-cart=2044&doing_wp_cron=1780410981.3310050964355468750000&orderby=menu_order HTTP/1.1" 200 62462 "-" "Mozilla/5.0 AppleWebKit/537.36 (KHTML, like Gecko; compatible; ClaudeBot/1.0; +claudebot@anthropic.com)"
94.154.239.69 - - [07/Jun/2026:00:04:20 +0200] "GET /carrinho/?remove_item=fccb60fb512d13df5083790d64c4d5dd&_wpnonce=d14c7cacee&doing_wp_cron=1754896023.6638131141662597656250 HTTP/1.1" 200 55603 "-" "Mozilla/5.0 (compatible; MJ12bot/v1.4.8; http://mj12bot.com/)"
52.167.144.171 - - [07/Jun/2026:00:04:21 +0200] "GET /categoria-produto/frescos/legumes/page/3/?doing_wp_cron=1770674972.5209650993347167968750&orderby=price HTTP/1.1" 200 57985 "-" "Mozilla/5.0 AppleWebKit/537.36 (KHTML, like Gecko; compatible; bingbot/2.0; +http://www.bing.com/bingbot.htm) Chrome/116.0.1938.76 Safari/537.36"
216.73.217.54 - - [07/Jun/2026:00:04:24 +0200] "GET /loja/page/6/?add-to-cart=719&doing_wp_cron=1780596024.2896258831024169921875&orderby=date HTTP/1.1" 200 61037 "-" "Mozilla/5.0 AppleWebKit/537.36 (KHTML, like Gecko; compatible; ClaudeBot/1.0; +claudebot@anthropic.com)"
114.119.150.140 - - [07/Jun/2026:00:04:25 +0200] "GET /loja/page/6/?orderby=date&doing_wp_cron=1742021110.6795730590820312500000 HTTP/1.1" 200 60316 "https://www.baudefruta.pt/loja/page/6/?orderby=price-desc&doing_wp_cron=1742021110.6795730590820312500000" "Mozilla/5.0 (Linux; Android 7.0;) AppleWebKit/537.36 (HTML, like Gecko) Mobile Safari/537.36 (compatible; PetalBot;+https://webmaster.petalsearch.com/site/petalbot)"
94.154.239.69 - - [07/Jun/2026:00:04:25 +0200] "GET /carrinho/?remove_item=fccb60fb512d13df5083790d64c4d5dd&_wpnonce=d376c53c7c&doing_wp_cron=1736968719.5843849182128906250000 HTTP/1.1" 200 55593 "-" "Mozilla/5.0 (compatible; MJ12bot/v1.4.8; http://mj12bot.com/)"
216.73.217.54 - - [07/Jun/2026:00:04:27 +0200] "GET /loja/page/5/?add-to-cart=492&doing_wp_cron=1699032554.2910571098327636718750&orderby=menu_order HTTP/1.1" 200 61297 "-" "Mozilla/5.0 AppleWebKit/537.36 (KHTML, like Gecko; compatible; ClaudeBot/1.0; +claudebot@anthropic.com)"
94.154.239.69 - - [07/Jun/2026:00:04:29 +0200] "GET /carrinho/?remove_item=fccb60fb512d13df5083790d64c4d5dd&_wpnonce=dac4d2f050&doing_wp_cron=1686307709.8889648914337158203125 HTTP/1.1" 200 55594 "-" "Mozilla/5.0 (compatible; MJ12bot/v1.4.8; http://mj12bot.com/)"
216.73.217.54 - - [07/Jun/2026:00:04:30 +0200] "GET /loja/page/2/?add-to-cart=507&doing_wp_cron=1780490816.3358080387115478515625&orderby=date HTTP/1.1" 200 61394 "-" "Mozilla/5.0 AppleWebKit/537.36 (KHTML, like Gecko; compatible; ClaudeBot/1.0; +claudebot@anthropic.com)"
216.73.217.54 - - [07/Jun/2026:00:04:33 +0200] "GET /categoria-produto/mercearia/?add-to-cart=2038&doing_wp_cron=1780484479.3946309089660644531250&orderby=menu_order HTTP/1.1" 200 61478 "-" "Mozilla/5.0 AppleWebKit/537.36 (KHTML, like Gecko; compatible; ClaudeBot/1.0; +claudebot@anthropic.com)"
94.154.239.69 - - [07/Jun/2026:00:04:33 +0200] "GET /carrinho/?remove_item=fd06b8ea02fe5b1c2496fe1700e9d16c&_wpnonce=613ca5c08a&doing_wp_cron=1694894402.9076249599456787109375 HTTP/1.1" 200 55603 "-" "Mozilla/5.0 (compatible; MJ12bot/v1.4.8; http://mj12bot.com/)"
216.73.217.54 - - [07/Jun/2026:00:04:35 +0200] "GET /produto/atum-em-azeite-bom-petisco/?add-to-cart=653&doing_wp_cron=1773864556.4033939838409423828125 HTTP/1.1" 200 60254 "-" "Mozilla/5.0 AppleWebKit/537.36 (KHTML, like Gecko; compatible; ClaudeBot/1.0; +claudebot@anthropic.com)"
9.142.188.59 - - [07/Jun/2026:00:04:37 +0200] "GET /wp-content/uploads/2021/06/HT001-hortela-uai-952x952.jpg HTTP/1.1" 200 172178 "-" "Mozilla/5.0 (compatible; crawler)"
94.154.239.69 - - [07/Jun/2026:00:04:37 +0200] "GET /carrinho/?remove_item=fd45ebc1e1d76bc1fe0ba933e60e9957&_wpnonce=aac77f4fb4&doing_wp_cron=1716806425.0122630596160888671875 HTTP/1.1" 200 55600 "-" "Mozilla/5.0 (compatible; MJ12bot/v1.4.8; http://mj12bot.com/)"
216.73.217.54 - - [07/Jun/2026:00:04:39 +0200] "GET /loja/page/3/?add-to-cart=778&doing_wp_cron=1780501699.2038629055023193359375&orderby=menu_order HTTP/1.1" 200 61900 "-" "Mozilla/5.0 AppleWebKit/537.36 (KHTML, like Gecko; compatible; ClaudeBot/1.0; +claudebot@anthropic.com)"
216.73.217.54 - - [07/Jun/2026:00:04:42 +0200] "GET /loja/page/6/?add-to-cart=761&doing_wp_cron=1780462940.9905130863189697265625&orderby=date HTTP/1.1" 200 62319 "-" "Mozilla/5.0 AppleWebKit/537.36 (KHTML, like Gecko; compatible; ClaudeBot/1.0; +claudebot@anthropic.com)"
94.154.239.69 - - [07/Jun/2026:00:04:42 +0200] "GET /carrinho/?remove_item=fd45ebc1e1d76bc1fe0ba933e60e9957&_wpnonce=fb18caa78e&doing_wp_cron=1724012341.8628220558166503906250 HTTP/1.1" 200 55595 "-" "Mozilla/5.0 (compatible; MJ12bot/v1.4.8; http://mj12bot.com/)"
216.73.217.54 - - [07/Jun/2026:00:04:45 +0200] "GET /loja/page/2/?add-to-cart=763&doing_wp_cron=1780398923.3932321071624755859375&orderby=menu_order HTTP/1.1" 200 62788 "-" "Mozilla/5.0 AppleWebKit/537.36 (KHTML, like Gecko; compatible; ClaudeBot/1.0; +claudebot@anthropic.com)"
94.154.239.69 - - [07/Jun/2026:00:04:46 +0200] "GET /carrinho/?remove_item=fe709c654eac84d5239d1a12a4f71877&_wpnonce=2746aa7928&doing_wp_cron=1724012345.5103170871734619140625 HTTP/1.1" 200 55602 "-" "Mozilla/5.0 (compatible; MJ12bot/v1.4.8; http://mj12bot.com/)"
216.73.217.54 - - [07/Jun/2026:00:04:48 +0200] "GET /loja/page/7/?add-to-cart=702&doing_wp_cron=1780678519.5610549449920654296875&orderby=date HTTP/1.1" 200 62768 "-" "Mozilla/5.0 AppleWebKit/537.36 (KHTML, like Gecko; compatible; ClaudeBot/1.0; +claudebot@anthropic.com)"
94.154.239.69 - - [07/Jun/2026:00:04:50 +0200] "GET /carrinho/?remove_item=fe709c654eac84d5239d1a12a4f71877&_wpnonce=288c55c8aa&doing_wp_cron=1743198474.5567619800567626953125 HTTP/1.1" 200 55598 "-" "Mozilla/5.0 (compatible; MJ12bot/v1.4.8; http://mj12bot.com/)"
216.73.217.54 - - [07/Jun/2026:00:04:51 +0200] "GET /produto/bicarbonato-de-sodio-1kg/?add-to-cart=729&doing_wp_cron=1763961362.6518940925598144531250 HTTP/1.1" 200 61287 "-" "Mozilla/5.0 AppleWebKit/537.36 (KHTML, like Gecko; compatible; ClaudeBot/1.0; +claudebot@anthropic.com)"
216.73.217.54 - - [07/Jun/2026:00:04:54 +0200] "GET /produto/atum-selvagem-em-oleo-vegetal-ramirez/?add-to-cart=2045&doing_wp_cron=1780285737.0543808937072753906250 HTTP/1.1" 200 59527 "-" "Mozilla/5.0 AppleWebKit/537.36 (KHTML, like Gecko; compatible; ClaudeBot/1.0; +claudebot@anthropic.com)"
94.154.239.69 - - [07/Jun/2026:00:04:54 +0200] "GET /carrinho/?remove_item=fe709c654eac84d5239d1a12a4f71877&_wpnonce=39d833b3f6&doing_wp_cron=1754896177.3107419013977050781250 HTTP/1.1" 200 55605 "-" "Mozilla/5.0 (compatible; MJ12bot/v1.4.8; http://mj12bot.com/)"
89.154.45.121 - - [07/Jun/2026:00:04:57 +0200] "GET /?utm_source=meta&utm_campaign=reg24&fbclid=IwZXh0bgNhZW0BMABhZGlkAasyrkGcwaRzcnRjBmFwcF9pZAwzNTA2ODU1MzE3MjgAAR59IucTEWr--U1pDtdUCyOV4wiJW-lUDBlzxPLU82pIW27SnwatloHQLlxLVw_aem_xk48JUu7yeF-fX8uqzabDw&utm_medium=paid&utm_id=120245538772870644&utm_content=120245538772890644&utm_term=120245538772880644 HTTP/1.1" 302 11 "http://m.facebook.com/" "Mozilla/5.0 (Linux; Android 16; Pixel 9a Build/CP1A.260505.005; wv) AppleWebKit/537.36 (KHTML, like Gecko) Version/4.0 Chrome/149.0.7827.83 Mobile Safari/537.36 [FB_IAB/FB4A;FBAV/564.0.0.48.74;IABMV/1;]"
216.73.217.54 - - [07/Jun/2026:00:04:57 +0200] "GET /loja/page/2/?add-to-cart=3519&doing_wp_cron=1780544538.0197379589080810546875&orderby=date HTTP/1.1" 200 61140 "-" "Mozilla/5.0 AppleWebKit/537.36 (KHTML, like Gecko; compatible; ClaudeBot/1.0; +claudebot@anthropic.com)"
89.154.45.121 - - [07/Jun/2026:00:04:58 +0200] "GET /?utm_source=meta&utm_campaign=reg24&fbclid=IwZXh0bgNhZW0BMABhZGlkAasyrkGcwaRzcnRjBmFwcF9pZAwzNTA2ODU1MzE3MjgAAR59IucTEWr--U1pDtdUCyOV4wiJW-lUDBlzxPLU82pIW27SnwatloHQLlxLVw_aem_xk48JUu7yeF-fX8uqzabDw&utm_medium=paid&utm_id=120245538772870644&utm_content=120245538772890644&utm_term=120245538772880644&doing_wp_cron=1780783497.1051819324493408203125 HTTP/1.1" 200 63160 "http://m.facebook.com/" "Mozilla/5.0 (Linux; Android 16; Pixel 9a Build/CP1A.260505.005; wv) AppleWebKit/537.36 (KHTML, like Gecko) Version/4.0 Chrome/149.0.7827.83 Mobile Safari/537.36 [FB_IAB/FB4A;FBAV/564.0.0.48.74;IABMV/1;]"
89.154.45.121 - - [07/Jun/2026:00:04:58 +0200] "GET /wp-content/plugins/woocommerce/assets/client/blocks/wc-blocks.css?ver=wc-10.2.2 HTTP/1.1" 200 2673 "https://www.baudefruta.pt/?utm_source=meta&utm_campaign=reg24&fbclid=IwZXh0bgNhZW0BMABhZGlkAasyrkGcwaRzcnRjBmFwcF9pZAwzNTA2ODU1MzE3MjgAAR59IucTEWr--U1pDtdUCyOV4wiJW-lUDBlzxPLU82pIW27SnwatloHQLlxLVw_aem_xk48JUu7yeF-fX8uqzabDw&utm_medium=paid&utm_id=120245538772870644&utm_content=120245538772890644&utm_term=120245538772880644&doing_wp_cron=1780783497.1051819324493408203125" "Mozilla/5.0 (Linux; Android 16; Pixel 9a Build/CP1A.260505.005; wv) AppleWebKit/537.36 (KHTML, like Gecko) Version/4.0 Chrome/149.0.7827.83 Mobile Safari/537.36 [FB_IAB/FB4A;FBAV/564.0.0.48.74;IABMV/1;]"
89.154.45.121 - - [07/Jun/2026:00:04:59 +0200] "GET /wp-includes/css/dist/components/style.min.css?ver=6.9.1 HTTP/1.1" 200 14528 "https://www.baudefruta.pt/?utm_source=meta&utm_campaign=reg24&fbclid=IwZXh0bgNhZW0BMABhZGlkAasyrkGcwaRzcnRjBmFwcF9pZAwzNTA2ODU1MzE3MjgAAR59IucTEWr--U1pDtdUCyOV4wiJW-lUDBlzxPLU82pIW27SnwatloHQLlxLVw_aem_xk48JUu7yeF-fX8uqzabDw&utm_medium=paid&utm_id=120245538772870644&utm_content=120245538772890644&utm_term=120245538772880644&doing_wp_cron=1780783497.1051819324493408203125" "Mozilla/5.0 (Linux; Android 16; Pixel 9a Build/CP1A.260505.005; wv) AppleWebKit/537.36 (KHTML, like Gecko) Version/4.0 Chrome/149.0.7827.83 Mobile Safari/537.36 [FB_IAB/FB4A;FBAV/564.0.0.48.74;IABMV/1;]"
89.154.45.121 - - [07/Jun/2026:00:04:59 +0200] "GET /wp-includes/css/dist/preferences/style.min.css?ver=6.9.1 HTTP/1.1" 200 1003 "https://www.baudefruta.pt/?utm_source=meta&utm_campaign=reg24&fbclid=IwZXh0bgNhZW0BMABhZGlkAasyrkGcwaRzcnRjBmFwcF9pZAwzNTA2ODU1MzE3MjgAAR59IucTEWr--U1pDtdUCyOV4wiJW-lUDBlzxPLU82pIW27SnwatloHQLlxLVw_aem_xk48JUu7yeF-fX8uqzabDw&utm_medium=paid&utm_id=120245538772870644&utm_content=120245538772890644&utm_term=120245538772880644&doing_wp_cron=1780783497.1051819324493408203125" "Mozilla/5.0 (Linux; Android 16; Pixel 9a Build/CP1A.260505.005; wv) AppleWebKit/537.36 (KHTML, like Gecko) Version/4.0 Chrome/149.0.7827.83 Mobile Safari/537.36 [FB_IAB/FB4A;FBAV/564.0.0.48.74;IABMV/1;]"
89.154.45.121 - - [07/Jun/2026:00:04:59 +0200] "GET /wp-includes/css/dashicons.min.css?ver=6.9.1 HTTP/1.1" 200 35766 "https://www.baudefruta.pt/?utm_source=meta&utm_campaign=reg24&fbclid=IwZXh0bgNhZW0BMABhZGlkAasyrkGcwaRzcnRjBmFwcF9pZAwzNTA2ODU1MzE3MjgAAR59IucTEWr--U1pDtdUCyOV4wiJW-lUDBlzxPLU82pIW27SnwatloHQLlxLVw_aem_xk48JUu7yeF-fX8uqzabDw&utm_medium=paid&utm_id=120245538772870644&utm_content=120245538772890644&utm_term=120245538772880644&doing_wp_cron=1780783497.1051819324493408203125" "Mozilla/5.0 (Linux; Android 16; Pixel 9a Build/CP1A.260505.005; wv) AppleWebKit/537.36 (KHTML, like Gecko) Version/4.0 Chrome/149.0.7827.83 Mobile Safari/537.36 [FB_IAB/FB4A;FBAV/564.0.0.48.74;IABMV/1;]"
89.154.45.121 - - [07/Jun/2026:00:04:59 +0200] "GET /wp-content/plugins/smart-marketing-for-wp/public/css/egoi-for-wp-public.css?ver=5.1.11 HTTP/1.1" 200 1173 "https://www.baudefruta.pt/?utm_source=meta&utm_campaign=reg24&fbclid=IwZXh0bgNhZW0BMABhZGlkAasyrkGcwaRzcnRjBmFwcF9pZAwzNTA2ODU1MzE3MjgAAR59IucTEWr--U1pDtdUCyOV4wiJW-lUDBlzxPLU82pIW27SnwatloHQLlxLVw_aem_xk48JUu7yeF-fX8uqzabDw&utm_medium=paid&utm_id=120245538772870644&utm_content=120245538772890644&utm_term=120245538772880644&doing_wp_cron=1780783497.1051819324493408203125" "Mozilla/5.0 (Linux; Android 16; Pixel 9a Build/CP1A.260505.005; wv) AppleWebKit/537.36 (KHTML, like Gecko) Version/4.0 Chrome/149.0.7827.83 Mobile Safari/537.36 [FB_IAB/FB4A;FBAV/564.0.0.48.74;IABMV/1;]"
