178.166.27.41 - - [07/Jun/2026:00:12:28 +0200] "GET /wp-includes/js/jquery/jquery.min.js?ver=3.7.1 HTTP/1.1" 200 30646 "https://www.baudefruta.pt/?fbclid=IwZXh0bgNhZW0BMABhZGlkAasyrjbZ70RzcnRjBmFwcF9pZAwzNTA2ODU1MzE3MjgAAR6xblgm-yY1xugkSVLMtPyMftRTnHdIiVFibONuAuzT3SelJbMT0hKprFIfBA_aem__bgfEtsr24D8GxPY7_f6xg&utm_medium=paid&utm_source=fb&utm_id=120245538772870644&utm_content=120245538772890644&utm_term=120245538772880644&utm_campaign=120245538772870644" "Mozilla/5.0 (Linux; Android 14; SM-A528B Build/UP1A.231005.007) AppleWebKit/537.36 (KHTML, like Gecko) Version/4.0 Chrome/149.0.7827.83 Mobile Safari/537.36 [FB_IAB/FB4A;FBAV/564.0.0.48.74;IABMV/1;]"
178.166.27.41 - - [07/Jun/2026:00:12:28 +0200] "GET /wp-content/plugins/woocommerce/assets/js/jquery-blockui/jquery.blockUI.min.js?ver=2.7.0-wc.10.2.2 HTTP/1.1" 200 3559 "https://www.baudefruta.pt/?fbclid=IwZXh0bgNhZW0BMABhZGlkAasyrjbZ70RzcnRjBmFwcF9pZAwzNTA2ODU1MzE3MjgAAR6xblgm-yY1xugkSVLMtPyMftRTnHdIiVFibONuAuzT3SelJbMT0hKprFIfBA_aem__bgfEtsr24D8GxPY7_f6xg&utm_medium=paid&utm_source=fb&utm_id=120245538772870644&utm_content=120245538772890644&utm_term=120245538772880644&utm_campaign=120245538772870644" "Mozilla/5.0 (Linux; Android 14; SM-A528B Build/UP1A.231005.007) AppleWebKit/537.36 (KHTML, like Gecko) Version/4.0 Chrome/149.0.7827.83 Mobile Safari/537.36 [FB_IAB/FB4A;FBAV/564.0.0.48.74;IABMV/1;]"
178.166.27.41 - - [07/Jun/2026:00:12:28 +0200] "GET /wp-content/plugins/woo-keyinvoice-integration/public/js/woo-keyinvoice-integration-public.js?ver=1.0.0 HTTP/1.1" 200 838 "https://www.baudefruta.pt/?fbclid=IwZXh0bgNhZW0BMABhZGlkAasyrjbZ70RzcnRjBmFwcF9pZAwzNTA2ODU1MzE3MjgAAR6xblgm-yY1xugkSVLMtPyMftRTnHdIiVFibONuAuzT3SelJbMT0hKprFIfBA_aem__bgfEtsr24D8GxPY7_f6xg&utm_medium=paid&utm_source=fb&utm_id=120245538772870644&utm_content=120245538772890644&utm_term=120245538772880644&utm_campaign=120245538772870644" "Mozilla/5.0 (Linux; Android 14; SM-A528B Build/UP1A.231005.007) AppleWebKit/537.36 (KHTML, like Gecko) Version/4.0 Chrome/149.0.7827.83 Mobile Safari/537.36 [FB_IAB/FB4A;FBAV/564.0.0.48.74;IABMV/1;]"
178.166.27.41 - - [07/Jun/2026:00:12:28 +0200] "GET /wp-content/plugins/uncode-js_composer/assets/js/vendors/woocommerce-add-to-cart.js?ver=6.5.0 HTTP/1.1" 200 992 "https://www.baudefruta.pt/?fbclid=IwZXh0bgNhZW0BMABhZGlkAasyrjbZ70RzcnRjBmFwcF9pZAwzNTA2ODU1MzE3MjgAAR6xblgm-yY1xugkSVLMtPyMftRTnHdIiVFibONuAuzT3SelJbMT0hKprFIfBA_aem__bgfEtsr24D8GxPY7_f6xg&utm_medium=paid&utm_source=fb&utm_id=120245538772870644&utm_content=120245538772890644&utm_term=120245538772880644&utm_campaign=120245538772870644" "Mozilla/5.0 (Linux; Android 14; SM-A528B Build/UP1A.231005.007) AppleWebKit/537.36 (KHTML, like Gecko) Version/4.0 Chrome/149.0.7827.83 Mobile Safari/537.36 [FB_IAB/FB4A;FBAV/564.0.0.48.74;IABMV/1;]"
178.166.27.41 - - [07/Jun/2026:00:12:28 +0200] "GET /wp-content/plugins/woocommerce/assets/js/frontend/add-to-cart.min.js?ver=10.2.2 HTTP/1.1" 200 1385 "https://www.baudefruta.pt/?fbclid=IwZXh0bgNhZW0BMABhZGlkAasyrjbZ70RzcnRjBmFwcF9pZAwzNTA2ODU1MzE3MjgAAR6xblgm-yY1xugkSVLMtPyMftRTnHdIiVFibONuAuzT3SelJbMT0hKprFIfBA_aem__bgfEtsr24D8GxPY7_f6xg&utm_medium=paid&utm_source=fb&utm_id=120245538772870644&utm_content=120245538772890644&utm_term=120245538772880644&utm_campaign=120245538772870644" "Mozilla/5.0 (Linux; Android 14; SM-A528B Build/UP1A.231005.007) AppleWebKit/537.36 (KHTML, like Gecko) Version/4.0 Chrome/149.0.7827.83 Mobile Safari/537.36 [FB_IAB/FB4A;FBAV/564.0.0.48.74;IABMV/1;]"
178.166.27.41 - - [07/Jun/2026:00:12:28 +0200] "GET /wp-content/uploads/2021/11/Gift_Natal_Bau_3-home.jpg HTTP/1.1" 200 73811 "https://www.baudefruta.pt/?fbclid=IwZXh0bgNhZW0BMABhZGlkAasyrjbZ70RzcnRjBmFwcF9pZAwzNTA2ODU1MzE3MjgAAR6xblgm-yY1xugkSVLMtPyMftRTnHdIiVFibONuAuzT3SelJbMT0hKprFIfBA_aem__bgfEtsr24D8GxPY7_f6xg&utm_medium=paid&utm_source=fb&utm_id=120245538772870644&utm_content=120245538772890644&utm_term=120245538772880644&utm_campaign=120245538772870644" "Mozilla/5.0 (Linux; Android 14; SM-A528B Build/UP1A.231005.007) AppleWebKit/537.36 (KHTML, like Gecko) Version/4.0 Chrome/149.0.7827.83 Mobile Safari/537.36 [FB_IAB/FB4A;FBAV/564.0.0.48.74;IABMV/1;]"
178.166.27.41 - - [07/Jun/2026:00:12:28 +0200] "GET /wp-content/themes/uncode/library/js/init.js?ver=1305867245 HTTP/1.1" 200 38505 "https://www.baudefruta.pt/?fbclid=IwZXh0bgNhZW0BMABhZGlkAasyrjbZ70RzcnRjBmFwcF9pZAwzNTA2ODU1MzE3MjgAAR6xblgm-yY1xugkSVLMtPyMftRTnHdIiVFibONuAuzT3SelJbMT0hKprFIfBA_aem__bgfEtsr24D8GxPY7_f6xg&utm_medium=paid&utm_source=fb&utm_id=120245538772870644&utm_content=120245538772890644&utm_term=120245538772880644&utm_campaign=120245538772870644" "Mozilla/5.0 (Linux; Android 14; SM-A528B Build/UP1A.231005.007) AppleWebKit/537.36 (KHTML, like Gecko) Version/4.0 Chrome/149.0.7827.83 Mobile Safari/537.36 [FB_IAB/FB4A;FBAV/564.0.0.48.74;IABMV/1;]"
178.166.27.41 - - [07/Jun/2026:00:12:28 +0200] "GET /wp-content/uploads/2021/12/AMT001-uai-500x500.jpg HTTP/1.1" 200 91586 "https://www.baudefruta.pt/?fbclid=IwZXh0bgNhZW0BMABhZGlkAasyrjbZ70RzcnRjBmFwcF9pZAwzNTA2ODU1MzE3MjgAAR6xblgm-yY1xugkSVLMtPyMftRTnHdIiVFibONuAuzT3SelJbMT0hKprFIfBA_aem__bgfEtsr24D8GxPY7_f6xg&utm_medium=paid&utm_source=fb&utm_id=120245538772870644&utm_content=120245538772890644&utm_term=120245538772880644&utm_campaign=120245538772870644" "Mozilla/5.0 (Linux; Android 14; SM-A528B Build/UP1A.231005.007) AppleWebKit/537.36 (KHTML, like Gecko) Version/4.0 Chrome/149.0.7827.83 Mobile Safari/537.36 [FB_IAB/FB4A;FBAV/564.0.0.48.74;IABMV/1;]"
178.166.27.41 - - [07/Jun/2026:00:12:28 +0200] "GET /wp-content/uploads/2022/06/pesssego-rosa.jpg HTTP/1.1" 200 48304 "https://www.baudefruta.pt/?fbclid=IwZXh0bgNhZW0BMABhZGlkAasyrjbZ70RzcnRjBmFwcF9pZAwzNTA2ODU1MzE3MjgAAR6xblgm-yY1xugkSVLMtPyMftRTnHdIiVFibONuAuzT3SelJbMT0hKprFIfBA_aem__bgfEtsr24D8GxPY7_f6xg&utm_medium=paid&utm_source=fb&utm_id=120245538772870644&utm_content=120245538772890644&utm_term=120245538772880644&utm_campaign=120245538772870644" "Mozilla/5.0 (Linux; Android 14; SM-A528B Build/UP1A.231005.007) AppleWebKit/537.36 (KHTML, like Gecko) Version/4.0 Chrome/149.0.7827.83 Mobile Safari/537.36 [FB_IAB/FB4A;FBAV/564.0.0.48.74;IABMV/1;]"
178.166.27.41 - - [07/Jun/2026:00:12:28 +0200] "GET /wp-content/uploads/2021/06/TG001-tremoco-grado.jpg HTTP/1.1" 200 11258 "https://www.baudefruta.pt/?fbclid=IwZXh0bgNhZW0BMABhZGlkAasyrjbZ70RzcnRjBmFwcF9pZAwzNTA2ODU1MzE3MjgAAR6xblgm-yY1xugkSVLMtPyMftRTnHdIiVFibONuAuzT3SelJbMT0hKprFIfBA_aem__bgfEtsr24D8GxPY7_f6xg&utm_medium=paid&utm_source=fb&utm_id=120245538772870644&utm_content=120245538772890644&utm_term=120245538772880644&utm_campaign=120245538772870644" "Mozilla/5.0 (Linux; Android 14; SM-A528B Build/UP1A.231005.007) AppleWebKit/537.36 (KHTML, like Gecko) Version/4.0 Chrome/149.0.7827.83 Mobile Safari/537.36 [FB_IAB/FB4A;FBAV/564.0.0.48.74;IABMV/1;]"
178.166.27.41 - - [07/Jun/2026:00:12:28 +0200] "GET /wp-content/plugins/uncode-daves-wordpress-live-search/js/daves-wordpress-live-search.js?ver=6.9.1 HTTP/1.1" 200 3692 "https://www.baudefruta.pt/?fbclid=IwZXh0bgNhZW0BMABhZGlkAasyrjbZ70RzcnRjBmFwcF9pZAwzNTA2ODU1MzE3MjgAAR6xblgm-yY1xugkSVLMtPyMftRTnHdIiVFibONuAuzT3SelJbMT0hKprFIfBA_aem__bgfEtsr24D8GxPY7_f6xg&utm_medium=paid&utm_source=fb&utm_id=120245538772870644&utm_content=120245538772890644&utm_term=120245538772880644&utm_campaign=120245538772870644" "Mozilla/5.0 (Linux; Android 14; SM-A528B Build/UP1A.231005.007) AppleWebKit/537.36 (KHTML, like Gecko) Version/4.0 Chrome/149.0.7827.83 Mobile Safari/537.36 [FB_IAB/FB4A;FBAV/564.0.0.48.74;IABMV/1;]"
178.166.27.41 - - [07/Jun/2026:00:12:28 +0200] "GET /wp-content/plugins/duracelltomi-google-tag-manager/dist/js/gtm4wp-ecommerce-generic.js?ver=1.22.3 HTTP/1.1" 200 579 "https://www.baudefruta.pt/?fbclid=IwZXh0bgNhZW0BMABhZGlkAasyrjbZ70RzcnRjBmFwcF9pZAwzNTA2ODU1MzE3MjgAAR6xblgm-yY1xugkSVLMtPyMftRTnHdIiVFibONuAuzT3SelJbMT0hKprFIfBA_aem__bgfEtsr24D8GxPY7_f6xg&utm_medium=paid&utm_source=fb&utm_id=120245538772870644&utm_content=120245538772890644&utm_term=120245538772880644&utm_campaign=120245538772870644" "Mozilla/5.0 (Linux; Android 14; SM-A528B Build/UP1A.231005.007) AppleWebKit/537.36 (KHTML, like Gecko) Version/4.0 Chrome/149.0.7827.83 Mobile Safari/537.36 [FB_IAB/FB4A;FBAV/564.0.0.48.74;IABMV/1;]"
178.166.27.41 - - [07/Jun/2026:00:12:28 +0200] "GET /wp-content/plugins/custom-page-templates/assets/js/acf-google-maps.js?ver=3.1.1 HTTP/1.1" 200 1051 "https://www.baudefruta.pt/?fbclid=IwZXh0bgNhZW0BMABhZGlkAasyrjbZ70RzcnRjBmFwcF9pZAwzNTA2ODU1MzE3MjgAAR6xblgm-yY1xugkSVLMtPyMftRTnHdIiVFibONuAuzT3SelJbMT0hKprFIfBA_aem__bgfEtsr24D8GxPY7_f6xg&utm_medium=paid&utm_source=fb&utm_id=120245538772870644&utm_content=120245538772890644&utm_term=120245538772880644&utm_campaign=120245538772870644" "Mozilla/5.0 (Linux; Android 14; SM-A528B Build/UP1A.231005.007) AppleWebKit/537.36 (KHTML, like Gecko) Version/4.0 Chrome/149.0.7827.83 Mobile Safari/537.36 [FB_IAB/FB4A;FBAV/564.0.0.48.74;IABMV/1;]"
178.166.27.41 - - [07/Jun/2026:00:12:28 +0200] "GET /wp-content/plugins/woocommerce/assets/js/frontend/order-attribution.min.js?ver=10.2.2 HTTP/1.1" 200 1140 "https://www.baudefruta.pt/?fbclid=IwZXh0bgNhZW0BMABhZGlkAasyrjbZ70RzcnRjBmFwcF9pZAwzNTA2ODU1MzE3MjgAAR6xblgm-yY1xugkSVLMtPyMftRTnHdIiVFibONuAuzT3SelJbMT0hKprFIfBA_aem__bgfEtsr24D8GxPY7_f6xg&utm_medium=paid&utm_source=fb&utm_id=120245538772870644&utm_content=120245538772890644&utm_term=120245538772880644&utm_campaign=120245538772870644" "Mozilla/5.0 (Linux; Android 14; SM-A528B Build/UP1A.231005.007) AppleWebKit/537.36 (KHTML, like Gecko) Version/4.0 Chrome/149.0.7827.83 Mobile Safari/537.36 [FB_IAB/FB4A;FBAV/564.0.0.48.74;IABMV/1;]"
178.166.27.41 - - [07/Jun/2026:00:12:28 +0200] "GET /wp-content/themes/uncode/library/fonts/uncode-icons.woff2 HTTP/1.1" 200 140384 "https://www.baudefruta.pt/wp-content/themes/uncode/library/css/uncode-icons.css?ver=1305867245" "Mozilla/5.0 (Linux; Android 14; SM-A528B Build/UP1A.231005.007) AppleWebKit/537.36 (KHTML, like Gecko) Version/4.0 Chrome/149.0.7827.83 Mobile Safari/537.36 [FB_IAB/FB4A;FBAV/564.0.0.48.74;IABMV/1;]"
178.166.27.41 - - [07/Jun/2026:00:12:28 +0200] "GET /wp-content/uploads/2021/05/logo-bau_1-01b.svg HTTP/1.1" 200 12888 "https://www.baudefruta.pt/?fbclid=IwZXh0bgNhZW0BMABhZGlkAasyrjbZ70RzcnRjBmFwcF9pZAwzNTA2ODU1MzE3MjgAAR6xblgm-yY1xugkSVLMtPyMftRTnHdIiVFibONuAuzT3SelJbMT0hKprFIfBA_aem__bgfEtsr24D8GxPY7_f6xg&utm_medium=paid&utm_source=fb&utm_id=120245538772870644&utm_content=120245538772890644&utm_term=120245538772880644&utm_campaign=120245538772870644" "Mozilla/5.0 (Linux; Android 14; SM-A528B Build/UP1A.231005.007) AppleWebKit/537.36 (KHTML, like Gecko) Version/4.0 Chrome/149.0.7827.83 Mobile Safari/537.36 [FB_IAB/FB4A;FBAV/564.0.0.48.74;IABMV/1;]"
178.166.27.41 - - [07/Jun/2026:00:12:28 +0200] "GET /wp-content/uploads/2021/05/bau_frutos-fundo-1m.png HTTP/1.1" 200 68838 "https://www.baudefruta.pt/?fbclid=IwZXh0bgNhZW0BMABhZGlkAasyrjbZ70RzcnRjBmFwcF9pZAwzNTA2ODU1MzE3MjgAAR6xblgm-yY1xugkSVLMtPyMftRTnHdIiVFibONuAuzT3SelJbMT0hKprFIfBA_aem__bgfEtsr24D8GxPY7_f6xg&utm_medium=paid&utm_source=fb&utm_id=120245538772870644&utm_content=120245538772890644&utm_term=120245538772880644&utm_campaign=120245538772870644" "Mozilla/5.0 (Linux; Android 14; SM-A528B Build/UP1A.231005.007) AppleWebKit/537.36 (KHTML, like Gecko) Version/4.0 Chrome/149.0.7827.83 Mobile Safari/537.36 [FB_IAB/FB4A;FBAV/564.0.0.48.74;IABMV/1;]"
178.166.27.41 - - [07/Jun/2026:00:12:28 +0200] "GET /wp-content/uploads/2021/05/bau_home_maca_recortada_1.png HTTP/1.1" 200 2012 "https://www.baudefruta.pt/?fbclid=IwZXh0bgNhZW0BMABhZGlkAasyrjbZ70RzcnRjBmFwcF9pZAwzNTA2ODU1MzE3MjgAAR6xblgm-yY1xugkSVLMtPyMftRTnHdIiVFibONuAuzT3SelJbMT0hKprFIfBA_aem__bgfEtsr24D8GxPY7_f6xg&utm_medium=paid&utm_source=fb&utm_id=120245538772870644&utm_content=120245538772890644&utm_term=120245538772880644&utm_campaign=120245538772870644" "Mozilla/5.0 (Linux; Android 14; SM-A528B Build/UP1A.231005.007) AppleWebKit/537.36 (KHTML, like Gecko) Version/4.0 Chrome/149.0.7827.83 Mobile Safari/537.36 [FB_IAB/FB4A;FBAV/564.0.0.48.74;IABMV/1;]"
178.166.27.41 - - [07/Jun/2026:00:12:28 +0200] "GET /wp-includes/js/mediaelement/mediaelement-and-player.min.js?ver=4.2.17 HTTP/1.1" 200 39312 "https://www.baudefruta.pt/?fbclid=IwZXh0bgNhZW0BMABhZGlkAasyrjbZ70RzcnRjBmFwcF9pZAwzNTA2ODU1MzE3MjgAAR6xblgm-yY1xugkSVLMtPyMftRTnHdIiVFibONuAuzT3SelJbMT0hKprFIfBA_aem__bgfEtsr24D8GxPY7_f6xg&utm_medium=paid&utm_source=fb&utm_id=120245538772870644&utm_content=120245538772890644&utm_term=120245538772880644&utm_campaign=120245538772870644" "Mozilla/5.0 (Linux; Android 14; SM-A528B Build/UP1A.231005.007) AppleWebKit/537.36 (KHTML, like Gecko) Version/4.0 Chrome/149.0.7827.83 Mobile Safari/537.36 [FB_IAB/FB4A;FBAV/564.0.0.48.74;IABMV/1;]"
178.166.27.41 - - [07/Jun/2026:00:12:28 +0200] "GET /wp-includes/js/mediaelement/mediaelement-migrate.min.js?ver=6.9.1 HTTP/1.1" 200 552 "https://www.baudefruta.pt/?fbclid=IwZXh0bgNhZW0BMABhZGlkAasyrjbZ70RzcnRjBmFwcF9pZAwzNTA2ODU1MzE3MjgAAR6xblgm-yY1xugkSVLMtPyMftRTnHdIiVFibONuAuzT3SelJbMT0hKprFIfBA_aem__bgfEtsr24D8GxPY7_f6xg&utm_medium=paid&utm_source=fb&utm_id=120245538772870644&utm_content=120245538772890644&utm_term=120245538772880644&utm_campaign=120245538772870644" "Mozilla/5.0 (Linux; Android 14; SM-A528B Build/UP1A.231005.007) AppleWebKit/537.36 (KHTML, like Gecko) Version/4.0 Chrome/149.0.7827.83 Mobile Safari/537.36 [FB_IAB/FB4A;FBAV/564.0.0.48.74;IABMV/1;]"
178.166.27.41 - - [07/Jun/2026:00:12:28 +0200] "GET /wp-includes/js/underscore.min.js?ver=1.13.7 HTTP/1.1" 200 7353 "https://www.baudefruta.pt/?fbclid=IwZXh0bgNhZW0BMABhZGlkAasyrjbZ70RzcnRjBmFwcF9pZAwzNTA2ODU1MzE3MjgAAR6xblgm-yY1xugkSVLMtPyMftRTnHdIiVFibONuAuzT3SelJbMT0hKprFIfBA_aem__bgfEtsr24D8GxPY7_f6xg&utm_medium=paid&utm_source=fb&utm_id=120245538772870644&utm_content=120245538772890644&utm_term=120245538772880644&utm_campaign=120245538772870644" "Mozilla/5.0 (Linux; Android 14; SM-A528B Build/UP1A.231005.007) AppleWebKit/537.36 (KHTML, like Gecko) Version/4.0 Chrome/149.0.7827.83 Mobile Safari/537.36 [FB_IAB/FB4A;FBAV/564.0.0.48.74;IABMV/1;]"
178.166.27.41 - - [07/Jun/2026:00:12:28 +0200] "GET /wp-content/uploads/2021/06/TP001-dom-duarte-pimentas-dom-duarte.jpg HTTP/1.1" 200 47807 "https://www.baudefruta.pt/?fbclid=IwZXh0bgNhZW0BMABhZGlkAasyrjbZ70RzcnRjBmFwcF9pZAwzNTA2ODU1MzE3MjgAAR6xblgm-yY1xugkSVLMtPyMftRTnHdIiVFibONuAuzT3SelJbMT0hKprFIfBA_aem__bgfEtsr24D8GxPY7_f6xg&utm_medium=paid&utm_source=fb&utm_id=120245538772870644&utm_content=120245538772890644&utm_term=120245538772880644&utm_campaign=120245538772870644" "Mozilla/5.0 (Linux; Android 14; SM-A528B Build/UP1A.231005.007) AppleWebKit/537.36 (KHTML, like Gecko) Version/4.0 Chrome/149.0.7827.83 Mobile Safari/537.36 [FB_IAB/FB4A;FBAV/564.0.0.48.74;IABMV/1;]"
178.166.27.41 - - [07/Jun/2026:00:12:28 +0200] "GET /wp-content/plugins/woocommerce/assets/js/sourcebuster/sourcebuster.min.js?ver=10.2.2 HTTP/1.1" 200 4830 "https://www.baudefruta.pt/?fbclid=IwZXh0bgNhZW0BMABhZGlkAasyrjbZ70RzcnRjBmFwcF9pZAwzNTA2ODU1MzE3MjgAAR6xblgm-yY1xugkSVLMtPyMftRTnHdIiVFibONuAuzT3SelJbMT0hKprFIfBA_aem__bgfEtsr24D8GxPY7_f6xg&utm_medium=paid&utm_source=fb&utm_id=120245538772870644&utm_content=120245538772890644&utm_term=120245538772880644&utm_campaign=120245538772870644" "Mozilla/5.0 (Linux; Android 14; SM-A528B Build/UP1A.231005.007) AppleWebKit/537.36 (KHTML, like Gecko) Version/4.0 Chrome/149.0.7827.83 Mobile Safari/537.36 [FB_IAB/FB4A;FBAV/564.0.0.48.74;IABMV/1;]"
178.166.27.41 - - [07/Jun/2026:00:12:28 +0200] "GET /wp-includes/js/mediaelement/wp-mediaelement.min.js?ver=6.9.1 HTTP/1.1" 200 550 "https://www.baudefruta.pt/?fbclid=IwZXh0bgNhZW0BMABhZGlkAasyrjbZ70RzcnRjBmFwcF9pZAwzNTA2ODU1MzE3MjgAAR6xblgm-yY1xugkSVLMtPyMftRTnHdIiVFibONuAuzT3SelJbMT0hKprFIfBA_aem__bgfEtsr24D8GxPY7_f6xg&utm_medium=paid&utm_source=fb&utm_id=120245538772870644&utm_content=120245538772890644&utm_term=120245538772880644&utm_campaign=120245538772870644" "Mozilla/5.0 (Linux; Android 14; SM-A528B Build/UP1A.231005.007) AppleWebKit/537.36 (KHTML, like Gecko) Version/4.0 Chrome/149.0.7827.83 Mobile Safari/537.36 [FB_IAB/FB4A;FBAV/564.0.0.48.74;IABMV/1;]"
178.166.27.41 - - [07/Jun/2026:00:12:28 +0200] "GET /wp-includes/js/jquery/ui/core.min.js?ver=1.13.3 HTTP/1.1" 200 7137 "https://www.baudefruta.pt/?fbclid=IwZXh0bgNhZW0BMABhZGlkAasyrjbZ70RzcnRjBmFwcF9pZAwzNTA2ODU1MzE3MjgAAR6xblgm-yY1xugkSVLMtPyMftRTnHdIiVFibONuAuzT3SelJbMT0hKprFIfBA_aem__bgfEtsr24D8GxPY7_f6xg&utm_medium=paid&utm_source=fb&utm_id=120245538772870644&utm_content=120245538772890644&utm_term=120245538772880644&utm_campaign=120245538772870644" "Mozilla/5.0 (Linux; Android 14; SM-A528B Build/UP1A.231005.007) AppleWebKit/537.36 (KHTML, like Gecko) Version/4.0 Chrome/149.0.7827.83 Mobile Safari/537.36 [FB_IAB/FB4A;FBAV/564.0.0.48.74;IABMV/1;]"
178.166.27.41 - - [07/Jun/2026:00:12:28 +0200] "GET /wp-content/themes/uncode/library/js/woocommerce-uncode.js?ver=1305867245 HTTP/1.1" 200 7190 "https://www.baudefruta.pt/?fbclid=IwZXh0bgNhZW0BMABhZGlkAasyrjbZ70RzcnRjBmFwcF9pZAwzNTA2ODU1MzE3MjgAAR6xblgm-yY1xugkSVLMtPyMftRTnHdIiVFibONuAuzT3SelJbMT0hKprFIfBA_aem__bgfEtsr24D8GxPY7_f6xg&utm_medium=paid&utm_source=fb&utm_id=120245538772870644&utm_content=120245538772890644&utm_term=120245538772880644&utm_campaign=120245538772870644" "Mozilla/5.0 (Linux; Android 14; SM-A528B Build/UP1A.231005.007) AppleWebKit/537.36 (KHTML, like Gecko) Version/4.0 Chrome/149.0.7827.83 Mobile Safari/537.36 [FB_IAB/FB4A;FBAV/564.0.0.48.74;IABMV/1;]"
178.166.27.41 - - [07/Jun/2026:00:12:28 +0200] "GET /wp-content/plugins/woocommerce-products-filter/js/tooltip/js/tooltipster.bundle.min.js?ver=2.2.9.4 HTTP/1.1" 200 10234 "https://www.baudefruta.pt/?fbclid=IwZXh0bgNhZW0BMABhZGlkAasyrjbZ70RzcnRjBmFwcF9pZAwzNTA2ODU1MzE3MjgAAR6xblgm-yY1xugkSVLMtPyMftRTnHdIiVFibONuAuzT3SelJbMT0hKprFIfBA_aem__bgfEtsr24D8GxPY7_f6xg&utm_medium=paid&utm_source=fb&utm_id=120245538772870644&utm_content=120245538772890644&utm_term=120245538772880644&utm_campaign=120245538772870644" "Mozilla/5.0 (Linux; Android 14; SM-A528B Build/UP1A.231005.007) AppleWebKit/537.36 (KHTML, like Gecko) Version/4.0 Chrome/149.0.7827.83 Mobile Safari/537.36 [FB_IAB/FB4A;FBAV/564.0.0.48.74;IABMV/1;]"
178.166.27.41 - - [07/Jun/2026:00:12:28 +0200] "GET /wp-content/plugins/duracelltomi-google-tag-manager/dist/js/gtm4wp-woocommerce.js?ver=1.22.3 HTTP/1.1" 200 3043 "https://www.baudefruta.pt/?fbclid=IwZXh0bgNhZW0BMABhZGlkAasyrjbZ70RzcnRjBmFwcF9pZAwzNTA2ODU1MzE3MjgAAR6xblgm-yY1xugkSVLMtPyMftRTnHdIiVFibONuAuzT3SelJbMT0hKprFIfBA_aem__bgfEtsr24D8GxPY7_f6xg&utm_medium=paid&utm_source=fb&utm_id=120245538772870644&utm_content=120245538772890644&utm_term=120245538772880644&utm_campaign=120245538772870644" "Mozilla/5.0 (Linux; Android 14; SM-A528B Build/UP1A.231005.007) AppleWebKit/537.36 (KHTML, like Gecko) Version/4.0 Chrome/149.0.7827.83 Mobile Safari/537.36 [FB_IAB/FB4A;FBAV/564.0.0.48.74;IABMV/1;]"
178.166.27.41 - - [07/Jun/2026:00:12:28 +0200] "GET /wp-content/themes/uncode/library/js/app.js?ver=1305867245 HTTP/1.1" 200 41076 "https://www.baudefruta.pt/?fbclid=IwZXh0bgNhZW0BMABhZGlkAasyrjbZ70RzcnRjBmFwcF9pZAwzNTA2ODU1MzE3MjgAAR6xblgm-yY1xugkSVLMtPyMftRTnHdIiVFibONuAuzT3SelJbMT0hKprFIfBA_aem__bgfEtsr24D8GxPY7_f6xg&utm_medium=paid&utm_source=fb&utm_id=120245538772870644&utm_content=120245538772890644&utm_term=120245538772880644&utm_campaign=120245538772870644" "Mozilla/5.0 (Linux; Android 14; SM-A528B Build/UP1A.231005.007) AppleWebKit/537.36 (KHTML, like Gecko) Version/4.0 Chrome/149.0.7827.83 Mobile Safari/537.36 [FB_IAB/FB4A;FBAV/564.0.0.48.74;IABMV/1;]"
178.166.27.41 - - [07/Jun/2026:00:12:28 +0200] "GET /wp-content/plugins/woocommerce-products-filter/js/front.js?ver=2.2.9.4 HTTP/1.1" 200 12289 "https://www.baudefruta.pt/?fbclid=IwZXh0bgNhZW0BMABhZGlkAasyrjbZ70RzcnRjBmFwcF9pZAwzNTA2ODU1MzE3MjgAAR6xblgm-yY1xugkSVLMtPyMftRTnHdIiVFibONuAuzT3SelJbMT0hKprFIfBA_aem__bgfEtsr24D8GxPY7_f6xg&utm_medium=paid&utm_source=fb&utm_id=120245538772870644&utm_content=120245538772890644&utm_term=120245538772880644&utm_campaign=120245538772870644" "Mozilla/5.0 (Linux; Android 14; SM-A528B Build/UP1A.231005.007) AppleWebKit/537.36 (KHTML, like Gecko) Version/4.0 Chrome/149.0.7827.83 Mobile Safari/537.36 [FB_IAB/FB4A;FBAV/564.0.0.48.74;IABMV/1;]"
178.166.27.41 - - [07/Jun/2026:00:12:28 +0200] "GET /wp-content/themes/uncode/library/js/plugins.js?ver=1305867245 HTTP/1.1" 200 192557 "https://www.baudefruta.pt/?fbclid=IwZXh0bgNhZW0BMABhZGlkAasyrjbZ70RzcnRjBmFwcF9pZAwzNTA2ODU1MzE3MjgAAR6xblgm-yY1xugkSVLMtPyMftRTnHdIiVFibONuAuzT3SelJbMT0hKprFIfBA_aem__bgfEtsr24D8GxPY7_f6xg&utm_medium=paid&utm_source=fb&utm_id=120245538772870644&utm_content=120245538772890644&utm_term=120245538772880644&utm_campaign=120245538772870644" "Mozilla/5.0 (Linux; Android 14; SM-A528B Build/UP1A.231005.007) AppleWebKit/537.36 (KHTML, like Gecko) Version/4.0 Chrome/149.0.7827.83 Mobile Safari/537.36 [FB_IAB/FB4A;FBAV/564.0.0.48.74;IABMV/1;]"
178.166.27.41 - - [07/Jun/2026:00:12:28 +0200] "GET /wp-content/plugins/woocommerce-products-filter/js/html_types/checkbox.js?ver=2.2.9.4 HTTP/1.1" 200 859 "https://www.baudefruta.pt/?fbclid=IwZXh0bgNhZW0BMABhZGlkAasyrjbZ70RzcnRjBmFwcF9pZAwzNTA2ODU1MzE3MjgAAR6xblgm-yY1xugkSVLMtPyMftRTnHdIiVFibONuAuzT3SelJbMT0hKprFIfBA_aem__bgfEtsr24D8GxPY7_f6xg&utm_medium=paid&utm_source=fb&utm_id=120245538772870644&utm_content=120245538772890644&utm_term=120245538772880644&utm_campaign=120245538772870644" "Mozilla/5.0 (Linux; Android 14; SM-A528B Build/UP1A.231005.007) AppleWebKit/537.36 (KHTML, like Gecko) Version/4.0 Chrome/149.0.7827.83 Mobile Safari/537.36 [FB_IAB/FB4A;FBAV/564.0.0.48.74;IABMV/1;]"
178.166.27.41 - - [07/Jun/2026:00:12:28 +0200] "GET /wp-content/plugins/popup-maker/dist/assets/site.js?defer&ver=1.21.4 HTTP/1.1" 200 17994 "https://www.baudefruta.pt/?fbclid=IwZXh0bgNhZW0BMABhZGlkAasyrjbZ70RzcnRjBmFwcF9pZAwzNTA2ODU1MzE3MjgAAR6xblgm-yY1xugkSVLMtPyMftRTnHdIiVFibONuAuzT3SelJbMT0hKprFIfBA_aem__bgfEtsr24D8GxPY7_f6xg&utm_medium=paid&utm_source=fb&utm_id=120245538772870644&utm_content=120245538772890644&utm_term=120245538772880644&utm_campaign=120245538772870644" "Mozilla/5.0 (Linux; Android 14; SM-A528B Build/UP1A.231005.007) AppleWebKit/537.36 (KHTML, like Gecko) Version/4.0 Chrome/149.0.7827.83 Mobile Safari/537.36 [FB_IAB/FB4A;FBAV/564.0.0.48.74;IABMV/1;]"
178.166.27.41 - - [07/Jun/2026:00:12:28 +0200] "GET /wp-content/plugins/woocommerce-products-filter/js/html_types/radio.js?ver=2.2.9.4 HTTP/1.1" 200 763 "https://www.baudefruta.pt/?fbclid=IwZXh0bgNhZW0BMABhZGlkAasyrjbZ70RzcnRjBmFwcF9pZAwzNTA2ODU1MzE3MjgAAR6xblgm-yY1xugkSVLMtPyMftRTnHdIiVFibONuAuzT3SelJbMT0hKprFIfBA_aem__bgfEtsr24D8GxPY7_f6xg&utm_medium=paid&utm_source=fb&utm_id=120245538772870644&utm_content=120245538772890644&utm_term=120245538772880644&utm_campaign=120245538772870644" "Mozilla/5.0 (Linux; Android 14; SM-A528B Build/UP1A.231005.007) AppleWebKit/537.36 (KHTML, like Gecko) Version/4.0 Chrome/149.0.7827.83 Mobile Safari/537.36 [FB_IAB/FB4A;FBAV/564.0.0.48.74;IABMV/1;]"
178.166.27.41 - - [07/Jun/2026:00:12:28 +0200] "GET /wp-content/plugins/woocommerce-products-filter/js/html_types/mselect.js?ver=2.2.9.4 HTTP/1.1" 200 740 "https://www.baudefruta.pt/?fbclid=IwZXh0bgNhZW0BMABhZGlkAasyrjbZ70RzcnRjBmFwcF9pZAwzNTA2ODU1MzE3MjgAAR6xblgm-yY1xugkSVLMtPyMftRTnHdIiVFibONuAuzT3SelJbMT0hKprFIfBA_aem__bgfEtsr24D8GxPY7_f6xg&utm_medium=paid&utm_source=fb&utm_id=120245538772870644&utm_content=120245538772890644&utm_term=120245538772880644&utm_campaign=120245538772870644" "Mozilla/5.0 (Linux; Android 14; SM-A528B Build/UP1A.231005.007) AppleWebKit/537.36 (KHTML, like Gecko) Version/4.0 Chrome/149.0.7827.83 Mobile Safari/537.36 [FB_IAB/FB4A;FBAV/564.0.0.48.74;IABMV/1;]"
178.166.27.41 - - [07/Jun/2026:00:12:28 +0200] "GET /wp-content/plugins/woocommerce-products-filter/js/chosen/chosen.jquery.js?ver=2.2.9.4 HTTP/1.1" 200 8826 "https://www.baudefruta.pt/?fbclid=IwZXh0bgNhZW0BMABhZGlkAasyrjbZ70RzcnRjBmFwcF9pZAwzNTA2ODU1MzE3MjgAAR6xblgm-yY1xugkSVLMtPyMftRTnHdIiVFibONuAuzT3SelJbMT0hKprFIfBA_aem__bgfEtsr24D8GxPY7_f6xg&utm_medium=paid&utm_source=fb&utm_id=120245538772870644&utm_content=120245538772890644&utm_term=120245538772880644&utm_campaign=120245538772870644" "Mozilla/5.0 (Linux; Android 14; SM-A528B Build/UP1A.231005.007) AppleWebKit/537.36 (KHTML, like Gecko) Version/4.0 Chrome/149.0.7827.83 Mobile Safari/537.36 [FB_IAB/FB4A;FBAV/564.0.0.48.74;IABMV/1;]"
178.166.27.41 - - [07/Jun/2026:00:12:28 +0200] "GET /wp-content/plugins/woocommerce-products-filter/js/html_types/select.js?ver=2.2.9.4 HTTP/1.1" 200 473 "https://www.baudefruta.pt/?fbclid=IwZXh0bgNhZW0BMABhZGlkAasyrjbZ70RzcnRjBmFwcF9pZAwzNTA2ODU1MzE3MjgAAR6xblgm-yY1xugkSVLMtPyMftRTnHdIiVFibONuAuzT3SelJbMT0hKprFIfBA_aem__bgfEtsr24D8GxPY7_f6xg&utm_medium=paid&utm_source=fb&utm_id=120245538772870644&utm_content=120245538772890644&utm_term=120245538772880644&utm_campaign=120245538772870644" "Mozilla/5.0 (Linux; Android 14; SM-A528B Build/UP1A.231005.007) AppleWebKit/537.36 (KHTML, like Gecko) Version/4.0 Chrome/149.0.7827.83 Mobile Safari/537.36 [FB_IAB/FB4A;FBAV/564.0.0.48.74;IABMV/1;]"
178.166.27.41 - - [07/Jun/2026:00:12:28 +0200] "GET /wp-content/plugins/woocommerce/assets/js/js-cookie/js.cookie.min.js?ver=2.1.4-wc.10.2.2 HTTP/1.1" 200 845 "https://www.baudefruta.pt/?fbclid=IwZXh0bgNhZW0BMABhZGlkAasyrjbZ70RzcnRjBmFwcF9pZAwzNTA2ODU1MzE3MjgAAR6xblgm-yY1xugkSVLMtPyMftRTnHdIiVFibONuAuzT3SelJbMT0hKprFIfBA_aem__bgfEtsr24D8GxPY7_f6xg&utm_medium=paid&utm_source=fb&utm_id=120245538772870644&utm_content=120245538772890644&utm_term=120245538772880644&utm_campaign=120245538772870644" "Mozilla/5.0 (Linux; Android 14; SM-A528B Build/UP1A.231005.007) AppleWebKit/537.36 (KHTML, like Gecko) Version/4.0 Chrome/149.0.7827.83 Mobile Safari/537.36 [FB_IAB/FB4A;FBAV/564.0.0.48.74;IABMV/1;]"
178.166.27.41 - - [07/Jun/2026:00:12:28 +0200] "GET /wp-content/plugins/woocommerce/assets/js/frontend/woocommerce.min.js?ver=10.2.2 HTTP/1.1" 200 1488 "https://www.baudefruta.pt/?fbclid=IwZXh0bgNhZW0BMABhZGlkAasyrjbZ70RzcnRjBmFwcF9pZAwzNTA2ODU1MzE3MjgAAR6xblgm-yY1xugkSVLMtPyMftRTnHdIiVFibONuAuzT3SelJbMT0hKprFIfBA_aem__bgfEtsr24D8GxPY7_f6xg&utm_medium=paid&utm_source=fb&utm_id=120245538772870644&utm_content=120245538772890644&utm_term=120245538772880644&utm_campaign=120245538772870644" "Mozilla/5.0 (Linux; Android 14; SM-A528B Build/UP1A.231005.007) AppleWebKit/537.36 (KHTML, like Gecko) Version/4.0 Chrome/149.0.7827.83 Mobile Safari/537.36 [FB_IAB/FB4A;FBAV/564.0.0.48.74;IABMV/1;]"
178.166.27.41 - - [07/Jun/2026:00:12:28 +0200] "GET /wp-content/uploads/2021/05/bau_produto-tutti-uai-572x381.jpg HTTP/1.1" 200 93249 "https://www.baudefruta.pt/?fbclid=IwZXh0bgNhZW0BMABhZGlkAasyrjbZ70RzcnRjBmFwcF9pZAwzNTA2ODU1MzE3MjgAAR6xblgm-yY1xugkSVLMtPyMftRTnHdIiVFibONuAuzT3SelJbMT0hKprFIfBA_aem__bgfEtsr24D8GxPY7_f6xg&utm_medium=paid&utm_source=fb&utm_id=120245538772870644&utm_content=120245538772890644&utm_term=120245538772880644&utm_campaign=120245538772870644" "Mozilla/5.0 (Linux; Android 14; SM-A528B Build/UP1A.231005.007) AppleWebKit/537.36 (KHTML, like Gecko) Version/4.0 Chrome/149.0.7827.83 Mobile Safari/537.36 [FB_IAB/FB4A;FBAV/564.0.0.48.74;IABMV/1;]"
178.166.27.41 - - [07/Jun/2026:00:12:28 +0200] "GET /wp-content/uploads/2021/05/bau_produto-tutti-2-uai-572x381.jpg HTTP/1.1" 200 89435 "https://www.baudefruta.pt/?fbclid=IwZXh0bgNhZW0BMABhZGlkAasyrjbZ70RzcnRjBmFwcF9pZAwzNTA2ODU1MzE3MjgAAR6xblgm-yY1xugkSVLMtPyMftRTnHdIiVFibONuAuzT3SelJbMT0hKprFIfBA_aem__bgfEtsr24D8GxPY7_f6xg&utm_medium=paid&utm_source=fb&utm_id=120245538772870644&utm_content=120245538772890644&utm_term=120245538772880644&utm_campaign=120245538772870644" "Mozilla/5.0 (Linux; Android 14; SM-A528B Build/UP1A.231005.007) AppleWebKit/537.36 (KHTML, like Gecko) Version/4.0 Chrome/149.0.7827.83 Mobile Safari/537.36 [FB_IAB/FB4A;FBAV/564.0.0.48.74;IABMV/1;]"
178.166.27.41 - - [07/Jun/2026:00:12:28 +0200] "GET /wp-content/uploads/2021/10/bau_economico_2-uai-572x381.jpg HTTP/1.1" 200 112841 "https://www.baudefruta.pt/?fbclid=IwZXh0bgNhZW0BMABhZGlkAasyrjbZ70RzcnRjBmFwcF9pZAwzNTA2ODU1MzE3MjgAAR6xblgm-yY1xugkSVLMtPyMftRTnHdIiVFibONuAuzT3SelJbMT0hKprFIfBA_aem__bgfEtsr24D8GxPY7_f6xg&utm_medium=paid&utm_source=fb&utm_id=120245538772870644&utm_content=120245538772890644&utm_term=120245538772880644&utm_campaign=120245538772870644" "Mozilla/5.0 (Linux; Android 14; SM-A528B Build/UP1A.231005.007) AppleWebKit/537.36 (KHTML, like Gecko) Version/4.0 Chrome/149.0.7827.83 Mobile Safari/537.36 [FB_IAB/FB4A;FBAV/564.0.0.48.74;IABMV/1;]"
178.166.27.41 - - [07/Jun/2026:00:12:28 +0200] "GET /wp-content/uploads/2021/05/bau_produto-vegetais-uai-572x381.jpg HTTP/1.1" 200 118186 "https://www.baudefruta.pt/?fbclid=IwZXh0bgNhZW0BMABhZGlkAasyrjbZ70RzcnRjBmFwcF9pZAwzNTA2ODU1MzE3MjgAAR6xblgm-yY1xugkSVLMtPyMftRTnHdIiVFibONuAuzT3SelJbMT0hKprFIfBA_aem__bgfEtsr24D8GxPY7_f6xg&utm_medium=paid&utm_source=fb&utm_id=120245538772870644&utm_content=120245538772890644&utm_term=120245538772880644&utm_campaign=120245538772870644" "Mozilla/5.0 (Linux; Android 14; SM-A528B Build/UP1A.231005.007) AppleWebKit/537.36 (KHTML, like Gecko) Version/4.0 Chrome/149.0.7827.83 Mobile Safari/537.36 [FB_IAB/FB4A;FBAV/564.0.0.48.74;IABMV/1;]"
178.166.27.41 - - [07/Jun/2026:00:12:28 +0200] "GET /wp-content/uploads/2021/05/bau_home_seta_drt.png HTTP/1.1" 200 426 "https://www.baudefruta.pt/?fbclid=IwZXh0bgNhZW0BMABhZGlkAasyrjbZ70RzcnRjBmFwcF9pZAwzNTA2ODU1MzE3MjgAAR6xblgm-yY1xugkSVLMtPyMftRTnHdIiVFibONuAuzT3SelJbMT0hKprFIfBA_aem__bgfEtsr24D8GxPY7_f6xg&utm_medium=paid&utm_source=fb&utm_id=120245538772870644&utm_content=120245538772890644&utm_term=120245538772880644&utm_campaign=120245538772870644" "Mozilla/5.0 (Linux; Android 14; SM-A528B Build/UP1A.231005.007) AppleWebKit/537.36 (KHTML, like Gecko) Version/4.0 Chrome/149.0.7827.83 Mobile Safari/537.36 [FB_IAB/FB4A;FBAV/564.0.0.48.74;IABMV/1;]"
178.166.27.41 - - [07/Jun/2026:00:12:28 +0200] "GET /wp-content/uploads/2021/05/bau_produto-fruta-uai-572x381.jpg HTTP/1.1" 200 105616 "https://www.baudefruta.pt/?fbclid=IwZXh0bgNhZW0BMABhZGlkAasyrjbZ70RzcnRjBmFwcF9pZAwzNTA2ODU1MzE3MjgAAR6xblgm-yY1xugkSVLMtPyMftRTnHdIiVFibONuAuzT3SelJbMT0hKprFIfBA_aem__bgfEtsr24D8GxPY7_f6xg&utm_medium=paid&utm_source=fb&utm_id=120245538772870644&utm_content=120245538772890644&utm_term=120245538772880644&utm_campaign=120245538772870644" "Mozilla/5.0 (Linux; Android 14; SM-A528B Build/UP1A.231005.007) AppleWebKit/537.36 (KHTML, like Gecko) Version/4.0 Chrome/149.0.7827.83 Mobile Safari/537.36 [FB_IAB/FB4A;FBAV/564.0.0.48.74;IABMV/1;]"
178.166.27.41 - - [07/Jun/2026:00:12:28 +0200] "GET /wp-content/uploads/2022/06/nectarina.jpg HTTP/1.1" 200 81381 "https://www.baudefruta.pt/?fbclid=IwZXh0bgNhZW0BMABhZGlkAasyrjbZ70RzcnRjBmFwcF9pZAwzNTA2ODU1MzE3MjgAAR6xblgm-yY1xugkSVLMtPyMftRTnHdIiVFibONuAuzT3SelJbMT0hKprFIfBA_aem__bgfEtsr24D8GxPY7_f6xg&utm_medium=paid&utm_source=fb&utm_id=120245538772870644&utm_content=120245538772890644&utm_term=120245538772880644&utm_campaign=120245538772870644" "Mozilla/5.0 (Linux; Android 14; SM-A528B Build/UP1A.231005.007) AppleWebKit/537.36 (KHTML, like Gecko) Version/4.0 Chrome/149.0.7827.83 Mobile Safari/537.36 [FB_IAB/FB4A;FBAV/564.0.0.48.74;IABMV/1;]"
178.166.27.41 - - [07/Jun/2026:00:12:28 +0200] "GET /wp-content/uploads/2022/06/aromatica.jpg HTTP/1.1" 200 14098 "https://www.baudefruta.pt/?fbclid=IwZXh0bgNhZW0BMABhZGlkAasyrjbZ70RzcnRjBmFwcF9pZAwzNTA2ODU1MzE3MjgAAR6xblgm-yY1xugkSVLMtPyMftRTnHdIiVFibONuAuzT3SelJbMT0hKprFIfBA_aem__bgfEtsr24D8GxPY7_f6xg&utm_medium=paid&utm_source=fb&utm_id=120245538772870644&utm_content=120245538772890644&utm_term=120245538772880644&utm_campaign=120245538772870644" "Mozilla/5.0 (Linux; Android 14; SM-A528B Build/UP1A.231005.007) AppleWebKit/537.36 (KHTML, like Gecko) Version/4.0 Chrome/149.0.7827.83 Mobile Safari/537.36 [FB_IAB/FB4A;FBAV/564.0.0.48.74;IABMV/1;]"
178.166.27.41 - - [07/Jun/2026:00:12:28 +0200] "GET /wp-content/uploads/2022/05/gengibre.jpg HTTP/1.1" 200 21416 "https://www.baudefruta.pt/?fbclid=IwZXh0bgNhZW0BMABhZGlkAasyrjbZ70RzcnRjBmFwcF9pZAwzNTA2ODU1MzE3MjgAAR6xblgm-yY1xugkSVLMtPyMftRTnHdIiVFibONuAuzT3SelJbMT0hKprFIfBA_aem__bgfEtsr24D8GxPY7_f6xg&utm_medium=paid&utm_source=fb&utm_id=120245538772870644&utm_content=120245538772890644&utm_term=120245538772880644&utm_campaign=120245538772870644" "Mozilla/5.0 (Linux; Android 14; SM-A528B Build/UP1A.231005.007) AppleWebKit/537.36 (KHTML, like Gecko) Version/4.0 Chrome/149.0.7827.83 Mobile Safari/537.36 [FB_IAB/FB4A;FBAV/564.0.0.48.74;IABMV/1;]"
178.166.27.41 - - [07/Jun/2026:00:12:28 +0200] "GET /wp-content/uploads/2021/06/TH001-tomate-cherry-uai-335x335.jpg HTTP/1.1" 200 17318 "https://www.baudefruta.pt/?fbclid=IwZXh0bgNhZW0BMABhZGlkAasyrjbZ70RzcnRjBmFwcF9pZAwzNTA2ODU1MzE3MjgAAR6xblgm-yY1xugkSVLMtPyMftRTnHdIiVFibONuAuzT3SelJbMT0hKprFIfBA_aem__bgfEtsr24D8GxPY7_f6xg&utm_medium=paid&utm_source=fb&utm_id=120245538772870644&utm_content=120245538772890644&utm_term=120245538772880644&utm_campaign=120245538772870644" "Mozilla/5.0 (Linux; Android 14; SM-A528B Build/UP1A.231005.007) AppleWebKit/537.36 (KHTML, like Gecko) Version/4.0 Chrome/149.0.7827.83 Mobile Safari/537.36 [FB_IAB/FB4A;FBAV/564.0.0.48.74;IABMV/1;]"
178.166.27.41 - - [07/Jun/2026:00:12:28 +0200] "GET /wp-content/uploads/2023/11/BauFruta_refood_logorefood.jpg HTTP/1.1" 200 11650 "https://www.baudefruta.pt/?fbclid=IwZXh0bgNhZW0BMABhZGlkAasyrjbZ70RzcnRjBmFwcF9pZAwzNTA2ODU1MzE3MjgAAR6xblgm-yY1xugkSVLMtPyMftRTnHdIiVFibONuAuzT3SelJbMT0hKprFIfBA_aem__bgfEtsr24D8GxPY7_f6xg&utm_medium=paid&utm_source=fb&utm_id=120245538772870644&utm_content=120245538772890644&utm_term=120245538772880644&utm_campaign=120245538772870644" "Mozilla/5.0 (Linux; Android 14; SM-A528B Build/UP1A.231005.007) AppleWebKit/537.36 (KHTML, like Gecko) Version/4.0 Chrome/149.0.7827.83 Mobile Safari/537.36 [FB_IAB/FB4A;FBAV/564.0.0.48.74;IABMV/1;]"
178.166.27.41 - - [07/Jun/2026:00:12:28 +0200] "GET /wp-content/uploads/2021/06/NP001-nesperas-uai-368x368.jpg HTTP/1.1" 200 25561 "https://www.baudefruta.pt/?fbclid=IwZXh0bgNhZW0BMABhZGlkAasyrjbZ70RzcnRjBmFwcF9pZAwzNTA2ODU1MzE3MjgAAR6xblgm-yY1xugkSVLMtPyMftRTnHdIiVFibONuAuzT3SelJbMT0hKprFIfBA_aem__bgfEtsr24D8GxPY7_f6xg&utm_medium=paid&utm_source=fb&utm_id=120245538772870644&utm_content=120245538772890644&utm_term=120245538772880644&utm_campaign=120245538772870644" "Mozilla/5.0 (Linux; Android 14; SM-A528B Build/UP1A.231005.007) AppleWebKit/537.36 (KHTML, like Gecko) Version/4.0 Chrome/149.0.7827.83 Mobile Safari/537.36 [FB_IAB/FB4A;FBAV/564.0.0.48.74;IABMV/1;]"
178.166.27.41 - - [07/Jun/2026:00:12:28 +0200] "GET /wp-content/uploads/2021/05/bau_home_pontos-2.png HTTP/1.1" 200 13642 "https://www.baudefruta.pt/?fbclid=IwZXh0bgNhZW0BMABhZGlkAasyrjbZ70RzcnRjBmFwcF9pZAwzNTA2ODU1MzE3MjgAAR6xblgm-yY1xugkSVLMtPyMftRTnHdIiVFibONuAuzT3SelJbMT0hKprFIfBA_aem__bgfEtsr24D8GxPY7_f6xg&utm_medium=paid&utm_source=fb&utm_id=120245538772870644&utm_content=120245538772890644&utm_term=120245538772880644&utm_campaign=120245538772870644" "Mozilla/5.0 (Linux; Android 14; SM-A528B Build/UP1A.231005.007) AppleWebKit/537.36 (KHTML, like Gecko) Version/4.0 Chrome/149.0.7827.83 Mobile Safari/537.36 [FB_IAB/FB4A;FBAV/564.0.0.48.74;IABMV/1;]"
178.166.27.41 - - [07/Jun/2026:00:12:28 +0200] "GET /wp-content/uploads/2021/06/HT001-hortela-uai-952x952.jpg HTTP/1.1" 200 172178 "https://www.baudefruta.pt/?fbclid=IwZXh0bgNhZW0BMABhZGlkAasyrjbZ70RzcnRjBmFwcF9pZAwzNTA2ODU1MzE3MjgAAR6xblgm-yY1xugkSVLMtPyMftRTnHdIiVFibONuAuzT3SelJbMT0hKprFIfBA_aem__bgfEtsr24D8GxPY7_f6xg&utm_medium=paid&utm_source=fb&utm_id=120245538772870644&utm_content=120245538772890644&utm_term=120245538772880644&utm_campaign=120245538772870644" "Mozilla/5.0 (Linux; Android 14; SM-A528B Build/UP1A.231005.007) AppleWebKit/537.36 (KHTML, like Gecko) Version/4.0 Chrome/149.0.7827.83 Mobile Safari/537.36 [FB_IAB/FB4A;FBAV/564.0.0.48.74;IABMV/1;]"
178.166.27.41 - - [07/Jun/2026:00:12:28 +0200] "GET /wp-content/uploads/2023/12/BauFruta_narizvermelho_home.png HTTP/1.1" 200 15004 "https://www.baudefruta.pt/?fbclid=IwZXh0bgNhZW0BMABhZGlkAasyrjbZ70RzcnRjBmFwcF9pZAwzNTA2ODU1MzE3MjgAAR6xblgm-yY1xugkSVLMtPyMftRTnHdIiVFibONuAuzT3SelJbMT0hKprFIfBA_aem__bgfEtsr24D8GxPY7_f6xg&utm_medium=paid&utm_source=fb&utm_id=120245538772870644&utm_content=120245538772890644&utm_term=120245538772880644&utm_campaign=120245538772870644" "Mozilla/5.0 (Linux; Android 14; SM-A528B Build/UP1A.231005.007) AppleWebKit/537.36 (KHTML, like Gecko) Version/4.0 Chrome/149.0.7827.83 Mobile Safari/537.36 [FB_IAB/FB4A;FBAV/564.0.0.48.74;IABMV/1;]"
178.166.27.41 - - [07/Jun/2026:00:12:28 +0200] "GET /wp-content/uploads/2021/07/bau_mb_mbway.svg HTTP/1.1" 200 5318 "https://www.baudefruta.pt/?fbclid=IwZXh0bgNhZW0BMABhZGlkAasyrjbZ70RzcnRjBmFwcF9pZAwzNTA2ODU1MzE3MjgAAR6xblgm-yY1xugkSVLMtPyMftRTnHdIiVFibONuAuzT3SelJbMT0hKprFIfBA_aem__bgfEtsr24D8GxPY7_f6xg&utm_medium=paid&utm_source=fb&utm_id=120245538772870644&utm_content=120245538772890644&utm_term=120245538772880644&utm_campaign=120245538772870644" "Mozilla/5.0 (Linux; Android 14; SM-A528B Build/UP1A.231005.007) AppleWebKit/537.36 (KHTML, like Gecko) Version/4.0 Chrome/149.0.7827.83 Mobile Safari/537.36 [FB_IAB/FB4A;FBAV/564.0.0.48.74;IABMV/1;]"
178.166.27.41 - - [07/Jun/2026:00:12:28 +0200] "GET /wp-content/uploads/2021/05/bau_livroreclamacoes.svg HTTP/1.1" 200 2886 "https://www.baudefruta.pt/?fbclid=IwZXh0bgNhZW0BMABhZGlkAasyrjbZ70RzcnRjBmFwcF9pZAwzNTA2ODU1MzE3MjgAAR6xblgm-yY1xugkSVLMtPyMftRTnHdIiVFibONuAuzT3SelJbMT0hKprFIfBA_aem__bgfEtsr24D8GxPY7_f6xg&utm_medium=paid&utm_source=fb&utm_id=120245538772870644&utm_content=120245538772890644&utm_term=120245538772880644&utm_campaign=120245538772870644" "Mozilla/5.0 (Linux; Android 14; SM-A528B Build/UP1A.231005.007) AppleWebKit/537.36 (KHTML, like Gecko) Version/4.0 Chrome/149.0.7827.83 Mobile Safari/537.36 [FB_IAB/FB4A;FBAV/564.0.0.48.74;IABMV/1;]"
178.166.27.41 - - [07/Jun/2026:00:12:28 +0200] "GET /wp-content/uploads/2021/05/bau_fundo_grunge-1.png HTTP/1.1" 200 108052 "https://www.baudefruta.pt/?fbclid=IwZXh0bgNhZW0BMABhZGlkAasyrjbZ70RzcnRjBmFwcF9pZAwzNTA2ODU1MzE3MjgAAR6xblgm-yY1xugkSVLMtPyMftRTnHdIiVFibONuAuzT3SelJbMT0hKprFIfBA_aem__bgfEtsr24D8GxPY7_f6xg&utm_medium=paid&utm_source=fb&utm_id=120245538772870644&utm_content=120245538772890644&utm_term=120245538772880644&utm_campaign=120245538772870644" "Mozilla/5.0 (Linux; Android 14; SM-A528B Build/UP1A.231005.007) AppleWebKit/537.36 (KHTML, like Gecko) Version/4.0 Chrome/149.0.7827.83 Mobile Safari/537.36 [FB_IAB/FB4A;FBAV/564.0.0.48.74;IABMV/1;]"
178.166.27.41 - - [07/Jun/2026:00:12:28 +0200] "GET /wp-content/uploads/2021/07/bau_fundo_grunge-2.png HTTP/1.1" 200 69186 "https://www.baudefruta.pt/?fbclid=IwZXh0bgNhZW0BMABhZGlkAasyrjbZ70RzcnRjBmFwcF9pZAwzNTA2ODU1MzE3MjgAAR6xblgm-yY1xugkSVLMtPyMftRTnHdIiVFibONuAuzT3SelJbMT0hKprFIfBA_aem__bgfEtsr24D8GxPY7_f6xg&utm_medium=paid&utm_source=fb&utm_id=120245538772870644&utm_content=120245538772890644&utm_term=120245538772880644&utm_campaign=120245538772870644" "Mozilla/5.0 (Linux; Android 14; SM-A528B Build/UP1A.231005.007) AppleWebKit/537.36 (KHTML, like Gecko) Version/4.0 Chrome/149.0.7827.83 Mobile Safari/537.36 [FB_IAB/FB4A;FBAV/564.0.0.48.74;IABMV/1;]"
178.166.27.41 - - [07/Jun/2026:00:12:28 +0200] "GET /wp-content/uploads/2021/05/bau_footer-top.png HTTP/1.1" 200 14692 "https://www.baudefruta.pt/?fbclid=IwZXh0bgNhZW0BMABhZGlkAasyrjbZ70RzcnRjBmFwcF9pZAwzNTA2ODU1MzE3MjgAAR6xblgm-yY1xugkSVLMtPyMftRTnHdIiVFibONuAuzT3SelJbMT0hKprFIfBA_aem__bgfEtsr24D8GxPY7_f6xg&utm_medium=paid&utm_source=fb&utm_id=120245538772870644&utm_content=120245538772890644&utm_term=120245538772880644&utm_campaign=120245538772870644" "Mozilla/5.0 (Linux; Android 14; SM-A528B Build/UP1A.231005.007) AppleWebKit/537.36 (KHTML, like Gecko) Version/4.0 Chrome/149.0.7827.83 Mobile Safari/537.36 [FB_IAB/FB4A;FBAV/564.0.0.48.74;IABMV/1;]"
178.166.27.41 - - [07/Jun/2026:00:12:29 +0200] "GET /wp-includes/js/wp-emoji-release.min.js?ver=6.9.1 HTTP/1.1" 200 5487 "https://www.baudefruta.pt/?fbclid=IwZXh0bgNhZW0BMABhZGlkAasyrjbZ70RzcnRjBmFwcF9pZAwzNTA2ODU1MzE3MjgAAR6xblgm-yY1xugkSVLMtPyMftRTnHdIiVFibONuAuzT3SelJbMT0hKprFIfBA_aem__bgfEtsr24D8GxPY7_f6xg&utm_medium=paid&utm_source=fb&utm_id=120245538772870644&utm_content=120245538772890644&utm_term=120245538772880644&utm_campaign=120245538772870644" "Mozilla/5.0 (Linux; Android 14; SM-A528B Build/UP1A.231005.007) AppleWebKit/537.36 (KHTML, like Gecko) Version/4.0 Chrome/149.0.7827.83 Mobile Safari/537.36 [FB_IAB/FB4A;FBAV/564.0.0.48.74;IABMV/1;]"
216.73.217.54 - - [07/Jun/2026:00:12:30 +0200] "GET /loja/page/5/?doing_wp_cron=1780505801.7622530460357666015625&orderby=price-desc HTTP/1.1" 200 61161 "-" "Mozilla/5.0 AppleWebKit/537.36 (KHTML, like Gecko; compatible; ClaudeBot/1.0; +claudebot@anthropic.com)"
178.166.27.41 - - [07/Jun/2026:00:12:30 +0200] "GET /wp-content/uploads/2021/07/cropped-BauDeFruta_Logo-192x192.png HTTP/1.1" 200 9364 "https://www.baudefruta.pt/?fbclid=IwZXh0bgNhZW0BMABhZGlkAasyrjbZ70RzcnRjBmFwcF9pZAwzNTA2ODU1MzE3MjgAAR6xblgm-yY1xugkSVLMtPyMftRTnHdIiVFibONuAuzT3SelJbMT0hKprFIfBA_aem__bgfEtsr24D8GxPY7_f6xg&utm_medium=paid&utm_source=fb&utm_id=120245538772870644&utm_content=120245538772890644&utm_term=120245538772880644&utm_campaign=120245538772870644" "Mozilla/5.0 (Linux; Android 14; SM-A528B Build/UP1A.231005.007) AppleWebKit/537.36 (KHTML, like Gecko) Version/4.0 Chrome/149.0.7827.83 Mobile Safari/537.36 [FB_IAB/FB4A;FBAV/564.0.0.48.74;IABMV/1;]"
178.166.27.41 - - [07/Jun/2026:00:12:30 +0200] "GET /wp-content/uploads/2021/07/cropped-BauDeFruta_Logo-32x32.png HTTP/1.1" 200 750 "https://www.baudefruta.pt/?fbclid=IwZXh0bgNhZW0BMABhZGlkAasyrjbZ70RzcnRjBmFwcF9pZAwzNTA2ODU1MzE3MjgAAR6xblgm-yY1xugkSVLMtPyMftRTnHdIiVFibONuAuzT3SelJbMT0hKprFIfBA_aem__bgfEtsr24D8GxPY7_f6xg&utm_medium=paid&utm_source=fb&utm_id=120245538772870644&utm_content=120245538772890644&utm_term=120245538772880644&utm_campaign=120245538772870644" "Mozilla/5.0 (Linux; Android 14; SM-A528B Build/UP1A.231005.007) AppleWebKit/537.36 (KHTML, like Gecko) Version/4.0 Chrome/149.0.7827.83 Mobile Safari/537.36 [FB_IAB/FB4A;FBAV/564.0.0.48.74;IABMV/1;]"
94.154.239.69 - - [07/Jun/2026:00:12:30 +0200] "GET /categoria-produto/frescos/?add-to-cart=449&orderby=price&doing_wp_cron=1780743988.9837200641632080078125 HTTP/1.1" 200 60592 "-" "Mozilla/5.0 (compatible; MJ12bot/v1.4.8; http://mj12bot.com/)"
178.166.27.41 - - [07/Jun/2026:00:12:31 +0200] "POST /wp-json/pum/v1/analytics/ HTTP/1.1" 204 0 "https://www.baudefruta.pt/?fbclid=IwZXh0bgNhZW0BMABhZGlkAasyrjbZ70RzcnRjBmFwcF9pZAwzNTA2ODU1MzE3MjgAAR6xblgm-yY1xugkSVLMtPyMftRTnHdIiVFibONuAuzT3SelJbMT0hKprFIfBA_aem__bgfEtsr24D8GxPY7_f6xg&utm_medium=paid&utm_source=fb&utm_id=120245538772870644&utm_content=120245538772890644&utm_term=120245538772880644&utm_campaign=120245538772870644" "Mozilla/5.0 (Linux; Android 14; SM-A528B Build/UP1A.231005.007) AppleWebKit/537.36 (KHTML, like Gecko) Version/4.0 Chrome/149.0.7827.83 Mobile Safari/537.36 [FB_IAB/FB4A;FBAV/564.0.0.48.74;IABMV/1;]"
216.73.217.54 - - [07/Jun/2026:00:12:33 +0200] "GET /categoria-produto/mercearia/?doing_wp_cron=1780661088.7080020904541015625000&orderby=price HTTP/1.1" 200 60714 "-" "Mozilla/5.0 AppleWebKit/537.36 (KHTML, like Gecko; compatible; ClaudeBot/1.0; +claudebot@anthropic.com)"
216.73.217.54 - - [07/Jun/2026:00:12:36 +0200] "GET /loja/?add-to-cart=547&doing_wp_cron=1780400178.2150061130523681640625&orderby=popularity HTTP/1.1" 200 61035 "-" "Mozilla/5.0 AppleWebKit/537.36 (KHTML, like Gecko; compatible; ClaudeBot/1.0; +claudebot@anthropic.com)"
94.154.239.69 - - [07/Jun/2026:00:12:36 +0200] "GET /categoria-produto/frescos/?add-to-cart=449&orderby=price-desc&doing_wp_cron=1780641151.2708849906921386718750 HTTP/1.1" 200 60798 "-" "Mozilla/5.0 (compatible; MJ12bot/v1.4.8; http://mj12bot.com/)"
216.73.217.54 - - [07/Jun/2026:00:12:39 +0200] "GET /loja/page/4/?doing_wp_cron=1780424113.2975559234619140625000&orderby=price HTTP/1.1" 200 61296 "-" "Mozilla/5.0 AppleWebKit/537.36 (KHTML, like Gecko; compatible; ClaudeBot/1.0; +claudebot@anthropic.com)"
216.73.217.54 - - [07/Jun/2026:00:12:42 +0200] "GET /produto/peixe-em-saqueta/?add-to-cart=793&doing_wp_cron=1780480678.9936580657958984375000 HTTP/1.1" 200 59586 "-" "Mozilla/5.0 AppleWebKit/537.36 (KHTML, like Gecko; compatible; ClaudeBot/1.0; +claudebot@anthropic.com)"
94.154.239.69 - - [07/Jun/2026:00:12:42 +0200] "GET /categoria-produto/frescos/?add-to-cart=449&orderby=price-desc&doing_wp_cron=1780648776.8648409843444824218750 HTTP/1.1" 200 60794 "-" "Mozilla/5.0 (compatible; MJ12bot/v1.4.8; http://mj12bot.com/)"
91.92.242.223 - - [07/Jun/2026:00:12:43 +0200] "POST /wp-login.php?action=register HTTP/1.1" 403 146 "-" "-"
216.73.217.54 - - [07/Jun/2026:00:12:45 +0200] "GET /produto/amendoa-casca-torrada/?add-to-cart=933&doing_wp_cron=1780130648.4477660655975341796875 HTTP/1.1" 200 59822 "-" "Mozilla/5.0 AppleWebKit/537.36 (KHTML, like Gecko; compatible; ClaudeBot/1.0; +claudebot@anthropic.com)"
114.119.132.173 - - [07/Jun/2026:00:12:45 +0200] "GET /loja/page/6/?orderby=date&doing_wp_cron=1689473171.6628789901733398437500 HTTP/1.1" 200 60321 "https://www.baudefruta.pt/loja/page/6/?orderby=price-desc&doing_wp_cron=1689473171.6628789901733398437500" "Mozilla/5.0 (Linux; Android 7.0;) AppleWebKit/537.36 (HTML, like Gecko) Mobile Safari/537.36 (compatible; PetalBot;+https://webmaster.petalsearch.com/site/petalbot)"
216.73.217.54 - - [07/Jun/2026:00:12:48 +0200] "GET /produto/pera-rocha/?add-to-cart=454&doing_wp_cron=1780205198.1864740848541259765625 HTTP/1.1" 200 60166 "-" "Mozilla/5.0 AppleWebKit/537.36 (KHTML, like Gecko; compatible; ClaudeBot/1.0; +claudebot@anthropic.com)"
94.154.239.69 - - [07/Jun/2026:00:12:48 +0200] "GET /categoria-produto/frescos/?add-to-cart=452&orderby=date&doing_wp_cron=1780642700.6357009410858154296875 HTTP/1.1" 200 60756 "-" "Mozilla/5.0 (compatible; MJ12bot/v1.4.8; http://mj12bot.com/)"
216.73.217.54 - - [07/Jun/2026:00:12:51 +0200] "GET /categoria-produto/mercearia/page/5/?doing_wp_cron=1780228029.8608980178833007812500&orderby=date HTTP/1.1" 200 61468 "-" "Mozilla/5.0 AppleWebKit/537.36 (KHTML, like Gecko; compatible; ClaudeBot/1.0; +claudebot@anthropic.com)"
94.154.239.69 - - [07/Jun/2026:00:12:54 +0200] "GET /categoria-produto/frescos/?add-to-cart=452&orderby=popularity&doing_wp_cron=1780642700.6357009410858154296875 HTTP/1.1" 200 60617 "-" "Mozilla/5.0 (compatible; MJ12bot/v1.4.8; http://mj12bot.com/)"
216.73.217.54 - - [07/Jun/2026:00:12:56 +0200] "GET /loja/?add-to-cart=526&doing_wp_cron=1780430342.1766259670257568359375&orderby=popularity HTTP/1.1" 200 60794 "-" "Mozilla/5.0 AppleWebKit/537.36 (KHTML, like Gecko; compatible; ClaudeBot/1.0; +claudebot@anthropic.com)"
178.166.27.41 - - [07/Jun/2026:00:12:58 +0200] "GET /produto/bau-hortofruticola/ HTTP/1.1" 200 61493 "https://www.baudefruta.pt/?fbclid=IwZXh0bgNhZW0BMABhZGlkAasyrjbZ70RzcnRjBmFwcF9pZAwzNTA2ODU1MzE3MjgAAR6xblgm-yY1xugkSVLMtPyMftRTnHdIiVFibONuAuzT3SelJbMT0hKprFIfBA_aem__bgfEtsr24D8GxPY7_f6xg&utm_medium=paid&utm_source=fb&utm_id=120245538772870644&utm_content=120245538772890644&utm_term=120245538772880644&utm_campaign=120245538772870644" "Mozilla/5.0 (Linux; Android 14; SM-A528B Build/UP1A.231005.007; wv) AppleWebKit/537.36 (KHTML, like Gecko) Version/4.0 Chrome/149.0.7827.83 Mobile Safari/537.36"
216.73.217.54 - - [07/Jun/2026:00:12:58 +0200] "GET /loja/?add-to-cart=4231&doing_wp_cron=1780305920.7864100933074951171875&orderby=menu_order HTTP/1.1" 200 61129 "-" "Mozilla/5.0 AppleWebKit/537.36 (KHTML, like Gecko; compatible; ClaudeBot/1.0; +claudebot@anthropic.com)"
94.154.239.69 - - [07/Jun/2026:00:13:00 +0200] "GET /categoria-produto/frescos/?add-to-cart=452&orderby=price&doing_wp_cron=1780642700.6357009410858154296875 HTTP/1.1" 200 60610 "-" "Mozilla/5.0 (compatible; MJ12bot/v1.4.8; http://mj12bot.com/)"
216.73.217.54 - - [07/Jun/2026:00:13:02 +0200] "GET /loja/?add-to-cart=1987&doing_wp_cron=1780407018.5904660224914550781250&orderby=menu_order HTTP/1.1" 200 61366 "-" "Mozilla/5.0 AppleWebKit/537.36 (KHTML, like Gecko; compatible; ClaudeBot/1.0; +claudebot@anthropic.com)"
216.73.217.54 - - [07/Jun/2026:00:13:05 +0200] "GET /loja/?add-to-cart=538&doing_wp_cron=1780319098.8176429271697998046875&orderby=menu_order HTTP/1.1" 200 61550 "-" "Mozilla/5.0 AppleWebKit/537.36 (KHTML, like Gecko; compatible; ClaudeBot/1.0; +claudebot@anthropic.com)"
178.166.27.41 - - [07/Jun/2026:00:13:07 +0200] "GET /produto/bau-tutti-frutti/ HTTP/1.1" 200 61158 "https://www.baudefruta.pt/?fbclid=IwZXh0bgNhZW0BMABhZGlkAasyrjbZ70RzcnRjBmFwcF9pZAwzNTA2ODU1MzE3MjgAAR6xblgm-yY1xugkSVLMtPyMftRTnHdIiVFibONuAuzT3SelJbMT0hKprFIfBA_aem__bgfEtsr24D8GxPY7_f6xg&utm_medium=paid&utm_source=fb&utm_id=120245538772870644&utm_content=120245538772890644&utm_term=120245538772880644&utm_campaign=120245538772870644" "Mozilla/5.0 (Linux; Android 14; SM-A528B Build/UP1A.231005.007; wv) AppleWebKit/537.36 (KHTML, like Gecko) Version/4.0 Chrome/149.0.7827.83 Mobile Safari/537.36"
94.154.239.69 - - [07/Jun/2026:00:13:07 +0200] "GET /categoria-produto/frescos/?add-to-cart=452&orderby=price-desc&doing_wp_cron=1780744275.6665918827056884765625 HTTP/1.1" 200 60840 "-" "Mozilla/5.0 (compatible; MJ12bot/v1.4.8; http://mj12bot.com/)"
216.73.217.54 - - [07/Jun/2026:00:13:07 +0200] "GET /produto/couve-flor/?add-to-cart=4236&doing_wp_cron=1780463758.1426520347595214843750 HTTP/1.1" 200 59986 "-" "Mozilla/5.0 AppleWebKit/537.36 (KHTML, like Gecko; compatible; ClaudeBot/1.0; +claudebot@anthropic.com)"
