79.169.127.148 - - [07/Jun/2026:00:57:53 +0200] "GET /wp-content/plugins/woocommerce-products-filter/js/html_types/radio.js?ver=2.2.9.4 HTTP/1.1" 200 763 "https://www.baudefruta.pt/?utm_source=meta&utm_campaign=reg24&fbclid=IwY2xjawSRhT5leHRuA2FlbQIxMQBzcnRjBmFwcF9pZAwzNTA2ODU1MzE3MjgAAR4mzNhYmZ9zVPUjNx_1w8YSn2taWM16cbz49TC57NoyYgm-u4ULb4VqA9q0mw_aem_i2U_NL82jVaPBx3QO394RQ" "Mozilla/5.0 (Linux; Android 16; SM-A155F Build/BP2A.250605.031.A3) AppleWebKit/537.36 (KHTML, like Gecko) Version/4.0 Chrome/149.0.7827.83 Mobile Safari/537.36 [FB_IAB/FB4A;FBAV/564.0.0.48.74;IABMV/1;]"
79.169.127.148 - - [07/Jun/2026:00:57:53 +0200] "GET /wp-content/plugins/woocommerce-products-filter/js/html_types/checkbox.js?ver=2.2.9.4 HTTP/1.1" 200 859 "https://www.baudefruta.pt/?utm_source=meta&utm_campaign=reg24&fbclid=IwY2xjawSRhT5leHRuA2FlbQIxMQBzcnRjBmFwcF9pZAwzNTA2ODU1MzE3MjgAAR4mzNhYmZ9zVPUjNx_1w8YSn2taWM16cbz49TC57NoyYgm-u4ULb4VqA9q0mw_aem_i2U_NL82jVaPBx3QO394RQ" "Mozilla/5.0 (Linux; Android 16; SM-A155F Build/BP2A.250605.031.A3) AppleWebKit/537.36 (KHTML, like Gecko) Version/4.0 Chrome/149.0.7827.83 Mobile Safari/537.36 [FB_IAB/FB4A;FBAV/564.0.0.48.74;IABMV/1;]"
79.169.127.148 - - [07/Jun/2026:00:57:53 +0200] "GET /wp-content/plugins/woocommerce-products-filter/js/html_types/select.js?ver=2.2.9.4 HTTP/1.1" 200 473 "https://www.baudefruta.pt/?utm_source=meta&utm_campaign=reg24&fbclid=IwY2xjawSRhT5leHRuA2FlbQIxMQBzcnRjBmFwcF9pZAwzNTA2ODU1MzE3MjgAAR4mzNhYmZ9zVPUjNx_1w8YSn2taWM16cbz49TC57NoyYgm-u4ULb4VqA9q0mw_aem_i2U_NL82jVaPBx3QO394RQ" "Mozilla/5.0 (Linux; Android 16; SM-A155F Build/BP2A.250605.031.A3) AppleWebKit/537.36 (KHTML, like Gecko) Version/4.0 Chrome/149.0.7827.83 Mobile Safari/537.36 [FB_IAB/FB4A;FBAV/564.0.0.48.74;IABMV/1;]"
79.169.127.148 - - [07/Jun/2026:00:57:53 +0200] "GET /wp-content/plugins/woocommerce-products-filter/js/chosen/chosen.jquery.js?ver=2.2.9.4 HTTP/1.1" 200 8826 "https://www.baudefruta.pt/?utm_source=meta&utm_campaign=reg24&fbclid=IwY2xjawSRhT5leHRuA2FlbQIxMQBzcnRjBmFwcF9pZAwzNTA2ODU1MzE3MjgAAR4mzNhYmZ9zVPUjNx_1w8YSn2taWM16cbz49TC57NoyYgm-u4ULb4VqA9q0mw_aem_i2U_NL82jVaPBx3QO394RQ" "Mozilla/5.0 (Linux; Android 16; SM-A155F Build/BP2A.250605.031.A3) AppleWebKit/537.36 (KHTML, like Gecko) Version/4.0 Chrome/149.0.7827.83 Mobile Safari/537.36 [FB_IAB/FB4A;FBAV/564.0.0.48.74;IABMV/1;]"
79.169.127.148 - - [07/Jun/2026:00:57:53 +0200] "GET /wp-content/plugins/woocommerce-products-filter/js/html_types/mselect.js?ver=2.2.9.4 HTTP/1.1" 200 740 "https://www.baudefruta.pt/?utm_source=meta&utm_campaign=reg24&fbclid=IwY2xjawSRhT5leHRuA2FlbQIxMQBzcnRjBmFwcF9pZAwzNTA2ODU1MzE3MjgAAR4mzNhYmZ9zVPUjNx_1w8YSn2taWM16cbz49TC57NoyYgm-u4ULb4VqA9q0mw_aem_i2U_NL82jVaPBx3QO394RQ" "Mozilla/5.0 (Linux; Android 16; SM-A155F Build/BP2A.250605.031.A3) AppleWebKit/537.36 (KHTML, like Gecko) Version/4.0 Chrome/149.0.7827.83 Mobile Safari/537.36 [FB_IAB/FB4A;FBAV/564.0.0.48.74;IABMV/1;]"
79.169.127.148 - - [07/Jun/2026:00:57:53 +0200] "GET /wp-content/plugins/woocommerce/assets/js/frontend/woocommerce.min.js?ver=10.2.2 HTTP/1.1" 200 1488 "https://www.baudefruta.pt/?utm_source=meta&utm_campaign=reg24&fbclid=IwY2xjawSRhT5leHRuA2FlbQIxMQBzcnRjBmFwcF9pZAwzNTA2ODU1MzE3MjgAAR4mzNhYmZ9zVPUjNx_1w8YSn2taWM16cbz49TC57NoyYgm-u4ULb4VqA9q0mw_aem_i2U_NL82jVaPBx3QO394RQ" "Mozilla/5.0 (Linux; Android 16; SM-A155F Build/BP2A.250605.031.A3) AppleWebKit/537.36 (KHTML, like Gecko) Version/4.0 Chrome/149.0.7827.83 Mobile Safari/537.36 [FB_IAB/FB4A;FBAV/564.0.0.48.74;IABMV/1;]"
79.169.127.148 - - [07/Jun/2026:00:57:53 +0200] "GET /wp-content/plugins/woocommerce/assets/js/js-cookie/js.cookie.min.js?ver=2.1.4-wc.10.2.2 HTTP/1.1" 200 845 "https://www.baudefruta.pt/?utm_source=meta&utm_campaign=reg24&fbclid=IwY2xjawSRhT5leHRuA2FlbQIxMQBzcnRjBmFwcF9pZAwzNTA2ODU1MzE3MjgAAR4mzNhYmZ9zVPUjNx_1w8YSn2taWM16cbz49TC57NoyYgm-u4ULb4VqA9q0mw_aem_i2U_NL82jVaPBx3QO394RQ" "Mozilla/5.0 (Linux; Android 16; SM-A155F Build/BP2A.250605.031.A3) AppleWebKit/537.36 (KHTML, like Gecko) Version/4.0 Chrome/149.0.7827.83 Mobile Safari/537.36 [FB_IAB/FB4A;FBAV/564.0.0.48.74;IABMV/1;]"
79.169.127.148 - - [07/Jun/2026:00:57:53 +0200] "GET /wp-content/uploads/2021/05/bau_home_maca_recortada_1.png HTTP/1.1" 200 2012 "https://www.baudefruta.pt/?utm_source=meta&utm_campaign=reg24&fbclid=IwY2xjawSRhT5leHRuA2FlbQIxMQBzcnRjBmFwcF9pZAwzNTA2ODU1MzE3MjgAAR4mzNhYmZ9zVPUjNx_1w8YSn2taWM16cbz49TC57NoyYgm-u4ULb4VqA9q0mw_aem_i2U_NL82jVaPBx3QO394RQ" "Mozilla/5.0 (Linux; Android 16; SM-A155F Build/BP2A.250605.031.A3) AppleWebKit/537.36 (KHTML, like Gecko) Version/4.0 Chrome/149.0.7827.83 Mobile Safari/537.36 [FB_IAB/FB4A;FBAV/564.0.0.48.74;IABMV/1;]"
79.169.127.148 - - [07/Jun/2026:00:57:53 +0200] "GET /wp-content/uploads/2021/05/bau_produto-tutti-2-uai-572x381.jpg HTTP/1.1" 200 89435 "https://www.baudefruta.pt/?utm_source=meta&utm_campaign=reg24&fbclid=IwY2xjawSRhT5leHRuA2FlbQIxMQBzcnRjBmFwcF9pZAwzNTA2ODU1MzE3MjgAAR4mzNhYmZ9zVPUjNx_1w8YSn2taWM16cbz49TC57NoyYgm-u4ULb4VqA9q0mw_aem_i2U_NL82jVaPBx3QO394RQ" "Mozilla/5.0 (Linux; Android 16; SM-A155F Build/BP2A.250605.031.A3) AppleWebKit/537.36 (KHTML, like Gecko) Version/4.0 Chrome/149.0.7827.83 Mobile Safari/537.36 [FB_IAB/FB4A;FBAV/564.0.0.48.74;IABMV/1;]"
79.169.127.148 - - [07/Jun/2026:00:57:53 +0200] "GET /wp-content/uploads/2021/10/bau_economico_2-uai-572x381.jpg HTTP/1.1" 200 112841 "https://www.baudefruta.pt/?utm_source=meta&utm_campaign=reg24&fbclid=IwY2xjawSRhT5leHRuA2FlbQIxMQBzcnRjBmFwcF9pZAwzNTA2ODU1MzE3MjgAAR4mzNhYmZ9zVPUjNx_1w8YSn2taWM16cbz49TC57NoyYgm-u4ULb4VqA9q0mw_aem_i2U_NL82jVaPBx3QO394RQ" "Mozilla/5.0 (Linux; Android 16; SM-A155F Build/BP2A.250605.031.A3) AppleWebKit/537.36 (KHTML, like Gecko) Version/4.0 Chrome/149.0.7827.83 Mobile Safari/537.36 [FB_IAB/FB4A;FBAV/564.0.0.48.74;IABMV/1;]"
79.169.127.148 - - [07/Jun/2026:00:57:53 +0200] "GET /wp-content/uploads/2021/05/bau_produto-fruta-uai-572x381.jpg HTTP/1.1" 200 105616 "https://www.baudefruta.pt/?utm_source=meta&utm_campaign=reg24&fbclid=IwY2xjawSRhT5leHRuA2FlbQIxMQBzcnRjBmFwcF9pZAwzNTA2ODU1MzE3MjgAAR4mzNhYmZ9zVPUjNx_1w8YSn2taWM16cbz49TC57NoyYgm-u4ULb4VqA9q0mw_aem_i2U_NL82jVaPBx3QO394RQ" "Mozilla/5.0 (Linux; Android 16; SM-A155F Build/BP2A.250605.031.A3) AppleWebKit/537.36 (KHTML, like Gecko) Version/4.0 Chrome/149.0.7827.83 Mobile Safari/537.36 [FB_IAB/FB4A;FBAV/564.0.0.48.74;IABMV/1;]"
79.169.127.148 - - [07/Jun/2026:00:57:53 +0200] "GET /wp-content/uploads/2021/05/bau_produto-tutti-uai-572x381.jpg HTTP/1.1" 200 93249 "https://www.baudefruta.pt/?utm_source=meta&utm_campaign=reg24&fbclid=IwY2xjawSRhT5leHRuA2FlbQIxMQBzcnRjBmFwcF9pZAwzNTA2ODU1MzE3MjgAAR4mzNhYmZ9zVPUjNx_1w8YSn2taWM16cbz49TC57NoyYgm-u4ULb4VqA9q0mw_aem_i2U_NL82jVaPBx3QO394RQ" "Mozilla/5.0 (Linux; Android 16; SM-A155F Build/BP2A.250605.031.A3) AppleWebKit/537.36 (KHTML, like Gecko) Version/4.0 Chrome/149.0.7827.83 Mobile Safari/537.36 [FB_IAB/FB4A;FBAV/564.0.0.48.74;IABMV/1;]"
79.169.127.148 - - [07/Jun/2026:00:57:53 +0200] "GET /wp-content/uploads/2021/05/bau_produto-vegetais-uai-572x381.jpg HTTP/1.1" 200 118186 "https://www.baudefruta.pt/?utm_source=meta&utm_campaign=reg24&fbclid=IwY2xjawSRhT5leHRuA2FlbQIxMQBzcnRjBmFwcF9pZAwzNTA2ODU1MzE3MjgAAR4mzNhYmZ9zVPUjNx_1w8YSn2taWM16cbz49TC57NoyYgm-u4ULb4VqA9q0mw_aem_i2U_NL82jVaPBx3QO394RQ" "Mozilla/5.0 (Linux; Android 16; SM-A155F Build/BP2A.250605.031.A3) AppleWebKit/537.36 (KHTML, like Gecko) Version/4.0 Chrome/149.0.7827.83 Mobile Safari/537.36 [FB_IAB/FB4A;FBAV/564.0.0.48.74;IABMV/1;]"
79.169.127.148 - - [07/Jun/2026:00:57:53 +0200] "GET /wp-content/uploads/2021/05/bau_home_seta_drt.png HTTP/1.1" 200 426 "https://www.baudefruta.pt/?utm_source=meta&utm_campaign=reg24&fbclid=IwY2xjawSRhT5leHRuA2FlbQIxMQBzcnRjBmFwcF9pZAwzNTA2ODU1MzE3MjgAAR4mzNhYmZ9zVPUjNx_1w8YSn2taWM16cbz49TC57NoyYgm-u4ULb4VqA9q0mw_aem_i2U_NL82jVaPBx3QO394RQ" "Mozilla/5.0 (Linux; Android 16; SM-A155F Build/BP2A.250605.031.A3) AppleWebKit/537.36 (KHTML, like Gecko) Version/4.0 Chrome/149.0.7827.83 Mobile Safari/537.36 [FB_IAB/FB4A;FBAV/564.0.0.48.74;IABMV/1;]"
79.169.127.148 - - [07/Jun/2026:00:57:53 +0200] "GET /wp-content/uploads/2021/06/NP001-nesperas-uai-368x368.jpg HTTP/1.1" 200 25561 "https://www.baudefruta.pt/?utm_source=meta&utm_campaign=reg24&fbclid=IwY2xjawSRhT5leHRuA2FlbQIxMQBzcnRjBmFwcF9pZAwzNTA2ODU1MzE3MjgAAR4mzNhYmZ9zVPUjNx_1w8YSn2taWM16cbz49TC57NoyYgm-u4ULb4VqA9q0mw_aem_i2U_NL82jVaPBx3QO394RQ" "Mozilla/5.0 (Linux; Android 16; SM-A155F Build/BP2A.250605.031.A3) AppleWebKit/537.36 (KHTML, like Gecko) Version/4.0 Chrome/149.0.7827.83 Mobile Safari/537.36 [FB_IAB/FB4A;FBAV/564.0.0.48.74;IABMV/1;]"
79.169.127.148 - - [07/Jun/2026:00:57:53 +0200] "GET /wp-content/uploads/2022/06/nectarina.jpg HTTP/1.1" 200 81381 "https://www.baudefruta.pt/?utm_source=meta&utm_campaign=reg24&fbclid=IwY2xjawSRhT5leHRuA2FlbQIxMQBzcnRjBmFwcF9pZAwzNTA2ODU1MzE3MjgAAR4mzNhYmZ9zVPUjNx_1w8YSn2taWM16cbz49TC57NoyYgm-u4ULb4VqA9q0mw_aem_i2U_NL82jVaPBx3QO394RQ" "Mozilla/5.0 (Linux; Android 16; SM-A155F Build/BP2A.250605.031.A3) AppleWebKit/537.36 (KHTML, like Gecko) Version/4.0 Chrome/149.0.7827.83 Mobile Safari/537.36 [FB_IAB/FB4A;FBAV/564.0.0.48.74;IABMV/1;]"
79.169.127.148 - - [07/Jun/2026:00:57:53 +0200] "GET /wp-content/uploads/2021/06/HT001-hortela-uai-952x952.jpg HTTP/1.1" 200 172178 "https://www.baudefruta.pt/?utm_source=meta&utm_campaign=reg24&fbclid=IwY2xjawSRhT5leHRuA2FlbQIxMQBzcnRjBmFwcF9pZAwzNTA2ODU1MzE3MjgAAR4mzNhYmZ9zVPUjNx_1w8YSn2taWM16cbz49TC57NoyYgm-u4ULb4VqA9q0mw_aem_i2U_NL82jVaPBx3QO394RQ" "Mozilla/5.0 (Linux; Android 16; SM-A155F Build/BP2A.250605.031.A3) AppleWebKit/537.36 (KHTML, like Gecko) Version/4.0 Chrome/149.0.7827.83 Mobile Safari/537.36 [FB_IAB/FB4A;FBAV/564.0.0.48.74;IABMV/1;]"
79.169.127.148 - - [07/Jun/2026:00:57:53 +0200] "GET /wp-content/uploads/2021/06/TH001-tomate-cherry-uai-335x335.jpg HTTP/1.1" 200 17318 "https://www.baudefruta.pt/?utm_source=meta&utm_campaign=reg24&fbclid=IwY2xjawSRhT5leHRuA2FlbQIxMQBzcnRjBmFwcF9pZAwzNTA2ODU1MzE3MjgAAR4mzNhYmZ9zVPUjNx_1w8YSn2taWM16cbz49TC57NoyYgm-u4ULb4VqA9q0mw_aem_i2U_NL82jVaPBx3QO394RQ" "Mozilla/5.0 (Linux; Android 16; SM-A155F Build/BP2A.250605.031.A3) AppleWebKit/537.36 (KHTML, like Gecko) Version/4.0 Chrome/149.0.7827.83 Mobile Safari/537.36 [FB_IAB/FB4A;FBAV/564.0.0.48.74;IABMV/1;]"
79.169.127.148 - - [07/Jun/2026:00:57:53 +0200] "GET /wp-content/uploads/2022/05/gengibre.jpg HTTP/1.1" 200 21416 "https://www.baudefruta.pt/?utm_source=meta&utm_campaign=reg24&fbclid=IwY2xjawSRhT5leHRuA2FlbQIxMQBzcnRjBmFwcF9pZAwzNTA2ODU1MzE3MjgAAR4mzNhYmZ9zVPUjNx_1w8YSn2taWM16cbz49TC57NoyYgm-u4ULb4VqA9q0mw_aem_i2U_NL82jVaPBx3QO394RQ" "Mozilla/5.0 (Linux; Android 16; SM-A155F Build/BP2A.250605.031.A3) AppleWebKit/537.36 (KHTML, like Gecko) Version/4.0 Chrome/149.0.7827.83 Mobile Safari/537.36 [FB_IAB/FB4A;FBAV/564.0.0.48.74;IABMV/1;]"
79.169.127.148 - - [07/Jun/2026:00:57:53 +0200] "GET /wp-content/uploads/2022/06/aromatica.jpg HTTP/1.1" 200 14098 "https://www.baudefruta.pt/?utm_source=meta&utm_campaign=reg24&fbclid=IwY2xjawSRhT5leHRuA2FlbQIxMQBzcnRjBmFwcF9pZAwzNTA2ODU1MzE3MjgAAR4mzNhYmZ9zVPUjNx_1w8YSn2taWM16cbz49TC57NoyYgm-u4ULb4VqA9q0mw_aem_i2U_NL82jVaPBx3QO394RQ" "Mozilla/5.0 (Linux; Android 16; SM-A155F Build/BP2A.250605.031.A3) AppleWebKit/537.36 (KHTML, like Gecko) Version/4.0 Chrome/149.0.7827.83 Mobile Safari/537.36 [FB_IAB/FB4A;FBAV/564.0.0.48.74;IABMV/1;]"
79.169.127.148 - - [07/Jun/2026:00:57:53 +0200] "GET /wp-content/uploads/2021/07/bau_mb_mbway.svg HTTP/1.1" 200 5318 "https://www.baudefruta.pt/?utm_source=meta&utm_campaign=reg24&fbclid=IwY2xjawSRhT5leHRuA2FlbQIxMQBzcnRjBmFwcF9pZAwzNTA2ODU1MzE3MjgAAR4mzNhYmZ9zVPUjNx_1w8YSn2taWM16cbz49TC57NoyYgm-u4ULb4VqA9q0mw_aem_i2U_NL82jVaPBx3QO394RQ" "Mozilla/5.0 (Linux; Android 16; SM-A155F Build/BP2A.250605.031.A3) AppleWebKit/537.36 (KHTML, like Gecko) Version/4.0 Chrome/149.0.7827.83 Mobile Safari/537.36 [FB_IAB/FB4A;FBAV/564.0.0.48.74;IABMV/1;]"
79.169.127.148 - - [07/Jun/2026:00:57:53 +0200] "GET /wp-content/uploads/2023/11/BauFruta_refood_logorefood.jpg HTTP/1.1" 200 11650 "https://www.baudefruta.pt/?utm_source=meta&utm_campaign=reg24&fbclid=IwY2xjawSRhT5leHRuA2FlbQIxMQBzcnRjBmFwcF9pZAwzNTA2ODU1MzE3MjgAAR4mzNhYmZ9zVPUjNx_1w8YSn2taWM16cbz49TC57NoyYgm-u4ULb4VqA9q0mw_aem_i2U_NL82jVaPBx3QO394RQ" "Mozilla/5.0 (Linux; Android 16; SM-A155F Build/BP2A.250605.031.A3) AppleWebKit/537.36 (KHTML, like Gecko) Version/4.0 Chrome/149.0.7827.83 Mobile Safari/537.36 [FB_IAB/FB4A;FBAV/564.0.0.48.74;IABMV/1;]"
79.169.127.148 - - [07/Jun/2026:00:57:53 +0200] "GET /wp-content/uploads/2023/12/BauFruta_narizvermelho_home.png HTTP/1.1" 200 15004 "https://www.baudefruta.pt/?utm_source=meta&utm_campaign=reg24&fbclid=IwY2xjawSRhT5leHRuA2FlbQIxMQBzcnRjBmFwcF9pZAwzNTA2ODU1MzE3MjgAAR4mzNhYmZ9zVPUjNx_1w8YSn2taWM16cbz49TC57NoyYgm-u4ULb4VqA9q0mw_aem_i2U_NL82jVaPBx3QO394RQ" "Mozilla/5.0 (Linux; Android 16; SM-A155F Build/BP2A.250605.031.A3) AppleWebKit/537.36 (KHTML, like Gecko) Version/4.0 Chrome/149.0.7827.83 Mobile Safari/537.36 [FB_IAB/FB4A;FBAV/564.0.0.48.74;IABMV/1;]"
79.169.127.148 - - [07/Jun/2026:00:57:53 +0200] "GET /wp-content/uploads/2021/05/bau_home_pontos-2.png HTTP/1.1" 200 13642 "https://www.baudefruta.pt/?utm_source=meta&utm_campaign=reg24&fbclid=IwY2xjawSRhT5leHRuA2FlbQIxMQBzcnRjBmFwcF9pZAwzNTA2ODU1MzE3MjgAAR4mzNhYmZ9zVPUjNx_1w8YSn2taWM16cbz49TC57NoyYgm-u4ULb4VqA9q0mw_aem_i2U_NL82jVaPBx3QO394RQ" "Mozilla/5.0 (Linux; Android 16; SM-A155F Build/BP2A.250605.031.A3) AppleWebKit/537.36 (KHTML, like Gecko) Version/4.0 Chrome/149.0.7827.83 Mobile Safari/537.36 [FB_IAB/FB4A;FBAV/564.0.0.48.74;IABMV/1;]"
79.169.127.148 - - [07/Jun/2026:00:57:54 +0200] "GET /wp-content/uploads/2021/05/bau_livroreclamacoes.svg HTTP/1.1" 200 2886 "https://www.baudefruta.pt/?utm_source=meta&utm_campaign=reg24&fbclid=IwY2xjawSRhT5leHRuA2FlbQIxMQBzcnRjBmFwcF9pZAwzNTA2ODU1MzE3MjgAAR4mzNhYmZ9zVPUjNx_1w8YSn2taWM16cbz49TC57NoyYgm-u4ULb4VqA9q0mw_aem_i2U_NL82jVaPBx3QO394RQ" "Mozilla/5.0 (Linux; Android 16; SM-A155F Build/BP2A.250605.031.A3) AppleWebKit/537.36 (KHTML, like Gecko) Version/4.0 Chrome/149.0.7827.83 Mobile Safari/537.36 [FB_IAB/FB4A;FBAV/564.0.0.48.74;IABMV/1;]"
79.169.127.148 - - [07/Jun/2026:00:57:54 +0200] "GET /wp-content/uploads/2021/05/bau_frutos-fundo-1m.png HTTP/1.1" 200 68838 "https://www.baudefruta.pt/?utm_source=meta&utm_campaign=reg24&fbclid=IwY2xjawSRhT5leHRuA2FlbQIxMQBzcnRjBmFwcF9pZAwzNTA2ODU1MzE3MjgAAR4mzNhYmZ9zVPUjNx_1w8YSn2taWM16cbz49TC57NoyYgm-u4ULb4VqA9q0mw_aem_i2U_NL82jVaPBx3QO394RQ" "Mozilla/5.0 (Linux; Android 16; SM-A155F Build/BP2A.250605.031.A3) AppleWebKit/537.36 (KHTML, like Gecko) Version/4.0 Chrome/149.0.7827.83 Mobile Safari/537.36 [FB_IAB/FB4A;FBAV/564.0.0.48.74;IABMV/1;]"
79.169.127.148 - - [07/Jun/2026:00:57:54 +0200] "GET /wp-content/uploads/2021/05/bau_fundo_grunge-1.png HTTP/1.1" 200 108052 "https://www.baudefruta.pt/?utm_source=meta&utm_campaign=reg24&fbclid=IwY2xjawSRhT5leHRuA2FlbQIxMQBzcnRjBmFwcF9pZAwzNTA2ODU1MzE3MjgAAR4mzNhYmZ9zVPUjNx_1w8YSn2taWM16cbz49TC57NoyYgm-u4ULb4VqA9q0mw_aem_i2U_NL82jVaPBx3QO394RQ" "Mozilla/5.0 (Linux; Android 16; SM-A155F Build/BP2A.250605.031.A3) AppleWebKit/537.36 (KHTML, like Gecko) Version/4.0 Chrome/149.0.7827.83 Mobile Safari/537.36 [FB_IAB/FB4A;FBAV/564.0.0.48.74;IABMV/1;]"
79.169.127.148 - - [07/Jun/2026:00:57:54 +0200] "GET /wp-content/uploads/2021/07/bau_fundo_grunge-2.png HTTP/1.1" 200 69186 "https://www.baudefruta.pt/?utm_source=meta&utm_campaign=reg24&fbclid=IwY2xjawSRhT5leHRuA2FlbQIxMQBzcnRjBmFwcF9pZAwzNTA2ODU1MzE3MjgAAR4mzNhYmZ9zVPUjNx_1w8YSn2taWM16cbz49TC57NoyYgm-u4ULb4VqA9q0mw_aem_i2U_NL82jVaPBx3QO394RQ" "Mozilla/5.0 (Linux; Android 16; SM-A155F Build/BP2A.250605.031.A3) AppleWebKit/537.36 (KHTML, like Gecko) Version/4.0 Chrome/149.0.7827.83 Mobile Safari/537.36 [FB_IAB/FB4A;FBAV/564.0.0.48.74;IABMV/1;]"
79.169.127.148 - - [07/Jun/2026:00:57:54 +0200] "GET /wp-content/uploads/2021/05/bau_footer-top.png HTTP/1.1" 200 14692 "https://www.baudefruta.pt/?utm_source=meta&utm_campaign=reg24&fbclid=IwY2xjawSRhT5leHRuA2FlbQIxMQBzcnRjBmFwcF9pZAwzNTA2ODU1MzE3MjgAAR4mzNhYmZ9zVPUjNx_1w8YSn2taWM16cbz49TC57NoyYgm-u4ULb4VqA9q0mw_aem_i2U_NL82jVaPBx3QO394RQ" "Mozilla/5.0 (Linux; Android 16; SM-A155F Build/BP2A.250605.031.A3) AppleWebKit/537.36 (KHTML, like Gecko) Version/4.0 Chrome/149.0.7827.83 Mobile Safari/537.36 [FB_IAB/FB4A;FBAV/564.0.0.48.74;IABMV/1;]"
216.73.217.54 - - [07/Jun/2026:00:57:54 +0200] "GET /loja/page/8/?add-to-cart=903&doing_wp_cron=1780410981.3310050964355468750000&orderby=popularity HTTP/1.1" 200 70164 "-" "Mozilla/5.0 AppleWebKit/537.36 (KHTML, like Gecko; compatible; ClaudeBot/1.0; +claudebot@anthropic.com)"
79.169.127.148 - - [07/Jun/2026:00:57:54 +0200] "GET /wp-includes/js/wp-emoji-release.min.js?ver=6.9.1 HTTP/1.1" 200 5487 "https://www.baudefruta.pt/?utm_source=meta&utm_campaign=reg24&fbclid=IwY2xjawSRhT5leHRuA2FlbQIxMQBzcnRjBmFwcF9pZAwzNTA2ODU1MzE3MjgAAR4mzNhYmZ9zVPUjNx_1w8YSn2taWM16cbz49TC57NoyYgm-u4ULb4VqA9q0mw_aem_i2U_NL82jVaPBx3QO394RQ" "Mozilla/5.0 (Linux; Android 16; SM-A155F Build/BP2A.250605.031.A3) AppleWebKit/537.36 (KHTML, like Gecko) Version/4.0 Chrome/149.0.7827.83 Mobile Safari/537.36 [FB_IAB/FB4A;FBAV/564.0.0.48.74;IABMV/1;]"
79.169.127.148 - - [07/Jun/2026:00:57:55 +0200] "GET /wp-content/uploads/2021/07/cropped-BauDeFruta_Logo-192x192.png HTTP/1.1" 200 9364 "https://www.baudefruta.pt/?utm_source=meta&utm_campaign=reg24&fbclid=IwY2xjawSRhT5leHRuA2FlbQIxMQBzcnRjBmFwcF9pZAwzNTA2ODU1MzE3MjgAAR4mzNhYmZ9zVPUjNx_1w8YSn2taWM16cbz49TC57NoyYgm-u4ULb4VqA9q0mw_aem_i2U_NL82jVaPBx3QO394RQ" "Mozilla/5.0 (Linux; Android 16; SM-A155F Build/BP2A.250605.031.A3) AppleWebKit/537.36 (KHTML, like Gecko) Version/4.0 Chrome/149.0.7827.83 Mobile Safari/537.36 [FB_IAB/FB4A;FBAV/564.0.0.48.74;IABMV/1;]"
79.169.127.148 - - [07/Jun/2026:00:57:55 +0200] "GET /wp-content/uploads/2021/07/cropped-BauDeFruta_Logo-32x32.png HTTP/1.1" 200 750 "https://www.baudefruta.pt/?utm_source=meta&utm_campaign=reg24&fbclid=IwY2xjawSRhT5leHRuA2FlbQIxMQBzcnRjBmFwcF9pZAwzNTA2ODU1MzE3MjgAAR4mzNhYmZ9zVPUjNx_1w8YSn2taWM16cbz49TC57NoyYgm-u4ULb4VqA9q0mw_aem_i2U_NL82jVaPBx3QO394RQ" "Mozilla/5.0 (Linux; Android 16; SM-A155F Build/BP2A.250605.031.A3) AppleWebKit/537.36 (KHTML, like Gecko) Version/4.0 Chrome/149.0.7827.83 Mobile Safari/537.36 [FB_IAB/FB4A;FBAV/564.0.0.48.74;IABMV/1;]"
79.169.127.148 - - [07/Jun/2026:00:57:56 +0200] "POST /wp-json/pum/v1/analytics/ HTTP/1.1" 204 0 "https://www.baudefruta.pt/?utm_source=meta&utm_campaign=reg24&fbclid=IwY2xjawSRhT5leHRuA2FlbQIxMQBzcnRjBmFwcF9pZAwzNTA2ODU1MzE3MjgAAR4mzNhYmZ9zVPUjNx_1w8YSn2taWM16cbz49TC57NoyYgm-u4ULb4VqA9q0mw_aem_i2U_NL82jVaPBx3QO394RQ" "Mozilla/5.0 (Linux; Android 16; SM-A155F Build/BP2A.250605.031.A3) AppleWebKit/537.36 (KHTML, like Gecko) Version/4.0 Chrome/149.0.7827.83 Mobile Safari/537.36 [FB_IAB/FB4A;FBAV/564.0.0.48.74;IABMV/1;]"
216.73.217.54 - - [07/Jun/2026:00:57:57 +0200] "GET /produto/azeitona-preta-oxidada/?add-to-cart=482&doing_wp_cron=1780200007.4214611053466796875000 HTTP/1.1" 200 68133 "-" "Mozilla/5.0 AppleWebKit/537.36 (KHTML, like Gecko; compatible; ClaudeBot/1.0; +claudebot@anthropic.com)"
216.73.217.54 - - [07/Jun/2026:00:58:00 +0200] "GET /loja/?add-to-cart=795&doing_wp_cron=1780406878.1180000305175781250000&orderby=menu_order HTTP/1.1" 200 69774 "-" "Mozilla/5.0 AppleWebKit/537.36 (KHTML, like Gecko; compatible; ClaudeBot/1.0; +claudebot@anthropic.com)"
216.73.217.54 - - [07/Jun/2026:00:58:03 +0200] "GET /loja/page/3/?add-to-cart=1987&doing_wp_cron=1780551716.5523910522460937500000&orderby=date HTTP/1.1" 200 69865 "-" "Mozilla/5.0 AppleWebKit/537.36 (KHTML, like Gecko; compatible; ClaudeBot/1.0; +claudebot@anthropic.com)"
79.169.127.148 - - [07/Jun/2026:00:58:06 +0200] "GET /wp-content/uploads/2021/12/AMT001-uai-500x500.jpg HTTP/1.1" 200 91586 "fbapp://350685531728/unknown" "[FBAN/FB4A;FBAV/564.0.0.48.74;FBBV/986611375;FBDM/{density=2.8125,width=1080,height=2340};FBLC/pt_PT;FBRV/989636637;FBCR/NOS;FBMF/samsung;FBBD/samsung;FBPN/com.facebook.katana;FBDV/SM-A155F;FBSV/16;FBOP/1;FBCA/arm64-v8a:;]"
79.169.127.148 - - [07/Jun/2026:00:58:06 +0200] "GET /wp-content/uploads/2021/06/TG001-tremoco-grado.jpg HTTP/1.1" 200 27276 "fbapp://350685531728/unknown" "[FBAN/FB4A;FBAV/564.0.0.48.74;FBBV/986611375;FBDM/{density=2.8125,width=1080,height=2340};FBLC/pt_PT;FBRV/989636637;FBCR/NOS;FBMF/samsung;FBBD/samsung;FBPN/com.facebook.katana;FBDV/SM-A155F;FBSV/16;FBOP/1;FBCA/arm64-v8a:;]"
79.169.127.148 - - [07/Jun/2026:00:58:06 +0200] "GET /wp-content/uploads/2022/05/gengibre.jpg HTTP/1.1" 200 24501 "fbapp://350685531728/unknown" "[FBAN/FB4A;FBAV/564.0.0.48.74;FBBV/986611375;FBDM/{density=2.8125,width=1080,height=2340};FBLC/pt_PT;FBRV/989636637;FBCR/NOS;FBMF/samsung;FBBD/samsung;FBPN/com.facebook.katana;FBDV/SM-A155F;FBSV/16;FBOP/1;FBCA/arm64-v8a:;]"
79.169.127.148 - - [07/Jun/2026:00:58:06 +0200] "GET /wp-content/uploads/2021/05/bau_produto-tutti-2-uai-572x381.jpg HTTP/1.1" 200 89435 "fbapp://350685531728/unknown" "[FBAN/FB4A;FBAV/564.0.0.48.74;FBBV/986611375;FBDM/{density=2.8125,width=1080,height=2340};FBLC/pt_PT;FBRV/989636637;FBCR/NOS;FBMF/samsung;FBBD/samsung;FBPN/com.facebook.katana;FBDV/SM-A155F;FBSV/16;FBOP/1;FBCA/arm64-v8a:;]"
79.169.127.148 - - [07/Jun/2026:00:58:06 +0200] "GET /wp-content/uploads/2021/05/bau_produto-fruta-uai-572x381.jpg HTTP/1.1" 200 105616 "fbapp://350685531728/unknown" "[FBAN/FB4A;FBAV/564.0.0.48.74;FBBV/986611375;FBDM/{density=2.8125,width=1080,height=2340};FBLC/pt_PT;FBRV/989636637;FBCR/NOS;FBMF/samsung;FBBD/samsung;FBPN/com.facebook.katana;FBDV/SM-A155F;FBSV/16;FBOP/1;FBCA/arm64-v8a:;]"
79.169.127.148 - - [07/Jun/2026:00:58:06 +0200] "GET /wp-content/uploads/2021/05/bau_produto-vegetais-uai-572x381.jpg HTTP/1.1" 200 118186 "fbapp://350685531728/unknown" "[FBAN/FB4A;FBAV/564.0.0.48.74;FBBV/986611375;FBDM/{density=2.8125,width=1080,height=2340};FBLC/pt_PT;FBRV/989636637;FBCR/NOS;FBMF/samsung;FBBD/samsung;FBPN/com.facebook.katana;FBDV/SM-A155F;FBSV/16;FBOP/1;FBCA/arm64-v8a:;]"
79.169.127.148 - - [07/Jun/2026:00:58:06 +0200] "GET /wp-content/uploads/2021/05/bau_produto-tutti-uai-572x381.jpg HTTP/1.1" 200 93249 "fbapp://350685531728/unknown" "[FBAN/FB4A;FBAV/564.0.0.48.74;FBBV/986611375;FBDM/{density=2.8125,width=1080,height=2340};FBLC/pt_PT;FBRV/989636637;FBCR/NOS;FBMF/samsung;FBBD/samsung;FBPN/com.facebook.katana;FBDV/SM-A155F;FBSV/16;FBOP/1;FBCA/arm64-v8a:;]"
79.169.127.148 - - [07/Jun/2026:00:58:06 +0200] "GET /wp-content/uploads/2021/10/bau_economico_2-uai-572x381.jpg HTTP/1.1" 200 112841 "fbapp://350685531728/unknown" "[FBAN/FB4A;FBAV/564.0.0.48.74;FBBV/986611375;FBDM/{density=2.8125,width=1080,height=2340};FBLC/pt_PT;FBRV/989636637;FBCR/NOS;FBMF/samsung;FBBD/samsung;FBPN/com.facebook.katana;FBDV/SM-A155F;FBSV/16;FBOP/1;FBCA/arm64-v8a:;]"
79.169.127.148 - - [07/Jun/2026:00:58:06 +0200] "GET /wp-content/uploads/2023/12/BauFruta_narizvermelho_home.png HTTP/1.1" 200 9991 "fbapp://350685531728/unknown" "[FBAN/FB4A;FBAV/564.0.0.48.74;FBBV/986611375;FBDM/{density=2.8125,width=1080,height=2340};FBLC/pt_PT;FBRV/989636637;FBCR/NOS;FBMF/samsung;FBBD/samsung;FBPN/com.facebook.katana;FBDV/SM-A155F;FBSV/16;FBOP/1;FBCA/arm64-v8a:;]"
79.169.127.148 - - [07/Jun/2026:00:58:06 +0200] "GET /wp-content/uploads/2021/06/HT001-hortela-uai-952x952.jpg HTTP/1.1" 200 172178 "fbapp://350685531728/unknown" "[FBAN/FB4A;FBAV/564.0.0.48.74;FBBV/986611375;FBDM/{density=2.8125,width=1080,height=2340};FBLC/pt_PT;FBRV/989636637;FBCR/NOS;FBMF/samsung;FBBD/samsung;FBPN/com.facebook.katana;FBDV/SM-A155F;FBSV/16;FBOP/1;FBCA/arm64-v8a:;]"
216.73.217.54 - - [07/Jun/2026:00:58:06 +0200] "GET /loja/page/3/?add-to-cart=2010&doing_wp_cron=1770738320.9674439430236816406250&orderby=menu_order HTTP/1.1" 200 69795 "-" "Mozilla/5.0 AppleWebKit/537.36 (KHTML, like Gecko; compatible; ClaudeBot/1.0; +claudebot@anthropic.com)"
216.73.217.54 - - [07/Jun/2026:00:58:09 +0200] "GET /loja/page/5/?add-to-cart=4329&doing_wp_cron=1780393280.3025689125061035156250&orderby=menu_order HTTP/1.1" 200 70218 "-" "Mozilla/5.0 AppleWebKit/537.36 (KHTML, like Gecko; compatible; ClaudeBot/1.0; +claudebot@anthropic.com)"
216.73.217.54 - - [07/Jun/2026:00:58:12 +0200] "GET /loja/page/5/?add-to-cart=935&doing_wp_cron=1780568619.1913130283355712890625&orderby=menu_order HTTP/1.1" 200 70397 "-" "Mozilla/5.0 AppleWebKit/537.36 (KHTML, like Gecko; compatible; ClaudeBot/1.0; +claudebot@anthropic.com)"
216.73.217.54 - - [07/Jun/2026:00:58:15 +0200] "GET /loja/page/9/?add-to-cart=2010&doing_wp_cron=1780471500.7316999435424804687500&orderby=menu_order HTTP/1.1" 200 70510 "-" "Mozilla/5.0 AppleWebKit/537.36 (KHTML, like Gecko; compatible; ClaudeBot/1.0; +claudebot@anthropic.com)"
216.73.217.54 - - [07/Jun/2026:00:58:18 +0200] "GET /categoria-produto/mercearia/?add-to-cart=2008&doing_wp_cron=1780381559.5706079006195068359375&orderby=menu_order HTTP/1.1" 200 70381 "-" "Mozilla/5.0 AppleWebKit/537.36 (KHTML, like Gecko; compatible; ClaudeBot/1.0; +claudebot@anthropic.com)"
216.73.217.54 - - [07/Jun/2026:00:58:21 +0200] "GET /categoria-produto/mercearia/?add-to-cart=4337&doing_wp_cron=1780508060.4100880622863769531250&orderby=popularity HTTP/1.1" 200 61268 "-" "Mozilla/5.0 AppleWebKit/537.36 (KHTML, like Gecko; compatible; ClaudeBot/1.0; +claudebot@anthropic.com)"
216.73.217.54 - - [07/Jun/2026:00:58:24 +0200] "GET /loja/page/6/?add-to-cart=719&doing_wp_cron=1780420099.1374759674072265625000&orderby=menu_order HTTP/1.1" 200 61203 "-" "Mozilla/5.0 AppleWebKit/537.36 (KHTML, like Gecko; compatible; ClaudeBot/1.0; +claudebot@anthropic.com)"
216.73.217.54 - - [07/Jun/2026:00:58:27 +0200] "GET /categoria-produto/mercearia/?add-to-cart=767&doing_wp_cron=1780294871.8173789978027343750000&orderby=popularity HTTP/1.1" 200 61676 "-" "Mozilla/5.0 AppleWebKit/537.36 (KHTML, like Gecko; compatible; ClaudeBot/1.0; +claudebot@anthropic.com)"
216.73.217.54 - - [07/Jun/2026:00:58:30 +0200] "GET /loja/page/5/?add-to-cart=670&doing_wp_cron=1780471452.7089319229125976562500&orderby=menu_order HTTP/1.1" 200 61737 "-" "Mozilla/5.0 AppleWebKit/537.36 (KHTML, like Gecko; compatible; ClaudeBot/1.0; +claudebot@anthropic.com)"
216.73.217.54 - - [07/Jun/2026:00:58:33 +0200] "GET /categoria-produto/mercearia/?add-to-cart=2015&doing_wp_cron=1780360041.9142069816589355468750&orderby=popularity HTTP/1.1" 200 62102 "-" "Mozilla/5.0 AppleWebKit/537.36 (KHTML, like Gecko; compatible; ClaudeBot/1.0; +claudebot@anthropic.com)"
216.73.217.54 - - [07/Jun/2026:00:58:36 +0200] "GET /loja/?add-to-cart=449&doing_wp_cron=1780494314.2484500408172607421875&orderby=price HTTP/1.1" 200 62194 "-" "Mozilla/5.0 AppleWebKit/537.36 (KHTML, like Gecko; compatible; ClaudeBot/1.0; +claudebot@anthropic.com)"
216.73.217.54 - - [07/Jun/2026:00:58:39 +0200] "GET /categoria-produto/mercearia/?add-to-cart=704&doing_wp_cron=1780332001.6493370532989501953125&orderby=popularity HTTP/1.1" 200 62597 "-" "Mozilla/5.0 AppleWebKit/537.36 (KHTML, like Gecko; compatible; ClaudeBot/1.0; +claudebot@anthropic.com)"
114.119.152.161 - - [07/Jun/2026:00:58:39 +0200] "GET /loja/page/6/?doing_wp_cron=1765230277.8124690055847167968750&orderby=price-desc HTTP/1.1" 200 60791 "https://www.baudefruta.pt/loja/page/6/?doing_wp_cron=1765230277.8124690055847167968750&orderby=price" "Mozilla/5.0 (Linux; Android 7.0;) AppleWebKit/537.36 (HTML, like Gecko) Mobile Safari/537.36 (compatible; PetalBot;+https://webmaster.petalsearch.com/site/petalbot)"
216.73.217.54 - - [07/Jun/2026:00:58:42 +0200] "GET /produto/espaguete-nacional-500g/?add-to-cart=753&doing_wp_cron=1780476142.3534820079803466796875 HTTP/1.1" 200 60907 "-" "Mozilla/5.0 AppleWebKit/537.36 (KHTML, like Gecko; compatible; ClaudeBot/1.0; +claudebot@anthropic.com)"
216.73.217.54 - - [07/Jun/2026:00:58:45 +0200] "GET /loja/page/8/?add-to-cart=893&doing_wp_cron=1724760408.5467429161071777343750&orderby=popularity HTTP/1.1" 200 63381 "-" "Mozilla/5.0 AppleWebKit/537.36 (KHTML, like Gecko; compatible; ClaudeBot/1.0; +claudebot@anthropic.com)"
216.73.217.54 - - [07/Jun/2026:00:58:48 +0200] "GET /loja/page/9/?add-to-cart=784&doing_wp_cron=1780384400.8176770210266113281250&orderby=menu_order HTTP/1.1" 200 63124 "-" "Mozilla/5.0 AppleWebKit/537.36 (KHTML, like Gecko; compatible; ClaudeBot/1.0; +claudebot@anthropic.com)"
216.73.217.54 - - [07/Jun/2026:00:58:51 +0200] "GET /loja/page/3/?add-to-cart=1560&doing_wp_cron=1780453197.6138989925384521484375&orderby=popularity HTTP/1.1" 200 65197 "-" "Mozilla/5.0 AppleWebKit/537.36 (KHTML, like Gecko; compatible; ClaudeBot/1.0; +claudebot@anthropic.com)"
216.73.217.54 - - [07/Jun/2026:00:58:54 +0200] "GET /loja/page/3/?add-to-cart=1986&doing_wp_cron=1780620500.7815520763397216796875&orderby=date HTTP/1.1" 200 65219 "-" "Mozilla/5.0 AppleWebKit/537.36 (KHTML, like Gecko; compatible; ClaudeBot/1.0; +claudebot@anthropic.com)"
216.73.217.54 - - [07/Jun/2026:00:58:57 +0200] "GET /loja/page/3/?add-to-cart=1985&doing_wp_cron=1780462796.7094769477844238281250&orderby=menu_order HTTP/1.1" 200 65118 "-" "Mozilla/5.0 AppleWebKit/537.36 (KHTML, like Gecko; compatible; ClaudeBot/1.0; +claudebot@anthropic.com)"
216.73.217.54 - - [07/Jun/2026:00:59:00 +0200] "GET /loja/page/7/?add-to-cart=591&doing_wp_cron=1780639272.6481549739837646484375&orderby=popularity HTTP/1.1" 200 66004 "-" "Mozilla/5.0 AppleWebKit/537.36 (KHTML, like Gecko; compatible; ClaudeBot/1.0; +claudebot@anthropic.com)"
216.73.217.54 - - [07/Jun/2026:00:59:03 +0200] "GET /loja/page/4/?add-to-cart=1541&doing_wp_cron=1780551716.5523910522460937500000&orderby=date HTTP/1.1" 200 65905 "-" "Mozilla/5.0 AppleWebKit/537.36 (KHTML, like Gecko; compatible; ClaudeBot/1.0; +claudebot@anthropic.com)"
216.73.217.54 - - [07/Jun/2026:00:59:06 +0200] "GET /loja/page/6/?add-to-cart=735&doing_wp_cron=1780398923.3932321071624755859375&orderby=popularity HTTP/1.1" 200 66442 "-" "Mozilla/5.0 AppleWebKit/537.36 (KHTML, like Gecko; compatible; ClaudeBot/1.0; +claudebot@anthropic.com)"
216.73.217.54 - - [07/Jun/2026:00:59:09 +0200] "GET /loja/page/2/?add-to-cart=411&doing_wp_cron=1780384400.8176770210266113281250&orderby=popularity HTTP/1.1" 200 65927 "-" "Mozilla/5.0 AppleWebKit/537.36 (KHTML, like Gecko; compatible; ClaudeBot/1.0; +claudebot@anthropic.com)"
216.73.217.54 - - [07/Jun/2026:00:59:12 +0200] "GET /loja/?add-to-cart=494&doing_wp_cron=1780553398.6100089550018310546875&orderby=price HTTP/1.1" 200 66198 "-" "Mozilla/5.0 AppleWebKit/537.36 (KHTML, like Gecko; compatible; ClaudeBot/1.0; +claudebot@anthropic.com)"
216.73.217.54 - - [07/Jun/2026:00:59:15 +0200] "GET /categoria-produto/mercearia/?add-to-cart=1988&doing_wp_cron=1780390100.9062159061431884765625&orderby=menu_order HTTP/1.1" 200 66116 "-" "Mozilla/5.0 AppleWebKit/537.36 (KHTML, like Gecko; compatible; ClaudeBot/1.0; +claudebot@anthropic.com)"
216.73.217.54 - - [07/Jun/2026:00:59:18 +0200] "GET /categoria-produto/mercearia/?add-to-cart=651&doing_wp_cron=1780285689.4217660427093505859375&orderby=menu_order HTTP/1.1" 200 66346 "-" "Mozilla/5.0 AppleWebKit/537.36 (KHTML, like Gecko; compatible; ClaudeBot/1.0; +claudebot@anthropic.com)"
216.73.217.54 - - [07/Jun/2026:00:59:21 +0200] "GET /loja/page/2/?add-to-cart=1990&doing_wp_cron=1701153572.9826118946075439453125&orderby=popularity HTTP/1.1" 200 66652 "-" "Mozilla/5.0 AppleWebKit/537.36 (KHTML, like Gecko; compatible; ClaudeBot/1.0; +claudebot@anthropic.com)"
216.73.217.54 - - [07/Jun/2026:00:59:24 +0200] "GET /loja/?add-to-cart=793&doing_wp_cron=1780415118.9577500820159912109375&orderby=price-desc HTTP/1.1" 200 67400 "-" "Mozilla/5.0 AppleWebKit/537.36 (KHTML, like Gecko; compatible; ClaudeBot/1.0; +claudebot@anthropic.com)"
216.73.217.54 - - [07/Jun/2026:00:59:27 +0200] "GET /produto/azeitona-preta-oxidada/?add-to-cart=538&doing_wp_cron=1780202871.9484679698944091796875 HTTP/1.1" 200 65288 "-" "Mozilla/5.0 AppleWebKit/537.36 (KHTML, like Gecko; compatible; ClaudeBot/1.0; +claudebot@anthropic.com)"
216.73.217.54 - - [07/Jun/2026:00:59:30 +0200] "GET /loja/page/3/?add-to-cart=717&doing_wp_cron=1780424113.2975559234619140625000&orderby=menu_order HTTP/1.1" 200 67011 "-" "Mozilla/5.0 AppleWebKit/537.36 (KHTML, like Gecko; compatible; ClaudeBot/1.0; +claudebot@anthropic.com)"
216.73.217.54 - - [07/Jun/2026:00:59:33 +0200] "GET /loja/page/4/?add-to-cart=550&doing_wp_cron=1780541097.0544409751892089843750&orderby=popularity HTTP/1.1" 200 67543 "-" "Mozilla/5.0 AppleWebKit/537.36 (KHTML, like Gecko; compatible; ClaudeBot/1.0; +claudebot@anthropic.com)"
216.73.217.54 - - [07/Jun/2026:00:59:36 +0200] "GET /loja/page/4/?add-to-cart=821&doing_wp_cron=1749500398.4001810550689697265625&orderby=popularity HTTP/1.1" 200 67742 "-" "Mozilla/5.0 AppleWebKit/537.36 (KHTML, like Gecko; compatible; ClaudeBot/1.0; +claudebot@anthropic.com)"
216.73.217.54 - - [07/Jun/2026:00:59:39 +0200] "GET /loja/page/11/?add-to-cart=782&doing_wp_cron=1780406839.0843460559844970703125&orderby=date HTTP/1.1" 200 66902 "-" "Mozilla/5.0 AppleWebKit/537.36 (KHTML, like Gecko; compatible; ClaudeBot/1.0; +claudebot@anthropic.com)"
216.73.217.54 - - [07/Jun/2026:00:59:42 +0200] "GET /categoria-produto/mercearia/?add-to-cart=2010&doing_wp_cron=1780202959.1641850471496582031250&orderby=date HTTP/1.1" 200 67656 "-" "Mozilla/5.0 AppleWebKit/537.36 (KHTML, like Gecko; compatible; ClaudeBot/1.0; +claudebot@anthropic.com)"
216.73.217.54 - - [07/Jun/2026:00:59:45 +0200] "GET /categoria-produto/mercearia/?add-to-cart=761&doing_wp_cron=1780332297.3033471107482910156250&orderby=popularity HTTP/1.1" 200 68415 "-" "Mozilla/5.0 AppleWebKit/537.36 (KHTML, like Gecko; compatible; ClaudeBot/1.0; +claudebot@anthropic.com)"
216.73.217.54 - - [07/Jun/2026:00:59:48 +0200] "GET /loja/page/9/?add-to-cart=535&doing_wp_cron=1780326079.0621399879455566406250&orderby=date HTTP/1.1" 200 67774 "-" "Mozilla/5.0 AppleWebKit/537.36 (KHTML, like Gecko; compatible; ClaudeBot/1.0; +claudebot@anthropic.com)"
216.73.217.54 - - [07/Jun/2026:00:59:51 +0200] "GET /loja/page/4/?add-to-cart=1124&doing_wp_cron=1780690795.7148249149322509765625&orderby=date HTTP/1.1" 200 68823 "-" "Mozilla/5.0 AppleWebKit/537.36 (KHTML, like Gecko; compatible; ClaudeBot/1.0; +claudebot@anthropic.com)"
109.248.142.250 - - [07/Jun/2026:00:59:53 +0200] "GET /2021/05/11/ola-mundo/ HTTP/1.1" 302 102 "-" "Mozilla/5.0 (compatible; Googlebot/2.1; +http://www.google.com/bot.html)"
216.73.217.54 - - [07/Jun/2026:00:59:55 +0200] "GET /loja/page/8/?doing_wp_cron=1780521319.6477649211883544921875&orderby=price HTTP/1.1" 200 60298 "-" "Mozilla/5.0 AppleWebKit/537.36 (KHTML, like Gecko; compatible; ClaudeBot/1.0; +claudebot@anthropic.com)"
216.73.217.54 - - [07/Jun/2026:00:59:57 +0200] "GET /loja/page/4/?add-to-cart=2012&doing_wp_cron=1780498167.6054840087890625000000&orderby=popularity HTTP/1.1" 200 61144 "-" "Mozilla/5.0 AppleWebKit/537.36 (KHTML, like Gecko; compatible; ClaudeBot/1.0; +claudebot@anthropic.com)"
109.248.142.250 - - [07/Jun/2026:00:59:58 +0200] "GET /2021/05/11/ola-mundo/?doing_wp_cron=1780786792.9930279254913330078125 HTTP/1.1" 200 1155066 "https://www.baudefruta.pt/2021/05/11/ola-mundo/" "Mozilla/5.0 (compatible; Googlebot/2.1; +http://www.google.com/bot.html)"
216.73.217.54 - - [07/Jun/2026:01:00:00 +0200] "GET /produto/nespera/?add-to-cart=507&doing_wp_cron=1780357076.1812810897827148437500 HTTP/1.1" 200 59368 "-" "Mozilla/5.0 AppleWebKit/537.36 (KHTML, like Gecko; compatible; ClaudeBot/1.0; +claudebot@anthropic.com)"
114.119.141.203 - - [07/Jun/2026:01:00:04 +0200] "GET /loja/page/6/?doing_wp_cron=1765230277.8124690055847167968750&orderby=menu_order HTTP/1.1" 200 60264 "https://www.baudefruta.pt/loja/page/6/?doing_wp_cron=1765230277.8124690055847167968750&orderby=popularity" "Mozilla/5.0 (Linux; Android 7.0;) AppleWebKit/537.36 (HTML, like Gecko) Mobile Safari/537.36 (compatible; PetalBot;+https://webmaster.petalsearch.com/site/petalbot)"
216.73.217.54 - - [07/Jun/2026:01:00:05 +0200] "GET /loja/page/10/?doing_wp_cron=1780555436.5701129436492919921875&orderby=price HTTP/1.1" 200 61474 "-" "Mozilla/5.0 AppleWebKit/537.36 (KHTML, like Gecko; compatible; ClaudeBot/1.0; +claudebot@anthropic.com)"
216.73.217.54 - - [07/Jun/2026:01:00:06 +0200] "GET /loja/page/3/?doing_wp_cron=1780626429.6325790882110595703125&orderby=date HTTP/1.1" 200 61033 "-" "Mozilla/5.0 AppleWebKit/537.36 (KHTML, like Gecko; compatible; ClaudeBot/1.0; +claudebot@anthropic.com)"
216.73.217.54 - - [07/Jun/2026:01:00:10 +0200] "GET /loja/page/6/?doing_wp_cron=1780521228.9134140014648437500000&orderby=price HTTP/1.1" 200 61469 "-" "Mozilla/5.0 AppleWebKit/537.36 (KHTML, like Gecko; compatible; ClaudeBot/1.0; +claudebot@anthropic.com)"
216.73.217.54 - - [07/Jun/2026:01:00:12 +0200] "GET /categoria-produto/mercearia/page/4/?doing_wp_cron=1780390067.9719219207763671875000&orderby=popularity HTTP/1.1" 200 61382 "-" "Mozilla/5.0 AppleWebKit/537.36 (KHTML, like Gecko; compatible; ClaudeBot/1.0; +claudebot@anthropic.com)"
52.167.144.237 - - [07/Jun/2026:01:00:14 +0200] "GET /loja/page/3/?orderby=price-desc&doing_wp_cron=1764199415.3363280296325683593750 HTTP/1.1" 200 60723 "-" "Mozilla/5.0 AppleWebKit/537.36 (KHTML, like Gecko; compatible; bingbot/2.0; +http://www.bing.com/bingbot.htm) Chrome/116.0.1938.76 Safari/537.36"
216.73.217.54 - - [07/Jun/2026:01:00:16 +0200] "GET /loja/page/5/?doing_wp_cron=1780614619.3051850795745849609375&orderby=price HTTP/1.1" 200 61435 "-" "Mozilla/5.0 AppleWebKit/537.36 (KHTML, like Gecko; compatible; ClaudeBot/1.0; +claudebot@anthropic.com)"
216.73.217.54 - - [07/Jun/2026:01:00:19 +0200] "GET /categoria-produto/mercearia/page/2/?doing_wp_cron=1780381559.5706079006195068359375&orderby=popularity HTTP/1.1" 200 61459 "-" "Mozilla/5.0 AppleWebKit/537.36 (KHTML, like Gecko; compatible; ClaudeBot/1.0; +claudebot@anthropic.com)"
216.73.217.54 - - [07/Jun/2026:01:00:22 +0200] "GET /produto/grelos-de-nabo/?add-to-cart=559&doing_wp_cron=1780409756.2206599712371826171875 HTTP/1.1" 200 59581 "-" "Mozilla/5.0 AppleWebKit/537.36 (KHTML, like Gecko; compatible; ClaudeBot/1.0; +claudebot@anthropic.com)"
216.73.217.54 - - [07/Jun/2026:01:00:25 +0200] "GET /loja/page/6/?doing_wp_cron=1780612687.7391688823699951171875&orderby=price HTTP/1.1" 200 61658 "-" "Mozilla/5.0 AppleWebKit/537.36 (KHTML, like Gecko; compatible; ClaudeBot/1.0; +claudebot@anthropic.com)"
91.92.242.223 - - [07/Jun/2026:01:00:25 +0200] "POST /wp-login.php?action=register HTTP/1.1" 403 146 "-" "-"
92.208.73.59 - - [07/Jun/2026:01:00:25 +0200] "GET /categoria-produto/mercearia/page/3/?add-to-cart=817&doing_wp_cron=1779791790.2084920406341552734375&orderby=date HTTP/1.1" 200 60884 "-" "Opera/9.71.(Windows NT 5.01; ks-IN) Presto/2.9.180 Version/12.00"
216.73.217.54 - - [07/Jun/2026:01:00:27 +0200] "GET /produto/batata-doce/?add-to-cart=4331&doing_wp_cron=1780446558.0764169692993164062500 HTTP/1.1" 200 59906 "-" "Mozilla/5.0 AppleWebKit/537.36 (KHTML, like Gecko; compatible; ClaudeBot/1.0; +claudebot@anthropic.com)"
17.241.227.41 - - [07/Jun/2026:01:00:29 +0200] "GET /wp-content/themes/uncode/library/css/uncode-icons.css?ver=1950274439 HTTP/1.1" 200 12098 "https://www.baudefruta.pt/produto/bau-de-hortalica/?doing_wp_cron=1709099471.7846610546112060546875,1709099474" "Mozilla/5.0 (Macintosh; Intel Mac OS X 10_15_7) AppleWebKit/605.1.15 (KHTML, like Gecko) Version/17.4 Safari/605.1.15 (Applebot/0.1; +http://www.apple.com/go/applebot)"
17.241.75.173 - - [07/Jun/2026:01:00:30 +0200] "GET /wp-content/themes/uncode/library/css/style.css?ver=1950274439 HTTP/1.1" 200 70140 "https://www.baudefruta.pt/produto/bau-de-hortalica/?doing_wp_cron=1709099471.7846610546112060546875,1709099474" "Mozilla/5.0 (Macintosh; Intel Mac OS X 10_15_7) AppleWebKit/605.1.15 (KHTML, like Gecko) Version/17.4 Safari/605.1.15 (Applebot/0.1; +http://www.apple.com/go/applebot)"
17.241.227.41 - - [07/Jun/2026:01:00:30 +0200] "GET /wp-content/themes/uncode/library/css/woocommerce.css?ver=1950274439 HTTP/1.1" 200 20067 "https://www.baudefruta.pt/produto/bau-de-hortalica/?doing_wp_cron=1709099471.7846610546112060546875,1709099474" "Mozilla/5.0 (Macintosh; Intel Mac OS X 10_15_7) AppleWebKit/605.1.15 (KHTML, like Gecko) Version/17.4 Safari/605.1.15 (Applebot/0.1; +http://www.apple.com/go/applebot)"
216.73.217.54 - - [07/Jun/2026:01:00:31 +0200] "GET /loja/page/11/?doing_wp_cron=1780620500.7815520763397216796875&orderby=price HTTP/1.1" 200 61410 "-" "Mozilla/5.0 AppleWebKit/537.36 (KHTML, like Gecko; compatible; ClaudeBot/1.0; +claudebot@anthropic.com)"
17.241.75.173 - - [07/Jun/2026:01:00:31 +0200] "GET /wp-content/themes/baudefruta-un/style.css?ver=417513602 HTTP/1.1" 200 896 "https://www.baudefruta.pt/produto/bau-de-hortalica/?doing_wp_cron=1709099471.7846610546112060546875,1709099474" "Mozilla/5.0 (Macintosh; Intel Mac OS X 10_15_7) AppleWebKit/605.1.15 (KHTML, like Gecko) Version/17.4 Safari/605.1.15 (Applebot/0.1; +http://www.apple.com/go/applebot)"
17.241.227.41 - - [07/Jun/2026:01:00:32 +0200] "GET /wp-content/themes/uncode/library/js/init.js?ver=1950274439 HTTP/1.1" 200 38505 "https://www.baudefruta.pt/produto/bau-de-hortalica/?doing_wp_cron=1709099471.7846610546112060546875,1709099474" "Mozilla/5.0 (Macintosh; Intel Mac OS X 10_15_7) AppleWebKit/605.1.15 (KHTML, like Gecko) Version/17.4 Safari/605.1.15 (Applebot/0.1; +http://www.apple.com/go/applebot)"
17.241.75.173 - - [07/Jun/2026:01:00:33 +0200] "GET /wp-content/plugins/woocommerce-product-bundles/assets/css/frontend/single-product.css?ver=6.0.1 HTTP/1.1" 200 1887 "https://www.baudefruta.pt/produto/bau-de-hortalica/?doing_wp_cron=1709099471.7846610546112060546875,1709099474" "Mozilla/5.0 (Macintosh; Intel Mac OS X 10_15_7) AppleWebKit/605.1.15 (KHTML, like Gecko) Version/17.4 Safari/605.1.15 (Applebot/0.1; +http://www.apple.com/go/applebot)"
17.241.227.41 - - [07/Jun/2026:01:00:33 +0200] "GET /wp-content/themes/uncode/library/js/plugins.js?ver=1950274439 HTTP/1.1" 200 192549 "https://www.baudefruta.pt/produto/bau-de-hortalica/?doing_wp_cron=1709099471.7846610546112060546875,1709099474" "Mozilla/5.0 (Macintosh; Intel Mac OS X 10_15_7) AppleWebKit/605.1.15 (KHTML, like Gecko) Version/17.4 Safari/605.1.15 (Applebot/0.1; +http://www.apple.com/go/applebot)"
216.73.217.54 - - [07/Jun/2026:01:00:34 +0200] "GET /categoria-produto/mercearia/page/2/?doing_wp_cron=1780580939.6450829505920410156250&orderby=popularity HTTP/1.1" 200 61882 "-" "Mozilla/5.0 AppleWebKit/537.36 (KHTML, like Gecko; compatible; ClaudeBot/1.0; +claudebot@anthropic.com)"
17.241.75.173 - - [07/Jun/2026:01:00:34 +0200] "GET /wp-content/themes/uncode/library/js/app.js?ver=1950274439 HTTP/1.1" 200 41076 "https://www.baudefruta.pt/produto/bau-de-hortalica/?doing_wp_cron=1709099471.7846610546112060546875,1709099474" "Mozilla/5.0 (Macintosh; Intel Mac OS X 10_15_7) AppleWebKit/605.1.15 (KHTML, like Gecko) Version/17.4 Safari/605.1.15 (Applebot/0.1; +http://www.apple.com/go/applebot)"
17.241.227.41 - - [07/Jun/2026:01:00:35 +0200] "GET /wp-content/themes/uncode/library/js/woocommerce-uncode.js?ver=1950274439 HTTP/1.1" 200 7190 "https://www.baudefruta.pt/produto/bau-de-hortalica/?doing_wp_cron=1709099471.7846610546112060546875,1709099474" "Mozilla/5.0 (Macintosh; Intel Mac OS X 10_15_7) AppleWebKit/605.1.15 (KHTML, like Gecko) Version/17.4 Safari/605.1.15 (Applebot/0.1; +http://www.apple.com/go/applebot)"
17.241.75.173 - - [07/Jun/2026:01:00:36 +0200] "GET /wp-includes/js/wp-util.min.js?ver=6.9.1 HTTP/1.1" 200 768 "https://www.baudefruta.pt/produto/bau-de-hortalica/?doing_wp_cron=1709099471.7846610546112060546875,1709099474" "Mozilla/5.0 (Macintosh; Intel Mac OS X 10_15_7) AppleWebKit/605.1.15 (KHTML, like Gecko) Version/17.4 Safari/605.1.15 (Applebot/0.1; +http://www.apple.com/go/applebot)"
216.73.217.54 - - [07/Jun/2026:01:00:36 +0200] "GET /produto/nespera/?add-to-cart=439&doing_wp_cron=1780446422.0662460327148437500000 HTTP/1.1" 200 59888 "-" "Mozilla/5.0 AppleWebKit/537.36 (KHTML, like Gecko; compatible; ClaudeBot/1.0; +claudebot@anthropic.com)"
17.241.227.41 - - [07/Jun/2026:01:00:37 +0200] "GET /wp-content/plugins/woocommerce/assets/js/frontend/add-to-cart-variation.min.js?ver=10.2.2 HTTP/1.1" 200 3979 "https://www.baudefruta.pt/produto/bau-de-hortalica/?doing_wp_cron=1709099471.7846610546112060546875,1709099474" "Mozilla/5.0 (Macintosh; Intel Mac OS X 10_15_7) AppleWebKit/605.1.15 (KHTML, like Gecko) Version/17.4 Safari/605.1.15 (Applebot/0.1; +http://www.apple.com/go/applebot)"
17.241.75.173 - - [07/Jun/2026:01:00:37 +0200] "GET /wp-content/plugins/woocommerce-product-bundles/assets/js/frontend/add-to-cart-bundle.min.js?ver=6.0.1 HTTP/1.1" 200 8798 "https://www.baudefruta.pt/produto/bau-de-hortalica/?doing_wp_cron=1709099471.7846610546112060546875,1709099474" "Mozilla/5.0 (Macintosh; Intel Mac OS X 10_15_7) AppleWebKit/605.1.15 (KHTML, like Gecko) Version/17.4 Safari/605.1.15 (Applebot/0.1; +http://www.apple.com/go/applebot)"
216.73.217.54 - - [07/Jun/2026:01:00:40 +0200] "GET /categoria-produto/mercearia/page/4/?doing_wp_cron=1780609630.7616651058197021484375&orderby=date HTTP/1.1" 200 61432 "-" "Mozilla/5.0 AppleWebKit/537.36 (KHTML, like Gecko; compatible; ClaudeBot/1.0; +claudebot@anthropic.com)"
216.73.217.54 - - [07/Jun/2026:01:00:42 +0200] "GET /produto/nespera/?add-to-cart=439&doing_wp_cron=1780357076.1812810897827148437500 HTTP/1.1" 200 59948 "-" "Mozilla/5.0 AppleWebKit/537.36 (KHTML, like Gecko; compatible; ClaudeBot/1.0; +claudebot@anthropic.com)"
216.73.217.54 - - [07/Jun/2026:01:00:45 +0200] "GET /loja/page/9/?doing_wp_cron=1780566199.9486548900604248046875&orderby=price HTTP/1.1" 200 61903 "-" "Mozilla/5.0 AppleWebKit/537.36 (KHTML, like Gecko; compatible; ClaudeBot/1.0; +claudebot@anthropic.com)"
216.73.217.54 - - [07/Jun/2026:01:00:49 +0200] "GET /loja/page/8/?doing_wp_cron=1780566199.9486548900604248046875&orderby=price HTTP/1.1" 200 61624 "-" "Mozilla/5.0 AppleWebKit/537.36 (KHTML, like Gecko; compatible; ClaudeBot/1.0; +claudebot@anthropic.com)"
216.73.217.54 - - [07/Jun/2026:01:00:51 +0200] "GET /categoria-produto/mercearia/page/5/?doing_wp_cron=1780609630.7616651058197021484375&orderby=date HTTP/1.1" 200 61345 "-" "Mozilla/5.0 AppleWebKit/537.36 (KHTML, like Gecko; compatible; ClaudeBot/1.0; +claudebot@anthropic.com)"
216.73.217.54 - - [07/Jun/2026:01:00:55 +0200] "GET /loja/?doing_wp_cron=1780551056.5836288928985595703125&orderby=price-desc HTTP/1.1" 200 62099 "-" "Mozilla/5.0 AppleWebKit/537.36 (KHTML, like Gecko; compatible; ClaudeBot/1.0; +claudebot@anthropic.com)"
216.73.217.54 - - [07/Jun/2026:01:00:57 +0200] "GET /produto/nespera/?add-to-cart=559&doing_wp_cron=1780357076.1812810897827148437500 HTTP/1.1" 200 59899 "-" "Mozilla/5.0 AppleWebKit/537.36 (KHTML, like Gecko; compatible; ClaudeBot/1.0; +claudebot@anthropic.com)"
216.73.217.54 - - [07/Jun/2026:01:01:03 +0200] "GET /loja/page/10/?doing_wp_cron=1780476177.9127869606018066406250&orderby=price HTTP/1.1" 200 60713 "-" "Mozilla/5.0 AppleWebKit/537.36 (KHTML, like Gecko; compatible; ClaudeBot/1.0; +claudebot@anthropic.com)"
216.73.217.54 - - [07/Jun/2026:01:01:06 +0200] "GET /loja/?add-to-cart=545&doing_wp_cron=1780400178.2150061130523681640625&orderby=popularity HTTP/1.1" 200 60773 "-" "Mozilla/5.0 AppleWebKit/537.36 (KHTML, like Gecko; compatible; ClaudeBot/1.0; +claudebot@anthropic.com)"
83.58.127.230 - - [07/Jun/2026:01:01:08 +0200] "GET /carrinho/?_wpnonce=a9b86ff219&doing_wp_cron=1780491141.2842829227447509765625 HTTP/1.1" 200 55567 "-" "Mozilla/5.0 (Macintosh; Intel Mac OS X 12.6; rv:130.0) Gecko/20100101 Firefox/130.0"
216.73.217.54 - - [07/Jun/2026:01:01:09 +0200] "GET /loja/page/6/?doing_wp_cron=1780455776.6261320114135742187500&orderby=price HTTP/1.1" 200 61258 "-" "Mozilla/5.0 AppleWebKit/537.36 (KHTML, like Gecko; compatible; ClaudeBot/1.0; +claudebot@anthropic.com)"
216.73.217.54 - - [07/Jun/2026:01:01:12 +0200] "GET /loja/page/7/?add-to-cart=492&doing_wp_cron=1780498167.6054840087890625000000&orderby=menu_order HTTP/1.1" 200 61336 "-" "Mozilla/5.0 AppleWebKit/537.36 (KHTML, like Gecko; compatible; ClaudeBot/1.0; +claudebot@anthropic.com)"
216.73.217.54 - - [07/Jun/2026:01:01:15 +0200] "GET /loja/page/7/?add-to-cart=427&doing_wp_cron=1780498167.6054840087890625000000&orderby=menu_order HTTP/1.1" 200 61577 "-" "Mozilla/5.0 AppleWebKit/537.36 (KHTML, like Gecko; compatible; ClaudeBot/1.0; +claudebot@anthropic.com)"
216.73.217.54 - - [07/Jun/2026:01:01:18 +0200] "GET /loja/page/4/?add-to-cart=895&doing_wp_cron=1780498167.6054840087890625000000&orderby=menu_order HTTP/1.1" 200 62035 "-" "Mozilla/5.0 AppleWebKit/537.36 (KHTML, like Gecko; compatible; ClaudeBot/1.0; +claudebot@anthropic.com)"
216.73.217.54 - - [07/Jun/2026:01:01:21 +0200] "GET /loja/page/7/?add-to-cart=547&doing_wp_cron=1780498167.6054840087890625000000&orderby=menu_order HTTP/1.1" 200 61915 "-" "Mozilla/5.0 AppleWebKit/537.36 (KHTML, like Gecko; compatible; ClaudeBot/1.0; +claudebot@anthropic.com)"
216.73.217.54 - - [07/Jun/2026:01:01:24 +0200] "GET /loja/page/5/?doing_wp_cron=1780411016.8694920539855957031250&orderby=price HTTP/1.1" 200 62112 "-" "Mozilla/5.0 AppleWebKit/537.36 (KHTML, like Gecko; compatible; ClaudeBot/1.0; +claudebot@anthropic.com)"
114.119.149.3 - - [07/Jun/2026:01:01:24 +0200] "GET /loja/page/6/?doing_wp_cron=1764541000.9128310680389404296875 HTTP/1.1" 200 60415 "https://www.baudefruta.pt/loja/page/6/" "Mozilla/5.0 (Linux; Android 7.0;) AppleWebKit/537.36 (HTML, like Gecko) Mobile Safari/537.36 (compatible; PetalBot;+https://webmaster.petalsearch.com/site/petalbot)"
216.73.217.54 - - [07/Jun/2026:01:01:27 +0200] "GET /produto/batata-vermelha/?add-to-cart=414&doing_wp_cron=1780524924.9070289134979248046875 HTTP/1.1" 200 60287 "-" "Mozilla/5.0 AppleWebKit/537.36 (KHTML, like Gecko; compatible; ClaudeBot/1.0; +claudebot@anthropic.com)"
41.203.203.23 - - [07/Jun/2026:01:01:27 +0200] "GET /categoria-produto/mercearia/?add-to-cart=2043&doing_wp_cron=1779625012.2520689964294433593750&orderby=popularity HTTP/1.1" 200 61242 "-" "Mozilla/5.0 (iPad; CPU iPad OS 16_7_6 like Mac OS X) AppleWebKit/534.0 (KHTML, like Gecko) CriOS/40.0.885.0 Mobile/36T338 Safari/534.0"
