216.73.217.54 - - [07/Jun/2026:00:06:13 +0200] "GET /loja/page/3/?add-to-cart=528&doing_wp_cron=1780521319.6477649211883544921875&orderby=date HTTP/1.1" 200 63035 "-" "Mozilla/5.0 AppleWebKit/537.36 (KHTML, like Gecko; compatible; ClaudeBot/1.0; +claudebot@anthropic.com)"
85.243.187.161 - - [07/Jun/2026:00:06:15 +0200] "GET /wp-content/uploads/2021/06/LJ001-laranja-1.jpg HTTP/1.1" 200 23373 "https://euc-powerpoint.officeapps.live.com/" "Mozilla/5.0 (Windows NT 10.0; Win64; x64) AppleWebKit/537.36 (KHTML, like Gecko) Chrome/148.0.0.0 Safari/537.36 Edg/148.0.0.0"
85.243.187.161 - - [07/Jun/2026:00:06:15 +0200] "GET /wp-content/uploads/2021/06/LJ001-laranja-1.jpg HTTP/1.1" 304 0 "-" "Mozilla/5.0 (Windows NT 10.0; Win64; x64) AppleWebKit/537.36 (KHTML, like Gecko) Chrome/148.0.0.0 Safari/537.36 Edg/148.0.0.0"
51.103.58.143 - - [07/Jun/2026:00:06:16 +0200] "GET /wp-content/uploads/2021/06/LJ001-laranja-1.jpg HTTP/1.1" 200 23373 "-" "Mozilla/5.0 (Windows NT 10.0; Win64; x64; ServiceUI 13) AppleWebKit/537.36 (KHTML, like Gecko) Chrome/64.0.3282.140 Safari/537.36 Edge/17.17134"
216.73.217.54 - - [07/Jun/2026:00:06:16 +0200] "GET /loja/page/5/?add-to-cart=2042&doing_wp_cron=1780383836.4200708866119384765625&orderby=menu_order HTTP/1.1" 200 63288 "-" "Mozilla/5.0 AppleWebKit/537.36 (KHTML, like Gecko; compatible; ClaudeBot/1.0; +claudebot@anthropic.com)"
94.154.239.69 - - [07/Jun/2026:00:06:18 +0200] "GET /categoria-produto/frescos/?add-to-cart=18495&orderby=price-desc&doing_wp_cron=1780744283.5031809806823730468750 HTTP/1.1" 200 60828 "-" "Mozilla/5.0 (compatible; MJ12bot/v1.4.8; http://mj12bot.com/)"
216.73.217.54 - - [07/Jun/2026:00:06:19 +0200] "GET /loja/page/8/?add-to-cart=621&doing_wp_cron=1780552136.4866590499877929687500&orderby=date HTTP/1.1" 200 60822 "-" "Mozilla/5.0 AppleWebKit/537.36 (KHTML, like Gecko; compatible; ClaudeBot/1.0; +claudebot@anthropic.com)"
143.20.97.223 - - [07/Jun/2026:00:06:22 +0200] "GET / HTTP/1.1" 302 102 "http://baudefruta.pt" "Mozilla/5.0 (Windows NT 10.0; Win64; x64) AppleWebKit/537.36 (KHTML, like Gecko) Chrome/132.0.0.0 Safari/537.36"
216.73.217.54 - - [07/Jun/2026:00:06:22 +0200] "GET /loja/page/4/?add-to-cart=462&doing_wp_cron=1780388658.8284630775451660156250&orderby=menu_order HTTP/1.1" 200 61622 "-" "Mozilla/5.0 AppleWebKit/537.36 (KHTML, like Gecko; compatible; ClaudeBot/1.0; +claudebot@anthropic.com)"
94.154.239.69 - - [07/Jun/2026:00:06:24 +0200] "GET /categoria-produto/frescos/?add-to-cart=18495&orderby=price-desc&doing_wp_cron=1780744333.9297740459442138671875 HTTP/1.1" 200 60831 "-" "Mozilla/5.0 (compatible; MJ12bot/v1.4.8; http://mj12bot.com/)"
216.73.217.54 - - [07/Jun/2026:00:06:25 +0200] "GET /loja/page/4/?add-to-cart=4781&doing_wp_cron=1780207778.1771409511566162109375&orderby=menu_order HTTP/1.1" 200 61839 "-" "Mozilla/5.0 AppleWebKit/537.36 (KHTML, like Gecko; compatible; ClaudeBot/1.0; +claudebot@anthropic.com)"
143.20.97.223 - - [07/Jun/2026:00:06:26 +0200] "GET /?doing_wp_cron=1780783582.1667959690093994140625 HTTP/1.1" 301 5 "https://baudefruta.pt/" "Mozilla/5.0 (Windows NT 10.0; Win64; x64) AppleWebKit/537.36 (KHTML, like Gecko) Chrome/132.0.0.0 Safari/537.36"
216.73.217.54 - - [07/Jun/2026:00:06:29 +0200] "GET /loja/page/10/?add-to-cart=2039&doing_wp_cron=1780462878.7975680828094482421875&orderby=popularity HTTP/1.1" 200 61666 "-" "Mozilla/5.0 AppleWebKit/537.36 (KHTML, like Gecko; compatible; ClaudeBot/1.0; +claudebot@anthropic.com)"
89.154.45.121 - - [07/Jun/2026:00:06:30 +0200] "GET /produto/clementina/ HTTP/1.1" 200 58342 "https://www.baudefruta.pt/carrinho/" "Mozilla/5.0 (Linux; Android 16; Pixel 9a Build/CP1A.260505.005; wv) AppleWebKit/537.36 (KHTML, like Gecko) Version/4.0 Chrome/149.0.7827.83 Mobile Safari/537.36"
94.154.239.69 - - [07/Jun/2026:00:06:30 +0200] "GET /categoria-produto/frescos/?add-to-cart=18495&orderby=price-desc&doing_wp_cron=1780744436.3482849597930908203125 HTTP/1.1" 200 60822 "-" "Mozilla/5.0 (compatible; MJ12bot/v1.4.8; http://mj12bot.com/)"
216.73.217.54 - - [07/Jun/2026:00:06:32 +0200] "GET /loja/page/4/?add-to-cart=239&doing_wp_cron=1780555563.7996189594268798828125&orderby=popularity HTTP/1.1" 200 62645 "-" "Mozilla/5.0 AppleWebKit/537.36 (KHTML, like Gecko; compatible; ClaudeBot/1.0; +claudebot@anthropic.com)"
216.73.217.54 - - [07/Jun/2026:00:06:35 +0200] "GET /loja/page/5/?add-to-cart=4235&doing_wp_cron=1780601478.4901969432830810546875&orderby=popularity HTTP/1.1" 200 63138 "-" "Mozilla/5.0 AppleWebKit/537.36 (KHTML, like Gecko; compatible; ClaudeBot/1.0; +claudebot@anthropic.com)"
216.73.217.54 - - [07/Jun/2026:00:06:38 +0200] "GET /loja/page/3/?add-to-cart=1985&doing_wp_cron=1780541060.9407060146331787109375&orderby=date HTTP/1.1" 200 62847 "-" "Mozilla/5.0 AppleWebKit/537.36 (KHTML, like Gecko; compatible; ClaudeBot/1.0; +claudebot@anthropic.com)"
94.154.239.69 - - [07/Jun/2026:00:06:38 +0200] "GET /categoria-produto/frescos/?add-to-cart=18756&orderby=price-desc&doing_wp_cron=1780744275.6665918827056884765625 HTTP/1.1" 200 60806 "-" "Mozilla/5.0 (compatible; MJ12bot/v1.4.8; http://mj12bot.com/)"
216.73.217.54 - - [07/Jun/2026:00:06:41 +0200] "GET /loja/page/6/?add-to-cart=725&doing_wp_cron=1780457004.9740800857543945312500&orderby=date HTTP/1.1" 200 63185 "-" "Mozilla/5.0 AppleWebKit/537.36 (KHTML, like Gecko; compatible; ClaudeBot/1.0; +claudebot@anthropic.com)"
94.154.239.69 - - [07/Jun/2026:00:06:43 +0200] "GET /categoria-produto/frescos/?add-to-cart=18756&orderby=price-desc&doing_wp_cron=1780744283.5031809806823730468750 HTTP/1.1" 200 60801 "-" "Mozilla/5.0 (compatible; MJ12bot/v1.4.8; http://mj12bot.com/)"
216.73.217.54 - - [07/Jun/2026:00:06:44 +0200] "GET /loja/?add-to-cart=1937&doing_wp_cron=1780328969.7069408893585205078125&orderby=popularity HTTP/1.1" 200 63183 "-" "Mozilla/5.0 AppleWebKit/537.36 (KHTML, like Gecko; compatible; ClaudeBot/1.0; +claudebot@anthropic.com)"
216.73.217.54 - - [07/Jun/2026:00:06:47 +0200] "GET /loja/page/4/?add-to-cart=550&doing_wp_cron=1780415098.0220060348510742187500&orderby=menu_order HTTP/1.1" 200 63917 "-" "Mozilla/5.0 AppleWebKit/537.36 (KHTML, like Gecko; compatible; ClaudeBot/1.0; +claudebot@anthropic.com)"
89.154.45.121 - - [07/Jun/2026:00:06:48 +0200] "GET /horarios-portes-e-locais/ HTTP/1.1" 200 54230 "https://www.baudefruta.pt/carrinho/" "Mozilla/5.0 (Linux; Android 16; Pixel 9a Build/CP1A.260505.005; wv) AppleWebKit/537.36 (KHTML, like Gecko) Version/4.0 Chrome/149.0.7827.83 Mobile Safari/537.36"
94.154.239.69 - - [07/Jun/2026:00:06:48 +0200] "GET /categoria-produto/frescos/?add-to-cart=18756&orderby=price-desc&doing_wp_cron=1780744333.9297740459442138671875 HTTP/1.1" 200 60799 "-" "Mozilla/5.0 (compatible; MJ12bot/v1.4.8; http://mj12bot.com/)"
89.154.45.121 - - [07/Jun/2026:00:06:48 +0200] "GET /wp-content/themes/uncode/library/css/woocommerce.css?ver=1835101519 HTTP/1.1" 200 20067 "https://www.baudefruta.pt/horarios-portes-e-locais/" "Mozilla/5.0 (Linux; Android 16; Pixel 9a Build/CP1A.260505.005; wv) AppleWebKit/537.36 (KHTML, like Gecko) Version/4.0 Chrome/149.0.7827.83 Mobile Safari/537.36 [FB_IAB/FB4A;FBAV/564.0.0.48.74;IABMV/1;]"
89.154.45.121 - - [07/Jun/2026:00:06:48 +0200] "GET /wp-content/themes/baudefruta-un/style.css?ver=629762389 HTTP/1.1" 200 896 "https://www.baudefruta.pt/horarios-portes-e-locais/" "Mozilla/5.0 (Linux; Android 16; Pixel 9a Build/CP1A.260505.005; wv) AppleWebKit/537.36 (KHTML, like Gecko) Version/4.0 Chrome/149.0.7827.83 Mobile Safari/537.36 [FB_IAB/FB4A;FBAV/564.0.0.48.74;IABMV/1;]"
89.154.45.121 - - [07/Jun/2026:00:06:48 +0200] "GET /wp-content/themes/uncode/library/css/style.css?ver=1835101519 HTTP/1.1" 200 70140 "https://www.baudefruta.pt/horarios-portes-e-locais/" "Mozilla/5.0 (Linux; Android 16; Pixel 9a Build/CP1A.260505.005; wv) AppleWebKit/537.36 (KHTML, like Gecko) Version/4.0 Chrome/149.0.7827.83 Mobile Safari/537.36 [FB_IAB/FB4A;FBAV/564.0.0.48.74;IABMV/1;]"
89.154.45.121 - - [07/Jun/2026:00:06:48 +0200] "GET /wp-content/themes/uncode/library/js/init.js?ver=1835101519 HTTP/1.1" 200 38505 "https://www.baudefruta.pt/horarios-portes-e-locais/" "Mozilla/5.0 (Linux; Android 16; Pixel 9a Build/CP1A.260505.005; wv) AppleWebKit/537.36 (KHTML, like Gecko) Version/4.0 Chrome/149.0.7827.83 Mobile Safari/537.36 [FB_IAB/FB4A;FBAV/564.0.0.48.74;IABMV/1;]"
89.154.45.121 - - [07/Jun/2026:00:06:48 +0200] "GET /wp-content/themes/uncode/library/css/uncode-icons.css?ver=1835101519 HTTP/1.1" 200 12098 "https://www.baudefruta.pt/horarios-portes-e-locais/" "Mozilla/5.0 (Linux; Android 16; Pixel 9a Build/CP1A.260505.005; wv) AppleWebKit/537.36 (KHTML, like Gecko) Version/4.0 Chrome/149.0.7827.83 Mobile Safari/537.36 [FB_IAB/FB4A;FBAV/564.0.0.48.74;IABMV/1;]"
89.154.45.121 - - [07/Jun/2026:00:06:48 +0200] "GET /wp-content/themes/uncode/library/js/plugins.js?ver=1835101519 HTTP/1.1" 200 192549 "https://www.baudefruta.pt/horarios-portes-e-locais/" "Mozilla/5.0 (Linux; Android 16; Pixel 9a Build/CP1A.260505.005; wv) AppleWebKit/537.36 (KHTML, like Gecko) Version/4.0 Chrome/149.0.7827.83 Mobile Safari/537.36 [FB_IAB/FB4A;FBAV/564.0.0.48.74;IABMV/1;]"
89.154.45.121 - - [07/Jun/2026:00:06:48 +0200] "GET /wp-content/themes/uncode/library/js/app.js?ver=1835101519 HTTP/1.1" 200 41076 "https://www.baudefruta.pt/horarios-portes-e-locais/" "Mozilla/5.0 (Linux; Android 16; Pixel 9a Build/CP1A.260505.005; wv) AppleWebKit/537.36 (KHTML, like Gecko) Version/4.0 Chrome/149.0.7827.83 Mobile Safari/537.36 [FB_IAB/FB4A;FBAV/564.0.0.48.74;IABMV/1;]"
89.154.45.121 - - [07/Jun/2026:00:06:48 +0200] "GET /wp-content/themes/uncode/library/js/woocommerce-uncode.js?ver=1835101519 HTTP/1.1" 200 7190 "https://www.baudefruta.pt/horarios-portes-e-locais/" "Mozilla/5.0 (Linux; Android 16; Pixel 9a Build/CP1A.260505.005; wv) AppleWebKit/537.36 (KHTML, like Gecko) Version/4.0 Chrome/149.0.7827.83 Mobile Safari/537.36 [FB_IAB/FB4A;FBAV/564.0.0.48.74;IABMV/1;]"
216.73.217.54 - - [07/Jun/2026:00:06:50 +0200] "GET /loja/page/2/?add-to-cart=2043&doing_wp_cron=1780398980.3144240379333496093750&orderby=menu_order HTTP/1.1" 200 63996 "-" "Mozilla/5.0 AppleWebKit/537.36 (KHTML, like Gecko; compatible; ClaudeBot/1.0; +claudebot@anthropic.com)"
94.154.239.69 - - [07/Jun/2026:00:06:52 +0200] "GET /categoria-produto/frescos/?add-to-cart=18756&orderby=price-desc&doing_wp_cron=1780744436.3482849597930908203125 HTTP/1.1" 200 60798 "-" "Mozilla/5.0 (compatible; MJ12bot/v1.4.8; http://mj12bot.com/)"
216.73.217.54 - - [07/Jun/2026:00:06:53 +0200] "GET /loja/page/5/?add-to-cart=444&doing_wp_cron=1780383836.4200708866119384765625&orderby=popularity HTTP/1.1" 200 64427 "-" "Mozilla/5.0 AppleWebKit/537.36 (KHTML, like Gecko; compatible; ClaudeBot/1.0; +claudebot@anthropic.com)"
216.73.217.54 - - [07/Jun/2026:00:06:56 +0200] "GET /loja/page/5/?add-to-cart=581&doing_wp_cron=1780471500.7316999435424804687500&orderby=menu_order HTTP/1.1" 200 64152 "-" "Mozilla/5.0 AppleWebKit/537.36 (KHTML, like Gecko; compatible; ClaudeBot/1.0; +claudebot@anthropic.com)"
94.154.239.69 - - [07/Jun/2026:00:06:57 +0200] "GET /categoria-produto/frescos/?add-to-cart=3520&orderby=price-desc&doing_wp_cron=1780744275.6665918827056884765625 HTTP/1.1" 200 60818 "-" "Mozilla/5.0 (compatible; MJ12bot/v1.4.8; http://mj12bot.com/)"
216.73.217.54 - - [07/Jun/2026:00:06:59 +0200] "GET /loja/page/9/?add-to-cart=571&doing_wp_cron=1780208025.6175029277801513671875&orderby=menu_order HTTP/1.1" 200 64417 "-" "Mozilla/5.0 AppleWebKit/537.36 (KHTML, like Gecko; compatible; ClaudeBot/1.0; +claudebot@anthropic.com)"
17.241.227.66 - - [07/Jun/2026:00:07:00 +0200] "GET /categoria-produto/mercearia/azeite/feed/ HTTP/1.1" 200 1082 "-" "Mozilla/5.0 (Macintosh; Intel Mac OS X 10_15_7) AppleWebKit/605.1.15 (KHTML, like Gecko) Version/17.4 Safari/605.1.15 (Applebot/0.1; +http://www.apple.com/go/applebot)"
216.73.217.54 - - [07/Jun/2026:00:07:02 +0200] "GET /loja/page/8/?add-to-cart=4228&doing_wp_cron=1780471500.7316999435424804687500&orderby=menu_order HTTP/1.1" 200 64481 "-" "Mozilla/5.0 AppleWebKit/537.36 (KHTML, like Gecko; compatible; ClaudeBot/1.0; +claudebot@anthropic.com)"
94.154.239.69 - - [07/Jun/2026:00:07:02 +0200] "GET /categoria-produto/frescos/?add-to-cart=3520&orderby=price-desc&doing_wp_cron=1780744283.5031809806823730468750 HTTP/1.1" 200 60821 "-" "Mozilla/5.0 (compatible; MJ12bot/v1.4.8; http://mj12bot.com/)"
216.73.217.54 - - [07/Jun/2026:00:07:05 +0200] "GET /loja/page/10/?add-to-cart=532&doing_wp_cron=1780388658.8284630775451660156250&orderby=menu_order HTTP/1.1" 200 64871 "-" "Mozilla/5.0 AppleWebKit/537.36 (KHTML, like Gecko; compatible; ClaudeBot/1.0; +claudebot@anthropic.com)"
94.154.239.69 - - [07/Jun/2026:00:07:07 +0200] "GET /categoria-produto/frescos/?add-to-cart=3520&orderby=price-desc&doing_wp_cron=1780744333.9297740459442138671875 HTTP/1.1" 200 60825 "-" "Mozilla/5.0 (compatible; MJ12bot/v1.4.8; http://mj12bot.com/)"
216.73.217.54 - - [07/Jun/2026:00:07:08 +0200] "GET /loja/page/5/?add-to-cart=825&doing_wp_cron=1780505541.2122659683227539062500&orderby=date HTTP/1.1" 200 64997 "-" "Mozilla/5.0 AppleWebKit/537.36 (KHTML, like Gecko; compatible; ClaudeBot/1.0; +claudebot@anthropic.com)"
216.73.217.54 - - [07/Jun/2026:00:07:11 +0200] "GET /categoria-produto/mercearia/?add-to-cart=2045&doing_wp_cron=1780484479.3946309089660644531250&orderby=popularity HTTP/1.1" 200 65320 "-" "Mozilla/5.0 AppleWebKit/537.36 (KHTML, like Gecko; compatible; ClaudeBot/1.0; +claudebot@anthropic.com)"
114.119.149.3 - - [07/Jun/2026:00:07:12 +0200] "GET /loja/page/6/?orderby=date&doing_wp_cron=1689869172.8283760547637939453125 HTTP/1.1" 200 60318 "https://www.baudefruta.pt/loja/page/6/?orderby=price&doing_wp_cron=1689869172.8283760547637939453125" "Mozilla/5.0 (Linux; Android 7.0;) AppleWebKit/537.36 (HTML, like Gecko) Mobile Safari/537.36 (compatible; PetalBot;+https://webmaster.petalsearch.com/site/petalbot)"
94.154.239.69 - - [07/Jun/2026:00:07:12 +0200] "GET /categoria-produto/frescos/?add-to-cart=3520&orderby=price-desc&doing_wp_cron=1780744436.3482849597930908203125 HTTP/1.1" 200 60822 "-" "Mozilla/5.0 (compatible; MJ12bot/v1.4.8; http://mj12bot.com/)"
173.252.82.113 - - [07/Jun/2026:00:07:13 +0200] "GET /wp-content/uploads/2021/07/BauDeFruta_share_1200x630.jpg HTTP/1.1" 200 194245 "-" "facebookexternalhit/1.1 (+http://www.facebook.com/externalhit_uatext.php)"
216.73.217.54 - - [07/Jun/2026:00:07:14 +0200] "GET /loja/page/3/?add-to-cart=704&doing_wp_cron=1780407057.6045830249786376953125&orderby=menu_order HTTP/1.1" 200 65097 "-" "Mozilla/5.0 AppleWebKit/537.36 (KHTML, like Gecko; compatible; ClaudeBot/1.0; +claudebot@anthropic.com)"
216.73.217.54 - - [07/Jun/2026:00:07:17 +0200] "GET /loja/page/6/?add-to-cart=1995&doing_wp_cron=1780644498.7891709804534912109375&orderby=popularity HTTP/1.1" 200 65986 "-" "Mozilla/5.0 AppleWebKit/537.36 (KHTML, like Gecko; compatible; ClaudeBot/1.0; +claudebot@anthropic.com)"
94.154.239.69 - - [07/Jun/2026:00:07:17 +0200] "GET /categoria-produto/frescos/?add-to-cart=4218&orderby=price&doing_wp_cron=1780743988.9837200641632080078125 HTTP/1.1" 200 60640 "-" "Mozilla/5.0 (compatible; MJ12bot/v1.4.8; http://mj12bot.com/)"
216.73.217.54 - - [07/Jun/2026:00:07:20 +0200] "GET /loja/page/2/?add-to-cart=891&doing_wp_cron=1780205258.9664719104766845703125&orderby=date HTTP/1.1" 200 65704 "-" "Mozilla/5.0 AppleWebKit/537.36 (KHTML, like Gecko; compatible; ClaudeBot/1.0; +claudebot@anthropic.com)"
216.73.217.54 - - [07/Jun/2026:00:07:23 +0200] "GET /loja/page/4/?add-to-cart=829&doing_wp_cron=1780424125.1127629280090332031250&orderby=popularity HTTP/1.1" 200 66160 "-" "Mozilla/5.0 AppleWebKit/537.36 (KHTML, like Gecko; compatible; ClaudeBot/1.0; +claudebot@anthropic.com)"
94.154.239.69 - - [07/Jun/2026:00:07:23 +0200] "GET /categoria-produto/frescos/?add-to-cart=423&orderby=price-desc&doing_wp_cron=1780744275.6665918827056884765625 HTTP/1.1" 200 60805 "-" "Mozilla/5.0 (compatible; MJ12bot/v1.4.8; http://mj12bot.com/)"
216.73.217.54 - - [07/Jun/2026:00:07:26 +0200] "GET /loja/page/2/?add-to-cart=421&doing_wp_cron=1780438640.8086369037628173828125&orderby=popularity HTTP/1.1" 200 66176 "-" "Mozilla/5.0 AppleWebKit/537.36 (KHTML, like Gecko; compatible; ClaudeBot/1.0; +claudebot@anthropic.com)"
216.73.217.54 - - [07/Jun/2026:00:07:29 +0200] "GET /loja/page/9/?add-to-cart=725&doing_wp_cron=1780207778.1771409511566162109375&orderby=menu_order HTTP/1.1" 200 66310 "-" "Mozilla/5.0 AppleWebKit/537.36 (KHTML, like Gecko; compatible; ClaudeBot/1.0; +claudebot@anthropic.com)"
94.154.239.69 - - [07/Jun/2026:00:07:29 +0200] "GET /categoria-produto/frescos/?add-to-cart=423&orderby=price-desc&doing_wp_cron=1780744283.5031809806823730468750 HTTP/1.1" 200 60804 "-" "Mozilla/5.0 (compatible; MJ12bot/v1.4.8; http://mj12bot.com/)"
216.73.217.54 - - [07/Jun/2026:00:07:32 +0200] "GET /loja/page/4/?add-to-cart=571&doing_wp_cron=1780529684.9311110973358154296875&orderby=menu_order HTTP/1.1" 200 66479 "-" "Mozilla/5.0 AppleWebKit/537.36 (KHTML, like Gecko; compatible; ClaudeBot/1.0; +claudebot@anthropic.com)"
94.154.239.69 - - [07/Jun/2026:00:07:34 +0200] "GET /categoria-produto/frescos/?add-to-cart=423&orderby=price-desc&doing_wp_cron=1780744333.9297740459442138671875 HTTP/1.1" 200 60804 "-" "Mozilla/5.0 (compatible; MJ12bot/v1.4.8; http://mj12bot.com/)"
216.73.217.54 - - [07/Jun/2026:00:07:35 +0200] "GET /loja/page/11/?add-to-cart=4235&doing_wp_cron=1780205258.9664719104766845703125&orderby=menu_order HTTP/1.1" 200 65777 "-" "Mozilla/5.0 AppleWebKit/537.36 (KHTML, like Gecko; compatible; ClaudeBot/1.0; +claudebot@anthropic.com)"
66.249.79.138 - - [07/Jun/2026:00:07:38 +0200] "GET /produto/laranja/ HTTP/1.1" 304 0 "-" "Mozilla/5.0 (Linux; Android 6.0.1; Nexus 5X Build/MMB29P) AppleWebKit/537.36 (KHTML, like Gecko) Chrome/148.0.7778.96 Mobile Safari/537.36 (compatible; Googlebot/2.1; +http://www.google.com/bot.html)"
216.73.217.54 - - [07/Jun/2026:00:07:38 +0200] "GET /loja/page/8/?add-to-cart=4338&doing_wp_cron=1780406818.1222550868988037109375&orderby=menu_order HTTP/1.1" 200 66395 "-" "Mozilla/5.0 AppleWebKit/537.36 (KHTML, like Gecko; compatible; ClaudeBot/1.0; +claudebot@anthropic.com)"
94.154.239.69 - - [07/Jun/2026:00:07:40 +0200] "GET /categoria-produto/frescos/?add-to-cart=423&orderby=price-desc&doing_wp_cron=1780744436.3482849597930908203125 HTTP/1.1" 200 60809 "-" "Mozilla/5.0 (compatible; MJ12bot/v1.4.8; http://mj12bot.com/)"
216.73.217.54 - - [07/Jun/2026:00:07:41 +0200] "GET /loja/page/7/?add-to-cart=685&doing_wp_cron=1780678519.5610549449920654296875&orderby=date HTTP/1.1" 200 66665 "-" "Mozilla/5.0 AppleWebKit/537.36 (KHTML, like Gecko; compatible; ClaudeBot/1.0; +claudebot@anthropic.com)"
216.73.217.54 - - [07/Jun/2026:00:07:44 +0200] "GET /loja/page/11/?add-to-cart=452&doing_wp_cron=1780338056.7367100715637207031250&orderby=date HTTP/1.1" 200 65849 "-" "Mozilla/5.0 AppleWebKit/537.36 (KHTML, like Gecko; compatible; ClaudeBot/1.0; +claudebot@anthropic.com)"
94.154.239.69 - - [07/Jun/2026:00:07:46 +0200] "GET /categoria-produto/frescos/?add-to-cart=4235&orderby=price-desc&doing_wp_cron=1780744275.6665918827056884765625 HTTP/1.1" 200 60801 "-" "Mozilla/5.0 (compatible; MJ12bot/v1.4.8; http://mj12bot.com/)"
216.73.217.54 - - [07/Jun/2026:00:07:47 +0200] "GET /loja/page/6/?add-to-cart=1990&doing_wp_cron=1780426458.2645881175994873046875&orderby=popularity HTTP/1.1" 200 67539 "-" "Mozilla/5.0 AppleWebKit/537.36 (KHTML, like Gecko; compatible; ClaudeBot/1.0; +claudebot@anthropic.com)"
216.73.217.54 - - [07/Jun/2026:00:07:50 +0200] "GET /loja/page/2/?add-to-cart=444&doing_wp_cron=1780462762.0583889484405517578125&orderby=popularity HTTP/1.1" 200 67020 "-" "Mozilla/5.0 AppleWebKit/537.36 (KHTML, like Gecko; compatible; ClaudeBot/1.0; +claudebot@anthropic.com)"
94.154.239.69 - - [07/Jun/2026:00:07:51 +0200] "GET /categoria-produto/frescos/?add-to-cart=4235&orderby=price-desc&doing_wp_cron=1780744333.9297740459442138671875 HTTP/1.1" 200 60798 "-" "Mozilla/5.0 (compatible; MJ12bot/v1.4.8; http://mj12bot.com/)"
216.73.217.54 - - [07/Jun/2026:00:07:53 +0200] "GET /loja/page/2/?add-to-cart=3520&doing_wp_cron=1780326079.0621399879455566406250&orderby=popularity HTTP/1.1" 200 67198 "-" "Mozilla/5.0 AppleWebKit/537.36 (KHTML, like Gecko; compatible; ClaudeBot/1.0; +claudebot@anthropic.com)"
47.128.43.15 - - [07/Jun/2026:00:07:54 +0200] "GET /carrinho/?remove_item=d516b13671a4179d9b7b458a6ebdeb92 HTTP/1.1" 302 11 "-" "Mozilla/5.0 (Linux; Android 5.0) AppleWebKit/537.36 (KHTML, like Gecko) Mobile Safari/537.36 (compatible; Bytespider; spider-feedback@bytedance.com)"
47.128.43.15 - - [07/Jun/2026:00:07:55 +0200] "GET /carrinho/?remove_item=d516b13671a4179d9b7b458a6ebdeb92&doing_wp_cron=1780783674.2229139804840087890625 HTTP/1.1" 200 55589 "-" "Mozilla/5.0 (Linux; Android 5.0) AppleWebKit/537.36 (KHTML, like Gecko) Mobile Safari/537.36 (compatible; Bytespider; spider-feedback@bytedance.com)"
216.73.217.54 - - [07/Jun/2026:00:07:56 +0200] "GET /loja/page/3/?add-to-cart=2010&doing_wp_cron=1780678029.4306600093841552734375&orderby=date HTTP/1.1" 200 67384 "-" "Mozilla/5.0 AppleWebKit/537.36 (KHTML, like Gecko; compatible; ClaudeBot/1.0; +claudebot@anthropic.com)"
94.154.239.69 - - [07/Jun/2026:00:07:56 +0200] "GET /categoria-produto/frescos/?add-to-cart=4235&orderby=price-desc&doing_wp_cron=1780744436.3482849597930908203125 HTTP/1.1" 200 60790 "-" "Mozilla/5.0 (compatible; MJ12bot/v1.4.8; http://mj12bot.com/)"
216.73.217.54 - - [07/Jun/2026:00:07:59 +0200] "GET /loja/page/8/?add-to-cart=2015&doing_wp_cron=1780445636.4324181079864501953125&orderby=popularity HTTP/1.1" 200 68126 "-" "Mozilla/5.0 AppleWebKit/537.36 (KHTML, like Gecko; compatible; ClaudeBot/1.0; +claudebot@anthropic.com)"
47.128.43.15 - - [07/Jun/2026:00:07:59 +0200] "GET /wp-content/uploads/2021/07/bau_mb_mbway.svg HTTP/1.1" 206 500 "https://www.baudefruta.pt/carrinho/?remove_item=d516b13671a4179d9b7b458a6ebdeb92&doing_wp_cron=1780783674.2229139804840087890625" "Mozilla/5.0 (Linux; Android 5.0) AppleWebKit/537.36 (KHTML, like Gecko) Mobile Safari/537.36 (compatible; Bytespider; spider-feedback@bytedance.com)"
47.128.43.15 - - [07/Jun/2026:00:08:00 +0200] "GET /wp-content/uploads/2021/07/bau_mb_mbway.svg HTTP/1.1" 304 0 "https://www.baudefruta.pt/carrinho/?remove_item=d516b13671a4179d9b7b458a6ebdeb92&doing_wp_cron=1780783674.2229139804840087890625" "Mozilla/5.0 (Linux; Android 5.0) AppleWebKit/537.36 (KHTML, like Gecko) Mobile Safari/537.36 (compatible; Bytespider; spider-feedback@bytedance.com)"
47.128.43.15 - - [07/Jun/2026:00:08:00 +0200] "GET /wp-content/uploads/2021/07/bau_mb_mbway.svg HTTP/1.1" 200 5318 "https://www.baudefruta.pt/carrinho/?remove_item=d516b13671a4179d9b7b458a6ebdeb92&doing_wp_cron=1780783674.2229139804840087890625" "Mozilla/5.0 (Linux; Android 5.0) AppleWebKit/537.36 (KHTML, like Gecko) Mobile Safari/537.36 (compatible; Bytespider; spider-feedback@bytedance.com)"
47.128.43.15 - - [07/Jun/2026:00:08:00 +0200] "GET /wp-content/uploads/2021/05/bau_livroreclamacoes.svg HTTP/1.1" 206 500 "https://www.baudefruta.pt/carrinho/?remove_item=d516b13671a4179d9b7b458a6ebdeb92&doing_wp_cron=1780783674.2229139804840087890625" "Mozilla/5.0 (Linux; Android 5.0) AppleWebKit/537.36 (KHTML, like Gecko) Mobile Safari/537.36 (compatible; Bytespider; spider-feedback@bytedance.com)"
47.128.43.15 - - [07/Jun/2026:00:08:01 +0200] "GET /wp-content/uploads/2021/05/bau_livroreclamacoes.svg HTTP/1.1" 304 0 "https://www.baudefruta.pt/carrinho/?remove_item=d516b13671a4179d9b7b458a6ebdeb92&doing_wp_cron=1780783674.2229139804840087890625" "Mozilla/5.0 (Linux; Android 5.0) AppleWebKit/537.36 (KHTML, like Gecko) Mobile Safari/537.36 (compatible; Bytespider; spider-feedback@bytedance.com)"
47.128.43.15 - - [07/Jun/2026:00:08:02 +0200] "GET /wp-content/uploads/2021/05/bau_livroreclamacoes.svg HTTP/1.1" 200 2886 "https://www.baudefruta.pt/carrinho/?remove_item=d516b13671a4179d9b7b458a6ebdeb92&doing_wp_cron=1780783674.2229139804840087890625" "Mozilla/5.0 (Linux; Android 5.0) AppleWebKit/537.36 (KHTML, like Gecko) Mobile Safari/537.36 (compatible; Bytespider; spider-feedback@bytedance.com)"
216.73.217.54 - - [07/Jun/2026:00:08:02 +0200] "GET /loja/page/9/?add-to-cart=1542&doing_wp_cron=1780410981.3310050964355468750000&orderby=menu_order HTTP/1.1" 200 67891 "-" "Mozilla/5.0 AppleWebKit/537.36 (KHTML, like Gecko; compatible; ClaudeBot/1.0; +claudebot@anthropic.com)"
94.154.239.69 - - [07/Jun/2026:00:08:03 +0200] "GET /categoria-produto/frescos/?add-to-cart=425&orderby=menu_order&doing_wp_cron=1780648776.8648409843444824218750 HTTP/1.1" 200 60592 "-" "Mozilla/5.0 (compatible; MJ12bot/v1.4.8; http://mj12bot.com/)"
216.73.217.54 - - [07/Jun/2026:00:08:06 +0200] "GET /loja/page/11/?add-to-cart=519&doing_wp_cron=1724760408.5467429161071777343750&orderby=menu_order HTTP/1.1" 200 60593 "-" "Mozilla/5.0 AppleWebKit/537.36 (KHTML, like Gecko; compatible; ClaudeBot/1.0; +claudebot@anthropic.com)"
216.73.217.54 - - [07/Jun/2026:00:08:09 +0200] "GET /loja/page/9/?add-to-cart=2037&doing_wp_cron=1766181287.2179350852966308593750&orderby=popularity HTTP/1.1" 200 61804 "-" "Mozilla/5.0 AppleWebKit/537.36 (KHTML, like Gecko; compatible; ClaudeBot/1.0; +claudebot@anthropic.com)"
94.154.239.69 - - [07/Jun/2026:00:08:10 +0200] "GET /categoria-produto/frescos/?add-to-cart=425&orderby=price&doing_wp_cron=1780641151.2708849906921386718750 HTTP/1.1" 200 60599 "-" "Mozilla/5.0 (compatible; MJ12bot/v1.4.8; http://mj12bot.com/)"
216.73.217.54 - - [07/Jun/2026:00:08:12 +0200] "GET /loja/page/8/?add-to-cart=1126&doing_wp_cron=1724760408.5467429161071777343750&orderby=popularity HTTP/1.1" 200 62017 "-" "Mozilla/5.0 AppleWebKit/537.36 (KHTML, like Gecko; compatible; ClaudeBot/1.0; +claudebot@anthropic.com)"
216.73.217.54 - - [07/Jun/2026:00:08:15 +0200] "GET /loja/page/6/?add-to-cart=653&doing_wp_cron=1758569056.8537590503692626953125&orderby=date HTTP/1.1" 200 61681 "-" "Mozilla/5.0 AppleWebKit/537.36 (KHTML, like Gecko; compatible; ClaudeBot/1.0; +claudebot@anthropic.com)"
94.154.239.69 - - [07/Jun/2026:00:08:16 +0200] "GET /categoria-produto/frescos/?add-to-cart=4328&orderby=price-desc&doing_wp_cron=1780641151.2708849906921386718750 HTTP/1.1" 200 60808 "-" "Mozilla/5.0 (compatible; MJ12bot/v1.4.8; http://mj12bot.com/)"
57.141.20.14 - - [07/Jun/2026:00:08:17 +0200] "GET /category-sitemap.xml?doing_wp_cron=1763190484.5958449840545654296875 HTTP/1.1" 200 759 "-" "meta-externalagent/1.1 (+https://developers.facebook.com/docs/sharing/webmasters/crawler)"
216.73.217.54 - - [07/Jun/2026:00:08:18 +0200] "GET /loja/page/9/?add-to-cart=761&doing_wp_cron=1705054787.4118249416351318359375&orderby=popularity HTTP/1.1" 200 62479 "-" "Mozilla/5.0 AppleWebKit/537.36 (KHTML, like Gecko; compatible; ClaudeBot/1.0; +claudebot@anthropic.com)"
216.73.217.54 - - [07/Jun/2026:00:08:21 +0200] "GET /loja/page/11/?add-to-cart=524&doing_wp_cron=1711616234.3928558826446533203125&orderby=menu_order HTTP/1.1" 200 61657 "-" "Mozilla/5.0 AppleWebKit/537.36 (KHTML, like Gecko; compatible; ClaudeBot/1.0; +claudebot@anthropic.com)"
66.249.79.138 - - [07/Jun/2026:00:08:21 +0200] "GET /produto/laranja/ HTTP/1.1" 200 57605 "-" "Mozilla/5.0 (compatible; Googlebot/2.1; +http://www.google.com/bot.html)"
94.154.239.69 - - [07/Jun/2026:00:08:24 +0200] "GET /categoria-produto/frescos/?add-to-cart=4328&orderby=price-desc&doing_wp_cron=1780642700.6357009410858154296875 HTTP/1.1" 200 60808 "-" "Mozilla/5.0 (compatible; MJ12bot/v1.4.8; http://mj12bot.com/)"
216.73.217.54 - - [07/Jun/2026:00:08:24 +0200] "GET /loja/page/8/?add-to-cart=593&doing_wp_cron=1765642876.6927409172058105468750&orderby=date HTTP/1.1" 200 62176 "-" "Mozilla/5.0 AppleWebKit/537.36 (KHTML, like Gecko; compatible; ClaudeBot/1.0; +claudebot@anthropic.com)"
216.73.217.54 - - [07/Jun/2026:00:08:27 +0200] "GET /loja/page/5/?add-to-cart=889&doing_wp_cron=1711616234.3928558826446533203125&orderby=menu_order HTTP/1.1" 200 62583 "-" "Mozilla/5.0 AppleWebKit/537.36 (KHTML, like Gecko; compatible; ClaudeBot/1.0; +claudebot@anthropic.com)"
216.73.217.54 - - [07/Jun/2026:00:08:30 +0200] "GET /loja/page/7/?add-to-cart=691&doing_wp_cron=1758569056.8537590503692626953125&orderby=date HTTP/1.1" 200 62877 "-" "Mozilla/5.0 AppleWebKit/537.36 (KHTML, like Gecko; compatible; ClaudeBot/1.0; +claudebot@anthropic.com)"
94.154.239.69 - - [07/Jun/2026:00:08:30 +0200] "GET /categoria-produto/frescos/?add-to-cart=4328&orderby=price-desc&doing_wp_cron=1780648776.8648409843444824218750 HTTP/1.1" 200 60807 "-" "Mozilla/5.0 (compatible; MJ12bot/v1.4.8; http://mj12bot.com/)"
107.172.169.91 - - [07/Jun/2026:00:08:32 +0200] "GET /wp-content/uploads/2023/11/BauFruta_refood_logorefood.jpg HTTP/1.1" 200 15333 "-" "Mozilla/5.0 (compatible; crawler)"
216.73.217.54 - - [07/Jun/2026:00:08:33 +0200] "GET /loja/page/2/?add-to-cart=2041&doing_wp_cron=1699032554.2910571098327636718750&orderby=date HTTP/1.1" 200 62936 "-" "Mozilla/5.0 AppleWebKit/537.36 (KHTML, like Gecko; compatible; ClaudeBot/1.0; +claudebot@anthropic.com)"
114.119.149.254 - - [07/Jun/2026:00:08:35 +0200] "GET /loja/page/6/?orderby=date&doing_wp_cron=1689736347.0757451057434082031250 HTTP/1.1" 200 60318 "https://www.baudefruta.pt/loja/page/6/?orderby=menu_order&doing_wp_cron=1689736347.0757451057434082031250" "Mozilla/5.0 (Linux; Android 7.0;) AppleWebKit/537.36 (HTML, like Gecko) Mobile Safari/537.36 (compatible; PetalBot;+https://webmaster.petalsearch.com/site/petalbot)"
216.73.217.54 - - [07/Jun/2026:00:08:36 +0200] "GET /loja/page/2/?add-to-cart=411&doing_wp_cron=1749500398.4001810550689697265625&orderby=popularity HTTP/1.1" 200 63246 "-" "Mozilla/5.0 AppleWebKit/537.36 (KHTML, like Gecko; compatible; ClaudeBot/1.0; +claudebot@anthropic.com)"
94.154.239.69 - - [07/Jun/2026:00:08:38 +0200] "GET /categoria-produto/frescos/?add-to-cart=4329&orderby=menu_order&doing_wp_cron=1780642700.6357009410858154296875 HTTP/1.1" 200 60594 "-" "Mozilla/5.0 (compatible; MJ12bot/v1.4.8; http://mj12bot.com/)"
216.73.217.54 - - [07/Jun/2026:00:08:39 +0200] "GET /loja/page/4/?add-to-cart=500&doing_wp_cron=1705054787.4118249416351318359375&orderby=menu_order HTTP/1.1" 200 63707 "-" "Mozilla/5.0 AppleWebKit/537.36 (KHTML, like Gecko; compatible; ClaudeBot/1.0; +claudebot@anthropic.com)"
216.73.217.54 - - [07/Jun/2026:00:08:42 +0200] "GET /loja/page/7/?add-to-cart=706&doing_wp_cron=1705054787.4118249416351318359375&orderby=popularity HTTP/1.1" 200 64151 "-" "Mozilla/5.0 AppleWebKit/537.36 (KHTML, like Gecko; compatible; ClaudeBot/1.0; +claudebot@anthropic.com)"
216.73.217.54 - - [07/Jun/2026:00:08:45 +0200] "GET /loja/page/4/?add-to-cart=600&doing_wp_cron=1724760408.5467429161071777343750&orderby=popularity HTTP/1.1" 200 63890 "-" "Mozilla/5.0 AppleWebKit/537.36 (KHTML, like Gecko; compatible; ClaudeBot/1.0; +claudebot@anthropic.com)"
94.154.239.69 - - [07/Jun/2026:00:08:45 +0200] "GET /categoria-produto/frescos/?add-to-cart=4329&orderby=menu_order&doing_wp_cron=1780648776.8648409843444824218750 HTTP/1.1" 200 60595 "-" "Mozilla/5.0 (compatible; MJ12bot/v1.4.8; http://mj12bot.com/)"
216.73.217.54 - - [07/Jun/2026:00:08:48 +0200] "GET /loja/page/3/?add-to-cart=1728&doing_wp_cron=1705054787.4118249416351318359375&orderby=menu_order HTTP/1.1" 200 63790 "-" "Mozilla/5.0 AppleWebKit/537.36 (KHTML, like Gecko; compatible; ClaudeBot/1.0; +claudebot@anthropic.com)"
94.154.239.69 - - [07/Jun/2026:00:08:50 +0200] "GET /categoria-produto/frescos/?add-to-cart=4329&orderby=popularity&doing_wp_cron=1780642700.6357009410858154296875 HTTP/1.1" 200 60595 "-" "Mozilla/5.0 (compatible; MJ12bot/v1.4.8; http://mj12bot.com/)"
216.73.217.54 - - [07/Jun/2026:00:08:51 +0200] "GET /loja/page/4/?add-to-cart=901&doing_wp_cron=1758569056.8537590503692626953125&orderby=date HTTP/1.1" 200 64576 "-" "Mozilla/5.0 AppleWebKit/537.36 (KHTML, like Gecko; compatible; ClaudeBot/1.0; +claudebot@anthropic.com)"
216.73.217.54 - - [07/Jun/2026:00:08:54 +0200] "GET /loja/page/7/?add-to-cart=670&doing_wp_cron=1758569056.8537590503692626953125&orderby=date HTTP/1.1" 200 64527 "-" "Mozilla/5.0 AppleWebKit/537.36 (KHTML, like Gecko; compatible; ClaudeBot/1.0; +claudebot@anthropic.com)"
216.73.217.54 - - [07/Jun/2026:00:08:56 +0200] "GET /categoria-produto/mercearia/page/3/?add-to-cart=1986&orderby=price-desc HTTP/1.1" 302 11 "-" "Mozilla/5.0 AppleWebKit/537.36 (KHTML, like Gecko; compatible; ClaudeBot/1.0; +claudebot@anthropic.com)"
94.154.239.69 - - [07/Jun/2026:00:08:57 +0200] "GET /categoria-produto/frescos/?add-to-cart=4329&orderby=popularity&doing_wp_cron=1780648776.8648409843444824218750 HTTP/1.1" 200 60600 "-" "Mozilla/5.0 (compatible; MJ12bot/v1.4.8; http://mj12bot.com/)"
216.73.217.54 - - [07/Jun/2026:00:08:57 +0200] "GET /categoria-produto/mercearia/page/3/?add-to-cart=1986&orderby=price-desc&doing_wp_cron=1780783736.4496419429779052734375 HTTP/1.1" 200 64792 "https://www.baudefruta.pt/categoria-produto/mercearia/page/3/?add-to-cart=1986&orderby=price-desc" "Mozilla/5.0 AppleWebKit/537.36 (KHTML, like Gecko; compatible; ClaudeBot/1.0; +claudebot@anthropic.com)"
216.73.217.54 - - [07/Jun/2026:00:09:00 +0200] "GET /loja/page/4/?add-to-cart=454&doing_wp_cron=1705054787.4118249416351318359375&orderby=menu_order HTTP/1.1" 200 65123 "-" "Mozilla/5.0 AppleWebKit/537.36 (KHTML, like Gecko; compatible; ClaudeBot/1.0; +claudebot@anthropic.com)"
94.154.239.69 - - [07/Jun/2026:00:09:03 +0200] "GET /categoria-produto/frescos/?add-to-cart=4329&orderby=price&doing_wp_cron=1780642700.6357009410858154296875 HTTP/1.1" 200 60592 "-" "Mozilla/5.0 (compatible; MJ12bot/v1.4.8; http://mj12bot.com/)"
216.73.217.54 - - [07/Jun/2026:00:09:04 +0200] "GET /loja/page/3/?add-to-cart=532&doing_wp_cron=1703787820.8273739814758300781250&orderby=menu_order HTTP/1.1" 200 64738 "-" "Mozilla/5.0 AppleWebKit/537.36 (KHTML, like Gecko; compatible; ClaudeBot/1.0; +claudebot@anthropic.com)"
216.73.217.54 - - [07/Jun/2026:00:09:06 +0200] "GET /loja/?add-to-cart=1983&doing_wp_cron=1759043873.1749200820922851562500&orderby=price-desc HTTP/1.1" 200 65640 "-" "Mozilla/5.0 AppleWebKit/537.36 (KHTML, like Gecko; compatible; ClaudeBot/1.0; +claudebot@anthropic.com)"
216.73.217.54 - - [07/Jun/2026:00:09:09 +0200] "GET /loja/page/4/?add-to-cart=4230&doing_wp_cron=1758569056.8537590503692626953125&orderby=date HTTP/1.1" 200 65655 "-" "Mozilla/5.0 AppleWebKit/537.36 (KHTML, like Gecko; compatible; ClaudeBot/1.0; +claudebot@anthropic.com)"
94.154.239.69 - - [07/Jun/2026:00:09:09 +0200] "GET /categoria-produto/frescos/?add-to-cart=4329&orderby=price-desc&doing_wp_cron=1780744283.5031809806823730468750 HTTP/1.1" 200 60802 "-" "Mozilla/5.0 (compatible; MJ12bot/v1.4.8; http://mj12bot.com/)"
216.73.217.54 - - [07/Jun/2026:00:09:12 +0200] "GET /loja/page/8/?add-to-cart=2008&doing_wp_cron=1705054787.4118249416351318359375&orderby=popularity HTTP/1.1" 200 66069 "-" "Mozilla/5.0 AppleWebKit/537.36 (KHTML, like Gecko; compatible; ClaudeBot/1.0; +claudebot@anthropic.com)"
94.154.239.69 - - [07/Jun/2026:00:09:15 +0200] "GET /categoria-produto/frescos/?add-to-cart=4329&orderby=price-desc&doing_wp_cron=1780744333.9297740459442138671875 HTTP/1.1" 200 60803 "-" "Mozilla/5.0 (compatible; MJ12bot/v1.4.8; http://mj12bot.com/)"
216.73.217.54 - - [07/Jun/2026:00:09:15 +0200] "GET /loja/page/2/?add-to-cart=439&doing_wp_cron=1703787820.8273739814758300781250&orderby=menu_order HTTP/1.1" 200 65848 "-" "Mozilla/5.0 AppleWebKit/537.36 (KHTML, like Gecko; compatible; ClaudeBot/1.0; +claudebot@anthropic.com)"
216.73.217.54 - - [07/Jun/2026:00:09:18 +0200] "GET /loja/page/7/?add-to-cart=935&doing_wp_cron=1705054787.4118249416351318359375&orderby=popularity HTTP/1.1" 200 66416 "-" "Mozilla/5.0 AppleWebKit/537.36 (KHTML, like Gecko; compatible; ClaudeBot/1.0; +claudebot@anthropic.com)"
94.154.239.69 - - [07/Jun/2026:00:09:21 +0200] "GET /categoria-produto/frescos/?add-to-cart=4329&orderby=price-desc&doing_wp_cron=1780744436.3482849597930908203125 HTTP/1.1" 200 60809 "-" "Mozilla/5.0 (compatible; MJ12bot/v1.4.8; http://mj12bot.com/)"
216.73.217.54 - - [07/Jun/2026:00:09:21 +0200] "GET /loja/page/10/?add-to-cart=733&doing_wp_cron=1765642876.6927409172058105468750&orderby=popularity HTTP/1.1" 200 66610 "-" "Mozilla/5.0 AppleWebKit/537.36 (KHTML, like Gecko; compatible; ClaudeBot/1.0; +claudebot@anthropic.com)"
216.73.217.54 - - [07/Jun/2026:00:09:24 +0200] "GET /loja/page/11/?doing_wp_cron=1780690795.7148249149322509765625&orderby=menu_order HTTP/1.1" 200 59879 "-" "Mozilla/5.0 AppleWebKit/537.36 (KHTML, like Gecko; compatible; ClaudeBot/1.0; +claudebot@anthropic.com)"
94.154.239.69 - - [07/Jun/2026:00:09:26 +0200] "GET /categoria-produto/frescos/?add-to-cart=433&orderby=date&doing_wp_cron=1780641151.2708849906921386718750 HTTP/1.1" 200 60770 "-" "Mozilla/5.0 (compatible; MJ12bot/v1.4.8; http://mj12bot.com/)"
57.141.20.27 - - [07/Jun/2026:00:09:27 +0200] "GET /carrinho/?remove_item=d278df4919453195d221030324127a0e&_wpnonce=70908356bb HTTP/1.1" 302 11 "-" "meta-externalagent/1.1 (+https://developers.facebook.com/docs/sharing/webmasters/crawler)"
216.73.217.54 - - [07/Jun/2026:00:09:27 +0200] "GET /loja/page/11/?doing_wp_cron=1780623490.7334430217742919921875&orderby=date HTTP/1.1" 200 59409 "-" "Mozilla/5.0 AppleWebKit/537.36 (KHTML, like Gecko; compatible; ClaudeBot/1.0; +claudebot@anthropic.com)"
216.73.217.54 - - [07/Jun/2026:00:09:30 +0200] "GET /loja/page/8/?doing_wp_cron=1780496838.3491590023040771484375&orderby=menu_order HTTP/1.1" 200 60359 "-" "Mozilla/5.0 AppleWebKit/537.36 (KHTML, like Gecko; compatible; ClaudeBot/1.0; +claudebot@anthropic.com)"
94.154.239.69 - - [07/Jun/2026:00:09:31 +0200] "GET /categoria-produto/frescos/?add-to-cart=433&orderby=date&doing_wp_cron=1780648776.8648409843444824218750 HTTP/1.1" 200 60767 "-" "Mozilla/5.0 (compatible; MJ12bot/v1.4.8; http://mj12bot.com/)"
216.73.217.54 - - [07/Jun/2026:00:09:33 +0200] "GET /loja/page/11/?doing_wp_cron=1780680087.3789279460906982421875&orderby=menu_order HTTP/1.1" 200 59887 "-" "Mozilla/5.0 AppleWebKit/537.36 (KHTML, like Gecko; compatible; ClaudeBot/1.0; +claudebot@anthropic.com)"
216.73.217.54 - - [07/Jun/2026:00:09:36 +0200] "GET /loja/page/10/?doing_wp_cron=1780410981.3310050964355468750000&orderby=popularity HTTP/1.1" 200 60912 "-" "Mozilla/5.0 AppleWebKit/537.36 (KHTML, like Gecko; compatible; ClaudeBot/1.0; +claudebot@anthropic.com)"
94.154.239.69 - - [07/Jun/2026:00:09:37 +0200] "GET /categoria-produto/frescos/?add-to-cart=433&orderby=menu_order&doing_wp_cron=1780641151.2708849906921386718750 HTTP/1.1" 200 60625 "-" "Mozilla/5.0 (compatible; MJ12bot/v1.4.8; http://mj12bot.com/)"
216.73.217.54 - - [07/Jun/2026:00:09:39 +0200] "GET /loja/page/2/?doing_wp_cron=1780575383.4784491062164306640625&orderby=popularity HTTP/1.1" 200 60340 "-" "Mozilla/5.0 AppleWebKit/537.36 (KHTML, like Gecko; compatible; ClaudeBot/1.0; +claudebot@anthropic.com)"
85.246.85.173 - - [07/Jun/2026:00:09:40 +0200] "GET /?utm_medium=paid&utm_source=ig&utm_id=120245538772870644&utm_content=120245538772890644&utm_term=120245538772880644&utm_campaign=120245538772870644&fbclid=PAZXh0bgNhZW0BMABhZGlkAasyrjbZ70RzcnRjBmFwcF9pZA8xMjQwMjQ1NzQyODc0MTQAAad3cqDX0Lu93IoR682Mh2HaESqEawMHSUk4PsGqyqq-R_btq0KESU0zjEmKhQ_aem_Hepo2cKw5XgMmMQ6xY4Tbw HTTP/1.1" 200 63271 "https://instagram.com/" "Mozilla/5.0 (iPhone; CPU iPhone OS 26_5 like Mac OS X) AppleWebKit/605.1.15 (KHTML, like Gecko) Mobile/23F77 Instagram 432.0.0.27.62 (iPhone16,2; iOS 26_5; pt_PT; pt-PT; scale=3.00; 1290x2796; IABMV/1; 983743279) NW/7 Safari/604.1"
85.246.85.173 - - [07/Jun/2026:00:09:40 +0200] "GET /wp-content/plugins/woocommerce/assets/client/blocks/wc-blocks.css?ver=wc-10.2.2 HTTP/1.1" 200 2673 "https://www.baudefruta.pt/?utm_medium=paid&utm_source=ig&utm_id=120245538772870644&utm_content=120245538772890644&utm_term=120245538772880644&utm_campaign=120245538772870644&fbclid=PAZXh0bgNhZW0BMABhZGlkAasyrjbZ70RzcnRjBmFwcF9pZA8xMjQwMjQ1NzQyODc0MTQAAad3cqDX0Lu93IoR682Mh2HaESqEawMHSUk4PsGqyqq-R_btq0KESU0zjEmKhQ_aem_Hepo2cKw5XgMmMQ6xY4Tbw" "Mozilla/5.0 (iPhone; CPU iPhone OS 26_5 like Mac OS X) AppleWebKit/605.1.15 (KHTML, like Gecko) Mobile/23F77 Instagram 432.0.0.27.62 (iPhone16,2; iOS 26_5; pt_PT; pt-PT; scale=3.00; 1290x2796; IABMV/1; 983743279) NW/7 Safari/604.1"
85.246.85.173 - - [07/Jun/2026:00:09:40 +0200] "GET /wp-includes/css/dist/components/style.min.css?ver=6.9.1 HTTP/1.1" 200 14528 "https://www.baudefruta.pt/?utm_medium=paid&utm_source=ig&utm_id=120245538772870644&utm_content=120245538772890644&utm_term=120245538772880644&utm_campaign=120245538772870644&fbclid=PAZXh0bgNhZW0BMABhZGlkAasyrjbZ70RzcnRjBmFwcF9pZA8xMjQwMjQ1NzQyODc0MTQAAad3cqDX0Lu93IoR682Mh2HaESqEawMHSUk4PsGqyqq-R_btq0KESU0zjEmKhQ_aem_Hepo2cKw5XgMmMQ6xY4Tbw" "Mozilla/5.0 (iPhone; CPU iPhone OS 26_5 like Mac OS X) AppleWebKit/605.1.15 (KHTML, like Gecko) Mobile/23F77 Instagram 432.0.0.27.62 (iPhone16,2; iOS 26_5; pt_PT; pt-PT; scale=3.00; 1290x2796; IABMV/1; 983743279) NW/7 Safari/604.1"
85.246.85.173 - - [07/Jun/2026:00:09:40 +0200] "GET /wp-content/plugins/smart-marketing-for-wp/public/css/egoi-for-wp-public.css?ver=5.1.11 HTTP/1.1" 200 1173 "https://www.baudefruta.pt/?utm_medium=paid&utm_source=ig&utm_id=120245538772870644&utm_content=120245538772890644&utm_term=120245538772880644&utm_campaign=120245538772870644&fbclid=PAZXh0bgNhZW0BMABhZGlkAasyrjbZ70RzcnRjBmFwcF9pZA8xMjQwMjQ1NzQyODc0MTQAAad3cqDX0Lu93IoR682Mh2HaESqEawMHSUk4PsGqyqq-R_btq0KESU0zjEmKhQ_aem_Hepo2cKw5XgMmMQ6xY4Tbw" "Mozilla/5.0 (iPhone; CPU iPhone OS 26_5 like Mac OS X) AppleWebKit/605.1.15 (KHTML, like Gecko) Mobile/23F77 Instagram 432.0.0.27.62 (iPhone16,2; iOS 26_5; pt_PT; pt-PT; scale=3.00; 1290x2796; IABMV/1; 983743279) NW/7 Safari/604.1"
85.246.85.173 - - [07/Jun/2026:00:09:40 +0200] "GET /wp-content/plugins/woo-keyinvoice-integration/public/css/woo-keyinvoice-integration-public.css?ver=1.0.0 HTTP/1.1" 200 98 "https://www.baudefruta.pt/?utm_medium=paid&utm_source=ig&utm_id=120245538772870644&utm_content=120245538772890644&utm_term=120245538772880644&utm_campaign=120245538772870644&fbclid=PAZXh0bgNhZW0BMABhZGlkAasyrjbZ70RzcnRjBmFwcF9pZA8xMjQwMjQ1NzQyODc0MTQAAad3cqDX0Lu93IoR682Mh2HaESqEawMHSUk4PsGqyqq-R_btq0KESU0zjEmKhQ_aem_Hepo2cKw5XgMmMQ6xY4Tbw" "Mozilla/5.0 (iPhone; CPU iPhone OS 26_5 like Mac OS X) AppleWebKit/605.1.15 (KHTML, like Gecko) Mobile/23F77 Instagram 432.0.0.27.62 (iPhone16,2; iOS 26_5; pt_PT; pt-PT; scale=3.00; 1290x2796; IABMV/1; 983743279) NW/7 Safari/604.1"
85.246.85.173 - - [07/Jun/2026:00:09:40 +0200] "GET /wp-content/plugins/woocommerce-products-filter/css/front.css?ver=2.2.9.4 HTTP/1.1" 200 5063 "https://www.baudefruta.pt/?utm_medium=paid&utm_source=ig&utm_id=120245538772870644&utm_content=120245538772890644&utm_term=120245538772880644&utm_campaign=120245538772870644&fbclid=PAZXh0bgNhZW0BMABhZGlkAasyrjbZ70RzcnRjBmFwcF9pZA8xMjQwMjQ1NzQyODc0MTQAAad3cqDX0Lu93IoR682Mh2HaESqEawMHSUk4PsGqyqq-R_btq0KESU0zjEmKhQ_aem_Hepo2cKw5XgMmMQ6xY4Tbw" "Mozilla/5.0 (iPhone; CPU iPhone OS 26_5 like Mac OS X) AppleWebKit/605.1.15 (KHTML, like Gecko) Mobile/23F77 Instagram 432.0.0.27.62 (iPhone16,2; iOS 26_5; pt_PT; pt-PT; scale=3.00; 1290x2796; IABMV/1; 983743279) NW/7 Safari/604.1"
85.246.85.173 - - [07/Jun/2026:00:09:40 +0200] "GET /wp-content/plugins/woocommerce-products-filter/js/chosen/chosen.min.css?ver=2.2.9.4 HTTP/1.1" 200 2141 "https://www.baudefruta.pt/?utm_medium=paid&utm_source=ig&utm_id=120245538772870644&utm_content=120245538772890644&utm_term=120245538772880644&utm_campaign=120245538772870644&fbclid=PAZXh0bgNhZW0BMABhZGlkAasyrjbZ70RzcnRjBmFwcF9pZA8xMjQwMjQ1NzQyODc0MTQAAad3cqDX0Lu93IoR682Mh2HaESqEawMHSUk4PsGqyqq-R_btq0KESU0zjEmKhQ_aem_Hepo2cKw5XgMmMQ6xY4Tbw" "Mozilla/5.0 (iPhone; CPU iPhone OS 26_5 like Mac OS X) AppleWebKit/605.1.15 (KHTML, like Gecko) Mobile/23F77 Instagram 432.0.0.27.62 (iPhone16,2; iOS 26_5; pt_PT; pt-PT; scale=3.00; 1290x2796; IABMV/1; 983743279) NW/7 Safari/604.1"
85.246.85.173 - - [07/Jun/2026:00:09:40 +0200] "GET /wp-includes/css/dist/preferences/style.min.css?ver=6.9.1 HTTP/1.1" 200 1003 "https://www.baudefruta.pt/?utm_medium=paid&utm_source=ig&utm_id=120245538772870644&utm_content=120245538772890644&utm_term=120245538772880644&utm_campaign=120245538772870644&fbclid=PAZXh0bgNhZW0BMABhZGlkAasyrjbZ70RzcnRjBmFwcF9pZA8xMjQwMjQ1NzQyODc0MTQAAad3cqDX0Lu93IoR682Mh2HaESqEawMHSUk4PsGqyqq-R_btq0KESU0zjEmKhQ_aem_Hepo2cKw5XgMmMQ6xY4Tbw" "Mozilla/5.0 (iPhone; CPU iPhone OS 26_5 like Mac OS X) AppleWebKit/605.1.15 (KHTML, like Gecko) Mobile/23F77 Instagram 432.0.0.27.62 (iPhone16,2; iOS 26_5; pt_PT; pt-PT; scale=3.00; 1290x2796; IABMV/1; 983743279) NW/7 Safari/604.1"
85.246.85.173 - - [07/Jun/2026:00:09:40 +0200] "GET /wp-includes/css/dist/block-editor/style.min.css?ver=6.9.1 HTTP/1.1" 200 16976 "https://www.baudefruta.pt/?utm_medium=paid&utm_source=ig&utm_id=120245538772870644&utm_content=120245538772890644&utm_term=120245538772880644&utm_campaign=120245538772870644&fbclid=PAZXh0bgNhZW0BMABhZGlkAasyrjbZ70RzcnRjBmFwcF9pZA8xMjQwMjQ1NzQyODc0MTQAAad3cqDX0Lu93IoR682Mh2HaESqEawMHSUk4PsGqyqq-R_btq0KESU0zjEmKhQ_aem_Hepo2cKw5XgMmMQ6xY4Tbw" "Mozilla/5.0 (iPhone; CPU iPhone OS 26_5 like Mac OS X) AppleWebKit/605.1.15 (KHTML, like Gecko) Mobile/23F77 Instagram 432.0.0.27.62 (iPhone16,2; iOS 26_5; pt_PT; pt-PT; scale=3.00; 1290x2796; IABMV/1; 983743279) NW/7 Safari/604.1"
85.246.85.173 - - [07/Jun/2026:00:09:40 +0200] "GET /wp-content/plugins/popup-maker/dist/packages/block-library-style.css?ver=dbea705cfafe089d65f1 HTTP/1.1" 200 1127 "https://www.baudefruta.pt/?utm_medium=paid&utm_source=ig&utm_id=120245538772870644&utm_content=120245538772890644&utm_term=120245538772880644&utm_campaign=120245538772870644&fbclid=PAZXh0bgNhZW0BMABhZGlkAasyrjbZ70RzcnRjBmFwcF9pZA8xMjQwMjQ1NzQyODc0MTQAAad3cqDX0Lu93IoR682Mh2HaESqEawMHSUk4PsGqyqq-R_btq0KESU0zjEmKhQ_aem_Hepo2cKw5XgMmMQ6xY4Tbw" "Mozilla/5.0 (iPhone; CPU iPhone OS 26_5 like Mac OS X) AppleWebKit/605.1.15 (KHTML, like Gecko) Mobile/23F77 Instagram 432.0.0.27.62 (iPhone16,2; iOS 26_5; pt_PT; pt-PT; scale=3.00; 1290x2796; IABMV/1; 983743279) NW/7 Safari/604.1"
85.246.85.173 - - [07/Jun/2026:00:09:40 +0200] "GET /wp-includes/css/dashicons.min.css?ver=6.9.1 HTTP/1.1" 200 35766 "https://www.baudefruta.pt/?utm_medium=paid&utm_source=ig&utm_id=120245538772870644&utm_content=120245538772890644&utm_term=120245538772880644&utm_campaign=120245538772870644&fbclid=PAZXh0bgNhZW0BMABhZGlkAasyrjbZ70RzcnRjBmFwcF9pZA8xMjQwMjQ1NzQyODc0MTQAAad3cqDX0Lu93IoR682Mh2HaESqEawMHSUk4PsGqyqq-R_btq0KESU0zjEmKhQ_aem_Hepo2cKw5XgMmMQ6xY4Tbw" "Mozilla/5.0 (iPhone; CPU iPhone OS 26_5 like Mac OS X) AppleWebKit/605.1.15 (KHTML, like Gecko) Mobile/23F77 Instagram 432.0.0.27.62 (iPhone16,2; iOS 26_5; pt_PT; pt-PT; scale=3.00; 1290x2796; IABMV/1; 983743279) NW/7 Safari/604.1"
85.246.85.173 - - [07/Jun/2026:00:09:40 +0200] "GET /wp-content/plugins/woocommerce/assets/css/brands.css?ver=10.2.2 HTTP/1.1" 200 699 "https://www.baudefruta.pt/?utm_medium=paid&utm_source=ig&utm_id=120245538772870644&utm_content=120245538772890644&utm_term=120245538772880644&utm_campaign=120245538772870644&fbclid=PAZXh0bgNhZW0BMABhZGlkAasyrjbZ70RzcnRjBmFwcF9pZA8xMjQwMjQ1NzQyODc0MTQAAad3cqDX0Lu93IoR682Mh2HaESqEawMHSUk4PsGqyqq-R_btq0KESU0zjEmKhQ_aem_Hepo2cKw5XgMmMQ6xY4Tbw" "Mozilla/5.0 (iPhone; CPU iPhone OS 26_5 like Mac OS X) AppleWebKit/605.1.15 (KHTML, like Gecko) Mobile/23F77 Instagram 432.0.0.27.62 (iPhone16,2; iOS 26_5; pt_PT; pt-PT; scale=3.00; 1290x2796; IABMV/1; 983743279) NW/7 Safari/604.1"
85.246.85.173 - - [07/Jun/2026:00:09:40 +0200] "GET /wp-content/plugins/custom-page-templates/assets/css/acf-google-maps.css?ver=3.1.1 HTTP/1.1" 200 283 "https://www.baudefruta.pt/?utm_medium=paid&utm_source=ig&utm_id=120245538772870644&utm_content=120245538772890644&utm_term=120245538772880644&utm_campaign=120245538772870644&fbclid=PAZXh0bgNhZW0BMABhZGlkAasyrjbZ70RzcnRjBmFwcF9pZA8xMjQwMjQ1NzQyODc0MTQAAad3cqDX0Lu93IoR682Mh2HaESqEawMHSUk4PsGqyqq-R_btq0KESU0zjEmKhQ_aem_Hepo2cKw5XgMmMQ6xY4Tbw" "Mozilla/5.0 (iPhone; CPU iPhone OS 26_5 like Mac OS X) AppleWebKit/605.1.15 (KHTML, like Gecko) Mobile/23F77 Instagram 432.0.0.27.62 (iPhone16,2; iOS 26_5; pt_PT; pt-PT; scale=3.00; 1290x2796; IABMV/1; 983743279) NW/7 Safari/604.1"
85.246.85.173 - - [07/Jun/2026:00:09:40 +0200] "GET /wp-content/plugins/custom-page-templates/assets/css/frontend.css?ver=3.1.1 HTTP/1.1" 200 187 "https://www.baudefruta.pt/?utm_medium=paid&utm_source=ig&utm_id=120245538772870644&utm_content=120245538772890644&utm_term=120245538772880644&utm_campaign=120245538772870644&fbclid=PAZXh0bgNhZW0BMABhZGlkAasyrjbZ70RzcnRjBmFwcF9pZA8xMjQwMjQ1NzQyODc0MTQAAad3cqDX0Lu93IoR682Mh2HaESqEawMHSUk4PsGqyqq-R_btq0KESU0zjEmKhQ_aem_Hepo2cKw5XgMmMQ6xY4Tbw" "Mozilla/5.0 (iPhone; CPU iPhone OS 26_5 like Mac OS X) AppleWebKit/605.1.15 (KHTML, like Gecko) Mobile/23F77 Instagram 432.0.0.27.62 (iPhone16,2; iOS 26_5; pt_PT; pt-PT; scale=3.00; 1290x2796; IABMV/1; 983743279) NW/7 Safari/604.1"
85.246.85.173 - - [07/Jun/2026:00:09:40 +0200] "GET /wp-content/plugins/dhvc-form/assets/fonts/font-awesome/css/font-awesome.min.css?ver=4.1.0 HTTP/1.1" 200 4747 "https://www.baudefruta.pt/?utm_medium=paid&utm_source=ig&utm_id=120245538772870644&utm_content=120245538772890644&utm_term=120245538772880644&utm_campaign=120245538772870644&fbclid=PAZXh0bgNhZW0BMABhZGlkAasyrjbZ70RzcnRjBmFwcF9pZA8xMjQwMjQ1NzQyODc0MTQAAad3cqDX0Lu93IoR682Mh2HaESqEawMHSUk4PsGqyqq-R_btq0KESU0zjEmKhQ_aem_Hepo2cKw5XgMmMQ6xY4Tbw" "Mozilla/5.0 (iPhone; CPU iPhone OS 26_5 like Mac OS X) AppleWebKit/605.1.15 (KHTML, like Gecko) Mobile/23F77 Instagram 432.0.0.27.62 (iPhone16,2; iOS 26_5; pt_PT; pt-PT; scale=3.00; 1290x2796; IABMV/1; 983743279) NW/7 Safari/604.1"
