216.73.217.54 - - [07/Jun/2026:00:33:22 +0200] "GET /loja/?add-to-cart=4338&doing_wp_cron=1780415098.0220060348510742187500&orderby=popularity HTTP/1.1" 200 62660 "-" "Mozilla/5.0 AppleWebKit/537.36 (KHTML, like Gecko; compatible; ClaudeBot/1.0; +claudebot@anthropic.com)"
178.16.52.137 - - [07/Jun/2026:00:33:25 +0200] "POST /wp-login.php?action=register HTTP/1.1" 403 146 "-" "-"
216.73.217.54 - - [07/Jun/2026:00:33:25 +0200] "GET /loja/page/5/?add-to-cart=793&doing_wp_cron=1780657689.1318700313568115234375&orderby=date HTTP/1.1" 200 63014 "-" "Mozilla/5.0 AppleWebKit/537.36 (KHTML, like Gecko; compatible; ClaudeBot/1.0; +claudebot@anthropic.com)"
216.73.217.54 - - [07/Jun/2026:00:33:28 +0200] "GET /produto/figo-seco-sem-farinha/?add-to-cart=628&doing_wp_cron=1780551178.6508100032806396484375 HTTP/1.1" 200 61187 "-" "Mozilla/5.0 AppleWebKit/537.36 (KHTML, like Gecko; compatible; ClaudeBot/1.0; +claudebot@anthropic.com)"
91.92.242.223 - - [07/Jun/2026:00:33:30 +0200] "POST /wp-login.php?action=register HTTP/1.1" 403 146 "-" "-"
216.73.217.54 - - [07/Jun/2026:00:33:31 +0200] "GET /produto/vinagre-de-sidra/?add-to-cart=1996&doing_wp_cron=1780467018.7120249271392822265625 HTTP/1.1" 200 61258 "-" "Mozilla/5.0 AppleWebKit/537.36 (KHTML, like Gecko; compatible; ClaudeBot/1.0; +claudebot@anthropic.com)"
216.73.217.54 - - [07/Jun/2026:00:33:34 +0200] "GET /loja/?add-to-cart=458&doing_wp_cron=1780066683.4503800868988037109375&orderby=date HTTP/1.1" 200 63352 "-" "Mozilla/5.0 AppleWebKit/537.36 (KHTML, like Gecko; compatible; ClaudeBot/1.0; +claudebot@anthropic.com)"
216.73.217.54 - - [07/Jun/2026:00:33:37 +0200] "GET /produto/groselha/?add-to-cart=528&doing_wp_cron=1780723460.0605258941650390625000 HTTP/1.1" 200 61580 "-" "Mozilla/5.0 AppleWebKit/537.36 (KHTML, like Gecko; compatible; ClaudeBot/1.0; +claudebot@anthropic.com)"
216.73.217.54 - - [07/Jun/2026:00:33:40 +0200] "GET /loja/?add-to-cart=494&doing_wp_cron=1780592637.0648500919342041015625&orderby=menu_order HTTP/1.1" 200 63685 "-" "Mozilla/5.0 AppleWebKit/537.36 (KHTML, like Gecko; compatible; ClaudeBot/1.0; +claudebot@anthropic.com)"
216.244.66.243 - - [07/Jun/2026:00:33:40 +0200] "GET /produto/pimento-vermelho/?add-to-cart=482 HTTP/1.1" 200 403397 "-" "Mozilla/5.0 (compatible; DotBot/1.2; +https://opensiteexplorer.org/dotbot; help@moz.com)"
114.119.149.254 - - [07/Jun/2026:00:33:43 +0200] "GET /loja/page/6/?doing_wp_cron=1779703860.0695960521697998046875&orderby=popularity HTTP/1.1" 200 60882 "https://www.baudefruta.pt/loja/page/7/?doing_wp_cron=1779703860.0695960521697998046875&orderby=popularity" "Mozilla/5.0 (Linux; Android 7.0;) AppleWebKit/537.36 (HTML, like Gecko) Mobile Safari/537.36 (compatible; PetalBot;+https://webmaster.petalsearch.com/site/petalbot)"
216.73.217.54 - - [07/Jun/2026:00:33:44 +0200] "GET /loja/?add-to-cart=530&doing_wp_cron=1780471578.9829709529876708984375&orderby=popularity HTTP/1.1" 200 60773 "-" "Mozilla/5.0 AppleWebKit/537.36 (KHTML, like Gecko; compatible; ClaudeBot/1.0; +claudebot@anthropic.com)"
135.181.213.219 - - [07/Jun/2026:00:33:44 +0200] "GET /carrinho/?remove_item=019d385eb67632a7e958e23f24bd07d7&_wpnonce=f74d6d9305 HTTP/1.1" 200 55557 "-" "Mozilla/5.0 (compatible; MJ12bot/v1.4.8; http://mj12bot.com/)"
216.73.217.54 - - [07/Jun/2026:00:33:47 +0200] "GET /loja/?add-to-cart=578&doing_wp_cron=1780454157.5789349079132080078125&orderby=popularity HTTP/1.1" 200 60943 "-" "Mozilla/5.0 AppleWebKit/537.36 (KHTML, like Gecko; compatible; ClaudeBot/1.0; +claudebot@anthropic.com)"
135.181.213.219 - - [07/Jun/2026:00:33:49 +0200] "GET /categoria-produto/frescos/?add-to-cart=472&orderby=date&doing_wp_cron=1780642700.6357009410858154296875 HTTP/1.1" 200 60759 "-" "Mozilla/5.0 (compatible; MJ12bot/v1.4.8; http://mj12bot.com/)"
216.73.217.54 - - [07/Jun/2026:00:33:49 +0200] "GET /produto/ovos-cal-l-2/?add-to-cart=470&doing_wp_cron=1780438458.2095379829406738281250 HTTP/1.1" 200 59593 "-" "Mozilla/5.0 AppleWebKit/537.36 (KHTML, like Gecko; compatible; ClaudeBot/1.0; +claudebot@anthropic.com)"
216.73.217.54 - - [07/Jun/2026:00:33:52 +0200] "GET /loja/page/5/?add-to-cart=879&doing_wp_cron=1780489939.7494440078735351562500&orderby=menu_order HTTP/1.1" 200 61658 "-" "Mozilla/5.0 AppleWebKit/537.36 (KHTML, like Gecko; compatible; ClaudeBot/1.0; +claudebot@anthropic.com)"
135.181.213.219 - - [07/Jun/2026:00:33:54 +0200] "GET /categoria-produto/frescos/?add-to-cart=472&orderby=price&doing_wp_cron=1780642700.6357009410858154296875 HTTP/1.1" 200 60607 "-" "Mozilla/5.0 (compatible; MJ12bot/v1.4.8; http://mj12bot.com/)"
216.73.217.54 - - [07/Jun/2026:00:33:55 +0200] "GET /loja/page/10/?add-to-cart=488&doing_wp_cron=1780577720.8370680809020996093750&orderby=popularity HTTP/1.1" 200 62435 "-" "Mozilla/5.0 AppleWebKit/537.36 (KHTML, like Gecko; compatible; ClaudeBot/1.0; +claudebot@anthropic.com)"
57.141.20.2 - - [07/Jun/2026:00:33:57 +0200] "GET /product-sitemap2.xml?doing_wp_cron=1767866490.7748990058898925781250 HTTP/1.1" 200 8350 "-" "meta-externalagent/1.1 (+https://developers.facebook.com/docs/sharing/webmasters/crawler)"
178.16.52.137 - - [07/Jun/2026:00:33:58 +0200] "POST /wp-login.php?action=register HTTP/1.1" 403 146 "-" "-"
216.73.217.54 - - [07/Jun/2026:00:33:58 +0200] "GET /produto/oleo-fula-1l/?add-to-cart=782&doing_wp_cron=1780723942.8897700309753417968750 HTTP/1.1" 200 60521 "-" "Mozilla/5.0 AppleWebKit/537.36 (KHTML, like Gecko; compatible; ClaudeBot/1.0; +claudebot@anthropic.com)"
135.181.213.219 - - [07/Jun/2026:00:33:59 +0200] "GET /categoria-produto/frescos/?add-to-cart=472&orderby=price&doing_wp_cron=1780648776.8648409843444824218750 HTTP/1.1" 200 60610 "-" "Mozilla/5.0 (compatible; MJ12bot/v1.4.8; http://mj12bot.com/)"
47.82.15.184 - - [07/Jun/2026:00:34:00 +0200] "GET /produto/feijao-vermelho-cozido/?add-to-cart=1983 HTTP/1.1" 200 59365 "-" "Mozilla/5.0 (Macintosh; Intel Mac OS X 10_15_7) AppleWebKit/537.36 (KHTML, like Gecko) Chrome/146.0.0.0 Safari/537.36"
216.244.66.243 - - [07/Jun/2026:00:34:02 +0200] "GET /produto/pinhao-sem-pele-1a/?add-to-cart=889 HTTP/1.1" 200 403623 "-" "Mozilla/5.0 (compatible; DotBot/1.2; +https://opensiteexplorer.org/dotbot; help@moz.com)"
216.73.217.54 - - [07/Jun/2026:00:34:02 +0200] "GET /loja/page/2/?add-to-cart=444&doing_wp_cron=1780712528.4456300735473632812500&orderby=menu_order HTTP/1.1" 200 62388 "-" "Mozilla/5.0 AppleWebKit/537.36 (KHTML, like Gecko; compatible; ClaudeBot/1.0; +claudebot@anthropic.com)"
135.181.213.219 - - [07/Jun/2026:00:34:04 +0200] "GET /categoria-produto/frescos/?add-to-cart=472&orderby=price-desc&doing_wp_cron=1780744275.6665918827056884765625 HTTP/1.1" 200 60828 "-" "Mozilla/5.0 (compatible; MJ12bot/v1.4.8; http://mj12bot.com/)"
216.73.217.54 - - [07/Jun/2026:00:34:05 +0200] "GET /loja/page/10/?add-to-cart=507&doing_wp_cron=1780577720.8370680809020996093750&orderby=popularity HTTP/1.1" 200 62975 "-" "Mozilla/5.0 AppleWebKit/537.36 (KHTML, like Gecko; compatible; ClaudeBot/1.0; +claudebot@anthropic.com)"
216.73.217.54 - - [07/Jun/2026:00:34:08 +0200] "GET /loja/page/5/?add-to-cart=889&doing_wp_cron=1780553398.6100089550018310546875&orderby=menu_order HTTP/1.1" 200 62664 "-" "Mozilla/5.0 AppleWebKit/537.36 (KHTML, like Gecko; compatible; ClaudeBot/1.0; +claudebot@anthropic.com)"
135.181.213.219 - - [07/Jun/2026:00:34:09 +0200] "GET /categoria-produto/frescos/?add-to-cart=472&orderby=price-desc&doing_wp_cron=1780744283.5031809806823730468750 HTTP/1.1" 200 60828 "-" "Mozilla/5.0 (compatible; MJ12bot/v1.4.8; http://mj12bot.com/)"
216.73.217.54 - - [07/Jun/2026:00:34:11 +0200] "GET /loja/page/2/?add-to-cart=567&doing_wp_cron=1780505541.2122659683227539062500&orderby=menu_order HTTP/1.1" 200 63029 "-" "Mozilla/5.0 AppleWebKit/537.36 (KHTML, like Gecko; compatible; ClaudeBot/1.0; +claudebot@anthropic.com)"
135.181.213.219 - - [07/Jun/2026:00:34:13 +0200] "GET /categoria-produto/frescos/?add-to-cart=472&orderby=price-desc&doing_wp_cron=1780744333.9297740459442138671875 HTTP/1.1" 200 60816 "-" "Mozilla/5.0 (compatible; MJ12bot/v1.4.8; http://mj12bot.com/)"
216.73.217.54 - - [07/Jun/2026:00:34:14 +0200] "GET /loja/page/6/?add-to-cart=793&doing_wp_cron=1780208025.6175029277801513671875&orderby=menu_order HTTP/1.1" 200 63067 "-" "Mozilla/5.0 AppleWebKit/537.36 (KHTML, like Gecko; compatible; ClaudeBot/1.0; +claudebot@anthropic.com)"
216.73.217.54 - - [07/Jun/2026:00:34:17 +0200] "GET /loja/page/2/?add-to-cart=2042&doing_wp_cron=1780298590.2811610698699951171875&orderby=menu_order HTTP/1.1" 200 63491 "-" "Mozilla/5.0 AppleWebKit/537.36 (KHTML, like Gecko; compatible; ClaudeBot/1.0; +claudebot@anthropic.com)"
135.181.213.219 - - [07/Jun/2026:00:34:18 +0200] "GET /categoria-produto/frescos/?add-to-cart=472&orderby=price-desc&doing_wp_cron=1780744436.3482849597930908203125 HTTP/1.1" 200 60827 "-" "Mozilla/5.0 (compatible; MJ12bot/v1.4.8; http://mj12bot.com/)"
216.244.66.243 - - [07/Jun/2026:00:34:20 +0200] "GET /produto/sal-fino-vatel-250g/?add-to-cart=741 HTTP/1.1" 302 11 "-" "Mozilla/5.0 (compatible; DotBot/1.2; +https://opensiteexplorer.org/dotbot; help@moz.com)"
216.73.217.54 - - [07/Jun/2026:00:34:23 +0200] "GET /produto/miolo-de-noz/?add-to-cart=771&doing_wp_cron=1780486698.9647560119628906250000 HTTP/1.1" 200 59175 "-" "Mozilla/5.0 AppleWebKit/537.36 (KHTML, like Gecko; compatible; ClaudeBot/1.0; +claudebot@anthropic.com)"
135.181.213.219 - - [07/Jun/2026:00:34:23 +0200] "GET /categoria-produto/frescos/?add-to-cart=474&orderby=date&doing_wp_cron=1780642700.6357009410858154296875 HTTP/1.1" 200 60743 "-" "Mozilla/5.0 (compatible; MJ12bot/v1.4.8; http://mj12bot.com/)"
216.73.217.54 - - [07/Jun/2026:00:34:26 +0200] "GET /loja/page/2/?add-to-cart=602&doing_wp_cron=1780319098.8176429271697998046875&orderby=menu_order HTTP/1.1" 200 61515 "-" "Mozilla/5.0 AppleWebKit/537.36 (KHTML, like Gecko; compatible; ClaudeBot/1.0; +claudebot@anthropic.com)"
135.181.213.219 - - [07/Jun/2026:00:34:28 +0200] "GET /categoria-produto/frescos/?add-to-cart=474&orderby=date&doing_wp_cron=1780648776.8648409843444824218750 HTTP/1.1" 200 60742 "-" "Mozilla/5.0 (compatible; MJ12bot/v1.4.8; http://mj12bot.com/)"
216.73.217.54 - - [07/Jun/2026:00:34:29 +0200] "GET /loja/page/9/?add-to-cart=2037&doing_wp_cron=1780247694.3308169841766357421875&orderby=menu_order HTTP/1.1" 200 61628 "-" "Mozilla/5.0 AppleWebKit/537.36 (KHTML, like Gecko; compatible; ClaudeBot/1.0; +claudebot@anthropic.com)"
216.73.217.54 - - [07/Jun/2026:00:34:32 +0200] "GET /loja/page/2/?add-to-cart=411&doing_wp_cron=1780496817.3441560268402099609375&orderby=popularity HTTP/1.1" 200 61731 "-" "Mozilla/5.0 AppleWebKit/537.36 (KHTML, like Gecko; compatible; ClaudeBot/1.0; +claudebot@anthropic.com)"
135.181.213.219 - - [07/Jun/2026:00:34:33 +0200] "GET /categoria-produto/frescos/?add-to-cart=474&orderby=menu_order&doing_wp_cron=1780642700.6357009410858154296875 HTTP/1.1" 200 60613 "-" "Mozilla/5.0 (compatible; MJ12bot/v1.4.8; http://mj12bot.com/)"
216.73.217.54 - - [07/Jun/2026:00:34:35 +0200] "GET /loja/page/10/?add-to-cart=698&doing_wp_cron=1780268890.7532269954681396484375&orderby=menu_order HTTP/1.1" 200 62270 "-" "Mozilla/5.0 AppleWebKit/537.36 (KHTML, like Gecko; compatible; ClaudeBot/1.0; +claudebot@anthropic.com)"
216.73.217.54 - - [07/Jun/2026:00:34:38 +0200] "GET /produto/amendoim-mel-e-sal/?add-to-cart=706&doing_wp_cron=1780723508.1528420448303222656250 HTTP/1.1" 200 60304 "-" "Mozilla/5.0 AppleWebKit/537.36 (KHTML, like Gecko; compatible; ClaudeBot/1.0; +claudebot@anthropic.com)"
135.181.213.219 - - [07/Jun/2026:00:34:38 +0200] "GET /categoria-produto/frescos/?add-to-cart=474&orderby=menu_order&doing_wp_cron=1780648776.8648409843444824218750 HTTP/1.1" 200 60611 "-" "Mozilla/5.0 (compatible; MJ12bot/v1.4.8; http://mj12bot.com/)"
216.244.66.243 - - [07/Jun/2026:00:34:39 +0200] "GET /produto/tomilho-em-saqueta/?add-to-cart=695 HTTP/1.1" 200 402892 "-" "Mozilla/5.0 (compatible; DotBot/1.2; +https://opensiteexplorer.org/dotbot; help@moz.com)"
216.73.217.54 - - [07/Jun/2026:00:34:41 +0200] "GET /loja/page/6/?add-to-cart=775&doing_wp_cron=1780756208.9642028808593750000000&orderby=menu_order HTTP/1.1" 200 62221 "-" "Mozilla/5.0 AppleWebKit/537.36 (KHTML, like Gecko; compatible; ClaudeBot/1.0; +claudebot@anthropic.com)"
135.181.213.219 - - [07/Jun/2026:00:34:43 +0200] "GET /categoria-produto/frescos/?add-to-cart=474&orderby=popularity&doing_wp_cron=1780642700.6357009410858154296875 HTTP/1.1" 200 60618 "-" "Mozilla/5.0 (compatible; MJ12bot/v1.4.8; http://mj12bot.com/)"
216.73.217.54 - - [07/Jun/2026:00:34:44 +0200] "GET /loja/page/6/?add-to-cart=2044&doing_wp_cron=1780756208.9642028808593750000000&orderby=menu_order HTTP/1.1" 200 62417 "-" "Mozilla/5.0 AppleWebKit/537.36 (KHTML, like Gecko; compatible; ClaudeBot/1.0; +claudebot@anthropic.com)"
216.73.217.54 - - [07/Jun/2026:00:34:47 +0200] "GET /loja/page/4/?add-to-cart=574&doing_wp_cron=1780521358.5195169448852539062500&orderby=menu_order HTTP/1.1" 200 63056 "-" "Mozilla/5.0 AppleWebKit/537.36 (KHTML, like Gecko; compatible; ClaudeBot/1.0; +claudebot@anthropic.com)"
135.181.213.219 - - [07/Jun/2026:00:34:48 +0200] "GET /categoria-produto/frescos/?add-to-cart=474&orderby=popularity&doing_wp_cron=1780648776.8648409843444824218750 HTTP/1.1" 200 60617 "-" "Mozilla/5.0 (compatible; MJ12bot/v1.4.8; http://mj12bot.com/)"
216.73.217.54 - - [07/Jun/2026:00:34:50 +0200] "GET /loja/page/2/?add-to-cart=2040&doing_wp_cron=1780383896.6204249858856201171875&orderby=menu_order HTTP/1.1" 200 63190 "-" "Mozilla/5.0 AppleWebKit/537.36 (KHTML, like Gecko; compatible; ClaudeBot/1.0; +claudebot@anthropic.com)"
216.73.217.54 - - [07/Jun/2026:00:34:53 +0200] "GET /loja/page/8/?add-to-cart=578&doing_wp_cron=1780580396.5920960903167724609375&orderby=date HTTP/1.1" 200 63078 "-" "Mozilla/5.0 AppleWebKit/537.36 (KHTML, like Gecko; compatible; ClaudeBot/1.0; +claudebot@anthropic.com)"
135.181.213.219 - - [07/Jun/2026:00:34:53 +0200] "GET /categoria-produto/frescos/?add-to-cart=474&orderby=price&doing_wp_cron=1780642700.6357009410858154296875 HTTP/1.1" 200 60615 "-" "Mozilla/5.0 (compatible; MJ12bot/v1.4.8; http://mj12bot.com/)"
216.73.217.54 - - [07/Jun/2026:00:34:56 +0200] "GET /produto/alho-granulado-em-frasco/?add-to-cart=2013&doing_wp_cron=1780464247.4986069202423095703125 HTTP/1.1" 200 61600 "-" "Mozilla/5.0 AppleWebKit/537.36 (KHTML, like Gecko; compatible; ClaudeBot/1.0; +claudebot@anthropic.com)"
216.244.66.243 - - [07/Jun/2026:00:34:57 +0200] "GET /produto/vinagre-de-sidra/?add-to-cart=737 HTTP/1.1" 200 402797 "-" "Mozilla/5.0 (compatible; DotBot/1.2; +https://opensiteexplorer.org/dotbot; help@moz.com)"
135.181.213.219 - - [07/Jun/2026:00:34:58 +0200] "GET /categoria-produto/frescos/?add-to-cart=474&orderby=price&doing_wp_cron=1780648776.8648409843444824218750 HTTP/1.1" 200 60614 "-" "Mozilla/5.0 (compatible; MJ12bot/v1.4.8; http://mj12bot.com/)"
216.73.217.54 - - [07/Jun/2026:00:34:59 +0200] "GET /loja/?add-to-cart=4235&doing_wp_cron=1780601478.4901969432830810546875&orderby=date HTTP/1.1" 200 63615 "-" "Mozilla/5.0 AppleWebKit/537.36 (KHTML, like Gecko; compatible; ClaudeBot/1.0; +claudebot@anthropic.com)"
216.73.217.54 - - [07/Jun/2026:00:35:05 +0200] "GET /loja/page/9/?add-to-cart=737&doing_wp_cron=1780298590.2811610698699951171875&orderby=popularity HTTP/1.1" 200 64430 "-" "Mozilla/5.0 AppleWebKit/537.36 (KHTML, like Gecko; compatible; ClaudeBot/1.0; +claudebot@anthropic.com)"
135.181.213.219 - - [07/Jun/2026:00:35:05 +0200] "GET /categoria-produto/frescos/?add-to-cart=474&orderby=price-desc&doing_wp_cron=1780744275.6665918827056884765625 HTTP/1.1" 200 60817 "-" "Mozilla/5.0 (compatible; MJ12bot/v1.4.8; http://mj12bot.com/)"
216.73.217.54 - - [07/Jun/2026:00:35:09 +0200] "GET /loja/?add-to-cart=4233&doing_wp_cron=1780426458.2645881175994873046875&orderby=date HTTP/1.1" 200 64006 "-" "Mozilla/5.0 AppleWebKit/537.36 (KHTML, like Gecko; compatible; ClaudeBot/1.0; +claudebot@anthropic.com)"
135.181.213.219 - - [07/Jun/2026:00:35:11 +0200] "GET /categoria-produto/frescos/?add-to-cart=474&orderby=price-desc&doing_wp_cron=1780744283.5031809806823730468750 HTTP/1.1" 200 60818 "-" "Mozilla/5.0 (compatible; MJ12bot/v1.4.8; http://mj12bot.com/)"
216.73.217.54 - - [07/Jun/2026:00:35:11 +0200] "GET /loja/page/5/?add-to-cart=775&doing_wp_cron=1780644560.4002819061279296875000&orderby=menu_order HTTP/1.1" 200 64118 "-" "Mozilla/5.0 AppleWebKit/537.36 (KHTML, like Gecko; compatible; ClaudeBot/1.0; +claudebot@anthropic.com)"
114.119.133.26 - - [07/Jun/2026:00:35:13 +0200] "GET /loja/page/6/?doing_wp_cron=1779293900.8790869712829589843750&orderby=popularity HTTP/1.1" 200 60887 "https://www.baudefruta.pt/loja/page/6/?doing_wp_cron=1778157765.4215660095214843750000" "Mozilla/5.0 (Linux; Android 7.0;) AppleWebKit/537.36 (HTML, like Gecko) Mobile Safari/537.36 (compatible; PetalBot;+https://webmaster.petalsearch.com/site/petalbot)"
216.73.217.54 - - [07/Jun/2026:00:35:14 +0200] "GET /loja/page/3/?add-to-cart=778&doing_wp_cron=1780496817.3441560268402099609375&orderby=popularity HTTP/1.1" 200 64415 "-" "Mozilla/5.0 AppleWebKit/537.36 (KHTML, like Gecko; compatible; ClaudeBot/1.0; +claudebot@anthropic.com)"
216.244.66.243 - - [07/Jun/2026:00:35:15 +0200] "GET /produto/alface-iceberg/?add-to-cart=408&doing_wp_cron=1747833044.4227759838104248046875 HTTP/1.1" 200 402384 "-" "Mozilla/5.0 (compatible; DotBot/1.2; +https://opensiteexplorer.org/dotbot; help@moz.com)"
216.73.217.54 - - [07/Jun/2026:00:35:17 +0200] "GET /loja/page/7/?add-to-cart=2012&doing_wp_cron=1780686488.7073330879211425781250&orderby=popularity HTTP/1.1" 200 65038 "-" "Mozilla/5.0 AppleWebKit/537.36 (KHTML, like Gecko; compatible; ClaudeBot/1.0; +claudebot@anthropic.com)"
216.73.217.54 - - [07/Jun/2026:00:35:20 +0200] "GET /loja/page/5/?add-to-cart=793&doing_wp_cron=1749500398.4001810550689697265625&orderby=popularity HTTP/1.1" 200 65184 "-" "Mozilla/5.0 AppleWebKit/537.36 (KHTML, like Gecko; compatible; ClaudeBot/1.0; +claudebot@anthropic.com)"
216.73.217.54 - - [07/Jun/2026:00:35:24 +0200] "GET /loja/?add-to-cart=4338&doing_wp_cron=1780601478.4901969432830810546875&orderby=date HTTP/1.1" 200 64772 "-" "Mozilla/5.0 AppleWebKit/537.36 (KHTML, like Gecko; compatible; ClaudeBot/1.0; +claudebot@anthropic.com)"
209.173.194.2 - - [07/Jun/2026:00:35:25 +0200] "GET /produto/meloa-galia/ HTTP/1.1" 302 102 "-" "Mozilla/5.0 (Windows NT 10.0; Win64; x64) AppleWebKit/537.36 (KHTML, like Gecko) Chrome/110.0.0.0 Safari/537.36"
216.73.217.54 - - [07/Jun/2026:00:35:26 +0200] "GET /loja/page/5/?add-to-cart=488&doing_wp_cron=1780505541.2122659683227539062500&orderby=menu_order HTTP/1.1" 200 65105 "-" "Mozilla/5.0 AppleWebKit/537.36 (KHTML, like Gecko; compatible; ClaudeBot/1.0; +claudebot@anthropic.com)"
209.173.194.2 - - [07/Jun/2026:00:35:27 +0200] "GET /produto/meloa-galia/?doing_wp_cron=1780785325.8816890716552734375000 HTTP/1.1" 200 57727 "-" "Mozilla/5.0 (Windows NT 10.0; Win64; x64) AppleWebKit/537.36 (KHTML, like Gecko) Chrome/110.0.0.0 Safari/537.36"
216.73.217.54 - - [07/Jun/2026:00:35:29 +0200] "GET /produto/miolo-de-avela/?add-to-cart=769&doing_wp_cron=1780453999.1242420673370361328125 HTTP/1.1" 200 63370 "-" "Mozilla/5.0 AppleWebKit/537.36 (KHTML, like Gecko; compatible; ClaudeBot/1.0; +claudebot@anthropic.com)"
216.244.66.243 - - [07/Jun/2026:00:35:31 +0200] "GET /produto/amendoa-sem-pele/?add-to-cart=784&doing_wp_cron=1749623441.8290131092071533203125 HTTP/1.1" 200 404593 "-" "Mozilla/5.0 (compatible; DotBot/1.2; +https://opensiteexplorer.org/dotbot; help@moz.com)"
216.73.217.54 - - [07/Jun/2026:00:35:32 +0200] "GET /loja/page/6/?add-to-cart=647&doing_wp_cron=1780489939.7494440078735351562500&orderby=menu_order HTTP/1.1" 200 65427 "-" "Mozilla/5.0 AppleWebKit/537.36 (KHTML, like Gecko; compatible; ClaudeBot/1.0; +claudebot@anthropic.com)"
216.73.217.54 - - [07/Jun/2026:00:35:35 +0200] "GET /loja/page/3/?add-to-cart=535&doing_wp_cron=1780620500.7815520763397216796875&orderby=menu_order HTTP/1.1" 200 65437 "-" "Mozilla/5.0 AppleWebKit/537.36 (KHTML, like Gecko; compatible; ClaudeBot/1.0; +claudebot@anthropic.com)"
216.73.217.54 - - [07/Jun/2026:00:35:38 +0200] "GET /loja/page/5/?add-to-cart=817&doing_wp_cron=1780498167.6054840087890625000000&orderby=price HTTP/1.1" 200 66257 "-" "Mozilla/5.0 AppleWebKit/537.36 (KHTML, like Gecko; compatible; ClaudeBot/1.0; +claudebot@anthropic.com)"
95.91.66.61 - - [07/Jun/2026:00:35:40 +0200] "GET /categoria-produto/mercearia/page/5/?add-to-cart=695&doing_wp_cron=1779604108.0964770317077636718750&orderby=date HTTP/1.1" 200 60766 "-" "Mozilla/5.0 (X11; Linux x86_64; rv:1.9.5.20) Gecko/5980-03-10 07:10:40.189941 Firefox/3.8"
216.73.217.54 - - [07/Jun/2026:00:35:42 +0200] "GET /loja/?add-to-cart=4229&doing_wp_cron=1780445092.3632619380950927734375&orderby=date HTTP/1.1" 200 60932 "-" "Mozilla/5.0 AppleWebKit/537.36 (KHTML, like Gecko; compatible; ClaudeBot/1.0; +claudebot@anthropic.com)"
216.73.217.54 - - [07/Jun/2026:00:35:44 +0200] "GET /loja/page/4/?add-to-cart=895&doing_wp_cron=1780268890.7532269954681396484375&orderby=popularity HTTP/1.1" 200 61429 "-" "Mozilla/5.0 AppleWebKit/537.36 (KHTML, like Gecko; compatible; ClaudeBot/1.0; +claudebot@anthropic.com)"
216.244.66.243 - - [07/Jun/2026:00:35:46 +0200] "GET /produto/arroz-cigala-vaporizado/?add-to-cart=807&doing_wp_cron=1762957297.1006360054016113281250 HTTP/1.1" 200 402122 "-" "Mozilla/5.0 (compatible; DotBot/1.2; +https://opensiteexplorer.org/dotbot; help@moz.com)"
216.73.217.54 - - [07/Jun/2026:00:35:47 +0200] "GET /loja/page/3/?add-to-cart=524&doing_wp_cron=1780407018.5904660224914550781250&orderby=menu_order HTTP/1.1" 200 61248 "-" "Mozilla/5.0 AppleWebKit/537.36 (KHTML, like Gecko; compatible; ClaudeBot/1.0; +claudebot@anthropic.com)"
216.73.217.54 - - [07/Jun/2026:00:35:50 +0200] "GET /loja/page/3/?add-to-cart=488&doing_wp_cron=1780552196.7174270153045654296875&orderby=date HTTP/1.1" 200 61702 "-" "Mozilla/5.0 AppleWebKit/537.36 (KHTML, like Gecko; compatible; ClaudeBot/1.0; +claudebot@anthropic.com)"
216.73.217.54 - - [07/Jun/2026:00:35:53 +0200] "GET /loja/page/10/?add-to-cart=687&doing_wp_cron=1780383896.6204249858856201171875&orderby=menu_order HTTP/1.1" 200 62196 "-" "Mozilla/5.0 AppleWebKit/537.36 (KHTML, like Gecko; compatible; ClaudeBot/1.0; +claudebot@anthropic.com)"
191.233.194.43 - - [07/Jun/2026:00:35:54 +0200] "GET / HTTP/1.1" 301 5 "-" "Mozilla/5.0 AppleWebKit/537.36 (KHTML, like Gecko); compatible; ChatGPT-User/1.0; +https://openai.com/bot"
191.233.194.35 - - [07/Jun/2026:00:35:55 +0200] "GET / HTTP/1.1" 200 61398 "-" "Mozilla/5.0 AppleWebKit/537.36 (KHTML, like Gecko); compatible; ChatGPT-User/1.0; +https://openai.com/bot"
216.73.217.54 - - [07/Jun/2026:00:35:56 +0200] "GET /loja/page/10/?add-to-cart=1728&doing_wp_cron=1780356236.1233079433441162109375&orderby=popularity HTTP/1.1" 200 62656 "-" "Mozilla/5.0 AppleWebKit/537.36 (KHTML, like Gecko; compatible; ClaudeBot/1.0; +claudebot@anthropic.com)"
216.73.217.54 - - [07/Jun/2026:00:35:59 +0200] "GET /categoria-produto/mercearia/page/6/?doing_wp_cron=1780535899.5516068935394287109375&orderby=price HTTP/1.1" 200 59880 "-" "Mozilla/5.0 AppleWebKit/537.36 (KHTML, like Gecko; compatible; ClaudeBot/1.0; +claudebot@anthropic.com)"
216.244.66.243 - - [07/Jun/2026:00:36:01 +0200] "GET /produto/arroz-cigala-vaporizado/?add-to-cart=883&doing_wp_cron=1763617922.2904789447784423828125 HTTP/1.1" 200 401597 "-" "Mozilla/5.0 (compatible; DotBot/1.2; +https://opensiteexplorer.org/dotbot; help@moz.com)"
216.73.217.54 - - [07/Jun/2026:00:36:03 +0200] "GET /loja/?add-to-cart=1988&doing_wp_cron=1780711747.4904251098632812500000&orderby=menu_order HTTP/1.1" 200 62220 "-" "Mozilla/5.0 AppleWebKit/537.36 (KHTML, like Gecko; compatible; ClaudeBot/1.0; +claudebot@anthropic.com)"
216.73.217.54 - - [07/Jun/2026:00:36:05 +0200] "GET /loja/page/4/?add-to-cart=239&doing_wp_cron=1780552136.4866590499877929687500&orderby=menu_order HTTP/1.1" 200 64109 "-" "Mozilla/5.0 AppleWebKit/537.36 (KHTML, like Gecko; compatible; ClaudeBot/1.0; +claudebot@anthropic.com)"
178.93.33.172 - - [07/Jun/2026:00:36:07 +0200] "GET /wp-content/uploads/2021/06/CK002-caldo-galinha-knorr.jpg HTTP/1.1" 200 45868 "-" "Mozilla/5.0 (compatible; crawler)"
216.73.217.54 - - [07/Jun/2026:00:36:08 +0200] "GET /loja/page/2/?add-to-cart=615&doing_wp_cron=1780654629.3017098903656005859375&orderby=menu_order HTTP/1.1" 200 64184 "-" "Mozilla/5.0 AppleWebKit/537.36 (KHTML, like Gecko; compatible; ClaudeBot/1.0; +claudebot@anthropic.com)"
216.73.217.54 - - [07/Jun/2026:00:36:11 +0200] "GET /loja/page/6/?add-to-cart=628&doing_wp_cron=1780429678.1482779979705810546875&orderby=menu_order HTTP/1.1" 200 64227 "-" "Mozilla/5.0 AppleWebKit/537.36 (KHTML, like Gecko; compatible; ClaudeBot/1.0; +claudebot@anthropic.com)"
216.244.66.243 - - [07/Jun/2026:00:36:14 +0200] "GET /produto/atum-em-azeite-bom-petisco/?add-to-cart=727&doing_wp_cron=1748587806.2134981155395507812500 HTTP/1.1" 200 404822 "-" "Mozilla/5.0 (compatible; DotBot/1.2; +https://opensiteexplorer.org/dotbot; help@moz.com)"
216.73.217.54 - - [07/Jun/2026:00:36:14 +0200] "GET /produto/semente-de-chia/?add-to-cart=729&doing_wp_cron=1780453978.1268188953399658203125 HTTP/1.1" 200 62648 "-" "Mozilla/5.0 AppleWebKit/537.36 (KHTML, like Gecko; compatible; ClaudeBot/1.0; +claudebot@anthropic.com)"
216.73.217.54 - - [07/Jun/2026:00:36:17 +0200] "GET /loja/?add-to-cart=468&doing_wp_cron=1780424179.3111770153045654296875&orderby=popularity HTTP/1.1" 200 64451 "-" "Mozilla/5.0 AppleWebKit/537.36 (KHTML, like Gecko; compatible; ClaudeBot/1.0; +claudebot@anthropic.com)"
216.73.217.54 - - [07/Jun/2026:00:36:20 +0200] "GET /categoria-produto/mercearia/?add-to-cart=793&doing_wp_cron=1780679408.3843770027160644531250&orderby=popularity HTTP/1.1" 200 65175 "-" "Mozilla/5.0 AppleWebKit/537.36 (KHTML, like Gecko; compatible; ClaudeBot/1.0; +claudebot@anthropic.com)"
216.73.217.54 - - [07/Jun/2026:00:36:23 +0200] "GET /loja/?add-to-cart=4338&doing_wp_cron=1780445092.3632619380950927734375&orderby=date HTTP/1.1" 200 65016 "-" "Mozilla/5.0 AppleWebKit/537.36 (KHTML, like Gecko; compatible; ClaudeBot/1.0; +claudebot@anthropic.com)"
114.119.152.161 - - [07/Jun/2026:00:36:24 +0200] "GET /loja/page/6/?doing_wp_cron=1778519662.7273209095001220703125&orderby=popularity HTTP/1.1" 200 60882 "https://www.baudefruta.pt/loja/page/6/?doing_wp_cron=1778519662.7273209095001220703125&orderby=menu_order" "Mozilla/5.0 (Linux; Android 7.0;) AppleWebKit/537.36 (HTML, like Gecko) Mobile Safari/537.36 (compatible; PetalBot;+https://webmaster.petalsearch.com/site/petalbot)"
216.244.66.243 - - [07/Jun/2026:00:36:26 +0200] "GET /produto/azeitona-galega/?add-to-cart=4224&doing_wp_cron=1771468782.5136818885803222656250 HTTP/1.1" 200 403178 "-" "Mozilla/5.0 (compatible; DotBot/1.2; +https://opensiteexplorer.org/dotbot; help@moz.com)"
216.73.217.54 - - [07/Jun/2026:00:36:26 +0200] "GET /loja/page/2/?add-to-cart=2039&doing_wp_cron=1780587356.4865350723266601562500&orderby=menu_order HTTP/1.1" 200 65531 "-" "Mozilla/5.0 AppleWebKit/537.36 (KHTML, like Gecko; compatible; ClaudeBot/1.0; +claudebot@anthropic.com)"
216.73.217.54 - - [07/Jun/2026:00:36:29 +0200] "GET /produto/endivias/?add-to-cart=425&doing_wp_cron=1780446661.5440700054168701171875 HTTP/1.1" 200 63669 "-" "Mozilla/5.0 AppleWebKit/537.36 (KHTML, like Gecko; compatible; ClaudeBot/1.0; +claudebot@anthropic.com)"
216.73.217.54 - - [07/Jun/2026:00:36:33 +0200] "GET /loja/page/4/?add-to-cart=687&doing_wp_cron=1780541060.9407060146331787109375&orderby=date HTTP/1.1" 200 65823 "-" "Mozilla/5.0 AppleWebKit/537.36 (KHTML, like Gecko; compatible; ClaudeBot/1.0; +claudebot@anthropic.com)"
216.73.217.54 - - [07/Jun/2026:00:36:36 +0200] "GET /loja/page/2/?add-to-cart=891&doing_wp_cron=1780430342.1766259670257568359375&orderby=popularity HTTP/1.1" 200 65844 "-" "Mozilla/5.0 AppleWebKit/537.36 (KHTML, like Gecko; compatible; ClaudeBot/1.0; +claudebot@anthropic.com)"
216.244.66.243 - - [07/Jun/2026:00:36:37 +0200] "GET /produto/batata-para-assar-branca/?add-to-cart=3519&doing_wp_cron=1763906193.6641709804534912109375 HTTP/1.1" 200 404775 "-" "Mozilla/5.0 (compatible; DotBot/1.2; +https://opensiteexplorer.org/dotbot; help@moz.com)"
216.73.217.54 - - [07/Jun/2026:00:36:39 +0200] "GET /loja/page/9/?add-to-cart=538&doing_wp_cron=1780739231.5168049335479736328125&orderby=menu_order HTTP/1.1" 200 66033 "-" "Mozilla/5.0 AppleWebKit/537.36 (KHTML, like Gecko; compatible; ClaudeBot/1.0; +claudebot@anthropic.com)"
216.73.217.54 - - [07/Jun/2026:00:36:41 +0200] "GET /loja/page/9/?add-to-cart=737&doing_wp_cron=1780660067.4124889373779296875000&orderby=menu_order HTTP/1.1" 200 66198 "-" "Mozilla/5.0 AppleWebKit/537.36 (KHTML, like Gecko; compatible; ClaudeBot/1.0; +claudebot@anthropic.com)"
216.73.217.54 - - [07/Jun/2026:00:36:45 +0200] "GET /categoria-produto/mercearia/?add-to-cart=2012&doing_wp_cron=1780357316.5677421092987060546875&orderby=menu_order HTTP/1.1" 200 66069 "-" "Mozilla/5.0 AppleWebKit/537.36 (KHTML, like Gecko; compatible; ClaudeBot/1.0; +claudebot@anthropic.com)"
216.73.217.54 - - [07/Jun/2026:00:36:47 +0200] "GET /produto/miolo-de-noz/?add-to-cart=2043&doing_wp_cron=1780375377.5860760211944580078125 HTTP/1.1" 200 64627 "-" "Mozilla/5.0 AppleWebKit/537.36 (KHTML, like Gecko; compatible; ClaudeBot/1.0; +claudebot@anthropic.com)"
216.244.66.243 - - [07/Jun/2026:00:36:47 +0200] "GET /produto/bolonhesa-em-saqueta/?add-to-cart=721&doing_wp_cron=1763882747.6349720954895019531250 HTTP/1.1" 200 400612 "-" "Mozilla/5.0 (compatible; DotBot/1.2; +https://opensiteexplorer.org/dotbot; help@moz.com)"
216.73.217.54 - - [07/Jun/2026:00:36:51 +0200] "GET /categoria-produto/mercearia/page/6/?doing_wp_cron=1780740608.6114609241485595703125&orderby=price HTTP/1.1" 200 58312 "-" "Mozilla/5.0 AppleWebKit/537.36 (KHTML, like Gecko; compatible; ClaudeBot/1.0; +claudebot@anthropic.com)"
216.73.217.54 - - [07/Jun/2026:00:36:54 +0200] "GET /loja/page/9/?add-to-cart=4328&doing_wp_cron=1780498167.6054840087890625000000&orderby=price HTTP/1.1" 200 61358 "-" "Mozilla/5.0 AppleWebKit/537.36 (KHTML, like Gecko; compatible; ClaudeBot/1.0; +claudebot@anthropic.com)"
216.73.217.54 - - [07/Jun/2026:00:36:57 +0200] "GET /loja/page/4/?add-to-cart=239&doing_wp_cron=1780521319.6477649211883544921875&orderby=menu_order HTTP/1.1" 200 62841 "-" "Mozilla/5.0 AppleWebKit/537.36 (KHTML, like Gecko; compatible; ClaudeBot/1.0; +claudebot@anthropic.com)"
216.244.66.243 - - [07/Jun/2026:00:36:57 +0200] "GET /produto/cha-de-cidreira-20-saquetas/?add-to-cart=1994&doing_wp_cron=1747631614.9573719501495361328125 HTTP/1.1" 200 404668 "-" "Mozilla/5.0 (compatible; DotBot/1.2; +https://opensiteexplorer.org/dotbot; help@moz.com)"
216.73.217.54 - - [07/Jun/2026:00:37:00 +0200] "GET /loja/page/4/?add-to-cart=1124&doing_wp_cron=1780552196.7174270153045654296875&orderby=date HTTP/1.1" 200 62994 "-" "Mozilla/5.0 AppleWebKit/537.36 (KHTML, like Gecko; compatible; ClaudeBot/1.0; +claudebot@anthropic.com)"
216.73.217.54 - - [07/Jun/2026:00:37:03 +0200] "GET /loja/page/7/?add-to-cart=699&doing_wp_cron=1780400178.2150061130523681640625&orderby=date HTTP/1.1" 200 63011 "-" "Mozilla/5.0 AppleWebKit/537.36 (KHTML, like Gecko; compatible; ClaudeBot/1.0; +claudebot@anthropic.com)"
216.244.66.243 - - [07/Jun/2026:00:37:06 +0200] "GET /produto/doce-extra-de-frutos-vermelhos/?add-to-cart=695&doing_wp_cron=1763750016.2728800773620605468750 HTTP/1.1" 200 405529 "-" "Mozilla/5.0 (compatible; DotBot/1.2; +https://opensiteexplorer.org/dotbot; help@moz.com)"
216.73.217.54 - - [07/Jun/2026:00:37:06 +0200] "GET /loja/page/3/?add-to-cart=528&doing_wp_cron=1780494314.2484500408172607421875&orderby=menu_order HTTP/1.1" 200 62863 "-" "Mozilla/5.0 AppleWebKit/537.36 (KHTML, like Gecko; compatible; ClaudeBot/1.0; +claudebot@anthropic.com)"
216.73.217.54 - - [07/Jun/2026:00:37:09 +0200] "GET /loja/?add-to-cart=18495&doing_wp_cron=1780612687.7391688823699951171875&orderby=date HTTP/1.1" 200 63197 "-" "Mozilla/5.0 AppleWebKit/537.36 (KHTML, like Gecko; compatible; ClaudeBot/1.0; +claudebot@anthropic.com)"
216.73.217.54 - - [07/Jun/2026:00:37:12 +0200] "GET /loja/?add-to-cart=4222&doing_wp_cron=1780420039.4808270931243896484375&orderby=date HTTP/1.1" 200 63398 "-" "Mozilla/5.0 AppleWebKit/537.36 (KHTML, like Gecko; compatible; ClaudeBot/1.0; +claudebot@anthropic.com)"
216.73.217.54 - - [07/Jun/2026:00:37:15 +0200] "GET /loja/page/11/?add-to-cart=683&doing_wp_cron=1780498167.6054840087890625000000&orderby=price HTTP/1.1" 200 63714 "-" "Mozilla/5.0 AppleWebKit/537.36 (KHTML, like Gecko; compatible; ClaudeBot/1.0; +claudebot@anthropic.com)"
216.244.66.243 - - [07/Jun/2026:00:37:16 +0200] "GET /produto/espinafre/?add-to-cart=486&doing_wp_cron=1763650350.9794468879699707031250 HTTP/1.1" 200 403537 "-" "Mozilla/5.0 (compatible; DotBot/1.2; +https://opensiteexplorer.org/dotbot; help@moz.com)"
216.73.217.54 - - [07/Jun/2026:00:37:18 +0200] "GET /loja/page/3/?add-to-cart=559&doing_wp_cron=1780678029.4306600093841552734375&orderby=menu_order HTTP/1.1" 200 63691 "-" "Mozilla/5.0 AppleWebKit/537.36 (KHTML, like Gecko; compatible; ClaudeBot/1.0; +claudebot@anthropic.com)"
216.73.217.54 - - [07/Jun/2026:00:37:21 +0200] "GET /loja/?add-to-cart=530&doing_wp_cron=1780471500.7316999435424804687500&orderby=popularity HTTP/1.1" 200 63848 "-" "Mozilla/5.0 AppleWebKit/537.36 (KHTML, like Gecko; compatible; ClaudeBot/1.0; +claudebot@anthropic.com)"
52.167.144.232 - - [07/Jun/2026:00:37:21 +0200] "GET /produto/manjericao-100gr/ HTTP/1.1" 302 102 "-" "Mozilla/5.0 AppleWebKit/537.36 (KHTML, like Gecko; compatible; bingbot/2.0; +http://www.bing.com/bingbot.htm) Chrome/116.0.1938.76 Safari/537.36"
216.73.217.54 - - [07/Jun/2026:00:37:24 +0200] "GET /loja/page/10/?add-to-cart=587&doing_wp_cron=1780561318.4196650981903076171875&orderby=popularity HTTP/1.1" 200 64873 "-" "Mozilla/5.0 AppleWebKit/537.36 (KHTML, like Gecko; compatible; ClaudeBot/1.0; +claudebot@anthropic.com)"
216.244.66.243 - - [07/Jun/2026:00:37:26 +0200] "GET /produto/farinha-sem-fermento-nacional/?add-to-cart=775&doing_wp_cron=1748032396.3652870655059814453125 HTTP/1.1" 200 406174 "-" "Mozilla/5.0 (compatible; DotBot/1.2; +https://opensiteexplorer.org/dotbot; help@moz.com)"
216.73.217.54 - - [07/Jun/2026:00:37:27 +0200] "GET /produto/miolo-de-noz/?add-to-cart=823&doing_wp_cron=1780471916.3293159008026123046875 HTTP/1.1" 200 62794 "-" "Mozilla/5.0 AppleWebKit/537.36 (KHTML, like Gecko; compatible; ClaudeBot/1.0; +claudebot@anthropic.com)"
52.167.144.175 - - [07/Jun/2026:00:37:28 +0200] "GET /loja/page/10/?doing_wp_cron=1749476343.1128089427947998046875&orderby=popularity HTTP/1.1" 200 60912 "-" "Mozilla/5.0 AppleWebKit/537.36 (KHTML, like Gecko; compatible; bingbot/2.0; +http://www.bing.com/bingbot.htm) Chrome/116.0.1938.76 Safari/537.36"
216.73.217.54 - - [07/Jun/2026:00:37:30 +0200] "GET /loja/page/11/?add-to-cart=647&doing_wp_cron=1777082328.5216441154479980468750 HTTP/1.1" 200 64331 "-" "Mozilla/5.0 AppleWebKit/537.36 (KHTML, like Gecko; compatible; ClaudeBot/1.0; +claudebot@anthropic.com)"
91.92.242.223 - - [07/Jun/2026:00:37:31 +0200] "POST /wp-login.php?action=register HTTP/1.1" 403 146 "-" "-"
52.167.144.222 - - [07/Jun/2026:00:37:32 +0200] "GET /page/11/?s&doing_wp_cron=1769281820.6285851001739501953125&orderby=date HTTP/1.1" 200 52502 "-" "Mozilla/5.0 AppleWebKit/537.36 (KHTML, like Gecko; compatible; bingbot/2.0; +http://www.bing.com/bingbot.htm) Chrome/116.0.1938.76 Safari/537.36"
52.167.144.232 - - [07/Jun/2026:00:37:33 +0200] "GET /produto/manjericao-100gr/?doing_wp_cron=1780785441.3780000209808349609375 HTTP/1.1" 200 57712 "-" "Mozilla/5.0 AppleWebKit/537.36 (KHTML, like Gecko; compatible; bingbot/2.0; +http://www.bing.com/bingbot.htm) Chrome/116.0.1938.76 Safari/537.36"
216.73.217.54 - - [07/Jun/2026:00:37:34 +0200] "GET /loja/page/8/?add-to-cart=578&doing_wp_cron=1780383896.6204249858856201171875&orderby=menu_order HTTP/1.1" 200 61067 "-" "Mozilla/5.0 AppleWebKit/537.36 (KHTML, like Gecko; compatible; ClaudeBot/1.0; +claudebot@anthropic.com)"
216.244.66.243 - - [07/Jun/2026:00:37:34 +0200] "GET /produto/hortela/?add-to-cart=585&doing_wp_cron=1763529148.9640479087829589843750 HTTP/1.1" 200 403297 "-" "Mozilla/5.0 (compatible; DotBot/1.2; +https://opensiteexplorer.org/dotbot; help@moz.com)"
216.73.217.54 - - [07/Jun/2026:00:37:36 +0200] "GET /loja/page/6/?add-to-cart=628&doing_wp_cron=1780393280.3025689125061035156250&orderby=menu_order HTTP/1.1" 200 61223 "-" "Mozilla/5.0 AppleWebKit/537.36 (KHTML, like Gecko; compatible; ClaudeBot/1.0; +claudebot@anthropic.com)"
216.73.217.54 - - [07/Jun/2026:00:37:40 +0200] "GET /loja/page/2/?add-to-cart=731&doing_wp_cron=1780247694.3308169841766357421875&orderby=date HTTP/1.1" 200 61490 "-" "Mozilla/5.0 AppleWebKit/537.36 (KHTML, like Gecko; compatible; ClaudeBot/1.0; +claudebot@anthropic.com)"
216.73.217.54 - - [07/Jun/2026:00:37:43 +0200] "GET /loja/page/3/?add-to-cart=559&doing_wp_cron=1780700779.0279970169067382812500&orderby=menu_order HTTP/1.1" 200 61525 "-" "Mozilla/5.0 AppleWebKit/537.36 (KHTML, like Gecko; compatible; ClaudeBot/1.0; +claudebot@anthropic.com)"
216.244.66.243 - - [07/Jun/2026:00:37:43 +0200] "GET /produto/miolo-de-noz/?add-to-cart=668&doing_wp_cron=1763650760.8682711124420166015625 HTTP/1.1" 200 399636 "-" "Mozilla/5.0 (compatible; DotBot/1.2; +https://opensiteexplorer.org/dotbot; help@moz.com)"
216.73.217.54 - - [07/Jun/2026:00:37:45 +0200] "GET /loja/page/5/?add-to-cart=4228&doing_wp_cron=1780457004.9740800857543945312500&orderby=date HTTP/1.1" 200 62107 "-" "Mozilla/5.0 AppleWebKit/537.36 (KHTML, like Gecko; compatible; ClaudeBot/1.0; +claudebot@anthropic.com)"
114.119.152.161 - - [07/Jun/2026:00:37:47 +0200] "GET /loja/page/6/?doing_wp_cron=1777232448.7225129604339599609375&orderby=price-desc HTTP/1.1" 200 60790 "https://www.baudefruta.pt/loja/page/8/?doing_wp_cron=1777232448.7225129604339599609375&orderby=price-desc" "Mozilla/5.0 (Linux; Android 7.0;) AppleWebKit/537.36 (HTML, like Gecko) Mobile Safari/537.36 (compatible; PetalBot;+https://webmaster.petalsearch.com/site/petalbot)"
216.73.217.54 - - [07/Jun/2026:00:37:49 +0200] "GET /loja/page/4/?add-to-cart=427&doing_wp_cron=1780398917.1266179084777832031250&orderby=popularity HTTP/1.1" 200 62251 "-" "Mozilla/5.0 AppleWebKit/537.36 (KHTML, like Gecko; compatible; ClaudeBot/1.0; +claudebot@anthropic.com)"
216.73.217.54 - - [07/Jun/2026:00:37:52 +0200] "GET /loja/page/4/?add-to-cart=706&doing_wp_cron=1780398926.3913888931274414062500&orderby=menu_order HTTP/1.1" 200 62700 "-" "Mozilla/5.0 AppleWebKit/537.36 (KHTML, like Gecko; compatible; ClaudeBot/1.0; +claudebot@anthropic.com)"
216.244.66.243 - - [07/Jun/2026:00:37:52 +0200] "GET /produto/oleo-alimentar-de-tempero-5l/?add-to-cart=2010&doing_wp_cron=1745023464.3413679599761962890625 HTTP/1.1" 200 403491 "-" "Mozilla/5.0 (compatible; DotBot/1.2; +https://opensiteexplorer.org/dotbot; help@moz.com)"
216.73.217.54 - - [07/Jun/2026:00:37:55 +0200] "GET /loja/page/8/?add-to-cart=4228&doing_wp_cron=1780521358.5195169448852539062500&orderby=menu_order HTTP/1.1" 200 62372 "-" "Mozilla/5.0 AppleWebKit/537.36 (KHTML, like Gecko; compatible; ClaudeBot/1.0; +claudebot@anthropic.com)"
107.152.46.202 - - [07/Jun/2026:00:37:56 +0200] "GET /2021/05/11/ola-mundo/ HTTP/1.1" 200 1154570 "https://www.baudefruta.pt/" "Mozilla/5.0 (Windows NT 10.0; Win64; x64; rv:114.0) Gecko/20100101 Firefox/114.0"
216.73.217.54 - - [07/Jun/2026:00:37:58 +0200] "GET /loja/?add-to-cart=4337&doing_wp_cron=1780454157.5789349079132080078125&orderby=date HTTP/1.1" 200 62491 "-" "Mozilla/5.0 AppleWebKit/537.36 (KHTML, like Gecko; compatible; ClaudeBot/1.0; +claudebot@anthropic.com)"
216.73.217.54 - - [07/Jun/2026:00:38:01 +0200] "GET /loja/?add-to-cart=2040&doing_wp_cron=1780733467.2173120975494384765625&orderby=date HTTP/1.1" 200 62723 "-" "Mozilla/5.0 AppleWebKit/537.36 (KHTML, like Gecko; compatible; ClaudeBot/1.0; +claudebot@anthropic.com)"
216.244.66.243 - - [07/Jun/2026:00:38:01 +0200] "GET /produto/pepino/?add-to-cart=478&doing_wp_cron=1750683070.1024780273437500000000 HTTP/1.1" 200 402744 "-" "Mozilla/5.0 (compatible; DotBot/1.2; +https://opensiteexplorer.org/dotbot; help@moz.com)"
191.178.194.59 - - [07/Jun/2026:00:38:01 +0200] "GET /categoria-produto/mercearia/?add-to-cart=729&doing_wp_cron=1779637778.5786159038543701171875&orderby=price-desc HTTP/1.1" 200 61413 "-" "Opera/8.29.(Windows NT 10.0; uz-UZ) Presto/2.9.174 Version/10.00"
216.73.217.54 - - [07/Jun/2026:00:38:04 +0200] "GET /loja/page/9/?add-to-cart=411&doing_wp_cron=1780398917.1266179084777832031250&orderby=menu_order HTTP/1.1" 200 63153 "-" "Mozilla/5.0 AppleWebKit/537.36 (KHTML, like Gecko; compatible; ClaudeBot/1.0; +claudebot@anthropic.com)"
216.73.217.54 - - [07/Jun/2026:00:38:07 +0200] "GET /loja/page/2/?add-to-cart=411&doing_wp_cron=1780717878.9601991176605224609375&orderby=date HTTP/1.1" 200 62923 "-" "Mozilla/5.0 AppleWebKit/537.36 (KHTML, like Gecko; compatible; ClaudeBot/1.0; +claudebot@anthropic.com)"
216.73.217.54 - - [07/Jun/2026:00:38:10 +0200] "GET /loja/?add-to-cart=541&doing_wp_cron=1780534437.6809570789337158203125&orderby=date HTTP/1.1" 200 63156 "-" "Mozilla/5.0 AppleWebKit/537.36 (KHTML, like Gecko; compatible; ClaudeBot/1.0; +claudebot@anthropic.com)"
216.244.66.243 - - [07/Jun/2026:00:38:11 +0200] "GET /produto/pinhao-sem-pele-1a/?add-to-cart=643&doing_wp_cron=1763905706.9476320743560791015625 HTTP/1.1" 200 403563 "-" "Mozilla/5.0 (compatible; DotBot/1.2; +https://opensiteexplorer.org/dotbot; help@moz.com)"
216.73.217.54 - - [07/Jun/2026:00:38:13 +0200] "GET /loja/page/4/?add-to-cart=600&doing_wp_cron=1780551716.5523910522460937500000&orderby=menu_order HTTP/1.1" 200 63765 "-" "Mozilla/5.0 AppleWebKit/537.36 (KHTML, like Gecko; compatible; ClaudeBot/1.0; +claudebot@anthropic.com)"
216.73.217.54 - - [07/Jun/2026:00:38:16 +0200] "GET /loja/page/2/?add-to-cart=2015&doing_wp_cron=1780551716.5523910522460937500000&orderby=date HTTP/1.1" 200 63538 "-" "Mozilla/5.0 AppleWebKit/537.36 (KHTML, like Gecko; compatible; ClaudeBot/1.0; +claudebot@anthropic.com)"
216.73.217.54 - - [07/Jun/2026:00:38:19 +0200] "GET /loja/page/2/?add-to-cart=2041&doing_wp_cron=1780700779.0279970169067382812500&orderby=menu_order HTTP/1.1" 200 63959 "-" "Mozilla/5.0 AppleWebKit/537.36 (KHTML, like Gecko; compatible; ClaudeBot/1.0; +claudebot@anthropic.com)"
216.244.66.243 - - [07/Jun/2026:00:38:21 +0200] "GET /produto/piripiri-moido-em-saqueta/?add-to-cart=1934&doing_wp_cron=1749322827.2214739322662353515625 HTTP/1.1" 200 403810 "-" "Mozilla/5.0 (compatible; DotBot/1.2; +https://opensiteexplorer.org/dotbot; help@moz.com)"
216.73.217.54 - - [07/Jun/2026:00:38:21 +0200] "GET /loja/page/5/?add-to-cart=683&doing_wp_cron=1780356259.9063909053802490234375&orderby=menu_order HTTP/1.1" 200 64049 "-" "Mozilla/5.0 AppleWebKit/537.36 (KHTML, like Gecko; compatible; ClaudeBot/1.0; +claudebot@anthropic.com)"
216.73.217.54 - - [07/Jun/2026:00:38:25 +0200] "GET /loja/page/8/?add-to-cart=666&doing_wp_cron=1780521319.6477649211883544921875&orderby=menu_order HTTP/1.1" 200 64161 "-" "Mozilla/5.0 AppleWebKit/537.36 (KHTML, like Gecko; compatible; ClaudeBot/1.0; +claudebot@anthropic.com)"
216.73.217.54 - - [07/Jun/2026:00:38:28 +0200] "GET /loja/page/9/?add-to-cart=547&doing_wp_cron=1780360638.0177381038665771484375&orderby=date HTTP/1.1" 200 63812 "-" "Mozilla/5.0 AppleWebKit/537.36 (KHTML, like Gecko; compatible; ClaudeBot/1.0; +claudebot@anthropic.com)"
216.73.217.54 - - [07/Jun/2026:00:38:31 +0200] "GET /loja/page/7/?add-to-cart=706&doing_wp_cron=1780415118.9577500820159912109375&orderby=menu_order HTTP/1.1" 200 64481 "-" "Mozilla/5.0 AppleWebKit/537.36 (KHTML, like Gecko; compatible; ClaudeBot/1.0; +claudebot@anthropic.com)"
216.73.217.54 - - [07/Jun/2026:00:38:34 +0200] "GET /loja/page/7/?add-to-cart=559&doing_wp_cron=1780356259.9063909053802490234375&orderby=menu_order HTTP/1.1" 200 64485 "-" "Mozilla/5.0 AppleWebKit/537.36 (KHTML, like Gecko; compatible; ClaudeBot/1.0; +claudebot@anthropic.com)"
216.73.217.54 - - [07/Jun/2026:00:38:37 +0200] "GET /loja/page/5/?add-to-cart=4329&doing_wp_cron=1780490103.7011010646820068359375&orderby=date HTTP/1.1" 200 64703 "-" "Mozilla/5.0 AppleWebKit/537.36 (KHTML, like Gecko; compatible; ClaudeBot/1.0; +claudebot@anthropic.com)"
216.73.217.54 - - [07/Jun/2026:00:38:40 +0200] "GET /loja/page/6/?add-to-cart=893&doing_wp_cron=1780338056.7367100715637207031250&orderby=popularity HTTP/1.1" 200 65376 "-" "Mozilla/5.0 AppleWebKit/537.36 (KHTML, like Gecko; compatible; ClaudeBot/1.0; +claudebot@anthropic.com)"
216.73.217.54 - - [07/Jun/2026:00:38:43 +0200] "GET /loja/?add-to-cart=4229&doing_wp_cron=1780454178.6453809738159179687500&orderby=date HTTP/1.1" 200 64926 "-" "Mozilla/5.0 AppleWebKit/537.36 (KHTML, like Gecko; compatible; ClaudeBot/1.0; +claudebot@anthropic.com)"
216.73.217.54 - - [07/Jun/2026:00:38:46 +0200] "GET /loja/page/3/?add-to-cart=532&doing_wp_cron=1780429678.1482779979705810546875&orderby=popularity HTTP/1.1" 200 65312 "-" "Mozilla/5.0 AppleWebKit/537.36 (KHTML, like Gecko; compatible; ClaudeBot/1.0; +claudebot@anthropic.com)"
216.73.217.54 - - [07/Jun/2026:00:38:49 +0200] "GET /categoria-produto/mercearia/page/5/?doing_wp_cron=1780441513.5569849014282226562500&orderby=price-desc HTTP/1.1" 200 64804 "-" "Mozilla/5.0 AppleWebKit/537.36 (KHTML, like Gecko; compatible; ClaudeBot/1.0; +claudebot@anthropic.com)"
216.73.217.54 - - [07/Jun/2026:00:38:52 +0200] "GET /loja/page/8/?add-to-cart=425&doing_wp_cron=1780552136.4866590499877929687500&orderby=menu_order HTTP/1.1" 200 65315 "-" "Mozilla/5.0 AppleWebKit/537.36 (KHTML, like Gecko; compatible; ClaudeBot/1.0; +claudebot@anthropic.com)"
216.73.217.54 - - [07/Jun/2026:00:38:55 +0200] "GET /loja/page/2/?add-to-cart=893&doing_wp_cron=1780298590.2811610698699951171875&orderby=date HTTP/1.1" 200 65249 "-" "Mozilla/5.0 AppleWebKit/537.36 (KHTML, like Gecko; compatible; ClaudeBot/1.0; +claudebot@anthropic.com)"
216.73.217.54 - - [07/Jun/2026:00:38:58 +0200] "GET /loja/page/9/?add-to-cart=653&doing_wp_cron=1780552196.7174270153045654296875&orderby=date HTTP/1.1" 200 64911 "-" "Mozilla/5.0 AppleWebKit/537.36 (KHTML, like Gecko; compatible; ClaudeBot/1.0; +claudebot@anthropic.com)"
216.73.217.54 - - [07/Jun/2026:00:39:01 +0200] "GET /loja/page/7/?add-to-cart=492&doing_wp_cron=1780319098.8176429271697998046875&orderby=menu_order HTTP/1.1" 200 65701 "-" "Mozilla/5.0 AppleWebKit/537.36 (KHTML, like Gecko; compatible; ClaudeBot/1.0; +claudebot@anthropic.com)"
138.199.136.184 - - [07/Jun/2026:00:39:02 +0200] "GET /contactos/ HTTP/1.1" 200 55234 "-" "Mozilla/5.0 (Windows NT 10.0; Win64; x64) AppleWebKit/537.36 (KHTML, like Gecko) Chrome/116.0.0.0 Safari/537.36"
216.73.217.54 - - [07/Jun/2026:00:39:04 +0200] "GET /loja/page/3/?add-to-cart=2010&doing_wp_cron=1780489939.7494440078735351562500&orderby=date HTTP/1.1" 200 65851 "-" "Mozilla/5.0 AppleWebKit/537.36 (KHTML, like Gecko; compatible; ClaudeBot/1.0; +claudebot@anthropic.com)"
216.73.217.54 - - [07/Jun/2026:00:39:07 +0200] "GET /loja/page/6/?add-to-cart=4222&doing_wp_cron=1780247694.3308169841766357421875&orderby=menu_order HTTP/1.1" 200 65956 "-" "Mozilla/5.0 AppleWebKit/537.36 (KHTML, like Gecko; compatible; ClaudeBot/1.0; +claudebot@anthropic.com)"
216.73.217.54 - - [07/Jun/2026:00:39:10 +0200] "GET /loja/page/2/?add-to-cart=2040&doing_wp_cron=1780415098.0220060348510742187500&orderby=menu_order HTTP/1.1" 200 66228 "-" "Mozilla/5.0 AppleWebKit/537.36 (KHTML, like Gecko; compatible; ClaudeBot/1.0; +claudebot@anthropic.com)"
114.119.152.161 - - [07/Jun/2026:00:39:11 +0200] "GET /loja/page/6/?doing_wp_cron=1777232448.7225129604339599609375&orderby=popularity HTTP/1.1" 200 60888 "https://www.baudefruta.pt/loja/page/6/?doing_wp_cron=1777232448.7225129604339599609375&orderby=popularity" "Mozilla/5.0 (Linux; Android 7.0;) AppleWebKit/537.36 (HTML, like Gecko) Mobile Safari/537.36 (compatible; PetalBot;+https://webmaster.petalsearch.com/site/petalbot)"
216.73.217.54 - - [07/Jun/2026:00:39:13 +0200] "GET /loja/?add-to-cart=4232&doing_wp_cron=1780420099.1374759674072265625000&orderby=date HTTP/1.1" 200 66163 "-" "Mozilla/5.0 AppleWebKit/537.36 (KHTML, like Gecko; compatible; ClaudeBot/1.0; +claudebot@anthropic.com)"
216.73.217.54 - - [07/Jun/2026:00:39:16 +0200] "GET /loja/page/3/?add-to-cart=2009&doing_wp_cron=1780657689.1318700313568115234375&orderby=date HTTP/1.1" 200 66310 "-" "Mozilla/5.0 AppleWebKit/537.36 (KHTML, like Gecko; compatible; ClaudeBot/1.0; +claudebot@anthropic.com)"
216.73.217.54 - - [07/Jun/2026:00:39:19 +0200] "GET /loja/page/5/?add-to-cart=782&doing_wp_cron=1780486857.8343369960784912109375&orderby=menu_order HTTP/1.1" 200 66619 "-" "Mozilla/5.0 AppleWebKit/537.36 (KHTML, like Gecko; compatible; ClaudeBot/1.0; +claudebot@anthropic.com)"
216.73.217.54 - - [07/Jun/2026:00:39:24 +0200] "GET /loja/page/6/?add-to-cart=775&doing_wp_cron=1780620500.7815520763397216796875&orderby=menu_order HTTP/1.1" 200 60929 "-" "Mozilla/5.0 AppleWebKit/537.36 (KHTML, like Gecko; compatible; ClaudeBot/1.0; +claudebot@anthropic.com)"
216.73.217.54 - - [07/Jun/2026:00:39:27 +0200] "GET /loja/page/6/?add-to-cart=725&doing_wp_cron=1780620500.7815520763397216796875&orderby=menu_order HTTP/1.1" 200 61228 "-" "Mozilla/5.0 AppleWebKit/537.36 (KHTML, like Gecko; compatible; ClaudeBot/1.0; +claudebot@anthropic.com)"
216.73.217.54 - - [07/Jun/2026:00:39:30 +0200] "GET /loja/page/3/?add-to-cart=567&doing_wp_cron=1780700767.5209450721740722656250&orderby=menu_order HTTP/1.1" 200 61279 "-" "Mozilla/5.0 AppleWebKit/537.36 (KHTML, like Gecko; compatible; ClaudeBot/1.0; +claudebot@anthropic.com)"
216.73.217.54 - - [07/Jun/2026:00:39:33 +0200] "GET /produto/farinha-com-fermento-nacional/?add-to-cart=777&doing_wp_cron=1780734547.6812970638275146484375 HTTP/1.1" 200 60183 "-" "Mozilla/5.0 AppleWebKit/537.36 (KHTML, like Gecko; compatible; ClaudeBot/1.0; +claudebot@anthropic.com)"
