216.73.217.54 - - [07/Jun/2026:00:41:45 +0200] "GET /loja/page/7/?add-to-cart=687&doing_wp_cron=1780207778.1771409511566162109375&orderby=popularity HTTP/1.1" 200 71385 "-" "Mozilla/5.0 AppleWebKit/537.36 (KHTML, like Gecko; compatible; ClaudeBot/1.0; +claudebot@anthropic.com)"
54.210.155.69 - - [07/Jun/2026:00:41:46 +0200] "GET /categoria-produto/frescos/page/6/?doing_wp_cron=1768393031.7143781185150146484375&orderby=date HTTP/1.1" 200 56132 "-" "Mozilla/5.0 AppleWebKit/537.36 (KHTML, like Gecko; compatible; Amazonbot/0.1; +https://developer.amazon.com/support/amazonbot) Chrome/119.0.6045.214 Safari/537.36"
216.73.217.54 - - [07/Jun/2026:00:41:48 +0200] "GET /loja/page/10/?add-to-cart=3519&doing_wp_cron=1780561318.4196650981903076171875&orderby=menu_order HTTP/1.1" 200 71300 "-" "Mozilla/5.0 AppleWebKit/537.36 (KHTML, like Gecko; compatible; ClaudeBot/1.0; +claudebot@anthropic.com)"
111.225.148.85 - - [07/Jun/2026:00:41:49 +0200] "GET /produto/tempero-para-frango/?doing_wp_cron=1703611878.6117000579833984375000 HTTP/1.1" 200 57811 "-" "Mozilla/5.0 (Linux; Android 5.0) AppleWebKit/537.36 (KHTML, like Gecko) Mobile Safari/537.36 (compatible; Bytespider; https://zhanzhang.toutiao.com/)"
111.225.148.85 - - [07/Jun/2026:00:41:50 +0200] "GET /wp-content/plugins/woocommerce/assets/client/blocks/wc-blocks.css?ver=wc-10.2.2 HTTP/1.1" 200 2673 "https://www.baudefruta.pt/produto/tempero-para-frango/?doing_wp_cron=1703611878.6117000579833984375000" "Mozilla/5.0 (Linux; Android 5.0) AppleWebKit/537.36 (KHTML, like Gecko) Mobile Safari/537.36 (compatible; Bytespider; https://zhanzhang.toutiao.com/)"
111.225.148.85 - - [07/Jun/2026:00:41:51 +0200] "GET /wp-content/plugins/woocommerce-products-filter/css/front.css?ver=2.2.9.4 HTTP/1.1" 200 5063 "https://www.baudefruta.pt/produto/tempero-para-frango/?doing_wp_cron=1703611878.6117000579833984375000" "Mozilla/5.0 (Linux; Android 5.0) AppleWebKit/537.36 (KHTML, like Gecko) Mobile Safari/537.36 (compatible; Bytespider; https://zhanzhang.toutiao.com/)"
111.225.148.85 - - [07/Jun/2026:00:41:51 +0200] "GET /wp-content/uploads/2021/06/TF001-dom-duarte-tempero-frango-600x472.jpg HTTP/1.1" 206 500 "https://www.baudefruta.pt/produto/tempero-para-frango/?doing_wp_cron=1703611878.6117000579833984375000" "Mozilla/5.0 (Linux; Android 5.0) AppleWebKit/537.36 (KHTML, like Gecko) Mobile Safari/537.36 (compatible; Bytespider; https://zhanzhang.toutiao.com/)"
111.225.148.109 - - [07/Jun/2026:00:41:51 +0200] "GET /wp-content/plugins/woocommerce-products-filter/js/chosen/chosen.min.css?ver=2.2.9.4 HTTP/1.1" 200 2141 "https://www.baudefruta.pt/produto/tempero-para-frango/?doing_wp_cron=1703611878.6117000579833984375000" "Mozilla/5.0 (Linux; Android 5.0) AppleWebKit/537.36 (KHTML, like Gecko) Mobile Safari/537.36 (compatible; Bytespider; https://zhanzhang.toutiao.com/)"
111.225.148.175 - - [07/Jun/2026:00:41:51 +0200] "GET /wp-content/plugins/woocommerce/assets/css/brands.css?ver=10.2.2 HTTP/1.1" 200 699 "https://www.baudefruta.pt/produto/tempero-para-frango/?doing_wp_cron=1703611878.6117000579833984375000" "Mozilla/5.0 (Linux; Android 5.0) AppleWebKit/537.36 (KHTML, like Gecko) Mobile Safari/537.36 (compatible; Bytespider; https://zhanzhang.toutiao.com/)"
111.225.148.88 - - [07/Jun/2026:00:41:51 +0200] "GET /wp-content/plugins/popup-maker/dist/assets/site.css?ver=1.21.4 HTTP/1.1" 200 1917 "https://www.baudefruta.pt/produto/tempero-para-frango/?doing_wp_cron=1703611878.6117000579833984375000" "Mozilla/5.0 (Linux; Android 5.0) AppleWebKit/537.36 (KHTML, like Gecko) Mobile Safari/537.36 (compatible; Bytespider; https://zhanzhang.toutiao.com/)"
111.225.148.198 - - [07/Jun/2026:00:41:51 +0200] "GET /wp-content/plugins/woocommerce-products-filter/js/tooltip/css/plugins/tooltipster/sideTip/themes/tooltipster-sideTip-noir.min.css?ver=2.2.9.4 HTTP/1.1" 200 302 "https://www.baudefruta.pt/produto/tempero-para-frango/?doing_wp_cron=1703611878.6117000579833984375000" "Mozilla/5.0 (Linux; Android 5.0) AppleWebKit/537.36 (KHTML, like Gecko) Mobile Safari/537.36 (compatible; Bytespider; https://zhanzhang.toutiao.com/)"
216.73.217.54 - - [07/Jun/2026:00:41:51 +0200] "GET /loja/page/4/?add-to-cart=1133&doing_wp_cron=1780326079.0621399879455566406250&orderby=menu_order HTTP/1.1" 200 71436 "-" "Mozilla/5.0 AppleWebKit/537.36 (KHTML, like Gecko; compatible; ClaudeBot/1.0; +claudebot@anthropic.com)"
111.225.148.85 - - [07/Jun/2026:00:41:51 +0200] "GET /wp-includes/js/mediaelement/wp-mediaelement.min.js?ver=6.9.1 HTTP/1.1" 200 550 "https://www.baudefruta.pt/produto/tempero-para-frango/?doing_wp_cron=1703611878.6117000579833984375000" "Mozilla/5.0 (Linux; Android 5.0) AppleWebKit/537.36 (KHTML, like Gecko) Mobile Safari/537.36 (compatible; Bytespider; https://zhanzhang.toutiao.com/)"
111.225.148.29 - - [07/Jun/2026:00:41:51 +0200] "GET /wp-content/plugins/duracelltomi-google-tag-manager/dist/js/gtm4wp-woocommerce.js?ver=1.22.3 HTTP/1.1" 200 3043 "https://www.baudefruta.pt/produto/tempero-para-frango/?doing_wp_cron=1703611878.6117000579833984375000" "Mozilla/5.0 (Linux; Android 5.0) AppleWebKit/537.36 (KHTML, like Gecko) Mobile Safari/537.36 (compatible; Bytespider; https://zhanzhang.toutiao.com/)"
54.225.148.123 - - [07/Jun/2026:00:41:51 +0200] "GET /loja/page/7/?doing_wp_cron=1705054787.4118249416351318359375&orderby=menu_order HTTP/1.1" 200 60461 "-" "Mozilla/5.0 AppleWebKit/537.36 (KHTML, like Gecko; compatible; Amazonbot/0.1; +https://developer.amazon.com/support/amazonbot) Chrome/119.0.6045.214 Safari/537.36"
111.225.148.29 - - [07/Jun/2026:00:41:52 +0200] "GET /wp-content/uploads/2021/05/bau_livroreclamacoes.svg HTTP/1.1" 206 500 "https://www.baudefruta.pt/produto/tempero-para-frango/?doing_wp_cron=1703611878.6117000579833984375000" "Mozilla/5.0 (Linux; Android 5.0) AppleWebKit/537.36 (KHTML, like Gecko) Mobile Safari/537.36 (compatible; Bytespider; https://zhanzhang.toutiao.com/)"
111.225.148.85 - - [07/Jun/2026:00:41:52 +0200] "GET /wp-content/uploads/2021/07/bau_mb_mbway.svg HTTP/1.1" 206 500 "https://www.baudefruta.pt/produto/tempero-para-frango/?doing_wp_cron=1703611878.6117000579833984375000" "Mozilla/5.0 (Linux; Android 5.0) AppleWebKit/537.36 (KHTML, like Gecko) Mobile Safari/537.36 (compatible; Bytespider; https://zhanzhang.toutiao.com/)"
111.225.148.198 - - [07/Jun/2026:00:41:52 +0200] "GET /wp-content/plugins/uncode-js_composer/assets/lib/bower/flexslider/jquery.flexslider-min.js?ver=6.5.0 HTTP/1.1" 200 6483 "https://www.baudefruta.pt/produto/tempero-para-frango/?doing_wp_cron=1703611878.6117000579833984375000" "Mozilla/5.0 (Linux; Android 5.0) AppleWebKit/537.36 (KHTML, like Gecko) Mobile Safari/537.36 (compatible; Bytespider; https://zhanzhang.toutiao.com/)"
111.225.148.85 - - [07/Jun/2026:00:41:52 +0200] "GET /wp-content/uploads/2021/07/bau_mb_mbway.svg HTTP/1.1" 304 0 "https://www.baudefruta.pt/produto/tempero-para-frango/?doing_wp_cron=1703611878.6117000579833984375000" "Mozilla/5.0 (Linux; Android 5.0) AppleWebKit/537.36 (KHTML, like Gecko) Mobile Safari/537.36 (compatible; Bytespider; https://zhanzhang.toutiao.com/)"
111.225.148.29 - - [07/Jun/2026:00:41:52 +0200] "GET /wp-content/uploads/2021/05/bau_livroreclamacoes.svg HTTP/1.1" 304 0 "https://www.baudefruta.pt/produto/tempero-para-frango/?doing_wp_cron=1703611878.6117000579833984375000" "Mozilla/5.0 (Linux; Android 5.0) AppleWebKit/537.36 (KHTML, like Gecko) Mobile Safari/537.36 (compatible; Bytespider; https://zhanzhang.toutiao.com/)"
111.225.148.29 - - [07/Jun/2026:00:41:52 +0200] "GET /wp-content/uploads/2021/05/bau_livroreclamacoes.svg HTTP/1.1" 200 2886 "https://www.baudefruta.pt/produto/tempero-para-frango/?doing_wp_cron=1703611878.6117000579833984375000" "Mozilla/5.0 (Linux; Android 5.0) AppleWebKit/537.36 (KHTML, like Gecko) Mobile Safari/537.36 (compatible; Bytespider; https://zhanzhang.toutiao.com/)"
111.225.148.85 - - [07/Jun/2026:00:41:52 +0200] "GET /wp-content/uploads/2021/07/bau_mb_mbway.svg HTTP/1.1" 200 5318 "https://www.baudefruta.pt/produto/tempero-para-frango/?doing_wp_cron=1703611878.6117000579833984375000" "Mozilla/5.0 (Linux; Android 5.0) AppleWebKit/537.36 (KHTML, like Gecko) Mobile Safari/537.36 (compatible; Bytespider; https://zhanzhang.toutiao.com/)"
216.73.217.54 - - [07/Jun/2026:00:41:54 +0200] "GET /loja/page/5/?add-to-cart=1993&doing_wp_cron=1780205258.9664719104766845703125&orderby=popularity HTTP/1.1" 200 71838 "-" "Mozilla/5.0 AppleWebKit/537.36 (KHTML, like Gecko; compatible; ClaudeBot/1.0; +claudebot@anthropic.com)"
34.226.89.140 - - [07/Jun/2026:00:41:55 +0200] "GET /categoria-produto/frescos/page/5/?doing_wp_cron=1758891916.0486869812011718750000&orderby=menu_order HTTP/1.1" 200 59901 "-" "Mozilla/5.0 AppleWebKit/537.36 (KHTML, like Gecko; compatible; Amazonbot/0.1; +https://developer.amazon.com/support/amazonbot) Chrome/119.0.6045.214 Safari/537.36"
114.119.152.161 - - [07/Jun/2026:00:41:56 +0200] "GET /loja/page/6/?doing_wp_cron=1776351409.5315039157867431640625 HTTP/1.1" 200 60415 "https://www.baudefruta.pt/loja/page/8/?doing_wp_cron=1682592757.2329320907592773437500" "Mozilla/5.0 (Linux; Android 7.0;) AppleWebKit/537.36 (HTML, like Gecko) Mobile Safari/537.36 (compatible; PetalBot;+https://webmaster.petalsearch.com/site/petalbot)"
216.73.217.54 - - [07/Jun/2026:00:41:57 +0200] "GET /loja/page/9/?add-to-cart=541&doing_wp_cron=1780326079.0621399879455566406250&orderby=popularity HTTP/1.1" 200 72043 "-" "Mozilla/5.0 AppleWebKit/537.36 (KHTML, like Gecko; compatible; ClaudeBot/1.0; +claudebot@anthropic.com)"
100.28.57.133 - - [07/Jun/2026:00:41:59 +0200] "GET /carrinho/?_wpnonce=d63066b63b&doing_wp_cron=1780639924.0377280712127685546875&remove_item=aafd8346a677af9db717afeadf6b62ec HTTP/1.1" 200 55594 "-" "Mozilla/5.0 AppleWebKit/537.36 (KHTML, like Gecko; compatible; Amazonbot/0.1; +https://developer.amazon.com/support/amazonbot) Chrome/119.0.6045.214 Safari/537.36"
216.73.217.54 - - [07/Jun/2026:00:42:00 +0200] "GET /loja/page/4/?add-to-cart=706&doing_wp_cron=1780406818.1222550868988037109375&orderby=menu_order HTTP/1.1" 200 71872 "-" "Mozilla/5.0 AppleWebKit/537.36 (KHTML, like Gecko; compatible; ClaudeBot/1.0; +claudebot@anthropic.com)"
216.73.217.54 - - [07/Jun/2026:00:42:04 +0200] "GET /loja/page/5/?add-to-cart=802&doing_wp_cron=1780505541.2122659683227539062500&orderby=date HTTP/1.1" 200 71739 "-" "Mozilla/5.0 AppleWebKit/537.36 (KHTML, like Gecko; compatible; ClaudeBot/1.0; +claudebot@anthropic.com)"
216.73.217.54 - - [07/Jun/2026:00:42:06 +0200] "GET /loja/page/7/?add-to-cart=802&doing_wp_cron=1780420039.4808270931243896484375&orderby=popularity HTTP/1.1" 200 72257 "-" "Mozilla/5.0 AppleWebKit/537.36 (KHTML, like Gecko; compatible; ClaudeBot/1.0; +claudebot@anthropic.com)"
216.73.217.54 - - [07/Jun/2026:00:42:09 +0200] "GET /loja/page/6/?add-to-cart=751&doing_wp_cron=1780521358.5195169448852539062500&orderby=popularity HTTP/1.1" 200 72436 "-" "Mozilla/5.0 AppleWebKit/537.36 (KHTML, like Gecko; compatible; ClaudeBot/1.0; +claudebot@anthropic.com)"
91.92.242.223 - - [07/Jun/2026:00:42:10 +0200] "POST /wp-login.php?action=register HTTP/1.1" 403 146 "-" "-"
216.73.217.54 - - [07/Jun/2026:00:42:12 +0200] "GET /loja/page/3/?add-to-cart=240&doing_wp_cron=1780247694.3308169841766357421875&orderby=popularity HTTP/1.1" 200 73300 "-" "Mozilla/5.0 AppleWebKit/537.36 (KHTML, like Gecko; compatible; ClaudeBot/1.0; +claudebot@anthropic.com)"
110.249.201.249 - - [07/Jun/2026:00:42:14 +0200] "GET /produto/pevide-torrada/?doing_wp_cron=1710961926.9449520111083984375000 HTTP/1.1" 200 57776 "-" "Mozilla/5.0 (Linux; Android 5.0) AppleWebKit/537.36 (KHTML, like Gecko) Mobile Safari/537.36 (compatible; Bytespider; https://zhanzhang.toutiao.com/)"
110.249.201.249 - - [07/Jun/2026:00:42:14 +0200] "GET /wp-content/themes/uncode/library/css/uncode-icons.css?ver=1720678149 HTTP/1.1" 200 12098 "https://www.baudefruta.pt/produto/pevide-torrada/?doing_wp_cron=1710961926.9449520111083984375000" "Mozilla/5.0 (Linux; Android 5.0) AppleWebKit/537.36 (KHTML, like Gecko) Mobile Safari/537.36 (compatible; Bytespider; https://zhanzhang.toutiao.com/)"
110.249.201.249 - - [07/Jun/2026:00:42:15 +0200] "GET /wp-content/plugins/uncode-js_composer/assets/js/vendors/woocommerce-add-to-cart.js?ver=6.5.0 HTTP/1.1" 200 992 "https://www.baudefruta.pt/produto/pevide-torrada/?doing_wp_cron=1710961926.9449520111083984375000" "Mozilla/5.0 (Linux; Android 5.0) AppleWebKit/537.36 (KHTML, like Gecko) Mobile Safari/537.36 (compatible; Bytespider; https://zhanzhang.toutiao.com/)"
110.249.201.223 - - [07/Jun/2026:00:42:15 +0200] "GET /wp-content/uploads/2021/12/PVT001-600x417.jpg HTTP/1.1" 206 500 "https://www.baudefruta.pt/produto/pevide-torrada/?doing_wp_cron=1710961926.9449520111083984375000" "Mozilla/5.0 (Linux; Android 5.0) AppleWebKit/537.36 (KHTML, like Gecko) Mobile Safari/537.36 (compatible; Bytespider; https://zhanzhang.toutiao.com/)"
110.249.201.181 - - [07/Jun/2026:00:42:15 +0200] "GET /wp-content/plugins/duracelltomi-google-tag-manager/dist/js/gtm4wp-ecommerce-generic.js?ver=1.22.3 HTTP/1.1" 200 579 "https://www.baudefruta.pt/produto/pevide-torrada/?doing_wp_cron=1710961926.9449520111083984375000" "Mozilla/5.0 (Linux; Android 5.0) AppleWebKit/537.36 (KHTML, like Gecko) Mobile Safari/537.36 (compatible; Bytespider; https://zhanzhang.toutiao.com/)"
110.249.201.249 - - [07/Jun/2026:00:42:15 +0200] "GET /wp-content/plugins/woocommerce/assets/js/sourcebuster/sourcebuster.min.js?ver=10.2.2 HTTP/1.1" 200 4830 "https://www.baudefruta.pt/produto/pevide-torrada/?doing_wp_cron=1710961926.9449520111083984375000" "Mozilla/5.0 (Linux; Android 5.0) AppleWebKit/537.36 (KHTML, like Gecko) Mobile Safari/537.36 (compatible; Bytespider; https://zhanzhang.toutiao.com/)"
110.249.201.223 - - [07/Jun/2026:00:42:15 +0200] "GET /wp-content/themes/uncode/library/js/woocommerce-uncode.js?ver=1720678149 HTTP/1.1" 200 7190 "https://www.baudefruta.pt/produto/pevide-torrada/?doing_wp_cron=1710961926.9449520111083984375000" "Mozilla/5.0 (Linux; Android 5.0) AppleWebKit/537.36 (KHTML, like Gecko) Mobile Safari/537.36 (compatible; Bytespider; https://zhanzhang.toutiao.com/)"
110.249.201.205 - - [07/Jun/2026:00:42:15 +0200] "GET /wp-content/plugins/uncode-daves-wordpress-live-search/js/daves-wordpress-live-search.js?ver=6.9.1 HTTP/1.1" 200 3692 "https://www.baudefruta.pt/produto/pevide-torrada/?doing_wp_cron=1710961926.9449520111083984375000" "Mozilla/5.0 (Linux; Android 5.0) AppleWebKit/537.36 (KHTML, like Gecko) Mobile Safari/537.36 (compatible; Bytespider; https://zhanzhang.toutiao.com/)"
110.249.201.184 - - [07/Jun/2026:00:42:15 +0200] "GET /wp-content/plugins/woocommerce/assets/js/frontend/order-attribution.min.js?ver=10.2.2 HTTP/1.1" 200 1140 "https://www.baudefruta.pt/produto/pevide-torrada/?doing_wp_cron=1710961926.9449520111083984375000" "Mozilla/5.0 (Linux; Android 5.0) AppleWebKit/537.36 (KHTML, like Gecko) Mobile Safari/537.36 (compatible; Bytespider; https://zhanzhang.toutiao.com/)"
110.249.201.181 - - [07/Jun/2026:00:42:15 +0200] "GET /wp-content/plugins/woocommerce-products-filter/js/chosen/chosen.jquery.js?ver=2.2.9.4 HTTP/1.1" 200 8826 "https://www.baudefruta.pt/produto/pevide-torrada/?doing_wp_cron=1710961926.9449520111083984375000" "Mozilla/5.0 (Linux; Android 5.0) AppleWebKit/537.36 (KHTML, like Gecko) Mobile Safari/537.36 (compatible; Bytespider; https://zhanzhang.toutiao.com/)"
110.249.201.223 - - [07/Jun/2026:00:42:15 +0200] "GET /wp-content/uploads/2021/07/bau_mb_mbway.svg HTTP/1.1" 206 500 "https://www.baudefruta.pt/produto/pevide-torrada/?doing_wp_cron=1710961926.9449520111083984375000" "Mozilla/5.0 (Linux; Android 5.0) AppleWebKit/537.36 (KHTML, like Gecko) Mobile Safari/537.36 (compatible; Bytespider; https://zhanzhang.toutiao.com/)"
110.249.201.181 - - [07/Jun/2026:00:42:15 +0200] "GET /wp-content/uploads/2021/05/bau_footer-top.png HTTP/1.1" 206 500 "https://www.baudefruta.pt/produto/pevide-torrada/?doing_wp_cron=1710961926.9449520111083984375000" "Mozilla/5.0 (Linux; Android 5.0) AppleWebKit/537.36 (KHTML, like Gecko) Mobile Safari/537.36 (compatible; Bytespider; https://zhanzhang.toutiao.com/)"
110.249.201.249 - - [07/Jun/2026:00:42:15 +0200] "GET /wp-content/plugins/uncode-js_composer/assets/lib/bower/flexslider/jquery.flexslider-min.js?ver=6.5.0 HTTP/1.1" 200 6483 "https://www.baudefruta.pt/produto/pevide-torrada/?doing_wp_cron=1710961926.9449520111083984375000" "Mozilla/5.0 (Linux; Android 5.0) AppleWebKit/537.36 (KHTML, like Gecko) Mobile Safari/537.36 (compatible; Bytespider; https://zhanzhang.toutiao.com/)"
110.249.201.28 - - [07/Jun/2026:00:42:15 +0200] "GET /wp-content/uploads/2021/05/bau_livroreclamacoes.svg HTTP/1.1" 206 500 "https://www.baudefruta.pt/produto/pevide-torrada/?doing_wp_cron=1710961926.9449520111083984375000" "Mozilla/5.0 (Linux; Android 5.0) AppleWebKit/537.36 (KHTML, like Gecko) Mobile Safari/537.36 (compatible; Bytespider; https://zhanzhang.toutiao.com/)"
110.249.201.223 - - [07/Jun/2026:00:42:15 +0200] "GET /wp-content/uploads/2021/07/bau_mb_mbway.svg HTTP/1.1" 304 0 "https://www.baudefruta.pt/produto/pevide-torrada/?doing_wp_cron=1710961926.9449520111083984375000" "Mozilla/5.0 (Linux; Android 5.0) AppleWebKit/537.36 (KHTML, like Gecko) Mobile Safari/537.36 (compatible; Bytespider; https://zhanzhang.toutiao.com/)"
216.73.217.54 - - [07/Jun/2026:00:42:15 +0200] "GET /loja/page/2/?add-to-cart=470&doing_wp_cron=1780445098.1589419841766357421875&orderby=menu_order HTTP/1.1" 200 73337 "-" "Mozilla/5.0 AppleWebKit/537.36 (KHTML, like Gecko; compatible; ClaudeBot/1.0; +claudebot@anthropic.com)"
110.249.201.223 - - [07/Jun/2026:00:42:15 +0200] "GET /wp-content/uploads/2021/07/bau_mb_mbway.svg HTTP/1.1" 200 5318 "https://www.baudefruta.pt/produto/pevide-torrada/?doing_wp_cron=1710961926.9449520111083984375000" "Mozilla/5.0 (Linux; Android 5.0) AppleWebKit/537.36 (KHTML, like Gecko) Mobile Safari/537.36 (compatible; Bytespider; https://zhanzhang.toutiao.com/)"
110.249.201.28 - - [07/Jun/2026:00:42:15 +0200] "GET /wp-content/uploads/2021/05/bau_livroreclamacoes.svg HTTP/1.1" 304 0 "https://www.baudefruta.pt/produto/pevide-torrada/?doing_wp_cron=1710961926.9449520111083984375000" "Mozilla/5.0 (Linux; Android 5.0) AppleWebKit/537.36 (KHTML, like Gecko) Mobile Safari/537.36 (compatible; Bytespider; https://zhanzhang.toutiao.com/)"
110.249.201.28 - - [07/Jun/2026:00:42:16 +0200] "GET /wp-content/uploads/2021/05/bau_livroreclamacoes.svg HTTP/1.1" 200 2886 "https://www.baudefruta.pt/produto/pevide-torrada/?doing_wp_cron=1710961926.9449520111083984375000" "Mozilla/5.0 (Linux; Android 5.0) AppleWebKit/537.36 (KHTML, like Gecko) Mobile Safari/537.36 (compatible; Bytespider; https://zhanzhang.toutiao.com/)"
110.249.201.28 - - [07/Jun/2026:00:42:16 +0200] "GET /wp-content/uploads/2021/12/PVT001.jpg HTTP/1.1" 206 500 "https://www.baudefruta.pt/produto/pevide-torrada/?doing_wp_cron=1710961926.9449520111083984375000" "Mozilla/5.0 (Linux; Android 5.0) AppleWebKit/537.36 (KHTML, like Gecko) Mobile Safari/537.36 (compatible; Bytespider; https://zhanzhang.toutiao.com/)"
216.73.217.54 - - [07/Jun/2026:00:42:18 +0200] "GET /categoria-produto/mercearia/page/3/?doing_wp_cron=1780508060.4100880622863769531250&orderby=price-desc HTTP/1.1" 200 73134 "-" "Mozilla/5.0 AppleWebKit/537.36 (KHTML, like Gecko; compatible; ClaudeBot/1.0; +claudebot@anthropic.com)"
216.73.217.54 - - [07/Jun/2026:00:42:21 +0200] "GET /loja/page/9/?add-to-cart=435&doing_wp_cron=1780445092.3632619380950927734375&orderby=menu_order HTTP/1.1" 200 73473 "-" "Mozilla/5.0 AppleWebKit/537.36 (KHTML, like Gecko; compatible; ClaudeBot/1.0; +claudebot@anthropic.com)"
216.73.217.54 - - [07/Jun/2026:00:42:24 +0200] "GET /loja/page/11/?add-to-cart=823&doing_wp_cron=1780544538.0197379589080810546875&orderby=menu_order HTTP/1.1" 200 72979 "-" "Mozilla/5.0 AppleWebKit/537.36 (KHTML, like Gecko; compatible; ClaudeBot/1.0; +claudebot@anthropic.com)"
216.73.217.54 - - [07/Jun/2026:00:42:27 +0200] "GET /loja/page/2/?add-to-cart=563&doing_wp_cron=1780415118.9577500820159912109375&orderby=popularity HTTP/1.1" 200 73463 "-" "Mozilla/5.0 AppleWebKit/537.36 (KHTML, like Gecko; compatible; ClaudeBot/1.0; +claudebot@anthropic.com)"
216.73.217.54 - - [07/Jun/2026:00:42:30 +0200] "GET /loja/page/3/?add-to-cart=1728&doing_wp_cron=1780430342.1766259670257568359375&orderby=popularity HTTP/1.1" 200 73789 "-" "Mozilla/5.0 AppleWebKit/537.36 (KHTML, like Gecko; compatible; ClaudeBot/1.0; +claudebot@anthropic.com)"
216.73.217.54 - - [07/Jun/2026:00:42:33 +0200] "GET /loja/page/3/?add-to-cart=1125&doing_wp_cron=1780541060.9407060146331787109375&orderby=popularity HTTP/1.1" 200 73928 "-" "Mozilla/5.0 AppleWebKit/537.36 (KHTML, like Gecko; compatible; ClaudeBot/1.0; +claudebot@anthropic.com)"
216.73.217.54 - - [07/Jun/2026:00:42:36 +0200] "GET /categoria-produto/mercearia/?add-to-cart=2012&doing_wp_cron=1780298636.7111411094665527343750&orderby=date HTTP/1.1" 200 73764 "-" "Mozilla/5.0 AppleWebKit/537.36 (KHTML, like Gecko; compatible; ClaudeBot/1.0; +claudebot@anthropic.com)"
111.225.148.141 - - [07/Jun/2026:00:42:39 +0200] "GET /produto/beterraba-com-rama/?doing_wp_cron=1709316720.8697500228881835937500 HTTP/1.1" 200 59245 "-" "Mozilla/5.0 (Linux; Android 5.0) AppleWebKit/537.36 (KHTML, like Gecko) Mobile Safari/537.36 (compatible; Bytespider; https://zhanzhang.toutiao.com/)"
216.73.217.54 - - [07/Jun/2026:00:42:39 +0200] "GET /loja/page/3/?add-to-cart=1993&doing_wp_cron=1780494319.6479558944702148437500&orderby=date HTTP/1.1" 200 74048 "-" "Mozilla/5.0 AppleWebKit/537.36 (KHTML, like Gecko; compatible; ClaudeBot/1.0; +claudebot@anthropic.com)"
111.225.148.141 - - [07/Jun/2026:00:42:40 +0200] "GET /wp-content/plugins/popup-maker/dist/assets/site.css?ver=1.21.4 HTTP/1.1" 200 1917 "https://www.baudefruta.pt/produto/beterraba-com-rama/?doing_wp_cron=1709316720.8697500228881835937500" "Mozilla/5.0 (Linux; Android 5.0) AppleWebKit/537.36 (KHTML, like Gecko) Mobile Safari/537.36 (compatible; Bytespider; https://zhanzhang.toutiao.com/)"
111.225.148.141 - - [07/Jun/2026:00:42:40 +0200] "GET /wp-content/plugins/woocommerce/assets/js/frontend/add-to-cart.min.js?ver=10.2.2 HTTP/1.1" 200 1385 "https://www.baudefruta.pt/produto/beterraba-com-rama/?doing_wp_cron=1709316720.8697500228881835937500" "Mozilla/5.0 (Linux; Android 5.0) AppleWebKit/537.36 (KHTML, like Gecko) Mobile Safari/537.36 (compatible; Bytespider; https://zhanzhang.toutiao.com/)"
111.225.148.141 - - [07/Jun/2026:00:42:40 +0200] "GET /wp-content/plugins/uncode-js_composer/assets/js/vendors/woocommerce-add-to-cart.js?ver=6.5.0 HTTP/1.1" 200 992 "https://www.baudefruta.pt/produto/beterraba-com-rama/?doing_wp_cron=1709316720.8697500228881835937500" "Mozilla/5.0 (Linux; Android 5.0) AppleWebKit/537.36 (KHTML, like Gecko) Mobile Safari/537.36 (compatible; Bytespider; https://zhanzhang.toutiao.com/)"
111.225.148.28 - - [07/Jun/2026:00:42:41 +0200] "GET /wp-content/uploads/2021/06/ABB001-abobora_menina-300x300.jpg HTTP/1.1" 206 500 "https://www.baudefruta.pt/produto/beterraba-com-rama/?doing_wp_cron=1709316720.8697500228881835937500" "Mozilla/5.0 (Linux; Android 5.0) AppleWebKit/537.36 (KHTML, like Gecko) Mobile Safari/537.36 (compatible; Bytespider; https://zhanzhang.toutiao.com/)"
111.225.148.85 - - [07/Jun/2026:00:42:41 +0200] "GET /wp-content/uploads/2021/06/AS001-alho-seco-300x300.jpg HTTP/1.1" 206 500 "https://www.baudefruta.pt/produto/beterraba-com-rama/?doing_wp_cron=1709316720.8697500228881835937500" "Mozilla/5.0 (Linux; Android 5.0) AppleWebKit/537.36 (KHTML, like Gecko) Mobile Safari/537.36 (compatible; Bytespider; https://zhanzhang.toutiao.com/)"
111.225.148.141 - - [07/Jun/2026:00:42:41 +0200] "GET /wp-content/uploads/2021/06/BDL001-batata_doce_laranja-1-300x300.jpg HTTP/1.1" 206 500 "https://www.baudefruta.pt/produto/beterraba-com-rama/?doing_wp_cron=1709316720.8697500228881835937500" "Mozilla/5.0 (Linux; Android 5.0) AppleWebKit/537.36 (KHTML, like Gecko) Mobile Safari/537.36 (compatible; Bytespider; https://zhanzhang.toutiao.com/)"
111.225.148.132 - - [07/Jun/2026:00:42:41 +0200] "GET /wp-content/uploads/2021/06/CE001-coentros-1-300x300.jpg HTTP/1.1" 206 500 "https://www.baudefruta.pt/produto/beterraba-com-rama/?doing_wp_cron=1709316720.8697500228881835937500" "Mozilla/5.0 (Linux; Android 5.0) AppleWebKit/537.36 (KHTML, like Gecko) Mobile Safari/537.36 (compatible; Bytespider; https://zhanzhang.toutiao.com/)"
111.225.148.28 - - [07/Jun/2026:00:42:41 +0200] "GET /wp-content/plugins/duracelltomi-google-tag-manager/dist/js/gtm4wp-woocommerce.js?ver=1.22.3 HTTP/1.1" 200 3043 "https://www.baudefruta.pt/produto/beterraba-com-rama/?doing_wp_cron=1709316720.8697500228881835937500" "Mozilla/5.0 (Linux; Android 5.0) AppleWebKit/537.36 (KHTML, like Gecko) Mobile Safari/537.36 (compatible; Bytespider; https://zhanzhang.toutiao.com/)"
111.225.148.141 - - [07/Jun/2026:00:42:41 +0200] "GET /wp-content/uploads/2021/06/BR001-beterraba_rama-600x400.jpg HTTP/1.1" 206 500 "https://www.baudefruta.pt/produto/beterraba-com-rama/?doing_wp_cron=1709316720.8697500228881835937500" "Mozilla/5.0 (Linux; Android 5.0) AppleWebKit/537.36 (KHTML, like Gecko) Mobile Safari/537.36 (compatible; Bytespider; https://zhanzhang.toutiao.com/)"
111.225.148.141 - - [07/Jun/2026:00:42:41 +0200] "GET /wp-includes/js/underscore.min.js?ver=1.13.7 HTTP/1.1" 200 7353 "https://www.baudefruta.pt/produto/beterraba-com-rama/?doing_wp_cron=1709316720.8697500228881835937500" "Mozilla/5.0 (Linux; Android 5.0) AppleWebKit/537.36 (KHTML, like Gecko) Mobile Safari/537.36 (compatible; Bytespider; https://zhanzhang.toutiao.com/)"
111.225.148.28 - - [07/Jun/2026:00:42:41 +0200] "GET /wp-content/plugins/woocommerce/assets/js/frontend/single-product.min.js?ver=10.2.2 HTTP/1.1" 200 2939 "https://www.baudefruta.pt/produto/beterraba-com-rama/?doing_wp_cron=1709316720.8697500228881835937500" "Mozilla/5.0 (Linux; Android 5.0) AppleWebKit/537.36 (KHTML, like Gecko) Mobile Safari/537.36 (compatible; Bytespider; https://zhanzhang.toutiao.com/)"
111.225.148.235 - - [07/Jun/2026:00:42:41 +0200] "GET /wp-includes/js/mediaelement/wp-mediaelement.min.js?ver=6.9.1 HTTP/1.1" 200 550 "https://www.baudefruta.pt/produto/beterraba-com-rama/?doing_wp_cron=1709316720.8697500228881835937500" "Mozilla/5.0 (Linux; Android 5.0) AppleWebKit/537.36 (KHTML, like Gecko) Mobile Safari/537.36 (compatible; Bytespider; https://zhanzhang.toutiao.com/)"
111.225.148.85 - - [07/Jun/2026:00:42:41 +0200] "GET /wp-content/uploads/2021/06/TC001-tomate-cacho-uai-500x500.jpg HTTP/1.1" 206 500 "https://www.baudefruta.pt/produto/beterraba-com-rama/?doing_wp_cron=1709316720.8697500228881835937500" "Mozilla/5.0 (Linux; Android 5.0) AppleWebKit/537.36 (KHTML, like Gecko) Mobile Safari/537.36 (compatible; Bytespider; https://zhanzhang.toutiao.com/)"
111.225.148.141 - - [07/Jun/2026:00:42:41 +0200] "GET /wp-content/uploads/2021/10/BN002-300x300.jpg HTTP/1.1" 206 500 "https://www.baudefruta.pt/produto/beterraba-com-rama/?doing_wp_cron=1709316720.8697500228881835937500" "Mozilla/5.0 (Linux; Android 5.0) AppleWebKit/537.36 (KHTML, like Gecko) Mobile Safari/537.36 (compatible; Bytespider; https://zhanzhang.toutiao.com/)"
111.225.148.132 - - [07/Jun/2026:00:42:41 +0200] "GET /wp-content/uploads/2021/06/AF001-alho_frances-300x300.jpg HTTP/1.1" 206 500 "https://www.baudefruta.pt/produto/beterraba-com-rama/?doing_wp_cron=1709316720.8697500228881835937500" "Mozilla/5.0 (Linux; Android 5.0) AppleWebKit/537.36 (KHTML, like Gecko) Mobile Safari/537.36 (compatible; Bytespider; https://zhanzhang.toutiao.com/)"
111.225.148.141 - - [07/Jun/2026:00:42:41 +0200] "GET /wp-content/uploads/2021/06/BR001-beterraba_rama-600x400.jpg HTTP/1.1" 304 0 "https://www.baudefruta.pt/produto/beterraba-com-rama/?doing_wp_cron=1709316720.8697500228881835937500" "Mozilla/5.0 (Linux; Android 5.0) AppleWebKit/537.36 (KHTML, like Gecko) Mobile Safari/537.36 (compatible; Bytespider; https://zhanzhang.toutiao.com/)"
111.225.148.85 - - [07/Jun/2026:00:42:42 +0200] "GET /wp-content/uploads/2021/07/bau_mb_mbway.svg HTTP/1.1" 206 500 "https://www.baudefruta.pt/produto/beterraba-com-rama/?doing_wp_cron=1709316720.8697500228881835937500" "Mozilla/5.0 (Linux; Android 5.0) AppleWebKit/537.36 (KHTML, like Gecko) Mobile Safari/537.36 (compatible; Bytespider; https://zhanzhang.toutiao.com/)"
111.225.148.132 - - [07/Jun/2026:00:42:42 +0200] "GET /wp-content/uploads/2021/05/bau_livroreclamacoes.svg HTTP/1.1" 206 500 "https://www.baudefruta.pt/produto/beterraba-com-rama/?doing_wp_cron=1709316720.8697500228881835937500" "Mozilla/5.0 (Linux; Android 5.0) AppleWebKit/537.36 (KHTML, like Gecko) Mobile Safari/537.36 (compatible; Bytespider; https://zhanzhang.toutiao.com/)"
111.225.148.141 - - [07/Jun/2026:00:42:42 +0200] "GET /wp-content/uploads/2021/06/BR001-beterraba_rama-600x400.jpg HTTP/1.1" 206 27590 "https://www.baudefruta.pt/produto/beterraba-com-rama/?doing_wp_cron=1709316720.8697500228881835937500" "Mozilla/5.0 (Linux; Android 5.0) AppleWebKit/537.36 (KHTML, like Gecko) Mobile Safari/537.36 (compatible; Bytespider; https://zhanzhang.toutiao.com/)"
111.225.148.85 - - [07/Jun/2026:00:42:42 +0200] "GET /wp-content/uploads/2021/07/bau_mb_mbway.svg HTTP/1.1" 304 0 "https://www.baudefruta.pt/produto/beterraba-com-rama/?doing_wp_cron=1709316720.8697500228881835937500" "Mozilla/5.0 (Linux; Android 5.0) AppleWebKit/537.36 (KHTML, like Gecko) Mobile Safari/537.36 (compatible; Bytespider; https://zhanzhang.toutiao.com/)"
111.225.148.132 - - [07/Jun/2026:00:42:42 +0200] "GET /wp-content/uploads/2021/05/bau_livroreclamacoes.svg HTTP/1.1" 304 0 "https://www.baudefruta.pt/produto/beterraba-com-rama/?doing_wp_cron=1709316720.8697500228881835937500" "Mozilla/5.0 (Linux; Android 5.0) AppleWebKit/537.36 (KHTML, like Gecko) Mobile Safari/537.36 (compatible; Bytespider; https://zhanzhang.toutiao.com/)"
111.225.148.85 - - [07/Jun/2026:00:42:42 +0200] "GET /wp-content/uploads/2021/07/bau_mb_mbway.svg HTTP/1.1" 200 5318 "https://www.baudefruta.pt/produto/beterraba-com-rama/?doing_wp_cron=1709316720.8697500228881835937500" "Mozilla/5.0 (Linux; Android 5.0) AppleWebKit/537.36 (KHTML, like Gecko) Mobile Safari/537.36 (compatible; Bytespider; https://zhanzhang.toutiao.com/)"
111.225.148.132 - - [07/Jun/2026:00:42:42 +0200] "GET /wp-content/uploads/2021/05/bau_livroreclamacoes.svg HTTP/1.1" 200 2886 "https://www.baudefruta.pt/produto/beterraba-com-rama/?doing_wp_cron=1709316720.8697500228881835937500" "Mozilla/5.0 (Linux; Android 5.0) AppleWebKit/537.36 (KHTML, like Gecko) Mobile Safari/537.36 (compatible; Bytespider; https://zhanzhang.toutiao.com/)"
216.73.217.54 - - [07/Jun/2026:00:42:42 +0200] "GET /loja/page/4/?add-to-cart=454&doing_wp_cron=1780521358.5195169448852539062500&orderby=menu_order HTTP/1.1" 200 74368 "-" "Mozilla/5.0 AppleWebKit/537.36 (KHTML, like Gecko; compatible; ClaudeBot/1.0; +claudebot@anthropic.com)"
111.225.148.132 - - [07/Jun/2026:00:42:42 +0200] "GET /wp-content/uploads/2021/06/BR001-beterraba_rama.jpg HTTP/1.1" 206 500 "https://www.baudefruta.pt/produto/beterraba-com-rama/?doing_wp_cron=1709316720.8697500228881835937500" "Mozilla/5.0 (Linux; Android 5.0) AppleWebKit/537.36 (KHTML, like Gecko) Mobile Safari/537.36 (compatible; Bytespider; https://zhanzhang.toutiao.com/)"
111.225.148.132 - - [07/Jun/2026:00:42:43 +0200] "GET /wp-content/uploads/2021/06/BR001-beterraba_rama.jpg HTTP/1.1" 304 0 "https://www.baudefruta.pt/produto/beterraba-com-rama/?doing_wp_cron=1709316720.8697500228881835937500" "Mozilla/5.0 (Linux; Android 5.0) AppleWebKit/537.36 (KHTML, like Gecko) Mobile Safari/537.36 (compatible; Bytespider; https://zhanzhang.toutiao.com/)"
178.16.52.137 - - [07/Jun/2026:00:42:43 +0200] "POST /wp-login.php?action=register HTTP/1.1" 403 146 "-" "-"
111.225.148.132 - - [07/Jun/2026:00:42:43 +0200] "GET /wp-content/uploads/2021/06/BR001-beterraba_rama.jpg HTTP/1.1" 206 118108 "https://www.baudefruta.pt/produto/beterraba-com-rama/?doing_wp_cron=1709316720.8697500228881835937500" "Mozilla/5.0 (Linux; Android 5.0) AppleWebKit/537.36 (KHTML, like Gecko) Mobile Safari/537.36 (compatible; Bytespider; https://zhanzhang.toutiao.com/)"
216.73.217.54 - - [07/Jun/2026:00:42:45 +0200] "GET /loja/page/3/?add-to-cart=602&doing_wp_cron=1780551716.5523910522460937500000&orderby=popularity HTTP/1.1" 200 74258 "-" "Mozilla/5.0 AppleWebKit/537.36 (KHTML, like Gecko; compatible; ClaudeBot/1.0; +claudebot@anthropic.com)"
216.73.217.54 - - [07/Jun/2026:00:42:49 +0200] "GET /loja/page/6/?add-to-cart=733&doing_wp_cron=1699032554.2910571098327636718750&orderby=date HTTP/1.1" 200 61082 "-" "Mozilla/5.0 AppleWebKit/537.36 (KHTML, like Gecko; compatible; ClaudeBot/1.0; +claudebot@anthropic.com)"
216.73.217.54 - - [07/Jun/2026:00:42:51 +0200] "GET /loja/page/11/?add-to-cart=647&doing_wp_cron=1711616234.3928558826446533203125&orderby=menu_order HTTP/1.1" 200 60911 "-" "Mozilla/5.0 AppleWebKit/537.36 (KHTML, like Gecko; compatible; ClaudeBot/1.0; +claudebot@anthropic.com)"
216.73.217.54 - - [07/Jun/2026:00:42:54 +0200] "GET /loja/page/7/?add-to-cart=687&doing_wp_cron=1705054787.4118249416351318359375&orderby=date HTTP/1.1" 200 61652 "-" "Mozilla/5.0 AppleWebKit/537.36 (KHTML, like Gecko; compatible; ClaudeBot/1.0; +claudebot@anthropic.com)"
144.64.122.186 - - [07/Jun/2026:00:42:56 +0200] "GET /wp-content/uploads/2022/05/Batata-Agria.jpg HTTP/1.1" 200 14764 "https://www.google.com/" "Mozilla/5.0 (Linux; Android 10; K) AppleWebKit/537.36 (KHTML, like Gecko) Chrome/148.0.0.0 Mobile Safari/537.36"
216.73.217.54 - - [07/Jun/2026:00:42:57 +0200] "GET /loja/page/6/?add-to-cart=2008&doing_wp_cron=1711616234.3928558826446533203125&orderby=popularity HTTP/1.1" 200 62401 "-" "Mozilla/5.0 AppleWebKit/537.36 (KHTML, like Gecko; compatible; ClaudeBot/1.0; +claudebot@anthropic.com)"
216.73.217.54 - - [07/Jun/2026:00:43:00 +0200] "GET /loja/page/9/?add-to-cart=559&doing_wp_cron=1766181287.2179350852966308593750&orderby=date HTTP/1.1" 200 61348 "-" "Mozilla/5.0 AppleWebKit/537.36 (KHTML, like Gecko; compatible; ClaudeBot/1.0; +claudebot@anthropic.com)"
110.249.202.57 - - [07/Jun/2026:00:43:03 +0200] "GET /wp-content/uploads/2022/05/Endivias-600x571.jpg HTTP/1.1" 200 12992 "-" "Mozilla/5.0 (Linux; Android 5.0) AppleWebKit/537.36 (KHTML, like Gecko) Mobile Safari/537.36 (compatible; Bytespider; https://zhanzhang.toutiao.com/)"
216.73.217.54 - - [07/Jun/2026:00:43:03 +0200] "GET /loja/page/9/?add-to-cart=719&doing_wp_cron=1703787820.8273739814758300781250&orderby=menu_order HTTP/1.1" 200 62272 "-" "Mozilla/5.0 AppleWebKit/537.36 (KHTML, like Gecko; compatible; ClaudeBot/1.0; +claudebot@anthropic.com)"
216.73.217.54 - - [07/Jun/2026:00:43:06 +0200] "GET /loja/page/3/?add-to-cart=488&doing_wp_cron=1759043873.1749200820922851562500&orderby=price HTTP/1.1" 200 62555 "-" "Mozilla/5.0 AppleWebKit/537.36 (KHTML, like Gecko; compatible; ClaudeBot/1.0; +claudebot@anthropic.com)"
212.192.55.207 - - [07/Jun/2026:00:43:07 +0200] "GET /2021/05/11/ola-mundo/ HTTP/1.1" 200 343780 "https://www.baudefruta.pt/" "Mozilla/5.0 (Windows NT 10.0; Win64; x64) AppleWebKit/537.36 (KHTML, like Gecko) Chrome/147.0.0.0 Safari/537.36"
216.73.217.54 - - [07/Jun/2026:00:43:09 +0200] "GET /loja/page/11/?add-to-cart=1645&doing_wp_cron=1705054787.4118249416351318359375&orderby=menu_order HTTP/1.1" 200 62197 "-" "Mozilla/5.0 AppleWebKit/537.36 (KHTML, like Gecko; compatible; ClaudeBot/1.0; +claudebot@anthropic.com)"
216.73.217.54 - - [07/Jun/2026:00:43:12 +0200] "GET /loja/page/6/?add-to-cart=725&doing_wp_cron=1705054787.4118249416351318359375&orderby=menu_order HTTP/1.1" 200 62840 "-" "Mozilla/5.0 AppleWebKit/537.36 (KHTML, like Gecko; compatible; ClaudeBot/1.0; +claudebot@anthropic.com)"
216.73.217.54 - - [07/Jun/2026:00:43:15 +0200] "GET /loja/page/10/?add-to-cart=737&doing_wp_cron=1705054787.4118249416351318359375&orderby=popularity HTTP/1.1" 200 63538 "-" "Mozilla/5.0 AppleWebKit/537.36 (KHTML, like Gecko; compatible; ClaudeBot/1.0; +claudebot@anthropic.com)"
216.73.217.54 - - [07/Jun/2026:00:43:18 +0200] "GET /loja/page/8/?add-to-cart=792&doing_wp_cron=1759043873.1749200820922851562500&orderby=price HTTP/1.1" 200 63370 "-" "Mozilla/5.0 AppleWebKit/537.36 (KHTML, like Gecko; compatible; ClaudeBot/1.0; +claudebot@anthropic.com)"
82.167.218.192 - - [07/Jun/2026:00:43:20 +0200] "GET /categoria-produto/mercearia/page/3/?add-to-cart=891&doing_wp_cron=1773757098.3471429347991943359375&orderby=date HTTP/1.1" 200 60888 "-" "Mozilla/5.0 (iPod; U; CPU iPhone OS 3_3 like Mac OS X; iu-CA) AppleWebKit/534.40.4 (KHTML, like Gecko) Version/3.0.5 Mobile/8B118 Safari/6534.40.4"
114.119.149.254 - - [07/Jun/2026:00:43:21 +0200] "GET /loja/page/6/?doing_wp_cron=1775010276.5968220233917236328125&orderby=price HTTP/1.1" 200 60712 "https://www.baudefruta.pt/loja/page/6/?doing_wp_cron=1775010276.5968220233917236328125&orderby=date" "Mozilla/5.0 (Linux; Android 7.0;) AppleWebKit/537.36 (HTML, like Gecko) Mobile Safari/537.36 (compatible; PetalBot;+https://webmaster.petalsearch.com/site/petalbot)"
216.73.217.54 - - [07/Jun/2026:00:43:21 +0200] "GET /loja/page/11/?add-to-cart=519&doing_wp_cron=1705054787.4118249416351318359375&orderby=menu_order HTTP/1.1" 200 63110 "-" "Mozilla/5.0 AppleWebKit/537.36 (KHTML, like Gecko; compatible; ClaudeBot/1.0; +claudebot@anthropic.com)"
216.73.217.54 - - [07/Jun/2026:00:43:24 +0200] "GET /loja/page/4/?add-to-cart=1134&doing_wp_cron=1705054787.4118249416351318359375&orderby=popularity HTTP/1.1" 200 63861 "-" "Mozilla/5.0 AppleWebKit/537.36 (KHTML, like Gecko; compatible; ClaudeBot/1.0; +claudebot@anthropic.com)"
110.249.202.95 - - [07/Jun/2026:00:43:27 +0200] "GET /produto/amendoa-sem-pele/?doing_wp_cron=1695793779.1394140720367431640625 HTTP/1.1" 200 59051 "-" "Mozilla/5.0 (Linux; Android 5.0) AppleWebKit/537.36 (KHTML, like Gecko) Mobile Safari/537.36 (compatible; Bytespider; https://zhanzhang.toutiao.com/)"
216.73.217.54 - - [07/Jun/2026:00:43:27 +0200] "GET /loja/page/8/?add-to-cart=4232&doing_wp_cron=1759043873.1749200820922851562500&orderby=price HTTP/1.1" 200 63918 "-" "Mozilla/5.0 AppleWebKit/537.36 (KHTML, like Gecko; compatible; ClaudeBot/1.0; +claudebot@anthropic.com)"
212.192.55.207 - - [07/Jun/2026:00:43:27 +0200] "GET /2021/05/11/ola-mundo/ HTTP/1.1" 200 261540 "https://www.baudefruta.pt/" "Mozilla/5.0 (Windows NT 10.0; Win64; x64) AppleWebKit/537.36 (KHTML, like Gecko) Chrome/147.0.0.0 Safari/537.36"
110.249.202.95 - - [07/Jun/2026:00:43:28 +0200] "GET /wp-content/plugins/woocommerce/assets/client/blocks/wc-blocks.css?ver=wc-10.2.2 HTTP/1.1" 200 2673 "https://www.baudefruta.pt/produto/amendoa-sem-pele/?doing_wp_cron=1695793779.1394140720367431640625" "Mozilla/5.0 (Linux; Android 5.0) AppleWebKit/537.36 (KHTML, like Gecko) Mobile Safari/537.36 (compatible; Bytespider; https://zhanzhang.toutiao.com/)"
110.249.202.95 - - [07/Jun/2026:00:43:28 +0200] "GET /wp-content/themes/uncode/library/css/woocommerce.css?ver=1811656164 HTTP/1.1" 200 20067 "https://www.baudefruta.pt/produto/amendoa-sem-pele/?doing_wp_cron=1695793779.1394140720367431640625" "Mozilla/5.0 (Linux; Android 5.0) AppleWebKit/537.36 (KHTML, like Gecko) Mobile Safari/537.36 (compatible; Bytespider; https://zhanzhang.toutiao.com/)"
110.249.202.70 - - [07/Jun/2026:00:43:28 +0200] "GET /wp-content/uploads/2021/06/AS001-alho-seco-300x300.jpg HTTP/1.1" 206 500 "https://www.baudefruta.pt/produto/amendoa-sem-pele/?doing_wp_cron=1695793779.1394140720367431640625" "Mozilla/5.0 (Linux; Android 5.0) AppleWebKit/537.36 (KHTML, like Gecko) Mobile Safari/537.36 (compatible; Bytespider; https://zhanzhang.toutiao.com/)"
110.249.202.31 - - [07/Jun/2026:00:43:28 +0200] "GET /wp-content/plugins/dhvc-form/assets/fonts/font-awesome/css/font-awesome.min.css?ver=4.1.0 HTTP/1.1" 200 4747 "https://www.baudefruta.pt/produto/amendoa-sem-pele/?doing_wp_cron=1695793779.1394140720367431640625" "Mozilla/5.0 (Linux; Android 5.0) AppleWebKit/537.36 (KHTML, like Gecko) Mobile Safari/537.36 (compatible; Bytespider; https://zhanzhang.toutiao.com/)"
110.249.202.95 - - [07/Jun/2026:00:43:28 +0200] "GET /wp-content/plugins/woocommerce-products-filter/js/front.js?ver=2.2.9.4 HTTP/1.1" 200 12289 "https://www.baudefruta.pt/produto/amendoa-sem-pele/?doing_wp_cron=1695793779.1394140720367431640625" "Mozilla/5.0 (Linux; Android 5.0) AppleWebKit/537.36 (KHTML, like Gecko) Mobile Safari/537.36 (compatible; Bytespider; https://zhanzhang.toutiao.com/)"
110.249.202.31 - - [07/Jun/2026:00:43:29 +0200] "GET /wp-content/plugins/woocommerce/assets/js/js-cookie/js.cookie.min.js?ver=2.1.4-wc.10.2.2 HTTP/1.1" 200 845 "https://www.baudefruta.pt/produto/amendoa-sem-pele/?doing_wp_cron=1695793779.1394140720367431640625" "Mozilla/5.0 (Linux; Android 5.0) AppleWebKit/537.36 (KHTML, like Gecko) Mobile Safari/537.36 (compatible; Bytespider; https://zhanzhang.toutiao.com/)"
110.249.202.70 - - [07/Jun/2026:00:43:29 +0200] "GET /wp-content/plugins/woocommerce/assets/js/frontend/single-product.min.js?ver=10.2.2 HTTP/1.1" 200 2939 "https://www.baudefruta.pt/produto/amendoa-sem-pele/?doing_wp_cron=1695793779.1394140720367431640625" "Mozilla/5.0 (Linux; Android 5.0) AppleWebKit/537.36 (KHTML, like Gecko) Mobile Safari/537.36 (compatible; Bytespider; https://zhanzhang.toutiao.com/)"
110.249.202.52 - - [07/Jun/2026:00:43:29 +0200] "GET /wp-content/plugins/woocommerce/assets/js/frontend/woocommerce.min.js?ver=10.2.2 HTTP/1.1" 200 1488 "https://www.baudefruta.pt/produto/amendoa-sem-pele/?doing_wp_cron=1695793779.1394140720367431640625" "Mozilla/5.0 (Linux; Android 5.0) AppleWebKit/537.36 (KHTML, like Gecko) Mobile Safari/537.36 (compatible; Bytespider; https://zhanzhang.toutiao.com/)"
110.249.202.233 - - [07/Jun/2026:00:43:29 +0200] "GET /wp-content/uploads/2021/06/AF001-alho_frances-300x300.jpg HTTP/1.1" 206 500 "https://www.baudefruta.pt/produto/amendoa-sem-pele/?doing_wp_cron=1695793779.1394140720367431640625" "Mozilla/5.0 (Linux; Android 5.0) AppleWebKit/537.36 (KHTML, like Gecko) Mobile Safari/537.36 (compatible; Bytespider; https://zhanzhang.toutiao.com/)"
110.249.202.95 - - [07/Jun/2026:00:43:29 +0200] "GET /wp-content/uploads/2021/12/amendoa-sem-pele-1.jpg HTTP/1.1" 206 500 "https://www.baudefruta.pt/produto/amendoa-sem-pele/?doing_wp_cron=1695793779.1394140720367431640625" "Mozilla/5.0 (Linux; Android 5.0) AppleWebKit/537.36 (KHTML, like Gecko) Mobile Safari/537.36 (compatible; Bytespider; https://zhanzhang.toutiao.com/)"
110.249.202.70 - - [07/Jun/2026:00:43:29 +0200] "GET /wp-content/uploads/2021/05/bau_fundo_header_produtos-2.png HTTP/1.1" 206 500 "https://www.baudefruta.pt/produto/amendoa-sem-pele/?doing_wp_cron=1695793779.1394140720367431640625" "Mozilla/5.0 (Linux; Android 5.0) AppleWebKit/537.36 (KHTML, like Gecko) Mobile Safari/537.36 (compatible; Bytespider; https://zhanzhang.toutiao.com/)"
110.249.202.31 - - [07/Jun/2026:00:43:29 +0200] "GET /wp-content/uploads/2021/12/AMES001-uai-732x732.jpg HTTP/1.1" 206 500 "https://www.baudefruta.pt/produto/amendoa-sem-pele/?doing_wp_cron=1695793779.1394140720367431640625" "Mozilla/5.0 (Linux; Android 5.0) AppleWebKit/537.36 (KHTML, like Gecko) Mobile Safari/537.36 (compatible; Bytespider; https://zhanzhang.toutiao.com/)"
110.249.202.52 - - [07/Jun/2026:00:43:29 +0200] "GET /wp-content/uploads/2021/07/bau_mb_mbway.svg HTTP/1.1" 206 500 "https://www.baudefruta.pt/produto/amendoa-sem-pele/?doing_wp_cron=1695793779.1394140720367431640625" "Mozilla/5.0 (Linux; Android 5.0) AppleWebKit/537.36 (KHTML, like Gecko) Mobile Safari/537.36 (compatible; Bytespider; https://zhanzhang.toutiao.com/)"
110.249.202.233 - - [07/Jun/2026:00:43:29 +0200] "GET /wp-content/uploads/2021/05/bau_livroreclamacoes.svg HTTP/1.1" 206 500 "https://www.baudefruta.pt/produto/amendoa-sem-pele/?doing_wp_cron=1695793779.1394140720367431640625" "Mozilla/5.0 (Linux; Android 5.0) AppleWebKit/537.36 (KHTML, like Gecko) Mobile Safari/537.36 (compatible; Bytespider; https://zhanzhang.toutiao.com/)"
110.249.202.95 - - [07/Jun/2026:00:43:29 +0200] "GET /wp-content/plugins/uncode-js_composer/assets/lib/bower/flexslider/jquery.flexslider-min.js?ver=6.5.0 HTTP/1.1" 200 6483 "https://www.baudefruta.pt/produto/amendoa-sem-pele/?doing_wp_cron=1695793779.1394140720367431640625" "Mozilla/5.0 (Linux; Android 5.0) AppleWebKit/537.36 (KHTML, like Gecko) Mobile Safari/537.36 (compatible; Bytespider; https://zhanzhang.toutiao.com/)"
110.249.202.52 - - [07/Jun/2026:00:43:29 +0200] "GET /wp-content/uploads/2021/07/bau_mb_mbway.svg HTTP/1.1" 304 0 "https://www.baudefruta.pt/produto/amendoa-sem-pele/?doing_wp_cron=1695793779.1394140720367431640625" "Mozilla/5.0 (Linux; Android 5.0) AppleWebKit/537.36 (KHTML, like Gecko) Mobile Safari/537.36 (compatible; Bytespider; https://zhanzhang.toutiao.com/)"
110.249.202.52 - - [07/Jun/2026:00:43:29 +0200] "GET /wp-content/uploads/2021/07/bau_mb_mbway.svg HTTP/1.1" 200 5318 "https://www.baudefruta.pt/produto/amendoa-sem-pele/?doing_wp_cron=1695793779.1394140720367431640625" "Mozilla/5.0 (Linux; Android 5.0) AppleWebKit/537.36 (KHTML, like Gecko) Mobile Safari/537.36 (compatible; Bytespider; https://zhanzhang.toutiao.com/)"
110.249.202.233 - - [07/Jun/2026:00:43:29 +0200] "GET /wp-content/uploads/2021/05/bau_livroreclamacoes.svg HTTP/1.1" 304 0 "https://www.baudefruta.pt/produto/amendoa-sem-pele/?doing_wp_cron=1695793779.1394140720367431640625" "Mozilla/5.0 (Linux; Android 5.0) AppleWebKit/537.36 (KHTML, like Gecko) Mobile Safari/537.36 (compatible; Bytespider; https://zhanzhang.toutiao.com/)"
110.249.202.233 - - [07/Jun/2026:00:43:30 +0200] "GET /wp-content/uploads/2021/05/bau_livroreclamacoes.svg HTTP/1.1" 200 2886 "https://www.baudefruta.pt/produto/amendoa-sem-pele/?doing_wp_cron=1695793779.1394140720367431640625" "Mozilla/5.0 (Linux; Android 5.0) AppleWebKit/537.36 (KHTML, like Gecko) Mobile Safari/537.36 (compatible; Bytespider; https://zhanzhang.toutiao.com/)"
216.73.217.54 - - [07/Jun/2026:00:43:31 +0200] "GET /loja/page/11/?add-to-cart=414&doing_wp_cron=1758569056.8537590503692626953125&orderby=date HTTP/1.1" 200 63250 "-" "Mozilla/5.0 AppleWebKit/537.36 (KHTML, like Gecko; compatible; ClaudeBot/1.0; +claudebot@anthropic.com)"
52.167.144.193 - - [07/Jun/2026:00:43:31 +0200] "GET /produto/coentros/ HTTP/1.1" 200 57612 "-" "Mozilla/5.0 AppleWebKit/537.36 (KHTML, like Gecko; compatible; bingbot/2.0; +http://www.bing.com/bingbot.htm) Chrome/116.0.1938.76 Safari/537.36"
216.73.217.54 - - [07/Jun/2026:00:43:33 +0200] "GET /loja/page/6/?add-to-cart=2045&doing_wp_cron=1705054787.4118249416351318359375&orderby=popularity HTTP/1.1" 200 64905 "-" "Mozilla/5.0 AppleWebKit/537.36 (KHTML, like Gecko; compatible; ClaudeBot/1.0; +claudebot@anthropic.com)"
216.73.217.54 - - [07/Jun/2026:00:43:36 +0200] "GET /loja/page/9/?add-to-cart=735&doing_wp_cron=1703787820.8273739814758300781250&orderby=menu_order HTTP/1.1" 200 64559 "-" "Mozilla/5.0 AppleWebKit/537.36 (KHTML, like Gecko; compatible; ClaudeBot/1.0; +claudebot@anthropic.com)"
216.73.217.54 - - [07/Jun/2026:00:43:39 +0200] "GET /loja/page/2/?add-to-cart=3500&doing_wp_cron=1759043873.1749200820922851562500&orderby=price HTTP/1.1" 200 64736 "-" "Mozilla/5.0 AppleWebKit/537.36 (KHTML, like Gecko; compatible; ClaudeBot/1.0; +claudebot@anthropic.com)"
52.167.144.193 - - [07/Jun/2026:00:43:40 +0200] "GET /wp-content/themes/uncode/library/js/init.js?ver=23176323 HTTP/1.1" 200 38505 "-" "Mozilla/5.0 AppleWebKit/537.36 (KHTML, like Gecko; compatible; bingbot/2.0; +http://www.bing.com/bingbot.htm) Chrome/116.0.1938.76 Safari/537.36"
216.73.217.54 - - [07/Jun/2026:00:43:42 +0200] "GET /loja/page/3/?add-to-cart=545&doing_wp_cron=1703787820.8273739814758300781250&orderby=popularity HTTP/1.1" 200 65085 "-" "Mozilla/5.0 AppleWebKit/537.36 (KHTML, like Gecko; compatible; ClaudeBot/1.0; +claudebot@anthropic.com)"
212.192.55.207 - - [07/Jun/2026:00:43:43 +0200] "GET /2021/05/11/ola-mundo/ HTTP/1.1" 200 261860 "https://www.baudefruta.pt/" "Mozilla/5.0 (Windows NT 10.0; Win64; x64) AppleWebKit/537.36 (KHTML, like Gecko) Chrome/147.0.0.0 Safari/537.36"
52.167.144.193 - - [07/Jun/2026:00:43:43 +0200] "GET /wp-content/themes/uncode/library/js/app.js?ver=23176323 HTTP/1.1" 200 41076 "-" "Mozilla/5.0 AppleWebKit/537.36 (KHTML, like Gecko; compatible; bingbot/2.0; +http://www.bing.com/bingbot.htm) Chrome/116.0.1938.76 Safari/537.36"
216.73.217.54 - - [07/Jun/2026:00:43:45 +0200] "GET /loja/page/8/?add-to-cart=4231&doing_wp_cron=1759043873.1749200820922851562500&orderby=price HTTP/1.1" 200 64982 "-" "Mozilla/5.0 AppleWebKit/537.36 (KHTML, like Gecko; compatible; ClaudeBot/1.0; +claudebot@anthropic.com)"
52.167.144.211 - - [07/Jun/2026:00:43:46 +0200] "GET /wp-content/themes/uncode/library/js/plugins.js?ver=23176323 HTTP/1.1" 200 192557 "-" "Mozilla/5.0 AppleWebKit/537.36 (KHTML, like Gecko; compatible; bingbot/2.0; +http://www.bing.com/bingbot.htm) Chrome/116.0.1938.76 Safari/537.36"
172.225.179.50 - - [07/Jun/2026:00:43:46 +0200] "GET / HTTP/1.1" 302 102 "-" "Mozilla/5.0 (Macintosh; Intel Mac OS X 10_11_1) AppleWebKit/601.2.4 (KHTML, like Gecko) Version/9.0.1 Safari/601.2.4 facebookexternalhit/1.1 Facebot Twitterbot/1.0"
172.225.179.50 - - [07/Jun/2026:00:43:47 +0200] "GET /?doing_wp_cron=1780785826.9255700111389160156250 HTTP/1.1" 301 5 "-" "Mozilla/5.0 (Macintosh; Intel Mac OS X 10_11_1) AppleWebKit/601.2.4 (KHTML, like Gecko) Version/9.0.1 Safari/601.2.4 facebookexternalhit/1.1 Facebot Twitterbot/1.0"
172.225.179.50 - - [07/Jun/2026:00:43:47 +0200] "GET /?doing_wp_cron=1780785826.9255700111389160156250 HTTP/1.1" 200 61398 "-" "Mozilla/5.0 (Macintosh; Intel Mac OS X 10_11_1) AppleWebKit/601.2.4 (KHTML, like Gecko) Version/9.0.1 Safari/601.2.4 facebookexternalhit/1.1 Facebot Twitterbot/1.0"
52.167.144.211 - - [07/Jun/2026:00:43:48 +0200] "GET /wp-content/themes/uncode/library/js/woocommerce-uncode.js?ver=23176323 HTTP/1.1" 200 7190 "-" "Mozilla/5.0 AppleWebKit/537.36 (KHTML, like Gecko; compatible; bingbot/2.0; +http://www.bing.com/bingbot.htm) Chrome/116.0.1938.76 Safari/537.36"
