216.73.217.54 - - [07/Jun/2026:00:48:00 +0200] "GET /loja/?add-to-cart=4233&doing_wp_cron=1780534437.6809570789337158203125&orderby=popularity HTTP/1.1" 200 62486 "-" "Mozilla/5.0 AppleWebKit/537.36 (KHTML, like Gecko; compatible; ClaudeBot/1.0; +claudebot@anthropic.com)"
216.73.217.54 - - [07/Jun/2026:00:48:03 +0200] "GET /loja/page/5/?add-to-cart=793&doing_wp_cron=1711616234.3928558826446533203125&orderby=menu_order HTTP/1.1" 200 62990 "-" "Mozilla/5.0 AppleWebKit/537.36 (KHTML, like Gecko; compatible; ClaudeBot/1.0; +claudebot@anthropic.com)"
216.73.217.54 - - [07/Jun/2026:00:48:06 +0200] "GET /loja/?add-to-cart=4337&doing_wp_cron=1780455680.5886950492858886718750&orderby=menu_order HTTP/1.1" 200 63020 "-" "Mozilla/5.0 AppleWebKit/537.36 (KHTML, like Gecko; compatible; ClaudeBot/1.0; +claudebot@anthropic.com)"
216.73.217.54 - - [07/Jun/2026:00:48:09 +0200] "GET /loja/page/9/?add-to-cart=563&doing_wp_cron=1780577720.8370680809020996093750&orderby=date HTTP/1.1" 200 62739 "-" "Mozilla/5.0 AppleWebKit/537.36 (KHTML, like Gecko; compatible; ClaudeBot/1.0; +claudebot@anthropic.com)"
40.77.167.230 - - [07/Jun/2026:00:48:10 +0200] "GET /wp-content/themes/uncode/library/js/woocommerce-uncode.js?ver=97333900 HTTP/1.1" 200 7190 "https://baudefruta.pt/" "Mozilla/5.0 AppleWebKit/537.36 (KHTML, like Gecko; compatible; bingbot/2.0; +http://www.bing.com/bingbot.htm) Chrome/136.0.0.0 Safari/537.36 AppleWebKit/537.36 (KHTML, like Gecko; compatible; bingbot/2.0; +http://www.bing.com/bingbot.htm) Chrome/116.0.1938.76 Safari/537.36"
216.73.217.54 - - [07/Jun/2026:00:48:12 +0200] "GET /loja/page/2/?add-to-cart=763&doing_wp_cron=1780490816.3358080387115478515625&orderby=menu_order HTTP/1.1" 200 63782 "-" "Mozilla/5.0 AppleWebKit/537.36 (KHTML, like Gecko; compatible; ClaudeBot/1.0; +claudebot@anthropic.com)"
40.77.167.230 - - [07/Jun/2026:00:48:13 +0200] "GET /wp-content/themes/uncode/library/js/plugins.js?ver=97333900 HTTP/1.1" 200 192557 "https://baudefruta.pt/" "Mozilla/5.0 AppleWebKit/537.36 (KHTML, like Gecko; compatible; bingbot/2.0; +http://www.bing.com/bingbot.htm) Chrome/136.0.0.0 Safari/537.36 AppleWebKit/537.36 (KHTML, like Gecko; compatible; bingbot/2.0; +http://www.bing.com/bingbot.htm) Chrome/116.0.1938.76 Safari/537.36"
216.73.217.54 - - [07/Jun/2026:00:48:15 +0200] "GET /loja/page/10/?add-to-cart=737&doing_wp_cron=1780338056.7367100715637207031250&orderby=menu_order HTTP/1.1" 200 63858 "-" "Mozilla/5.0 AppleWebKit/537.36 (KHTML, like Gecko; compatible; ClaudeBot/1.0; +claudebot@anthropic.com)"
40.77.167.230 - - [07/Jun/2026:00:48:17 +0200] "GET /page/13/?s&doing_wp_cron=1776959710.0740311145782470703125&orderby=date HTTP/1.1" 200 52301 "-" "Mozilla/5.0 AppleWebKit/537.36 (KHTML, like Gecko; compatible; bingbot/2.0; +http://www.bing.com/bingbot.htm) Chrome/116.0.1938.76 Safari/537.36"
52.167.144.211 - - [07/Jun/2026:00:48:17 +0200] "GET /wp-content/themes/uncode/library/css/woocommerce.css?ver=97333900 HTTP/1.1" 200 20067 "https://baudefruta.pt/" "Mozilla/5.0 AppleWebKit/537.36 (KHTML, like Gecko; compatible; bingbot/2.0; +http://www.bing.com/bingbot.htm) Chrome/136.0.0.0 Safari/537.36 AppleWebKit/537.36 (KHTML, like Gecko; compatible; bingbot/2.0; +http://www.bing.com/bingbot.htm) Chrome/116.0.1938.76 Safari/537.36"
216.73.217.54 - - [07/Jun/2026:00:48:18 +0200] "GET /loja/page/4/?add-to-cart=460&doing_wp_cron=1780247694.3308169841766357421875&orderby=menu_order HTTP/1.1" 200 64049 "-" "Mozilla/5.0 AppleWebKit/537.36 (KHTML, like Gecko; compatible; ClaudeBot/1.0; +claudebot@anthropic.com)"
52.167.144.193 - - [07/Jun/2026:00:48:19 +0200] "GET /wp-content/themes/baudefruta-un/style.css?ver=1561001891 HTTP/1.1" 200 896 "https://baudefruta.pt/" "Mozilla/5.0 AppleWebKit/537.36 (KHTML, like Gecko; compatible; bingbot/2.0; +http://www.bing.com/bingbot.htm) Chrome/136.0.0.0 Safari/537.36 AppleWebKit/537.36 (KHTML, like Gecko; compatible; bingbot/2.0; +http://www.bing.com/bingbot.htm) Chrome/116.0.1938.76 Safari/537.36"
216.73.217.54 - - [07/Jun/2026:00:48:21 +0200] "GET /loja/page/11/?add-to-cart=647&doing_wp_cron=1780466997.9201788902282714843750&orderby=menu_order HTTP/1.1" 200 63582 "-" "Mozilla/5.0 AppleWebKit/537.36 (KHTML, like Gecko; compatible; ClaudeBot/1.0; +claudebot@anthropic.com)"
52.167.144.193 - - [07/Jun/2026:00:48:22 +0200] "GET /wp-content/themes/uncode/library/js/init.js?ver=97333900 HTTP/1.1" 200 38505 "https://baudefruta.pt/" "Mozilla/5.0 AppleWebKit/537.36 (KHTML, like Gecko; compatible; bingbot/2.0; +http://www.bing.com/bingbot.htm) Chrome/136.0.0.0 Safari/537.36 AppleWebKit/537.36 (KHTML, like Gecko; compatible; bingbot/2.0; +http://www.bing.com/bingbot.htm) Chrome/116.0.1938.76 Safari/537.36"
216.73.217.54 - - [07/Jun/2026:00:48:24 +0200] "GET /loja/page/2/?add-to-cart=1983&doing_wp_cron=1780490103.7011010646820068359375&orderby=date HTTP/1.1" 200 64109 "-" "Mozilla/5.0 AppleWebKit/537.36 (KHTML, like Gecko; compatible; ClaudeBot/1.0; +claudebot@anthropic.com)"
52.167.144.193 - - [07/Jun/2026:00:48:25 +0200] "GET /wp-content/themes/uncode/library/css/style.css?ver=97333900 HTTP/1.1" 200 70140 "https://baudefruta.pt/" "Mozilla/5.0 AppleWebKit/537.36 (KHTML, like Gecko; compatible; bingbot/2.0; +http://www.bing.com/bingbot.htm) Chrome/136.0.0.0 Safari/537.36 AppleWebKit/537.36 (KHTML, like Gecko; compatible; bingbot/2.0; +http://www.bing.com/bingbot.htm) Chrome/116.0.1938.76 Safari/537.36"
216.73.217.54 - - [07/Jun/2026:00:48:27 +0200] "GET /loja/page/2/?add-to-cart=3519&doing_wp_cron=1780298590.2811610698699951171875&orderby=popularity HTTP/1.1" 200 64461 "-" "Mozilla/5.0 AppleWebKit/537.36 (KHTML, like Gecko; compatible; ClaudeBot/1.0; +claudebot@anthropic.com)"
52.167.144.193 - - [07/Jun/2026:00:48:29 +0200] "GET /wp-content/themes/uncode/library/css/uncode-icons.css?ver=97333900 HTTP/1.1" 200 12098 "https://baudefruta.pt/" "Mozilla/5.0 AppleWebKit/537.36 (KHTML, like Gecko; compatible; bingbot/2.0; +http://www.bing.com/bingbot.htm) Chrome/136.0.0.0 Safari/537.36 AppleWebKit/537.36 (KHTML, like Gecko; compatible; bingbot/2.0; +http://www.bing.com/bingbot.htm) Chrome/116.0.1938.76 Safari/537.36"
122.183.33.145 - - [07/Jun/2026:00:48:29 +0200] "GET /categoria-produto/mercearia/page/4/?add-to-cart=765&doing_wp_cron=1779839929.3589549064636230468750&orderby=date HTTP/1.1" 200 60798 "-" "Mozilla/5.0 (Macintosh; U; Intel Mac OS X 10_8_3; rv:1.9.2.20) Gecko/5022-11-15 17:25:58.189316 Firefox/4.0"
216.73.217.54 - - [07/Jun/2026:00:48:30 +0200] "GET /loja/page/9/?add-to-cart=2013&doing_wp_cron=1780410981.3310050964355468750000&orderby=popularity HTTP/1.1" 200 65181 "-" "Mozilla/5.0 AppleWebKit/537.36 (KHTML, like Gecko; compatible; ClaudeBot/1.0; +claudebot@anthropic.com)"
216.73.217.54 - - [07/Jun/2026:00:48:33 +0200] "GET /loja/page/2/?add-to-cart=2044&doing_wp_cron=1780247694.3308169841766357421875&orderby=popularity HTTP/1.1" 200 64881 "-" "Mozilla/5.0 AppleWebKit/537.36 (KHTML, like Gecko; compatible; ClaudeBot/1.0; +claudebot@anthropic.com)"
52.167.144.211 - - [07/Jun/2026:00:48:34 +0200] "GET /wp-content/themes/uncode/library/js/app.js?ver=97333900 HTTP/1.1" 200 41076 "https://baudefruta.pt/" "Mozilla/5.0 AppleWebKit/537.36 (KHTML, like Gecko; compatible; bingbot/2.0; +http://www.bing.com/bingbot.htm) Chrome/136.0.0.0 Safari/537.36 AppleWebKit/537.36 (KHTML, like Gecko; compatible; bingbot/2.0; +http://www.bing.com/bingbot.htm) Chrome/116.0.1938.76 Safari/537.36"
216.73.217.54 - - [07/Jun/2026:00:48:36 +0200] "GET /loja/page/9/?add-to-cart=2013&doing_wp_cron=1780247694.3308169841766357421875&orderby=date HTTP/1.1" 200 64229 "-" "Mozilla/5.0 AppleWebKit/537.36 (KHTML, like Gecko; compatible; ClaudeBot/1.0; +claudebot@anthropic.com)"
52.167.144.211 - - [07/Jun/2026:00:48:37 +0200] "POST /wp-json/pum/v1/analytics HTTP/1.1" 204 0 "https://baudefruta.pt/" "Mozilla/5.0 AppleWebKit/537.36 (KHTML, like Gecko; compatible; bingbot/2.0; +http://www.bing.com/bingbot.htm) Chrome/136.0.0.0 Safari/537.36 AppleWebKit/537.36 (KHTML, like Gecko; compatible; bingbot/2.0; +http://www.bing.com/bingbot.htm) Chrome/116.0.1938.76 Safari/537.36"
216.73.217.54 - - [07/Jun/2026:00:48:39 +0200] "GET /loja/page/9/?add-to-cart=545&doing_wp_cron=1780326079.0621399879455566406250&orderby=menu_order HTTP/1.1" 200 65109 "-" "Mozilla/5.0 AppleWebKit/537.36 (KHTML, like Gecko; compatible; ClaudeBot/1.0; +claudebot@anthropic.com)"
216.73.217.54 - - [07/Jun/2026:00:48:42 +0200] "GET /produto/alho-granulado-em-frasco/?add-to-cart=2014&doing_wp_cron=1780464247.4986069202423095703125 HTTP/1.1" 200 63143 "-" "Mozilla/5.0 AppleWebKit/537.36 (KHTML, like Gecko; compatible; ClaudeBot/1.0; +claudebot@anthropic.com)"
89.214.114.250 - - [07/Jun/2026:00:48:45 +0200] "GET /?utm_source=meta&utm_campaign=reg24&fbclid=IwZXh0bgNhZW0BMABhZGlkAasyrkHfSORzcnRjBmFwcF9pZAo2NjI4NTY4Mzc5AAEeQ0ezvz7AZyvW7nyvRosYZPcwu6GG1sqSIiz2RBeXatFIoTg02Sip-oBe2G0_aem_8dfHsQFA5vpHjHudBxlebg&utm_medium=paid&utm_id=120245538772870644&utm_content=120245538772890644&utm_term=120245538772880644 HTTP/1.1" 302 11 "https://facebook.com/" "Mozilla/5.0 (iPhone; CPU iPhone OS 26_5 like Mac OS X) AppleWebKit/605.1.15 (KHTML, like Gecko) Mobile/23F77 Safari/604.1 [FBAN/FBIOS;FBAV/564.0.0.57.71;FBBV/985438427;FBDV/iPhone16,2;FBMD/iPhone;FBSN/iOS;FBSV/26.5;FBSS/3;FBID/phone;FBLC/pt_PT;FBOP/5;FBRV/989126749;IABMV/1]"
216.73.217.54 - - [07/Jun/2026:00:48:45 +0200] "GET /loja/page/5/?add-to-cart=606&doing_wp_cron=1780268890.7532269954681396484375&orderby=popularity HTTP/1.1" 200 65664 "-" "Mozilla/5.0 AppleWebKit/537.36 (KHTML, like Gecko; compatible; ClaudeBot/1.0; +claudebot@anthropic.com)"
89.214.114.250 - - [07/Jun/2026:00:48:46 +0200] "GET /?utm_source=meta&utm_campaign=reg24&fbclid=IwZXh0bgNhZW0BMABhZGlkAasyrkHfSORzcnRjBmFwcF9pZAo2NjI4NTY4Mzc5AAEeQ0ezvz7AZyvW7nyvRosYZPcwu6GG1sqSIiz2RBeXatFIoTg02Sip-oBe2G0_aem_8dfHsQFA5vpHjHudBxlebg&utm_medium=paid&utm_id=120245538772870644&utm_content=120245538772890644&utm_term=120245538772880644&doing_wp_cron=1780786125.2638680934906005859375 HTTP/1.1" 200 63346 "https://facebook.com/" "Mozilla/5.0 (iPhone; CPU iPhone OS 26_5 like Mac OS X) AppleWebKit/605.1.15 (KHTML, like Gecko) Mobile/23F77 Safari/604.1 [FBAN/FBIOS;FBAV/564.0.0.57.71;FBBV/985438427;FBDV/iPhone16,2;FBMD/iPhone;FBSN/iOS;FBSV/26.5;FBSS/3;FBID/phone;FBLC/pt_PT;FBOP/5;FBRV/989126749;IABMV/1]"
89.214.114.250 - - [07/Jun/2026:00:48:47 +0200] "GET /wp-includes/css/dashicons.min.css?ver=6.9.1 HTTP/1.1" 200 35766 "https://www.baudefruta.pt/?utm_source=meta&utm_campaign=reg24&fbclid=IwZXh0bgNhZW0BMABhZGlkAasyrkHfSORzcnRjBmFwcF9pZAo2NjI4NTY4Mzc5AAEeQ0ezvz7AZyvW7nyvRosYZPcwu6GG1sqSIiz2RBeXatFIoTg02Sip-oBe2G0_aem_8dfHsQFA5vpHjHudBxlebg&utm_medium=paid&utm_id=120245538772870644&utm_content=120245538772890644&utm_term=120245538772880644&doing_wp_cron=1780786125.2638680934906005859375" "Mozilla/5.0 (iPhone; CPU iPhone OS 26_5 like Mac OS X) AppleWebKit/605.1.15 (KHTML, like Gecko) Mobile/23F77 Safari/604.1 [FBAN/FBIOS;FBAV/564.0.0.57.71;FBBV/985438427;FBDV/iPhone16,2;FBMD/iPhone;FBSN/iOS;FBSV/26.5;FBSS/3;FBID/phone;FBLC/pt_PT;FBOP/5;FBRV/989126749;IABMV/1]"
89.214.114.250 - - [07/Jun/2026:00:48:48 +0200] "GET /wp-content/plugins/smart-marketing-for-wp/public/css/egoi-for-wp-public.css?ver=5.1.11 HTTP/1.1" 200 1173 "https://www.baudefruta.pt/?utm_source=meta&utm_campaign=reg24&fbclid=IwZXh0bgNhZW0BMABhZGlkAasyrkHfSORzcnRjBmFwcF9pZAo2NjI4NTY4Mzc5AAEeQ0ezvz7AZyvW7nyvRosYZPcwu6GG1sqSIiz2RBeXatFIoTg02Sip-oBe2G0_aem_8dfHsQFA5vpHjHudBxlebg&utm_medium=paid&utm_id=120245538772870644&utm_content=120245538772890644&utm_term=120245538772880644&doing_wp_cron=1780786125.2638680934906005859375" "Mozilla/5.0 (iPhone; CPU iPhone OS 26_5 like Mac OS X) AppleWebKit/605.1.15 (KHTML, like Gecko) Mobile/23F77 Safari/604.1 [FBAN/FBIOS;FBAV/564.0.0.57.71;FBBV/985438427;FBDV/iPhone16,2;FBMD/iPhone;FBSN/iOS;FBSV/26.5;FBSS/3;FBID/phone;FBLC/pt_PT;FBOP/5;FBRV/989126749;IABMV/1]"
89.214.114.250 - - [07/Jun/2026:00:48:48 +0200] "GET /wp-includes/css/dist/preferences/style.min.css?ver=6.9.1 HTTP/1.1" 200 1003 "https://www.baudefruta.pt/?utm_source=meta&utm_campaign=reg24&fbclid=IwZXh0bgNhZW0BMABhZGlkAasyrkHfSORzcnRjBmFwcF9pZAo2NjI4NTY4Mzc5AAEeQ0ezvz7AZyvW7nyvRosYZPcwu6GG1sqSIiz2RBeXatFIoTg02Sip-oBe2G0_aem_8dfHsQFA5vpHjHudBxlebg&utm_medium=paid&utm_id=120245538772870644&utm_content=120245538772890644&utm_term=120245538772880644&doing_wp_cron=1780786125.2638680934906005859375" "Mozilla/5.0 (iPhone; CPU iPhone OS 26_5 like Mac OS X) AppleWebKit/605.1.15 (KHTML, like Gecko) Mobile/23F77 Safari/604.1 [FBAN/FBIOS;FBAV/564.0.0.57.71;FBBV/985438427;FBDV/iPhone16,2;FBMD/iPhone;FBSN/iOS;FBSV/26.5;FBSS/3;FBID/phone;FBLC/pt_PT;FBOP/5;FBRV/989126749;IABMV/1]"
89.214.114.250 - - [07/Jun/2026:00:48:48 +0200] "GET /wp-includes/css/dist/block-editor/style.min.css?ver=6.9.1 HTTP/1.1" 200 16976 "https://www.baudefruta.pt/?utm_source=meta&utm_campaign=reg24&fbclid=IwZXh0bgNhZW0BMABhZGlkAasyrkHfSORzcnRjBmFwcF9pZAo2NjI4NTY4Mzc5AAEeQ0ezvz7AZyvW7nyvRosYZPcwu6GG1sqSIiz2RBeXatFIoTg02Sip-oBe2G0_aem_8dfHsQFA5vpHjHudBxlebg&utm_medium=paid&utm_id=120245538772870644&utm_content=120245538772890644&utm_term=120245538772880644&doing_wp_cron=1780786125.2638680934906005859375" "Mozilla/5.0 (iPhone; CPU iPhone OS 26_5 like Mac OS X) AppleWebKit/605.1.15 (KHTML, like Gecko) Mobile/23F77 Safari/604.1 [FBAN/FBIOS;FBAV/564.0.0.57.71;FBBV/985438427;FBDV/iPhone16,2;FBMD/iPhone;FBSN/iOS;FBSV/26.5;FBSS/3;FBID/phone;FBLC/pt_PT;FBOP/5;FBRV/989126749;IABMV/1]"
89.214.114.250 - - [07/Jun/2026:00:48:48 +0200] "GET /wp-includes/css/dist/components/style.min.css?ver=6.9.1 HTTP/1.1" 200 14528 "https://www.baudefruta.pt/?utm_source=meta&utm_campaign=reg24&fbclid=IwZXh0bgNhZW0BMABhZGlkAasyrkHfSORzcnRjBmFwcF9pZAo2NjI4NTY4Mzc5AAEeQ0ezvz7AZyvW7nyvRosYZPcwu6GG1sqSIiz2RBeXatFIoTg02Sip-oBe2G0_aem_8dfHsQFA5vpHjHudBxlebg&utm_medium=paid&utm_id=120245538772870644&utm_content=120245538772890644&utm_term=120245538772880644&doing_wp_cron=1780786125.2638680934906005859375" "Mozilla/5.0 (iPhone; CPU iPhone OS 26_5 like Mac OS X) AppleWebKit/605.1.15 (KHTML, like Gecko) Mobile/23F77 Safari/604.1 [FBAN/FBIOS;FBAV/564.0.0.57.71;FBBV/985438427;FBDV/iPhone16,2;FBMD/iPhone;FBSN/iOS;FBSV/26.5;FBSS/3;FBID/phone;FBLC/pt_PT;FBOP/5;FBRV/989126749;IABMV/1]"
89.214.114.250 - - [07/Jun/2026:00:48:48 +0200] "GET /wp-content/plugins/woocommerce/assets/client/blocks/wc-blocks.css?ver=wc-10.2.2 HTTP/1.1" 200 2673 "https://www.baudefruta.pt/?utm_source=meta&utm_campaign=reg24&fbclid=IwZXh0bgNhZW0BMABhZGlkAasyrkHfSORzcnRjBmFwcF9pZAo2NjI4NTY4Mzc5AAEeQ0ezvz7AZyvW7nyvRosYZPcwu6GG1sqSIiz2RBeXatFIoTg02Sip-oBe2G0_aem_8dfHsQFA5vpHjHudBxlebg&utm_medium=paid&utm_id=120245538772870644&utm_content=120245538772890644&utm_term=120245538772880644&doing_wp_cron=1780786125.2638680934906005859375" "Mozilla/5.0 (iPhone; CPU iPhone OS 26_5 like Mac OS X) AppleWebKit/605.1.15 (KHTML, like Gecko) Mobile/23F77 Safari/604.1 [FBAN/FBIOS;FBAV/564.0.0.57.71;FBBV/985438427;FBDV/iPhone16,2;FBMD/iPhone;FBSN/iOS;FBSV/26.5;FBSS/3;FBID/phone;FBLC/pt_PT;FBOP/5;FBRV/989126749;IABMV/1]"
89.214.114.250 - - [07/Jun/2026:00:48:48 +0200] "GET /wp-content/plugins/popup-maker/dist/packages/block-library-style.css?ver=dbea705cfafe089d65f1 HTTP/1.1" 200 1127 "https://www.baudefruta.pt/?utm_source=meta&utm_campaign=reg24&fbclid=IwZXh0bgNhZW0BMABhZGlkAasyrkHfSORzcnRjBmFwcF9pZAo2NjI4NTY4Mzc5AAEeQ0ezvz7AZyvW7nyvRosYZPcwu6GG1sqSIiz2RBeXatFIoTg02Sip-oBe2G0_aem_8dfHsQFA5vpHjHudBxlebg&utm_medium=paid&utm_id=120245538772870644&utm_content=120245538772890644&utm_term=120245538772880644&doing_wp_cron=1780786125.2638680934906005859375" "Mozilla/5.0 (iPhone; CPU iPhone OS 26_5 like Mac OS X) AppleWebKit/605.1.15 (KHTML, like Gecko) Mobile/23F77 Safari/604.1 [FBAN/FBIOS;FBAV/564.0.0.57.71;FBBV/985438427;FBDV/iPhone16,2;FBMD/iPhone;FBSN/iOS;FBSV/26.5;FBSS/3;FBID/phone;FBLC/pt_PT;FBOP/5;FBRV/989126749;IABMV/1]"
89.214.114.250 - - [07/Jun/2026:00:48:48 +0200] "GET /wp-content/plugins/woo-keyinvoice-integration/public/css/woo-keyinvoice-integration-public.css?ver=1.0.0 HTTP/1.1" 200 98 "https://www.baudefruta.pt/?utm_source=meta&utm_campaign=reg24&fbclid=IwZXh0bgNhZW0BMABhZGlkAasyrkHfSORzcnRjBmFwcF9pZAo2NjI4NTY4Mzc5AAEeQ0ezvz7AZyvW7nyvRosYZPcwu6GG1sqSIiz2RBeXatFIoTg02Sip-oBe2G0_aem_8dfHsQFA5vpHjHudBxlebg&utm_medium=paid&utm_id=120245538772870644&utm_content=120245538772890644&utm_term=120245538772880644&doing_wp_cron=1780786125.2638680934906005859375" "Mozilla/5.0 (iPhone; CPU iPhone OS 26_5 like Mac OS X) AppleWebKit/605.1.15 (KHTML, like Gecko) Mobile/23F77 Safari/604.1 [FBAN/FBIOS;FBAV/564.0.0.57.71;FBBV/985438427;FBDV/iPhone16,2;FBMD/iPhone;FBSN/iOS;FBSV/26.5;FBSS/3;FBID/phone;FBLC/pt_PT;FBOP/5;FBRV/989126749;IABMV/1]"
89.214.114.250 - - [07/Jun/2026:00:48:48 +0200] "GET /wp-content/plugins/woocommerce-products-filter/css/front.css?ver=2.2.9.4 HTTP/1.1" 200 5063 "https://www.baudefruta.pt/?utm_source=meta&utm_campaign=reg24&fbclid=IwZXh0bgNhZW0BMABhZGlkAasyrkHfSORzcnRjBmFwcF9pZAo2NjI4NTY4Mzc5AAEeQ0ezvz7AZyvW7nyvRosYZPcwu6GG1sqSIiz2RBeXatFIoTg02Sip-oBe2G0_aem_8dfHsQFA5vpHjHudBxlebg&utm_medium=paid&utm_id=120245538772870644&utm_content=120245538772890644&utm_term=120245538772880644&doing_wp_cron=1780786125.2638680934906005859375" "Mozilla/5.0 (iPhone; CPU iPhone OS 26_5 like Mac OS X) AppleWebKit/605.1.15 (KHTML, like Gecko) Mobile/23F77 Safari/604.1 [FBAN/FBIOS;FBAV/564.0.0.57.71;FBBV/985438427;FBDV/iPhone16,2;FBMD/iPhone;FBSN/iOS;FBSV/26.5;FBSS/3;FBID/phone;FBLC/pt_PT;FBOP/5;FBRV/989126749;IABMV/1]"
89.214.114.250 - - [07/Jun/2026:00:48:48 +0200] "GET /wp-content/plugins/woocommerce-products-filter/js/chosen/chosen.min.css?ver=2.2.9.4 HTTP/1.1" 200 2141 "https://www.baudefruta.pt/?utm_source=meta&utm_campaign=reg24&fbclid=IwZXh0bgNhZW0BMABhZGlkAasyrkHfSORzcnRjBmFwcF9pZAo2NjI4NTY4Mzc5AAEeQ0ezvz7AZyvW7nyvRosYZPcwu6GG1sqSIiz2RBeXatFIoTg02Sip-oBe2G0_aem_8dfHsQFA5vpHjHudBxlebg&utm_medium=paid&utm_id=120245538772870644&utm_content=120245538772890644&utm_term=120245538772880644&doing_wp_cron=1780786125.2638680934906005859375" "Mozilla/5.0 (iPhone; CPU iPhone OS 26_5 like Mac OS X) AppleWebKit/605.1.15 (KHTML, like Gecko) Mobile/23F77 Safari/604.1 [FBAN/FBIOS;FBAV/564.0.0.57.71;FBBV/985438427;FBDV/iPhone16,2;FBMD/iPhone;FBSN/iOS;FBSV/26.5;FBSS/3;FBID/phone;FBLC/pt_PT;FBOP/5;FBRV/989126749;IABMV/1]"
89.214.114.250 - - [07/Jun/2026:00:48:48 +0200] "GET /wp-content/plugins/woocommerce/assets/css/brands.css?ver=10.2.2 HTTP/1.1" 200 699 "https://www.baudefruta.pt/?utm_source=meta&utm_campaign=reg24&fbclid=IwZXh0bgNhZW0BMABhZGlkAasyrkHfSORzcnRjBmFwcF9pZAo2NjI4NTY4Mzc5AAEeQ0ezvz7AZyvW7nyvRosYZPcwu6GG1sqSIiz2RBeXatFIoTg02Sip-oBe2G0_aem_8dfHsQFA5vpHjHudBxlebg&utm_medium=paid&utm_id=120245538772870644&utm_content=120245538772890644&utm_term=120245538772880644&doing_wp_cron=1780786125.2638680934906005859375" "Mozilla/5.0 (iPhone; CPU iPhone OS 26_5 like Mac OS X) AppleWebKit/605.1.15 (KHTML, like Gecko) Mobile/23F77 Safari/604.1 [FBAN/FBIOS;FBAV/564.0.0.57.71;FBBV/985438427;FBDV/iPhone16,2;FBMD/iPhone;FBSN/iOS;FBSV/26.5;FBSS/3;FBID/phone;FBLC/pt_PT;FBOP/5;FBRV/989126749;IABMV/1]"
89.214.114.250 - - [07/Jun/2026:00:48:48 +0200] "GET /wp-content/plugins/custom-page-templates/assets/css/acf-google-maps.css?ver=3.1.1 HTTP/1.1" 200 283 "https://www.baudefruta.pt/?utm_source=meta&utm_campaign=reg24&fbclid=IwZXh0bgNhZW0BMABhZGlkAasyrkHfSORzcnRjBmFwcF9pZAo2NjI4NTY4Mzc5AAEeQ0ezvz7AZyvW7nyvRosYZPcwu6GG1sqSIiz2RBeXatFIoTg02Sip-oBe2G0_aem_8dfHsQFA5vpHjHudBxlebg&utm_medium=paid&utm_id=120245538772870644&utm_content=120245538772890644&utm_term=120245538772880644&doing_wp_cron=1780786125.2638680934906005859375" "Mozilla/5.0 (iPhone; CPU iPhone OS 26_5 like Mac OS X) AppleWebKit/605.1.15 (KHTML, like Gecko) Mobile/23F77 Safari/604.1 [FBAN/FBIOS;FBAV/564.0.0.57.71;FBBV/985438427;FBDV/iPhone16,2;FBMD/iPhone;FBSN/iOS;FBSV/26.5;FBSS/3;FBID/phone;FBLC/pt_PT;FBOP/5;FBRV/989126749;IABMV/1]"
89.214.114.250 - - [07/Jun/2026:00:48:48 +0200] "GET /wp-content/plugins/custom-page-templates/assets/css/frontend.css?ver=3.1.1 HTTP/1.1" 200 187 "https://www.baudefruta.pt/?utm_source=meta&utm_campaign=reg24&fbclid=IwZXh0bgNhZW0BMABhZGlkAasyrkHfSORzcnRjBmFwcF9pZAo2NjI4NTY4Mzc5AAEeQ0ezvz7AZyvW7nyvRosYZPcwu6GG1sqSIiz2RBeXatFIoTg02Sip-oBe2G0_aem_8dfHsQFA5vpHjHudBxlebg&utm_medium=paid&utm_id=120245538772870644&utm_content=120245538772890644&utm_term=120245538772880644&doing_wp_cron=1780786125.2638680934906005859375" "Mozilla/5.0 (iPhone; CPU iPhone OS 26_5 like Mac OS X) AppleWebKit/605.1.15 (KHTML, like Gecko) Mobile/23F77 Safari/604.1 [FBAN/FBIOS;FBAV/564.0.0.57.71;FBBV/985438427;FBDV/iPhone16,2;FBMD/iPhone;FBSN/iOS;FBSV/26.5;FBSS/3;FBID/phone;FBLC/pt_PT;FBOP/5;FBRV/989126749;IABMV/1]"
89.214.114.250 - - [07/Jun/2026:00:48:48 +0200] "GET /wp-content/plugins/dhvc-form/assets/fonts/font-awesome/css/font-awesome.min.css?ver=4.1.0 HTTP/1.1" 200 4747 "https://www.baudefruta.pt/?utm_source=meta&utm_campaign=reg24&fbclid=IwZXh0bgNhZW0BMABhZGlkAasyrkHfSORzcnRjBmFwcF9pZAo2NjI4NTY4Mzc5AAEeQ0ezvz7AZyvW7nyvRosYZPcwu6GG1sqSIiz2RBeXatFIoTg02Sip-oBe2G0_aem_8dfHsQFA5vpHjHudBxlebg&utm_medium=paid&utm_id=120245538772870644&utm_content=120245538772890644&utm_term=120245538772880644&doing_wp_cron=1780786125.2638680934906005859375" "Mozilla/5.0 (iPhone; CPU iPhone OS 26_5 like Mac OS X) AppleWebKit/605.1.15 (KHTML, like Gecko) Mobile/23F77 Safari/604.1 [FBAN/FBIOS;FBAV/564.0.0.57.71;FBBV/985438427;FBDV/iPhone16,2;FBMD/iPhone;FBSN/iOS;FBSV/26.5;FBSS/3;FBID/phone;FBLC/pt_PT;FBOP/5;FBRV/989126749;IABMV/1]"
89.214.114.250 - - [07/Jun/2026:00:48:48 +0200] "GET /wp-content/plugins/dhvc-form/assets/css/style.css?ver=2.3.0 HTTP/1.1" 200 3736 "https://www.baudefruta.pt/?utm_source=meta&utm_campaign=reg24&fbclid=IwZXh0bgNhZW0BMABhZGlkAasyrkHfSORzcnRjBmFwcF9pZAo2NjI4NTY4Mzc5AAEeQ0ezvz7AZyvW7nyvRosYZPcwu6GG1sqSIiz2RBeXatFIoTg02Sip-oBe2G0_aem_8dfHsQFA5vpHjHudBxlebg&utm_medium=paid&utm_id=120245538772870644&utm_content=120245538772890644&utm_term=120245538772880644&doing_wp_cron=1780786125.2638680934906005859375" "Mozilla/5.0 (iPhone; CPU iPhone OS 26_5 like Mac OS X) AppleWebKit/605.1.15 (KHTML, like Gecko) Mobile/23F77 Safari/604.1 [FBAN/FBIOS;FBAV/564.0.0.57.71;FBBV/985438427;FBDV/iPhone16,2;FBMD/iPhone;FBSN/iOS;FBSV/26.5;FBSS/3;FBID/phone;FBLC/pt_PT;FBOP/5;FBRV/989126749;IABMV/1]"
89.214.114.250 - - [07/Jun/2026:00:48:48 +0200] "GET /wp-content/themes/uncode/library/css/uncode-icons.css?ver=533531432 HTTP/1.1" 200 12098 "https://www.baudefruta.pt/?utm_source=meta&utm_campaign=reg24&fbclid=IwZXh0bgNhZW0BMABhZGlkAasyrkHfSORzcnRjBmFwcF9pZAo2NjI4NTY4Mzc5AAEeQ0ezvz7AZyvW7nyvRosYZPcwu6GG1sqSIiz2RBeXatFIoTg02Sip-oBe2G0_aem_8dfHsQFA5vpHjHudBxlebg&utm_medium=paid&utm_id=120245538772870644&utm_content=120245538772890644&utm_term=120245538772880644&doing_wp_cron=1780786125.2638680934906005859375" "Mozilla/5.0 (iPhone; CPU iPhone OS 26_5 like Mac OS X) AppleWebKit/605.1.15 (KHTML, like Gecko) Mobile/23F77 Safari/604.1 [FBAN/FBIOS;FBAV/564.0.0.57.71;FBBV/985438427;FBDV/iPhone16,2;FBMD/iPhone;FBSN/iOS;FBSV/26.5;FBSS/3;FBID/phone;FBLC/pt_PT;FBOP/5;FBRV/989126749;IABMV/1]"
89.214.114.250 - - [07/Jun/2026:00:48:48 +0200] "GET /wp-content/themes/uncode/library/css/style.css?ver=533531432 HTTP/1.1" 200 70140 "https://www.baudefruta.pt/?utm_source=meta&utm_campaign=reg24&fbclid=IwZXh0bgNhZW0BMABhZGlkAasyrkHfSORzcnRjBmFwcF9pZAo2NjI4NTY4Mzc5AAEeQ0ezvz7AZyvW7nyvRosYZPcwu6GG1sqSIiz2RBeXatFIoTg02Sip-oBe2G0_aem_8dfHsQFA5vpHjHudBxlebg&utm_medium=paid&utm_id=120245538772870644&utm_content=120245538772890644&utm_term=120245538772880644&doing_wp_cron=1780786125.2638680934906005859375" "Mozilla/5.0 (iPhone; CPU iPhone OS 26_5 like Mac OS X) AppleWebKit/605.1.15 (KHTML, like Gecko) Mobile/23F77 Safari/604.1 [FBAN/FBIOS;FBAV/564.0.0.57.71;FBBV/985438427;FBDV/iPhone16,2;FBMD/iPhone;FBSN/iOS;FBSV/26.5;FBSS/3;FBID/phone;FBLC/pt_PT;FBOP/5;FBRV/989126749;IABMV/1]"
89.214.114.250 - - [07/Jun/2026:00:48:48 +0200] "GET /wp-content/themes/uncode/library/css/woocommerce.css?ver=533531432 HTTP/1.1" 200 20067 "https://www.baudefruta.pt/?utm_source=meta&utm_campaign=reg24&fbclid=IwZXh0bgNhZW0BMABhZGlkAasyrkHfSORzcnRjBmFwcF9pZAo2NjI4NTY4Mzc5AAEeQ0ezvz7AZyvW7nyvRosYZPcwu6GG1sqSIiz2RBeXatFIoTg02Sip-oBe2G0_aem_8dfHsQFA5vpHjHudBxlebg&utm_medium=paid&utm_id=120245538772870644&utm_content=120245538772890644&utm_term=120245538772880644&doing_wp_cron=1780786125.2638680934906005859375" "Mozilla/5.0 (iPhone; CPU iPhone OS 26_5 like Mac OS X) AppleWebKit/605.1.15 (KHTML, like Gecko) Mobile/23F77 Safari/604.1 [FBAN/FBIOS;FBAV/564.0.0.57.71;FBBV/985438427;FBDV/iPhone16,2;FBMD/iPhone;FBSN/iOS;FBSV/26.5;FBSS/3;FBID/phone;FBLC/pt_PT;FBOP/5;FBRV/989126749;IABMV/1]"
89.214.114.250 - - [07/Jun/2026:00:48:48 +0200] "GET /wp-content/plugins/popup-maker/dist/assets/site.css?ver=1.21.4 HTTP/1.1" 200 1917 "https://www.baudefruta.pt/?utm_source=meta&utm_campaign=reg24&fbclid=IwZXh0bgNhZW0BMABhZGlkAasyrkHfSORzcnRjBmFwcF9pZAo2NjI4NTY4Mzc5AAEeQ0ezvz7AZyvW7nyvRosYZPcwu6GG1sqSIiz2RBeXatFIoTg02Sip-oBe2G0_aem_8dfHsQFA5vpHjHudBxlebg&utm_medium=paid&utm_id=120245538772870644&utm_content=120245538772890644&utm_term=120245538772880644&doing_wp_cron=1780786125.2638680934906005859375" "Mozilla/5.0 (iPhone; CPU iPhone OS 26_5 like Mac OS X) AppleWebKit/605.1.15 (KHTML, like Gecko) Mobile/23F77 Safari/604.1 [FBAN/FBIOS;FBAV/564.0.0.57.71;FBBV/985438427;FBDV/iPhone16,2;FBMD/iPhone;FBSN/iOS;FBSV/26.5;FBSS/3;FBID/phone;FBLC/pt_PT;FBOP/5;FBRV/989126749;IABMV/1]"
89.214.114.250 - - [07/Jun/2026:00:48:48 +0200] "GET /wp-content/plugins/woocommerce-product-bundles/assets/css/frontend/woocommerce.css?ver=6.0.1 HTTP/1.1" 200 607 "https://www.baudefruta.pt/?utm_source=meta&utm_campaign=reg24&fbclid=IwZXh0bgNhZW0BMABhZGlkAasyrkHfSORzcnRjBmFwcF9pZAo2NjI4NTY4Mzc5AAEeQ0ezvz7AZyvW7nyvRosYZPcwu6GG1sqSIiz2RBeXatFIoTg02Sip-oBe2G0_aem_8dfHsQFA5vpHjHudBxlebg&utm_medium=paid&utm_id=120245538772870644&utm_content=120245538772890644&utm_term=120245538772880644&doing_wp_cron=1780786125.2638680934906005859375" "Mozilla/5.0 (iPhone; CPU iPhone OS 26_5 like Mac OS X) AppleWebKit/605.1.15 (KHTML, like Gecko) Mobile/23F77 Safari/604.1 [FBAN/FBIOS;FBAV/564.0.0.57.71;FBBV/985438427;FBDV/iPhone16,2;FBMD/iPhone;FBSN/iOS;FBSV/26.5;FBSS/3;FBID/phone;FBLC/pt_PT;FBOP/5;FBRV/989126749;IABMV/1]"
89.214.114.250 - - [07/Jun/2026:00:48:48 +0200] "GET /wp-content/themes/baudefruta-un/style.css?ver=312518880 HTTP/1.1" 200 896 "https://www.baudefruta.pt/?utm_source=meta&utm_campaign=reg24&fbclid=IwZXh0bgNhZW0BMABhZGlkAasyrkHfSORzcnRjBmFwcF9pZAo2NjI4NTY4Mzc5AAEeQ0ezvz7AZyvW7nyvRosYZPcwu6GG1sqSIiz2RBeXatFIoTg02Sip-oBe2G0_aem_8dfHsQFA5vpHjHudBxlebg&utm_medium=paid&utm_id=120245538772870644&utm_content=120245538772890644&utm_term=120245538772880644&doing_wp_cron=1780786125.2638680934906005859375" "Mozilla/5.0 (iPhone; CPU iPhone OS 26_5 like Mac OS X) AppleWebKit/605.1.15 (KHTML, like Gecko) Mobile/23F77 Safari/604.1 [FBAN/FBIOS;FBAV/564.0.0.57.71;FBBV/985438427;FBDV/iPhone16,2;FBMD/iPhone;FBSN/iOS;FBSV/26.5;FBSS/3;FBID/phone;FBLC/pt_PT;FBOP/5;FBRV/989126749;IABMV/1]"
89.214.114.250 - - [07/Jun/2026:00:48:48 +0200] "GET /wp-content/plugins/smart-marketing-for-wp/admin/js/egoi-for-wp-canvas.js?ver=5.1.11 HTTP/1.1" 200 2304 "https://www.baudefruta.pt/?utm_source=meta&utm_campaign=reg24&fbclid=IwZXh0bgNhZW0BMABhZGlkAasyrkHfSORzcnRjBmFwcF9pZAo2NjI4NTY4Mzc5AAEeQ0ezvz7AZyvW7nyvRosYZPcwu6GG1sqSIiz2RBeXatFIoTg02Sip-oBe2G0_aem_8dfHsQFA5vpHjHudBxlebg&utm_medium=paid&utm_id=120245538772870644&utm_content=120245538772890644&utm_term=120245538772880644&doing_wp_cron=1780786125.2638680934906005859375" "Mozilla/5.0 (iPhone; CPU iPhone OS 26_5 like Mac OS X) AppleWebKit/605.1.15 (KHTML, like Gecko) Mobile/23F77 Safari/604.1 [FBAN/FBIOS;FBAV/564.0.0.57.71;FBBV/985438427;FBDV/iPhone16,2;FBMD/iPhone;FBSN/iOS;FBSV/26.5;FBSS/3;FBID/phone;FBLC/pt_PT;FBOP/5;FBRV/989126749;IABMV/1]"
89.214.114.250 - - [07/Jun/2026:00:48:48 +0200] "GET /wp-includes/js/jquery/jquery.min.js?ver=3.7.1 HTTP/1.1" 200 30646 "https://www.baudefruta.pt/?utm_source=meta&utm_campaign=reg24&fbclid=IwZXh0bgNhZW0BMABhZGlkAasyrkHfSORzcnRjBmFwcF9pZAo2NjI4NTY4Mzc5AAEeQ0ezvz7AZyvW7nyvRosYZPcwu6GG1sqSIiz2RBeXatFIoTg02Sip-oBe2G0_aem_8dfHsQFA5vpHjHudBxlebg&utm_medium=paid&utm_id=120245538772870644&utm_content=120245538772890644&utm_term=120245538772880644&doing_wp_cron=1780786125.2638680934906005859375" "Mozilla/5.0 (iPhone; CPU iPhone OS 26_5 like Mac OS X) AppleWebKit/605.1.15 (KHTML, like Gecko) Mobile/23F77 Safari/604.1 [FBAN/FBIOS;FBAV/564.0.0.57.71;FBBV/985438427;FBDV/iPhone16,2;FBMD/iPhone;FBSN/iOS;FBSV/26.5;FBSS/3;FBID/phone;FBLC/pt_PT;FBOP/5;FBRV/989126749;IABMV/1]"
89.214.114.250 - - [07/Jun/2026:00:48:48 +0200] "GET /wp-includes/js/jquery/jquery-migrate.min.js?ver=3.4.1 HTTP/1.1" 200 4894 "https://www.baudefruta.pt/?utm_source=meta&utm_campaign=reg24&fbclid=IwZXh0bgNhZW0BMABhZGlkAasyrkHfSORzcnRjBmFwcF9pZAo2NjI4NTY4Mzc5AAEeQ0ezvz7AZyvW7nyvRosYZPcwu6GG1sqSIiz2RBeXatFIoTg02Sip-oBe2G0_aem_8dfHsQFA5vpHjHudBxlebg&utm_medium=paid&utm_id=120245538772870644&utm_content=120245538772890644&utm_term=120245538772880644&doing_wp_cron=1780786125.2638680934906005859375" "Mozilla/5.0 (iPhone; CPU iPhone OS 26_5 like Mac OS X) AppleWebKit/605.1.15 (KHTML, like Gecko) Mobile/23F77 Safari/604.1 [FBAN/FBIOS;FBAV/564.0.0.57.71;FBBV/985438427;FBDV/iPhone16,2;FBMD/iPhone;FBSN/iOS;FBSV/26.5;FBSS/3;FBID/phone;FBLC/pt_PT;FBOP/5;FBRV/989126749;IABMV/1]"
89.214.114.250 - - [07/Jun/2026:00:48:48 +0200] "GET /wp-content/plugins/woo-keyinvoice-integration/public/js/woo-keyinvoice-integration-public.js?ver=1.0.0 HTTP/1.1" 200 838 "https://www.baudefruta.pt/?utm_source=meta&utm_campaign=reg24&fbclid=IwZXh0bgNhZW0BMABhZGlkAasyrkHfSORzcnRjBmFwcF9pZAo2NjI4NTY4Mzc5AAEeQ0ezvz7AZyvW7nyvRosYZPcwu6GG1sqSIiz2RBeXatFIoTg02Sip-oBe2G0_aem_8dfHsQFA5vpHjHudBxlebg&utm_medium=paid&utm_id=120245538772870644&utm_content=120245538772890644&utm_term=120245538772880644&doing_wp_cron=1780786125.2638680934906005859375" "Mozilla/5.0 (iPhone; CPU iPhone OS 26_5 like Mac OS X) AppleWebKit/605.1.15 (KHTML, like Gecko) Mobile/23F77 Safari/604.1 [FBAN/FBIOS;FBAV/564.0.0.57.71;FBBV/985438427;FBDV/iPhone16,2;FBMD/iPhone;FBSN/iOS;FBSV/26.5;FBSS/3;FBID/phone;FBLC/pt_PT;FBOP/5;FBRV/989126749;IABMV/1]"
89.214.114.250 - - [07/Jun/2026:00:48:48 +0200] "GET /wp-content/plugins/woocommerce/assets/js/jquery-blockui/jquery.blockUI.min.js?ver=2.7.0-wc.10.2.2 HTTP/1.1" 200 3559 "https://www.baudefruta.pt/?utm_source=meta&utm_campaign=reg24&fbclid=IwZXh0bgNhZW0BMABhZGlkAasyrkHfSORzcnRjBmFwcF9pZAo2NjI4NTY4Mzc5AAEeQ0ezvz7AZyvW7nyvRosYZPcwu6GG1sqSIiz2RBeXatFIoTg02Sip-oBe2G0_aem_8dfHsQFA5vpHjHudBxlebg&utm_medium=paid&utm_id=120245538772870644&utm_content=120245538772890644&utm_term=120245538772880644&doing_wp_cron=1780786125.2638680934906005859375" "Mozilla/5.0 (iPhone; CPU iPhone OS 26_5 like Mac OS X) AppleWebKit/605.1.15 (KHTML, like Gecko) Mobile/23F77 Safari/604.1 [FBAN/FBIOS;FBAV/564.0.0.57.71;FBBV/985438427;FBDV/iPhone16,2;FBMD/iPhone;FBSN/iOS;FBSV/26.5;FBSS/3;FBID/phone;FBLC/pt_PT;FBOP/5;FBRV/989126749;IABMV/1]"
89.214.114.250 - - [07/Jun/2026:00:48:48 +0200] "GET /wp-content/plugins/woocommerce/assets/js/frontend/add-to-cart.min.js?ver=10.2.2 HTTP/1.1" 200 1385 "https://www.baudefruta.pt/?utm_source=meta&utm_campaign=reg24&fbclid=IwZXh0bgNhZW0BMABhZGlkAasyrkHfSORzcnRjBmFwcF9pZAo2NjI4NTY4Mzc5AAEeQ0ezvz7AZyvW7nyvRosYZPcwu6GG1sqSIiz2RBeXatFIoTg02Sip-oBe2G0_aem_8dfHsQFA5vpHjHudBxlebg&utm_medium=paid&utm_id=120245538772870644&utm_content=120245538772890644&utm_term=120245538772880644&doing_wp_cron=1780786125.2638680934906005859375" "Mozilla/5.0 (iPhone; CPU iPhone OS 26_5 like Mac OS X) AppleWebKit/605.1.15 (KHTML, like Gecko) Mobile/23F77 Safari/604.1 [FBAN/FBIOS;FBAV/564.0.0.57.71;FBBV/985438427;FBDV/iPhone16,2;FBMD/iPhone;FBSN/iOS;FBSV/26.5;FBSS/3;FBID/phone;FBLC/pt_PT;FBOP/5;FBRV/989126749;IABMV/1]"
89.214.114.250 - - [07/Jun/2026:00:48:48 +0200] "GET /wp-content/plugins/woocommerce/assets/js/frontend/woocommerce.min.js?ver=10.2.2 HTTP/1.1" 200 1488 "https://www.baudefruta.pt/?utm_source=meta&utm_campaign=reg24&fbclid=IwZXh0bgNhZW0BMABhZGlkAasyrkHfSORzcnRjBmFwcF9pZAo2NjI4NTY4Mzc5AAEeQ0ezvz7AZyvW7nyvRosYZPcwu6GG1sqSIiz2RBeXatFIoTg02Sip-oBe2G0_aem_8dfHsQFA5vpHjHudBxlebg&utm_medium=paid&utm_id=120245538772870644&utm_content=120245538772890644&utm_term=120245538772880644&doing_wp_cron=1780786125.2638680934906005859375" "Mozilla/5.0 (iPhone; CPU iPhone OS 26_5 like Mac OS X) AppleWebKit/605.1.15 (KHTML, like Gecko) Mobile/23F77 Safari/604.1 [FBAN/FBIOS;FBAV/564.0.0.57.71;FBBV/985438427;FBDV/iPhone16,2;FBMD/iPhone;FBSN/iOS;FBSV/26.5;FBSS/3;FBID/phone;FBLC/pt_PT;FBOP/5;FBRV/989126749;IABMV/1]"
89.214.114.250 - - [07/Jun/2026:00:48:48 +0200] "GET /wp-content/plugins/woocommerce/assets/js/js-cookie/js.cookie.min.js?ver=2.1.4-wc.10.2.2 HTTP/1.1" 200 845 "https://www.baudefruta.pt/?utm_source=meta&utm_campaign=reg24&fbclid=IwZXh0bgNhZW0BMABhZGlkAasyrkHfSORzcnRjBmFwcF9pZAo2NjI4NTY4Mzc5AAEeQ0ezvz7AZyvW7nyvRosYZPcwu6GG1sqSIiz2RBeXatFIoTg02Sip-oBe2G0_aem_8dfHsQFA5vpHjHudBxlebg&utm_medium=paid&utm_id=120245538772870644&utm_content=120245538772890644&utm_term=120245538772880644&doing_wp_cron=1780786125.2638680934906005859375" "Mozilla/5.0 (iPhone; CPU iPhone OS 26_5 like Mac OS X) AppleWebKit/605.1.15 (KHTML, like Gecko) Mobile/23F77 Safari/604.1 [FBAN/FBIOS;FBAV/564.0.0.57.71;FBBV/985438427;FBDV/iPhone16,2;FBMD/iPhone;FBSN/iOS;FBSV/26.5;FBSS/3;FBID/phone;FBLC/pt_PT;FBOP/5;FBRV/989126749;IABMV/1]"
89.214.114.250 - - [07/Jun/2026:00:48:48 +0200] "GET /wp-content/plugins/uncode-js_composer/assets/js/vendors/woocommerce-add-to-cart.js?ver=6.5.0 HTTP/1.1" 200 992 "https://www.baudefruta.pt/?utm_source=meta&utm_campaign=reg24&fbclid=IwZXh0bgNhZW0BMABhZGlkAasyrkHfSORzcnRjBmFwcF9pZAo2NjI4NTY4Mzc5AAEeQ0ezvz7AZyvW7nyvRosYZPcwu6GG1sqSIiz2RBeXatFIoTg02Sip-oBe2G0_aem_8dfHsQFA5vpHjHudBxlebg&utm_medium=paid&utm_id=120245538772870644&utm_content=120245538772890644&utm_term=120245538772880644&doing_wp_cron=1780786125.2638680934906005859375" "Mozilla/5.0 (iPhone; CPU iPhone OS 26_5 like Mac OS X) AppleWebKit/605.1.15 (KHTML, like Gecko) Mobile/23F77 Safari/604.1 [FBAN/FBIOS;FBAV/564.0.0.57.71;FBBV/985438427;FBDV/iPhone16,2;FBMD/iPhone;FBSN/iOS;FBSV/26.5;FBSS/3;FBID/phone;FBLC/pt_PT;FBOP/5;FBRV/989126749;IABMV/1]"
89.214.114.250 - - [07/Jun/2026:00:48:48 +0200] "GET /wp-content/themes/uncode/library/js/init.js?ver=533531432 HTTP/1.1" 200 38505 "https://www.baudefruta.pt/?utm_source=meta&utm_campaign=reg24&fbclid=IwZXh0bgNhZW0BMABhZGlkAasyrkHfSORzcnRjBmFwcF9pZAo2NjI4NTY4Mzc5AAEeQ0ezvz7AZyvW7nyvRosYZPcwu6GG1sqSIiz2RBeXatFIoTg02Sip-oBe2G0_aem_8dfHsQFA5vpHjHudBxlebg&utm_medium=paid&utm_id=120245538772870644&utm_content=120245538772890644&utm_term=120245538772880644&doing_wp_cron=1780786125.2638680934906005859375" "Mozilla/5.0 (iPhone; CPU iPhone OS 26_5 like Mac OS X) AppleWebKit/605.1.15 (KHTML, like Gecko) Mobile/23F77 Safari/604.1 [FBAN/FBIOS;FBAV/564.0.0.57.71;FBBV/985438427;FBDV/iPhone16,2;FBMD/iPhone;FBSN/iOS;FBSV/26.5;FBSS/3;FBID/phone;FBLC/pt_PT;FBOP/5;FBRV/989126749;IABMV/1]"
89.214.114.250 - - [07/Jun/2026:00:48:48 +0200] "GET /wp-content/plugins/woocommerce-products-filter/js/tooltip/css/tooltipster.bundle.min.css?ver=2.2.9.4 HTTP/1.1" 200 1151 "https://www.baudefruta.pt/?utm_source=meta&utm_campaign=reg24&fbclid=IwZXh0bgNhZW0BMABhZGlkAasyrkHfSORzcnRjBmFwcF9pZAo2NjI4NTY4Mzc5AAEeQ0ezvz7AZyvW7nyvRosYZPcwu6GG1sqSIiz2RBeXatFIoTg02Sip-oBe2G0_aem_8dfHsQFA5vpHjHudBxlebg&utm_medium=paid&utm_id=120245538772870644&utm_content=120245538772890644&utm_term=120245538772880644&doing_wp_cron=1780786125.2638680934906005859375" "Mozilla/5.0 (iPhone; CPU iPhone OS 26_5 like Mac OS X) AppleWebKit/605.1.15 (KHTML, like Gecko) Mobile/23F77 Safari/604.1 [FBAN/FBIOS;FBAV/564.0.0.57.71;FBBV/985438427;FBDV/iPhone16,2;FBMD/iPhone;FBSN/iOS;FBSV/26.5;FBSS/3;FBID/phone;FBLC/pt_PT;FBOP/5;FBRV/989126749;IABMV/1]"
89.214.114.250 - - [07/Jun/2026:00:48:48 +0200] "GET /wp-content/plugins/woocommerce-products-filter/js/tooltip/css/plugins/tooltipster/sideTip/themes/tooltipster-sideTip-noir.min.css?ver=2.2.9.4 HTTP/1.1" 200 302 "https://www.baudefruta.pt/?utm_source=meta&utm_campaign=reg24&fbclid=IwZXh0bgNhZW0BMABhZGlkAasyrkHfSORzcnRjBmFwcF9pZAo2NjI4NTY4Mzc5AAEeQ0ezvz7AZyvW7nyvRosYZPcwu6GG1sqSIiz2RBeXatFIoTg02Sip-oBe2G0_aem_8dfHsQFA5vpHjHudBxlebg&utm_medium=paid&utm_id=120245538772870644&utm_content=120245538772890644&utm_term=120245538772880644&doing_wp_cron=1780786125.2638680934906005859375" "Mozilla/5.0 (iPhone; CPU iPhone OS 26_5 like Mac OS X) AppleWebKit/605.1.15 (KHTML, like Gecko) Mobile/23F77 Safari/604.1 [FBAN/FBIOS;FBAV/564.0.0.57.71;FBBV/985438427;FBDV/iPhone16,2;FBMD/iPhone;FBSN/iOS;FBSV/26.5;FBSS/3;FBID/phone;FBLC/pt_PT;FBOP/5;FBRV/989126749;IABMV/1]"
89.214.114.250 - - [07/Jun/2026:00:48:48 +0200] "GET /wp-includes/js/underscore.min.js?ver=1.13.7 HTTP/1.1" 200 7353 "https://www.baudefruta.pt/?utm_source=meta&utm_campaign=reg24&fbclid=IwZXh0bgNhZW0BMABhZGlkAasyrkHfSORzcnRjBmFwcF9pZAo2NjI4NTY4Mzc5AAEeQ0ezvz7AZyvW7nyvRosYZPcwu6GG1sqSIiz2RBeXatFIoTg02Sip-oBe2G0_aem_8dfHsQFA5vpHjHudBxlebg&utm_medium=paid&utm_id=120245538772870644&utm_content=120245538772890644&utm_term=120245538772880644&doing_wp_cron=1780786125.2638680934906005859375" "Mozilla/5.0 (iPhone; CPU iPhone OS 26_5 like Mac OS X) AppleWebKit/605.1.15 (KHTML, like Gecko) Mobile/23F77 Safari/604.1 [FBAN/FBIOS;FBAV/564.0.0.57.71;FBBV/985438427;FBDV/iPhone16,2;FBMD/iPhone;FBSN/iOS;FBSV/26.5;FBSS/3;FBID/phone;FBLC/pt_PT;FBOP/5;FBRV/989126749;IABMV/1]"
89.214.114.250 - - [07/Jun/2026:00:48:48 +0200] "GET /wp-content/uploads/2021/11/Gift_Natal_Bau_3-home.jpg HTTP/1.1" 200 73811 "https://www.baudefruta.pt/?utm_source=meta&utm_campaign=reg24&fbclid=IwZXh0bgNhZW0BMABhZGlkAasyrkHfSORzcnRjBmFwcF9pZAo2NjI4NTY4Mzc5AAEeQ0ezvz7AZyvW7nyvRosYZPcwu6GG1sqSIiz2RBeXatFIoTg02Sip-oBe2G0_aem_8dfHsQFA5vpHjHudBxlebg&utm_medium=paid&utm_id=120245538772870644&utm_content=120245538772890644&utm_term=120245538772880644&doing_wp_cron=1780786125.2638680934906005859375" "Mozilla/5.0 (iPhone; CPU iPhone OS 26_5 like Mac OS X) AppleWebKit/605.1.15 (KHTML, like Gecko) Mobile/23F77 Safari/604.1 [FBAN/FBIOS;FBAV/564.0.0.57.71;FBBV/985438427;FBDV/iPhone16,2;FBMD/iPhone;FBSN/iOS;FBSV/26.5;FBSS/3;FBID/phone;FBLC/pt_PT;FBOP/5;FBRV/989126749;IABMV/1]"
89.214.114.250 - - [07/Jun/2026:00:48:48 +0200] "GET /wp-content/plugins/uncode-daves-wordpress-live-search/js/daves-wordpress-live-search.js?ver=6.9.1 HTTP/1.1" 200 3692 "https://www.baudefruta.pt/?utm_source=meta&utm_campaign=reg24&fbclid=IwZXh0bgNhZW0BMABhZGlkAasyrkHfSORzcnRjBmFwcF9pZAo2NjI4NTY4Mzc5AAEeQ0ezvz7AZyvW7nyvRosYZPcwu6GG1sqSIiz2RBeXatFIoTg02Sip-oBe2G0_aem_8dfHsQFA5vpHjHudBxlebg&utm_medium=paid&utm_id=120245538772870644&utm_content=120245538772890644&utm_term=120245538772880644&doing_wp_cron=1780786125.2638680934906005859375" "Mozilla/5.0 (iPhone; CPU iPhone OS 26_5 like Mac OS X) AppleWebKit/605.1.15 (KHTML, like Gecko) Mobile/23F77 Safari/604.1 [FBAN/FBIOS;FBAV/564.0.0.57.71;FBBV/985438427;FBDV/iPhone16,2;FBMD/iPhone;FBSN/iOS;FBSV/26.5;FBSS/3;FBID/phone;FBLC/pt_PT;FBOP/5;FBRV/989126749;IABMV/1]"
89.214.114.250 - - [07/Jun/2026:00:48:48 +0200] "GET /wp-content/plugins/duracelltomi-google-tag-manager/dist/js/gtm4wp-ecommerce-generic.js?ver=1.22.3 HTTP/1.1" 200 579 "https://www.baudefruta.pt/?utm_source=meta&utm_campaign=reg24&fbclid=IwZXh0bgNhZW0BMABhZGlkAasyrkHfSORzcnRjBmFwcF9pZAo2NjI4NTY4Mzc5AAEeQ0ezvz7AZyvW7nyvRosYZPcwu6GG1sqSIiz2RBeXatFIoTg02Sip-oBe2G0_aem_8dfHsQFA5vpHjHudBxlebg&utm_medium=paid&utm_id=120245538772870644&utm_content=120245538772890644&utm_term=120245538772880644&doing_wp_cron=1780786125.2638680934906005859375" "Mozilla/5.0 (iPhone; CPU iPhone OS 26_5 like Mac OS X) AppleWebKit/605.1.15 (KHTML, like Gecko) Mobile/23F77 Safari/604.1 [FBAN/FBIOS;FBAV/564.0.0.57.71;FBBV/985438427;FBDV/iPhone16,2;FBMD/iPhone;FBSN/iOS;FBSV/26.5;FBSS/3;FBID/phone;FBLC/pt_PT;FBOP/5;FBRV/989126749;IABMV/1]"
216.73.217.54 - - [07/Jun/2026:00:48:48 +0200] "GET /loja/page/7/?add-to-cart=1728&doing_wp_cron=1780247694.3308169841766357421875&orderby=menu_order HTTP/1.1" 200 65522 "-" "Mozilla/5.0 AppleWebKit/537.36 (KHTML, like Gecko; compatible; ClaudeBot/1.0; +claudebot@anthropic.com)"
89.214.114.250 - - [07/Jun/2026:00:48:49 +0200] "GET /wp-content/plugins/duracelltomi-google-tag-manager/dist/js/gtm4wp-woocommerce.js?ver=1.22.3 HTTP/1.1" 200 3043 "https://www.baudefruta.pt/?utm_source=meta&utm_campaign=reg24&fbclid=IwZXh0bgNhZW0BMABhZGlkAasyrkHfSORzcnRjBmFwcF9pZAo2NjI4NTY4Mzc5AAEeQ0ezvz7AZyvW7nyvRosYZPcwu6GG1sqSIiz2RBeXatFIoTg02Sip-oBe2G0_aem_8dfHsQFA5vpHjHudBxlebg&utm_medium=paid&utm_id=120245538772870644&utm_content=120245538772890644&utm_term=120245538772880644&doing_wp_cron=1780786125.2638680934906005859375" "Mozilla/5.0 (iPhone; CPU iPhone OS 26_5 like Mac OS X) AppleWebKit/605.1.15 (KHTML, like Gecko) Mobile/23F77 Safari/604.1 [FBAN/FBIOS;FBAV/564.0.0.57.71;FBBV/985438427;FBDV/iPhone16,2;FBMD/iPhone;FBSN/iOS;FBSV/26.5;FBSS/3;FBID/phone;FBLC/pt_PT;FBOP/5;FBRV/989126749;IABMV/1]"
89.214.114.250 - - [07/Jun/2026:00:48:49 +0200] "GET /wp-content/plugins/woocommerce/assets/js/frontend/order-attribution.min.js?ver=10.2.2 HTTP/1.1" 200 1140 "https://www.baudefruta.pt/?utm_source=meta&utm_campaign=reg24&fbclid=IwZXh0bgNhZW0BMABhZGlkAasyrkHfSORzcnRjBmFwcF9pZAo2NjI4NTY4Mzc5AAEeQ0ezvz7AZyvW7nyvRosYZPcwu6GG1sqSIiz2RBeXatFIoTg02Sip-oBe2G0_aem_8dfHsQFA5vpHjHudBxlebg&utm_medium=paid&utm_id=120245538772870644&utm_content=120245538772890644&utm_term=120245538772880644&doing_wp_cron=1780786125.2638680934906005859375" "Mozilla/5.0 (iPhone; CPU iPhone OS 26_5 like Mac OS X) AppleWebKit/605.1.15 (KHTML, like Gecko) Mobile/23F77 Safari/604.1 [FBAN/FBIOS;FBAV/564.0.0.57.71;FBBV/985438427;FBDV/iPhone16,2;FBMD/iPhone;FBSN/iOS;FBSV/26.5;FBSS/3;FBID/phone;FBLC/pt_PT;FBOP/5;FBRV/989126749;IABMV/1]"
89.214.114.250 - - [07/Jun/2026:00:48:49 +0200] "GET /wp-content/plugins/custom-page-templates/assets/js/acf-google-maps.js?ver=3.1.1 HTTP/1.1" 200 1051 "https://www.baudefruta.pt/?utm_source=meta&utm_campaign=reg24&fbclid=IwZXh0bgNhZW0BMABhZGlkAasyrkHfSORzcnRjBmFwcF9pZAo2NjI4NTY4Mzc5AAEeQ0ezvz7AZyvW7nyvRosYZPcwu6GG1sqSIiz2RBeXatFIoTg02Sip-oBe2G0_aem_8dfHsQFA5vpHjHudBxlebg&utm_medium=paid&utm_id=120245538772870644&utm_content=120245538772890644&utm_term=120245538772880644&doing_wp_cron=1780786125.2638680934906005859375" "Mozilla/5.0 (iPhone; CPU iPhone OS 26_5 like Mac OS X) AppleWebKit/605.1.15 (KHTML, like Gecko) Mobile/23F77 Safari/604.1 [FBAN/FBIOS;FBAV/564.0.0.57.71;FBBV/985438427;FBDV/iPhone16,2;FBMD/iPhone;FBSN/iOS;FBSV/26.5;FBSS/3;FBID/phone;FBLC/pt_PT;FBOP/5;FBRV/989126749;IABMV/1]"
89.214.114.250 - - [07/Jun/2026:00:48:49 +0200] "GET /wp-content/plugins/woocommerce/assets/js/sourcebuster/sourcebuster.min.js?ver=10.2.2 HTTP/1.1" 200 4830 "https://www.baudefruta.pt/?utm_source=meta&utm_campaign=reg24&fbclid=IwZXh0bgNhZW0BMABhZGlkAasyrkHfSORzcnRjBmFwcF9pZAo2NjI4NTY4Mzc5AAEeQ0ezvz7AZyvW7nyvRosYZPcwu6GG1sqSIiz2RBeXatFIoTg02Sip-oBe2G0_aem_8dfHsQFA5vpHjHudBxlebg&utm_medium=paid&utm_id=120245538772870644&utm_content=120245538772890644&utm_term=120245538772880644&doing_wp_cron=1780786125.2638680934906005859375" "Mozilla/5.0 (iPhone; CPU iPhone OS 26_5 like Mac OS X) AppleWebKit/605.1.15 (KHTML, like Gecko) Mobile/23F77 Safari/604.1 [FBAN/FBIOS;FBAV/564.0.0.57.71;FBBV/985438427;FBDV/iPhone16,2;FBMD/iPhone;FBSN/iOS;FBSV/26.5;FBSS/3;FBID/phone;FBLC/pt_PT;FBOP/5;FBRV/989126749;IABMV/1]"
89.214.114.250 - - [07/Jun/2026:00:48:49 +0200] "GET /wp-includes/js/mediaelement/mediaelement-migrate.min.js?ver=6.9.1 HTTP/1.1" 200 552 "https://www.baudefruta.pt/?utm_source=meta&utm_campaign=reg24&fbclid=IwZXh0bgNhZW0BMABhZGlkAasyrkHfSORzcnRjBmFwcF9pZAo2NjI4NTY4Mzc5AAEeQ0ezvz7AZyvW7nyvRosYZPcwu6GG1sqSIiz2RBeXatFIoTg02Sip-oBe2G0_aem_8dfHsQFA5vpHjHudBxlebg&utm_medium=paid&utm_id=120245538772870644&utm_content=120245538772890644&utm_term=120245538772880644&doing_wp_cron=1780786125.2638680934906005859375" "Mozilla/5.0 (iPhone; CPU iPhone OS 26_5 like Mac OS X) AppleWebKit/605.1.15 (KHTML, like Gecko) Mobile/23F77 Safari/604.1 [FBAN/FBIOS;FBAV/564.0.0.57.71;FBBV/985438427;FBDV/iPhone16,2;FBMD/iPhone;FBSN/iOS;FBSV/26.5;FBSS/3;FBID/phone;FBLC/pt_PT;FBOP/5;FBRV/989126749;IABMV/1]"
89.214.114.250 - - [07/Jun/2026:00:48:49 +0200] "GET /wp-includes/js/mediaelement/mediaelement-and-player.min.js?ver=4.2.17 HTTP/1.1" 200 39312 "https://www.baudefruta.pt/?utm_source=meta&utm_campaign=reg24&fbclid=IwZXh0bgNhZW0BMABhZGlkAasyrkHfSORzcnRjBmFwcF9pZAo2NjI4NTY4Mzc5AAEeQ0ezvz7AZyvW7nyvRosYZPcwu6GG1sqSIiz2RBeXatFIoTg02Sip-oBe2G0_aem_8dfHsQFA5vpHjHudBxlebg&utm_medium=paid&utm_id=120245538772870644&utm_content=120245538772890644&utm_term=120245538772880644&doing_wp_cron=1780786125.2638680934906005859375" "Mozilla/5.0 (iPhone; CPU iPhone OS 26_5 like Mac OS X) AppleWebKit/605.1.15 (KHTML, like Gecko) Mobile/23F77 Safari/604.1 [FBAN/FBIOS;FBAV/564.0.0.57.71;FBBV/985438427;FBDV/iPhone16,2;FBMD/iPhone;FBSN/iOS;FBSV/26.5;FBSS/3;FBID/phone;FBLC/pt_PT;FBOP/5;FBRV/989126749;IABMV/1]"
89.214.114.250 - - [07/Jun/2026:00:48:49 +0200] "GET /wp-includes/js/mediaelement/wp-mediaelement.min.js?ver=6.9.1 HTTP/1.1" 200 550 "https://www.baudefruta.pt/?utm_source=meta&utm_campaign=reg24&fbclid=IwZXh0bgNhZW0BMABhZGlkAasyrkHfSORzcnRjBmFwcF9pZAo2NjI4NTY4Mzc5AAEeQ0ezvz7AZyvW7nyvRosYZPcwu6GG1sqSIiz2RBeXatFIoTg02Sip-oBe2G0_aem_8dfHsQFA5vpHjHudBxlebg&utm_medium=paid&utm_id=120245538772870644&utm_content=120245538772890644&utm_term=120245538772880644&doing_wp_cron=1780786125.2638680934906005859375" "Mozilla/5.0 (iPhone; CPU iPhone OS 26_5 like Mac OS X) AppleWebKit/605.1.15 (KHTML, like Gecko) Mobile/23F77 Safari/604.1 [FBAN/FBIOS;FBAV/564.0.0.57.71;FBBV/985438427;FBDV/iPhone16,2;FBMD/iPhone;FBSN/iOS;FBSV/26.5;FBSS/3;FBID/phone;FBLC/pt_PT;FBOP/5;FBRV/989126749;IABMV/1]"
89.214.114.250 - - [07/Jun/2026:00:48:49 +0200] "GET /wp-content/themes/uncode/library/js/app.js?ver=533531432 HTTP/1.1" 200 41076 "https://www.baudefruta.pt/?utm_source=meta&utm_campaign=reg24&fbclid=IwZXh0bgNhZW0BMABhZGlkAasyrkHfSORzcnRjBmFwcF9pZAo2NjI4NTY4Mzc5AAEeQ0ezvz7AZyvW7nyvRosYZPcwu6GG1sqSIiz2RBeXatFIoTg02Sip-oBe2G0_aem_8dfHsQFA5vpHjHudBxlebg&utm_medium=paid&utm_id=120245538772870644&utm_content=120245538772890644&utm_term=120245538772880644&doing_wp_cron=1780786125.2638680934906005859375" "Mozilla/5.0 (iPhone; CPU iPhone OS 26_5 like Mac OS X) AppleWebKit/605.1.15 (KHTML, like Gecko) Mobile/23F77 Safari/604.1 [FBAN/FBIOS;FBAV/564.0.0.57.71;FBBV/985438427;FBDV/iPhone16,2;FBMD/iPhone;FBSN/iOS;FBSV/26.5;FBSS/3;FBID/phone;FBLC/pt_PT;FBOP/5;FBRV/989126749;IABMV/1]"
89.214.114.250 - - [07/Jun/2026:00:48:49 +0200] "GET /wp-content/themes/uncode/library/js/woocommerce-uncode.js?ver=533531432 HTTP/1.1" 200 7190 "https://www.baudefruta.pt/?utm_source=meta&utm_campaign=reg24&fbclid=IwZXh0bgNhZW0BMABhZGlkAasyrkHfSORzcnRjBmFwcF9pZAo2NjI4NTY4Mzc5AAEeQ0ezvz7AZyvW7nyvRosYZPcwu6GG1sqSIiz2RBeXatFIoTg02Sip-oBe2G0_aem_8dfHsQFA5vpHjHudBxlebg&utm_medium=paid&utm_id=120245538772870644&utm_content=120245538772890644&utm_term=120245538772880644&doing_wp_cron=1780786125.2638680934906005859375" "Mozilla/5.0 (iPhone; CPU iPhone OS 26_5 like Mac OS X) AppleWebKit/605.1.15 (KHTML, like Gecko) Mobile/23F77 Safari/604.1 [FBAN/FBIOS;FBAV/564.0.0.57.71;FBBV/985438427;FBDV/iPhone16,2;FBMD/iPhone;FBSN/iOS;FBSV/26.5;FBSS/3;FBID/phone;FBLC/pt_PT;FBOP/5;FBRV/989126749;IABMV/1]"
89.214.114.250 - - [07/Jun/2026:00:48:49 +0200] "GET /wp-content/plugins/popup-maker/dist/assets/site.js?defer&ver=1.21.4 HTTP/1.1" 200 17994 "https://www.baudefruta.pt/?utm_source=meta&utm_campaign=reg24&fbclid=IwZXh0bgNhZW0BMABhZGlkAasyrkHfSORzcnRjBmFwcF9pZAo2NjI4NTY4Mzc5AAEeQ0ezvz7AZyvW7nyvRosYZPcwu6GG1sqSIiz2RBeXatFIoTg02Sip-oBe2G0_aem_8dfHsQFA5vpHjHudBxlebg&utm_medium=paid&utm_id=120245538772870644&utm_content=120245538772890644&utm_term=120245538772880644&doing_wp_cron=1780786125.2638680934906005859375" "Mozilla/5.0 (iPhone; CPU iPhone OS 26_5 like Mac OS X) AppleWebKit/605.1.15 (KHTML, like Gecko) Mobile/23F77 Safari/604.1 [FBAN/FBIOS;FBAV/564.0.0.57.71;FBBV/985438427;FBDV/iPhone16,2;FBMD/iPhone;FBSN/iOS;FBSV/26.5;FBSS/3;FBID/phone;FBLC/pt_PT;FBOP/5;FBRV/989126749;IABMV/1]"
89.214.114.250 - - [07/Jun/2026:00:48:49 +0200] "GET /wp-includes/js/jquery/ui/core.min.js?ver=1.13.3 HTTP/1.1" 200 7137 "https://www.baudefruta.pt/?utm_source=meta&utm_campaign=reg24&fbclid=IwZXh0bgNhZW0BMABhZGlkAasyrkHfSORzcnRjBmFwcF9pZAo2NjI4NTY4Mzc5AAEeQ0ezvz7AZyvW7nyvRosYZPcwu6GG1sqSIiz2RBeXatFIoTg02Sip-oBe2G0_aem_8dfHsQFA5vpHjHudBxlebg&utm_medium=paid&utm_id=120245538772870644&utm_content=120245538772890644&utm_term=120245538772880644&doing_wp_cron=1780786125.2638680934906005859375" "Mozilla/5.0 (iPhone; CPU iPhone OS 26_5 like Mac OS X) AppleWebKit/605.1.15 (KHTML, like Gecko) Mobile/23F77 Safari/604.1 [FBAN/FBIOS;FBAV/564.0.0.57.71;FBBV/985438427;FBDV/iPhone16,2;FBMD/iPhone;FBSN/iOS;FBSV/26.5;FBSS/3;FBID/phone;FBLC/pt_PT;FBOP/5;FBRV/989126749;IABMV/1]"
89.214.114.250 - - [07/Jun/2026:00:48:49 +0200] "GET /wp-content/plugins/woocommerce-products-filter/js/tooltip/js/tooltipster.bundle.min.js?ver=2.2.9.4 HTTP/1.1" 200 10234 "https://www.baudefruta.pt/?utm_source=meta&utm_campaign=reg24&fbclid=IwZXh0bgNhZW0BMABhZGlkAasyrkHfSORzcnRjBmFwcF9pZAo2NjI4NTY4Mzc5AAEeQ0ezvz7AZyvW7nyvRosYZPcwu6GG1sqSIiz2RBeXatFIoTg02Sip-oBe2G0_aem_8dfHsQFA5vpHjHudBxlebg&utm_medium=paid&utm_id=120245538772870644&utm_content=120245538772890644&utm_term=120245538772880644&doing_wp_cron=1780786125.2638680934906005859375" "Mozilla/5.0 (iPhone; CPU iPhone OS 26_5 like Mac OS X) AppleWebKit/605.1.15 (KHTML, like Gecko) Mobile/23F77 Safari/604.1 [FBAN/FBIOS;FBAV/564.0.0.57.71;FBBV/985438427;FBDV/iPhone16,2;FBMD/iPhone;FBSN/iOS;FBSV/26.5;FBSS/3;FBID/phone;FBLC/pt_PT;FBOP/5;FBRV/989126749;IABMV/1]"
