216.73.217.54 - - [07/Jun/2026:00:43:49 +0200] "GET /loja/page/3/?add-to-cart=897&doing_wp_cron=1759043873.1749200820922851562500&orderby=price HTTP/1.1" 200 65402 "-" "Mozilla/5.0 AppleWebKit/537.36 (KHTML, like Gecko; compatible; ClaudeBot/1.0; +claudebot@anthropic.com)"
110.249.201.100 - - [07/Jun/2026:00:43:51 +0200] "GET / HTTP/1.1" 301 5 "-" "Mozilla/5.0 (Linux; Android 5.0) AppleWebKit/537.36 (KHTML, like Gecko) Mobile Safari/537.36 (compatible; Bytespider; https://zhanzhang.toutiao.com/)"
216.73.217.54 - - [07/Jun/2026:00:43:51 +0200] "GET /loja/page/4/?add-to-cart=690&doing_wp_cron=1759043873.1749200820922851562500&orderby=price HTTP/1.1" 200 65624 "-" "Mozilla/5.0 AppleWebKit/537.36 (KHTML, like Gecko; compatible; ClaudeBot/1.0; +claudebot@anthropic.com)"
110.249.201.120 - - [07/Jun/2026:00:43:52 +0200] "GET / HTTP/1.1" 200 61423 "-" "Mozilla/5.0 (Linux; Android 5.0) AppleWebKit/537.36 (KHTML, like Gecko) Mobile Safari/537.36 (compatible; Bytespider; https://zhanzhang.toutiao.com/)"
110.249.201.120 - - [07/Jun/2026:00:43:53 +0200] "GET /wp-content/plugins/smart-marketing-for-wp/public/css/egoi-for-wp-public.css?ver=5.1.11 HTTP/1.1" 200 1173 "https://www.baudefruta.pt/" "Mozilla/5.0 (Linux; Android 5.0) AppleWebKit/537.36 (KHTML, like Gecko) Mobile Safari/537.36 (compatible; Bytespider; https://zhanzhang.toutiao.com/)"
110.249.201.120 - - [07/Jun/2026:00:43:53 +0200] "GET /wp-content/plugins/woo-keyinvoice-integration/public/css/woo-keyinvoice-integration-public.css?ver=1.0.0 HTTP/1.1" 200 98 "https://www.baudefruta.pt/" "Mozilla/5.0 (Linux; Android 5.0) AppleWebKit/537.36 (KHTML, like Gecko) Mobile Safari/537.36 (compatible; Bytespider; https://zhanzhang.toutiao.com/)"
110.249.201.120 - - [07/Jun/2026:00:43:53 +0200] "GET /wp-content/plugins/uncode-js_composer/assets/js/vendors/woocommerce-add-to-cart.js?ver=6.5.0 HTTP/1.1" 200 992 "https://www.baudefruta.pt/" "Mozilla/5.0 (Linux; Android 5.0) AppleWebKit/537.36 (KHTML, like Gecko) Mobile Safari/537.36 (compatible; Bytespider; https://zhanzhang.toutiao.com/)"
110.249.201.120 - - [07/Jun/2026:00:43:53 +0200] "GET /wp-content/plugins/woocommerce/assets/js/sourcebuster/sourcebuster.min.js?ver=10.2.2 HTTP/1.1" 200 4830 "https://www.baudefruta.pt/" "Mozilla/5.0 (Linux; Android 5.0) AppleWebKit/537.36 (KHTML, like Gecko) Mobile Safari/537.36 (compatible; Bytespider; https://zhanzhang.toutiao.com/)"
110.249.201.167 - - [07/Jun/2026:00:43:53 +0200] "GET /wp-content/plugins/woocommerce/assets/js/frontend/add-to-cart.min.js?ver=10.2.2 HTTP/1.1" 200 1385 "https://www.baudefruta.pt/" "Mozilla/5.0 (Linux; Android 5.0) AppleWebKit/537.36 (KHTML, like Gecko) Mobile Safari/537.36 (compatible; Bytespider; https://zhanzhang.toutiao.com/)"
110.249.201.246 - - [07/Jun/2026:00:43:53 +0200] "GET /wp-content/uploads/2021/11/Gift_Natal_Bau_3-home.jpg HTTP/1.1" 206 500 "https://www.baudefruta.pt/" "Mozilla/5.0 (Linux; Android 5.0) AppleWebKit/537.36 (KHTML, like Gecko) Mobile Safari/537.36 (compatible; Bytespider; https://zhanzhang.toutiao.com/)"
110.249.201.189 - - [07/Jun/2026:00:43:53 +0200] "GET /wp-includes/js/mediaelement/mediaelement-migrate.min.js?ver=6.9.1 HTTP/1.1" 200 552 "https://www.baudefruta.pt/" "Mozilla/5.0 (Linux; Android 5.0) AppleWebKit/537.36 (KHTML, like Gecko) Mobile Safari/537.36 (compatible; Bytespider; https://zhanzhang.toutiao.com/)"
110.249.201.189 - - [07/Jun/2026:00:43:54 +0200] "GET /wp-content/uploads/2021/05/logo-bau_1-01b.svg HTTP/1.1" 206 500 "https://www.baudefruta.pt/" "Mozilla/5.0 (Linux; Android 5.0) AppleWebKit/537.36 (KHTML, like Gecko) Mobile Safari/537.36 (compatible; Bytespider; https://zhanzhang.toutiao.com/)"
110.249.201.246 - - [07/Jun/2026:00:43:54 +0200] "GET /wp-content/uploads/2021/10/bau_economico_2-uai-572x381.jpg HTTP/1.1" 206 500 "https://www.baudefruta.pt/" "Mozilla/5.0 (Linux; Android 5.0) AppleWebKit/537.36 (KHTML, like Gecko) Mobile Safari/537.36 (compatible; Bytespider; https://zhanzhang.toutiao.com/)"
110.249.201.120 - - [07/Jun/2026:00:43:54 +0200] "GET /wp-content/uploads/2021/06/NP001-nesperas-uai-368x368.jpg HTTP/1.1" 206 500 "https://www.baudefruta.pt/" "Mozilla/5.0 (Linux; Android 5.0) AppleWebKit/537.36 (KHTML, like Gecko) Mobile Safari/537.36 (compatible; Bytespider; https://zhanzhang.toutiao.com/)"
110.249.201.167 - - [07/Jun/2026:00:43:54 +0200] "GET /wp-content/uploads/2023/12/BauFruta_narizvermelho_home.png HTTP/1.1" 206 500 "https://www.baudefruta.pt/" "Mozilla/5.0 (Linux; Android 5.0) AppleWebKit/537.36 (KHTML, like Gecko) Mobile Safari/537.36 (compatible; Bytespider; https://zhanzhang.toutiao.com/)"
110.249.201.78 - - [07/Jun/2026:00:43:54 +0200] "GET /wp-content/uploads/2021/07/bau_mb_mbway.svg HTTP/1.1" 206 500 "https://www.baudefruta.pt/" "Mozilla/5.0 (Linux; Android 5.0) AppleWebKit/537.36 (KHTML, like Gecko) Mobile Safari/537.36 (compatible; Bytespider; https://zhanzhang.toutiao.com/)"
110.249.201.189 - - [07/Jun/2026:00:43:54 +0200] "GET /wp-content/uploads/2021/05/logo-bau_1-01b.svg HTTP/1.1" 304 0 "https://www.baudefruta.pt/" "Mozilla/5.0 (Linux; Android 5.0) AppleWebKit/537.36 (KHTML, like Gecko) Mobile Safari/537.36 (compatible; Bytespider; https://zhanzhang.toutiao.com/)"
110.249.201.189 - - [07/Jun/2026:00:43:54 +0200] "GET /wp-content/uploads/2021/05/logo-bau_1-01b.svg HTTP/1.1" 200 12888 "https://www.baudefruta.pt/" "Mozilla/5.0 (Linux; Android 5.0) AppleWebKit/537.36 (KHTML, like Gecko) Mobile Safari/537.36 (compatible; Bytespider; https://zhanzhang.toutiao.com/)"
110.249.201.62 - - [07/Jun/2026:00:43:54 +0200] "GET /wp-content/uploads/2021/05/bau_livroreclamacoes.svg HTTP/1.1" 206 500 "https://www.baudefruta.pt/" "Mozilla/5.0 (Linux; Android 5.0) AppleWebKit/537.36 (KHTML, like Gecko) Mobile Safari/537.36 (compatible; Bytespider; https://zhanzhang.toutiao.com/)"
110.249.201.78 - - [07/Jun/2026:00:43:54 +0200] "GET /wp-content/uploads/2021/05/bau_fundo_grunge-1.png HTTP/1.1" 206 500 "https://www.baudefruta.pt/" "Mozilla/5.0 (Linux; Android 5.0) AppleWebKit/537.36 (KHTML, like Gecko) Mobile Safari/537.36 (compatible; Bytespider; https://zhanzhang.toutiao.com/)"
110.249.201.189 - - [07/Jun/2026:00:43:54 +0200] "GET /wp-content/uploads/2021/05/bau_livroreclamacoes.svg HTTP/1.1" 304 0 "https://www.baudefruta.pt/" "Mozilla/5.0 (Linux; Android 5.0) AppleWebKit/537.36 (KHTML, like Gecko) Mobile Safari/537.36 (compatible; Bytespider; https://zhanzhang.toutiao.com/)"
110.249.201.62 - - [07/Jun/2026:00:43:54 +0200] "GET /wp-content/uploads/2021/07/bau_mb_mbway.svg HTTP/1.1" 304 0 "https://www.baudefruta.pt/" "Mozilla/5.0 (Linux; Android 5.0) AppleWebKit/537.36 (KHTML, like Gecko) Mobile Safari/537.36 (compatible; Bytespider; https://zhanzhang.toutiao.com/)"
216.73.217.54 - - [07/Jun/2026:00:43:54 +0200] "GET /loja/page/4/?add-to-cart=427&doing_wp_cron=1705054787.4118249416351318359375&orderby=popularity HTTP/1.1" 200 65710 "-" "Mozilla/5.0 AppleWebKit/537.36 (KHTML, like Gecko; compatible; ClaudeBot/1.0; +claudebot@anthropic.com)"
110.249.201.189 - - [07/Jun/2026:00:43:55 +0200] "GET /wp-content/uploads/2021/05/bau_livroreclamacoes.svg HTTP/1.1" 200 2886 "https://www.baudefruta.pt/" "Mozilla/5.0 (Linux; Android 5.0) AppleWebKit/537.36 (KHTML, like Gecko) Mobile Safari/537.36 (compatible; Bytespider; https://zhanzhang.toutiao.com/)"
110.249.201.62 - - [07/Jun/2026:00:43:55 +0200] "GET /wp-content/uploads/2021/07/bau_mb_mbway.svg HTTP/1.1" 200 5318 "https://www.baudefruta.pt/" "Mozilla/5.0 (Linux; Android 5.0) AppleWebKit/537.36 (KHTML, like Gecko) Mobile Safari/537.36 (compatible; Bytespider; https://zhanzhang.toutiao.com/)"
172.252.22.81 - - [07/Jun/2026:00:43:57 +0200] "GET /wp-content/uploads/2021/07/MACN001-macarronete-nacional-uai-440x440.jpg HTTP/1.1" 200 34313 "-" "Mozilla/5.0 (compatible; crawler)"
216.73.217.54 - - [07/Jun/2026:00:43:58 +0200] "GET /loja/page/4/?add-to-cart=492&doing_wp_cron=1705054787.4118249416351318359375&orderby=popularity HTTP/1.1" 200 65864 "-" "Mozilla/5.0 AppleWebKit/537.36 (KHTML, like Gecko; compatible; ClaudeBot/1.0; +claudebot@anthropic.com)"
216.73.217.54 - - [07/Jun/2026:00:44:01 +0200] "GET /loja/page/6/?add-to-cart=647&doing_wp_cron=1705054787.4118249416351318359375&orderby=popularity HTTP/1.1" 200 66336 "-" "Mozilla/5.0 AppleWebKit/537.36 (KHTML, like Gecko; compatible; ClaudeBot/1.0; +claudebot@anthropic.com)"
216.73.217.54 - - [07/Jun/2026:00:44:04 +0200] "GET /loja/page/3/?add-to-cart=697&doing_wp_cron=1759043873.1749200820922851562500&orderby=price HTTP/1.1" 200 66101 "-" "Mozilla/5.0 AppleWebKit/537.36 (KHTML, like Gecko; compatible; ClaudeBot/1.0; +claudebot@anthropic.com)"
216.73.217.54 - - [07/Jun/2026:00:44:06 +0200] "GET /loja/page/3/?add-to-cart=701&doing_wp_cron=1759043873.1749200820922851562500&orderby=price HTTP/1.1" 200 66278 "-" "Mozilla/5.0 AppleWebKit/537.36 (KHTML, like Gecko; compatible; ClaudeBot/1.0; +claudebot@anthropic.com)"
178.16.52.137 - - [07/Jun/2026:00:44:07 +0200] "POST /wp-login.php?action=register HTTP/1.1" 403 146 "-" "-"
216.73.217.54 - - [07/Jun/2026:00:44:10 +0200] "GET /loja/page/4/?add-to-cart=4232&doing_wp_cron=1759043873.1749200820922851562500&orderby=price HTTP/1.1" 200 66350 "-" "Mozilla/5.0 AppleWebKit/537.36 (KHTML, like Gecko; compatible; ClaudeBot/1.0; +claudebot@anthropic.com)"
216.73.217.54 - - [07/Jun/2026:00:44:12 +0200] "GET /loja/page/11/?add-to-cart=449&doing_wp_cron=1780259951.9076659679412841796875&orderby=popularity HTTP/1.1" 200 66378 "-" "Mozilla/5.0 AppleWebKit/537.36 (KHTML, like Gecko; compatible; ClaudeBot/1.0; +claudebot@anthropic.com)"
57.141.20.66 - - [07/Jun/2026:00:44:13 +0200] "GET /sitemap.txt?doing_wp_cron=1771768813.9929580688476562500000 HTTP/1.1" 301 5 "-" "meta-externalagent/1.1 (+https://developers.facebook.com/docs/sharing/webmasters/crawler)"
216.73.217.54 - - [07/Jun/2026:00:44:15 +0200] "GET /loja/?add-to-cart=2013&doing_wp_cron=1765642876.6927409172058105468750&orderby=price HTTP/1.1" 200 66568 "-" "Mozilla/5.0 AppleWebKit/537.36 (KHTML, like Gecko; compatible; ClaudeBot/1.0; +claudebot@anthropic.com)"
110.249.201.110 - - [07/Jun/2026:00:44:16 +0200] "GET / HTTP/1.1" 200 61423 "-" "Mozilla/5.0 (Linux; Android 5.0) AppleWebKit/537.36 (KHTML, like Gecko) Mobile Safari/537.36 (compatible; Bytespider; https://zhanzhang.toutiao.com/)"
110.249.201.110 - - [07/Jun/2026:00:44:17 +0200] "GET /wp-includes/css/dist/preferences/style.min.css?ver=6.9.1 HTTP/1.1" 200 1003 "https://www.baudefruta.pt/" "Mozilla/5.0 (Linux; Android 5.0) AppleWebKit/537.36 (KHTML, like Gecko) Mobile Safari/537.36 (compatible; Bytespider; https://zhanzhang.toutiao.com/)"
110.249.201.74 - - [07/Jun/2026:00:44:17 +0200] "GET /wp-content/plugins/woocommerce/assets/client/blocks/wc-blocks.css?ver=wc-10.2.2 HTTP/1.1" 200 2673 "https://www.baudefruta.pt/" "Mozilla/5.0 (Linux; Android 5.0) AppleWebKit/537.36 (KHTML, like Gecko) Mobile Safari/537.36 (compatible; Bytespider; https://zhanzhang.toutiao.com/)"
110.249.201.134 - - [07/Jun/2026:00:44:17 +0200] "GET /wp-includes/css/dist/components/style.min.css?ver=6.9.1 HTTP/1.1" 200 14528 "https://www.baudefruta.pt/" "Mozilla/5.0 (Linux; Android 5.0) AppleWebKit/537.36 (KHTML, like Gecko) Mobile Safari/537.36 (compatible; Bytespider; https://zhanzhang.toutiao.com/)"
110.249.201.74 - - [07/Jun/2026:00:44:17 +0200] "GET /wp-content/plugins/woocommerce-products-filter/js/tooltip/css/tooltipster.bundle.min.css?ver=2.2.9.4 HTTP/1.1" 200 1151 "https://www.baudefruta.pt/" "Mozilla/5.0 (Linux; Android 5.0) AppleWebKit/537.36 (KHTML, like Gecko) Mobile Safari/537.36 (compatible; Bytespider; https://zhanzhang.toutiao.com/)"
110.249.201.110 - - [07/Jun/2026:00:44:17 +0200] "GET /wp-content/plugins/custom-page-templates/assets/css/frontend.css?ver=3.1.1 HTTP/1.1" 200 187 "https://www.baudefruta.pt/" "Mozilla/5.0 (Linux; Android 5.0) AppleWebKit/537.36 (KHTML, like Gecko) Mobile Safari/537.36 (compatible; Bytespider; https://zhanzhang.toutiao.com/)"
110.249.201.108 - - [07/Jun/2026:00:44:17 +0200] "GET /wp-content/plugins/custom-page-templates/assets/css/acf-google-maps.css?ver=3.1.1 HTTP/1.1" 200 283 "https://www.baudefruta.pt/" "Mozilla/5.0 (Linux; Android 5.0) AppleWebKit/537.36 (KHTML, like Gecko) Mobile Safari/537.36 (compatible; Bytespider; https://zhanzhang.toutiao.com/)"
110.249.201.83 - - [07/Jun/2026:00:44:17 +0200] "GET /wp-content/plugins/woocommerce/assets/css/brands.css?ver=10.2.2 HTTP/1.1" 200 699 "https://www.baudefruta.pt/" "Mozilla/5.0 (Linux; Android 5.0) AppleWebKit/537.36 (KHTML, like Gecko) Mobile Safari/537.36 (compatible; Bytespider; https://zhanzhang.toutiao.com/)"
110.249.201.10 - - [07/Jun/2026:00:44:17 +0200] "GET /wp-content/plugins/dhvc-form/assets/fonts/font-awesome/css/font-awesome.min.css?ver=4.1.0 HTTP/1.1" 200 4747 "https://www.baudefruta.pt/" "Mozilla/5.0 (Linux; Android 5.0) AppleWebKit/537.36 (KHTML, like Gecko) Mobile Safari/537.36 (compatible; Bytespider; https://zhanzhang.toutiao.com/)"
110.249.201.74 - - [07/Jun/2026:00:44:17 +0200] "GET /wp-includes/js/jquery/jquery.min.js?ver=3.7.1 HTTP/1.1" 200 30646 "https://www.baudefruta.pt/" "Mozilla/5.0 (Linux; Android 5.0) AppleWebKit/537.36 (KHTML, like Gecko) Mobile Safari/537.36 (compatible; Bytespider; https://zhanzhang.toutiao.com/)"
110.249.201.110 - - [07/Jun/2026:00:44:17 +0200] "GET /wp-content/plugins/uncode-js_composer/assets/js/vendors/woocommerce-add-to-cart.js?ver=6.5.0 HTTP/1.1" 200 992 "https://www.baudefruta.pt/" "Mozilla/5.0 (Linux; Android 5.0) AppleWebKit/537.36 (KHTML, like Gecko) Mobile Safari/537.36 (compatible; Bytespider; https://zhanzhang.toutiao.com/)"
110.249.201.10 - - [07/Jun/2026:00:44:17 +0200] "GET /wp-content/plugins/woocommerce/assets/js/sourcebuster/sourcebuster.min.js?ver=10.2.2 HTTP/1.1" 200 4830 "https://www.baudefruta.pt/" "Mozilla/5.0 (Linux; Android 5.0) AppleWebKit/537.36 (KHTML, like Gecko) Mobile Safari/537.36 (compatible; Bytespider; https://zhanzhang.toutiao.com/)"
110.249.201.83 - - [07/Jun/2026:00:44:17 +0200] "GET /wp-content/plugins/woocommerce/assets/js/frontend/order-attribution.min.js?ver=10.2.2 HTTP/1.1" 200 1140 "https://www.baudefruta.pt/" "Mozilla/5.0 (Linux; Android 5.0) AppleWebKit/537.36 (KHTML, like Gecko) Mobile Safari/537.36 (compatible; Bytespider; https://zhanzhang.toutiao.com/)"
110.249.201.110 - - [07/Jun/2026:00:44:18 +0200] "GET /wp-includes/js/mediaelement/mediaelement-migrate.min.js?ver=6.9.1 HTTP/1.1" 200 552 "https://www.baudefruta.pt/" "Mozilla/5.0 (Linux; Android 5.0) AppleWebKit/537.36 (KHTML, like Gecko) Mobile Safari/537.36 (compatible; Bytespider; https://zhanzhang.toutiao.com/)"
110.249.201.10 - - [07/Jun/2026:00:44:18 +0200] "GET /wp-content/plugins/woocommerce-products-filter/js/front.js?ver=2.2.9.4 HTTP/1.1" 200 12289 "https://www.baudefruta.pt/" "Mozilla/5.0 (Linux; Android 5.0) AppleWebKit/537.36 (KHTML, like Gecko) Mobile Safari/537.36 (compatible; Bytespider; https://zhanzhang.toutiao.com/)"
110.249.201.83 - - [07/Jun/2026:00:44:18 +0200] "GET /wp-content/plugins/woocommerce-products-filter/js/tooltip/js/tooltipster.bundle.min.js?ver=2.2.9.4 HTTP/1.1" 200 10234 "https://www.baudefruta.pt/" "Mozilla/5.0 (Linux; Android 5.0) AppleWebKit/537.36 (KHTML, like Gecko) Mobile Safari/537.36 (compatible; Bytespider; https://zhanzhang.toutiao.com/)"
110.249.201.74 - - [07/Jun/2026:00:44:18 +0200] "GET /wp-content/plugins/woocommerce-products-filter/js/html_types/mselect.js?ver=2.2.9.4 HTTP/1.1" 200 740 "https://www.baudefruta.pt/" "Mozilla/5.0 (Linux; Android 5.0) AppleWebKit/537.36 (KHTML, like Gecko) Mobile Safari/537.36 (compatible; Bytespider; https://zhanzhang.toutiao.com/)"
110.249.201.134 - - [07/Jun/2026:00:44:18 +0200] "GET /wp-content/uploads/2021/05/bau_home_seta_drt.png HTTP/1.1" 206 426 "https://www.baudefruta.pt/" "Mozilla/5.0 (Linux; Android 5.0) AppleWebKit/537.36 (KHTML, like Gecko) Mobile Safari/537.36 (compatible; Bytespider; https://zhanzhang.toutiao.com/)"
110.249.201.108 - - [07/Jun/2026:00:44:18 +0200] "GET /wp-content/uploads/2021/10/bau_economico_2-uai-572x381.jpg HTTP/1.1" 206 500 "https://www.baudefruta.pt/" "Mozilla/5.0 (Linux; Android 5.0) AppleWebKit/537.36 (KHTML, like Gecko) Mobile Safari/537.36 (compatible; Bytespider; https://zhanzhang.toutiao.com/)"
110.249.201.74 - - [07/Jun/2026:00:44:18 +0200] "GET /wp-content/uploads/2023/12/BauFruta_narizvermelho_home.png HTTP/1.1" 206 500 "https://www.baudefruta.pt/" "Mozilla/5.0 (Linux; Android 5.0) AppleWebKit/537.36 (KHTML, like Gecko) Mobile Safari/537.36 (compatible; Bytespider; https://zhanzhang.toutiao.com/)"
110.249.201.10 - - [07/Jun/2026:00:44:18 +0200] "GET /wp-content/uploads/2021/07/bau_mb_mbway.svg HTTP/1.1" 206 500 "https://www.baudefruta.pt/" "Mozilla/5.0 (Linux; Android 5.0) AppleWebKit/537.36 (KHTML, like Gecko) Mobile Safari/537.36 (compatible; Bytespider; https://zhanzhang.toutiao.com/)"
110.249.201.110 - - [07/Jun/2026:00:44:18 +0200] "GET /wp-content/uploads/2022/05/gengibre.jpg HTTP/1.1" 206 500 "https://www.baudefruta.pt/" "Mozilla/5.0 (Linux; Android 5.0) AppleWebKit/537.36 (KHTML, like Gecko) Mobile Safari/537.36 (compatible; Bytespider; https://zhanzhang.toutiao.com/)"
110.249.201.83 - - [07/Jun/2026:00:44:18 +0200] "GET /wp-content/uploads/2021/05/bau_livroreclamacoes.svg HTTP/1.1" 206 500 "https://www.baudefruta.pt/" "Mozilla/5.0 (Linux; Android 5.0) AppleWebKit/537.36 (KHTML, like Gecko) Mobile Safari/537.36 (compatible; Bytespider; https://zhanzhang.toutiao.com/)"
110.249.201.74 - - [07/Jun/2026:00:44:18 +0200] "GET /wp-content/uploads/2021/05/bau_fundo_grunge-1.png HTTP/1.1" 206 500 "https://www.baudefruta.pt/" "Mozilla/5.0 (Linux; Android 5.0) AppleWebKit/537.36 (KHTML, like Gecko) Mobile Safari/537.36 (compatible; Bytespider; https://zhanzhang.toutiao.com/)"
110.249.201.108 - - [07/Jun/2026:00:44:18 +0200] "GET /wp-content/uploads/2021/07/bau_fundo_grunge-2.png HTTP/1.1" 206 500 "https://www.baudefruta.pt/" "Mozilla/5.0 (Linux; Android 5.0) AppleWebKit/537.36 (KHTML, like Gecko) Mobile Safari/537.36 (compatible; Bytespider; https://zhanzhang.toutiao.com/)"
110.249.201.10 - - [07/Jun/2026:00:44:18 +0200] "GET /wp-content/uploads/2021/07/bau_mb_mbway.svg HTTP/1.1" 304 0 "https://www.baudefruta.pt/" "Mozilla/5.0 (Linux; Android 5.0) AppleWebKit/537.36 (KHTML, like Gecko) Mobile Safari/537.36 (compatible; Bytespider; https://zhanzhang.toutiao.com/)"
110.249.201.83 - - [07/Jun/2026:00:44:18 +0200] "GET /wp-content/uploads/2021/05/bau_livroreclamacoes.svg HTTP/1.1" 304 0 "https://www.baudefruta.pt/" "Mozilla/5.0 (Linux; Android 5.0) AppleWebKit/537.36 (KHTML, like Gecko) Mobile Safari/537.36 (compatible; Bytespider; https://zhanzhang.toutiao.com/)"
110.249.201.83 - - [07/Jun/2026:00:44:18 +0200] "GET /wp-content/uploads/2021/05/bau_livroreclamacoes.svg HTTP/1.1" 200 2886 "https://www.baudefruta.pt/" "Mozilla/5.0 (Linux; Android 5.0) AppleWebKit/537.36 (KHTML, like Gecko) Mobile Safari/537.36 (compatible; Bytespider; https://zhanzhang.toutiao.com/)"
110.249.201.10 - - [07/Jun/2026:00:44:18 +0200] "GET /wp-content/uploads/2021/07/bau_mb_mbway.svg HTTP/1.1" 200 5318 "https://www.baudefruta.pt/" "Mozilla/5.0 (Linux; Android 5.0) AppleWebKit/537.36 (KHTML, like Gecko) Mobile Safari/537.36 (compatible; Bytespider; https://zhanzhang.toutiao.com/)"
216.73.217.54 - - [07/Jun/2026:00:44:19 +0200] "GET /loja/page/4/?add-to-cart=1132&doing_wp_cron=1780410981.3310050964355468750000&orderby=date HTTP/1.1" 200 66978 "-" "Mozilla/5.0 AppleWebKit/537.36 (KHTML, like Gecko; compatible; ClaudeBot/1.0; +claudebot@anthropic.com)"
216.73.217.54 - - [07/Jun/2026:00:44:23 +0200] "GET /loja/page/10/?doing_wp_cron=1780338056.7367100715637207031250&orderby=date HTTP/1.1" 200 59867 "-" "Mozilla/5.0 AppleWebKit/537.36 (KHTML, like Gecko; compatible; ClaudeBot/1.0; +claudebot@anthropic.com)"
216.73.217.54 - - [07/Jun/2026:00:44:26 +0200] "GET /loja/page/8/?doing_wp_cron=1780356259.9063909053802490234375&orderby=menu_order HTTP/1.1" 200 60357 "-" "Mozilla/5.0 AppleWebKit/537.36 (KHTML, like Gecko; compatible; ClaudeBot/1.0; +claudebot@anthropic.com)"
216.73.217.54 - - [07/Jun/2026:00:44:32 +0200] "GET /loja/?add-to-cart=4227&doing_wp_cron=1780205288.7391169071197509765625&orderby=popularity HTTP/1.1" 200 60797 "-" "Mozilla/5.0 AppleWebKit/537.36 (KHTML, like Gecko; compatible; ClaudeBot/1.0; +claudebot@anthropic.com)"
66.249.79.136 - - [07/Jun/2026:00:44:32 +0200] "GET /categoria-produto/frescos/frutas/?add-to-cart=409 HTTP/1.1" 302 11 "-" "Mozilla/5.0 (Linux; Android 6.0.1; Nexus 5X Build/MMB29P) AppleWebKit/537.36 (KHTML, like Gecko) Chrome/148.0.7778.96 Mobile Safari/537.36 (compatible; Googlebot/2.1; +http://www.google.com/bot.html)"
216.73.217.54 - - [07/Jun/2026:00:44:35 +0200] "GET /loja/page/11/?add-to-cart=901&doing_wp_cron=1780406818.1222550868988037109375&orderby=popularity HTTP/1.1" 200 61342 "-" "Mozilla/5.0 AppleWebKit/537.36 (KHTML, like Gecko; compatible; ClaudeBot/1.0; +claudebot@anthropic.com)"
216.73.217.54 - - [07/Jun/2026:00:44:38 +0200] "GET /loja/?add-to-cart=541&doing_wp_cron=1780345137.3122010231018066406250&orderby=price HTTP/1.1" 200 61523 "-" "Mozilla/5.0 AppleWebKit/537.36 (KHTML, like Gecko; compatible; ClaudeBot/1.0; +claudebot@anthropic.com)"
66.249.79.137 - - [07/Jun/2026:00:44:39 +0200] "GET /categoria-produto/frescos/frutas/?add-to-cart=409&doing_wp_cron=1780785872.6837599277496337890625 HTTP/1.1" 200 60505 "-" "Mozilla/5.0 (Linux; Android 6.0.1; Nexus 5X Build/MMB29P) AppleWebKit/537.36 (KHTML, like Gecko) Chrome/148.0.7778.96 Mobile Safari/537.36 (compatible; Googlebot/2.1; +http://www.google.com/bot.html)"
216.73.217.54 - - [07/Jun/2026:00:44:41 +0200] "GET /loja/page/10/?add-to-cart=2047&doing_wp_cron=1780247694.3308169841766357421875&orderby=date HTTP/1.1" 200 61273 "-" "Mozilla/5.0 AppleWebKit/537.36 (KHTML, like Gecko; compatible; ClaudeBot/1.0; +claudebot@anthropic.com)"
216.73.217.54 - - [07/Jun/2026:00:44:44 +0200] "GET /categoria-produto/mercearia/?add-to-cart=641&doing_wp_cron=1780376541.5817520618438720703125&orderby=popularity HTTP/1.1" 200 62180 "-" "Mozilla/5.0 AppleWebKit/537.36 (KHTML, like Gecko; compatible; ClaudeBot/1.0; +claudebot@anthropic.com)"
114.119.133.26 - - [07/Jun/2026:00:44:44 +0200] "GET /loja/page/6/?doing_wp_cron=1775010276.5968220233917236328125&orderby=popularity HTTP/1.1" 200 60889 "https://www.baudefruta.pt/loja/page/6/?doing_wp_cron=1775010276.5968220233917236328125&orderby=date" "Mozilla/5.0 (Linux; Android 7.0;) AppleWebKit/537.36 (HTML, like Gecko) Mobile Safari/537.36 (compatible; PetalBot;+https://webmaster.petalsearch.com/site/petalbot)"
216.73.217.54 - - [07/Jun/2026:00:44:47 +0200] "GET /loja/page/5/?add-to-cart=788&doing_wp_cron=1780207778.1771409511566162109375&orderby=date HTTP/1.1" 200 62243 "-" "Mozilla/5.0 AppleWebKit/537.36 (KHTML, like Gecko; compatible; ClaudeBot/1.0; +claudebot@anthropic.com)"
216.73.217.54 - - [07/Jun/2026:00:44:50 +0200] "GET /loja/page/10/?add-to-cart=543&doing_wp_cron=1780259951.9076659679412841796875&orderby=popularity HTTP/1.1" 200 62912 "-" "Mozilla/5.0 AppleWebKit/537.36 (KHTML, like Gecko; compatible; ClaudeBot/1.0; +claudebot@anthropic.com)"
66.249.79.136 - - [07/Jun/2026:00:44:52 +0200] "GET /wp-content/themes/uncode/library/css/style.css?ver=1354267481 HTTP/1.1" 200 70140 "https://www.baudefruta.pt/categoria-produto/frescos/frutas/?add-to-cart=409&doing_wp_cron=1780785872.6837599277496337890625" "Mozilla/5.0 (Linux; Android 6.0.1; Nexus 5X Build/MMB29P) AppleWebKit/537.36 (KHTML, like Gecko) Chrome/148.0.7778.96 Mobile Safari/537.36 (compatible; Googlebot/2.1; +http://www.google.com/bot.html)"
66.249.79.136 - - [07/Jun/2026:00:44:52 +0200] "GET /wp-content/themes/baudefruta-un/style.css?ver=1255973777 HTTP/1.1" 200 896 "https://www.baudefruta.pt/categoria-produto/frescos/frutas/?add-to-cart=409&doing_wp_cron=1780785872.6837599277496337890625" "Mozilla/5.0 (Linux; Android 6.0.1; Nexus 5X Build/MMB29P) AppleWebKit/537.36 (KHTML, like Gecko) Chrome/148.0.7778.96 Mobile Safari/537.36 (compatible; Googlebot/2.1; +http://www.google.com/bot.html)"
66.249.79.136 - - [07/Jun/2026:00:44:52 +0200] "GET /wp-content/themes/uncode/library/css/uncode-icons.css?ver=1354267481 HTTP/1.1" 200 12098 "https://www.baudefruta.pt/categoria-produto/frescos/frutas/?add-to-cart=409&doing_wp_cron=1780785872.6837599277496337890625" "Mozilla/5.0 (Linux; Android 6.0.1; Nexus 5X Build/MMB29P) AppleWebKit/537.36 (KHTML, like Gecko) Chrome/148.0.7778.96 Mobile Safari/537.36 (compatible; Googlebot/2.1; +http://www.google.com/bot.html)"
216.73.217.54 - - [07/Jun/2026:00:44:53 +0200] "GET /loja/page/2/?add-to-cart=2042&doing_wp_cron=1780541097.0544409751892089843750&orderby=date HTTP/1.1" 200 62442 "-" "Mozilla/5.0 AppleWebKit/537.36 (KHTML, like Gecko; compatible; ClaudeBot/1.0; +claudebot@anthropic.com)"
66.249.79.136 - - [07/Jun/2026:00:44:54 +0200] "GET /wp-content/themes/uncode/library/js/init.js?ver=1354267481 HTTP/1.1" 200 38505 "https://www.baudefruta.pt/categoria-produto/frescos/frutas/?add-to-cart=409&doing_wp_cron=1780785872.6837599277496337890625" "Mozilla/5.0 (Linux; Android 6.0.1; Nexus 5X Build/MMB29P) AppleWebKit/537.36 (KHTML, like Gecko) Chrome/148.0.7778.96 Mobile Safari/537.36 (compatible; Googlebot/2.1; +http://www.google.com/bot.html)"
216.73.217.54 - - [07/Jun/2026:00:44:56 +0200] "GET /categoria-produto/mercearia/?add-to-cart=788&doing_wp_cron=1780263777.0081369876861572265625&orderby=menu_order HTTP/1.1" 200 62356 "-" "Mozilla/5.0 AppleWebKit/537.36 (KHTML, like Gecko; compatible; ClaudeBot/1.0; +claudebot@anthropic.com)"
66.249.79.136 - - [07/Jun/2026:00:44:57 +0200] "GET /wp-content/themes/uncode/library/css/woocommerce.css?ver=1354267481 HTTP/1.1" 200 20067 "https://www.baudefruta.pt/categoria-produto/frescos/frutas/?add-to-cart=409&doing_wp_cron=1780785872.6837599277496337890625" "Mozilla/5.0 (Linux; Android 6.0.1; Nexus 5X Build/MMB29P) AppleWebKit/537.36 (KHTML, like Gecko) Chrome/148.0.7778.96 Mobile Safari/537.36 (compatible; Googlebot/2.1; +http://www.google.com/bot.html)"
216.73.217.54 - - [07/Jun/2026:00:44:59 +0200] "GET /categoria-produto/mercearia/?add-to-cart=767&doing_wp_cron=1780541036.9238469600677490234375&orderby=menu_order HTTP/1.1" 200 62542 "-" "Mozilla/5.0 AppleWebKit/537.36 (KHTML, like Gecko; compatible; ClaudeBot/1.0; +claudebot@anthropic.com)"
66.249.79.136 - - [07/Jun/2026:00:45:00 +0200] "GET /wp-content/themes/uncode/library/js/app.js?ver=1354267481 HTTP/1.1" 200 41076 "https://www.baudefruta.pt/categoria-produto/frescos/frutas/?add-to-cart=409&doing_wp_cron=1780785872.6837599277496337890625" "Mozilla/5.0 (Linux; Android 6.0.1; Nexus 5X Build/MMB29P) AppleWebKit/537.36 (KHTML, like Gecko) Chrome/148.0.7778.96 Mobile Safari/537.36 (compatible; Googlebot/2.1; +http://www.google.com/bot.html)"
66.249.79.136 - - [07/Jun/2026:00:45:03 +0200] "GET /wp-content/themes/uncode/library/js/plugins.js?ver=1354267481 HTTP/1.1" 200 192557 "https://www.baudefruta.pt/categoria-produto/frescos/frutas/?add-to-cart=409&doing_wp_cron=1780785872.6837599277496337890625" "Mozilla/5.0 (Linux; Android 6.0.1; Nexus 5X Build/MMB29P) AppleWebKit/537.36 (KHTML, like Gecko) Chrome/148.0.7778.96 Mobile Safari/537.36 (compatible; Googlebot/2.1; +http://www.google.com/bot.html)"
216.73.217.54 - - [07/Jun/2026:00:45:03 +0200] "GET /loja/page/5/?add-to-cart=827&doing_wp_cron=1780505801.7622530460357666015625&orderby=date HTTP/1.1" 200 63038 "-" "Mozilla/5.0 AppleWebKit/537.36 (KHTML, like Gecko; compatible; ClaudeBot/1.0; +claudebot@anthropic.com)"
66.249.79.136 - - [07/Jun/2026:00:45:05 +0200] "GET /wp-content/themes/uncode/library/js/woocommerce-uncode.js?ver=1354267481 HTTP/1.1" 200 7190 "https://www.baudefruta.pt/categoria-produto/frescos/frutas/?add-to-cart=409&doing_wp_cron=1780785872.6837599277496337890625" "Mozilla/5.0 (Linux; Android 6.0.1; Nexus 5X Build/MMB29P) AppleWebKit/537.36 (KHTML, like Gecko) Chrome/148.0.7778.96 Mobile Safari/537.36 (compatible; Googlebot/2.1; +http://www.google.com/bot.html)"
216.73.217.54 - - [07/Jun/2026:00:45:08 +0200] "GET /loja/page/8/?add-to-cart=792&doing_wp_cron=1780429669.1116149425506591796875&orderby=popularity HTTP/1.1" 200 63652 "-" "Mozilla/5.0 AppleWebKit/537.36 (KHTML, like Gecko; compatible; ClaudeBot/1.0; +claudebot@anthropic.com)"
216.73.217.54 - - [07/Jun/2026:00:45:11 +0200] "GET /loja/page/7/?add-to-cart=419&doing_wp_cron=1780383836.4200708866119384765625&orderby=popularity HTTP/1.1" 200 63987 "-" "Mozilla/5.0 AppleWebKit/537.36 (KHTML, like Gecko; compatible; ClaudeBot/1.0; +claudebot@anthropic.com)"
216.73.217.54 - - [07/Jun/2026:00:45:16 +0200] "GET /loja/page/2/?add-to-cart=439&doing_wp_cron=1780400178.2150061130523681640625&orderby=menu_order HTTP/1.1" 200 61203 "-" "Mozilla/5.0 AppleWebKit/537.36 (KHTML, like Gecko; compatible; ClaudeBot/1.0; +claudebot@anthropic.com)"
86.179.159.187 - - [07/Jun/2026:00:45:18 +0200] "GET /categoria-produto/mercearia/?add-to-cart=1988&doing_wp_cron=1779787218.1897239685058593750000&orderby=popularity HTTP/1.1" 200 61231 "-" "Mozilla/5.0 (X11; Linux i686; rv:1.9.7.20) Gecko/4956-08-03 05:23:58.198807 Firefox/3.6.3"
216.73.217.54 - - [07/Jun/2026:00:45:18 +0200] "GET /produto/pera-rocha/?add-to-cart=561&doing_wp_cron=1780309377.3491001129150390625000 HTTP/1.1" 200 59401 "-" "Mozilla/5.0 AppleWebKit/537.36 (KHTML, like Gecko; compatible; ClaudeBot/1.0; +claudebot@anthropic.com)"
149.86.135.75 - - [07/Jun/2026:00:45:19 +0200] "GET /categoria-produto/mercearia/page/4/?add-to-cart=751&doing_wp_cron=1779659599.9595029354095458984375&orderby=date HTTP/1.1" 200 60847 "-" "Mozilla/5.0 (Windows NT 10.0; id-ID; rv:1.9.2.20) Gecko/7659-03-22 07:28:00.540436 Firefox/3.8"
216.73.217.54 - - [07/Jun/2026:00:45:21 +0200] "GET /loja/page/10/?doing_wp_cron=1780453197.6138989925384521484375&orderby=price-desc HTTP/1.1" 200 60982 "-" "Mozilla/5.0 AppleWebKit/537.36 (KHTML, like Gecko; compatible; ClaudeBot/1.0; +claudebot@anthropic.com)"
5.0.138.158 - - [07/Jun/2026:00:45:22 +0200] "GET /categoria-produto/mercearia/?add-to-cart=2034&doing_wp_cron=1779200565.6711759567260742187500&orderby=price-desc HTTP/1.1" 200 464770 "-" "Mozilla/5.0 (compatible; MSIE 6.0; Windows NT 5.1; Trident/3.1)"
198.145.106.201 - - [07/Jun/2026:00:45:24 +0200] "GET /wp-content/uploads/2021/06/AL001-alperce-uai-883x883.jpg HTTP/1.1" 200 140499 "-" "Mozilla/5.0 (compatible; crawler)"
216.73.217.54 - - [07/Jun/2026:00:45:24 +0200] "GET /produto/grelos-de-nabo/?add-to-cart=4218&doing_wp_cron=1780544478.3583528995513916015625 HTTP/1.1" 200 59601 "-" "Mozilla/5.0 AppleWebKit/537.36 (KHTML, like Gecko; compatible; ClaudeBot/1.0; +claudebot@anthropic.com)"
216.73.217.54 - - [07/Jun/2026:00:45:27 +0200] "GET /produto/semente-de-chia/?add-to-cart=698&doing_wp_cron=1780453960.5166590213775634765625 HTTP/1.1" 200 59823 "-" "Mozilla/5.0 AppleWebKit/537.36 (KHTML, like Gecko; compatible; ClaudeBot/1.0; +claudebot@anthropic.com)"
216.73.217.54 - - [07/Jun/2026:00:45:30 +0200] "GET /produto/pimento-verde/?add-to-cart=470&doing_wp_cron=1780463738.3957040309906005859375 HTTP/1.1" 200 60131 "-" "Mozilla/5.0 AppleWebKit/537.36 (KHTML, like Gecko; compatible; ClaudeBot/1.0; +claudebot@anthropic.com)"
216.73.217.54 - - [07/Jun/2026:00:45:33 +0200] "GET /produto/endivias/?add-to-cart=879&doing_wp_cron=1780555400.3345460891723632812500 HTTP/1.1" 200 60248 "-" "Mozilla/5.0 AppleWebKit/537.36 (KHTML, like Gecko; compatible; ClaudeBot/1.0; +claudebot@anthropic.com)"
216.73.217.54 - - [07/Jun/2026:00:45:36 +0200] "GET /loja/?add-to-cart=476&doing_wp_cron=1780429678.1482779979705810546875&orderby=menu_order HTTP/1.1" 200 62272 "-" "Mozilla/5.0 AppleWebKit/537.36 (KHTML, like Gecko; compatible; ClaudeBot/1.0; +claudebot@anthropic.com)"
216.73.217.54 - - [07/Jun/2026:00:45:39 +0200] "GET /loja/?add-to-cart=538&doing_wp_cron=1780207778.1771409511566162109375&orderby=menu_order HTTP/1.1" 200 62440 "-" "Mozilla/5.0 AppleWebKit/537.36 (KHTML, like Gecko; compatible; ClaudeBot/1.0; +claudebot@anthropic.com)"
216.73.217.54 - - [07/Jun/2026:00:45:42 +0200] "GET /produto/grelos-de-nabo/?add-to-cart=3519&doing_wp_cron=1780544478.3583528995513916015625 HTTP/1.1" 200 60841 "-" "Mozilla/5.0 AppleWebKit/537.36 (KHTML, like Gecko; compatible; ClaudeBot/1.0; +claudebot@anthropic.com)"
216.73.217.54 - - [07/Jun/2026:00:45:45 +0200] "GET /loja/?add-to-cart=4328&doing_wp_cron=1780490103.7011010646820068359375&orderby=date HTTP/1.1" 200 62853 "-" "Mozilla/5.0 AppleWebKit/537.36 (KHTML, like Gecko; compatible; ClaudeBot/1.0; +claudebot@anthropic.com)"
216.73.217.54 - - [07/Jun/2026:00:45:48 +0200] "GET /loja/?add-to-cart=4232&doing_wp_cron=1780471578.9829709529876708984375&orderby=popularity HTTP/1.1" 200 62986 "-" "Mozilla/5.0 AppleWebKit/537.36 (KHTML, like Gecko; compatible; ClaudeBot/1.0; +claudebot@anthropic.com)"
216.73.217.54 - - [07/Jun/2026:00:45:51 +0200] "GET /categoria-produto/mercearia/?doing_wp_cron=1780640348.5555379390716552734375&orderby=price HTTP/1.1" 200 62846 "-" "Mozilla/5.0 AppleWebKit/537.36 (KHTML, like Gecko; compatible; ClaudeBot/1.0; +claudebot@anthropic.com)"
121.200.216.37 - - [07/Jun/2026:00:45:51 +0200] "GET /2021/05/11/ola-mundo/ HTTP/1.1" 200 1154570 "-" "Mozilla/5.0 (X11; Linux x86_64) AppleWebKit/537.36 (KHTML, like Gecko) Chrome/114.0.0.0 Safari/537.36"
52.167.144.193 - - [07/Jun/2026:00:45:53 +0200] "GET /loja/page/3/?orderby=popularity&doing_wp_cron=1764393462.8002889156341552734375 HTTP/1.1" 200 60484 "-" "Mozilla/5.0 AppleWebKit/537.36 (KHTML, like Gecko; compatible; bingbot/2.0; +http://www.bing.com/bingbot.htm) Chrome/116.0.1938.76 Safari/537.36"
216.73.217.54 - - [07/Jun/2026:00:45:54 +0200] "GET /loja/?add-to-cart=2015&doing_wp_cron=1780259424.5276329517364501953125&orderby=popularity HTTP/1.1" 200 63181 "-" "Mozilla/5.0 AppleWebKit/537.36 (KHTML, like Gecko; compatible; ClaudeBot/1.0; +claudebot@anthropic.com)"
216.73.217.54 - - [07/Jun/2026:00:45:57 +0200] "GET /produto/melao-verde/?add-to-cart=421&doing_wp_cron=1780222508.3646550178527832031250 HTTP/1.1" 200 61820 "-" "Mozilla/5.0 AppleWebKit/537.36 (KHTML, like Gecko; compatible; ClaudeBot/1.0; +claudebot@anthropic.com)"
216.73.217.54 - - [07/Jun/2026:00:46:00 +0200] "GET /loja/?add-to-cart=691&doing_wp_cron=1780345137.3122010231018066406250&orderby=menu_order HTTP/1.1" 200 63706 "-" "Mozilla/5.0 AppleWebKit/537.36 (KHTML, like Gecko; compatible; ClaudeBot/1.0; +claudebot@anthropic.com)"
52.167.144.193 - - [07/Jun/2026:00:46:02 +0200] "GET /loja/page/8/?doing_wp_cron=1766349688.0264821052551269531250&orderby=date HTTP/1.1" 200 60181 "-" "Mozilla/5.0 AppleWebKit/537.36 (KHTML, like Gecko; compatible; bingbot/2.0; +http://www.bing.com/bingbot.htm) Chrome/116.0.1938.76 Safari/537.36"
216.73.217.54 - - [07/Jun/2026:00:46:03 +0200] "GET /produto/groselha/?add-to-cart=610&doing_wp_cron=1780434261.4710710048675537109375 HTTP/1.1" 200 61980 "-" "Mozilla/5.0 AppleWebKit/537.36 (KHTML, like Gecko; compatible; ClaudeBot/1.0; +claudebot@anthropic.com)"
89.124.117.23 - - [07/Jun/2026:00:46:03 +0200] "GET /2021/05/11/ola-mundo/ HTTP/1.0" 200 8887853 "https://www.baudefruta.pt/2021/05/11/ola-mundo/" "Mozilla/5.0 (Windows NT 10.0; Win64; x64) AppleWebKit/537.36 (KHTML, like Gecko) Chrome/131.0.0.0 Safari/537.36 Avast/131.0.0.0"
75.119.139.177 - - [07/Jun/2026:00:46:05 +0200] "GET /sitemap.xml HTTP/1.1" 302 11 "-" "WordPress/6.9.1; https://www.baudefruta.pt"
75.119.139.177 - - [07/Jun/2026:00:46:05 +0200] "GET /sitemap.xml?doing_wp_cron=1780785965.1598379611968994140625 HTTP/1.1" 404 53267 "-" "WordPress/6.9.1; https://www.baudefruta.pt"
216.73.217.54 - - [07/Jun/2026:00:46:06 +0200] "GET /produto/melao-verde/?add-to-cart=500&doing_wp_cron=1780392417.3795850276947021484375 HTTP/1.1" 200 62365 "-" "Mozilla/5.0 AppleWebKit/537.36 (KHTML, like Gecko; compatible; ClaudeBot/1.0; +claudebot@anthropic.com)"
114.119.150.140 - - [07/Jun/2026:00:46:08 +0200] "GET /loja/page/6/?doing_wp_cron=1771863875.9367530345916748046875&orderby=price-desc HTTP/1.1" 200 60789 "https://www.baudefruta.pt/loja/page/6/?doing_wp_cron=1771863875.9367530345916748046875&orderby=price" "Mozilla/5.0 (Linux; Android 7.0;) AppleWebKit/537.36 (HTML, like Gecko) Mobile Safari/537.36 (compatible; PetalBot;+https://webmaster.petalsearch.com/site/petalbot)"
89.124.117.23 - - [07/Jun/2026:00:46:09 +0200] "POST /wp-comments-post.php HTTP/1.0" 302 0 "https://www.baudefruta.pt/2021/05/11/ola-mundo/" "Mozilla/5.0 (Windows NT 10.0; Win64; x64) AppleWebKit/537.36 (KHTML, like Gecko) Chrome/131.0.0.0 Safari/537.36 Avast/131.0.0.0"
89.124.117.23 - - [07/Jun/2026:00:46:09 +0200] "GET /2021/05/11/ola-mundo/ HTTP/1.0" 302 1 "https://www.baudefruta.pt/2021/05/11/ola-mundo/#comment-68897" "Mozilla/5.0 (Windows NT 10.0; Win64; x64) AppleWebKit/537.36 (KHTML, like Gecko) Chrome/131.0.0.0 Safari/537.36 Avast/131.0.0.0"
216.73.217.54 - - [07/Jun/2026:00:46:09 +0200] "GET /loja/?add-to-cart=4227&doing_wp_cron=1780407018.5904660224914550781250&orderby=menu_order HTTP/1.1" 200 64286 "-" "Mozilla/5.0 AppleWebKit/537.36 (KHTML, like Gecko; compatible; ClaudeBot/1.0; +claudebot@anthropic.com)"
216.73.217.54 - - [07/Jun/2026:00:46:12 +0200] "GET /loja/?add-to-cart=452&doing_wp_cron=1780393280.3025689125061035156250&orderby=menu_order HTTP/1.1" 200 64404 "-" "Mozilla/5.0 AppleWebKit/537.36 (KHTML, like Gecko; compatible; ClaudeBot/1.0; +claudebot@anthropic.com)"
89.124.117.23 - - [07/Jun/2026:00:46:14 +0200] "GET /2021/05/11/ola-mundo/?doing_wp_cron=1780785969.8442549705505371093750 HTTP/1.0" 200 196063 "https://www.baudefruta.pt/?doing_wp_cron=1780785969.8442549705505371093750" "Mozilla/5.0 (Windows NT 10.0; Win64; x64) AppleWebKit/537.36 (KHTML, like Gecko) Chrome/131.0.0.0 Safari/537.36 Avast/131.0.0.0"
216.73.217.54 - - [07/Jun/2026:00:46:15 +0200] "GET /produto/semente-de-chia/?add-to-cart=725&doing_wp_cron=1780551080.9661068916320800781250 HTTP/1.1" 200 62891 "-" "Mozilla/5.0 AppleWebKit/537.36 (KHTML, like Gecko; compatible; ClaudeBot/1.0; +claudebot@anthropic.com)"
216.73.217.54 - - [07/Jun/2026:00:46:19 +0200] "GET /loja/?add-to-cart=589&doing_wp_cron=1780406818.1222550868988037109375&orderby=menu_order HTTP/1.1" 200 60904 "-" "Mozilla/5.0 AppleWebKit/537.36 (KHTML, like Gecko; compatible; ClaudeBot/1.0; +claudebot@anthropic.com)"
216.73.217.54 - - [07/Jun/2026:00:46:21 +0200] "GET /loja/page/5/?add-to-cart=895&doing_wp_cron=1780400178.2150061130523681640625&orderby=menu_order HTTP/1.1" 200 61294 "-" "Mozilla/5.0 AppleWebKit/537.36 (KHTML, like Gecko; compatible; ClaudeBot/1.0; +claudebot@anthropic.com)"
216.73.217.54 - - [07/Jun/2026:00:46:24 +0200] "GET /produto/alface-aromatica-125gr/?add-to-cart=535&doing_wp_cron=1780514697.2017428874969482421875 HTTP/1.1" 200 59581 "-" "Mozilla/5.0 AppleWebKit/537.36 (KHTML, like Gecko; compatible; ClaudeBot/1.0; +claudebot@anthropic.com)"
216.73.217.54 - - [07/Jun/2026:00:46:28 +0200] "GET /loja/?add-to-cart=1540&doing_wp_cron=1780494314.2484500408172607421875&orderby=menu_order HTTP/1.1" 200 61617 "-" "Mozilla/5.0 AppleWebKit/537.36 (KHTML, like Gecko; compatible; ClaudeBot/1.0; +claudebot@anthropic.com)"
216.73.217.54 - - [07/Jun/2026:00:46:30 +0200] "GET /produto/amendoim-mel-e-sal/?add-to-cart=2033&doing_wp_cron=1780464680.4078578948974609375000 HTTP/1.1" 200 60131 "-" "Mozilla/5.0 AppleWebKit/537.36 (KHTML, like Gecko; compatible; ClaudeBot/1.0; +claudebot@anthropic.com)"
57.141.20.60 - - [07/Jun/2026:00:46:33 +0200] "GET /product-sitemap2.xml?doing_wp_cron=1766454490.3125410079956054687500 HTTP/1.1" 200 8350 "-" "meta-externalagent/1.1 (+https://developers.facebook.com/docs/sharing/webmasters/crawler)"
216.73.217.54 - - [07/Jun/2026:00:46:34 +0200] "GET /loja/page/8/?add-to-cart=1996&doing_wp_cron=1780580396.5920960903167724609375&orderby=popularity HTTP/1.1" 200 62695 "-" "Mozilla/5.0 AppleWebKit/537.36 (KHTML, like Gecko; compatible; ClaudeBot/1.0; +claudebot@anthropic.com)"
216.73.217.54 - - [07/Jun/2026:00:46:37 +0200] "GET /produto/endivias/?add-to-cart=610&doing_wp_cron=1780486458.9717268943786621093750 HTTP/1.1" 200 60588 "-" "Mozilla/5.0 AppleWebKit/537.36 (KHTML, like Gecko; compatible; ClaudeBot/1.0; +claudebot@anthropic.com)"
216.73.217.54 - - [07/Jun/2026:00:46:40 +0200] "GET /produto/endivias/?add-to-cart=441&doing_wp_cron=1780514757.4421679973602294921875 HTTP/1.1" 200 60578 "-" "Mozilla/5.0 AppleWebKit/537.36 (KHTML, like Gecko; compatible; ClaudeBot/1.0; +claudebot@anthropic.com)"
216.73.217.54 - - [07/Jun/2026:00:46:43 +0200] "GET /produto/pimento-verde/?add-to-cart=4234&doing_wp_cron=1780463738.3957040309906005859375 HTTP/1.1" 200 60803 "-" "Mozilla/5.0 AppleWebKit/537.36 (KHTML, like Gecko; compatible; ClaudeBot/1.0; +claudebot@anthropic.com)"
46.8.222.138 - - [07/Jun/2026:00:46:43 +0200] "GET /2021/05/11/ola-mundo/ HTTP/1.1" 302 102 "-" "Mozilla/5.0 (compatible; Googlebot/2.1; +http://www.google.com/bot.html)"
216.73.217.54 - - [07/Jun/2026:00:46:46 +0200] "GET /produto/figo-seco-com-farinha/?add-to-cart=889&doing_wp_cron=1780438399.6846320629119873046875 HTTP/1.1" 200 61128 "-" "Mozilla/5.0 AppleWebKit/537.36 (KHTML, like Gecko; compatible; ClaudeBot/1.0; +claudebot@anthropic.com)"
46.8.222.138 - - [07/Jun/2026:00:46:49 +0200] "GET /2021/05/11/ola-mundo/?doing_wp_cron=1780786003.6649711132049560546875 HTTP/1.1" 200 1154849 "https://www.baudefruta.pt/2021/05/11/ola-mundo/" "Mozilla/5.0 (compatible; Googlebot/2.1; +http://www.google.com/bot.html)"
216.73.217.54 - - [07/Jun/2026:00:46:49 +0200] "GET /loja/?add-to-cart=4226&doing_wp_cron=1780494319.6479558944702148437500&orderby=date HTTP/1.1" 200 63103 "-" "Mozilla/5.0 AppleWebKit/537.36 (KHTML, like Gecko; compatible; ClaudeBot/1.0; +claudebot@anthropic.com)"
91.92.242.223 - - [07/Jun/2026:00:46:50 +0200] "POST /wp-login.php?action=register HTTP/1.1" 403 146 "-" "-"
216.73.217.54 - - [07/Jun/2026:00:46:52 +0200] "GET /produto/endivias/?add-to-cart=528&doing_wp_cron=1780514757.4421679973602294921875 HTTP/1.1" 200 61605 "-" "Mozilla/5.0 AppleWebKit/537.36 (KHTML, like Gecko; compatible; ClaudeBot/1.0; +claudebot@anthropic.com)"
216.73.217.54 - - [07/Jun/2026:00:46:55 +0200] "GET /loja/?add-to-cart=1539&doing_wp_cron=1780462878.7975680828094482421875&orderby=popularity HTTP/1.1" 200 63327 "-" "Mozilla/5.0 AppleWebKit/537.36 (KHTML, like Gecko; compatible; ClaudeBot/1.0; +claudebot@anthropic.com)"
216.73.217.54 - - [07/Jun/2026:00:46:58 +0200] "GET /loja/?add-to-cart=502&doing_wp_cron=1780388658.8284630775451660156250&orderby=menu_order HTTP/1.1" 200 63596 "-" "Mozilla/5.0 AppleWebKit/537.36 (KHTML, like Gecko; compatible; ClaudeBot/1.0; +claudebot@anthropic.com)"
216.73.217.54 - - [07/Jun/2026:00:47:01 +0200] "GET /produto/endivias/?add-to-cart=478&doing_wp_cron=1780514757.4421679973602294921875 HTTP/1.1" 200 62101 "-" "Mozilla/5.0 AppleWebKit/537.36 (KHTML, like Gecko; compatible; ClaudeBot/1.0; +claudebot@anthropic.com)"
216.73.217.54 - - [07/Jun/2026:00:47:04 +0200] "GET /produto/pimento-verde/?add-to-cart=4222&doing_wp_cron=1780463738.3957040309906005859375 HTTP/1.1" 200 62237 "-" "Mozilla/5.0 AppleWebKit/537.36 (KHTML, like Gecko; compatible; ClaudeBot/1.0; +claudebot@anthropic.com)"
216.73.217.54 - - [07/Jun/2026:00:47:07 +0200] "GET /categoria-produto/mercearia/?add-to-cart=1983&doing_wp_cron=1780580997.0444529056549072265625&orderby=menu_order HTTP/1.1" 200 64087 "-" "Mozilla/5.0 AppleWebKit/537.36 (KHTML, like Gecko; compatible; ClaudeBot/1.0; +claudebot@anthropic.com)"
216.73.217.54 - - [07/Jun/2026:00:47:10 +0200] "GET /loja/?add-to-cart=4331&doing_wp_cron=1780424420.1912429332733154296875&orderby=menu_order HTTP/1.1" 200 64370 "-" "Mozilla/5.0 AppleWebKit/537.36 (KHTML, like Gecko; compatible; ClaudeBot/1.0; +claudebot@anthropic.com)"
216.73.217.54 - - [07/Jun/2026:00:47:13 +0200] "GET /loja/?add-to-cart=526&doing_wp_cron=1780438640.8086369037628173828125&orderby=menu_order HTTP/1.1" 200 64547 "-" "Mozilla/5.0 AppleWebKit/537.36 (KHTML, like Gecko; compatible; ClaudeBot/1.0; +claudebot@anthropic.com)"
216.73.217.54 - - [07/Jun/2026:00:47:16 +0200] "GET /produto/melao-verde/?add-to-cart=4227&doing_wp_cron=1780323777.5646409988403320312500 HTTP/1.1" 200 63076 "-" "Mozilla/5.0 AppleWebKit/537.36 (KHTML, like Gecko; compatible; ClaudeBot/1.0; +claudebot@anthropic.com)"
216.73.217.54 - - [07/Jun/2026:00:47:19 +0200] "GET /produto/endivias/?add-to-cart=1681&doing_wp_cron=1780454059.2328569889068603515625 HTTP/1.1" 200 63311 "-" "Mozilla/5.0 AppleWebKit/537.36 (KHTML, like Gecko; compatible; ClaudeBot/1.0; +claudebot@anthropic.com)"
91.92.242.223 - - [07/Jun/2026:00:47:21 +0200] "POST /wp-login.php?action=register HTTP/1.1" 403 146 "-" "-"
216.73.217.54 - - [07/Jun/2026:00:47:22 +0200] "GET /loja/?add-to-cart=4236&doing_wp_cron=1780521299.4223439693450927734375&orderby=date HTTP/1.1" 200 65177 "-" "Mozilla/5.0 AppleWebKit/537.36 (KHTML, like Gecko; compatible; ClaudeBot/1.0; +claudebot@anthropic.com)"
216.73.217.54 - - [07/Jun/2026:00:47:27 +0200] "GET /loja/page/7/?add-to-cart=697&doing_wp_cron=1780490103.7011010646820068359375&orderby=menu_order HTTP/1.1" 200 61235 "-" "Mozilla/5.0 AppleWebKit/537.36 (KHTML, like Gecko; compatible; ClaudeBot/1.0; +claudebot@anthropic.com)"
43.135.107.74 - - [07/Jun/2026:00:47:28 +0200] "GET /produto/cebolinho-100gr HTTP/1.1" 302 102 "-" "Mozilla/5.0 (Windows NT 10.0; Win64; x64; rv:123.0) Gecko/20100101 Firefox/123.0"
43.135.107.74 - - [07/Jun/2026:00:47:29 +0200] "GET /produto/cebolinho-100gr?doing_wp_cron=1780786048.5898330211639404296875 HTTP/1.1" 301 5 "-" "Mozilla/5.0 (Windows NT 10.0; Win64; x64; rv:123.0) Gecko/20100101 Firefox/123.0"
138.99.135.32 - - [07/Jun/2026:00:47:29 +0200] "GET /categoria-produto/mercearia/?add-to-cart=2047&doing_wp_cron=1779632458.4293599128723144531250&orderby=date HTTP/1.1" 200 60654 "-" "Mozilla/5.0 (iPhone; CPU iPhone OS 10_3_3 like Mac OS X) AppleWebKit/534.2 (KHTML, like Gecko) FxiOS/9.2x6089.0 Mobile/30I042 Safari/534.2"
216.73.217.54 - - [07/Jun/2026:00:47:30 +0200] "GET /loja/page/2/?add-to-cart=2042&doing_wp_cron=1780552196.7174270153045654296875&orderby=menu_order HTTP/1.1" 200 61476 "-" "Mozilla/5.0 AppleWebKit/537.36 (KHTML, like Gecko; compatible; ClaudeBot/1.0; +claudebot@anthropic.com)"
64.31.25.250 - - [07/Jun/2026:00:47:30 +0200] "GET /wp-login.php HTTP/1.1" 200 51437 "-" "Mozilla/5.0 (X11; Fedora; Linux x86_64) AppleWebKit/537.36 (KHTML, like Gecko) Chrome/133.0.0.0 Safari/537.36"
43.135.107.74 - - [07/Jun/2026:00:47:30 +0200] "GET /produto/cebolinho-100gr/?doing_wp_cron=1780786048.5898330211639404296875 HTTP/1.1" 200 57666 "-" "Mozilla/5.0 (Windows NT 10.0; Win64; x64; rv:123.0) Gecko/20100101 Firefox/123.0"
114.119.132.173 - - [07/Jun/2026:00:47:32 +0200] "GET /loja/page/6/?doing_wp_cron=1771863875.9367530345916748046875&orderby=price HTTP/1.1" 200 60711 "https://www.baudefruta.pt/loja/page/6/?doing_wp_cron=1771863875.9367530345916748046875&orderby=price" "Mozilla/5.0 (Linux; Android 7.0;) AppleWebKit/537.36 (HTML, like Gecko) Mobile Safari/537.36 (compatible; PetalBot;+https://webmaster.petalsearch.com/site/petalbot)"
64.31.25.250 - - [07/Jun/2026:00:47:32 +0200] "POST /wp-login.php HTTP/1.1" 405 552 "https://baudefruta.pt/wp-login.php" "Mozilla/5.0 (X11; Fedora; Linux x86_64) AppleWebKit/537.36 (KHTML, like Gecko) Chrome/133.0.0.0 Safari/537.36"
216.73.217.54 - - [07/Jun/2026:00:47:33 +0200] "GET /loja/page/2/?add-to-cart=2015&doing_wp_cron=1780712528.4456300735473632812500&orderby=menu_order HTTP/1.1" 200 61672 "-" "Mozilla/5.0 AppleWebKit/537.36 (KHTML, like Gecko; compatible; ClaudeBot/1.0; +claudebot@anthropic.com)"
216.73.217.54 - - [07/Jun/2026:00:47:36 +0200] "GET /loja/page/2/?add-to-cart=552&doing_wp_cron=1780326079.0621399879455566406250&orderby=popularity HTTP/1.1" 200 61044 "-" "Mozilla/5.0 AppleWebKit/537.36 (KHTML, like Gecko; compatible; ClaudeBot/1.0; +claudebot@anthropic.com)"
57.141.20.2 - - [07/Jun/2026:00:47:39 +0200] "GET /page-sitemap.xml?doing_wp_cron=1765855120.5877840518951416015625 HTTP/1.1" 200 5566 "-" "meta-externalagent/1.1 (+https://developers.facebook.com/docs/sharing/webmasters/crawler)"
216.73.217.54 - - [07/Jun/2026:00:47:39 +0200] "GET /loja/?add-to-cart=1681&doing_wp_cron=1780411016.8694920539855957031250&orderby=menu_order HTTP/1.1" 200 61096 "-" "Mozilla/5.0 AppleWebKit/537.36 (KHTML, like Gecko; compatible; ClaudeBot/1.0; +claudebot@anthropic.com)"
216.73.217.54 - - [07/Jun/2026:00:47:42 +0200] "GET /loja/page/7/?add-to-cart=2033&doing_wp_cron=1780247694.3308169841766357421875&orderby=popularity HTTP/1.1" 200 62060 "-" "Mozilla/5.0 AppleWebKit/537.36 (KHTML, like Gecko; compatible; ClaudeBot/1.0; +claudebot@anthropic.com)"
216.73.217.54 - - [07/Jun/2026:00:47:45 +0200] "GET /loja/page/10/?add-to-cart=2014&doing_wp_cron=1780462878.7975680828094482421875&orderby=popularity HTTP/1.1" 200 62207 "-" "Mozilla/5.0 AppleWebKit/537.36 (KHTML, like Gecko; compatible; ClaudeBot/1.0; +claudebot@anthropic.com)"
216.73.217.54 - - [07/Jun/2026:00:47:49 +0200] "GET /loja/page/9/?add-to-cart=737&doing_wp_cron=1780066683.4503800868988037109375&orderby=menu_order HTTP/1.1" 200 61940 "-" "Mozilla/5.0 AppleWebKit/537.36 (KHTML, like Gecko; compatible; ClaudeBot/1.0; +claudebot@anthropic.com)"
216.73.217.54 - - [07/Jun/2026:00:47:51 +0200] "GET /loja/page/8/?add-to-cart=470&doing_wp_cron=1780545559.8994989395141601562500&orderby=menu_order HTTP/1.1" 200 62096 "-" "Mozilla/5.0 AppleWebKit/537.36 (KHTML, like Gecko; compatible; ClaudeBot/1.0; +claudebot@anthropic.com)"
216.73.217.54 - - [07/Jun/2026:00:47:54 +0200] "GET /produto/figo-seco-sem-farinha/?add-to-cart=699&doing_wp_cron=1780551178.6508100032806396484375 HTTP/1.1" 200 60453 "-" "Mozilla/5.0 AppleWebKit/537.36 (KHTML, like Gecko; compatible; ClaudeBot/1.0; +claudebot@anthropic.com)"
216.73.217.54 - - [07/Jun/2026:00:47:57 +0200] "GET /loja/page/2/?add-to-cart=513&doing_wp_cron=1780398917.1266179084777832031250&orderby=popularity HTTP/1.1" 200 62532 "-" "Mozilla/5.0 AppleWebKit/537.36 (KHTML, like Gecko; compatible; ClaudeBot/1.0; +claudebot@anthropic.com)"
