85.246.85.173 - - [07/Jun/2026:00:09:42 +0200] "GET /wp-content/uploads/2021/07/bau_fundo_grunge-2.png HTTP/1.1" 200 69186 "https://www.baudefruta.pt/?utm_medium=paid&utm_source=ig&utm_id=120245538772870644&utm_content=120245538772890644&utm_term=120245538772880644&utm_campaign=120245538772870644&fbclid=PAZXh0bgNhZW0BMABhZGlkAasyrjbZ70RzcnRjBmFwcF9pZA8xMjQwMjQ1NzQyODc0MTQAAad3cqDX0Lu93IoR682Mh2HaESqEawMHSUk4PsGqyqq-R_btq0KESU0zjEmKhQ_aem_Hepo2cKw5XgMmMQ6xY4Tbw" "Mozilla/5.0 (iPhone; CPU iPhone OS 26_5 like Mac OS X) AppleWebKit/605.1.15 (KHTML, like Gecko) Mobile/23F77 Instagram 432.0.0.27.62 (iPhone16,2; iOS 26_5; pt_PT; pt-PT; scale=3.00; 1290x2796; IABMV/1; 983743279) NW/7 Safari/604.1"
85.246.85.173 - - [07/Jun/2026:00:09:42 +0200] "GET /wp-content/uploads/2021/05/bau_fundo_grunge-1.png HTTP/1.1" 200 108052 "https://www.baudefruta.pt/?utm_medium=paid&utm_source=ig&utm_id=120245538772870644&utm_content=120245538772890644&utm_term=120245538772880644&utm_campaign=120245538772870644&fbclid=PAZXh0bgNhZW0BMABhZGlkAasyrjbZ70RzcnRjBmFwcF9pZA8xMjQwMjQ1NzQyODc0MTQAAad3cqDX0Lu93IoR682Mh2HaESqEawMHSUk4PsGqyqq-R_btq0KESU0zjEmKhQ_aem_Hepo2cKw5XgMmMQ6xY4Tbw" "Mozilla/5.0 (iPhone; CPU iPhone OS 26_5 like Mac OS X) AppleWebKit/605.1.15 (KHTML, like Gecko) Mobile/23F77 Instagram 432.0.0.27.62 (iPhone16,2; iOS 26_5; pt_PT; pt-PT; scale=3.00; 1290x2796; IABMV/1; 983743279) NW/7 Safari/604.1"
216.73.217.54 - - [07/Jun/2026:00:09:42 +0200] "GET /loja/page/10/?doing_wp_cron=1780453183.1994099617004394531250&orderby=popularity HTTP/1.1" 200 60906 "-" "Mozilla/5.0 AppleWebKit/537.36 (KHTML, like Gecko; compatible; ClaudeBot/1.0; +claudebot@anthropic.com)"
94.154.239.69 - - [07/Jun/2026:00:09:43 +0200] "GET /categoria-produto/frescos/?add-to-cart=433&orderby=menu_order&doing_wp_cron=1780648776.8648409843444824218750 HTTP/1.1" 200 60614 "-" "Mozilla/5.0 (compatible; MJ12bot/v1.4.8; http://mj12bot.com/)"
216.73.217.54 - - [07/Jun/2026:00:09:45 +0200] "GET /loja/page/8/?doing_wp_cron=1780521228.9134140014648437500000&orderby=date HTTP/1.1" 200 60179 "-" "Mozilla/5.0 AppleWebKit/537.36 (KHTML, like Gecko; compatible; ClaudeBot/1.0; +claudebot@anthropic.com)"
216.73.217.54 - - [07/Jun/2026:00:09:48 +0200] "GET /loja/page/9/?doing_wp_cron=1780464358.8749949932098388671875&orderby=popularity HTTP/1.1" 200 60850 "-" "Mozilla/5.0 AppleWebKit/537.36 (KHTML, like Gecko; compatible; ClaudeBot/1.0; +claudebot@anthropic.com)"
94.154.239.69 - - [07/Jun/2026:00:09:49 +0200] "GET /categoria-produto/frescos/?add-to-cart=433&orderby=price&doing_wp_cron=1780641151.2708849906921386718750 HTTP/1.1" 200 60622 "-" "Mozilla/5.0 (compatible; MJ12bot/v1.4.8; http://mj12bot.com/)"
216.73.217.54 - - [07/Jun/2026:00:09:51 +0200] "GET /loja/page/9/?doing_wp_cron=1780695438.3277990818023681640625&orderby=menu_order HTTP/1.1" 200 60427 "-" "Mozilla/5.0 AppleWebKit/537.36 (KHTML, like Gecko; compatible; ClaudeBot/1.0; +claudebot@anthropic.com)"
47.128.43.0 - - [07/Jun/2026:00:09:52 +0200] "GET /loja/page/7/?doing_wp_cron=1779868575.9476199150085449218750&orderby=menu_order HTTP/1.1" 200 60457 "-" "Mozilla/5.0 (Linux; Android 5.0) AppleWebKit/537.36 (KHTML, like Gecko) Mobile Safari/537.36 (compatible; Bytespider; spider-feedback@bytedance.com)"
47.128.43.0 - - [07/Jun/2026:00:09:53 +0200] "GET /wp-content/uploads/2021/07/bau_mb_mbway.svg HTTP/1.1" 206 500 "https://www.baudefruta.pt/loja/page/7/?doing_wp_cron=1779868575.9476199150085449218750&orderby=menu_order" "Mozilla/5.0 (Linux; Android 5.0) AppleWebKit/537.36 (KHTML, like Gecko) Mobile Safari/537.36 (compatible; Bytespider; spider-feedback@bytedance.com)"
47.128.43.0 - - [07/Jun/2026:00:09:53 +0200] "GET /wp-content/uploads/2021/07/bau_mb_mbway.svg HTTP/1.1" 304 0 "https://www.baudefruta.pt/loja/page/7/?doing_wp_cron=1779868575.9476199150085449218750&orderby=menu_order" "Mozilla/5.0 (Linux; Android 5.0) AppleWebKit/537.36 (KHTML, like Gecko) Mobile Safari/537.36 (compatible; Bytespider; spider-feedback@bytedance.com)"
47.128.43.0 - - [07/Jun/2026:00:09:54 +0200] "GET /wp-content/uploads/2021/05/bau_livroreclamacoes.svg HTTP/1.1" 206 500 "https://www.baudefruta.pt/loja/page/7/?doing_wp_cron=1779868575.9476199150085449218750&orderby=menu_order" "Mozilla/5.0 (Linux; Android 5.0) AppleWebKit/537.36 (KHTML, like Gecko) Mobile Safari/537.36 (compatible; Bytespider; spider-feedback@bytedance.com)"
47.128.43.0 - - [07/Jun/2026:00:09:54 +0200] "GET /wp-content/uploads/2021/07/bau_mb_mbway.svg HTTP/1.1" 200 5318 "https://www.baudefruta.pt/loja/page/7/?doing_wp_cron=1779868575.9476199150085449218750&orderby=menu_order" "Mozilla/5.0 (Linux; Android 5.0) AppleWebKit/537.36 (KHTML, like Gecko) Mobile Safari/537.36 (compatible; Bytespider; spider-feedback@bytedance.com)"
216.73.217.54 - - [07/Jun/2026:00:09:54 +0200] "GET /loja/page/11/?doing_wp_cron=1780644560.4002819061279296875000&orderby=date HTTP/1.1" 200 59401 "-" "Mozilla/5.0 AppleWebKit/537.36 (KHTML, like Gecko; compatible; ClaudeBot/1.0; +claudebot@anthropic.com)"
47.128.43.0 - - [07/Jun/2026:00:09:54 +0200] "GET /wp-content/uploads/2021/05/bau_livroreclamacoes.svg HTTP/1.1" 304 0 "https://www.baudefruta.pt/loja/page/7/?doing_wp_cron=1779868575.9476199150085449218750&orderby=menu_order" "Mozilla/5.0 (Linux; Android 5.0) AppleWebKit/537.36 (KHTML, like Gecko) Mobile Safari/537.36 (compatible; Bytespider; spider-feedback@bytedance.com)"
94.154.239.69 - - [07/Jun/2026:00:09:55 +0200] "GET /categoria-produto/frescos/?add-to-cart=433&orderby=price&doing_wp_cron=1780648776.8648409843444824218750 HTTP/1.1" 200 60622 "-" "Mozilla/5.0 (compatible; MJ12bot/v1.4.8; http://mj12bot.com/)"
47.128.43.0 - - [07/Jun/2026:00:09:55 +0200] "GET /wp-content/uploads/2021/05/bau_livroreclamacoes.svg HTTP/1.1" 200 2886 "https://www.baudefruta.pt/loja/page/7/?doing_wp_cron=1779868575.9476199150085449218750&orderby=menu_order" "Mozilla/5.0 (Linux; Android 5.0) AppleWebKit/537.36 (KHTML, like Gecko) Mobile Safari/537.36 (compatible; Bytespider; spider-feedback@bytedance.com)"
163.5.220.200 - - [07/Jun/2026:00:09:56 +0200] "GET /wp-content/uploads/2022/05/20220516_000511-uai-487x487.jpg HTTP/1.1" 200 98911 "-" "Mozilla/5.0 (compatible; crawler)"
216.73.217.54 - - [07/Jun/2026:00:09:57 +0200] "GET /loja/page/6/?doing_wp_cron=1780471578.9829709529876708984375&orderby=popularity HTTP/1.1" 200 60897 "-" "Mozilla/5.0 AppleWebKit/537.36 (KHTML, like Gecko; compatible; ClaudeBot/1.0; +claudebot@anthropic.com)"
114.119.132.173 - - [07/Jun/2026:00:09:59 +0200] "GET /loja/page/6/?orderby=date&doing_wp_cron=1689659023.3796229362487792968750 HTTP/1.1" 200 60318 "https://www.baudefruta.pt/loja/page/6/?orderby=price-desc&doing_wp_cron=1689659023.3796229362487792968750" "Mozilla/5.0 (Linux; Android 7.0;) AppleWebKit/537.36 (HTML, like Gecko) Mobile Safari/537.36 (compatible; PetalBot;+https://webmaster.petalsearch.com/site/petalbot)"
216.73.217.54 - - [07/Jun/2026:00:10:00 +0200] "GET /loja/page/6/?doing_wp_cron=1780541097.0544409751892089843750&orderby=popularity HTTP/1.1" 200 60886 "-" "Mozilla/5.0 AppleWebKit/537.36 (KHTML, like Gecko; compatible; ClaudeBot/1.0; +claudebot@anthropic.com)"
94.154.239.69 - - [07/Jun/2026:00:10:03 +0200] "GET /categoria-produto/frescos/?add-to-cart=433&orderby=price-desc&doing_wp_cron=1780641151.2708849906921386718750 HTTP/1.1" 200 60843 "-" "Mozilla/5.0 (compatible; MJ12bot/v1.4.8; http://mj12bot.com/)"
216.73.217.54 - - [07/Jun/2026:00:10:05 +0200] "GET /loja/page/10/?doing_wp_cron=1780407018.5904660224914550781250&orderby=menu_order HTTP/1.1" 200 60615 "-" "Mozilla/5.0 AppleWebKit/537.36 (KHTML, like Gecko; compatible; ClaudeBot/1.0; +claudebot@anthropic.com)"
94.154.239.69 - - [07/Jun/2026:00:10:08 +0200] "GET /categoria-produto/frescos/?add-to-cart=433&orderby=price-desc&doing_wp_cron=1780648776.8648409843444824218750 HTTP/1.1" 200 60847 "-" "Mozilla/5.0 (compatible; MJ12bot/v1.4.8; http://mj12bot.com/)"
216.73.217.54 - - [07/Jun/2026:00:10:09 +0200] "GET /loja/page/2/?doing_wp_cron=1780684508.3641829490661621093750&orderby=date HTTP/1.1" 200 60213 "-" "Mozilla/5.0 AppleWebKit/537.36 (KHTML, like Gecko; compatible; ClaudeBot/1.0; +claudebot@anthropic.com)"
23.230.166.115 - - [07/Jun/2026:00:10:09 +0200] "GET /wp-content/uploads/2021/06/AS001-alho-seco-uai-905x905.jpg HTTP/1.1" 200 82241 "-" "Mozilla/5.0 (compatible; crawler)"
216.73.217.54 - - [07/Jun/2026:00:10:12 +0200] "GET /loja/page/10/?doing_wp_cron=1780471858.5329909324645996093750&orderby=popularity HTTP/1.1" 200 60908 "-" "Mozilla/5.0 AppleWebKit/537.36 (KHTML, like Gecko; compatible; ClaudeBot/1.0; +claudebot@anthropic.com)"
52.167.144.204 - - [07/Jun/2026:00:10:14 +0200] "GET /page/20/?s&orderby=menu_order&doing_wp_cron=1779774537.7345209121704101562500 HTTP/1.1" 200 52354 "-" "Mozilla/5.0 AppleWebKit/537.36 (KHTML, like Gecko; compatible; bingbot/2.0; +http://www.bing.com/bingbot.htm) Chrome/116.0.1938.76 Safari/537.36"
94.154.239.69 - - [07/Jun/2026:00:10:15 +0200] "GET /categoria-produto/frescos/?add-to-cart=4331&orderby=menu_order&doing_wp_cron=1780642700.6357009410858154296875 HTTP/1.1" 200 60620 "-" "Mozilla/5.0 (compatible; MJ12bot/v1.4.8; http://mj12bot.com/)"
216.73.217.54 - - [07/Jun/2026:00:10:15 +0200] "GET /loja/page/4/?doing_wp_cron=1780544538.0197379589080810546875&orderby=date HTTP/1.1" 200 60606 "-" "Mozilla/5.0 AppleWebKit/537.36 (KHTML, like Gecko; compatible; ClaudeBot/1.0; +claudebot@anthropic.com)"
216.73.217.54 - - [07/Jun/2026:00:10:18 +0200] "GET /loja/page/6/?doing_wp_cron=1780475905.7238750457763671875000&orderby=menu_order HTTP/1.1" 200 60261 "-" "Mozilla/5.0 AppleWebKit/537.36 (KHTML, like Gecko; compatible; ClaudeBot/1.0; +claudebot@anthropic.com)"
216.73.217.54 - - [07/Jun/2026:00:10:21 +0200] "GET /loja/page/2/?doing_wp_cron=1780725622.8283789157867431640625&orderby=date HTTP/1.1" 200 60221 "-" "Mozilla/5.0 AppleWebKit/537.36 (KHTML, like Gecko; compatible; ClaudeBot/1.0; +claudebot@anthropic.com)"
94.154.239.69 - - [07/Jun/2026:00:10:22 +0200] "GET /categoria-produto/frescos/?add-to-cart=4331&orderby=menu_order&doing_wp_cron=1780648776.8648409843444824218750 HTTP/1.1" 200 60615 "-" "Mozilla/5.0 (compatible; MJ12bot/v1.4.8; http://mj12bot.com/)"
216.73.217.54 - - [07/Jun/2026:00:10:24 +0200] "GET /loja/page/8/?doing_wp_cron=1780695438.3277990818023681640625&orderby=menu_order HTTP/1.1" 200 60360 "-" "Mozilla/5.0 AppleWebKit/537.36 (KHTML, like Gecko; compatible; ClaudeBot/1.0; +claudebot@anthropic.com)"
216.73.217.54 - - [07/Jun/2026:00:10:27 +0200] "GET /loja/page/5/?doing_wp_cron=1780671249.1889588832855224609375&orderby=menu_order HTTP/1.1" 200 60334 "-" "Mozilla/5.0 AppleWebKit/537.36 (KHTML, like Gecko; compatible; ClaudeBot/1.0; +claudebot@anthropic.com)"
45.76.43.26 - - [07/Jun/2026:00:10:27 +0200] "POST /wp-login.php HTTP/1.1" 405 552 "https://baudefruta.pt/wp-login.php" "Mozilla/4.0 (compatible; MSIE 6.0; Windows NT 5.1; SV1)"
94.154.239.69 - - [07/Jun/2026:00:10:28 +0200] "GET /categoria-produto/frescos/?add-to-cart=4331&orderby=popularity&doing_wp_cron=1780642700.6357009410858154296875 HTTP/1.1" 200 60616 "-" "Mozilla/5.0 (compatible; MJ12bot/v1.4.8; http://mj12bot.com/)"
216.73.217.54 - - [07/Jun/2026:00:10:30 +0200] "GET /loja/page/10/?doing_wp_cron=1780541060.9407060146331787109375&orderby=date HTTP/1.1" 200 59862 "-" "Mozilla/5.0 AppleWebKit/537.36 (KHTML, like Gecko; compatible; ClaudeBot/1.0; +claudebot@anthropic.com)"
94.154.239.69 - - [07/Jun/2026:00:10:34 +0200] "GET /categoria-produto/frescos/?add-to-cart=4331&orderby=popularity&doing_wp_cron=1780648776.8648409843444824218750 HTTP/1.1" 200 60635 "-" "Mozilla/5.0 (compatible; MJ12bot/v1.4.8; http://mj12bot.com/)"
216.73.217.54 - - [07/Jun/2026:00:10:35 +0200] "GET /loja/page/11/?doing_wp_cron=1780654698.7443230152130126953125&orderby=price HTTP/1.1" 200 60294 "-" "Mozilla/5.0 AppleWebKit/537.36 (KHTML, like Gecko; compatible; ClaudeBot/1.0; +claudebot@anthropic.com)"
216.73.217.54 - - [07/Jun/2026:00:10:37 +0200] "GET /loja/page/4/?doing_wp_cron=1780704849.3133170604705810546875&orderby=price HTTP/1.1" 200 60513 "-" "Mozilla/5.0 AppleWebKit/537.36 (KHTML, like Gecko; compatible; ClaudeBot/1.0; +claudebot@anthropic.com)"
94.154.239.69 - - [07/Jun/2026:00:10:40 +0200] "GET /categoria-produto/frescos/?add-to-cart=4331&orderby=price&doing_wp_cron=1780642700.6357009410858154296875 HTTP/1.1" 200 60621 "-" "Mozilla/5.0 (compatible; MJ12bot/v1.4.8; http://mj12bot.com/)"
216.73.217.54 - - [07/Jun/2026:00:10:41 +0200] "GET /loja/?doing_wp_cron=1780259424.5276329517364501953125&orderby=price-desc HTTP/1.1" 200 60767 "-" "Mozilla/5.0 AppleWebKit/537.36 (KHTML, like Gecko; compatible; ClaudeBot/1.0; +claudebot@anthropic.com)"
216.73.217.54 - - [07/Jun/2026:00:10:43 +0200] "GET /loja/page/11/?doing_wp_cron=1780298590.2811610698699951171875&orderby=price HTTP/1.1" 200 60299 "-" "Mozilla/5.0 AppleWebKit/537.36 (KHTML, like Gecko; compatible; ClaudeBot/1.0; +claudebot@anthropic.com)"
94.154.239.69 - - [07/Jun/2026:00:10:45 +0200] "GET /categoria-produto/frescos/?add-to-cart=4331&orderby=price&doing_wp_cron=1780648776.8648409843444824218750 HTTP/1.1" 200 60623 "-" "Mozilla/5.0 (compatible; MJ12bot/v1.4.8; http://mj12bot.com/)"
216.73.217.54 - - [07/Jun/2026:00:10:46 +0200] "GET /loja/page/8/?doing_wp_cron=1780694355.6290180683135986328125&orderby=price HTTP/1.1" 200 60300 "-" "Mozilla/5.0 AppleWebKit/537.36 (KHTML, like Gecko; compatible; ClaudeBot/1.0; +claudebot@anthropic.com)"
216.73.217.54 - - [07/Jun/2026:00:10:50 +0200] "GET /loja/?doing_wp_cron=1780762405.6350510120391845703125&orderby=price-desc HTTP/1.1" 200 60759 "-" "Mozilla/5.0 AppleWebKit/537.36 (KHTML, like Gecko; compatible; ClaudeBot/1.0; +claudebot@anthropic.com)"
94.154.239.69 - - [07/Jun/2026:00:10:51 +0200] "GET /categoria-produto/frescos/?add-to-cart=4331&orderby=price-desc&doing_wp_cron=1780744275.6665918827056884765625 HTTP/1.1" 200 60811 "-" "Mozilla/5.0 (compatible; MJ12bot/v1.4.8; http://mj12bot.com/)"
216.73.217.54 - - [07/Jun/2026:00:10:52 +0200] "GET /loja/page/3/?doing_wp_cron=1780566258.6879949569702148437500&orderby=price HTTP/1.1" 200 60471 "-" "Mozilla/5.0 AppleWebKit/537.36 (KHTML, like Gecko; compatible; ClaudeBot/1.0; +claudebot@anthropic.com)"
216.73.217.54 - - [07/Jun/2026:00:10:55 +0200] "GET /loja/page/11/?doing_wp_cron=1780579378.9679279327392578125000&orderby=popularity HTTP/1.1" 200 60350 "-" "Mozilla/5.0 AppleWebKit/537.36 (KHTML, like Gecko; compatible; ClaudeBot/1.0; +claudebot@anthropic.com)"
94.154.239.69 - - [07/Jun/2026:00:10:57 +0200] "GET /categoria-produto/frescos/?add-to-cart=4331&orderby=price-desc&doing_wp_cron=1780744283.5031809806823730468750 HTTP/1.1" 200 60801 "-" "Mozilla/5.0 (compatible; MJ12bot/v1.4.8; http://mj12bot.com/)"
216.73.217.54 - - [07/Jun/2026:00:10:58 +0200] "GET /categoria-produto/mercearia/?doing_wp_cron=1780463249.4369709491729736328125&orderby=popularity HTTP/1.1" 200 60515 "-" "Mozilla/5.0 AppleWebKit/537.36 (KHTML, like Gecko; compatible; ClaudeBot/1.0; +claudebot@anthropic.com)"
216.73.217.54 - - [07/Jun/2026:00:11:02 +0200] "GET /loja/page/2/?doing_wp_cron=1780555497.8906159400939941406250&orderby=price HTTP/1.1" 200 60283 "-" "Mozilla/5.0 AppleWebKit/537.36 (KHTML, like Gecko; compatible; ClaudeBot/1.0; +claudebot@anthropic.com)"
94.154.239.69 - - [07/Jun/2026:00:11:03 +0200] "GET /categoria-produto/frescos/?add-to-cart=4331&orderby=price-desc&doing_wp_cron=1780744333.9297740459442138671875 HTTP/1.1" 200 60804 "-" "Mozilla/5.0 (compatible; MJ12bot/v1.4.8; http://mj12bot.com/)"
216.73.217.54 - - [07/Jun/2026:00:11:05 +0200] "GET /loja/page/3/?doing_wp_cron=1780521319.6477649211883544921875&orderby=price HTTP/1.1" 200 60459 "-" "Mozilla/5.0 AppleWebKit/537.36 (KHTML, like Gecko; compatible; ClaudeBot/1.0; +claudebot@anthropic.com)"
216.73.217.54 - - [07/Jun/2026:00:11:07 +0200] "GET /loja/page/3/?doing_wp_cron=1780525352.6028890609741210937500&orderby=price HTTP/1.1" 200 60469 "-" "Mozilla/5.0 AppleWebKit/537.36 (KHTML, like Gecko; compatible; ClaudeBot/1.0; +claudebot@anthropic.com)"
94.154.239.69 - - [07/Jun/2026:00:11:09 +0200] "GET /categoria-produto/frescos/?add-to-cart=4331&orderby=price-desc&doing_wp_cron=1780744436.3482849597930908203125 HTTP/1.1" 200 60807 "-" "Mozilla/5.0 (compatible; MJ12bot/v1.4.8; http://mj12bot.com/)"
216.73.217.54 - - [07/Jun/2026:00:11:11 +0200] "GET /loja/page/4/?doing_wp_cron=1780544538.0197379589080810546875&orderby=price HTTP/1.1" 200 60511 "-" "Mozilla/5.0 AppleWebKit/537.36 (KHTML, like Gecko; compatible; ClaudeBot/1.0; +claudebot@anthropic.com)"
54.81.199.30 - - [07/Jun/2026:00:11:11 +0200] "GET /produto/couve-coracao/ HTTP/1.1" 200 57705 "-" "Mozilla/5.0 (Macintosh; Intel Mac OS X 10_10_1) AppleWebKit/600.2.5 (KHTML, like Gecko) Version/8.0.2 Safari/600.2.5 (Lanai)"
216.73.217.54 - - [07/Jun/2026:00:11:12 +0200] "GET /categoria-produto/mercearia/page/4/?doing_wp_cron=1780455360.3947830200195312500000 HTTP/1.1" 200 59222 "-" "Mozilla/5.0 AppleWebKit/537.36 (KHTML, like Gecko; compatible; ClaudeBot/1.0; +claudebot@anthropic.com)"
94.154.239.69 - - [07/Jun/2026:00:11:15 +0200] "GET /categoria-produto/frescos/?add-to-cart=444&orderby=date&doing_wp_cron=1780641151.2708849906921386718750 HTTP/1.1" 200 60715 "-" "Mozilla/5.0 (compatible; MJ12bot/v1.4.8; http://mj12bot.com/)"
216.73.217.54 - - [07/Jun/2026:00:11:16 +0200] "GET /produto/nespera/?add-to-cart=557&doing_wp_cron=1780376598.5217730998992919921875 HTTP/1.1" 200 59283 "-" "Mozilla/5.0 AppleWebKit/537.36 (KHTML, like Gecko; compatible; ClaudeBot/1.0; +claudebot@anthropic.com)"
91.92.242.223 - - [07/Jun/2026:00:11:17 +0200] "POST /wp-login.php?action=register HTTP/1.1" 403 146 "-" "-"
216.73.217.54 - - [07/Jun/2026:00:11:20 +0200] "GET /loja/page/9/?doing_wp_cron=1780430342.1766259670257568359375&orderby=price HTTP/1.1" 200 61154 "-" "Mozilla/5.0 AppleWebKit/537.36 (KHTML, like Gecko; compatible; ClaudeBot/1.0; +claudebot@anthropic.com)"
94.154.239.69 - - [07/Jun/2026:00:11:21 +0200] "GET /categoria-produto/frescos/?add-to-cart=444&orderby=date&doing_wp_cron=1780642700.6357009410858154296875 HTTP/1.1" 200 60720 "-" "Mozilla/5.0 (compatible; MJ12bot/v1.4.8; http://mj12bot.com/)"
114.119.149.254 - - [07/Jun/2026:00:11:22 +0200] "GET /loja/page/6/?orderby=date&doing_wp_cron=1689507416.1503338813781738281250 HTTP/1.1" 200 60323 "https://www.baudefruta.pt/loja/page/7/?orderby=date&doing_wp_cron=1689507416.1503338813781738281250" "Mozilla/5.0 (Linux; Android 7.0;) AppleWebKit/537.36 (HTML, like Gecko) Mobile Safari/537.36 (compatible; PetalBot;+https://webmaster.petalsearch.com/site/petalbot)"
216.73.217.54 - - [07/Jun/2026:00:11:22 +0200] "GET /produto/batata-doce/?add-to-cart=435&doing_wp_cron=1780200940.2365500926971435546875 HTTP/1.1" 200 59431 "-" "Mozilla/5.0 AppleWebKit/537.36 (KHTML, like Gecko; compatible; ClaudeBot/1.0; +claudebot@anthropic.com)"
216.73.217.54 - - [07/Jun/2026:00:11:25 +0200] "GET /categoria-produto/mercearia/page/5/?doing_wp_cron=1780491096.3728320598602294921875&orderby=menu_order HTTP/1.1" 200 61228 "-" "Mozilla/5.0 AppleWebKit/537.36 (KHTML, like Gecko; compatible; ClaudeBot/1.0; +claudebot@anthropic.com)"
94.154.239.69 - - [07/Jun/2026:00:11:27 +0200] "GET /categoria-produto/frescos/?add-to-cart=444&orderby=popularity&doing_wp_cron=1780641151.2708849906921386718750 HTTP/1.1" 200 60579 "-" "Mozilla/5.0 (compatible; MJ12bot/v1.4.8; http://mj12bot.com/)"
189.39.177.108 - - [07/Jun/2026:00:11:27 +0200] "GET /categoria-produto/mercearia/page/4/?add-to-cart=727&doing_wp_cron=1779819247.1438159942626953125000&orderby=date HTTP/1.1" 200 60853 "-" "Mozilla/5.0 (compatible; MSIE 9.0; Windows NT 10.0; Trident/5.1)"
216.73.217.54 - - [07/Jun/2026:00:11:28 +0200] "GET /produto/groselha/?add-to-cart=494&doing_wp_cron=1780289470.8823699951171875000000 HTTP/1.1" 200 59354 "-" "Mozilla/5.0 AppleWebKit/537.36 (KHTML, like Gecko; compatible; ClaudeBot/1.0; +claudebot@anthropic.com)"
216.73.217.54 - - [07/Jun/2026:00:11:31 +0200] "GET /loja/page/5/?doing_wp_cron=1780551716.5523910522460937500000&orderby=price HTTP/1.1" 200 61659 "-" "Mozilla/5.0 AppleWebKit/537.36 (KHTML, like Gecko; compatible; ClaudeBot/1.0; +claudebot@anthropic.com)"
94.154.239.69 - - [07/Jun/2026:00:11:32 +0200] "GET /categoria-produto/frescos/?add-to-cart=444&orderby=popularity&doing_wp_cron=1780642700.6357009410858154296875 HTTP/1.1" 200 60585 "-" "Mozilla/5.0 (compatible; MJ12bot/v1.4.8; http://mj12bot.com/)"
216.73.217.54 - - [07/Jun/2026:00:11:34 +0200] "GET /produto/batata-doce/?add-to-cart=538&doing_wp_cron=1780200940.2365500926971435546875 HTTP/1.1" 200 59846 "-" "Mozilla/5.0 AppleWebKit/537.36 (KHTML, like Gecko; compatible; ClaudeBot/1.0; +claudebot@anthropic.com)"
216.73.217.54 - - [07/Jun/2026:00:11:37 +0200] "GET /categoria-produto/mercearia/page/5/?doing_wp_cron=1780235769.1686809062957763671875&orderby=menu_order HTTP/1.1" 200 61626 "-" "Mozilla/5.0 AppleWebKit/537.36 (KHTML, like Gecko; compatible; ClaudeBot/1.0; +claudebot@anthropic.com)"
94.154.239.69 - - [07/Jun/2026:00:11:39 +0200] "GET /categoria-produto/frescos/?add-to-cart=444&orderby=price&doing_wp_cron=1780641151.2708849906921386718750 HTTP/1.1" 200 60572 "-" "Mozilla/5.0 (compatible; MJ12bot/v1.4.8; http://mj12bot.com/)"
216.73.217.54 - - [07/Jun/2026:00:11:41 +0200] "GET /loja/?doing_wp_cron=1780207778.1771409511566162109375&orderby=price-desc HTTP/1.1" 200 61913 "-" "Mozilla/5.0 AppleWebKit/537.36 (KHTML, like Gecko; compatible; ClaudeBot/1.0; +claudebot@anthropic.com)"
93.146.171.210 - - [07/Jun/2026:00:11:42 +0200] "GET /categoria-produto/mercearia/?add-to-cart=893&doing_wp_cron=1779179206.4545741081237792968750&orderby=popularity HTTP/1.1" 200 61312 "-" "Mozilla/5.0 (Macintosh; U; PPC Mac OS X 10_7_8; rv:1.9.5.20) Gecko/7726-12-25 15:25:11.311615 Firefox/7.0"
216.73.217.54 - - [07/Jun/2026:00:11:44 +0200] "GET /categoria-produto/mercearia/?doing_wp_cron=1780588392.9045739173889160156250&orderby=date HTTP/1.1" 200 61064 "-" "Mozilla/5.0 AppleWebKit/537.36 (KHTML, like Gecko; compatible; ClaudeBot/1.0; +claudebot@anthropic.com)"
94.154.239.69 - - [07/Jun/2026:00:11:44 +0200] "GET /categoria-produto/frescos/?add-to-cart=444&orderby=price&doing_wp_cron=1780642700.6357009410858154296875 HTTP/1.1" 200 60572 "-" "Mozilla/5.0 (compatible; MJ12bot/v1.4.8; http://mj12bot.com/)"
47.128.43.152 - - [07/Jun/2026:00:11:45 +0200] "GET /carrinho/?remove_item=d516b13671a4179d9b7b458a6ebdeb92 HTTP/1.1" 302 11 "-" "Mozilla/5.0 (Linux; Android 5.0) AppleWebKit/537.36 (KHTML, like Gecko) Mobile Safari/537.36 (compatible; Bytespider; spider-feedback@bytedance.com)"
47.128.43.152 - - [07/Jun/2026:00:11:46 +0200] "GET /carrinho/?remove_item=d516b13671a4179d9b7b458a6ebdeb92&doing_wp_cron=1780783905.2608540058135986328125 HTTP/1.1" 200 55591 "-" "Mozilla/5.0 (Linux; Android 5.0) AppleWebKit/537.36 (KHTML, like Gecko) Mobile Safari/537.36 (compatible; Bytespider; spider-feedback@bytedance.com)"
216.73.217.54 - - [07/Jun/2026:00:11:47 +0200] "GET /loja/page/8/?doing_wp_cron=1780430342.1766259670257568359375&orderby=price HTTP/1.1" 200 61428 "-" "Mozilla/5.0 AppleWebKit/537.36 (KHTML, like Gecko; compatible; ClaudeBot/1.0; +claudebot@anthropic.com)"
47.128.43.152 - - [07/Jun/2026:00:11:48 +0200] "GET /wp-content/uploads/2021/07/bau_mb_mbway.svg HTTP/1.1" 206 500 "https://www.baudefruta.pt/carrinho/?remove_item=d516b13671a4179d9b7b458a6ebdeb92&doing_wp_cron=1780783905.2608540058135986328125" "Mozilla/5.0 (Linux; Android 5.0) AppleWebKit/537.36 (KHTML, like Gecko) Mobile Safari/537.36 (compatible; Bytespider; spider-feedback@bytedance.com)"
47.128.43.152 - - [07/Jun/2026:00:11:48 +0200] "GET /wp-content/uploads/2021/05/bau_livroreclamacoes.svg HTTP/1.1" 206 500 "https://www.baudefruta.pt/carrinho/?remove_item=d516b13671a4179d9b7b458a6ebdeb92&doing_wp_cron=1780783905.2608540058135986328125" "Mozilla/5.0 (Linux; Android 5.0) AppleWebKit/537.36 (KHTML, like Gecko) Mobile Safari/537.36 (compatible; Bytespider; spider-feedback@bytedance.com)"
47.128.43.152 - - [07/Jun/2026:00:11:49 +0200] "GET /wp-content/uploads/2021/07/bau_mb_mbway.svg HTTP/1.1" 304 0 "https://www.baudefruta.pt/carrinho/?remove_item=d516b13671a4179d9b7b458a6ebdeb92&doing_wp_cron=1780783905.2608540058135986328125" "Mozilla/5.0 (Linux; Android 5.0) AppleWebKit/537.36 (KHTML, like Gecko) Mobile Safari/537.36 (compatible; Bytespider; spider-feedback@bytedance.com)"
47.128.43.152 - - [07/Jun/2026:00:11:49 +0200] "GET /wp-content/uploads/2021/07/bau_mb_mbway.svg HTTP/1.1" 200 5318 "https://www.baudefruta.pt/carrinho/?remove_item=d516b13671a4179d9b7b458a6ebdeb92&doing_wp_cron=1780783905.2608540058135986328125" "Mozilla/5.0 (Linux; Android 5.0) AppleWebKit/537.36 (KHTML, like Gecko) Mobile Safari/537.36 (compatible; Bytespider; spider-feedback@bytedance.com)"
47.128.43.152 - - [07/Jun/2026:00:11:49 +0200] "GET /wp-content/uploads/2021/05/bau_livroreclamacoes.svg HTTP/1.1" 304 0 "https://www.baudefruta.pt/carrinho/?remove_item=d516b13671a4179d9b7b458a6ebdeb92&doing_wp_cron=1780783905.2608540058135986328125" "Mozilla/5.0 (Linux; Android 5.0) AppleWebKit/537.36 (KHTML, like Gecko) Mobile Safari/537.36 (compatible; Bytespider; spider-feedback@bytedance.com)"
47.128.43.152 - - [07/Jun/2026:00:11:49 +0200] "GET /wp-content/uploads/2021/05/bau_livroreclamacoes.svg HTTP/1.1" 200 2886 "https://www.baudefruta.pt/carrinho/?remove_item=d516b13671a4179d9b7b458a6ebdeb92&doing_wp_cron=1780783905.2608540058135986328125" "Mozilla/5.0 (Linux; Android 5.0) AppleWebKit/537.36 (KHTML, like Gecko) Mobile Safari/537.36 (compatible; Bytespider; spider-feedback@bytedance.com)"
94.154.239.69 - - [07/Jun/2026:00:11:49 +0200] "GET /categoria-produto/frescos/?add-to-cart=444&orderby=price-desc&doing_wp_cron=1780641151.2708849906921386718750 HTTP/1.1" 200 60793 "-" "Mozilla/5.0 (compatible; MJ12bot/v1.4.8; http://mj12bot.com/)"
216.73.217.54 - - [07/Jun/2026:00:11:50 +0200] "GET /loja/?add-to-cart=545&doing_wp_cron=1780466997.9201788902282714843750&orderby=popularity HTTP/1.1" 200 60777 "-" "Mozilla/5.0 AppleWebKit/537.36 (KHTML, like Gecko; compatible; ClaudeBot/1.0; +claudebot@anthropic.com)"
216.73.217.54 - - [07/Jun/2026:00:11:53 +0200] "GET /loja/page/7/?doing_wp_cron=1780741751.1016860008239746093750&orderby=price HTTP/1.1" 200 61111 "-" "Mozilla/5.0 AppleWebKit/537.36 (KHTML, like Gecko; compatible; ClaudeBot/1.0; +claudebot@anthropic.com)"
94.154.239.69 - - [07/Jun/2026:00:11:56 +0200] "GET /categoria-produto/frescos/?add-to-cart=444&orderby=price-desc&doing_wp_cron=1780642700.6357009410858154296875 HTTP/1.1" 200 60798 "-" "Mozilla/5.0 (compatible; MJ12bot/v1.4.8; http://mj12bot.com/)"
216.73.217.54 - - [07/Jun/2026:00:11:56 +0200] "GET /produto/groselha/?add-to-cart=4231&doing_wp_cron=1780421825.1470160484313964843750 HTTP/1.1" 200 59159 "-" "Mozilla/5.0 AppleWebKit/537.36 (KHTML, like Gecko; compatible; ClaudeBot/1.0; +claudebot@anthropic.com)"
216.73.217.54 - - [07/Jun/2026:00:11:59 +0200] "GET /loja/page/7/?add-to-cart=777&doing_wp_cron=1780498167.6054840087890625000000&orderby=popularity HTTP/1.1" 200 62049 "-" "Mozilla/5.0 AppleWebKit/537.36 (KHTML, like Gecko; compatible; ClaudeBot/1.0; +claudebot@anthropic.com)"
216.73.217.54 - - [07/Jun/2026:00:12:02 +0200] "GET /produto/nespera/?add-to-cart=585&doing_wp_cron=1780357099.5406489372253417968750 HTTP/1.1" 200 59769 "-" "Mozilla/5.0 AppleWebKit/537.36 (KHTML, like Gecko; compatible; ClaudeBot/1.0; +claudebot@anthropic.com)"
94.154.239.69 - - [07/Jun/2026:00:12:02 +0200] "GET /categoria-produto/frescos/?add-to-cart=449&orderby=date&doing_wp_cron=1780641151.2708849906921386718750 HTTP/1.1" 200 60724 "-" "Mozilla/5.0 (compatible; MJ12bot/v1.4.8; http://mj12bot.com/)"
216.73.217.54 - - [07/Jun/2026:00:12:05 +0200] "GET /loja/page/5/?add-to-cart=1124&doing_wp_cron=1780534339.1168689727783203125000&orderby=popularity HTTP/1.1" 200 62355 "-" "Mozilla/5.0 AppleWebKit/537.36 (KHTML, like Gecko; compatible; ClaudeBot/1.0; +claudebot@anthropic.com)"
216.73.217.54 - - [07/Jun/2026:00:12:08 +0200] "GET /produto/maionese/?add-to-cart=717&doing_wp_cron=1780463816.2954850196838378906250 HTTP/1.1" 200 60336 "-" "Mozilla/5.0 AppleWebKit/537.36 (KHTML, like Gecko; compatible; ClaudeBot/1.0; +claudebot@anthropic.com)"
94.154.239.69 - - [07/Jun/2026:00:12:09 +0200] "GET /categoria-produto/frescos/?add-to-cart=449&orderby=date&doing_wp_cron=1780648776.8648409843444824218750 HTTP/1.1" 200 60734 "-" "Mozilla/5.0 (compatible; MJ12bot/v1.4.8; http://mj12bot.com/)"
216.73.217.54 - - [07/Jun/2026:00:12:11 +0200] "GET /produto/groselha/?add-to-cart=602&doing_wp_cron=1780315578.9681310653686523437500 HTTP/1.1" 200 60258 "-" "Mozilla/5.0 AppleWebKit/537.36 (KHTML, like Gecko; compatible; ClaudeBot/1.0; +claudebot@anthropic.com)"
216.73.217.54 - - [07/Jun/2026:00:12:15 +0200] "GET /categoria-produto/mercearia/?doing_wp_cron=1780455716.5458710193634033203125&orderby=price HTTP/1.1" 200 60154 "-" "Mozilla/5.0 AppleWebKit/537.36 (KHTML, like Gecko; compatible; ClaudeBot/1.0; +claudebot@anthropic.com)"
216.73.217.54 - - [07/Jun/2026:00:12:18 +0200] "GET /produto/groselha/?add-to-cart=486&doing_wp_cron=1780408158.0399329662322998046875 HTTP/1.1" 200 59053 "-" "Mozilla/5.0 AppleWebKit/537.36 (KHTML, like Gecko; compatible; ClaudeBot/1.0; +claudebot@anthropic.com)"
94.154.239.69 - - [07/Jun/2026:00:12:18 +0200] "GET /categoria-produto/frescos/?add-to-cart=449&orderby=menu_order&doing_wp_cron=1780641151.2708849906921386718750 HTTP/1.1" 200 60592 "-" "Mozilla/5.0 (compatible; MJ12bot/v1.4.8; http://mj12bot.com/)"
216.73.217.54 - - [07/Jun/2026:00:12:21 +0200] "GET /categoria-produto/mercearia/page/5/?doing_wp_cron=1780361283.7736239433288574218750&orderby=popularity HTTP/1.1" 200 61258 "-" "Mozilla/5.0 AppleWebKit/537.36 (KHTML, like Gecko; compatible; ClaudeBot/1.0; +claudebot@anthropic.com)"
94.154.239.69 - - [07/Jun/2026:00:12:23 +0200] "GET /categoria-produto/frescos/?add-to-cart=449&orderby=menu_order&doing_wp_cron=1780648776.8648409843444824218750 HTTP/1.1" 200 60592 "-" "Mozilla/5.0 (compatible; MJ12bot/v1.4.8; http://mj12bot.com/)"
216.73.217.54 - - [07/Jun/2026:00:12:24 +0200] "GET /categoria-produto/mercearia/page/4/?doing_wp_cron=1780640348.5555379390716552734375&orderby=menu_order HTTP/1.1" 200 60880 "-" "Mozilla/5.0 AppleWebKit/537.36 (KHTML, like Gecko; compatible; ClaudeBot/1.0; +claudebot@anthropic.com)"
178.166.27.41 - - [07/Jun/2026:00:12:25 +0200] "GET /?fbclid=IwZXh0bgNhZW0BMABhZGlkAasyrjbZ70RzcnRjBmFwcF9pZAwzNTA2ODU1MzE3MjgAAR6xblgm-yY1xugkSVLMtPyMftRTnHdIiVFibONuAuzT3SelJbMT0hKprFIfBA_aem__bgfEtsr24D8GxPY7_f6xg&utm_medium=paid&utm_source=fb&utm_id=120245538772870644&utm_content=120245538772890644&utm_term=120245538772880644&utm_campaign=120245538772870644 HTTP/1.1" 302 11 "http://m.facebook.com" "Mozilla/5.0 (Linux; Android 14; SM-A528B Build/UP1A.231005.007) AppleWebKit/537.36 (KHTML, like Gecko) Version/4.0 Chrome/149.0.7827.83 Mobile Safari/537.36 [FB_IAB/FB4A;FBAV/564.0.0.48.74;IABMV/1;]"
216.73.217.54 - - [07/Jun/2026:00:12:27 +0200] "GET /loja/page/11/?doing_wp_cron=1780552136.4866590499877929687500&orderby=price-desc HTTP/1.1" 200 60574 "-" "Mozilla/5.0 AppleWebKit/537.36 (KHTML, like Gecko; compatible; ClaudeBot/1.0; +claudebot@anthropic.com)"
178.166.27.41 - - [07/Jun/2026:00:12:27 +0200] "GET /?fbclid=IwZXh0bgNhZW0BMABhZGlkAasyrjbZ70RzcnRjBmFwcF9pZAwzNTA2ODU1MzE3MjgAAR6xblgm-yY1xugkSVLMtPyMftRTnHdIiVFibONuAuzT3SelJbMT0hKprFIfBA_aem__bgfEtsr24D8GxPY7_f6xg&utm_medium=paid&utm_source=fb&utm_id=120245538772870644&utm_content=120245538772890644&utm_term=120245538772880644&utm_campaign=120245538772870644&doing_wp_cron=1780783945.8353569507598876953125 HTTP/1.1" 200 63123 "https://www.baudefruta.pt/?fbclid=IwZXh0bgNhZW0BMABhZGlkAasyrjbZ70RzcnRjBmFwcF9pZAwzNTA2ODU1MzE3MjgAAR6xblgm-yY1xugkSVLMtPyMftRTnHdIiVFibONuAuzT3SelJbMT0hKprFIfBA_aem__bgfEtsr24D8GxPY7_f6xg&utm_medium=paid&utm_source=fb&utm_id=120245538772870644&utm_content=120245538772890644&utm_term=120245538772880644&utm_campaign=120245538772870644" "Mozilla/5.0 (Linux; Android 14; SM-A528B Build/UP1A.231005.007) AppleWebKit/537.36 (KHTML, like Gecko) Version/4.0 Chrome/149.0.7827.83 Mobile Safari/537.36 [FB_IAB/FB4A;FBAV/564.0.0.48.74;IABMV/1;]"
178.166.27.41 - - [07/Jun/2026:00:12:27 +0200] "GET /?fbclid=IwZXh0bgNhZW0BMABhZGlkAasyrjbZ70RzcnRjBmFwcF9pZAwzNTA2ODU1MzE3MjgAAR6xblgm-yY1xugkSVLMtPyMftRTnHdIiVFibONuAuzT3SelJbMT0hKprFIfBA_aem__bgfEtsr24D8GxPY7_f6xg&utm_medium=paid&utm_source=fb&utm_id=120245538772870644&utm_content=120245538772890644&utm_term=120245538772880644&utm_campaign=120245538772870644 HTTP/1.1" 200 63056 "http://m.facebook.com/" "Mozilla/5.0 (Linux; Android 14; SM-A528B Build/UP1A.231005.007) AppleWebKit/537.36 (KHTML, like Gecko) Version/4.0 Chrome/149.0.7827.83 Mobile Safari/537.36 [FB_IAB/FB4A;FBAV/564.0.0.48.74;IABMV/1;]"
178.166.27.41 - - [07/Jun/2026:00:12:27 +0200] "GET /wp-content/plugins/woocommerce/assets/client/blocks/wc-blocks.css?ver=wc-10.2.2 HTTP/1.1" 200 2673 "https://www.baudefruta.pt/?fbclid=IwZXh0bgNhZW0BMABhZGlkAasyrjbZ70RzcnRjBmFwcF9pZAwzNTA2ODU1MzE3MjgAAR6xblgm-yY1xugkSVLMtPyMftRTnHdIiVFibONuAuzT3SelJbMT0hKprFIfBA_aem__bgfEtsr24D8GxPY7_f6xg&utm_medium=paid&utm_source=fb&utm_id=120245538772870644&utm_content=120245538772890644&utm_term=120245538772880644&utm_campaign=120245538772870644" "Mozilla/5.0 (Linux; Android 14; SM-A528B Build/UP1A.231005.007) AppleWebKit/537.36 (KHTML, like Gecko) Version/4.0 Chrome/149.0.7827.83 Mobile Safari/537.36 [FB_IAB/FB4A;FBAV/564.0.0.48.74;IABMV/1;]"
178.166.27.41 - - [07/Jun/2026:00:12:27 +0200] "GET /wp-includes/css/dist/components/style.min.css?ver=6.9.1 HTTP/1.1" 200 14528 "https://www.baudefruta.pt/?fbclid=IwZXh0bgNhZW0BMABhZGlkAasyrjbZ70RzcnRjBmFwcF9pZAwzNTA2ODU1MzE3MjgAAR6xblgm-yY1xugkSVLMtPyMftRTnHdIiVFibONuAuzT3SelJbMT0hKprFIfBA_aem__bgfEtsr24D8GxPY7_f6xg&utm_medium=paid&utm_source=fb&utm_id=120245538772870644&utm_content=120245538772890644&utm_term=120245538772880644&utm_campaign=120245538772870644" "Mozilla/5.0 (Linux; Android 14; SM-A528B Build/UP1A.231005.007) AppleWebKit/537.36 (KHTML, like Gecko) Version/4.0 Chrome/149.0.7827.83 Mobile Safari/537.36 [FB_IAB/FB4A;FBAV/564.0.0.48.74;IABMV/1;]"
178.166.27.41 - - [07/Jun/2026:00:12:27 +0200] "GET /wp-includes/css/dist/preferences/style.min.css?ver=6.9.1 HTTP/1.1" 200 1003 "https://www.baudefruta.pt/?fbclid=IwZXh0bgNhZW0BMABhZGlkAasyrjbZ70RzcnRjBmFwcF9pZAwzNTA2ODU1MzE3MjgAAR6xblgm-yY1xugkSVLMtPyMftRTnHdIiVFibONuAuzT3SelJbMT0hKprFIfBA_aem__bgfEtsr24D8GxPY7_f6xg&utm_medium=paid&utm_source=fb&utm_id=120245538772870644&utm_content=120245538772890644&utm_term=120245538772880644&utm_campaign=120245538772870644" "Mozilla/5.0 (Linux; Android 14; SM-A528B Build/UP1A.231005.007) AppleWebKit/537.36 (KHTML, like Gecko) Version/4.0 Chrome/149.0.7827.83 Mobile Safari/537.36 [FB_IAB/FB4A;FBAV/564.0.0.48.74;IABMV/1;]"
178.166.27.41 - - [07/Jun/2026:00:12:27 +0200] "GET /wp-includes/css/dist/block-editor/style.min.css?ver=6.9.1 HTTP/1.1" 200 16976 "https://www.baudefruta.pt/?fbclid=IwZXh0bgNhZW0BMABhZGlkAasyrjbZ70RzcnRjBmFwcF9pZAwzNTA2ODU1MzE3MjgAAR6xblgm-yY1xugkSVLMtPyMftRTnHdIiVFibONuAuzT3SelJbMT0hKprFIfBA_aem__bgfEtsr24D8GxPY7_f6xg&utm_medium=paid&utm_source=fb&utm_id=120245538772870644&utm_content=120245538772890644&utm_term=120245538772880644&utm_campaign=120245538772870644" "Mozilla/5.0 (Linux; Android 14; SM-A528B Build/UP1A.231005.007) AppleWebKit/537.36 (KHTML, like Gecko) Version/4.0 Chrome/149.0.7827.83 Mobile Safari/537.36 [FB_IAB/FB4A;FBAV/564.0.0.48.74;IABMV/1;]"
178.166.27.41 - - [07/Jun/2026:00:12:27 +0200] "GET /wp-includes/css/dashicons.min.css?ver=6.9.1 HTTP/1.1" 200 35766 "https://www.baudefruta.pt/?fbclid=IwZXh0bgNhZW0BMABhZGlkAasyrjbZ70RzcnRjBmFwcF9pZAwzNTA2ODU1MzE3MjgAAR6xblgm-yY1xugkSVLMtPyMftRTnHdIiVFibONuAuzT3SelJbMT0hKprFIfBA_aem__bgfEtsr24D8GxPY7_f6xg&utm_medium=paid&utm_source=fb&utm_id=120245538772870644&utm_content=120245538772890644&utm_term=120245538772880644&utm_campaign=120245538772870644" "Mozilla/5.0 (Linux; Android 14; SM-A528B Build/UP1A.231005.007) AppleWebKit/537.36 (KHTML, like Gecko) Version/4.0 Chrome/149.0.7827.83 Mobile Safari/537.36 [FB_IAB/FB4A;FBAV/564.0.0.48.74;IABMV/1;]"
178.166.27.41 - - [07/Jun/2026:00:12:27 +0200] "GET /wp-content/plugins/popup-maker/dist/packages/block-library-style.css?ver=dbea705cfafe089d65f1 HTTP/1.1" 200 1127 "https://www.baudefruta.pt/?fbclid=IwZXh0bgNhZW0BMABhZGlkAasyrjbZ70RzcnRjBmFwcF9pZAwzNTA2ODU1MzE3MjgAAR6xblgm-yY1xugkSVLMtPyMftRTnHdIiVFibONuAuzT3SelJbMT0hKprFIfBA_aem__bgfEtsr24D8GxPY7_f6xg&utm_medium=paid&utm_source=fb&utm_id=120245538772870644&utm_content=120245538772890644&utm_term=120245538772880644&utm_campaign=120245538772870644" "Mozilla/5.0 (Linux; Android 14; SM-A528B Build/UP1A.231005.007) AppleWebKit/537.36 (KHTML, like Gecko) Version/4.0 Chrome/149.0.7827.83 Mobile Safari/537.36 [FB_IAB/FB4A;FBAV/564.0.0.48.74;IABMV/1;]"
178.166.27.41 - - [07/Jun/2026:00:12:27 +0200] "GET /wp-content/plugins/smart-marketing-for-wp/public/css/egoi-for-wp-public.css?ver=5.1.11 HTTP/1.1" 200 1173 "https://www.baudefruta.pt/?fbclid=IwZXh0bgNhZW0BMABhZGlkAasyrjbZ70RzcnRjBmFwcF9pZAwzNTA2ODU1MzE3MjgAAR6xblgm-yY1xugkSVLMtPyMftRTnHdIiVFibONuAuzT3SelJbMT0hKprFIfBA_aem__bgfEtsr24D8GxPY7_f6xg&utm_medium=paid&utm_source=fb&utm_id=120245538772870644&utm_content=120245538772890644&utm_term=120245538772880644&utm_campaign=120245538772870644" "Mozilla/5.0 (Linux; Android 14; SM-A528B Build/UP1A.231005.007) AppleWebKit/537.36 (KHTML, like Gecko) Version/4.0 Chrome/149.0.7827.83 Mobile Safari/537.36 [FB_IAB/FB4A;FBAV/564.0.0.48.74;IABMV/1;]"
178.166.27.41 - - [07/Jun/2026:00:12:27 +0200] "GET /wp-content/plugins/woo-keyinvoice-integration/public/css/woo-keyinvoice-integration-public.css?ver=1.0.0 HTTP/1.1" 200 98 "https://www.baudefruta.pt/?fbclid=IwZXh0bgNhZW0BMABhZGlkAasyrjbZ70RzcnRjBmFwcF9pZAwzNTA2ODU1MzE3MjgAAR6xblgm-yY1xugkSVLMtPyMftRTnHdIiVFibONuAuzT3SelJbMT0hKprFIfBA_aem__bgfEtsr24D8GxPY7_f6xg&utm_medium=paid&utm_source=fb&utm_id=120245538772870644&utm_content=120245538772890644&utm_term=120245538772880644&utm_campaign=120245538772870644" "Mozilla/5.0 (Linux; Android 14; SM-A528B Build/UP1A.231005.007) AppleWebKit/537.36 (KHTML, like Gecko) Version/4.0 Chrome/149.0.7827.83 Mobile Safari/537.36 [FB_IAB/FB4A;FBAV/564.0.0.48.74;IABMV/1;]"
178.166.27.41 - - [07/Jun/2026:00:12:27 +0200] "GET /wp-content/plugins/woocommerce-products-filter/css/front.css?ver=2.2.9.4 HTTP/1.1" 200 5063 "https://www.baudefruta.pt/?fbclid=IwZXh0bgNhZW0BMABhZGlkAasyrjbZ70RzcnRjBmFwcF9pZAwzNTA2ODU1MzE3MjgAAR6xblgm-yY1xugkSVLMtPyMftRTnHdIiVFibONuAuzT3SelJbMT0hKprFIfBA_aem__bgfEtsr24D8GxPY7_f6xg&utm_medium=paid&utm_source=fb&utm_id=120245538772870644&utm_content=120245538772890644&utm_term=120245538772880644&utm_campaign=120245538772870644" "Mozilla/5.0 (Linux; Android 14; SM-A528B Build/UP1A.231005.007) AppleWebKit/537.36 (KHTML, like Gecko) Version/4.0 Chrome/149.0.7827.83 Mobile Safari/537.36 [FB_IAB/FB4A;FBAV/564.0.0.48.74;IABMV/1;]"
178.166.27.41 - - [07/Jun/2026:00:12:27 +0200] "GET /wp-content/plugins/woocommerce-products-filter/js/chosen/chosen.min.css?ver=2.2.9.4 HTTP/1.1" 200 2141 "https://www.baudefruta.pt/?fbclid=IwZXh0bgNhZW0BMABhZGlkAasyrjbZ70RzcnRjBmFwcF9pZAwzNTA2ODU1MzE3MjgAAR6xblgm-yY1xugkSVLMtPyMftRTnHdIiVFibONuAuzT3SelJbMT0hKprFIfBA_aem__bgfEtsr24D8GxPY7_f6xg&utm_medium=paid&utm_source=fb&utm_id=120245538772870644&utm_content=120245538772890644&utm_term=120245538772880644&utm_campaign=120245538772870644" "Mozilla/5.0 (Linux; Android 14; SM-A528B Build/UP1A.231005.007) AppleWebKit/537.36 (KHTML, like Gecko) Version/4.0 Chrome/149.0.7827.83 Mobile Safari/537.36 [FB_IAB/FB4A;FBAV/564.0.0.48.74;IABMV/1;]"
178.166.27.41 - - [07/Jun/2026:00:12:27 +0200] "GET /wp-content/plugins/woocommerce/assets/css/brands.css?ver=10.2.2 HTTP/1.1" 200 699 "https://www.baudefruta.pt/?fbclid=IwZXh0bgNhZW0BMABhZGlkAasyrjbZ70RzcnRjBmFwcF9pZAwzNTA2ODU1MzE3MjgAAR6xblgm-yY1xugkSVLMtPyMftRTnHdIiVFibONuAuzT3SelJbMT0hKprFIfBA_aem__bgfEtsr24D8GxPY7_f6xg&utm_medium=paid&utm_source=fb&utm_id=120245538772870644&utm_content=120245538772890644&utm_term=120245538772880644&utm_campaign=120245538772870644" "Mozilla/5.0 (Linux; Android 14; SM-A528B Build/UP1A.231005.007) AppleWebKit/537.36 (KHTML, like Gecko) Version/4.0 Chrome/149.0.7827.83 Mobile Safari/537.36 [FB_IAB/FB4A;FBAV/564.0.0.48.74;IABMV/1;]"
178.166.27.41 - - [07/Jun/2026:00:12:27 +0200] "GET /wp-content/plugins/custom-page-templates/assets/css/acf-google-maps.css?ver=3.1.1 HTTP/1.1" 200 283 "https://www.baudefruta.pt/?fbclid=IwZXh0bgNhZW0BMABhZGlkAasyrjbZ70RzcnRjBmFwcF9pZAwzNTA2ODU1MzE3MjgAAR6xblgm-yY1xugkSVLMtPyMftRTnHdIiVFibONuAuzT3SelJbMT0hKprFIfBA_aem__bgfEtsr24D8GxPY7_f6xg&utm_medium=paid&utm_source=fb&utm_id=120245538772870644&utm_content=120245538772890644&utm_term=120245538772880644&utm_campaign=120245538772870644" "Mozilla/5.0 (Linux; Android 14; SM-A528B Build/UP1A.231005.007) AppleWebKit/537.36 (KHTML, like Gecko) Version/4.0 Chrome/149.0.7827.83 Mobile Safari/537.36 [FB_IAB/FB4A;FBAV/564.0.0.48.74;IABMV/1;]"
178.166.27.41 - - [07/Jun/2026:00:12:28 +0200] "GET /wp-content/plugins/custom-page-templates/assets/css/frontend.css?ver=3.1.1 HTTP/1.1" 200 187 "https://www.baudefruta.pt/?fbclid=IwZXh0bgNhZW0BMABhZGlkAasyrjbZ70RzcnRjBmFwcF9pZAwzNTA2ODU1MzE3MjgAAR6xblgm-yY1xugkSVLMtPyMftRTnHdIiVFibONuAuzT3SelJbMT0hKprFIfBA_aem__bgfEtsr24D8GxPY7_f6xg&utm_medium=paid&utm_source=fb&utm_id=120245538772870644&utm_content=120245538772890644&utm_term=120245538772880644&utm_campaign=120245538772870644" "Mozilla/5.0 (Linux; Android 14; SM-A528B Build/UP1A.231005.007) AppleWebKit/537.36 (KHTML, like Gecko) Version/4.0 Chrome/149.0.7827.83 Mobile Safari/537.36 [FB_IAB/FB4A;FBAV/564.0.0.48.74;IABMV/1;]"
178.166.27.41 - - [07/Jun/2026:00:12:28 +0200] "GET /wp-content/plugins/dhvc-form/assets/fonts/font-awesome/css/font-awesome.min.css?ver=4.1.0 HTTP/1.1" 200 4747 "https://www.baudefruta.pt/?fbclid=IwZXh0bgNhZW0BMABhZGlkAasyrjbZ70RzcnRjBmFwcF9pZAwzNTA2ODU1MzE3MjgAAR6xblgm-yY1xugkSVLMtPyMftRTnHdIiVFibONuAuzT3SelJbMT0hKprFIfBA_aem__bgfEtsr24D8GxPY7_f6xg&utm_medium=paid&utm_source=fb&utm_id=120245538772870644&utm_content=120245538772890644&utm_term=120245538772880644&utm_campaign=120245538772870644" "Mozilla/5.0 (Linux; Android 14; SM-A528B Build/UP1A.231005.007) AppleWebKit/537.36 (KHTML, like Gecko) Version/4.0 Chrome/149.0.7827.83 Mobile Safari/537.36 [FB_IAB/FB4A;FBAV/564.0.0.48.74;IABMV/1;]"
178.166.27.41 - - [07/Jun/2026:00:12:28 +0200] "GET /wp-content/plugins/dhvc-form/assets/css/style.css?ver=2.3.0 HTTP/1.1" 200 3736 "https://www.baudefruta.pt/?fbclid=IwZXh0bgNhZW0BMABhZGlkAasyrjbZ70RzcnRjBmFwcF9pZAwzNTA2ODU1MzE3MjgAAR6xblgm-yY1xugkSVLMtPyMftRTnHdIiVFibONuAuzT3SelJbMT0hKprFIfBA_aem__bgfEtsr24D8GxPY7_f6xg&utm_medium=paid&utm_source=fb&utm_id=120245538772870644&utm_content=120245538772890644&utm_term=120245538772880644&utm_campaign=120245538772870644" "Mozilla/5.0 (Linux; Android 14; SM-A528B Build/UP1A.231005.007) AppleWebKit/537.36 (KHTML, like Gecko) Version/4.0 Chrome/149.0.7827.83 Mobile Safari/537.36 [FB_IAB/FB4A;FBAV/564.0.0.48.74;IABMV/1;]"
178.166.27.41 - - [07/Jun/2026:00:12:28 +0200] "GET /wp-content/themes/uncode/library/css/style.css?ver=1305867245 HTTP/1.1" 200 70140 "https://www.baudefruta.pt/?fbclid=IwZXh0bgNhZW0BMABhZGlkAasyrjbZ70RzcnRjBmFwcF9pZAwzNTA2ODU1MzE3MjgAAR6xblgm-yY1xugkSVLMtPyMftRTnHdIiVFibONuAuzT3SelJbMT0hKprFIfBA_aem__bgfEtsr24D8GxPY7_f6xg&utm_medium=paid&utm_source=fb&utm_id=120245538772870644&utm_content=120245538772890644&utm_term=120245538772880644&utm_campaign=120245538772870644" "Mozilla/5.0 (Linux; Android 14; SM-A528B Build/UP1A.231005.007) AppleWebKit/537.36 (KHTML, like Gecko) Version/4.0 Chrome/149.0.7827.83 Mobile Safari/537.36 [FB_IAB/FB4A;FBAV/564.0.0.48.74;IABMV/1;]"
178.166.27.41 - - [07/Jun/2026:00:12:28 +0200] "GET /wp-content/themes/uncode/library/css/uncode-icons.css?ver=1305867245 HTTP/1.1" 200 12098 "https://www.baudefruta.pt/?fbclid=IwZXh0bgNhZW0BMABhZGlkAasyrjbZ70RzcnRjBmFwcF9pZAwzNTA2ODU1MzE3MjgAAR6xblgm-yY1xugkSVLMtPyMftRTnHdIiVFibONuAuzT3SelJbMT0hKprFIfBA_aem__bgfEtsr24D8GxPY7_f6xg&utm_medium=paid&utm_source=fb&utm_id=120245538772870644&utm_content=120245538772890644&utm_term=120245538772880644&utm_campaign=120245538772870644" "Mozilla/5.0 (Linux; Android 14; SM-A528B Build/UP1A.231005.007) AppleWebKit/537.36 (KHTML, like Gecko) Version/4.0 Chrome/149.0.7827.83 Mobile Safari/537.36 [FB_IAB/FB4A;FBAV/564.0.0.48.74;IABMV/1;]"
178.166.27.41 - - [07/Jun/2026:00:12:28 +0200] "GET /wp-content/themes/uncode/library/css/woocommerce.css?ver=1305867245 HTTP/1.1" 200 20067 "https://www.baudefruta.pt/?fbclid=IwZXh0bgNhZW0BMABhZGlkAasyrjbZ70RzcnRjBmFwcF9pZAwzNTA2ODU1MzE3MjgAAR6xblgm-yY1xugkSVLMtPyMftRTnHdIiVFibONuAuzT3SelJbMT0hKprFIfBA_aem__bgfEtsr24D8GxPY7_f6xg&utm_medium=paid&utm_source=fb&utm_id=120245538772870644&utm_content=120245538772890644&utm_term=120245538772880644&utm_campaign=120245538772870644" "Mozilla/5.0 (Linux; Android 14; SM-A528B Build/UP1A.231005.007) AppleWebKit/537.36 (KHTML, like Gecko) Version/4.0 Chrome/149.0.7827.83 Mobile Safari/537.36 [FB_IAB/FB4A;FBAV/564.0.0.48.74;IABMV/1;]"
178.166.27.41 - - [07/Jun/2026:00:12:28 +0200] "GET /wp-content/plugins/popup-maker/dist/assets/site.css?ver=1.21.4 HTTP/1.1" 200 1917 "https://www.baudefruta.pt/?fbclid=IwZXh0bgNhZW0BMABhZGlkAasyrjbZ70RzcnRjBmFwcF9pZAwzNTA2ODU1MzE3MjgAAR6xblgm-yY1xugkSVLMtPyMftRTnHdIiVFibONuAuzT3SelJbMT0hKprFIfBA_aem__bgfEtsr24D8GxPY7_f6xg&utm_medium=paid&utm_source=fb&utm_id=120245538772870644&utm_content=120245538772890644&utm_term=120245538772880644&utm_campaign=120245538772870644" "Mozilla/5.0 (Linux; Android 14; SM-A528B Build/UP1A.231005.007) AppleWebKit/537.36 (KHTML, like Gecko) Version/4.0 Chrome/149.0.7827.83 Mobile Safari/537.36 [FB_IAB/FB4A;FBAV/564.0.0.48.74;IABMV/1;]"
178.166.27.41 - - [07/Jun/2026:00:12:28 +0200] "GET /wp-content/plugins/woocommerce-product-bundles/assets/css/frontend/woocommerce.css?ver=6.0.1 HTTP/1.1" 200 607 "https://www.baudefruta.pt/?fbclid=IwZXh0bgNhZW0BMABhZGlkAasyrjbZ70RzcnRjBmFwcF9pZAwzNTA2ODU1MzE3MjgAAR6xblgm-yY1xugkSVLMtPyMftRTnHdIiVFibONuAuzT3SelJbMT0hKprFIfBA_aem__bgfEtsr24D8GxPY7_f6xg&utm_medium=paid&utm_source=fb&utm_id=120245538772870644&utm_content=120245538772890644&utm_term=120245538772880644&utm_campaign=120245538772870644" "Mozilla/5.0 (Linux; Android 14; SM-A528B Build/UP1A.231005.007) AppleWebKit/537.36 (KHTML, like Gecko) Version/4.0 Chrome/149.0.7827.83 Mobile Safari/537.36 [FB_IAB/FB4A;FBAV/564.0.0.48.74;IABMV/1;]"
178.166.27.41 - - [07/Jun/2026:00:12:28 +0200] "GET /wp-content/themes/baudefruta-un/style.css?ver=21439670 HTTP/1.1" 200 896 "https://www.baudefruta.pt/?fbclid=IwZXh0bgNhZW0BMABhZGlkAasyrjbZ70RzcnRjBmFwcF9pZAwzNTA2ODU1MzE3MjgAAR6xblgm-yY1xugkSVLMtPyMftRTnHdIiVFibONuAuzT3SelJbMT0hKprFIfBA_aem__bgfEtsr24D8GxPY7_f6xg&utm_medium=paid&utm_source=fb&utm_id=120245538772870644&utm_content=120245538772890644&utm_term=120245538772880644&utm_campaign=120245538772870644" "Mozilla/5.0 (Linux; Android 14; SM-A528B Build/UP1A.231005.007) AppleWebKit/537.36 (KHTML, like Gecko) Version/4.0 Chrome/149.0.7827.83 Mobile Safari/537.36 [FB_IAB/FB4A;FBAV/564.0.0.48.74;IABMV/1;]"
178.166.27.41 - - [07/Jun/2026:00:12:28 +0200] "GET /wp-content/plugins/woocommerce-products-filter/js/tooltip/css/tooltipster.bundle.min.css?ver=2.2.9.4 HTTP/1.1" 200 1151 "https://www.baudefruta.pt/?fbclid=IwZXh0bgNhZW0BMABhZGlkAasyrjbZ70RzcnRjBmFwcF9pZAwzNTA2ODU1MzE3MjgAAR6xblgm-yY1xugkSVLMtPyMftRTnHdIiVFibONuAuzT3SelJbMT0hKprFIfBA_aem__bgfEtsr24D8GxPY7_f6xg&utm_medium=paid&utm_source=fb&utm_id=120245538772870644&utm_content=120245538772890644&utm_term=120245538772880644&utm_campaign=120245538772870644" "Mozilla/5.0 (Linux; Android 14; SM-A528B Build/UP1A.231005.007) AppleWebKit/537.36 (KHTML, like Gecko) Version/4.0 Chrome/149.0.7827.83 Mobile Safari/537.36 [FB_IAB/FB4A;FBAV/564.0.0.48.74;IABMV/1;]"
178.166.27.41 - - [07/Jun/2026:00:12:28 +0200] "GET /wp-content/plugins/woocommerce-products-filter/js/tooltip/css/plugins/tooltipster/sideTip/themes/tooltipster-sideTip-noir.min.css?ver=2.2.9.4 HTTP/1.1" 200 302 "https://www.baudefruta.pt/?fbclid=IwZXh0bgNhZW0BMABhZGlkAasyrjbZ70RzcnRjBmFwcF9pZAwzNTA2ODU1MzE3MjgAAR6xblgm-yY1xugkSVLMtPyMftRTnHdIiVFibONuAuzT3SelJbMT0hKprFIfBA_aem__bgfEtsr24D8GxPY7_f6xg&utm_medium=paid&utm_source=fb&utm_id=120245538772870644&utm_content=120245538772890644&utm_term=120245538772880644&utm_campaign=120245538772870644" "Mozilla/5.0 (Linux; Android 14; SM-A528B Build/UP1A.231005.007) AppleWebKit/537.36 (KHTML, like Gecko) Version/4.0 Chrome/149.0.7827.83 Mobile Safari/537.36 [FB_IAB/FB4A;FBAV/564.0.0.48.74;IABMV/1;]"
178.166.27.41 - - [07/Jun/2026:00:12:28 +0200] "GET /wp-includes/js/jquery/jquery-migrate.min.js?ver=3.4.1 HTTP/1.1" 200 4894 "https://www.baudefruta.pt/?fbclid=IwZXh0bgNhZW0BMABhZGlkAasyrjbZ70RzcnRjBmFwcF9pZAwzNTA2ODU1MzE3MjgAAR6xblgm-yY1xugkSVLMtPyMftRTnHdIiVFibONuAuzT3SelJbMT0hKprFIfBA_aem__bgfEtsr24D8GxPY7_f6xg&utm_medium=paid&utm_source=fb&utm_id=120245538772870644&utm_content=120245538772890644&utm_term=120245538772880644&utm_campaign=120245538772870644" "Mozilla/5.0 (Linux; Android 14; SM-A528B Build/UP1A.231005.007) AppleWebKit/537.36 (KHTML, like Gecko) Version/4.0 Chrome/149.0.7827.83 Mobile Safari/537.36 [FB_IAB/FB4A;FBAV/564.0.0.48.74;IABMV/1;]"
178.166.27.41 - - [07/Jun/2026:00:12:28 +0200] "GET /wp-content/plugins/smart-marketing-for-wp/admin/js/egoi-for-wp-canvas.js?ver=5.1.11 HTTP/1.1" 200 2304 "https://www.baudefruta.pt/?fbclid=IwZXh0bgNhZW0BMABhZGlkAasyrjbZ70RzcnRjBmFwcF9pZAwzNTA2ODU1MzE3MjgAAR6xblgm-yY1xugkSVLMtPyMftRTnHdIiVFibONuAuzT3SelJbMT0hKprFIfBA_aem__bgfEtsr24D8GxPY7_f6xg&utm_medium=paid&utm_source=fb&utm_id=120245538772870644&utm_content=120245538772890644&utm_term=120245538772880644&utm_campaign=120245538772870644" "Mozilla/5.0 (Linux; Android 14; SM-A528B Build/UP1A.231005.007) AppleWebKit/537.36 (KHTML, like Gecko) Version/4.0 Chrome/149.0.7827.83 Mobile Safari/537.36 [FB_IAB/FB4A;FBAV/564.0.0.48.74;IABMV/1;]"
