216.73.217.54 - - [07/Jun/2026:00:18:12 +0200] "GET /loja/page/9/?add-to-cart=1542&doing_wp_cron=1780319098.8176429271697998046875&orderby=popularity HTTP/1.1" 200 63799 "-" "Mozilla/5.0 AppleWebKit/537.36 (KHTML, like Gecko; compatible; ClaudeBot/1.0; +claudebot@anthropic.com)"
216.73.217.54 - - [07/Jun/2026:00:18:16 +0200] "GET /loja/page/5/?add-to-cart=697&doing_wp_cron=1780529684.9311110973358154296875&orderby=popularity HTTP/1.1" 200 64023 "-" "Mozilla/5.0 AppleWebKit/537.36 (KHTML, like Gecko; compatible; ClaudeBot/1.0; +claudebot@anthropic.com)"
216.73.217.54 - - [07/Jun/2026:00:18:18 +0200] "GET /loja/page/8/?add-to-cart=2015&doing_wp_cron=1780384400.8176770210266113281250&orderby=popularity HTTP/1.1" 200 64111 "-" "Mozilla/5.0 AppleWebKit/537.36 (KHTML, like Gecko; compatible; ClaudeBot/1.0; +claudebot@anthropic.com)"
114.119.150.140 - - [07/Jun/2026:00:18:19 +0200] "GET /loja/page/6/?orderby=date&doing_wp_cron=1682460137.8951790332794189453125 HTTP/1.1" 200 60321 "https://www.baudefruta.pt/loja/page/8/?orderby=date&doing_wp_cron=1682460137.8951790332794189453125" "Mozilla/5.0 (Linux; Android 7.0;) AppleWebKit/537.36 (HTML, like Gecko) Mobile Safari/537.36 (compatible; PetalBot;+https://webmaster.petalsearch.com/site/petalbot)"
5.49.225.24 - - [07/Jun/2026:00:18:20 +0200] "GET /categoria-produto/mercearia/page/5/?add-to-cart=649&doing_wp_cron=1779781668.2741489410400390625000&orderby=date HTTP/1.1" 200 60746 "-" "Mozilla/5.0 (iPhone; CPU iPhone OS 13_7 like Mac OS X) AppleWebKit/532.1 (KHTML, like Gecko) CriOS/38.0.843.0 Mobile/84L149 Safari/532.1"
216.73.217.54 - - [07/Jun/2026:00:18:21 +0200] "GET /loja/page/9/?add-to-cart=784&doing_wp_cron=1780356259.9063909053802490234375&orderby=popularity HTTP/1.1" 200 64193 "-" "Mozilla/5.0 AppleWebKit/537.36 (KHTML, like Gecko; compatible; ClaudeBot/1.0; +claudebot@anthropic.com)"
178.16.52.137 - - [07/Jun/2026:00:18:24 +0200] "POST /wp-login.php?action=register HTTP/1.1" 403 146 "-" "-"
216.73.217.54 - - [07/Jun/2026:00:18:24 +0200] "GET /loja/?add-to-cart=543&doing_wp_cron=1780328969.7069408893585205078125&orderby=date HTTP/1.1" 200 63781 "-" "Mozilla/5.0 AppleWebKit/537.36 (KHTML, like Gecko; compatible; ClaudeBot/1.0; +claudebot@anthropic.com)"
216.73.217.54 - - [07/Jun/2026:00:18:27 +0200] "GET /produto/azeitona-galega/?add-to-cart=561&doing_wp_cron=1780592539.3266251087188720703125 HTTP/1.1" 200 62123 "-" "Mozilla/5.0 AppleWebKit/537.36 (KHTML, like Gecko; compatible; ClaudeBot/1.0; +claudebot@anthropic.com)"
216.73.217.54 - - [07/Jun/2026:00:18:30 +0200] "GET /loja/page/7/?add-to-cart=492&doing_wp_cron=1780468220.8436799049377441406250&orderby=date HTTP/1.1" 200 64150 "-" "Mozilla/5.0 AppleWebKit/537.36 (KHTML, like Gecko; compatible; ClaudeBot/1.0; +claudebot@anthropic.com)"
216.73.217.54 - - [07/Jun/2026:00:18:33 +0200] "GET /loja/page/2/?add-to-cart=419&doing_wp_cron=1780476177.9127869606018066406250&orderby=popularity HTTP/1.1" 200 64146 "-" "Mozilla/5.0 AppleWebKit/537.36 (KHTML, like Gecko; compatible; ClaudeBot/1.0; +claudebot@anthropic.com)"
216.73.217.54 - - [07/Jun/2026:00:18:36 +0200] "GET /loja/page/7/?add-to-cart=704&doing_wp_cron=1780566172.3904969692230224609375&orderby=popularity HTTP/1.1" 200 64905 "-" "Mozilla/5.0 AppleWebKit/537.36 (KHTML, like Gecko; compatible; ClaudeBot/1.0; +claudebot@anthropic.com)"
216.73.217.54 - - [07/Jun/2026:00:18:39 +0200] "GET /loja/page/4/?add-to-cart=4229&doing_wp_cron=1780445092.3632619380950927734375&orderby=popularity HTTP/1.1" 200 64686 "-" "Mozilla/5.0 AppleWebKit/537.36 (KHTML, like Gecko; compatible; ClaudeBot/1.0; +claudebot@anthropic.com)"
216.73.217.54 - - [07/Jun/2026:00:18:42 +0200] "GET /loja/page/9/?add-to-cart=561&doing_wp_cron=1780415118.9577500820159912109375&orderby=popularity HTTP/1.1" 200 65084 "-" "Mozilla/5.0 AppleWebKit/537.36 (KHTML, like Gecko; compatible; ClaudeBot/1.0; +claudebot@anthropic.com)"
216.73.217.54 - - [07/Jun/2026:00:18:45 +0200] "GET /loja/page/11/?add-to-cart=743&doing_wp_cron=1780614619.3051850795745849609375&orderby=menu_order HTTP/1.1" 200 64319 "-" "Mozilla/5.0 AppleWebKit/537.36 (KHTML, like Gecko; compatible; ClaudeBot/1.0; +claudebot@anthropic.com)"
216.73.217.54 - - [07/Jun/2026:00:18:49 +0200] "GET /loja/page/3/?add-to-cart=1728&doing_wp_cron=1780259424.5276329517364501953125&orderby=popularity HTTP/1.1" 200 65111 "-" "Mozilla/5.0 AppleWebKit/537.36 (KHTML, like Gecko; compatible; ClaudeBot/1.0; +claudebot@anthropic.com)"
216.73.217.54 - - [07/Jun/2026:00:18:52 +0200] "GET /loja/page/8/?add-to-cart=574&doing_wp_cron=1780345137.3122010231018066406250&orderby=date HTTP/1.1" 200 65014 "-" "Mozilla/5.0 AppleWebKit/537.36 (KHTML, like Gecko; compatible; ClaudeBot/1.0; +claudebot@anthropic.com)"
216.73.217.54 - - [07/Jun/2026:00:18:54 +0200] "GET /loja/page/4/?add-to-cart=454&doing_wp_cron=1780462940.9905130863189697265625&orderby=date HTTP/1.1" 200 65608 "-" "Mozilla/5.0 AppleWebKit/537.36 (KHTML, like Gecko; compatible; ClaudeBot/1.0; +claudebot@anthropic.com)"
216.73.217.54 - - [07/Jun/2026:00:18:58 +0200] "GET /loja/page/5/?add-to-cart=1134&doing_wp_cron=1780529684.9311110973358154296875&orderby=menu_order HTTP/1.1" 200 65521 "-" "Mozilla/5.0 AppleWebKit/537.36 (KHTML, like Gecko; compatible; ClaudeBot/1.0; +claudebot@anthropic.com)"
216.73.217.54 - - [07/Jun/2026:00:19:01 +0200] "GET /loja/page/5/?add-to-cart=767&doing_wp_cron=1780566258.6879949569702148437500&orderby=date HTTP/1.1" 200 65804 "-" "Mozilla/5.0 AppleWebKit/537.36 (KHTML, like Gecko; compatible; ClaudeBot/1.0; +claudebot@anthropic.com)"
216.73.217.54 - - [07/Jun/2026:00:19:04 +0200] "GET /loja/page/5/?add-to-cart=547&doing_wp_cron=1780445098.1589419841766357421875&orderby=popularity HTTP/1.1" 200 66314 "-" "Mozilla/5.0 AppleWebKit/537.36 (KHTML, like Gecko; compatible; ClaudeBot/1.0; +claudebot@anthropic.com)"
216.73.217.54 - - [07/Jun/2026:00:19:07 +0200] "GET /loja/page/9/?add-to-cart=702&doing_wp_cron=1780426458.2645881175994873046875&orderby=popularity HTTP/1.1" 200 66522 "-" "Mozilla/5.0 AppleWebKit/537.36 (KHTML, like Gecko; compatible; ClaudeBot/1.0; +claudebot@anthropic.com)"
216.73.217.54 - - [07/Jun/2026:00:19:10 +0200] "GET /categoria-produto/mercearia/?add-to-cart=2043&doing_wp_cron=1780484479.3946309089660644531250&orderby=popularity HTTP/1.1" 200 66385 "-" "Mozilla/5.0 AppleWebKit/537.36 (KHTML, like Gecko; compatible; ClaudeBot/1.0; +claudebot@anthropic.com)"
216.73.217.54 - - [07/Jun/2026:00:19:13 +0200] "GET /loja/page/4/?add-to-cart=4224&doing_wp_cron=1780426458.2645881175994873046875&orderby=popularity HTTP/1.1" 200 66519 "-" "Mozilla/5.0 AppleWebKit/537.36 (KHTML, like Gecko; compatible; ClaudeBot/1.0; +claudebot@anthropic.com)"
216.73.217.54 - - [07/Jun/2026:00:19:15 +0200] "GET /loja/page/4/?add-to-cart=478&doing_wp_cron=1780445098.1589419841766357421875&orderby=popularity HTTP/1.1" 200 66687 "-" "Mozilla/5.0 AppleWebKit/537.36 (KHTML, like Gecko; compatible; ClaudeBot/1.0; +claudebot@anthropic.com)"
216.73.217.54 - - [07/Jun/2026:00:19:19 +0200] "GET /loja/page/6/?add-to-cart=901&doing_wp_cron=1780707128.9171800613403320312500&orderby=menu_order HTTP/1.1" 200 66608 "-" "Mozilla/5.0 AppleWebKit/537.36 (KHTML, like Gecko; compatible; ClaudeBot/1.0; +claudebot@anthropic.com)"
216.73.217.54 - - [07/Jun/2026:00:19:22 +0200] "GET /loja/page/3/?add-to-cart=345&doing_wp_cron=1780521319.6477649211883544921875&orderby=date HTTP/1.1" 200 68089 "-" "Mozilla/5.0 AppleWebKit/537.36 (KHTML, like Gecko; compatible; ClaudeBot/1.0; +claudebot@anthropic.com)"
216.73.217.54 - - [07/Jun/2026:00:19:25 +0200] "GET /loja/page/5/?add-to-cart=3519&doing_wp_cron=1780678029.4306600093841552734375&orderby=popularity HTTP/1.1" 200 68695 "-" "Mozilla/5.0 AppleWebKit/537.36 (KHTML, like Gecko; compatible; ClaudeBot/1.0; +claudebot@anthropic.com)"
216.73.217.54 - - [07/Jun/2026:00:19:28 +0200] "GET /loja/page/6/?add-to-cart=792&doing_wp_cron=1780407057.6045830249786376953125&orderby=menu_order HTTP/1.1" 200 68359 "-" "Mozilla/5.0 AppleWebKit/537.36 (KHTML, like Gecko; compatible; ClaudeBot/1.0; +claudebot@anthropic.com)"
216.73.217.54 - - [07/Jun/2026:00:19:31 +0200] "GET /loja/page/3/?add-to-cart=4236&doing_wp_cron=1780415098.0220060348510742187500&orderby=date HTTP/1.1" 200 68702 "-" "Mozilla/5.0 AppleWebKit/537.36 (KHTML, like Gecko; compatible; ClaudeBot/1.0; +claudebot@anthropic.com)"
216.73.217.54 - - [07/Jun/2026:00:19:34 +0200] "GET /loja/page/5/?add-to-cart=466&doing_wp_cron=1780384400.8176770210266113281250&orderby=menu_order HTTP/1.1" 200 68864 "-" "Mozilla/5.0 AppleWebKit/537.36 (KHTML, like Gecko; compatible; ClaudeBot/1.0; +claudebot@anthropic.com)"
216.73.217.54 - - [07/Jun/2026:00:19:37 +0200] "GET /categoria-produto/mercearia/?add-to-cart=2014&doing_wp_cron=1780385518.5997540950775146484375&orderby=popularity HTTP/1.1" 200 69225 "-" "Mozilla/5.0 AppleWebKit/537.36 (KHTML, like Gecko; compatible; ClaudeBot/1.0; +claudebot@anthropic.com)"
216.73.217.54 - - [07/Jun/2026:00:19:40 +0200] "GET /loja/page/6/?add-to-cart=784&doing_wp_cron=1780453183.1994099617004394531250&orderby=popularity HTTP/1.1" 200 69587 "-" "Mozilla/5.0 AppleWebKit/537.36 (KHTML, like Gecko; compatible; ClaudeBot/1.0; +claudebot@anthropic.com)"
114.119.149.254 - - [07/Jun/2026:00:19:42 +0200] "GET /loja/page/6/?orderby=date&doing_wp_cron=1682410908.9549839496612548828125 HTTP/1.1" 200 60320 "https://www.baudefruta.pt/loja/page/7/?orderby=date&doing_wp_cron=1682410908.9549839496612548828125" "Mozilla/5.0 (Linux; Android 7.0;) AppleWebKit/537.36 (HTML, like Gecko) Mobile Safari/537.36 (compatible; PetalBot;+https://webmaster.petalsearch.com/site/petalbot)"
216.73.217.54 - - [07/Jun/2026:00:19:43 +0200] "GET /categoria-produto/mercearia/?add-to-cart=765&doing_wp_cron=1780484479.3946309089660644531250&orderby=menu_order HTTP/1.1" 200 69040 "-" "Mozilla/5.0 AppleWebKit/537.36 (KHTML, like Gecko; compatible; ClaudeBot/1.0; +claudebot@anthropic.com)"
216.73.217.54 - - [07/Jun/2026:00:19:45 +0200] "GET /loja/page/2/?add-to-cart=763&doing_wp_cron=1780566298.2314720153808593750000&orderby=menu_order HTTP/1.1" 200 69550 "-" "Mozilla/5.0 AppleWebKit/537.36 (KHTML, like Gecko; compatible; ClaudeBot/1.0; +claudebot@anthropic.com)"
216.73.217.54 - - [07/Jun/2026:00:19:49 +0200] "GET /categoria-produto/mercearia/?add-to-cart=895&doing_wp_cron=1780376541.5817520618438720703125&orderby=menu_order HTTP/1.1" 200 69408 "-" "Mozilla/5.0 AppleWebKit/537.36 (KHTML, like Gecko; compatible; ClaudeBot/1.0; +claudebot@anthropic.com)"
216.73.217.54 - - [07/Jun/2026:00:19:52 +0200] "GET /loja/page/7/?add-to-cart=439&doing_wp_cron=1780326079.0621399879455566406250&orderby=date HTTP/1.1" 200 69806 "-" "Mozilla/5.0 AppleWebKit/537.36 (KHTML, like Gecko; compatible; ClaudeBot/1.0; +claudebot@anthropic.com)"
216.73.217.54 - - [07/Jun/2026:00:19:54 +0200] "GET /produto/alface-iberica-250gr/?add-to-cart=466&doing_wp_cron=1764177327.5529019832611083984375 HTTP/1.1" 200 67927 "-" "Mozilla/5.0 AppleWebKit/537.36 (KHTML, like Gecko; compatible; ClaudeBot/1.0; +claudebot@anthropic.com)"
216.73.217.54 - - [07/Jun/2026:00:19:58 +0200] "GET /loja/page/5/?add-to-cart=589&doing_wp_cron=1780644489.7822089195251464843750&orderby=menu_order HTTP/1.1" 200 69867 "-" "Mozilla/5.0 AppleWebKit/537.36 (KHTML, like Gecko; compatible; ClaudeBot/1.0; +claudebot@anthropic.com)"
216.73.217.54 - - [07/Jun/2026:00:20:01 +0200] "GET /produto/miolo-de-noz/?add-to-cart=4338&doing_wp_cron=1780524979.0474390983581542968750 HTTP/1.1" 200 68214 "-" "Mozilla/5.0 AppleWebKit/537.36 (KHTML, like Gecko; compatible; ClaudeBot/1.0; +claudebot@anthropic.com)"
216.73.217.54 - - [07/Jun/2026:00:20:05 +0200] "GET /loja/page/9/?add-to-cart=545&doing_wp_cron=1780429678.1482779979705810546875&orderby=date HTTP/1.1" 200 69700 "-" "Mozilla/5.0 AppleWebKit/537.36 (KHTML, like Gecko; compatible; ClaudeBot/1.0; +claudebot@anthropic.com)"
216.73.217.54 - - [07/Jun/2026:00:20:07 +0200] "GET /loja/page/10/?add-to-cart=502&doing_wp_cron=1780592600.4927670955657958984375&orderby=popularity HTTP/1.1" 200 70923 "-" "Mozilla/5.0 AppleWebKit/537.36 (KHTML, like Gecko; compatible; ClaudeBot/1.0; +claudebot@anthropic.com)"
216.73.217.54 - - [07/Jun/2026:00:20:10 +0200] "GET /loja/page/2/?add-to-cart=3520&doing_wp_cron=1780466997.9201788902282714843750&orderby=date HTTP/1.1" 200 70382 "-" "Mozilla/5.0 AppleWebKit/537.36 (KHTML, like Gecko; compatible; ClaudeBot/1.0; +claudebot@anthropic.com)"
216.73.217.54 - - [07/Jun/2026:00:20:13 +0200] "GET /loja/page/11/?add-to-cart=819&doing_wp_cron=1780566258.6879949569702148437500&orderby=popularity HTTP/1.1" 200 70639 "-" "Mozilla/5.0 AppleWebKit/537.36 (KHTML, like Gecko; compatible; ClaudeBot/1.0; +claudebot@anthropic.com)"
216.73.217.54 - - [07/Jun/2026:00:20:16 +0200] "GET /loja/page/4/?add-to-cart=823&doing_wp_cron=1780505720.8375179767608642578125&orderby=menu_order HTTP/1.1" 200 71177 "-" "Mozilla/5.0 AppleWebKit/537.36 (KHTML, like Gecko; compatible; ClaudeBot/1.0; +claudebot@anthropic.com)"
216.73.217.54 - - [07/Jun/2026:00:20:19 +0200] "GET /loja/page/3/?add-to-cart=1125&doing_wp_cron=1780525352.6028890609741210937500&orderby=popularity HTTP/1.1" 200 71182 "-" "Mozilla/5.0 AppleWebKit/537.36 (KHTML, like Gecko; compatible; ClaudeBot/1.0; +claudebot@anthropic.com)"
216.73.217.54 - - [07/Jun/2026:00:20:22 +0200] "GET /loja/page/9/?add-to-cart=567&doing_wp_cron=1780066683.4503800868988037109375&orderby=date HTTP/1.1" 200 70613 "-" "Mozilla/5.0 AppleWebKit/537.36 (KHTML, like Gecko; compatible; ClaudeBot/1.0; +claudebot@anthropic.com)"
216.73.217.54 - - [07/Jun/2026:00:20:25 +0200] "GET /categoria-produto/mercearia/?add-to-cart=763&doing_wp_cron=1780376541.5817520618438720703125&orderby=menu_order HTTP/1.1" 200 71063 "-" "Mozilla/5.0 AppleWebKit/537.36 (KHTML, like Gecko; compatible; ClaudeBot/1.0; +claudebot@anthropic.com)"
216.73.217.54 - - [07/Jun/2026:00:20:28 +0200] "GET /loja/page/7/?add-to-cart=891&doing_wp_cron=1780529684.9311110973358154296875&orderby=menu_order HTTP/1.1" 200 71387 "-" "Mozilla/5.0 AppleWebKit/537.36 (KHTML, like Gecko; compatible; ClaudeBot/1.0; +claudebot@anthropic.com)"
216.73.217.54 - - [07/Jun/2026:00:20:31 +0200] "GET /loja/page/3/?add-to-cart=4779&doing_wp_cron=1780486432.4119439125061035156250&orderby=menu_order HTTP/1.1" 200 71194 "-" "Mozilla/5.0 AppleWebKit/537.36 (KHTML, like Gecko; compatible; ClaudeBot/1.0; +claudebot@anthropic.com)"
216.73.217.54 - - [07/Jun/2026:00:20:34 +0200] "GET /loja/page/10/?add-to-cart=825&doing_wp_cron=1780410981.3310050964355468750000&orderby=popularity HTTP/1.1" 200 72193 "-" "Mozilla/5.0 AppleWebKit/537.36 (KHTML, like Gecko; compatible; ClaudeBot/1.0; +claudebot@anthropic.com)"
216.73.217.54 - - [07/Jun/2026:00:20:37 +0200] "GET /categoria-produto/mercearia/?add-to-cart=690&doing_wp_cron=1780290429.9225111007690429687500&orderby=date HTTP/1.1" 200 60662 "-" "Mozilla/5.0 AppleWebKit/537.36 (KHTML, like Gecko; compatible; ClaudeBot/1.0; +claudebot@anthropic.com)"
216.73.217.54 - - [07/Jun/2026:00:20:39 +0200] "GET /loja/page/4/?add-to-cart=1541&doing_wp_cron=1780207778.1771409511566162109375&orderby=popularity HTTP/1.1" 200 61422 "-" "Mozilla/5.0 AppleWebKit/537.36 (KHTML, like Gecko; compatible; ClaudeBot/1.0; +claudebot@anthropic.com)"
91.92.242.223 - - [07/Jun/2026:00:20:42 +0200] "POST /wp-login.php?action=register HTTP/1.1" 403 146 "-" "-"
216.73.217.54 - - [07/Jun/2026:00:20:43 +0200] "GET /loja/page/7/?add-to-cart=4233&doing_wp_cron=1780539324.8090100288391113281250&orderby=menu_order HTTP/1.1" 200 61628 "-" "Mozilla/5.0 AppleWebKit/537.36 (KHTML, like Gecko; compatible; ClaudeBot/1.0; +claudebot@anthropic.com)"
216.73.217.54 - - [07/Jun/2026:00:20:46 +0200] "GET /loja/page/3/?add-to-cart=408&doing_wp_cron=1780566298.2314720153808593750000&orderby=menu_order HTTP/1.1" 200 61367 "-" "Mozilla/5.0 AppleWebKit/537.36 (KHTML, like Gecko; compatible; ClaudeBot/1.0; +claudebot@anthropic.com)"
216.73.217.54 - - [07/Jun/2026:00:20:49 +0200] "GET /loja/page/7/?add-to-cart=423&doing_wp_cron=1780557416.2362558841705322265625&orderby=popularity HTTP/1.1" 200 62449 "-" "Mozilla/5.0 AppleWebKit/537.36 (KHTML, like Gecko; compatible; ClaudeBot/1.0; +claudebot@anthropic.com)"
216.73.217.54 - - [07/Jun/2026:00:20:52 +0200] "GET /loja/page/4/?add-to-cart=1542&doing_wp_cron=1780466997.9201788902282714843750&orderby=date HTTP/1.1" 200 62339 "-" "Mozilla/5.0 AppleWebKit/537.36 (KHTML, like Gecko; compatible; ClaudeBot/1.0; +claudebot@anthropic.com)"
216.73.217.54 - - [07/Jun/2026:00:20:55 +0200] "GET /loja/page/2/?add-to-cart=490&doing_wp_cron=1780471500.7316999435424804687500&orderby=popularity HTTP/1.1" 200 62204 "-" "Mozilla/5.0 AppleWebKit/537.36 (KHTML, like Gecko; compatible; ClaudeBot/1.0; +claudebot@anthropic.com)"
216.73.217.54 - - [07/Jun/2026:00:20:58 +0200] "GET /loja/page/5/?add-to-cart=934&doing_wp_cron=1780471452.7089319229125976562500&orderby=menu_order HTTP/1.1" 200 62476 "-" "Mozilla/5.0 AppleWebKit/537.36 (KHTML, like Gecko; compatible; ClaudeBot/1.0; +claudebot@anthropic.com)"
216.73.217.54 - - [07/Jun/2026:00:21:01 +0200] "GET /loja/page/6/?add-to-cart=737&doing_wp_cron=1780208025.6175029277801513671875&orderby=popularity HTTP/1.1" 200 63282 "-" "Mozilla/5.0 AppleWebKit/537.36 (KHTML, like Gecko; compatible; ClaudeBot/1.0; +claudebot@anthropic.com)"
216.73.217.54 - - [07/Jun/2026:00:21:04 +0200] "GET /loja/page/10/?add-to-cart=715&doing_wp_cron=1780496838.3491590023040771484375&orderby=menu_order HTTP/1.1" 200 63188 "-" "Mozilla/5.0 AppleWebKit/537.36 (KHTML, like Gecko; compatible; ClaudeBot/1.0; +claudebot@anthropic.com)"
216.73.217.54 - - [07/Jun/2026:00:21:07 +0200] "GET /loja/page/3/?add-to-cart=1984&doing_wp_cron=1780066683.4503800868988037109375&orderby=date HTTP/1.1" 200 63138 "-" "Mozilla/5.0 AppleWebKit/537.36 (KHTML, like Gecko; compatible; ClaudeBot/1.0; +claudebot@anthropic.com)"
114.119.141.203 - - [07/Jun/2026:00:21:07 +0200] "GET /loja/page/6/?orderby=date&doing_wp_cron=1682254222.7798678874969482421875 HTTP/1.1" 200 60318 "https://www.baudefruta.pt/loja/page/6/?orderby=popularity&doing_wp_cron=1682254222.7798678874969482421875" "Mozilla/5.0 (Linux; Android 7.0;) AppleWebKit/537.36 (HTML, like Gecko) Mobile Safari/537.36 (compatible; PetalBot;+https://webmaster.petalsearch.com/site/petalbot)"
216.73.217.54 - - [07/Jun/2026:00:21:10 +0200] "GET /loja/page/4/?add-to-cart=2034&doing_wp_cron=1780383896.6204249858856201171875&orderby=date HTTP/1.1" 200 63671 "-" "Mozilla/5.0 AppleWebKit/537.36 (KHTML, like Gecko; compatible; ClaudeBot/1.0; +claudebot@anthropic.com)"
216.73.217.54 - - [07/Jun/2026:00:21:13 +0200] "GET /loja/page/6/?add-to-cart=712&doing_wp_cron=1780453183.1994099617004394531250&orderby=menu_order HTTP/1.1" 200 63433 "-" "Mozilla/5.0 AppleWebKit/537.36 (KHTML, like Gecko; compatible; ClaudeBot/1.0; +claudebot@anthropic.com)"
216.73.217.54 - - [07/Jun/2026:00:21:16 +0200] "GET /loja/page/7/?add-to-cart=628&doing_wp_cron=1780388658.8284630775451660156250&orderby=date HTTP/1.1" 200 63793 "-" "Mozilla/5.0 AppleWebKit/537.36 (KHTML, like Gecko; compatible; ClaudeBot/1.0; +claudebot@anthropic.com)"
216.73.217.54 - - [07/Jun/2026:00:21:19 +0200] "GET /categoria-produto/mercearia/?add-to-cart=2033&doing_wp_cron=1780360218.8901851177215576171875&orderby=date HTTP/1.1" 200 63531 "-" "Mozilla/5.0 AppleWebKit/537.36 (KHTML, like Gecko; compatible; ClaudeBot/1.0; +claudebot@anthropic.com)"
216.73.217.54 - - [07/Jun/2026:00:21:22 +0200] "GET /loja/page/7/?add-to-cart=547&doing_wp_cron=1780398980.3144240379333496093750&orderby=menu_order HTTP/1.1" 200 64145 "-" "Mozilla/5.0 AppleWebKit/537.36 (KHTML, like Gecko; compatible; ClaudeBot/1.0; +claudebot@anthropic.com)"
216.73.217.54 - - [07/Jun/2026:00:21:25 +0200] "GET /loja/page/4/?add-to-cart=555&doing_wp_cron=1780552136.4866590499877929687500&orderby=date HTTP/1.1" 200 64559 "-" "Mozilla/5.0 AppleWebKit/537.36 (KHTML, like Gecko; compatible; ClaudeBot/1.0; +claudebot@anthropic.com)"
216.73.217.54 - - [07/Jun/2026:00:21:28 +0200] "GET /loja/page/7/?add-to-cart=593&doing_wp_cron=1780484080.3415489196777343750000&orderby=date HTTP/1.1" 200 64480 "-" "Mozilla/5.0 AppleWebKit/537.36 (KHTML, like Gecko; compatible; ClaudeBot/1.0; +claudebot@anthropic.com)"
216.73.217.54 - - [07/Jun/2026:00:21:31 +0200] "GET /loja/page/9/?add-to-cart=519&doing_wp_cron=1780580458.8401908874511718750000&orderby=date HTTP/1.1" 200 63999 "-" "Mozilla/5.0 AppleWebKit/537.36 (KHTML, like Gecko; compatible; ClaudeBot/1.0; +claudebot@anthropic.com)"
216.73.217.54 - - [07/Jun/2026:00:21:34 +0200] "GET /categoria-produto/mercearia/?add-to-cart=788&doing_wp_cron=1780679592.3145740032196044921875&orderby=popularity HTTP/1.1" 200 64962 "-" "Mozilla/5.0 AppleWebKit/537.36 (KHTML, like Gecko; compatible; ClaudeBot/1.0; +claudebot@anthropic.com)"
216.73.217.54 - - [07/Jun/2026:00:21:37 +0200] "GET /loja/page/3/?add-to-cart=602&doing_wp_cron=1780490816.3358080387115478515625&orderby=date HTTP/1.1" 200 64980 "-" "Mozilla/5.0 AppleWebKit/537.36 (KHTML, like Gecko; compatible; ClaudeBot/1.0; +claudebot@anthropic.com)"
47.128.42.84 - - [07/Jun/2026:00:21:38 +0200] "GET /loja/?doing_wp_cron=1742652931.8845040798187255859375&orderby=popularity HTTP/1.1" 200 60100 "-" "Mozilla/5.0 (Linux; Android 5.0) AppleWebKit/537.36 (KHTML, like Gecko) Mobile Safari/537.36 (compatible; Bytespider; spider-feedback@bytedance.com)"
47.128.42.84 - - [07/Jun/2026:00:21:39 +0200] "GET /wp-content/plugins/woocommerce-product-bundles/assets/css/frontend/woocommerce.css?ver=6.0.1 HTTP/1.1" 200 607 "https://www.baudefruta.pt/loja/?doing_wp_cron=1742652931.8845040798187255859375&orderby=popularity" "Mozilla/5.0 (Linux; Android 5.0) AppleWebKit/537.36 (KHTML, like Gecko) Mobile Safari/537.36 (compatible; Bytespider; spider-feedback@bytedance.com)"
47.128.42.84 - - [07/Jun/2026:00:21:40 +0200] "GET /wp-content/uploads/2021/06/BV001-batata_vermelha-uai-1375x1375.jpg HTTP/1.1" 206 500 "https://www.baudefruta.pt/loja/?doing_wp_cron=1742652931.8845040798187255859375&orderby=popularity" "Mozilla/5.0 (Linux; Android 5.0) AppleWebKit/537.36 (KHTML, like Gecko) Mobile Safari/537.36 (compatible; Bytespider; spider-feedback@bytedance.com)"
40.77.178.177 - - [07/Jun/2026:00:21:40 +0200] "POST /wp-json/pum/v1/analytics/ HTTP/1.1" 204 0 "https://www.baudefruta.pt/categoria-produto/frescos/" "Mozilla/5.0 AppleWebKit/537.36 (KHTML, like Gecko; compatible; bingbot/2.0; +http://www.bing.com/bingbot.htm) Chrome/136.0.0.0 Safari/537.36"
47.128.42.84 - - [07/Jun/2026:00:21:40 +0200] "GET /wp-content/uploads/2021/06/AS001-alho-seco-uai-905x905.jpg HTTP/1.1" 206 500 "https://www.baudefruta.pt/loja/?doing_wp_cron=1742652931.8845040798187255859375&orderby=popularity" "Mozilla/5.0 (Linux; Android 5.0) AppleWebKit/537.36 (KHTML, like Gecko) Mobile Safari/537.36 (compatible; Bytespider; spider-feedback@bytedance.com)"
47.128.42.84 - - [07/Jun/2026:00:21:41 +0200] "GET /wp-content/uploads/2021/08/CLT001-2-600x600.jpg HTTP/1.1" 206 500 "https://www.baudefruta.pt/loja/?doing_wp_cron=1742652931.8845040798187255859375&orderby=popularity" "Mozilla/5.0 (Linux; Android 5.0) AppleWebKit/537.36 (KHTML, like Gecko) Mobile Safari/537.36 (compatible; Bytespider; spider-feedback@bytedance.com)"
47.128.42.84 - - [07/Jun/2026:00:21:41 +0200] "GET /wp-content/uploads/2021/06/AG001-agriao-biologico-uai-330x330.jpg HTTP/1.1" 206 500 "https://www.baudefruta.pt/loja/?doing_wp_cron=1742652931.8845040798187255859375&orderby=popularity" "Mozilla/5.0 (Linux; Android 5.0) AppleWebKit/537.36 (KHTML, like Gecko) Mobile Safari/537.36 (compatible; Bytespider; spider-feedback@bytedance.com)"
47.128.42.84 - - [07/Jun/2026:00:21:41 +0200] "GET /wp-content/uploads/2021/05/bau_livroreclamacoes.svg HTTP/1.1" 206 500 "https://www.baudefruta.pt/loja/?doing_wp_cron=1742652931.8845040798187255859375&orderby=popularity" "Mozilla/5.0 (Linux; Android 5.0) AppleWebKit/537.36 (KHTML, like Gecko) Mobile Safari/537.36 (compatible; Bytespider; spider-feedback@bytedance.com)"
47.128.42.84 - - [07/Jun/2026:00:21:41 +0200] "GET /wp-content/uploads/2021/06/BV001-batata_vermelha-uai-1375x1375.jpg HTTP/1.1" 304 0 "https://www.baudefruta.pt/loja/?doing_wp_cron=1742652931.8845040798187255859375&orderby=popularity" "Mozilla/5.0 (Linux; Android 5.0) AppleWebKit/537.36 (KHTML, like Gecko) Mobile Safari/537.36 (compatible; Bytespider; spider-feedback@bytedance.com)"
47.128.42.84 - - [07/Jun/2026:00:21:41 +0200] "GET /wp-content/uploads/2021/07/bau_mb_mbway.svg HTTP/1.1" 206 500 "https://www.baudefruta.pt/loja/?doing_wp_cron=1742652931.8845040798187255859375&orderby=popularity" "Mozilla/5.0 (Linux; Android 5.0) AppleWebKit/537.36 (KHTML, like Gecko) Mobile Safari/537.36 (compatible; Bytespider; spider-feedback@bytedance.com)"
47.128.42.84 - - [07/Jun/2026:00:21:41 +0200] "GET /wp-content/uploads/2021/05/bau_livroreclamacoes.svg HTTP/1.1" 304 0 "https://www.baudefruta.pt/loja/?doing_wp_cron=1742652931.8845040798187255859375&orderby=popularity" "Mozilla/5.0 (Linux; Android 5.0) AppleWebKit/537.36 (KHTML, like Gecko) Mobile Safari/537.36 (compatible; Bytespider; spider-feedback@bytedance.com)"
47.128.42.84 - - [07/Jun/2026:00:21:41 +0200] "GET /wp-content/uploads/2021/07/bau_mb_mbway.svg HTTP/1.1" 304 0 "https://www.baudefruta.pt/loja/?doing_wp_cron=1742652931.8845040798187255859375&orderby=popularity" "Mozilla/5.0 (Linux; Android 5.0) AppleWebKit/537.36 (KHTML, like Gecko) Mobile Safari/537.36 (compatible; Bytespider; spider-feedback@bytedance.com)"
47.128.42.84 - - [07/Jun/2026:00:21:42 +0200] "GET /wp-content/uploads/2021/05/bau_livroreclamacoes.svg HTTP/1.1" 200 2886 "https://www.baudefruta.pt/loja/?doing_wp_cron=1742652931.8845040798187255859375&orderby=popularity" "Mozilla/5.0 (Linux; Android 5.0) AppleWebKit/537.36 (KHTML, like Gecko) Mobile Safari/537.36 (compatible; Bytespider; spider-feedback@bytedance.com)"
47.128.42.84 - - [07/Jun/2026:00:21:42 +0200] "GET /wp-content/uploads/2021/07/bau_mb_mbway.svg HTTP/1.1" 200 5318 "https://www.baudefruta.pt/loja/?doing_wp_cron=1742652931.8845040798187255859375&orderby=popularity" "Mozilla/5.0 (Linux; Android 5.0) AppleWebKit/537.36 (KHTML, like Gecko) Mobile Safari/537.36 (compatible; Bytespider; spider-feedback@bytedance.com)"
47.128.42.84 - - [07/Jun/2026:00:21:42 +0200] "GET /wp-content/uploads/2021/06/BV001-batata_vermelha-uai-1375x1375.jpg HTTP/1.1" 206 232606 "https://www.baudefruta.pt/loja/?doing_wp_cron=1742652931.8845040798187255859375&orderby=popularity" "Mozilla/5.0 (Linux; Android 5.0) AppleWebKit/537.36 (KHTML, like Gecko) Mobile Safari/537.36 (compatible; Bytespider; spider-feedback@bytedance.com)"
216.73.217.54 - - [07/Jun/2026:00:21:42 +0200] "GET /categoria-produto/mercearia/page/6/?doing_wp_cron=1780317922.8176350593566894531250&orderby=price HTTP/1.1" 200 58319 "-" "Mozilla/5.0 AppleWebKit/537.36 (KHTML, like Gecko; compatible; ClaudeBot/1.0; +claudebot@anthropic.com)"
216.73.217.54 - - [07/Jun/2026:00:21:45 +0200] "GET /loja/page/2/?add-to-cart=444&doing_wp_cron=1780471452.7089319229125976562500&orderby=popularity HTTP/1.1" 200 61031 "-" "Mozilla/5.0 AppleWebKit/537.36 (KHTML, like Gecko; compatible; ClaudeBot/1.0; +claudebot@anthropic.com)"
216.73.217.54 - - [07/Jun/2026:00:21:48 +0200] "GET /produto/alface-iberica-125gr/?add-to-cart=575&doing_wp_cron=1780415698.8832828998565673828125 HTTP/1.1" 200 59364 "-" "Mozilla/5.0 AppleWebKit/537.36 (KHTML, like Gecko; compatible; ClaudeBot/1.0; +claudebot@anthropic.com)"
216.73.217.54 - - [07/Jun/2026:00:21:51 +0200] "GET /loja/page/10/?add-to-cart=733&doing_wp_cron=1780462762.0583889484405517578125&orderby=menu_order HTTP/1.1" 200 61817 "-" "Mozilla/5.0 AppleWebKit/537.36 (KHTML, like Gecko; compatible; ClaudeBot/1.0; +claudebot@anthropic.com)"
216.73.217.54 - - [07/Jun/2026:00:21:54 +0200] "GET /loja/page/8/?add-to-cart=651&doing_wp_cron=1780066683.4503800868988037109375&orderby=date HTTP/1.1" 200 61634 "-" "Mozilla/5.0 AppleWebKit/537.36 (KHTML, like Gecko; compatible; ClaudeBot/1.0; +claudebot@anthropic.com)"
216.73.217.54 - - [07/Jun/2026:00:21:57 +0200] "GET /loja/page/3/?add-to-cart=484&doing_wp_cron=1780429699.1848499774932861328125&orderby=menu_order HTTP/1.1" 200 61717 "-" "Mozilla/5.0 AppleWebKit/537.36 (KHTML, like Gecko; compatible; ClaudeBot/1.0; +claudebot@anthropic.com)"
216.73.217.54 - - [07/Jun/2026:00:22:00 +0200] "GET /loja/page/8/?add-to-cart=552&doing_wp_cron=1780420099.1374759674072265625000&orderby=menu_order HTTP/1.1" 200 62101 "-" "Mozilla/5.0 AppleWebKit/537.36 (KHTML, like Gecko; compatible; ClaudeBot/1.0; +claudebot@anthropic.com)"
216.73.217.54 - - [07/Jun/2026:00:22:03 +0200] "GET /loja/?add-to-cart=4226&doing_wp_cron=1780553398.6100089550018310546875&orderby=price HTTP/1.1" 200 62375 "-" "Mozilla/5.0 AppleWebKit/537.36 (KHTML, like Gecko; compatible; ClaudeBot/1.0; +claudebot@anthropic.com)"
216.73.217.54 - - [07/Jun/2026:00:22:06 +0200] "GET /loja/page/3/?add-to-cart=1990&doing_wp_cron=1780700779.0279970169067382812500&orderby=date HTTP/1.1" 200 62616 "-" "Mozilla/5.0 AppleWebKit/537.36 (KHTML, like Gecko; compatible; ClaudeBot/1.0; +claudebot@anthropic.com)"
216.73.217.54 - - [07/Jun/2026:00:22:09 +0200] "GET /loja/page/6/?add-to-cart=725&doing_wp_cron=1780424125.1127629280090332031250&orderby=menu_order HTTP/1.1" 200 62756 "-" "Mozilla/5.0 AppleWebKit/537.36 (KHTML, like Gecko; compatible; ClaudeBot/1.0; +claudebot@anthropic.com)"
216.73.217.54 - - [07/Jun/2026:00:22:12 +0200] "GET /loja/page/11/?add-to-cart=1645&doing_wp_cron=1780383836.4200708866119384765625&orderby=menu_order HTTP/1.1" 200 62644 "-" "Mozilla/5.0 AppleWebKit/537.36 (KHTML, like Gecko; compatible; ClaudeBot/1.0; +claudebot@anthropic.com)"
216.73.217.54 - - [07/Jun/2026:00:22:15 +0200] "GET /produto/azeitona-preta-oxidada/?add-to-cart=610&doing_wp_cron=1780202861.9026010036468505859375 HTTP/1.1" 200 61538 "-" "Mozilla/5.0 AppleWebKit/537.36 (KHTML, like Gecko; compatible; ClaudeBot/1.0; +claudebot@anthropic.com)"
216.73.217.54 - - [07/Jun/2026:00:22:18 +0200] "GET /loja/page/3/?add-to-cart=1728&doing_wp_cron=1780475905.7238750457763671875000&orderby=popularity HTTP/1.1" 200 63645 "-" "Mozilla/5.0 AppleWebKit/537.36 (KHTML, like Gecko; compatible; ClaudeBot/1.0; +claudebot@anthropic.com)"
216.73.217.54 - - [07/Jun/2026:00:22:21 +0200] "GET /loja/page/2/?add-to-cart=411&doing_wp_cron=1780470504.6510601043701171875000&orderby=date HTTP/1.1" 200 63575 "-" "Mozilla/5.0 AppleWebKit/537.36 (KHTML, like Gecko; compatible; ClaudeBot/1.0; +claudebot@anthropic.com)"
216.73.217.54 - - [07/Jun/2026:00:22:24 +0200] "GET /loja/page/2/?add-to-cart=3517&doing_wp_cron=1780429678.1482779979705810546875&orderby=date HTTP/1.1" 200 63766 "-" "Mozilla/5.0 AppleWebKit/537.36 (KHTML, like Gecko; compatible; ClaudeBot/1.0; +claudebot@anthropic.com)"
216.73.217.54 - - [07/Jun/2026:00:22:27 +0200] "GET /loja/page/10/?add-to-cart=488&doing_wp_cron=1780462878.7975680828094482421875&orderby=date HTTP/1.1" 200 63638 "-" "Mozilla/5.0 AppleWebKit/537.36 (KHTML, like Gecko; compatible; ClaudeBot/1.0; +claudebot@anthropic.com)"
114.119.133.26 - - [07/Jun/2026:00:22:29 +0200] "GET /loja/page/6/?orderby=date&doing_wp_cron=1682075679.3474619388580322265625 HTTP/1.1" 200 60321 "https://www.baudefruta.pt/loja/page/6/?orderby=menu_order&doing_wp_cron=1682075679.3474619388580322265625" "Mozilla/5.0 (Linux; Android 7.0;) AppleWebKit/537.36 (HTML, like Gecko) Mobile Safari/537.36 (compatible; PetalBot;+https://webmaster.petalsearch.com/site/petalbot)"
216.73.217.54 - - [07/Jun/2026:00:22:30 +0200] "GET /loja/page/7/?add-to-cart=421&doing_wp_cron=1780471500.7316999435424804687500&orderby=popularity HTTP/1.1" 200 64755 "-" "Mozilla/5.0 AppleWebKit/537.36 (KHTML, like Gecko; compatible; ClaudeBot/1.0; +claudebot@anthropic.com)"
216.73.217.54 - - [07/Jun/2026:00:22:33 +0200] "GET /categoria-produto/mercearia/?add-to-cart=628&doing_wp_cron=1780541036.9238469600677490234375&orderby=popularity HTTP/1.1" 200 64671 "-" "Mozilla/5.0 AppleWebKit/537.36 (KHTML, like Gecko; compatible; ClaudeBot/1.0; +claudebot@anthropic.com)"
216.73.217.54 - - [07/Jun/2026:00:22:36 +0200] "GET /loja/page/8/?add-to-cart=4781&doing_wp_cron=1780259951.9076659679412841796875&orderby=menu_order HTTP/1.1" 200 64691 "-" "Mozilla/5.0 AppleWebKit/537.36 (KHTML, like Gecko; compatible; ClaudeBot/1.0; +claudebot@anthropic.com)"
216.73.217.54 - - [07/Jun/2026:00:22:39 +0200] "GET /categoria-produto/mercearia/?add-to-cart=795&doing_wp_cron=1780219309.6356399059295654296875&orderby=date HTTP/1.1" 200 64555 "-" "Mozilla/5.0 AppleWebKit/537.36 (KHTML, like Gecko; compatible; ClaudeBot/1.0; +claudebot@anthropic.com)"
216.73.217.54 - - [07/Jun/2026:00:22:44 +0200] "GET /loja/page/6/?add-to-cart=647&doing_wp_cron=1780555563.7996189594268798828125&orderby=date HTTP/1.1" 200 61085 "-" "Mozilla/5.0 AppleWebKit/537.36 (KHTML, like Gecko; compatible; ClaudeBot/1.0; +claudebot@anthropic.com)"
216.73.217.54 - - [07/Jun/2026:00:22:47 +0200] "GET /loja/page/3/?add-to-cart=782&doing_wp_cron=1780356298.9136428833007812500000&orderby=menu_order HTTP/1.1" 200 61095 "-" "Mozilla/5.0 AppleWebKit/537.36 (KHTML, like Gecko; compatible; ClaudeBot/1.0; +claudebot@anthropic.com)"
216.73.217.54 - - [07/Jun/2026:00:22:50 +0200] "GET /loja/?add-to-cart=2039&doing_wp_cron=1780383896.6204249858856201171875&orderby=price HTTP/1.1" 200 61625 "-" "Mozilla/5.0 AppleWebKit/537.36 (KHTML, like Gecko; compatible; ClaudeBot/1.0; +claudebot@anthropic.com)"
66.249.79.137 - - [07/Jun/2026:00:22:50 +0200] "GET /produto/melao-verde/?add-to-cart=458 HTTP/1.1" 302 11 "-" "Mozilla/5.0 (Linux; Android 6.0.1; Nexus 5X Build/MMB29P) AppleWebKit/537.36 (KHTML, like Gecko) Chrome/148.0.7778.96 Mobile Safari/537.36 (compatible; Googlebot/2.1; +http://www.google.com/bot.html)"
66.249.79.138 - - [07/Jun/2026:00:22:52 +0200] "GET /produto/melao-verde/?add-to-cart=458&doing_wp_cron=1780784570.9567151069641113281250 HTTP/1.1" 200 59181 "-" "Mozilla/5.0 (Linux; Android 6.0.1; Nexus 5X Build/MMB29P) AppleWebKit/537.36 (KHTML, like Gecko) Chrome/148.0.7778.96 Mobile Safari/537.36 (compatible; Googlebot/2.1; +http://www.google.com/bot.html)"
216.73.217.54 - - [07/Jun/2026:00:22:53 +0200] "GET /loja/page/11/?add-to-cart=409&doing_wp_cron=1780410981.3310050964355468750000&orderby=date HTTP/1.1" 200 60796 "-" "Mozilla/5.0 AppleWebKit/537.36 (KHTML, like Gecko; compatible; ClaudeBot/1.0; +claudebot@anthropic.com)"
216.73.217.54 - - [07/Jun/2026:00:22:56 +0200] "GET /loja/?add-to-cart=4229&doing_wp_cron=1780535827.7114999294281005859375&orderby=date HTTP/1.1" 200 61885 "-" "Mozilla/5.0 AppleWebKit/537.36 (KHTML, like Gecko; compatible; ClaudeBot/1.0; +claudebot@anthropic.com)"
216.73.217.54 - - [07/Jun/2026:00:22:59 +0200] "GET /loja/page/9/?add-to-cart=535&doing_wp_cron=1780471578.9829709529876708984375&orderby=date HTTP/1.1" 200 61534 "-" "Mozilla/5.0 AppleWebKit/537.36 (KHTML, like Gecko; compatible; ClaudeBot/1.0; +claudebot@anthropic.com)"
216.73.217.54 - - [07/Jun/2026:00:23:02 +0200] "GET /loja/page/3/?add-to-cart=4235&doing_wp_cron=1780415118.9577500820159912109375&orderby=date HTTP/1.1" 200 62439 "-" "Mozilla/5.0 AppleWebKit/537.36 (KHTML, like Gecko; compatible; ClaudeBot/1.0; +claudebot@anthropic.com)"
216.73.217.54 - - [07/Jun/2026:00:23:05 +0200] "GET /loja/?add-to-cart=2015&doing_wp_cron=1780388636.6831140518188476562500&orderby=price HTTP/1.1" 200 62659 "-" "Mozilla/5.0 AppleWebKit/537.36 (KHTML, like Gecko; compatible; ClaudeBot/1.0; +claudebot@anthropic.com)"
216.73.217.54 - - [07/Jun/2026:00:23:08 +0200] "GET /loja/page/6/?add-to-cart=4229&doing_wp_cron=1780707128.9171800613403320312500&orderby=popularity HTTP/1.1" 200 63219 "-" "Mozilla/5.0 AppleWebKit/537.36 (KHTML, like Gecko; compatible; ClaudeBot/1.0; +claudebot@anthropic.com)"
216.73.217.54 - - [07/Jun/2026:00:23:11 +0200] "GET /loja/page/9/?add-to-cart=4779&doing_wp_cron=1768556915.9241640567779541015625&orderby=date HTTP/1.1" 200 62210 "-" "Mozilla/5.0 AppleWebKit/537.36 (KHTML, like Gecko; compatible; ClaudeBot/1.0; +claudebot@anthropic.com)"
216.73.217.54 - - [07/Jun/2026:00:23:14 +0200] "GET /loja/page/4/?add-to-cart=895&doing_wp_cron=1780684508.3641829490661621093750&orderby=date HTTP/1.1" 200 63377 "-" "Mozilla/5.0 AppleWebKit/537.36 (KHTML, like Gecko; compatible; ClaudeBot/1.0; +claudebot@anthropic.com)"
216.244.66.243 - - [07/Jun/2026:00:23:15 +0200] "GET /wp-content/uploads/2021/07/PM5PIM001-dom-duarte-mistura-5-pmentas.png HTTP/1.1" 200 169133 "-" "Mozilla/5.0 (compatible; DotBot/1.2; +https://opensiteexplorer.org/dotbot; help@moz.com)"
216.73.217.54 - - [07/Jun/2026:00:23:17 +0200] "GET /loja/page/11/?add-to-cart=747&doing_wp_cron=1780575383.4784491062164306640625&orderby=menu_order HTTP/1.1" 200 62886 "-" "Mozilla/5.0 AppleWebKit/537.36 (KHTML, like Gecko; compatible; ClaudeBot/1.0; +claudebot@anthropic.com)"
216.73.217.54 - - [07/Jun/2026:00:23:20 +0200] "GET /loja/page/6/?add-to-cart=630&doing_wp_cron=1780438640.8086369037628173828125&orderby=menu_order HTTP/1.1" 200 63509 "-" "Mozilla/5.0 AppleWebKit/537.36 (KHTML, like Gecko; compatible; ClaudeBot/1.0; +claudebot@anthropic.com)"
216.73.217.54 - - [07/Jun/2026:00:23:23 +0200] "GET /loja/page/4/?add-to-cart=460&doing_wp_cron=1780305920.7864100933074951171875&orderby=date HTTP/1.1" 200 64010 "-" "Mozilla/5.0 AppleWebKit/537.36 (KHTML, like Gecko; compatible; ClaudeBot/1.0; +claudebot@anthropic.com)"
216.73.217.54 - - [07/Jun/2026:00:23:27 +0200] "GET /loja/page/8/?add-to-cart=645&doing_wp_cron=1780305920.7864100933074951171875&orderby=date HTTP/1.1" 200 60897 "-" "Mozilla/5.0 AppleWebKit/537.36 (KHTML, like Gecko; compatible; ClaudeBot/1.0; +claudebot@anthropic.com)"
216.73.217.54 - - [07/Jun/2026:00:23:29 +0200] "GET /loja/page/11/?add-to-cart=449&doing_wp_cron=1780601478.4901969432830810546875&orderby=date HTTP/1.1" 200 60326 "-" "Mozilla/5.0 AppleWebKit/537.36 (KHTML, like Gecko; compatible; ClaudeBot/1.0; +claudebot@anthropic.com)"
216.73.217.54 - - [07/Jun/2026:00:23:32 +0200] "GET /categoria-produto/mercearia/?add-to-cart=2042&doing_wp_cron=1780540425.9013569355010986328125&orderby=popularity HTTP/1.1" 200 61635 "-" "Mozilla/5.0 AppleWebKit/537.36 (KHTML, like Gecko; compatible; ClaudeBot/1.0; +claudebot@anthropic.com)"
216.73.217.54 - - [07/Jun/2026:00:23:35 +0200] "GET /loja/page/4/?add-to-cart=895&doing_wp_cron=1780393280.3025689125061035156250&orderby=date HTTP/1.1" 200 62041 "-" "Mozilla/5.0 AppleWebKit/537.36 (KHTML, like Gecko; compatible; ClaudeBot/1.0; +claudebot@anthropic.com)"
66.249.79.137 - - [07/Jun/2026:00:23:37 +0200] "GET /wp-content/themes/uncode/library/css/style.css?ver=1456473095 HTTP/1.1" 200 70140 "https://www.baudefruta.pt/produto/melao-verde/?add-to-cart=458&doing_wp_cron=1780784570.9567151069641113281250" "Mozilla/5.0 (Linux; Android 6.0.1; Nexus 5X Build/MMB29P) AppleWebKit/537.36 (KHTML, like Gecko) Chrome/148.0.7778.96 Mobile Safari/537.36 (compatible; Googlebot/2.1; +http://www.google.com/bot.html)"
66.249.79.137 - - [07/Jun/2026:00:23:37 +0200] "GET /wp-content/themes/uncode/library/css/uncode-icons.css?ver=1456473095 HTTP/1.1" 200 12098 "https://www.baudefruta.pt/produto/melao-verde/?add-to-cart=458&doing_wp_cron=1780784570.9567151069641113281250" "Mozilla/5.0 (Linux; Android 6.0.1; Nexus 5X Build/MMB29P) AppleWebKit/537.36 (KHTML, like Gecko) Chrome/148.0.7778.96 Mobile Safari/537.36 (compatible; Googlebot/2.1; +http://www.google.com/bot.html)"
66.249.79.137 - - [07/Jun/2026:00:23:37 +0200] "GET /wp-content/themes/baudefruta-un/style.css?ver=593764212 HTTP/1.1" 200 896 "https://www.baudefruta.pt/produto/melao-verde/?add-to-cart=458&doing_wp_cron=1780784570.9567151069641113281250" "Mozilla/5.0 (Linux; Android 6.0.1; Nexus 5X Build/MMB29P) AppleWebKit/537.36 (KHTML, like Gecko) Chrome/148.0.7778.96 Mobile Safari/537.36 (compatible; Googlebot/2.1; +http://www.google.com/bot.html)"
216.73.217.54 - - [07/Jun/2026:00:23:38 +0200] "GET /loja/page/9/?add-to-cart=2036&doing_wp_cron=1780305920.7864100933074951171875&orderby=date HTTP/1.1" 200 61352 "-" "Mozilla/5.0 AppleWebKit/537.36 (KHTML, like Gecko; compatible; ClaudeBot/1.0; +claudebot@anthropic.com)"
66.249.79.136 - - [07/Jun/2026:00:23:39 +0200] "GET /wp-content/themes/uncode/library/css/woocommerce.css?ver=1456473095 HTTP/1.1" 200 20067 "https://www.baudefruta.pt/produto/melao-verde/?add-to-cart=458&doing_wp_cron=1780784570.9567151069641113281250" "Mozilla/5.0 (Linux; Android 6.0.1; Nexus 5X Build/MMB29P) AppleWebKit/537.36 (KHTML, like Gecko) Chrome/148.0.7778.96 Mobile Safari/537.36 (compatible; Googlebot/2.1; +http://www.google.com/bot.html)"
66.249.79.138 - - [07/Jun/2026:00:23:40 +0200] "GET /wp-content/themes/uncode/library/js/init.js?ver=1456473095 HTTP/1.1" 200 38505 "https://www.baudefruta.pt/produto/melao-verde/?add-to-cart=458&doing_wp_cron=1780784570.9567151069641113281250" "Mozilla/5.0 (Linux; Android 6.0.1; Nexus 5X Build/MMB29P) AppleWebKit/537.36 (KHTML, like Gecko) Chrome/148.0.7778.96 Mobile Safari/537.36 (compatible; Googlebot/2.1; +http://www.google.com/bot.html)"
216.73.217.54 - - [07/Jun/2026:00:23:41 +0200] "GET /loja/page/10/?add-to-cart=587&doing_wp_cron=1780561339.5231180191040039062500&orderby=popularity HTTP/1.1" 200 62711 "-" "Mozilla/5.0 AppleWebKit/537.36 (KHTML, like Gecko; compatible; ClaudeBot/1.0; +claudebot@anthropic.com)"
66.249.79.136 - - [07/Jun/2026:00:23:41 +0200] "GET /wp-content/themes/uncode/library/js/plugins.js?ver=1456473095 HTTP/1.1" 200 192557 "https://www.baudefruta.pt/produto/melao-verde/?add-to-cart=458&doing_wp_cron=1780784570.9567151069641113281250" "Mozilla/5.0 (Linux; Android 6.0.1; Nexus 5X Build/MMB29P) AppleWebKit/537.36 (KHTML, like Gecko) Chrome/148.0.7778.96 Mobile Safari/537.36 (compatible; Googlebot/2.1; +http://www.google.com/bot.html)"
66.249.79.136 - - [07/Jun/2026:00:23:42 +0200] "GET /wp-content/themes/uncode/library/js/app.js?ver=1456473095 HTTP/1.1" 200 41076 "https://www.baudefruta.pt/produto/melao-verde/?add-to-cart=458&doing_wp_cron=1780784570.9567151069641113281250" "Mozilla/5.0 (Linux; Android 6.0.1; Nexus 5X Build/MMB29P) AppleWebKit/537.36 (KHTML, like Gecko) Chrome/148.0.7778.96 Mobile Safari/537.36 (compatible; Googlebot/2.1; +http://www.google.com/bot.html)"
66.249.79.136 - - [07/Jun/2026:00:23:44 +0200] "GET /wp-content/themes/uncode/library/js/woocommerce-uncode.js?ver=1456473095 HTTP/1.1" 200 7190 "https://www.baudefruta.pt/produto/melao-verde/?add-to-cart=458&doing_wp_cron=1780784570.9567151069641113281250" "Mozilla/5.0 (Linux; Android 6.0.1; Nexus 5X Build/MMB29P) AppleWebKit/537.36 (KHTML, like Gecko) Chrome/148.0.7778.96 Mobile Safari/537.36 (compatible; Googlebot/2.1; +http://www.google.com/bot.html)"
216.73.217.54 - - [07/Jun/2026:00:23:44 +0200] "GET /loja/page/5/?add-to-cart=4225&doing_wp_cron=1780424179.3111770153045654296875&orderby=popularity HTTP/1.1" 200 62839 "-" "Mozilla/5.0 AppleWebKit/537.36 (KHTML, like Gecko; compatible; ClaudeBot/1.0; +claudebot@anthropic.com)"
216.73.217.54 - - [07/Jun/2026:00:23:47 +0200] "GET /loja/page/5/?add-to-cart=889&doing_wp_cron=1780424119.0972061157226562500000&orderby=popularity HTTP/1.1" 200 63052 "-" "Mozilla/5.0 AppleWebKit/537.36 (KHTML, like Gecko; compatible; ClaudeBot/1.0; +claudebot@anthropic.com)"
216.73.217.54 - - [07/Jun/2026:00:23:50 +0200] "GET /categoria-produto/mercearia/?add-to-cart=2041&doing_wp_cron=1780530760.6992108821868896484375&orderby=popularity HTTP/1.1" 200 62935 "-" "Mozilla/5.0 AppleWebKit/537.36 (KHTML, like Gecko; compatible; ClaudeBot/1.0; +claudebot@anthropic.com)"
114.119.141.203 - - [07/Jun/2026:00:23:52 +0200] "GET /loja/page/6/?orderby=date&doing_wp_cron=1680739641.7487161159515380859375 HTTP/1.1" 200 60319 "https://www.baudefruta.pt/loja/page/8/?orderby=date&doing_wp_cron=1680739641.7487161159515380859375" "Mozilla/5.0 (Linux; Android 7.0;) AppleWebKit/537.36 (HTML, like Gecko) Mobile Safari/537.36 (compatible; PetalBot;+https://webmaster.petalsearch.com/site/petalbot)"
216.73.217.54 - - [07/Jun/2026:00:23:53 +0200] "GET /loja/page/5/?add-to-cart=581&doing_wp_cron=1780455680.5886950492858886718750&orderby=menu_order HTTP/1.1" 200 62917 "-" "Mozilla/5.0 AppleWebKit/537.36 (KHTML, like Gecko; compatible; ClaudeBot/1.0; +claudebot@anthropic.com)"
216.73.217.54 - - [07/Jun/2026:00:23:56 +0200] "GET /loja/page/4/?add-to-cart=1996&doing_wp_cron=1780420099.1374759674072265625000&orderby=popularity HTTP/1.1" 200 63298 "-" "Mozilla/5.0 AppleWebKit/537.36 (KHTML, like Gecko; compatible; ClaudeBot/1.0; +claudebot@anthropic.com)"
216.244.66.243 - - [07/Jun/2026:00:24:00 +0200] "GET /produto/caju-cru/?add-to-cart=809&doing_wp_cron=1772000687.1600809097290039062500 HTTP/1.1" 200 399825 "-" "Mozilla/5.0 (compatible; DotBot/1.2; +https://opensiteexplorer.org/dotbot; help@moz.com)"
216.73.217.54 - - [07/Jun/2026:00:24:01 +0200] "GET /loja/page/7/?add-to-cart=795&doing_wp_cron=1770738320.9674439430236816406250&orderby=popularity HTTP/1.1" 200 61645 "-" "Mozilla/5.0 AppleWebKit/537.36 (KHTML, like Gecko; compatible; ClaudeBot/1.0; +claudebot@anthropic.com)"
216.73.217.54 - - [07/Jun/2026:00:24:04 +0200] "GET /loja/page/6/?add-to-cart=704&doing_wp_cron=1780406818.1222550868988037109375&orderby=date HTTP/1.1" 200 61300 "-" "Mozilla/5.0 AppleWebKit/537.36 (KHTML, like Gecko; compatible; ClaudeBot/1.0; +claudebot@anthropic.com)"
216.73.217.54 - - [07/Jun/2026:00:24:07 +0200] "GET /categoria-produto/mercearia/?add-to-cart=717&doing_wp_cron=1780396038.0049409866333007812500&orderby=menu_order HTTP/1.1" 200 61204 "-" "Mozilla/5.0 AppleWebKit/537.36 (KHTML, like Gecko; compatible; ClaudeBot/1.0; +claudebot@anthropic.com)"
216.244.66.243 - - [07/Jun/2026:00:24:09 +0200] "GET /produto/cebola-roxa/?add-to-cart=583&doing_wp_cron=1771746045.0375549793243408203125 HTTP/1.1" 200 403512 "-" "Mozilla/5.0 (compatible; DotBot/1.2; +https://opensiteexplorer.org/dotbot; help@moz.com)"
216.73.217.54 - - [07/Jun/2026:00:24:10 +0200] "GET /loja/page/8/?add-to-cart=608&doing_wp_cron=1780338116.7118010520935058593750&orderby=menu_order HTTP/1.1" 200 61756 "-" "Mozilla/5.0 AppleWebKit/537.36 (KHTML, like Gecko; compatible; ClaudeBot/1.0; +claudebot@anthropic.com)"
216.73.217.54 - - [07/Jun/2026:00:24:13 +0200] "GET /loja/page/5/?add-to-cart=651&doing_wp_cron=1780424113.2975559234619140625000&orderby=menu_order HTTP/1.1" 200 62032 "-" "Mozilla/5.0 AppleWebKit/537.36 (KHTML, like Gecko; compatible; ClaudeBot/1.0; +claudebot@anthropic.com)"
216.244.66.243 - - [07/Jun/2026:00:24:14 +0200] "GET /produto/alho-granulado-em-frasco/?add-to-cart=2042&doing_wp_cron=1772128591.4331440925598144531250 HTTP/1.1" 200 402637 "-" "Mozilla/5.0 (compatible; DotBot/1.2; +https://opensiteexplorer.org/dotbot; help@moz.com)"
216.73.217.54 - - [07/Jun/2026:00:24:16 +0200] "GET /categoria-produto/mercearia/?add-to-cart=641&doing_wp_cron=1780484422.2412259578704833984375&orderby=popularity HTTP/1.1" 200 62427 "-" "Mozilla/5.0 AppleWebKit/537.36 (KHTML, like Gecko; compatible; ClaudeBot/1.0; +claudebot@anthropic.com)"
216.73.217.54 - - [07/Jun/2026:00:24:19 +0200] "GET /loja/page/7/?add-to-cart=593&doing_wp_cron=1780398923.3932321071624755859375&orderby=date HTTP/1.1" 200 62478 "-" "Mozilla/5.0 AppleWebKit/537.36 (KHTML, like Gecko; compatible; ClaudeBot/1.0; +claudebot@anthropic.com)"
216.73.217.54 - - [07/Jun/2026:00:24:22 +0200] "GET /loja/?add-to-cart=574&doing_wp_cron=1780426458.2645881175994873046875&orderby=price HTTP/1.1" 200 62673 "-" "Mozilla/5.0 AppleWebKit/537.36 (KHTML, like Gecko; compatible; ClaudeBot/1.0; +claudebot@anthropic.com)"
216.244.66.243 - - [07/Jun/2026:00:24:23 +0200] "GET /produto/arroz-cigala-agulha/?add-to-cart=2010&doing_wp_cron=1780018830.7879099845886230468750 HTTP/1.1" 200 404397 "-" "Mozilla/5.0 (compatible; DotBot/1.2; +https://opensiteexplorer.org/dotbot; help@moz.com)"
216.73.217.54 - - [07/Jun/2026:00:24:25 +0200] "GET /loja/page/7/?add-to-cart=698&doing_wp_cron=1780445098.1589419841766357421875&orderby=date HTTP/1.1" 200 62909 "-" "Mozilla/5.0 AppleWebKit/537.36 (KHTML, like Gecko; compatible; ClaudeBot/1.0; +claudebot@anthropic.com)"
216.73.217.54 - - [07/Jun/2026:00:24:28 +0200] "GET /categoria-produto/mercearia/?add-to-cart=763&doing_wp_cron=1780484479.3946309089660644531250&orderby=date HTTP/1.1" 200 62778 "-" "Mozilla/5.0 AppleWebKit/537.36 (KHTML, like Gecko; compatible; ClaudeBot/1.0; +claudebot@anthropic.com)"
216.73.217.54 - - [07/Jun/2026:00:24:31 +0200] "GET /loja/page/6/?add-to-cart=712&doing_wp_cron=1780259951.9076659679412841796875&orderby=menu_order HTTP/1.1" 200 63256 "-" "Mozilla/5.0 AppleWebKit/537.36 (KHTML, like Gecko; compatible; ClaudeBot/1.0; +claudebot@anthropic.com)"
216.244.66.243 - - [07/Jun/2026:00:24:32 +0200] "GET /produto/atum-em-azeite-bom-petisco/?add-to-cart=706&doing_wp_cron=1771995359.0722079277038574218750 HTTP/1.1" 200 404158 "-" "Mozilla/5.0 (compatible; DotBot/1.2; +https://opensiteexplorer.org/dotbot; help@moz.com)"
216.73.217.54 - - [07/Jun/2026:00:24:34 +0200] "GET /categoria-produto/mercearia/?add-to-cart=2041&doing_wp_cron=1780329056.6132450103759765625000&orderby=price HTTP/1.1" 200 63278 "-" "Mozilla/5.0 AppleWebKit/537.36 (KHTML, like Gecko; compatible; ClaudeBot/1.0; +claudebot@anthropic.com)"
216.73.217.54 - - [07/Jun/2026:00:24:37 +0200] "GET /loja/page/6/?add-to-cart=4222&doing_wp_cron=1780455656.4795429706573486328125&orderby=date HTTP/1.1" 200 63605 "-" "Mozilla/5.0 AppleWebKit/537.36 (KHTML, like Gecko; compatible; ClaudeBot/1.0; +claudebot@anthropic.com)"
216.73.217.54 - - [07/Jun/2026:00:24:40 +0200] "GET /categoria-produto/mercearia/page/3/?doing_wp_cron=1780685994.9007339477539062500000&orderby=price-desc HTTP/1.1" 200 63502 "-" "Mozilla/5.0 AppleWebKit/537.36 (KHTML, like Gecko; compatible; ClaudeBot/1.0; +claudebot@anthropic.com)"
216.244.66.243 - - [07/Jun/2026:00:24:42 +0200] "GET /produto/atum-selvagem-em-oleo-vegetal-ramirez/?add-to-cart=2014&doing_wp_cron=1772008579.6903049945831298828125 HTTP/1.1" 200 405405 "-" "Mozilla/5.0 (compatible; DotBot/1.2; +https://opensiteexplorer.org/dotbot; help@moz.com)"
