216.73.217.54 - - [07/Jun/2026:00:55:38 +0200] "GET /loja/page/2/?add-to-cart=2033&doing_wp_cron=1780259951.9076659679412841796875&orderby=menu_order HTTP/1.1" 200 65347 "-" "Mozilla/5.0 AppleWebKit/537.36 (KHTML, like Gecko; compatible; ClaudeBot/1.0; +claudebot@anthropic.com)"
216.73.217.54 - - [07/Jun/2026:00:55:41 +0200] "GET /produto/mistura-tropical/?add-to-cart=2044&doing_wp_cron=1780276688.4252409934997558593750 HTTP/1.1" 200 63619 "-" "Mozilla/5.0 AppleWebKit/537.36 (KHTML, like Gecko; compatible; ClaudeBot/1.0; +claudebot@anthropic.com)"
216.73.217.54 - - [07/Jun/2026:00:55:44 +0200] "GET /loja/page/3/?add-to-cart=504&doing_wp_cron=1780445092.3632619380950927734375&orderby=menu_order HTTP/1.1" 200 65255 "-" "Mozilla/5.0 AppleWebKit/537.36 (KHTML, like Gecko; compatible; ClaudeBot/1.0; +claudebot@anthropic.com)"
216.73.217.54 - - [07/Jun/2026:00:55:47 +0200] "GET /loja/page/7/?add-to-cart=795&doing_wp_cron=1780601472.5121281147003173828125&orderby=menu_order HTTP/1.1" 200 65853 "-" "Mozilla/5.0 AppleWebKit/537.36 (KHTML, like Gecko; compatible; ClaudeBot/1.0; +claudebot@anthropic.com)"
216.73.217.54 - - [07/Jun/2026:00:55:50 +0200] "GET /loja/page/10/?add-to-cart=637&doing_wp_cron=1780521319.6477649211883544921875&orderby=menu_order HTTP/1.1" 200 66147 "-" "Mozilla/5.0 AppleWebKit/537.36 (KHTML, like Gecko; compatible; ClaudeBot/1.0; +claudebot@anthropic.com)"
114.119.149.254 - - [07/Jun/2026:00:55:51 +0200] "GET /loja/page/6/?doing_wp_cron=1769931991.5023200511932373046875 HTTP/1.1" 200 60415 "https://www.baudefruta.pt/loja/page/6/?doing_wp_cron=1769931991.5023200511932373046875" "Mozilla/5.0 (Linux; Android 7.0;) AppleWebKit/537.36 (HTML, like Gecko) Mobile Safari/537.36 (compatible; PetalBot;+https://webmaster.petalsearch.com/site/petalbot)"
216.73.217.54 - - [07/Jun/2026:00:55:53 +0200] "GET /categoria-produto/mercearia/?add-to-cart=729&doing_wp_cron=1780329056.6132450103759765625000&orderby=date HTTP/1.1" 200 65814 "-" "Mozilla/5.0 AppleWebKit/537.36 (KHTML, like Gecko; compatible; ClaudeBot/1.0; +claudebot@anthropic.com)"
216.73.217.54 - - [07/Jun/2026:00:55:56 +0200] "GET /loja/page/6/?add-to-cart=792&doing_wp_cron=1780471858.5329909324645996093750&orderby=menu_order HTTP/1.1" 200 66222 "-" "Mozilla/5.0 AppleWebKit/537.36 (KHTML, like Gecko; compatible; ClaudeBot/1.0; +claudebot@anthropic.com)"
216.73.217.54 - - [07/Jun/2026:00:55:59 +0200] "GET /loja/page/2/?add-to-cart=895&doing_wp_cron=1780356259.9063909053802490234375&orderby=popularity HTTP/1.1" 200 66558 "-" "Mozilla/5.0 AppleWebKit/537.36 (KHTML, like Gecko; compatible; ClaudeBot/1.0; +claudebot@anthropic.com)"
216.73.217.54 - - [07/Jun/2026:00:56:03 +0200] "GET /loja/page/4/?add-to-cart=751&doing_wp_cron=1780498200.4151859283447265625000&orderby=menu_order HTTP/1.1" 200 67009 "-" "Mozilla/5.0 AppleWebKit/537.36 (KHTML, like Gecko; compatible; ClaudeBot/1.0; +claudebot@anthropic.com)"
216.73.217.54 - - [07/Jun/2026:00:56:05 +0200] "GET /loja/page/10/?add-to-cart=2014&doing_wp_cron=1780388636.6831140518188476562500&orderby=menu_order HTTP/1.1" 200 67130 "-" "Mozilla/5.0 AppleWebKit/537.36 (KHTML, like Gecko; compatible; ClaudeBot/1.0; +claudebot@anthropic.com)"
216.73.217.54 - - [07/Jun/2026:00:56:09 +0200] "GET /loja/page/5/?add-to-cart=1539&doing_wp_cron=1780534458.6864840984344482421875&orderby=menu_order HTTP/1.1" 200 60983 "-" "Mozilla/5.0 AppleWebKit/537.36 (KHTML, like Gecko; compatible; ClaudeBot/1.0; +claudebot@anthropic.com)"
216.73.217.54 - - [07/Jun/2026:00:56:12 +0200] "GET /loja/page/6/?add-to-cart=706&doing_wp_cron=1780207778.1771409511566162109375&orderby=menu_order HTTP/1.1" 200 61247 "-" "Mozilla/5.0 AppleWebKit/537.36 (KHTML, like Gecko; compatible; ClaudeBot/1.0; +claudebot@anthropic.com)"
216.73.217.54 - - [07/Jun/2026:00:56:15 +0200] "GET /loja/page/4/?add-to-cart=238&doing_wp_cron=1780686500.7243459224700927734375&orderby=popularity HTTP/1.1" 200 62536 "-" "Mozilla/5.0 AppleWebKit/537.36 (KHTML, like Gecko; compatible; ClaudeBot/1.0; +claudebot@anthropic.com)"
216.73.217.54 - - [07/Jun/2026:00:56:18 +0200] "GET /loja/page/3/?add-to-cart=4779&doing_wp_cron=1780406818.1222550868988037109375&orderby=menu_order HTTP/1.1" 200 62442 "-" "Mozilla/5.0 AppleWebKit/537.36 (KHTML, like Gecko; compatible; ClaudeBot/1.0; +claudebot@anthropic.com)"
57.141.20.21 - - [07/Jun/2026:00:56:20 +0200] "GET /carrinho/?remove_item=3435c378bb76d4357324dd7e69f3cd18&_wpnonce=bb9d0fe10b HTTP/1.1" 302 11 "-" "meta-externalagent/1.1 (+https://developers.facebook.com/docs/sharing/webmasters/crawler)"
216.73.217.54 - - [07/Jun/2026:00:56:21 +0200] "GET /loja/page/9/?add-to-cart=717&doing_wp_cron=1780601472.5121281147003173828125&orderby=popularity HTTP/1.1" 200 63418 "-" "Mozilla/5.0 AppleWebKit/537.36 (KHTML, like Gecko; compatible; ClaudeBot/1.0; +claudebot@anthropic.com)"
138.16.173.132 - - [07/Jun/2026:00:56:21 +0200] "GET /2021/05/11/ola-mundo/ HTTP/1.0" 200 8889703 "https://www.baudefruta.pt/2021/05/11/ola-mundo/" "Mozilla/5.0 (Windows NT 10.0; Win64; x64) AppleWebKit/537.36 (KHTML, like Gecko) Chrome/130.0.0.0 Safari/537.36 CCleaner/130.0.0.0"
75.119.139.177 - - [07/Jun/2026:00:56:23 +0200] "GET /sitemap.xml HTTP/1.1" 301 5 "-" "WordPress/6.9.1; https://www.baudefruta.pt"
75.119.139.177 - - [07/Jun/2026:00:56:23 +0200] "GET /sitemap_index.xml HTTP/1.1" 200 373 "-" "WordPress/6.9.1; https://www.baudefruta.pt"
75.119.139.177 - - [07/Jun/2026:00:56:23 +0200] "GET /post-sitemap.xml HTTP/1.1" 200 384 "-" "WordPress/6.9.1; https://www.baudefruta.pt"
216.73.217.54 - - [07/Jun/2026:00:56:24 +0200] "GET /loja/page/5/?add-to-cart=581&doing_wp_cron=1780268890.7532269954681396484375&orderby=date HTTP/1.1" 200 63223 "-" "Mozilla/5.0 AppleWebKit/537.36 (KHTML, like Gecko; compatible; ClaudeBot/1.0; +claudebot@anthropic.com)"
75.119.139.177 - - [07/Jun/2026:00:56:24 +0200] "GET /page-sitemap.xml HTTP/1.1" 200 986 "-" "WordPress/6.9.1; https://www.baudefruta.pt"
75.119.139.177 - - [07/Jun/2026:00:56:24 +0200] "GET /product-sitemap1.xml HTTP/1.1" 200 3480 "-" "WordPress/6.9.1; https://www.baudefruta.pt"
75.119.139.177 - - [07/Jun/2026:00:56:24 +0200] "GET /product-sitemap2.xml HTTP/1.1" 200 1554 "-" "WordPress/6.9.1; https://www.baudefruta.pt"
75.119.139.177 - - [07/Jun/2026:00:56:25 +0200] "GET /category-sitemap.xml HTTP/1.1" 200 384 "-" "WordPress/6.9.1; https://www.baudefruta.pt"
138.16.173.132 - - [07/Jun/2026:00:56:25 +0200] "POST /wp-comments-post.php HTTP/1.0" 302 0 "https://www.baudefruta.pt/2021/05/11/ola-mundo/" "Mozilla/5.0 (Windows NT 10.0; Win64; x64) AppleWebKit/537.36 (KHTML, like Gecko) Chrome/130.0.0.0 Safari/537.36 CCleaner/130.0.0.0"
216.73.217.54 - - [07/Jun/2026:00:56:27 +0200] "GET /loja/page/4/?add-to-cart=575&doing_wp_cron=1780319098.8176429271697998046875&orderby=popularity HTTP/1.1" 200 63359 "-" "Mozilla/5.0 AppleWebKit/537.36 (KHTML, like Gecko; compatible; ClaudeBot/1.0; +claudebot@anthropic.com)"
138.16.173.132 - - [07/Jun/2026:00:56:29 +0200] "GET /2021/05/11/ola-mundo/ HTTP/1.0" 200 261599 "https://www.baudefruta.pt/2021/05/11/ola-mundo/#comment-68898" "Mozilla/5.0 (Windows NT 10.0; Win64; x64) AppleWebKit/537.36 (KHTML, like Gecko) Chrome/130.0.0.0 Safari/537.36 CCleaner/130.0.0.0"
216.73.217.54 - - [07/Jun/2026:00:56:30 +0200] "GET /loja/page/6/?add-to-cart=751&doing_wp_cron=1780445092.3632619380950927734375&orderby=popularity HTTP/1.1" 200 64131 "-" "Mozilla/5.0 AppleWebKit/537.36 (KHTML, like Gecko; compatible; ClaudeBot/1.0; +claudebot@anthropic.com)"
216.73.217.54 - - [07/Jun/2026:00:56:33 +0200] "GET /loja/?add-to-cart=795&doing_wp_cron=1770738320.9674439430236816406250&orderby=date HTTP/1.1" 200 63665 "-" "Mozilla/5.0 AppleWebKit/537.36 (KHTML, like Gecko; compatible; ClaudeBot/1.0; +claudebot@anthropic.com)"
216.73.217.54 - - [07/Jun/2026:00:56:36 +0200] "GET /loja/page/4/?add-to-cart=454&doing_wp_cron=1780455656.4795429706573486328125&orderby=popularity HTTP/1.1" 200 64043 "-" "Mozilla/5.0 AppleWebKit/537.36 (KHTML, like Gecko; compatible; ClaudeBot/1.0; +claudebot@anthropic.com)"
57.141.20.38 - - [07/Jun/2026:00:56:36 +0200] "GET /carrinho/?remove_item=3435c378bb76d4357324dd7e69f3cd18&_wpnonce=bb9d0fe10b&doing_wp_cron=1780786579.9894669055938720703125 HTTP/1.1" 200 382934 "-" "meta-externalagent/1.1 (+https://developers.facebook.com/docs/sharing/webmasters/crawler)"
216.73.217.54 - - [07/Jun/2026:00:56:39 +0200] "GET /loja/page/4/?add-to-cart=500&doing_wp_cron=1780455656.4795429706573486328125&orderby=popularity HTTP/1.1" 200 64261 "-" "Mozilla/5.0 AppleWebKit/537.36 (KHTML, like Gecko; compatible; ClaudeBot/1.0; +claudebot@anthropic.com)"
216.73.217.54 - - [07/Jun/2026:00:56:42 +0200] "GET /loja/?add-to-cart=1560&doing_wp_cron=1780476198.9860539436340332031250&orderby=popularity HTTP/1.1" 200 65434 "-" "Mozilla/5.0 AppleWebKit/537.36 (KHTML, like Gecko; compatible; ClaudeBot/1.0; +claudebot@anthropic.com)"
216.73.217.54 - - [07/Jun/2026:00:56:45 +0200] "GET /categoria-produto/mercearia/?add-to-cart=1988&doing_wp_cron=1780207808.4722089767456054687500&orderby=menu_order HTTP/1.1" 200 65693 "-" "Mozilla/5.0 AppleWebKit/537.36 (KHTML, like Gecko; compatible; ClaudeBot/1.0; +claudebot@anthropic.com)"
216.73.217.54 - - [07/Jun/2026:00:56:48 +0200] "GET /loja/page/4/?add-to-cart=1125&doing_wp_cron=1780430342.1766259670257568359375&orderby=menu_order HTTP/1.1" 200 66423 "-" "Mozilla/5.0 AppleWebKit/537.36 (KHTML, like Gecko; compatible; ClaudeBot/1.0; +claudebot@anthropic.com)"
216.73.217.54 - - [07/Jun/2026:00:56:51 +0200] "GET /loja/?add-to-cart=4232&doing_wp_cron=1749485637.4724121093750000000000&orderby=popularity HTTP/1.1" 200 66065 "-" "Mozilla/5.0 AppleWebKit/537.36 (KHTML, like Gecko; compatible; ClaudeBot/1.0; +claudebot@anthropic.com)"
216.73.217.54 - - [07/Jun/2026:00:56:54 +0200] "GET /loja/page/8/?add-to-cart=1987&doing_wp_cron=1780430342.1766259670257568359375&orderby=date HTTP/1.1" 200 66354 "-" "Mozilla/5.0 AppleWebKit/537.36 (KHTML, like Gecko; compatible; ClaudeBot/1.0; +claudebot@anthropic.com)"
216.73.217.54 - - [07/Jun/2026:00:56:57 +0200] "GET /loja/page/3/?add-to-cart=792&doing_wp_cron=1780420039.4808270931243896484375&orderby=popularity HTTP/1.1" 200 66802 "-" "Mozilla/5.0 AppleWebKit/537.36 (KHTML, like Gecko; compatible; ClaudeBot/1.0; +claudebot@anthropic.com)"
216.73.217.54 - - [07/Jun/2026:00:57:00 +0200] "GET /loja/page/4/?add-to-cart=817&doing_wp_cron=1780406818.1222550868988037109375&orderby=menu_order HTTP/1.1" 200 67216 "-" "Mozilla/5.0 AppleWebKit/537.36 (KHTML, like Gecko; compatible; ClaudeBot/1.0; +claudebot@anthropic.com)"
216.73.217.54 - - [07/Jun/2026:00:57:03 +0200] "GET /loja/page/2/?add-to-cart=490&doing_wp_cron=1780466997.9201788902282714843750&orderby=date HTTP/1.1" 200 66980 "-" "Mozilla/5.0 AppleWebKit/537.36 (KHTML, like Gecko; compatible; ClaudeBot/1.0; +claudebot@anthropic.com)"
216.73.217.54 - - [07/Jun/2026:00:57:06 +0200] "GET /loja/page/10/?add-to-cart=687&doing_wp_cron=1780345137.3122010231018066406250&orderby=popularity HTTP/1.1" 200 67834 "-" "Mozilla/5.0 AppleWebKit/537.36 (KHTML, like Gecko; compatible; ClaudeBot/1.0; +claudebot@anthropic.com)"
43.134.71.232 - - [07/Jun/2026:00:57:07 +0200] "GET / HTTP/1.1" 302 102 "http://baudefruta.pt" "Mozilla/5.0 (iPhone; CPU iPhone OS 13_2_3 like Mac OS X) AppleWebKit/605.1.15 (KHTML, like Gecko) Version/13.0.3 Mobile/15E148 Safari/604.1"
216.73.217.54 - - [07/Jun/2026:00:57:09 +0200] "GET /loja/page/11/?add-to-cart=647&doing_wp_cron=1780490816.3358080387115478515625&orderby=menu_order HTTP/1.1" 200 67119 "-" "Mozilla/5.0 AppleWebKit/537.36 (KHTML, like Gecko; compatible; ClaudeBot/1.0; +claudebot@anthropic.com)"
43.134.71.232 - - [07/Jun/2026:00:57:10 +0200] "GET /?doing_wp_cron=1780786627.2315640449523925781250 HTTP/1.1" 301 5 "https://baudefruta.pt/" "Mozilla/5.0 (iPhone; CPU iPhone OS 13_2_3 like Mac OS X) AppleWebKit/605.1.15 (KHTML, like Gecko) Version/13.0.3 Mobile/15E148 Safari/604.1"
216.73.217.54 - - [07/Jun/2026:00:57:12 +0200] "GET /loja/page/6/?add-to-cart=1995&doing_wp_cron=1780555563.7996189594268798828125&orderby=menu_order HTTP/1.1" 200 67638 "-" "Mozilla/5.0 AppleWebKit/537.36 (KHTML, like Gecko; compatible; ClaudeBot/1.0; +claudebot@anthropic.com)"
43.134.71.232 - - [07/Jun/2026:00:57:13 +0200] "GET /?doing_wp_cron=1780786627.2315640449523925781250 HTTP/1.1" 200 61423 "https://baudefruta.pt/?doing_wp_cron=1780786627.2315640449523925781250" "Mozilla/5.0 (iPhone; CPU iPhone OS 13_2_3 like Mac OS X) AppleWebKit/605.1.15 (KHTML, like Gecko) Version/13.0.3 Mobile/15E148 Safari/604.1"
216.73.217.54 - - [07/Jun/2026:00:57:15 +0200] "GET /loja/page/10/?add-to-cart=502&doing_wp_cron=1780319098.8176429271697998046875&orderby=menu_order HTTP/1.1" 200 68093 "-" "Mozilla/5.0 AppleWebKit/537.36 (KHTML, like Gecko; compatible; ClaudeBot/1.0; +claudebot@anthropic.com)"
114.119.132.173 - - [07/Jun/2026:00:57:16 +0200] "GET /loja/page/6/?doing_wp_cron=1767029942.2081360816955566406250&orderby=date HTTP/1.1" 200 60312 "https://www.baudefruta.pt/loja/page/5/?doing_wp_cron=1767029942.2081360816955566406250&orderby=date" "Mozilla/5.0 (Linux; Android 7.0;) AppleWebKit/537.36 (HTML, like Gecko) Mobile Safari/537.36 (compatible; PetalBot;+https://webmaster.petalsearch.com/site/petalbot)"
216.73.217.54 - - [07/Jun/2026:00:57:18 +0200] "GET /loja/page/5/?add-to-cart=3517&doing_wp_cron=1780383896.6204249858856201171875&orderby=popularity HTTP/1.1" 200 68457 "-" "Mozilla/5.0 AppleWebKit/537.36 (KHTML, like Gecko; compatible; ClaudeBot/1.0; +claudebot@anthropic.com)"
216.73.217.54 - - [07/Jun/2026:00:57:21 +0200] "GET /loja/page/5/?add-to-cart=585&doing_wp_cron=1780445660.5325009822845458984375&orderby=date HTTP/1.1" 200 68241 "-" "Mozilla/5.0 AppleWebKit/537.36 (KHTML, like Gecko; compatible; ClaudeBot/1.0; +claudebot@anthropic.com)"
216.73.217.54 - - [07/Jun/2026:00:57:24 +0200] "GET /loja/page/5/?add-to-cart=565&doing_wp_cron=1780410981.3310050964355468750000&orderby=popularity HTTP/1.1" 200 68774 "-" "Mozilla/5.0 AppleWebKit/537.36 (KHTML, like Gecko; compatible; ClaudeBot/1.0; +claudebot@anthropic.com)"
216.73.217.54 - - [07/Jun/2026:00:57:27 +0200] "GET /loja/page/3/?add-to-cart=408&doing_wp_cron=1780383836.4200708866119384765625&orderby=menu_order HTTP/1.1" 200 68125 "-" "Mozilla/5.0 AppleWebKit/537.36 (KHTML, like Gecko; compatible; ClaudeBot/1.0; +claudebot@anthropic.com)"
216.73.217.54 - - [07/Jun/2026:00:57:30 +0200] "GET /categoria-produto/mercearia/?add-to-cart=793&doing_wp_cron=1780259887.6316750049591064453125&orderby=menu_order HTTP/1.1" 200 68446 "-" "Mozilla/5.0 AppleWebKit/537.36 (KHTML, like Gecko; compatible; ClaudeBot/1.0; +claudebot@anthropic.com)"
216.73.217.54 - - [07/Jun/2026:00:57:33 +0200] "GET /loja/page/2/?add-to-cart=589&doing_wp_cron=1780345137.3122010231018066406250&orderby=popularity HTTP/1.1" 200 68816 "-" "Mozilla/5.0 AppleWebKit/537.36 (KHTML, like Gecko; compatible; ClaudeBot/1.0; +claudebot@anthropic.com)"
216.73.217.54 - - [07/Jun/2026:00:57:36 +0200] "GET /categoria-produto/mercearia/?add-to-cart=615&doing_wp_cron=1780333699.1308820247650146484375&orderby=menu_order HTTP/1.1" 200 68775 "-" "Mozilla/5.0 AppleWebKit/537.36 (KHTML, like Gecko; compatible; ClaudeBot/1.0; +claudebot@anthropic.com)"
216.73.217.54 - - [07/Jun/2026:00:57:39 +0200] "GET /categoria-produto/mercearia/page/5/?doing_wp_cron=1780319482.3225131034851074218750&orderby=price HTTP/1.1" 200 68968 "-" "Mozilla/5.0 AppleWebKit/537.36 (KHTML, like Gecko; compatible; ClaudeBot/1.0; +claudebot@anthropic.com)"
216.73.217.54 - - [07/Jun/2026:00:57:42 +0200] "GET /loja/page/3/?add-to-cart=593&doing_wp_cron=1780259951.9076659679412841796875&orderby=popularity HTTP/1.1" 200 69269 "-" "Mozilla/5.0 AppleWebKit/537.36 (KHTML, like Gecko; compatible; ClaudeBot/1.0; +claudebot@anthropic.com)"
216.73.217.54 - - [07/Jun/2026:00:57:45 +0200] "GET /loja/page/5/?add-to-cart=561&doing_wp_cron=1780445092.3632619380950927734375&orderby=menu_order HTTP/1.1" 200 69309 "-" "Mozilla/5.0 AppleWebKit/537.36 (KHTML, like Gecko; compatible; ClaudeBot/1.0; +claudebot@anthropic.com)"
216.73.217.54 - - [07/Jun/2026:00:57:48 +0200] "GET /loja/page/3/?add-to-cart=2011&doing_wp_cron=1780259951.9076659679412841796875&orderby=popularity HTTP/1.1" 200 69670 "-" "Mozilla/5.0 AppleWebKit/537.36 (KHTML, like Gecko; compatible; ClaudeBot/1.0; +claudebot@anthropic.com)"
79.169.127.148 - - [07/Jun/2026:00:57:50 +0200] "GET /?utm_source=meta&utm_campaign=reg24&fbclid=IwY2xjawSRhT5leHRuA2FlbQIxMQBzcnRjBmFwcF9pZAwzNTA2ODU1MzE3MjgAAR4mzNhYmZ9zVPUjNx_1w8YSn2taWM16cbz49TC57NoyYgm-u4ULb4VqA9q0mw_aem_i2U_NL82jVaPBx3QO394RQ HTTP/1.1" 302 11 "https://l.facebook.com/l.php?u=https%3A%2F%2Fwww.baudefruta.pt%2F%3Futm_source%3Dmeta%26utm_campaign%3Dreg24%26fbclid%3DIwZXh0bgNhZW0CMTEAc3J0YwZhcHBfaWQMMzUwNjg1NTMxNzI4AAEeJszYWJmfc1T1Izcf9cPGEp9rWljNenG8-PUwuezaMmIJvruFC2-FagPatJs_aem_i2U_NL82jVaPBx3QO394RQ&h=AUAwP5CUEfGut9PXWLXG8BfyXUQGyL31SSzzUKTHGOOIGxP3GJmB7OT4Bb5K7ryHhnU8JRD1AZFeQsqoQg8fnH53U3-wPbconhzEiG53v54NIEC0X7XXxEDbNw1YQgiH0aOO0Q&utm_medium=paid&utm_source=fb&utm_id=120245538772870644&utm_content=120245538772890644&utm_term=120245538772880644&utm_campaign=120245538772870644" "Mozilla/5.0 (Linux; Android 16; SM-A155F Build/BP2A.250605.031.A3) AppleWebKit/537.36 (KHTML, like Gecko) Version/4.0 Chrome/149.0.7827.83 Mobile Safari/537.36 [FB_IAB/FB4A;FBAV/564.0.0.48.74;IABMV/1;]"
216.73.217.54 - - [07/Jun/2026:00:57:51 +0200] "GET /loja/page/11/?add-to-cart=408&doing_wp_cron=1780552196.7174270153045654296875&orderby=date HTTP/1.1" 200 68686 "-" "Mozilla/5.0 AppleWebKit/537.36 (KHTML, like Gecko; compatible; ClaudeBot/1.0; +claudebot@anthropic.com)"
79.169.127.148 - - [07/Jun/2026:00:57:52 +0200] "GET /?utm_source=meta&utm_campaign=reg24&fbclid=IwY2xjawSRhT5leHRuA2FlbQIxMQBzcnRjBmFwcF9pZAwzNTA2ODU1MzE3MjgAAR4mzNhYmZ9zVPUjNx_1w8YSn2taWM16cbz49TC57NoyYgm-u4ULb4VqA9q0mw_aem_i2U_NL82jVaPBx3QO394RQ HTTP/1.1" 200 62928 "https://l.facebook.com/" "Mozilla/5.0 (Linux; Android 16; SM-A155F Build/BP2A.250605.031.A3) AppleWebKit/537.36 (KHTML, like Gecko) Version/4.0 Chrome/149.0.7827.83 Mobile Safari/537.36 [FB_IAB/FB4A;FBAV/564.0.0.48.74;IABMV/1;]"
79.169.127.148 - - [07/Jun/2026:00:57:52 +0200] "GET /wp-includes/css/dist/components/style.min.css?ver=6.9.1 HTTP/1.1" 200 14528 "https://www.baudefruta.pt/?utm_source=meta&utm_campaign=reg24&fbclid=IwY2xjawSRhT5leHRuA2FlbQIxMQBzcnRjBmFwcF9pZAwzNTA2ODU1MzE3MjgAAR4mzNhYmZ9zVPUjNx_1w8YSn2taWM16cbz49TC57NoyYgm-u4ULb4VqA9q0mw_aem_i2U_NL82jVaPBx3QO394RQ" "Mozilla/5.0 (Linux; Android 16; SM-A155F Build/BP2A.250605.031.A3) AppleWebKit/537.36 (KHTML, like Gecko) Version/4.0 Chrome/149.0.7827.83 Mobile Safari/537.36 [FB_IAB/FB4A;FBAV/564.0.0.48.74;IABMV/1;]"
79.169.127.148 - - [07/Jun/2026:00:57:53 +0200] "GET /wp-content/plugins/woocommerce/assets/client/blocks/wc-blocks.css?ver=wc-10.2.2 HTTP/1.1" 200 2673 "https://www.baudefruta.pt/?utm_source=meta&utm_campaign=reg24&fbclid=IwY2xjawSRhT5leHRuA2FlbQIxMQBzcnRjBmFwcF9pZAwzNTA2ODU1MzE3MjgAAR4mzNhYmZ9zVPUjNx_1w8YSn2taWM16cbz49TC57NoyYgm-u4ULb4VqA9q0mw_aem_i2U_NL82jVaPBx3QO394RQ" "Mozilla/5.0 (Linux; Android 16; SM-A155F Build/BP2A.250605.031.A3) AppleWebKit/537.36 (KHTML, like Gecko) Version/4.0 Chrome/149.0.7827.83 Mobile Safari/537.36 [FB_IAB/FB4A;FBAV/564.0.0.48.74;IABMV/1;]"
79.169.127.148 - - [07/Jun/2026:00:57:53 +0200] "GET /wp-includes/css/dist/preferences/style.min.css?ver=6.9.1 HTTP/1.1" 200 1003 "https://www.baudefruta.pt/?utm_source=meta&utm_campaign=reg24&fbclid=IwY2xjawSRhT5leHRuA2FlbQIxMQBzcnRjBmFwcF9pZAwzNTA2ODU1MzE3MjgAAR4mzNhYmZ9zVPUjNx_1w8YSn2taWM16cbz49TC57NoyYgm-u4ULb4VqA9q0mw_aem_i2U_NL82jVaPBx3QO394RQ" "Mozilla/5.0 (Linux; Android 16; SM-A155F Build/BP2A.250605.031.A3) AppleWebKit/537.36 (KHTML, like Gecko) Version/4.0 Chrome/149.0.7827.83 Mobile Safari/537.36 [FB_IAB/FB4A;FBAV/564.0.0.48.74;IABMV/1;]"
79.169.127.148 - - [07/Jun/2026:00:57:53 +0200] "GET /wp-includes/css/dashicons.min.css?ver=6.9.1 HTTP/1.1" 200 35766 "https://www.baudefruta.pt/?utm_source=meta&utm_campaign=reg24&fbclid=IwY2xjawSRhT5leHRuA2FlbQIxMQBzcnRjBmFwcF9pZAwzNTA2ODU1MzE3MjgAAR4mzNhYmZ9zVPUjNx_1w8YSn2taWM16cbz49TC57NoyYgm-u4ULb4VqA9q0mw_aem_i2U_NL82jVaPBx3QO394RQ" "Mozilla/5.0 (Linux; Android 16; SM-A155F Build/BP2A.250605.031.A3) AppleWebKit/537.36 (KHTML, like Gecko) Version/4.0 Chrome/149.0.7827.83 Mobile Safari/537.36 [FB_IAB/FB4A;FBAV/564.0.0.48.74;IABMV/1;]"
79.169.127.148 - - [07/Jun/2026:00:57:53 +0200] "GET /wp-content/plugins/popup-maker/dist/packages/block-library-style.css?ver=dbea705cfafe089d65f1 HTTP/1.1" 200 1127 "https://www.baudefruta.pt/?utm_source=meta&utm_campaign=reg24&fbclid=IwY2xjawSRhT5leHRuA2FlbQIxMQBzcnRjBmFwcF9pZAwzNTA2ODU1MzE3MjgAAR4mzNhYmZ9zVPUjNx_1w8YSn2taWM16cbz49TC57NoyYgm-u4ULb4VqA9q0mw_aem_i2U_NL82jVaPBx3QO394RQ" "Mozilla/5.0 (Linux; Android 16; SM-A155F Build/BP2A.250605.031.A3) AppleWebKit/537.36 (KHTML, like Gecko) Version/4.0 Chrome/149.0.7827.83 Mobile Safari/537.36 [FB_IAB/FB4A;FBAV/564.0.0.48.74;IABMV/1;]"
79.169.127.148 - - [07/Jun/2026:00:57:53 +0200] "GET /wp-content/plugins/woo-keyinvoice-integration/public/css/woo-keyinvoice-integration-public.css?ver=1.0.0 HTTP/1.1" 200 98 "https://www.baudefruta.pt/?utm_source=meta&utm_campaign=reg24&fbclid=IwY2xjawSRhT5leHRuA2FlbQIxMQBzcnRjBmFwcF9pZAwzNTA2ODU1MzE3MjgAAR4mzNhYmZ9zVPUjNx_1w8YSn2taWM16cbz49TC57NoyYgm-u4ULb4VqA9q0mw_aem_i2U_NL82jVaPBx3QO394RQ" "Mozilla/5.0 (Linux; Android 16; SM-A155F Build/BP2A.250605.031.A3) AppleWebKit/537.36 (KHTML, like Gecko) Version/4.0 Chrome/149.0.7827.83 Mobile Safari/537.36 [FB_IAB/FB4A;FBAV/564.0.0.48.74;IABMV/1;]"
79.169.127.148 - - [07/Jun/2026:00:57:53 +0200] "GET /wp-content/plugins/woocommerce-products-filter/css/front.css?ver=2.2.9.4 HTTP/1.1" 200 5063 "https://www.baudefruta.pt/?utm_source=meta&utm_campaign=reg24&fbclid=IwY2xjawSRhT5leHRuA2FlbQIxMQBzcnRjBmFwcF9pZAwzNTA2ODU1MzE3MjgAAR4mzNhYmZ9zVPUjNx_1w8YSn2taWM16cbz49TC57NoyYgm-u4ULb4VqA9q0mw_aem_i2U_NL82jVaPBx3QO394RQ" "Mozilla/5.0 (Linux; Android 16; SM-A155F Build/BP2A.250605.031.A3) AppleWebKit/537.36 (KHTML, like Gecko) Version/4.0 Chrome/149.0.7827.83 Mobile Safari/537.36 [FB_IAB/FB4A;FBAV/564.0.0.48.74;IABMV/1;]"
79.169.127.148 - - [07/Jun/2026:00:57:53 +0200] "GET /wp-includes/css/dist/block-editor/style.min.css?ver=6.9.1 HTTP/1.1" 200 16976 "https://www.baudefruta.pt/?utm_source=meta&utm_campaign=reg24&fbclid=IwY2xjawSRhT5leHRuA2FlbQIxMQBzcnRjBmFwcF9pZAwzNTA2ODU1MzE3MjgAAR4mzNhYmZ9zVPUjNx_1w8YSn2taWM16cbz49TC57NoyYgm-u4ULb4VqA9q0mw_aem_i2U_NL82jVaPBx3QO394RQ" "Mozilla/5.0 (Linux; Android 16; SM-A155F Build/BP2A.250605.031.A3) AppleWebKit/537.36 (KHTML, like Gecko) Version/4.0 Chrome/149.0.7827.83 Mobile Safari/537.36 [FB_IAB/FB4A;FBAV/564.0.0.48.74;IABMV/1;]"
79.169.127.148 - - [07/Jun/2026:00:57:53 +0200] "GET /wp-content/plugins/smart-marketing-for-wp/public/css/egoi-for-wp-public.css?ver=5.1.11 HTTP/1.1" 200 1173 "https://www.baudefruta.pt/?utm_source=meta&utm_campaign=reg24&fbclid=IwY2xjawSRhT5leHRuA2FlbQIxMQBzcnRjBmFwcF9pZAwzNTA2ODU1MzE3MjgAAR4mzNhYmZ9zVPUjNx_1w8YSn2taWM16cbz49TC57NoyYgm-u4ULb4VqA9q0mw_aem_i2U_NL82jVaPBx3QO394RQ" "Mozilla/5.0 (Linux; Android 16; SM-A155F Build/BP2A.250605.031.A3) AppleWebKit/537.36 (KHTML, like Gecko) Version/4.0 Chrome/149.0.7827.83 Mobile Safari/537.36 [FB_IAB/FB4A;FBAV/564.0.0.48.74;IABMV/1;]"
79.169.127.148 - - [07/Jun/2026:00:57:53 +0200] "GET /wp-content/plugins/woocommerce-products-filter/js/chosen/chosen.min.css?ver=2.2.9.4 HTTP/1.1" 200 2141 "https://www.baudefruta.pt/?utm_source=meta&utm_campaign=reg24&fbclid=IwY2xjawSRhT5leHRuA2FlbQIxMQBzcnRjBmFwcF9pZAwzNTA2ODU1MzE3MjgAAR4mzNhYmZ9zVPUjNx_1w8YSn2taWM16cbz49TC57NoyYgm-u4ULb4VqA9q0mw_aem_i2U_NL82jVaPBx3QO394RQ" "Mozilla/5.0 (Linux; Android 16; SM-A155F Build/BP2A.250605.031.A3) AppleWebKit/537.36 (KHTML, like Gecko) Version/4.0 Chrome/149.0.7827.83 Mobile Safari/537.36 [FB_IAB/FB4A;FBAV/564.0.0.48.74;IABMV/1;]"
79.169.127.148 - - [07/Jun/2026:00:57:53 +0200] "GET /wp-content/plugins/woocommerce/assets/css/brands.css?ver=10.2.2 HTTP/1.1" 200 699 "https://www.baudefruta.pt/?utm_source=meta&utm_campaign=reg24&fbclid=IwY2xjawSRhT5leHRuA2FlbQIxMQBzcnRjBmFwcF9pZAwzNTA2ODU1MzE3MjgAAR4mzNhYmZ9zVPUjNx_1w8YSn2taWM16cbz49TC57NoyYgm-u4ULb4VqA9q0mw_aem_i2U_NL82jVaPBx3QO394RQ" "Mozilla/5.0 (Linux; Android 16; SM-A155F Build/BP2A.250605.031.A3) AppleWebKit/537.36 (KHTML, like Gecko) Version/4.0 Chrome/149.0.7827.83 Mobile Safari/537.36 [FB_IAB/FB4A;FBAV/564.0.0.48.74;IABMV/1;]"
79.169.127.148 - - [07/Jun/2026:00:57:53 +0200] "GET /wp-content/plugins/custom-page-templates/assets/css/acf-google-maps.css?ver=3.1.1 HTTP/1.1" 200 283 "https://www.baudefruta.pt/?utm_source=meta&utm_campaign=reg24&fbclid=IwY2xjawSRhT5leHRuA2FlbQIxMQBzcnRjBmFwcF9pZAwzNTA2ODU1MzE3MjgAAR4mzNhYmZ9zVPUjNx_1w8YSn2taWM16cbz49TC57NoyYgm-u4ULb4VqA9q0mw_aem_i2U_NL82jVaPBx3QO394RQ" "Mozilla/5.0 (Linux; Android 16; SM-A155F Build/BP2A.250605.031.A3) AppleWebKit/537.36 (KHTML, like Gecko) Version/4.0 Chrome/149.0.7827.83 Mobile Safari/537.36 [FB_IAB/FB4A;FBAV/564.0.0.48.74;IABMV/1;]"
79.169.127.148 - - [07/Jun/2026:00:57:53 +0200] "GET /wp-content/plugins/custom-page-templates/assets/css/frontend.css?ver=3.1.1 HTTP/1.1" 200 187 "https://www.baudefruta.pt/?utm_source=meta&utm_campaign=reg24&fbclid=IwY2xjawSRhT5leHRuA2FlbQIxMQBzcnRjBmFwcF9pZAwzNTA2ODU1MzE3MjgAAR4mzNhYmZ9zVPUjNx_1w8YSn2taWM16cbz49TC57NoyYgm-u4ULb4VqA9q0mw_aem_i2U_NL82jVaPBx3QO394RQ" "Mozilla/5.0 (Linux; Android 16; SM-A155F Build/BP2A.250605.031.A3) AppleWebKit/537.36 (KHTML, like Gecko) Version/4.0 Chrome/149.0.7827.83 Mobile Safari/537.36 [FB_IAB/FB4A;FBAV/564.0.0.48.74;IABMV/1;]"
79.169.127.148 - - [07/Jun/2026:00:57:53 +0200] "GET /wp-content/plugins/dhvc-form/assets/fonts/font-awesome/css/font-awesome.min.css?ver=4.1.0 HTTP/1.1" 200 4747 "https://www.baudefruta.pt/?utm_source=meta&utm_campaign=reg24&fbclid=IwY2xjawSRhT5leHRuA2FlbQIxMQBzcnRjBmFwcF9pZAwzNTA2ODU1MzE3MjgAAR4mzNhYmZ9zVPUjNx_1w8YSn2taWM16cbz49TC57NoyYgm-u4ULb4VqA9q0mw_aem_i2U_NL82jVaPBx3QO394RQ" "Mozilla/5.0 (Linux; Android 16; SM-A155F Build/BP2A.250605.031.A3) AppleWebKit/537.36 (KHTML, like Gecko) Version/4.0 Chrome/149.0.7827.83 Mobile Safari/537.36 [FB_IAB/FB4A;FBAV/564.0.0.48.74;IABMV/1;]"
79.169.127.148 - - [07/Jun/2026:00:57:53 +0200] "GET /wp-content/plugins/dhvc-form/assets/css/style.css?ver=2.3.0 HTTP/1.1" 200 3736 "https://www.baudefruta.pt/?utm_source=meta&utm_campaign=reg24&fbclid=IwY2xjawSRhT5leHRuA2FlbQIxMQBzcnRjBmFwcF9pZAwzNTA2ODU1MzE3MjgAAR4mzNhYmZ9zVPUjNx_1w8YSn2taWM16cbz49TC57NoyYgm-u4ULb4VqA9q0mw_aem_i2U_NL82jVaPBx3QO394RQ" "Mozilla/5.0 (Linux; Android 16; SM-A155F Build/BP2A.250605.031.A3) AppleWebKit/537.36 (KHTML, like Gecko) Version/4.0 Chrome/149.0.7827.83 Mobile Safari/537.36 [FB_IAB/FB4A;FBAV/564.0.0.48.74;IABMV/1;]"
79.169.127.148 - - [07/Jun/2026:00:57:53 +0200] "GET /wp-content/themes/uncode/library/css/uncode-icons.css?ver=342067648 HTTP/1.1" 200 12098 "https://www.baudefruta.pt/?utm_source=meta&utm_campaign=reg24&fbclid=IwY2xjawSRhT5leHRuA2FlbQIxMQBzcnRjBmFwcF9pZAwzNTA2ODU1MzE3MjgAAR4mzNhYmZ9zVPUjNx_1w8YSn2taWM16cbz49TC57NoyYgm-u4ULb4VqA9q0mw_aem_i2U_NL82jVaPBx3QO394RQ" "Mozilla/5.0 (Linux; Android 16; SM-A155F Build/BP2A.250605.031.A3) AppleWebKit/537.36 (KHTML, like Gecko) Version/4.0 Chrome/149.0.7827.83 Mobile Safari/537.36 [FB_IAB/FB4A;FBAV/564.0.0.48.74;IABMV/1;]"
79.169.127.148 - - [07/Jun/2026:00:57:53 +0200] "GET /wp-content/themes/uncode/library/css/style.css?ver=342067648 HTTP/1.1" 200 70140 "https://www.baudefruta.pt/?utm_source=meta&utm_campaign=reg24&fbclid=IwY2xjawSRhT5leHRuA2FlbQIxMQBzcnRjBmFwcF9pZAwzNTA2ODU1MzE3MjgAAR4mzNhYmZ9zVPUjNx_1w8YSn2taWM16cbz49TC57NoyYgm-u4ULb4VqA9q0mw_aem_i2U_NL82jVaPBx3QO394RQ" "Mozilla/5.0 (Linux; Android 16; SM-A155F Build/BP2A.250605.031.A3) AppleWebKit/537.36 (KHTML, like Gecko) Version/4.0 Chrome/149.0.7827.83 Mobile Safari/537.36 [FB_IAB/FB4A;FBAV/564.0.0.48.74;IABMV/1;]"
79.169.127.148 - - [07/Jun/2026:00:57:53 +0200] "GET /wp-content/themes/uncode/library/css/woocommerce.css?ver=342067648 HTTP/1.1" 200 20067 "https://www.baudefruta.pt/?utm_source=meta&utm_campaign=reg24&fbclid=IwY2xjawSRhT5leHRuA2FlbQIxMQBzcnRjBmFwcF9pZAwzNTA2ODU1MzE3MjgAAR4mzNhYmZ9zVPUjNx_1w8YSn2taWM16cbz49TC57NoyYgm-u4ULb4VqA9q0mw_aem_i2U_NL82jVaPBx3QO394RQ" "Mozilla/5.0 (Linux; Android 16; SM-A155F Build/BP2A.250605.031.A3) AppleWebKit/537.36 (KHTML, like Gecko) Version/4.0 Chrome/149.0.7827.83 Mobile Safari/537.36 [FB_IAB/FB4A;FBAV/564.0.0.48.74;IABMV/1;]"
79.169.127.148 - - [07/Jun/2026:00:57:53 +0200] "GET /wp-content/plugins/popup-maker/dist/assets/site.css?ver=1.21.4 HTTP/1.1" 200 1917 "https://www.baudefruta.pt/?utm_source=meta&utm_campaign=reg24&fbclid=IwY2xjawSRhT5leHRuA2FlbQIxMQBzcnRjBmFwcF9pZAwzNTA2ODU1MzE3MjgAAR4mzNhYmZ9zVPUjNx_1w8YSn2taWM16cbz49TC57NoyYgm-u4ULb4VqA9q0mw_aem_i2U_NL82jVaPBx3QO394RQ" "Mozilla/5.0 (Linux; Android 16; SM-A155F Build/BP2A.250605.031.A3) AppleWebKit/537.36 (KHTML, like Gecko) Version/4.0 Chrome/149.0.7827.83 Mobile Safari/537.36 [FB_IAB/FB4A;FBAV/564.0.0.48.74;IABMV/1;]"
79.169.127.148 - - [07/Jun/2026:00:57:53 +0200] "GET /wp-content/plugins/woocommerce-product-bundles/assets/css/frontend/woocommerce.css?ver=6.0.1 HTTP/1.1" 200 607 "https://www.baudefruta.pt/?utm_source=meta&utm_campaign=reg24&fbclid=IwY2xjawSRhT5leHRuA2FlbQIxMQBzcnRjBmFwcF9pZAwzNTA2ODU1MzE3MjgAAR4mzNhYmZ9zVPUjNx_1w8YSn2taWM16cbz49TC57NoyYgm-u4ULb4VqA9q0mw_aem_i2U_NL82jVaPBx3QO394RQ" "Mozilla/5.0 (Linux; Android 16; SM-A155F Build/BP2A.250605.031.A3) AppleWebKit/537.36 (KHTML, like Gecko) Version/4.0 Chrome/149.0.7827.83 Mobile Safari/537.36 [FB_IAB/FB4A;FBAV/564.0.0.48.74;IABMV/1;]"
79.169.127.148 - - [07/Jun/2026:00:57:53 +0200] "GET /wp-content/themes/baudefruta-un/style.css?ver=533722630 HTTP/1.1" 200 896 "https://www.baudefruta.pt/?utm_source=meta&utm_campaign=reg24&fbclid=IwY2xjawSRhT5leHRuA2FlbQIxMQBzcnRjBmFwcF9pZAwzNTA2ODU1MzE3MjgAAR4mzNhYmZ9zVPUjNx_1w8YSn2taWM16cbz49TC57NoyYgm-u4ULb4VqA9q0mw_aem_i2U_NL82jVaPBx3QO394RQ" "Mozilla/5.0 (Linux; Android 16; SM-A155F Build/BP2A.250605.031.A3) AppleWebKit/537.36 (KHTML, like Gecko) Version/4.0 Chrome/149.0.7827.83 Mobile Safari/537.36 [FB_IAB/FB4A;FBAV/564.0.0.48.74;IABMV/1;]"
79.169.127.148 - - [07/Jun/2026:00:57:53 +0200] "GET /wp-content/plugins/woocommerce-products-filter/js/tooltip/css/tooltipster.bundle.min.css?ver=2.2.9.4 HTTP/1.1" 200 1151 "https://www.baudefruta.pt/?utm_source=meta&utm_campaign=reg24&fbclid=IwY2xjawSRhT5leHRuA2FlbQIxMQBzcnRjBmFwcF9pZAwzNTA2ODU1MzE3MjgAAR4mzNhYmZ9zVPUjNx_1w8YSn2taWM16cbz49TC57NoyYgm-u4ULb4VqA9q0mw_aem_i2U_NL82jVaPBx3QO394RQ" "Mozilla/5.0 (Linux; Android 16; SM-A155F Build/BP2A.250605.031.A3) AppleWebKit/537.36 (KHTML, like Gecko) Version/4.0 Chrome/149.0.7827.83 Mobile Safari/537.36 [FB_IAB/FB4A;FBAV/564.0.0.48.74;IABMV/1;]"
79.169.127.148 - - [07/Jun/2026:00:57:53 +0200] "GET /wp-content/plugins/woocommerce-products-filter/js/tooltip/css/plugins/tooltipster/sideTip/themes/tooltipster-sideTip-noir.min.css?ver=2.2.9.4 HTTP/1.1" 200 302 "https://www.baudefruta.pt/?utm_source=meta&utm_campaign=reg24&fbclid=IwY2xjawSRhT5leHRuA2FlbQIxMQBzcnRjBmFwcF9pZAwzNTA2ODU1MzE3MjgAAR4mzNhYmZ9zVPUjNx_1w8YSn2taWM16cbz49TC57NoyYgm-u4ULb4VqA9q0mw_aem_i2U_NL82jVaPBx3QO394RQ" "Mozilla/5.0 (Linux; Android 16; SM-A155F Build/BP2A.250605.031.A3) AppleWebKit/537.36 (KHTML, like Gecko) Version/4.0 Chrome/149.0.7827.83 Mobile Safari/537.36 [FB_IAB/FB4A;FBAV/564.0.0.48.74;IABMV/1;]"
79.169.127.148 - - [07/Jun/2026:00:57:53 +0200] "GET /wp-content/plugins/smart-marketing-for-wp/admin/js/egoi-for-wp-canvas.js?ver=5.1.11 HTTP/1.1" 200 2304 "https://www.baudefruta.pt/?utm_source=meta&utm_campaign=reg24&fbclid=IwY2xjawSRhT5leHRuA2FlbQIxMQBzcnRjBmFwcF9pZAwzNTA2ODU1MzE3MjgAAR4mzNhYmZ9zVPUjNx_1w8YSn2taWM16cbz49TC57NoyYgm-u4ULb4VqA9q0mw_aem_i2U_NL82jVaPBx3QO394RQ" "Mozilla/5.0 (Linux; Android 16; SM-A155F Build/BP2A.250605.031.A3) AppleWebKit/537.36 (KHTML, like Gecko) Version/4.0 Chrome/149.0.7827.83 Mobile Safari/537.36 [FB_IAB/FB4A;FBAV/564.0.0.48.74;IABMV/1;]"
79.169.127.148 - - [07/Jun/2026:00:57:53 +0200] "GET /wp-includes/js/jquery/jquery-migrate.min.js?ver=3.4.1 HTTP/1.1" 200 4894 "https://www.baudefruta.pt/?utm_source=meta&utm_campaign=reg24&fbclid=IwY2xjawSRhT5leHRuA2FlbQIxMQBzcnRjBmFwcF9pZAwzNTA2ODU1MzE3MjgAAR4mzNhYmZ9zVPUjNx_1w8YSn2taWM16cbz49TC57NoyYgm-u4ULb4VqA9q0mw_aem_i2U_NL82jVaPBx3QO394RQ" "Mozilla/5.0 (Linux; Android 16; SM-A155F Build/BP2A.250605.031.A3) AppleWebKit/537.36 (KHTML, like Gecko) Version/4.0 Chrome/149.0.7827.83 Mobile Safari/537.36 [FB_IAB/FB4A;FBAV/564.0.0.48.74;IABMV/1;]"
79.169.127.148 - - [07/Jun/2026:00:57:53 +0200] "GET /wp-content/plugins/woo-keyinvoice-integration/public/js/woo-keyinvoice-integration-public.js?ver=1.0.0 HTTP/1.1" 200 838 "https://www.baudefruta.pt/?utm_source=meta&utm_campaign=reg24&fbclid=IwY2xjawSRhT5leHRuA2FlbQIxMQBzcnRjBmFwcF9pZAwzNTA2ODU1MzE3MjgAAR4mzNhYmZ9zVPUjNx_1w8YSn2taWM16cbz49TC57NoyYgm-u4ULb4VqA9q0mw_aem_i2U_NL82jVaPBx3QO394RQ" "Mozilla/5.0 (Linux; Android 16; SM-A155F Build/BP2A.250605.031.A3) AppleWebKit/537.36 (KHTML, like Gecko) Version/4.0 Chrome/149.0.7827.83 Mobile Safari/537.36 [FB_IAB/FB4A;FBAV/564.0.0.48.74;IABMV/1;]"
79.169.127.148 - - [07/Jun/2026:00:57:53 +0200] "GET /wp-includes/js/jquery/jquery.min.js?ver=3.7.1 HTTP/1.1" 200 30646 "https://www.baudefruta.pt/?utm_source=meta&utm_campaign=reg24&fbclid=IwY2xjawSRhT5leHRuA2FlbQIxMQBzcnRjBmFwcF9pZAwzNTA2ODU1MzE3MjgAAR4mzNhYmZ9zVPUjNx_1w8YSn2taWM16cbz49TC57NoyYgm-u4ULb4VqA9q0mw_aem_i2U_NL82jVaPBx3QO394RQ" "Mozilla/5.0 (Linux; Android 16; SM-A155F Build/BP2A.250605.031.A3) AppleWebKit/537.36 (KHTML, like Gecko) Version/4.0 Chrome/149.0.7827.83 Mobile Safari/537.36 [FB_IAB/FB4A;FBAV/564.0.0.48.74;IABMV/1;]"
79.169.127.148 - - [07/Jun/2026:00:57:53 +0200] "GET /wp-content/plugins/woocommerce/assets/js/jquery-blockui/jquery.blockUI.min.js?ver=2.7.0-wc.10.2.2 HTTP/1.1" 200 3559 "https://www.baudefruta.pt/?utm_source=meta&utm_campaign=reg24&fbclid=IwY2xjawSRhT5leHRuA2FlbQIxMQBzcnRjBmFwcF9pZAwzNTA2ODU1MzE3MjgAAR4mzNhYmZ9zVPUjNx_1w8YSn2taWM16cbz49TC57NoyYgm-u4ULb4VqA9q0mw_aem_i2U_NL82jVaPBx3QO394RQ" "Mozilla/5.0 (Linux; Android 16; SM-A155F Build/BP2A.250605.031.A3) AppleWebKit/537.36 (KHTML, like Gecko) Version/4.0 Chrome/149.0.7827.83 Mobile Safari/537.36 [FB_IAB/FB4A;FBAV/564.0.0.48.74;IABMV/1;]"
79.169.127.148 - - [07/Jun/2026:00:57:53 +0200] "GET /wp-content/plugins/woocommerce/assets/js/frontend/add-to-cart.min.js?ver=10.2.2 HTTP/1.1" 200 1385 "https://www.baudefruta.pt/?utm_source=meta&utm_campaign=reg24&fbclid=IwY2xjawSRhT5leHRuA2FlbQIxMQBzcnRjBmFwcF9pZAwzNTA2ODU1MzE3MjgAAR4mzNhYmZ9zVPUjNx_1w8YSn2taWM16cbz49TC57NoyYgm-u4ULb4VqA9q0mw_aem_i2U_NL82jVaPBx3QO394RQ" "Mozilla/5.0 (Linux; Android 16; SM-A155F Build/BP2A.250605.031.A3) AppleWebKit/537.36 (KHTML, like Gecko) Version/4.0 Chrome/149.0.7827.83 Mobile Safari/537.36 [FB_IAB/FB4A;FBAV/564.0.0.48.74;IABMV/1;]"
79.169.127.148 - - [07/Jun/2026:00:57:53 +0200] "GET /wp-content/plugins/uncode-js_composer/assets/js/vendors/woocommerce-add-to-cart.js?ver=6.5.0 HTTP/1.1" 200 992 "https://www.baudefruta.pt/?utm_source=meta&utm_campaign=reg24&fbclid=IwY2xjawSRhT5leHRuA2FlbQIxMQBzcnRjBmFwcF9pZAwzNTA2ODU1MzE3MjgAAR4mzNhYmZ9zVPUjNx_1w8YSn2taWM16cbz49TC57NoyYgm-u4ULb4VqA9q0mw_aem_i2U_NL82jVaPBx3QO394RQ" "Mozilla/5.0 (Linux; Android 16; SM-A155F Build/BP2A.250605.031.A3) AppleWebKit/537.36 (KHTML, like Gecko) Version/4.0 Chrome/149.0.7827.83 Mobile Safari/537.36 [FB_IAB/FB4A;FBAV/564.0.0.48.74;IABMV/1;]"
79.169.127.148 - - [07/Jun/2026:00:57:53 +0200] "GET /wp-content/themes/uncode/library/js/init.js?ver=342067648 HTTP/1.1" 200 38505 "https://www.baudefruta.pt/?utm_source=meta&utm_campaign=reg24&fbclid=IwY2xjawSRhT5leHRuA2FlbQIxMQBzcnRjBmFwcF9pZAwzNTA2ODU1MzE3MjgAAR4mzNhYmZ9zVPUjNx_1w8YSn2taWM16cbz49TC57NoyYgm-u4ULb4VqA9q0mw_aem_i2U_NL82jVaPBx3QO394RQ" "Mozilla/5.0 (Linux; Android 16; SM-A155F Build/BP2A.250605.031.A3) AppleWebKit/537.36 (KHTML, like Gecko) Version/4.0 Chrome/149.0.7827.83 Mobile Safari/537.36 [FB_IAB/FB4A;FBAV/564.0.0.48.74;IABMV/1;]"
79.169.127.148 - - [07/Jun/2026:00:57:53 +0200] "GET /wp-content/uploads/2021/11/Gift_Natal_Bau_3-home.jpg HTTP/1.1" 200 73811 "https://www.baudefruta.pt/?utm_source=meta&utm_campaign=reg24&fbclid=IwY2xjawSRhT5leHRuA2FlbQIxMQBzcnRjBmFwcF9pZAwzNTA2ODU1MzE3MjgAAR4mzNhYmZ9zVPUjNx_1w8YSn2taWM16cbz49TC57NoyYgm-u4ULb4VqA9q0mw_aem_i2U_NL82jVaPBx3QO394RQ" "Mozilla/5.0 (Linux; Android 16; SM-A155F Build/BP2A.250605.031.A3) AppleWebKit/537.36 (KHTML, like Gecko) Version/4.0 Chrome/149.0.7827.83 Mobile Safari/537.36 [FB_IAB/FB4A;FBAV/564.0.0.48.74;IABMV/1;]"
79.169.127.148 - - [07/Jun/2026:00:57:53 +0200] "GET /wp-content/uploads/2021/12/AMT001-uai-500x500.jpg HTTP/1.1" 200 91586 "https://www.baudefruta.pt/?utm_source=meta&utm_campaign=reg24&fbclid=IwY2xjawSRhT5leHRuA2FlbQIxMQBzcnRjBmFwcF9pZAwzNTA2ODU1MzE3MjgAAR4mzNhYmZ9zVPUjNx_1w8YSn2taWM16cbz49TC57NoyYgm-u4ULb4VqA9q0mw_aem_i2U_NL82jVaPBx3QO394RQ" "Mozilla/5.0 (Linux; Android 16; SM-A155F Build/BP2A.250605.031.A3) AppleWebKit/537.36 (KHTML, like Gecko) Version/4.0 Chrome/149.0.7827.83 Mobile Safari/537.36 [FB_IAB/FB4A;FBAV/564.0.0.48.74;IABMV/1;]"
79.169.127.148 - - [07/Jun/2026:00:57:53 +0200] "GET /wp-content/uploads/2022/06/pesssego-rosa.jpg HTTP/1.1" 200 48304 "https://www.baudefruta.pt/?utm_source=meta&utm_campaign=reg24&fbclid=IwY2xjawSRhT5leHRuA2FlbQIxMQBzcnRjBmFwcF9pZAwzNTA2ODU1MzE3MjgAAR4mzNhYmZ9zVPUjNx_1w8YSn2taWM16cbz49TC57NoyYgm-u4ULb4VqA9q0mw_aem_i2U_NL82jVaPBx3QO394RQ" "Mozilla/5.0 (Linux; Android 16; SM-A155F Build/BP2A.250605.031.A3) AppleWebKit/537.36 (KHTML, like Gecko) Version/4.0 Chrome/149.0.7827.83 Mobile Safari/537.36 [FB_IAB/FB4A;FBAV/564.0.0.48.74;IABMV/1;]"
79.169.127.148 - - [07/Jun/2026:00:57:53 +0200] "GET /wp-content/uploads/2021/06/TP001-dom-duarte-pimentas-dom-duarte.jpg HTTP/1.1" 200 47807 "https://www.baudefruta.pt/?utm_source=meta&utm_campaign=reg24&fbclid=IwY2xjawSRhT5leHRuA2FlbQIxMQBzcnRjBmFwcF9pZAwzNTA2ODU1MzE3MjgAAR4mzNhYmZ9zVPUjNx_1w8YSn2taWM16cbz49TC57NoyYgm-u4ULb4VqA9q0mw_aem_i2U_NL82jVaPBx3QO394RQ" "Mozilla/5.0 (Linux; Android 16; SM-A155F Build/BP2A.250605.031.A3) AppleWebKit/537.36 (KHTML, like Gecko) Version/4.0 Chrome/149.0.7827.83 Mobile Safari/537.36 [FB_IAB/FB4A;FBAV/564.0.0.48.74;IABMV/1;]"
79.169.127.148 - - [07/Jun/2026:00:57:53 +0200] "GET /wp-content/uploads/2021/06/TG001-tremoco-grado.jpg HTTP/1.1" 200 11258 "https://www.baudefruta.pt/?utm_source=meta&utm_campaign=reg24&fbclid=IwY2xjawSRhT5leHRuA2FlbQIxMQBzcnRjBmFwcF9pZAwzNTA2ODU1MzE3MjgAAR4mzNhYmZ9zVPUjNx_1w8YSn2taWM16cbz49TC57NoyYgm-u4ULb4VqA9q0mw_aem_i2U_NL82jVaPBx3QO394RQ" "Mozilla/5.0 (Linux; Android 16; SM-A155F Build/BP2A.250605.031.A3) AppleWebKit/537.36 (KHTML, like Gecko) Version/4.0 Chrome/149.0.7827.83 Mobile Safari/537.36 [FB_IAB/FB4A;FBAV/564.0.0.48.74;IABMV/1;]"
79.169.127.148 - - [07/Jun/2026:00:57:53 +0200] "GET /wp-includes/js/underscore.min.js?ver=1.13.7 HTTP/1.1" 200 7353 "https://www.baudefruta.pt/?utm_source=meta&utm_campaign=reg24&fbclid=IwY2xjawSRhT5leHRuA2FlbQIxMQBzcnRjBmFwcF9pZAwzNTA2ODU1MzE3MjgAAR4mzNhYmZ9zVPUjNx_1w8YSn2taWM16cbz49TC57NoyYgm-u4ULb4VqA9q0mw_aem_i2U_NL82jVaPBx3QO394RQ" "Mozilla/5.0 (Linux; Android 16; SM-A155F Build/BP2A.250605.031.A3) AppleWebKit/537.36 (KHTML, like Gecko) Version/4.0 Chrome/149.0.7827.83 Mobile Safari/537.36 [FB_IAB/FB4A;FBAV/564.0.0.48.74;IABMV/1;]"
79.169.127.148 - - [07/Jun/2026:00:57:53 +0200] "GET /wp-content/plugins/uncode-daves-wordpress-live-search/js/daves-wordpress-live-search.js?ver=6.9.1 HTTP/1.1" 200 3692 "https://www.baudefruta.pt/?utm_source=meta&utm_campaign=reg24&fbclid=IwY2xjawSRhT5leHRuA2FlbQIxMQBzcnRjBmFwcF9pZAwzNTA2ODU1MzE3MjgAAR4mzNhYmZ9zVPUjNx_1w8YSn2taWM16cbz49TC57NoyYgm-u4ULb4VqA9q0mw_aem_i2U_NL82jVaPBx3QO394RQ" "Mozilla/5.0 (Linux; Android 16; SM-A155F Build/BP2A.250605.031.A3) AppleWebKit/537.36 (KHTML, like Gecko) Version/4.0 Chrome/149.0.7827.83 Mobile Safari/537.36 [FB_IAB/FB4A;FBAV/564.0.0.48.74;IABMV/1;]"
79.169.127.148 - - [07/Jun/2026:00:57:53 +0200] "GET /wp-content/plugins/duracelltomi-google-tag-manager/dist/js/gtm4wp-ecommerce-generic.js?ver=1.22.3 HTTP/1.1" 200 579 "https://www.baudefruta.pt/?utm_source=meta&utm_campaign=reg24&fbclid=IwY2xjawSRhT5leHRuA2FlbQIxMQBzcnRjBmFwcF9pZAwzNTA2ODU1MzE3MjgAAR4mzNhYmZ9zVPUjNx_1w8YSn2taWM16cbz49TC57NoyYgm-u4ULb4VqA9q0mw_aem_i2U_NL82jVaPBx3QO394RQ" "Mozilla/5.0 (Linux; Android 16; SM-A155F Build/BP2A.250605.031.A3) AppleWebKit/537.36 (KHTML, like Gecko) Version/4.0 Chrome/149.0.7827.83 Mobile Safari/537.36 [FB_IAB/FB4A;FBAV/564.0.0.48.74;IABMV/1;]"
79.169.127.148 - - [07/Jun/2026:00:57:53 +0200] "GET /wp-content/plugins/custom-page-templates/assets/js/acf-google-maps.js?ver=3.1.1 HTTP/1.1" 200 1051 "https://www.baudefruta.pt/?utm_source=meta&utm_campaign=reg24&fbclid=IwY2xjawSRhT5leHRuA2FlbQIxMQBzcnRjBmFwcF9pZAwzNTA2ODU1MzE3MjgAAR4mzNhYmZ9zVPUjNx_1w8YSn2taWM16cbz49TC57NoyYgm-u4ULb4VqA9q0mw_aem_i2U_NL82jVaPBx3QO394RQ" "Mozilla/5.0 (Linux; Android 16; SM-A155F Build/BP2A.250605.031.A3) AppleWebKit/537.36 (KHTML, like Gecko) Version/4.0 Chrome/149.0.7827.83 Mobile Safari/537.36 [FB_IAB/FB4A;FBAV/564.0.0.48.74;IABMV/1;]"
79.169.127.148 - - [07/Jun/2026:00:57:53 +0200] "GET /wp-content/plugins/duracelltomi-google-tag-manager/dist/js/gtm4wp-woocommerce.js?ver=1.22.3 HTTP/1.1" 200 3043 "https://www.baudefruta.pt/?utm_source=meta&utm_campaign=reg24&fbclid=IwY2xjawSRhT5leHRuA2FlbQIxMQBzcnRjBmFwcF9pZAwzNTA2ODU1MzE3MjgAAR4mzNhYmZ9zVPUjNx_1w8YSn2taWM16cbz49TC57NoyYgm-u4ULb4VqA9q0mw_aem_i2U_NL82jVaPBx3QO394RQ" "Mozilla/5.0 (Linux; Android 16; SM-A155F Build/BP2A.250605.031.A3) AppleWebKit/537.36 (KHTML, like Gecko) Version/4.0 Chrome/149.0.7827.83 Mobile Safari/537.36 [FB_IAB/FB4A;FBAV/564.0.0.48.74;IABMV/1;]"
79.169.127.148 - - [07/Jun/2026:00:57:53 +0200] "GET /wp-content/uploads/2021/05/logo-bau_1-01b.svg HTTP/1.1" 200 12888 "https://www.baudefruta.pt/?utm_source=meta&utm_campaign=reg24&fbclid=IwY2xjawSRhT5leHRuA2FlbQIxMQBzcnRjBmFwcF9pZAwzNTA2ODU1MzE3MjgAAR4mzNhYmZ9zVPUjNx_1w8YSn2taWM16cbz49TC57NoyYgm-u4ULb4VqA9q0mw_aem_i2U_NL82jVaPBx3QO394RQ" "Mozilla/5.0 (Linux; Android 16; SM-A155F Build/BP2A.250605.031.A3) AppleWebKit/537.36 (KHTML, like Gecko) Version/4.0 Chrome/149.0.7827.83 Mobile Safari/537.36 [FB_IAB/FB4A;FBAV/564.0.0.48.74;IABMV/1;]"
79.169.127.148 - - [07/Jun/2026:00:57:53 +0200] "GET /wp-content/plugins/woocommerce/assets/js/sourcebuster/sourcebuster.min.js?ver=10.2.2 HTTP/1.1" 200 4830 "https://www.baudefruta.pt/?utm_source=meta&utm_campaign=reg24&fbclid=IwY2xjawSRhT5leHRuA2FlbQIxMQBzcnRjBmFwcF9pZAwzNTA2ODU1MzE3MjgAAR4mzNhYmZ9zVPUjNx_1w8YSn2taWM16cbz49TC57NoyYgm-u4ULb4VqA9q0mw_aem_i2U_NL82jVaPBx3QO394RQ" "Mozilla/5.0 (Linux; Android 16; SM-A155F Build/BP2A.250605.031.A3) AppleWebKit/537.36 (KHTML, like Gecko) Version/4.0 Chrome/149.0.7827.83 Mobile Safari/537.36 [FB_IAB/FB4A;FBAV/564.0.0.48.74;IABMV/1;]"
79.169.127.148 - - [07/Jun/2026:00:57:53 +0200] "GET /wp-content/plugins/woocommerce/assets/js/frontend/order-attribution.min.js?ver=10.2.2 HTTP/1.1" 200 1140 "https://www.baudefruta.pt/?utm_source=meta&utm_campaign=reg24&fbclid=IwY2xjawSRhT5leHRuA2FlbQIxMQBzcnRjBmFwcF9pZAwzNTA2ODU1MzE3MjgAAR4mzNhYmZ9zVPUjNx_1w8YSn2taWM16cbz49TC57NoyYgm-u4ULb4VqA9q0mw_aem_i2U_NL82jVaPBx3QO394RQ" "Mozilla/5.0 (Linux; Android 16; SM-A155F Build/BP2A.250605.031.A3) AppleWebKit/537.36 (KHTML, like Gecko) Version/4.0 Chrome/149.0.7827.83 Mobile Safari/537.36 [FB_IAB/FB4A;FBAV/564.0.0.48.74;IABMV/1;]"
79.169.127.148 - - [07/Jun/2026:00:57:53 +0200] "GET /wp-includes/js/mediaelement/mediaelement-and-player.min.js?ver=4.2.17 HTTP/1.1" 200 39312 "https://www.baudefruta.pt/?utm_source=meta&utm_campaign=reg24&fbclid=IwY2xjawSRhT5leHRuA2FlbQIxMQBzcnRjBmFwcF9pZAwzNTA2ODU1MzE3MjgAAR4mzNhYmZ9zVPUjNx_1w8YSn2taWM16cbz49TC57NoyYgm-u4ULb4VqA9q0mw_aem_i2U_NL82jVaPBx3QO394RQ" "Mozilla/5.0 (Linux; Android 16; SM-A155F Build/BP2A.250605.031.A3) AppleWebKit/537.36 (KHTML, like Gecko) Version/4.0 Chrome/149.0.7827.83 Mobile Safari/537.36 [FB_IAB/FB4A;FBAV/564.0.0.48.74;IABMV/1;]"
79.169.127.148 - - [07/Jun/2026:00:57:53 +0200] "GET /wp-includes/js/mediaelement/mediaelement-migrate.min.js?ver=6.9.1 HTTP/1.1" 200 552 "https://www.baudefruta.pt/?utm_source=meta&utm_campaign=reg24&fbclid=IwY2xjawSRhT5leHRuA2FlbQIxMQBzcnRjBmFwcF9pZAwzNTA2ODU1MzE3MjgAAR4mzNhYmZ9zVPUjNx_1w8YSn2taWM16cbz49TC57NoyYgm-u4ULb4VqA9q0mw_aem_i2U_NL82jVaPBx3QO394RQ" "Mozilla/5.0 (Linux; Android 16; SM-A155F Build/BP2A.250605.031.A3) AppleWebKit/537.36 (KHTML, like Gecko) Version/4.0 Chrome/149.0.7827.83 Mobile Safari/537.36 [FB_IAB/FB4A;FBAV/564.0.0.48.74;IABMV/1;]"
79.169.127.148 - - [07/Jun/2026:00:57:53 +0200] "GET /wp-content/themes/uncode/library/fonts/uncode-icons.woff2 HTTP/1.1" 200 140384 "https://www.baudefruta.pt/wp-content/themes/uncode/library/css/uncode-icons.css?ver=342067648" "Mozilla/5.0 (Linux; Android 16; SM-A155F Build/BP2A.250605.031.A3) AppleWebKit/537.36 (KHTML, like Gecko) Version/4.0 Chrome/149.0.7827.83 Mobile Safari/537.36 [FB_IAB/FB4A;FBAV/564.0.0.48.74;IABMV/1;]"
79.169.127.148 - - [07/Jun/2026:00:57:53 +0200] "GET /wp-includes/js/mediaelement/wp-mediaelement.min.js?ver=6.9.1 HTTP/1.1" 200 550 "https://www.baudefruta.pt/?utm_source=meta&utm_campaign=reg24&fbclid=IwY2xjawSRhT5leHRuA2FlbQIxMQBzcnRjBmFwcF9pZAwzNTA2ODU1MzE3MjgAAR4mzNhYmZ9zVPUjNx_1w8YSn2taWM16cbz49TC57NoyYgm-u4ULb4VqA9q0mw_aem_i2U_NL82jVaPBx3QO394RQ" "Mozilla/5.0 (Linux; Android 16; SM-A155F Build/BP2A.250605.031.A3) AppleWebKit/537.36 (KHTML, like Gecko) Version/4.0 Chrome/149.0.7827.83 Mobile Safari/537.36 [FB_IAB/FB4A;FBAV/564.0.0.48.74;IABMV/1;]"
79.169.127.148 - - [07/Jun/2026:00:57:53 +0200] "GET /wp-includes/js/jquery/ui/core.min.js?ver=1.13.3 HTTP/1.1" 200 7137 "https://www.baudefruta.pt/?utm_source=meta&utm_campaign=reg24&fbclid=IwY2xjawSRhT5leHRuA2FlbQIxMQBzcnRjBmFwcF9pZAwzNTA2ODU1MzE3MjgAAR4mzNhYmZ9zVPUjNx_1w8YSn2taWM16cbz49TC57NoyYgm-u4ULb4VqA9q0mw_aem_i2U_NL82jVaPBx3QO394RQ" "Mozilla/5.0 (Linux; Android 16; SM-A155F Build/BP2A.250605.031.A3) AppleWebKit/537.36 (KHTML, like Gecko) Version/4.0 Chrome/149.0.7827.83 Mobile Safari/537.36 [FB_IAB/FB4A;FBAV/564.0.0.48.74;IABMV/1;]"
79.169.127.148 - - [07/Jun/2026:00:57:53 +0200] "GET /wp-content/plugins/popup-maker/dist/assets/site.js?defer&ver=1.21.4 HTTP/1.1" 200 17994 "https://www.baudefruta.pt/?utm_source=meta&utm_campaign=reg24&fbclid=IwY2xjawSRhT5leHRuA2FlbQIxMQBzcnRjBmFwcF9pZAwzNTA2ODU1MzE3MjgAAR4mzNhYmZ9zVPUjNx_1w8YSn2taWM16cbz49TC57NoyYgm-u4ULb4VqA9q0mw_aem_i2U_NL82jVaPBx3QO394RQ" "Mozilla/5.0 (Linux; Android 16; SM-A155F Build/BP2A.250605.031.A3) AppleWebKit/537.36 (KHTML, like Gecko) Version/4.0 Chrome/149.0.7827.83 Mobile Safari/537.36 [FB_IAB/FB4A;FBAV/564.0.0.48.74;IABMV/1;]"
79.169.127.148 - - [07/Jun/2026:00:57:53 +0200] "GET /wp-content/plugins/woocommerce-products-filter/js/tooltip/js/tooltipster.bundle.min.js?ver=2.2.9.4 HTTP/1.1" 200 10234 "https://www.baudefruta.pt/?utm_source=meta&utm_campaign=reg24&fbclid=IwY2xjawSRhT5leHRuA2FlbQIxMQBzcnRjBmFwcF9pZAwzNTA2ODU1MzE3MjgAAR4mzNhYmZ9zVPUjNx_1w8YSn2taWM16cbz49TC57NoyYgm-u4ULb4VqA9q0mw_aem_i2U_NL82jVaPBx3QO394RQ" "Mozilla/5.0 (Linux; Android 16; SM-A155F Build/BP2A.250605.031.A3) AppleWebKit/537.36 (KHTML, like Gecko) Version/4.0 Chrome/149.0.7827.83 Mobile Safari/537.36 [FB_IAB/FB4A;FBAV/564.0.0.48.74;IABMV/1;]"
79.169.127.148 - - [07/Jun/2026:00:57:53 +0200] "GET /wp-content/themes/uncode/library/js/plugins.js?ver=342067648 HTTP/1.1" 200 192557 "https://www.baudefruta.pt/?utm_source=meta&utm_campaign=reg24&fbclid=IwY2xjawSRhT5leHRuA2FlbQIxMQBzcnRjBmFwcF9pZAwzNTA2ODU1MzE3MjgAAR4mzNhYmZ9zVPUjNx_1w8YSn2taWM16cbz49TC57NoyYgm-u4ULb4VqA9q0mw_aem_i2U_NL82jVaPBx3QO394RQ" "Mozilla/5.0 (Linux; Android 16; SM-A155F Build/BP2A.250605.031.A3) AppleWebKit/537.36 (KHTML, like Gecko) Version/4.0 Chrome/149.0.7827.83 Mobile Safari/537.36 [FB_IAB/FB4A;FBAV/564.0.0.48.74;IABMV/1;]"
79.169.127.148 - - [07/Jun/2026:00:57:53 +0200] "GET /wp-content/plugins/woocommerce-products-filter/js/front.js?ver=2.2.9.4 HTTP/1.1" 200 12289 "https://www.baudefruta.pt/?utm_source=meta&utm_campaign=reg24&fbclid=IwY2xjawSRhT5leHRuA2FlbQIxMQBzcnRjBmFwcF9pZAwzNTA2ODU1MzE3MjgAAR4mzNhYmZ9zVPUjNx_1w8YSn2taWM16cbz49TC57NoyYgm-u4ULb4VqA9q0mw_aem_i2U_NL82jVaPBx3QO394RQ" "Mozilla/5.0 (Linux; Android 16; SM-A155F Build/BP2A.250605.031.A3) AppleWebKit/537.36 (KHTML, like Gecko) Version/4.0 Chrome/149.0.7827.83 Mobile Safari/537.36 [FB_IAB/FB4A;FBAV/564.0.0.48.74;IABMV/1;]"
79.169.127.148 - - [07/Jun/2026:00:57:53 +0200] "GET /wp-content/themes/uncode/library/js/woocommerce-uncode.js?ver=342067648 HTTP/1.1" 200 7190 "https://www.baudefruta.pt/?utm_source=meta&utm_campaign=reg24&fbclid=IwY2xjawSRhT5leHRuA2FlbQIxMQBzcnRjBmFwcF9pZAwzNTA2ODU1MzE3MjgAAR4mzNhYmZ9zVPUjNx_1w8YSn2taWM16cbz49TC57NoyYgm-u4ULb4VqA9q0mw_aem_i2U_NL82jVaPBx3QO394RQ" "Mozilla/5.0 (Linux; Android 16; SM-A155F Build/BP2A.250605.031.A3) AppleWebKit/537.36 (KHTML, like Gecko) Version/4.0 Chrome/149.0.7827.83 Mobile Safari/537.36 [FB_IAB/FB4A;FBAV/564.0.0.48.74;IABMV/1;]"
79.169.127.148 - - [07/Jun/2026:00:57:53 +0200] "GET /wp-content/themes/uncode/library/js/app.js?ver=342067648 HTTP/1.1" 200 41076 "https://www.baudefruta.pt/?utm_source=meta&utm_campaign=reg24&fbclid=IwY2xjawSRhT5leHRuA2FlbQIxMQBzcnRjBmFwcF9pZAwzNTA2ODU1MzE3MjgAAR4mzNhYmZ9zVPUjNx_1w8YSn2taWM16cbz49TC57NoyYgm-u4ULb4VqA9q0mw_aem_i2U_NL82jVaPBx3QO394RQ" "Mozilla/5.0 (Linux; Android 16; SM-A155F Build/BP2A.250605.031.A3) AppleWebKit/537.36 (KHTML, like Gecko) Version/4.0 Chrome/149.0.7827.83 Mobile Safari/537.36 [FB_IAB/FB4A;FBAV/564.0.0.48.74;IABMV/1;]"
