178.166.27.41 - - [07/Jun/2026:00:14:18 +0200] "GET /wp-content/themes/uncode/library/js/app.js?ver=1128653858 HTTP/1.1" 200 41076 "https://www.baudefruta.pt/produto/bau-de-hortalica/" "Mozilla/5.0 (Linux; Android 14; SM-A528B Build/UP1A.231005.007) AppleWebKit/537.36 (KHTML, like Gecko) Version/4.0 Chrome/149.0.7827.83 Mobile Safari/537.36 [FB_IAB/FB4A;FBAV/564.0.0.48.74;IABMV/1;]"
178.166.27.41 - - [07/Jun/2026:00:14:18 +0200] "GET /wp-content/themes/uncode/library/js/woocommerce-uncode.js?ver=1128653858 HTTP/1.1" 200 7190 "https://www.baudefruta.pt/produto/bau-de-hortalica/" "Mozilla/5.0 (Linux; Android 14; SM-A528B Build/UP1A.231005.007) AppleWebKit/537.36 (KHTML, like Gecko) Version/4.0 Chrome/149.0.7827.83 Mobile Safari/537.36 [FB_IAB/FB4A;FBAV/564.0.0.48.74;IABMV/1;]"
178.166.27.41 - - [07/Jun/2026:00:14:18 +0200] "GET /wp-content/uploads/2021/06/JL001-sopa-juliana-300x300.jpg HTTP/1.1" 200 27638 "https://www.baudefruta.pt/produto/bau-de-hortalica/" "Mozilla/5.0 (Linux; Android 14; SM-A528B Build/UP1A.231005.007) AppleWebKit/537.36 (KHTML, like Gecko) Version/4.0 Chrome/149.0.7827.83 Mobile Safari/537.36 [FB_IAB/FB4A;FBAV/564.0.0.48.74;IABMV/1;]"
178.166.27.41 - - [07/Jun/2026:00:14:18 +0200] "GET /wp-content/uploads/2021/06/CL001-couve_lombardo-1024x1024.jpg HTTP/1.1" 200 112530 "https://www.baudefruta.pt/produto/bau-de-hortalica/" "Mozilla/5.0 (Linux; Android 14; SM-A528B Build/UP1A.231005.007) AppleWebKit/537.36 (KHTML, like Gecko) Version/4.0 Chrome/149.0.7827.83 Mobile Safari/537.36 [FB_IAB/FB4A;FBAV/564.0.0.48.74;IABMV/1;]"
178.166.27.41 - - [07/Jun/2026:00:14:18 +0200] "GET /wp-content/uploads/2021/06/ALR001-alface-roxa-300x300.jpg HTTP/1.1" 200 20702 "https://www.baudefruta.pt/produto/bau-de-hortalica/" "Mozilla/5.0 (Linux; Android 14; SM-A528B Build/UP1A.231005.007) AppleWebKit/537.36 (KHTML, like Gecko) Version/4.0 Chrome/149.0.7827.83 Mobile Safari/537.36 [FB_IAB/FB4A;FBAV/564.0.0.48.74;IABMV/1;]"
178.166.27.41 - - [07/Jun/2026:00:14:18 +0200] "GET /wp-content/uploads/2021/06/CH001-chuchu-1.jpg HTTP/1.1" 200 13326 "https://www.baudefruta.pt/produto/bau-de-hortalica/" "Mozilla/5.0 (Linux; Android 14; SM-A528B Build/UP1A.231005.007) AppleWebKit/537.36 (KHTML, like Gecko) Version/4.0 Chrome/149.0.7827.83 Mobile Safari/537.36 [FB_IAB/FB4A;FBAV/564.0.0.48.74;IABMV/1;]"
178.166.27.41 - - [07/Jun/2026:00:14:18 +0200] "GET /wp-content/uploads/2021/06/TH001-tomate-cherry-300x300.jpg HTTP/1.1" 200 11156 "https://www.baudefruta.pt/produto/bau-de-hortalica/" "Mozilla/5.0 (Linux; Android 14; SM-A528B Build/UP1A.231005.007) AppleWebKit/537.36 (KHTML, like Gecko) Version/4.0 Chrome/149.0.7827.83 Mobile Safari/537.36 [FB_IAB/FB4A;FBAV/564.0.0.48.74;IABMV/1;]"
216.73.217.54 - - [07/Jun/2026:00:14:18 +0200] "GET /produto/melao-verde/?add-to-cart=4227&doing_wp_cron=1780608559.9469599723815917968750 HTTP/1.1" 200 62041 "-" "Mozilla/5.0 AppleWebKit/537.36 (KHTML, like Gecko; compatible; ClaudeBot/1.0; +claudebot@anthropic.com)"
178.16.52.137 - - [07/Jun/2026:00:14:20 +0200] "POST /wp-login.php?action=register HTTP/1.1" 403 146 "-" "-"
216.73.217.54 - - [07/Jun/2026:00:14:21 +0200] "GET /produto/ovos-cal-l-2/?add-to-cart=4224&doing_wp_cron=1780486645.1286249160766601562500 HTTP/1.1" 200 62395 "-" "Mozilla/5.0 AppleWebKit/537.36 (KHTML, like Gecko; compatible; ClaudeBot/1.0; +claudebot@anthropic.com)"
91.92.242.223 - - [07/Jun/2026:00:14:23 +0200] "POST /wp-login.php?action=register HTTP/1.1" 403 146 "-" "-"
216.73.217.54 - - [07/Jun/2026:00:14:24 +0200] "GET /loja/?add-to-cart=4329&doing_wp_cron=1780544538.0197379589080810546875&orderby=date HTTP/1.1" 200 64165 "-" "Mozilla/5.0 AppleWebKit/537.36 (KHTML, like Gecko; compatible; ClaudeBot/1.0; +claudebot@anthropic.com)"
216.73.217.54 - - [07/Jun/2026:00:14:27 +0200] "GET /produto/melao-verde/?add-to-cart=565&doing_wp_cron=1780323777.5646409988403320312500 HTTP/1.1" 200 62534 "-" "Mozilla/5.0 AppleWebKit/537.36 (KHTML, like Gecko; compatible; ClaudeBot/1.0; +claudebot@anthropic.com)"
216.73.217.54 - - [07/Jun/2026:00:14:31 +0200] "GET /categoria-produto/mercearia/?add-to-cart=2008&doing_wp_cron=1780207808.4722089767456054687500&orderby=menu_order HTTP/1.1" 200 60813 "-" "Mozilla/5.0 AppleWebKit/537.36 (KHTML, like Gecko; compatible; ClaudeBot/1.0; +claudebot@anthropic.com)"
178.166.27.41 - - [07/Jun/2026:00:14:32 +0200] "GET /categoria-produto/baus/ HTTP/1.1" 304 0 "https://www.baudefruta.pt/?fbclid=IwZXh0bgNhZW0BMABhZGlkAasyrjbZ70RzcnRjBmFwcF9pZAwzNTA2ODU1MzE3MjgAAR6xblgm-yY1xugkSVLMtPyMftRTnHdIiVFibONuAuzT3SelJbMT0hKprFIfBA_aem__bgfEtsr24D8GxPY7_f6xg&utm_medium=paid&utm_source=fb&utm_id=120245538772870644&utm_content=120245538772890644&utm_term=120245538772880644&utm_campaign=120245538772870644" "Mozilla/5.0 (Linux; Android 14; SM-A528B Build/UP1A.231005.007; wv) AppleWebKit/537.36 (KHTML, like Gecko) Version/4.0 Chrome/149.0.7827.83 Mobile Safari/537.36"
216.73.217.54 - - [07/Jun/2026:00:14:34 +0200] "GET /loja/page/7/?add-to-cart=690&doing_wp_cron=1780383896.6204249858856201171875&orderby=menu_order HTTP/1.1" 200 61425 "-" "Mozilla/5.0 AppleWebKit/537.36 (KHTML, like Gecko; compatible; ClaudeBot/1.0; +claudebot@anthropic.com)"
62.197.45.208 - - [07/Jun/2026:00:14:35 +0200] "GET /2021/05/11/ola-mundo/ HTTP/1.0" 200 8884598 "https://www.baudefruta.pt/2021/05/11/ola-mundo/" "Mozilla/5.0 (Windows NT 10.0; Win64; x64) AppleWebKit/537.36 (KHTML, like Gecko) Chrome/131.0.0.0 Safari/537.36"
178.166.27.41 - - [07/Jun/2026:00:14:35 +0200] "GET /produto/bau-de-fruticolas/ HTTP/1.1" 200 62311 "https://www.baudefruta.pt/?fbclid=IwZXh0bgNhZW0BMABhZGlkAasyrjbZ70RzcnRjBmFwcF9pZAwzNTA2ODU1MzE3MjgAAR6xblgm-yY1xugkSVLMtPyMftRTnHdIiVFibONuAuzT3SelJbMT0hKprFIfBA_aem__bgfEtsr24D8GxPY7_f6xg&utm_medium=paid&utm_source=fb&utm_id=120245538772870644&utm_content=120245538772890644&utm_term=120245538772880644&utm_campaign=120245538772870644" "Mozilla/5.0 (Linux; Android 14; SM-A528B Build/UP1A.231005.007; wv) AppleWebKit/537.36 (KHTML, like Gecko) Version/4.0 Chrome/149.0.7827.83 Mobile Safari/537.36"
178.166.27.41 - - [07/Jun/2026:00:14:35 +0200] "GET /wp-content/themes/uncode/library/css/style.css?ver=192536108 HTTP/1.1" 200 70140 "https://www.baudefruta.pt/produto/bau-de-fruticolas/" "Mozilla/5.0 (Linux; Android 14; SM-A528B Build/UP1A.231005.007) AppleWebKit/537.36 (KHTML, like Gecko) Version/4.0 Chrome/149.0.7827.83 Mobile Safari/537.36 [FB_IAB/FB4A;FBAV/564.0.0.48.74;IABMV/1;]"
178.166.27.41 - - [07/Jun/2026:00:14:35 +0200] "GET /wp-content/themes/uncode/library/css/uncode-icons.css?ver=192536108 HTTP/1.1" 200 12098 "https://www.baudefruta.pt/produto/bau-de-fruticolas/" "Mozilla/5.0 (Linux; Android 14; SM-A528B Build/UP1A.231005.007) AppleWebKit/537.36 (KHTML, like Gecko) Version/4.0 Chrome/149.0.7827.83 Mobile Safari/537.36 [FB_IAB/FB4A;FBAV/564.0.0.48.74;IABMV/1;]"
178.166.27.41 - - [07/Jun/2026:00:14:35 +0200] "GET /wp-content/themes/uncode/library/css/woocommerce.css?ver=192536108 HTTP/1.1" 200 20067 "https://www.baudefruta.pt/produto/bau-de-fruticolas/" "Mozilla/5.0 (Linux; Android 14; SM-A528B Build/UP1A.231005.007) AppleWebKit/537.36 (KHTML, like Gecko) Version/4.0 Chrome/149.0.7827.83 Mobile Safari/537.36 [FB_IAB/FB4A;FBAV/564.0.0.48.74;IABMV/1;]"
178.166.27.41 - - [07/Jun/2026:00:14:35 +0200] "GET /wp-content/themes/baudefruta-un/style.css?ver=162633135 HTTP/1.1" 200 896 "https://www.baudefruta.pt/produto/bau-de-fruticolas/" "Mozilla/5.0 (Linux; Android 14; SM-A528B Build/UP1A.231005.007) AppleWebKit/537.36 (KHTML, like Gecko) Version/4.0 Chrome/149.0.7827.83 Mobile Safari/537.36 [FB_IAB/FB4A;FBAV/564.0.0.48.74;IABMV/1;]"
178.166.27.41 - - [07/Jun/2026:00:14:35 +0200] "GET /wp-content/themes/uncode/library/js/init.js?ver=192536108 HTTP/1.1" 200 38505 "https://www.baudefruta.pt/produto/bau-de-fruticolas/" "Mozilla/5.0 (Linux; Android 14; SM-A528B Build/UP1A.231005.007) AppleWebKit/537.36 (KHTML, like Gecko) Version/4.0 Chrome/149.0.7827.83 Mobile Safari/537.36 [FB_IAB/FB4A;FBAV/564.0.0.48.74;IABMV/1;]"
178.166.27.41 - - [07/Jun/2026:00:14:35 +0200] "GET /wp-content/uploads/2021/05/bau_produto-fruta.jpg HTTP/1.1" 200 67848 "https://www.baudefruta.pt/produto/bau-de-fruticolas/" "Mozilla/5.0 (Linux; Android 14; SM-A528B Build/UP1A.231005.007) AppleWebKit/537.36 (KHTML, like Gecko) Version/4.0 Chrome/149.0.7827.83 Mobile Safari/537.36 [FB_IAB/FB4A;FBAV/564.0.0.48.74;IABMV/1;]"
178.166.27.41 - - [07/Jun/2026:00:14:35 +0200] "GET /wp-content/themes/uncode/library/js/app.js?ver=192536108 HTTP/1.1" 200 41076 "https://www.baudefruta.pt/produto/bau-de-fruticolas/" "Mozilla/5.0 (Linux; Android 14; SM-A528B Build/UP1A.231005.007) AppleWebKit/537.36 (KHTML, like Gecko) Version/4.0 Chrome/149.0.7827.83 Mobile Safari/537.36 [FB_IAB/FB4A;FBAV/564.0.0.48.74;IABMV/1;]"
178.166.27.41 - - [07/Jun/2026:00:14:35 +0200] "GET /wp-content/themes/uncode/library/js/plugins.js?ver=192536108 HTTP/1.1" 200 192557 "https://www.baudefruta.pt/produto/bau-de-fruticolas/" "Mozilla/5.0 (Linux; Android 14; SM-A528B Build/UP1A.231005.007) AppleWebKit/537.36 (KHTML, like Gecko) Version/4.0 Chrome/149.0.7827.83 Mobile Safari/537.36 [FB_IAB/FB4A;FBAV/564.0.0.48.74;IABMV/1;]"
178.166.27.41 - - [07/Jun/2026:00:14:35 +0200] "GET /wp-content/uploads/2021/06/CC001-couve_coracao-300x300.jpg HTTP/1.1" 200 16822 "https://www.baudefruta.pt/produto/bau-de-fruticolas/" "Mozilla/5.0 (Linux; Android 14; SM-A528B Build/UP1A.231005.007) AppleWebKit/537.36 (KHTML, like Gecko) Version/4.0 Chrome/149.0.7827.83 Mobile Safari/537.36 [FB_IAB/FB4A;FBAV/564.0.0.48.74;IABMV/1;]"
178.166.27.41 - - [07/Jun/2026:00:14:35 +0200] "GET /wp-content/themes/uncode/library/js/woocommerce-uncode.js?ver=192536108 HTTP/1.1" 200 7190 "https://www.baudefruta.pt/produto/bau-de-fruticolas/" "Mozilla/5.0 (Linux; Android 14; SM-A528B Build/UP1A.231005.007) AppleWebKit/537.36 (KHTML, like Gecko) Version/4.0 Chrome/149.0.7827.83 Mobile Safari/537.36 [FB_IAB/FB4A;FBAV/564.0.0.48.74;IABMV/1;]"
178.166.27.41 - - [07/Jun/2026:00:14:35 +0200] "GET /wp-content/uploads/2021/06/CV001-caldo-verde.jpg HTTP/1.1" 200 205294 "https://www.baudefruta.pt/produto/bau-de-fruticolas/" "Mozilla/5.0 (Linux; Android 14; SM-A528B Build/UP1A.231005.007) AppleWebKit/537.36 (KHTML, like Gecko) Version/4.0 Chrome/149.0.7827.83 Mobile Safari/537.36 [FB_IAB/FB4A;FBAV/564.0.0.48.74;IABMV/1;]"
178.166.27.41 - - [07/Jun/2026:00:14:35 +0200] "GET /wp-content/uploads/2021/06/PP001-pepino-1-300x300.jpg HTTP/1.1" 200 11063 "https://www.baudefruta.pt/produto/bau-de-fruticolas/" "Mozilla/5.0 (Linux; Android 14; SM-A528B Build/UP1A.231005.007) AppleWebKit/537.36 (KHTML, like Gecko) Version/4.0 Chrome/149.0.7827.83 Mobile Safari/537.36 [FB_IAB/FB4A;FBAV/564.0.0.48.74;IABMV/1;]"
178.166.27.41 - - [07/Jun/2026:00:14:35 +0200] "GET /wp-content/uploads/2021/06/AS001-alho-seco-300x300.jpg HTTP/1.1" 200 10689 "https://www.baudefruta.pt/produto/bau-de-fruticolas/" "Mozilla/5.0 (Linux; Android 14; SM-A528B Build/UP1A.231005.007) AppleWebKit/537.36 (KHTML, like Gecko) Version/4.0 Chrome/149.0.7827.83 Mobile Safari/537.36 [FB_IAB/FB4A;FBAV/564.0.0.48.74;IABMV/1;]"
75.119.139.177 - - [07/Jun/2026:00:14:36 +0200] "GET /sitemap.xml HTTP/1.1" 302 11 "-" "WordPress/6.9.1; https://www.baudefruta.pt"
75.119.139.177 - - [07/Jun/2026:00:14:37 +0200] "GET /sitemap.xml?doing_wp_cron=1780784076.2274320125579833984375 HTTP/1.1" 404 53263 "-" "WordPress/6.9.1; https://www.baudefruta.pt"
216.73.217.54 - - [07/Jun/2026:00:14:37 +0200] "GET /loja/?add-to-cart=468&doing_wp_cron=1780711747.4904251098632812500000&orderby=menu_order HTTP/1.1" 200 61356 "-" "Mozilla/5.0 AppleWebKit/537.36 (KHTML, like Gecko; compatible; ClaudeBot/1.0; +claudebot@anthropic.com)"
62.197.45.208 - - [07/Jun/2026:00:14:39 +0200] "POST /wp-comments-post.php HTTP/1.0" 302 0 "https://www.baudefruta.pt/2021/05/11/ola-mundo/" "Mozilla/5.0 (Windows NT 10.0; Win64; x64) AppleWebKit/537.36 (KHTML, like Gecko) Chrome/131.0.0.0 Safari/537.36"
62.197.45.208 - - [07/Jun/2026:00:14:40 +0200] "GET /2021/05/11/ola-mundo/ HTTP/1.0" 302 1 "https://www.baudefruta.pt/2021/05/11/ola-mundo/#comment-68895" "Mozilla/5.0 (Windows NT 10.0; Win64; x64) AppleWebKit/537.36 (KHTML, like Gecko) Chrome/131.0.0.0 Safari/537.36"
216.73.217.54 - - [07/Jun/2026:00:14:40 +0200] "GET /produto/miolo-de-noz/?add-to-cart=701&doing_wp_cron=1780471880.2070729732513427734375 HTTP/1.1" 200 59821 "-" "Mozilla/5.0 AppleWebKit/537.36 (KHTML, like Gecko; compatible; ClaudeBot/1.0; +claudebot@anthropic.com)"
216.73.217.54 - - [07/Jun/2026:00:14:43 +0200] "GET /produto/macarronete-nacional-500g/?add-to-cart=735&doing_wp_cron=1780724659.9704320430755615234375 HTTP/1.1" 200 60160 "-" "Mozilla/5.0 AppleWebKit/537.36 (KHTML, like Gecko; compatible; ClaudeBot/1.0; +claudebot@anthropic.com)"
62.197.45.208 - - [07/Jun/2026:00:14:44 +0200] "GET /2021/05/11/ola-mundo/?doing_wp_cron=1780784080.1709799766540527343750 HTTP/1.0" 200 196063 "https://www.baudefruta.pt/?doing_wp_cron=1780784080.1709799766540527343750" "Mozilla/5.0 (Windows NT 10.0; Win64; x64) AppleWebKit/537.36 (KHTML, like Gecko) Chrome/131.0.0.0 Safari/537.36"
178.166.27.41 - - [07/Jun/2026:00:14:45 +0200] "GET /produto/couve-coracao/ HTTP/1.1" 200 57338 "https://www.baudefruta.pt/produto/bau-de-fruticolas/" "Mozilla/5.0 (Linux; Android 14; SM-A528B Build/UP1A.231005.007; wv) AppleWebKit/537.36 (KHTML, like Gecko) Version/4.0 Chrome/149.0.7827.83 Mobile Safari/537.36"
216.73.217.54 - - [07/Jun/2026:00:14:46 +0200] "GET /produto/alho-granulado-em-frasco/?add-to-cart=687&doing_wp_cron=1780406985.6702001094818115234375 HTTP/1.1" 200 60270 "-" "Mozilla/5.0 AppleWebKit/537.36 (KHTML, like Gecko; compatible; ClaudeBot/1.0; +claudebot@anthropic.com)"
216.73.217.54 - - [07/Jun/2026:00:14:49 +0200] "GET /loja/page/3/?add-to-cart=559&doing_wp_cron=1780566199.9486548900604248046875&orderby=menu_order HTTP/1.1" 200 62125 "-" "Mozilla/5.0 AppleWebKit/537.36 (KHTML, like Gecko; compatible; ClaudeBot/1.0; +claudebot@anthropic.com)"
216.73.217.54 - - [07/Jun/2026:00:14:52 +0200] "GET /loja/page/5/?add-to-cart=706&doing_wp_cron=1780505541.2122659683227539062500&orderby=menu_order HTTP/1.1" 200 62612 "-" "Mozilla/5.0 AppleWebKit/537.36 (KHTML, like Gecko; compatible; ClaudeBot/1.0; +claudebot@anthropic.com)"
178.166.27.41 - - [07/Jun/2026:00:14:52 +0200] "GET /categoria-produto/frescos/ HTTP/1.1" 200 58776 "https://www.baudefruta.pt/?fbclid=IwZXh0bgNhZW0BMABhZGlkAasyrjbZ70RzcnRjBmFwcF9pZAwzNTA2ODU1MzE3MjgAAR6xblgm-yY1xugkSVLMtPyMftRTnHdIiVFibONuAuzT3SelJbMT0hKprFIfBA_aem__bgfEtsr24D8GxPY7_f6xg&utm_medium=paid&utm_source=fb&utm_id=120245538772870644&utm_content=120245538772890644&utm_term=120245538772880644&utm_campaign=120245538772870644" "Mozilla/5.0 (Linux; Android 14; SM-A528B Build/UP1A.231005.007; wv) AppleWebKit/537.36 (KHTML, like Gecko) Version/4.0 Chrome/149.0.7827.83 Mobile Safari/537.36"
216.73.217.54 - - [07/Jun/2026:00:14:55 +0200] "GET /produto/batata-vermelha-20-kg/?add-to-cart=571&doing_wp_cron=1780694358.5881590843200683593750 HTTP/1.1" 200 61011 "-" "Mozilla/5.0 AppleWebKit/537.36 (KHTML, like Gecko; compatible; ClaudeBot/1.0; +claudebot@anthropic.com)"
178.166.27.41 - - [07/Jun/2026:00:14:56 +0200] "GET /categoria-produto/frescos/ovos/ HTTP/1.1" 200 54886 "https://www.baudefruta.pt/?fbclid=IwZXh0bgNhZW0BMABhZGlkAasyrjbZ70RzcnRjBmFwcF9pZAwzNTA2ODU1MzE3MjgAAR6xblgm-yY1xugkSVLMtPyMftRTnHdIiVFibONuAuzT3SelJbMT0hKprFIfBA_aem__bgfEtsr24D8GxPY7_f6xg&utm_medium=paid&utm_source=fb&utm_id=120245538772870644&utm_content=120245538772890644&utm_term=120245538772880644&utm_campaign=120245538772870644" "Mozilla/5.0 (Linux; Android 14; SM-A528B Build/UP1A.231005.007; wv) AppleWebKit/537.36 (KHTML, like Gecko) Version/4.0 Chrome/149.0.7827.83 Mobile Safari/537.36"
178.166.27.41 - - [07/Jun/2026:00:14:56 +0200] "GET /wp-content/themes/uncode/library/css/style.css?ver=288556291 HTTP/1.1" 200 70140 "https://www.baudefruta.pt/categoria-produto/frescos/ovos/" "Mozilla/5.0 (Linux; Android 14; SM-A528B Build/UP1A.231005.007) AppleWebKit/537.36 (KHTML, like Gecko) Version/4.0 Chrome/149.0.7827.83 Mobile Safari/537.36 [FB_IAB/FB4A;FBAV/564.0.0.48.74;IABMV/1;]"
178.166.27.41 - - [07/Jun/2026:00:14:56 +0200] "GET /wp-content/themes/uncode/library/css/uncode-icons.css?ver=288556291 HTTP/1.1" 200 12098 "https://www.baudefruta.pt/categoria-produto/frescos/ovos/" "Mozilla/5.0 (Linux; Android 14; SM-A528B Build/UP1A.231005.007) AppleWebKit/537.36 (KHTML, like Gecko) Version/4.0 Chrome/149.0.7827.83 Mobile Safari/537.36 [FB_IAB/FB4A;FBAV/564.0.0.48.74;IABMV/1;]"
178.166.27.41 - - [07/Jun/2026:00:14:56 +0200] "GET /wp-content/themes/baudefruta-un/style.css?ver=1242982465 HTTP/1.1" 200 896 "https://www.baudefruta.pt/categoria-produto/frescos/ovos/" "Mozilla/5.0 (Linux; Android 14; SM-A528B Build/UP1A.231005.007) AppleWebKit/537.36 (KHTML, like Gecko) Version/4.0 Chrome/149.0.7827.83 Mobile Safari/537.36 [FB_IAB/FB4A;FBAV/564.0.0.48.74;IABMV/1;]"
178.166.27.41 - - [07/Jun/2026:00:14:56 +0200] "GET /wp-content/themes/uncode/library/css/woocommerce.css?ver=288556291 HTTP/1.1" 200 20067 "https://www.baudefruta.pt/categoria-produto/frescos/ovos/" "Mozilla/5.0 (Linux; Android 14; SM-A528B Build/UP1A.231005.007) AppleWebKit/537.36 (KHTML, like Gecko) Version/4.0 Chrome/149.0.7827.83 Mobile Safari/537.36 [FB_IAB/FB4A;FBAV/564.0.0.48.74;IABMV/1;]"
178.166.27.41 - - [07/Jun/2026:00:14:56 +0200] "GET /wp-content/themes/uncode/library/js/init.js?ver=288556291 HTTP/1.1" 200 38505 "https://www.baudefruta.pt/categoria-produto/frescos/ovos/" "Mozilla/5.0 (Linux; Android 14; SM-A528B Build/UP1A.231005.007) AppleWebKit/537.36 (KHTML, like Gecko) Version/4.0 Chrome/149.0.7827.83 Mobile Safari/537.36 [FB_IAB/FB4A;FBAV/564.0.0.48.74;IABMV/1;]"
178.166.27.41 - - [07/Jun/2026:00:14:56 +0200] "GET /wp-content/uploads/2021/06/OVL001-ovos-saborosos-uai-565x565.jpg HTTP/1.1" 200 38444 "https://www.baudefruta.pt/categoria-produto/frescos/ovos/" "Mozilla/5.0 (Linux; Android 14; SM-A528B Build/UP1A.231005.007) AppleWebKit/537.36 (KHTML, like Gecko) Version/4.0 Chrome/149.0.7827.83 Mobile Safari/537.36 [FB_IAB/FB4A;FBAV/564.0.0.48.74;IABMV/1;]"
178.166.27.41 - - [07/Jun/2026:00:14:56 +0200] "GET /wp-content/uploads/2021/07/OVL002-low.jpg HTTP/1.1" 200 81816 "https://www.baudefruta.pt/categoria-produto/frescos/ovos/" "Mozilla/5.0 (Linux; Android 14; SM-A528B Build/UP1A.231005.007) AppleWebKit/537.36 (KHTML, like Gecko) Version/4.0 Chrome/149.0.7827.83 Mobile Safari/537.36 [FB_IAB/FB4A;FBAV/564.0.0.48.74;IABMV/1;]"
178.166.27.41 - - [07/Jun/2026:00:14:56 +0200] "GET /wp-content/uploads/2021/06/OVMT001-ovos-matinados-uai-610x610.jpg HTTP/1.1" 200 169857 "https://www.baudefruta.pt/categoria-produto/frescos/ovos/" "Mozilla/5.0 (Linux; Android 14; SM-A528B Build/UP1A.231005.007) AppleWebKit/537.36 (KHTML, like Gecko) Version/4.0 Chrome/149.0.7827.83 Mobile Safari/537.36 [FB_IAB/FB4A;FBAV/564.0.0.48.74;IABMV/1;]"
178.166.27.41 - - [07/Jun/2026:00:14:56 +0200] "GET /wp-content/themes/uncode/library/js/plugins.js?ver=288556291 HTTP/1.1" 200 192549 "https://www.baudefruta.pt/categoria-produto/frescos/ovos/" "Mozilla/5.0 (Linux; Android 14; SM-A528B Build/UP1A.231005.007) AppleWebKit/537.36 (KHTML, like Gecko) Version/4.0 Chrome/149.0.7827.83 Mobile Safari/537.36 [FB_IAB/FB4A;FBAV/564.0.0.48.74;IABMV/1;]"
178.166.27.41 - - [07/Jun/2026:00:14:56 +0200] "GET /wp-content/themes/uncode/library/js/app.js?ver=288556291 HTTP/1.1" 200 41076 "https://www.baudefruta.pt/categoria-produto/frescos/ovos/" "Mozilla/5.0 (Linux; Android 14; SM-A528B Build/UP1A.231005.007) AppleWebKit/537.36 (KHTML, like Gecko) Version/4.0 Chrome/149.0.7827.83 Mobile Safari/537.36 [FB_IAB/FB4A;FBAV/564.0.0.48.74;IABMV/1;]"
178.166.27.41 - - [07/Jun/2026:00:14:56 +0200] "GET /wp-content/themes/uncode/library/js/woocommerce-uncode.js?ver=288556291 HTTP/1.1" 200 7190 "https://www.baudefruta.pt/categoria-produto/frescos/ovos/" "Mozilla/5.0 (Linux; Android 14; SM-A528B Build/UP1A.231005.007) AppleWebKit/537.36 (KHTML, like Gecko) Version/4.0 Chrome/149.0.7827.83 Mobile Safari/537.36 [FB_IAB/FB4A;FBAV/564.0.0.48.74;IABMV/1;]"
216.73.217.54 - - [07/Jun/2026:00:14:58 +0200] "GET /produto/atum-selvagem-em-oleo-vegetal-ramirez/?add-to-cart=2015&doing_wp_cron=1780210660.8324201107025146484375 HTTP/1.1" 200 61389 "-" "Mozilla/5.0 AppleWebKit/537.36 (KHTML, like Gecko; compatible; ClaudeBot/1.0; +claudebot@anthropic.com)"
178.166.27.41 - - [07/Jun/2026:00:14:58 +0200] "GET /produto/ovos-cal-l/ HTTP/1.1" 200 57771 "https://www.baudefruta.pt/categoria-produto/frescos/ovos/" "Mozilla/5.0 (Linux; Android 14; SM-A528B Build/UP1A.231005.007; wv) AppleWebKit/537.36 (KHTML, like Gecko) Version/4.0 Chrome/149.0.7827.83 Mobile Safari/537.36"
178.166.27.41 - - [07/Jun/2026:00:15:01 +0200] "GET /produto/ovos-cal-l-2/ HTTP/1.1" 200 57234 "https://www.baudefruta.pt/categoria-produto/frescos/ovos/" "Mozilla/5.0 (Linux; Android 14; SM-A528B Build/UP1A.231005.007; wv) AppleWebKit/537.36 (KHTML, like Gecko) Version/4.0 Chrome/149.0.7827.83 Mobile Safari/537.36"
216.73.217.54 - - [07/Jun/2026:00:15:02 +0200] "GET /loja/page/2/?add-to-cart=606&doing_wp_cron=1780712528.4456300735473632812500&orderby=menu_order HTTP/1.1" 200 63399 "-" "Mozilla/5.0 AppleWebKit/537.36 (KHTML, like Gecko; compatible; ClaudeBot/1.0; +claudebot@anthropic.com)"
216.73.217.54 - - [07/Jun/2026:00:15:04 +0200] "GET /loja/page/5/?add-to-cart=767&doing_wp_cron=1780580458.8401908874511718750000&orderby=menu_order HTTP/1.1" 200 63428 "-" "Mozilla/5.0 AppleWebKit/537.36 (KHTML, like Gecko; compatible; ClaudeBot/1.0; +claudebot@anthropic.com)"
216.73.217.54 - - [07/Jun/2026:00:15:07 +0200] "GET /produto/amendoa-caramelizada/?add-to-cart=745&doing_wp_cron=1780214709.0771410465240478515625 HTTP/1.1" 200 61807 "-" "Mozilla/5.0 AppleWebKit/537.36 (KHTML, like Gecko; compatible; ClaudeBot/1.0; +claudebot@anthropic.com)"
178.166.27.41 - - [07/Jun/2026:00:15:08 +0200] "GET /produto/ovos-matinados-cal-m-5duzias/ HTTP/1.1" 200 59543 "https://www.baudefruta.pt/categoria-produto/frescos/ovos/" "Mozilla/5.0 (Linux; Android 14; SM-A528B Build/UP1A.231005.007; wv) AppleWebKit/537.36 (KHTML, like Gecko) Version/4.0 Chrome/149.0.7827.83 Mobile Safari/537.36"
178.166.27.41 - - [07/Jun/2026:00:15:09 +0200] "GET /produto/ovos-matinados-cal-m-l/ HTTP/1.1" 200 57861 "https://www.baudefruta.pt/categoria-produto/frescos/ovos/" "Mozilla/5.0 (Linux; Android 14; SM-A528B Build/UP1A.231005.007; wv) AppleWebKit/537.36 (KHTML, like Gecko) Version/4.0 Chrome/149.0.7827.83 Mobile Safari/537.36"
216.73.217.54 - - [07/Jun/2026:00:15:10 +0200] "GET /loja/page/2/?add-to-cart=763&doing_wp_cron=1780360638.0177381038665771484375&orderby=date HTTP/1.1" 200 63702 "-" "Mozilla/5.0 AppleWebKit/537.36 (KHTML, like Gecko; compatible; ClaudeBot/1.0; +claudebot@anthropic.com)"
216.73.217.54 - - [07/Jun/2026:00:15:13 +0200] "GET /loja/?add-to-cart=1934&doing_wp_cron=1780424125.1127629280090332031250&orderby=popularity HTTP/1.1" 200 63783 "-" "Mozilla/5.0 AppleWebKit/537.36 (KHTML, like Gecko; compatible; ClaudeBot/1.0; +claudebot@anthropic.com)"
178.166.27.41 - - [07/Jun/2026:00:15:14 +0200] "GET /?fbclid=IwZXh0bgNhZW0BMABhZGlkAasyrjbZ70RzcnRjBmFwcF9pZAwzNTA2ODU1MzE3MjgAAR6xblgm-yY1xugkSVLMtPyMftRTnHdIiVFibONuAuzT3SelJbMT0hKprFIfBA_aem__bgfEtsr24D8GxPY7_f6xg&utm_medium=paid&utm_source=fb&utm_id=120245538772870644&utm_content=120245538772890644&utm_term=120245538772880644&utm_campaign=120245538772870644 HTTP/1.1" 302 11 "http://m.facebook.com/" "Mozilla/5.0 (Linux; Android 14; SM-A528B Build/UP1A.231005.007) AppleWebKit/537.36 (KHTML, like Gecko) Version/4.0 Chrome/149.0.7827.83 Mobile Safari/537.36 [FB_IAB/FB4A;FBAV/564.0.0.48.74;IABMV/1;] FBNV/500"
216.73.217.54 - - [07/Jun/2026:00:15:16 +0200] "GET /loja/page/4/?add-to-cart=1542&doing_wp_cron=1780356236.1233079433441162109375&orderby=popularity HTTP/1.1" 200 64362 "-" "Mozilla/5.0 AppleWebKit/537.36 (KHTML, like Gecko; compatible; ClaudeBot/1.0; +claudebot@anthropic.com)"
57.141.20.20 - - [07/Jun/2026:00:15:19 +0200] "GET /sitemap.html?doing_wp_cron=1767952067.6079330444335937500000 HTTP/1.1" 301 5 "-" "meta-externalagent/1.1 (+https://developers.facebook.com/docs/sharing/webmasters/crawler)"
216.73.217.54 - - [07/Jun/2026:00:15:19 +0200] "GET /loja/page/9/?add-to-cart=2012&doing_wp_cron=1780259951.9076659679412841796875&orderby=menu_order HTTP/1.1" 200 64494 "-" "Mozilla/5.0 AppleWebKit/537.36 (KHTML, like Gecko; compatible; ClaudeBot/1.0; +claudebot@anthropic.com)"
216.73.217.54 - - [07/Jun/2026:00:15:23 +0200] "GET /loja/page/4/?add-to-cart=345&doing_wp_cron=1699032554.2910571098327636718750&orderby=popularity HTTP/1.1" 200 62383 "-" "Mozilla/5.0 AppleWebKit/537.36 (KHTML, like Gecko; compatible; ClaudeBot/1.0; +claudebot@anthropic.com)"
216.73.217.54 - - [07/Jun/2026:00:15:25 +0200] "GET /loja/page/4/?add-to-cart=500&doing_wp_cron=1699032554.2910571098327636718750&orderby=popularity HTTP/1.1" 200 62584 "-" "Mozilla/5.0 AppleWebKit/537.36 (KHTML, like Gecko; compatible; ClaudeBot/1.0; +claudebot@anthropic.com)"
216.73.217.54 - - [07/Jun/2026:00:15:28 +0200] "GET /loja/page/4/?add-to-cart=454&doing_wp_cron=1699032554.2910571098327636718750&orderby=popularity HTTP/1.1" 200 62747 "-" "Mozilla/5.0 AppleWebKit/537.36 (KHTML, like Gecko; compatible; ClaudeBot/1.0; +claudebot@anthropic.com)"
216.73.217.54 - - [07/Jun/2026:00:15:31 +0200] "GET /loja/page/4/?add-to-cart=478&doing_wp_cron=1699032554.2910571098327636718750&orderby=popularity HTTP/1.1" 200 62934 "-" "Mozilla/5.0 AppleWebKit/537.36 (KHTML, like Gecko; compatible; ClaudeBot/1.0; +claudebot@anthropic.com)"
114.119.132.173 - - [07/Jun/2026:00:15:32 +0200] "GET /loja/page/6/?orderby=date&doing_wp_cron=1684001093.7937541007995605468750 HTTP/1.1" 200 60316 "https://www.baudefruta.pt/loja/page/6/?orderby=popularity&doing_wp_cron=1684001093.7937541007995605468750" "Mozilla/5.0 (Linux; Android 7.0;) AppleWebKit/537.36 (HTML, like Gecko) Mobile Safari/537.36 (compatible; PetalBot;+https://webmaster.petalsearch.com/site/petalbot)"
216.73.217.54 - - [07/Jun/2026:00:15:34 +0200] "GET /loja/page/5/?add-to-cart=935&doing_wp_cron=1780429678.1482779979705810546875&orderby=menu_order HTTP/1.1" 200 63095 "-" "Mozilla/5.0 AppleWebKit/537.36 (KHTML, like Gecko; compatible; ClaudeBot/1.0; +claudebot@anthropic.com)"
216.73.217.54 - - [07/Jun/2026:00:15:37 +0200] "GET /produto/azeitona-galega/?add-to-cart=5345&doing_wp_cron=1780375341.7886409759521484375000 HTTP/1.1" 200 61549 "-" "Mozilla/5.0 AppleWebKit/537.36 (KHTML, like Gecko; compatible; ClaudeBot/1.0; +claudebot@anthropic.com)"
216.73.217.54 - - [07/Jun/2026:00:15:40 +0200] "GET /loja/page/6/?add-to-cart=901&doing_wp_cron=1780596024.2896258831024169921875&orderby=menu_order HTTP/1.1" 200 63386 "-" "Mozilla/5.0 AppleWebKit/537.36 (KHTML, like Gecko; compatible; ClaudeBot/1.0; +claudebot@anthropic.com)"
216.73.217.54 - - [07/Jun/2026:00:15:43 +0200] "GET /loja/page/4/?add-to-cart=550&doing_wp_cron=1780268890.7532269954681396484375&orderby=menu_order HTTP/1.1" 200 64005 "-" "Mozilla/5.0 AppleWebKit/537.36 (KHTML, like Gecko; compatible; ClaudeBot/1.0; +claudebot@anthropic.com)"
216.73.217.54 - - [07/Jun/2026:00:15:46 +0200] "GET /loja/page/3/?add-to-cart=1125&doing_wp_cron=1780552196.7174270153045654296875&orderby=popularity HTTP/1.1" 200 64030 "-" "Mozilla/5.0 AppleWebKit/537.36 (KHTML, like Gecko; compatible; ClaudeBot/1.0; +claudebot@anthropic.com)"
178.217.98.153 - - [07/Jun/2026:00:15:48 +0200] "GET /2021/05/11/ola-mundo/ HTTP/1.0" 302 91 "https://www.baudefruta.pt/2021/05/11/ola-mundo/#comment-68046" "Mozilla/5.0 (Windows NT 10.0; Win64; x64) AppleWebKit/537.36 (KHTML, like Gecko) Chrome/129.0.0.0 Safari/537.36"
216.73.217.54 - - [07/Jun/2026:00:15:49 +0200] "GET /loja/page/10/?add-to-cart=474&doing_wp_cron=1780400178.2150061130523681640625&orderby=popularity HTTP/1.1" 200 64678 "-" "Mozilla/5.0 AppleWebKit/537.36 (KHTML, like Gecko; compatible; ClaudeBot/1.0; +claudebot@anthropic.com)"
17.241.219.147 - - [07/Jun/2026:00:15:50 +0200] "GET /politica-privacidade/?doing_wp_cron=1743871551.7226860523223876953125 HTTP/1.1" 200 57075 "-" "Mozilla/5.0 (Macintosh; Intel Mac OS X 10_15_7) AppleWebKit/605.1.15 (KHTML, like Gecko) Version/17.4 Safari/605.1.15 (Applebot/0.1; +http://www.apple.com/go/applebot)"
216.73.217.54 - - [07/Jun/2026:00:15:53 +0200] "GET /loja/page/2/?add-to-cart=1990&doing_wp_cron=1780544516.9586501121520996093750&orderby=menu_order HTTP/1.1" 200 61180 "-" "Mozilla/5.0 AppleWebKit/537.36 (KHTML, like Gecko; compatible; ClaudeBot/1.0; +claudebot@anthropic.com)"
216.73.217.54 - - [07/Jun/2026:00:15:56 +0200] "GET /loja/page/2/?add-to-cart=1560&doing_wp_cron=1780489939.7494440078735351562500&orderby=popularity HTTP/1.1" 200 63020 "-" "Mozilla/5.0 AppleWebKit/537.36 (KHTML, like Gecko; compatible; ClaudeBot/1.0; +claudebot@anthropic.com)"
216.73.217.54 - - [07/Jun/2026:00:15:59 +0200] "GET /loja/?add-to-cart=1988&doing_wp_cron=1724760408.5467429161071777343750&orderby=popularity HTTP/1.1" 200 63057 "-" "Mozilla/5.0 AppleWebKit/537.36 (KHTML, like Gecko; compatible; ClaudeBot/1.0; +claudebot@anthropic.com)"
178.217.98.153 - - [07/Jun/2026:00:16:01 +0200] "GET /2021/05/11/ola-mundo/?doing_wp_cron=1780784148.8165268898010253906250 HTTP/1.0" 200 8886203 "https://www.baudefruta.pt/?doing_wp_cron=1780784148.8165268898010253906250" "Mozilla/5.0 (Windows NT 10.0; Win64; x64) AppleWebKit/537.36 (KHTML, like Gecko) Chrome/129.0.0.0 Safari/537.36"
216.73.217.54 - - [07/Jun/2026:00:16:02 +0200] "GET /loja/page/2/?add-to-cart=521&doing_wp_cron=1780695429.3201670646667480468750&orderby=popularity HTTP/1.1" 200 63444 "-" "Mozilla/5.0 AppleWebKit/537.36 (KHTML, like Gecko; compatible; ClaudeBot/1.0; +claudebot@anthropic.com)"
216.73.217.54 - - [07/Jun/2026:00:16:05 +0200] "GET /loja/page/8/?add-to-cart=626&doing_wp_cron=1780305920.7864100933074951171875&orderby=popularity HTTP/1.1" 200 61665 "-" "Mozilla/5.0 AppleWebKit/537.36 (KHTML, like Gecko; compatible; ClaudeBot/1.0; +claudebot@anthropic.com)"
216.73.217.54 - - [07/Jun/2026:00:16:08 +0200] "GET /loja/page/10/?add-to-cart=2034&doing_wp_cron=1780541060.9407060146331787109375&orderby=date HTTP/1.1" 200 60899 "-" "Mozilla/5.0 AppleWebKit/537.36 (KHTML, like Gecko; compatible; ClaudeBot/1.0; +claudebot@anthropic.com)"
216.73.217.54 - - [07/Jun/2026:00:16:11 +0200] "GET /categoria-produto/mercearia/?add-to-cart=2012&doing_wp_cron=1780323738.5383338928222656250000&orderby=popularity HTTP/1.1" 200 61689 "-" "Mozilla/5.0 AppleWebKit/537.36 (KHTML, like Gecko; compatible; ClaudeBot/1.0; +claudebot@anthropic.com)"
216.73.217.54 - - [07/Jun/2026:00:16:13 +0200] "GET /loja/page/3/?add-to-cart=545&doing_wp_cron=1780406818.1222550868988037109375&orderby=date HTTP/1.1" 200 61668 "-" "Mozilla/5.0 AppleWebKit/537.36 (KHTML, like Gecko; compatible; ClaudeBot/1.0; +claudebot@anthropic.com)"
216.73.217.54 - - [07/Jun/2026:00:16:16 +0200] "GET /loja/page/11/?add-to-cart=474&doing_wp_cron=1780649592.0201880931854248046875&orderby=menu_order HTTP/1.1" 200 61455 "-" "Mozilla/5.0 AppleWebKit/537.36 (KHTML, like Gecko; compatible; ClaudeBot/1.0; +claudebot@anthropic.com)"
216.73.217.54 - - [07/Jun/2026:00:16:20 +0200] "GET /loja/page/7/?add-to-cart=693&doing_wp_cron=1780505801.7622530460357666015625&orderby=popularity HTTP/1.1" 200 62668 "-" "Mozilla/5.0 AppleWebKit/537.36 (KHTML, like Gecko; compatible; ClaudeBot/1.0; +claudebot@anthropic.com)"
216.73.217.54 - - [07/Jun/2026:00:16:22 +0200] "GET /loja/page/5/?add-to-cart=507&doing_wp_cron=1780644489.7822089195251464843750&orderby=popularity HTTP/1.1" 200 62806 "-" "Mozilla/5.0 AppleWebKit/537.36 (KHTML, like Gecko; compatible; ClaudeBot/1.0; +claudebot@anthropic.com)"
216.73.217.54 - - [07/Jun/2026:00:16:26 +0200] "GET /loja/page/2/?add-to-cart=2043&doing_wp_cron=1780494314.2484500408172607421875&orderby=date HTTP/1.1" 200 62471 "-" "Mozilla/5.0 AppleWebKit/537.36 (KHTML, like Gecko; compatible; ClaudeBot/1.0; +claudebot@anthropic.com)"
216.73.217.54 - - [07/Jun/2026:00:16:31 +0200] "GET /loja/page/5/?add-to-cart=879&doing_wp_cron=1780471500.7316999435424804687500&orderby=popularity HTTP/1.1" 200 61524 "-" "Mozilla/5.0 AppleWebKit/537.36 (KHTML, like Gecko; compatible; ClaudeBot/1.0; +claudebot@anthropic.com)"
216.73.217.54 - - [07/Jun/2026:00:16:33 +0200] "GET /loja/page/5/?add-to-cart=4226&doing_wp_cron=1780424125.1127629280090332031250&orderby=menu_order HTTP/1.1" 200 61334 "-" "Mozilla/5.0 AppleWebKit/537.36 (KHTML, like Gecko; compatible; ClaudeBot/1.0; +claudebot@anthropic.com)"
216.73.217.54 - - [07/Jun/2026:00:16:36 +0200] "GET /loja/page/5/?add-to-cart=817&doing_wp_cron=1780534458.6864840984344482421875&orderby=date HTTP/1.1" 200 61641 "-" "Mozilla/5.0 AppleWebKit/537.36 (KHTML, like Gecko; compatible; ClaudeBot/1.0; +claudebot@anthropic.com)"
216.73.217.54 - - [07/Jun/2026:00:16:39 +0200] "GET /loja/page/3/?add-to-cart=704&doing_wp_cron=1780205258.9664719104766845703125&orderby=date HTTP/1.1" 200 61868 "-" "Mozilla/5.0 AppleWebKit/537.36 (KHTML, like Gecko; compatible; ClaudeBot/1.0; +claudebot@anthropic.com)"
216.73.217.54 - - [07/Jun/2026:00:16:42 +0200] "GET /loja/page/5/?add-to-cart=547&doing_wp_cron=1780455776.6261320114135742187500&orderby=menu_order HTTP/1.1" 200 62012 "-" "Mozilla/5.0 AppleWebKit/537.36 (KHTML, like Gecko; compatible; ClaudeBot/1.0; +claudebot@anthropic.com)"
216.73.217.54 - - [07/Jun/2026:00:16:45 +0200] "GET /loja/page/3/?add-to-cart=565&doing_wp_cron=1780445098.1589419841766357421875&orderby=popularity HTTP/1.1" 200 62359 "-" "Mozilla/5.0 AppleWebKit/537.36 (KHTML, like Gecko; compatible; ClaudeBot/1.0; +claudebot@anthropic.com)"
216.73.217.54 - - [07/Jun/2026:00:16:49 +0200] "GET /loja/page/5/?add-to-cart=769&doing_wp_cron=1780704849.3133170604705810546875&orderby=date HTTP/1.1" 200 62481 "-" "Mozilla/5.0 AppleWebKit/537.36 (KHTML, like Gecko; compatible; ClaudeBot/1.0; +claudebot@anthropic.com)"
216.73.217.54 - - [07/Jun/2026:00:16:51 +0200] "GET /categoria-produto/mercearia/?add-to-cart=2044&doing_wp_cron=1780379705.5777630805969238281250&orderby=menu_order HTTP/1.1" 200 62429 "-" "Mozilla/5.0 AppleWebKit/537.36 (KHTML, like Gecko; compatible; ClaudeBot/1.0; +claudebot@anthropic.com)"
216.73.217.54 - - [07/Jun/2026:00:16:54 +0200] "GET /loja/page/2/?add-to-cart=2041&doing_wp_cron=1780566298.2314720153808593750000&orderby=menu_order HTTP/1.1" 200 62964 "-" "Mozilla/5.0 AppleWebKit/537.36 (KHTML, like Gecko; compatible; ClaudeBot/1.0; +claudebot@anthropic.com)"
114.119.149.254 - - [07/Jun/2026:00:16:55 +0200] "GET /loja/page/6/?orderby=date&doing_wp_cron=1683062806.1738660335540771484375 HTTP/1.1" 200 60318 "https://www.baudefruta.pt/loja/page/8/?orderby=date&doing_wp_cron=1683062806.1738660335540771484375" "Mozilla/5.0 (Linux; Android 7.0;) AppleWebKit/537.36 (HTML, like Gecko) Mobile Safari/537.36 (compatible; PetalBot;+https://webmaster.petalsearch.com/site/petalbot)"
216.73.217.54 - - [07/Jun/2026:00:16:57 +0200] "GET /loja/page/4/?add-to-cart=829&doing_wp_cron=1780398980.3144240379333496093750&orderby=menu_order HTTP/1.1" 200 63383 "-" "Mozilla/5.0 AppleWebKit/537.36 (KHTML, like Gecko; compatible; ClaudeBot/1.0; +claudebot@anthropic.com)"
17.241.75.203 - - [07/Jun/2026:00:16:58 +0200] "GET /wp-content/themes/uncode/library/css/style.css?ver=1863279668 HTTP/1.1" 200 70140 "https://www.baudefruta.pt/politica-privacidade/?doing_wp_cron=1743871551.7226860523223876953125" "Mozilla/5.0 (Macintosh; Intel Mac OS X 10_15_7) AppleWebKit/605.1.15 (KHTML, like Gecko) Version/17.4 Safari/605.1.15 (Applebot/0.1; +http://www.apple.com/go/applebot)"
17.241.227.4 - - [07/Jun/2026:00:16:59 +0200] "GET /wp-content/themes/uncode/library/css/uncode-icons.css?ver=1863279668 HTTP/1.1" 200 12098 "https://www.baudefruta.pt/politica-privacidade/?doing_wp_cron=1743871551.7226860523223876953125" "Mozilla/5.0 (Macintosh; Intel Mac OS X 10_15_7) AppleWebKit/605.1.15 (KHTML, like Gecko) Version/17.4 Safari/605.1.15 (Applebot/0.1; +http://www.apple.com/go/applebot)"
17.241.75.203 - - [07/Jun/2026:00:16:59 +0200] "GET /wp-content/themes/baudefruta-un/style.css?ver=1094306444 HTTP/1.1" 200 896 "https://www.baudefruta.pt/politica-privacidade/?doing_wp_cron=1743871551.7226860523223876953125" "Mozilla/5.0 (Macintosh; Intel Mac OS X 10_15_7) AppleWebKit/605.1.15 (KHTML, like Gecko) Version/17.4 Safari/605.1.15 (Applebot/0.1; +http://www.apple.com/go/applebot)"
17.241.227.4 - - [07/Jun/2026:00:17:00 +0200] "GET /wp-content/themes/uncode/library/css/woocommerce.css?ver=1863279668 HTTP/1.1" 200 20067 "https://www.baudefruta.pt/politica-privacidade/?doing_wp_cron=1743871551.7226860523223876953125" "Mozilla/5.0 (Macintosh; Intel Mac OS X 10_15_7) AppleWebKit/605.1.15 (KHTML, like Gecko) Version/17.4 Safari/605.1.15 (Applebot/0.1; +http://www.apple.com/go/applebot)"
216.73.217.54 - - [07/Jun/2026:00:17:01 +0200] "GET /loja/page/3/?add-to-cart=447&doing_wp_cron=1780471500.7316999435424804687500&orderby=menu_order HTTP/1.1" 200 63021 "-" "Mozilla/5.0 AppleWebKit/537.36 (KHTML, like Gecko; compatible; ClaudeBot/1.0; +claudebot@anthropic.com)"
17.241.75.203 - - [07/Jun/2026:00:17:01 +0200] "GET /wp-content/themes/uncode/library/js/init.js?ver=1863279668 HTTP/1.1" 200 38505 "https://www.baudefruta.pt/politica-privacidade/?doing_wp_cron=1743871551.7226860523223876953125" "Mozilla/5.0 (Macintosh; Intel Mac OS X 10_15_7) AppleWebKit/605.1.15 (KHTML, like Gecko) Version/17.4 Safari/605.1.15 (Applebot/0.1; +http://www.apple.com/go/applebot)"
17.241.227.4 - - [07/Jun/2026:00:17:02 +0200] "GET /wp-content/themes/uncode/library/js/app.js?ver=1863279668 HTTP/1.1" 200 41076 "https://www.baudefruta.pt/politica-privacidade/?doing_wp_cron=1743871551.7226860523223876953125" "Mozilla/5.0 (Macintosh; Intel Mac OS X 10_15_7) AppleWebKit/605.1.15 (KHTML, like Gecko) Version/17.4 Safari/605.1.15 (Applebot/0.1; +http://www.apple.com/go/applebot)"
17.241.75.203 - - [07/Jun/2026:00:17:02 +0200] "GET /wp-content/themes/uncode/library/js/plugins.js?ver=1863279668 HTTP/1.1" 200 192549 "https://www.baudefruta.pt/politica-privacidade/?doing_wp_cron=1743871551.7226860523223876953125" "Mozilla/5.0 (Macintosh; Intel Mac OS X 10_15_7) AppleWebKit/605.1.15 (KHTML, like Gecko) Version/17.4 Safari/605.1.15 (Applebot/0.1; +http://www.apple.com/go/applebot)"
17.241.227.4 - - [07/Jun/2026:00:17:03 +0200] "GET /wp-content/themes/uncode/library/js/woocommerce-uncode.js?ver=1863279668 HTTP/1.1" 200 7190 "https://www.baudefruta.pt/politica-privacidade/?doing_wp_cron=1743871551.7226860523223876953125" "Mozilla/5.0 (Macintosh; Intel Mac OS X 10_15_7) AppleWebKit/605.1.15 (KHTML, like Gecko) Version/17.4 Safari/605.1.15 (Applebot/0.1; +http://www.apple.com/go/applebot)"
216.73.217.54 - - [07/Jun/2026:00:17:05 +0200] "GET /loja/page/3/?add-to-cart=535&doing_wp_cron=1780496838.3491590023040771484375&orderby=popularity HTTP/1.1" 200 63624 "-" "Mozilla/5.0 AppleWebKit/537.36 (KHTML, like Gecko; compatible; ClaudeBot/1.0; +claudebot@anthropic.com)"
216.73.217.54 - - [07/Jun/2026:00:17:10 +0200] "GET /loja/page/3/?add-to-cart=2009&doing_wp_cron=1780557416.2362558841705322265625&orderby=date HTTP/1.1" 200 63627 "-" "Mozilla/5.0 AppleWebKit/537.36 (KHTML, like Gecko; compatible; ClaudeBot/1.0; +claudebot@anthropic.com)"
216.73.217.54 - - [07/Jun/2026:00:17:13 +0200] "GET /categoria-produto/mercearia/?add-to-cart=2037&doing_wp_cron=1780284057.4707438945770263671875&orderby=menu_order HTTP/1.1" 200 63642 "-" "Mozilla/5.0 AppleWebKit/537.36 (KHTML, like Gecko; compatible; ClaudeBot/1.0; +claudebot@anthropic.com)"
216.73.217.54 - - [07/Jun/2026:00:17:16 +0200] "GET /loja/page/6/?add-to-cart=761&doing_wp_cron=1780455656.4795429706573486328125&orderby=date HTTP/1.1" 200 63994 "-" "Mozilla/5.0 AppleWebKit/537.36 (KHTML, like Gecko; compatible; ClaudeBot/1.0; +claudebot@anthropic.com)"
216.73.217.54 - - [07/Jun/2026:00:17:18 +0200] "GET /loja/page/11/?add-to-cart=643&doing_wp_cron=1780424179.3111770153045654296875&orderby=menu_order HTTP/1.1" 200 63802 "-" "Mozilla/5.0 AppleWebKit/537.36 (KHTML, like Gecko; compatible; ClaudeBot/1.0; +claudebot@anthropic.com)"
216.73.217.54 - - [07/Jun/2026:00:17:22 +0200] "GET /loja/page/7/?add-to-cart=421&doing_wp_cron=1780739231.5168049335479736328125&orderby=date HTTP/1.1" 200 64589 "-" "Mozilla/5.0 AppleWebKit/537.36 (KHTML, like Gecko; compatible; ClaudeBot/1.0; +claudebot@anthropic.com)"
216.73.217.54 - - [07/Jun/2026:00:17:24 +0200] "GET /loja/page/11/?add-to-cart=421&doing_wp_cron=1780649592.0201880931854248046875&orderby=popularity HTTP/1.1" 200 64574 "-" "Mozilla/5.0 AppleWebKit/537.36 (KHTML, like Gecko; compatible; ClaudeBot/1.0; +claudebot@anthropic.com)"
216.73.217.54 - - [07/Jun/2026:00:17:27 +0200] "GET /loja/page/6/?add-to-cart=504&doing_wp_cron=1780453183.1994099617004394531250&orderby=popularity HTTP/1.1" 200 65227 "-" "Mozilla/5.0 AppleWebKit/537.36 (KHTML, like Gecko; compatible; ClaudeBot/1.0; +claudebot@anthropic.com)"
216.73.217.54 - - [07/Jun/2026:00:17:30 +0200] "GET /loja/page/6/?add-to-cart=761&doing_wp_cron=1780388636.6831140518188476562500&orderby=popularity HTTP/1.1" 200 65266 "-" "Mozilla/5.0 AppleWebKit/537.36 (KHTML, like Gecko; compatible; ClaudeBot/1.0; +claudebot@anthropic.com)"
216.73.217.54 - - [07/Jun/2026:00:17:33 +0200] "GET /categoria-produto/mercearia/?add-to-cart=690&doing_wp_cron=1780377499.3426530361175537109375&orderby=popularity HTTP/1.1" 200 65033 "-" "Mozilla/5.0 AppleWebKit/537.36 (KHTML, like Gecko; compatible; ClaudeBot/1.0; +claudebot@anthropic.com)"
178.16.52.137 - - [07/Jun/2026:00:17:37 +0200] "POST /wp-login.php?action=register HTTP/1.1" 403 146 "-" "-"
216.73.217.54 - - [07/Jun/2026:00:17:37 +0200] "GET /loja/page/3/?add-to-cart=745&doing_wp_cron=1780393280.3025689125061035156250&orderby=menu_order HTTP/1.1" 200 64853 "-" "Mozilla/5.0 AppleWebKit/537.36 (KHTML, like Gecko; compatible; ClaudeBot/1.0; +claudebot@anthropic.com)"
216.73.217.54 - - [07/Jun/2026:00:17:40 +0200] "GET /loja/page/5/?add-to-cart=561&doing_wp_cron=1780700779.0279970169067382812500&orderby=popularity HTTP/1.1" 200 61542 "-" "Mozilla/5.0 AppleWebKit/537.36 (KHTML, like Gecko; compatible; ClaudeBot/1.0; +claudebot@anthropic.com)"
216.73.217.54 - - [07/Jun/2026:00:17:42 +0200] "GET /loja/page/11/?add-to-cart=419&doing_wp_cron=1780429678.1482779979705810546875&orderby=menu_order HTTP/1.1" 200 60812 "-" "Mozilla/5.0 AppleWebKit/537.36 (KHTML, like Gecko; compatible; ClaudeBot/1.0; +claudebot@anthropic.com)"
216.73.217.54 - - [07/Jun/2026:00:17:45 +0200] "GET /loja/page/3/?add-to-cart=435&doing_wp_cron=1780505598.3389461040496826171875&orderby=popularity HTTP/1.1" 200 61575 "-" "Mozilla/5.0 AppleWebKit/537.36 (KHTML, like Gecko; compatible; ClaudeBot/1.0; +claudebot@anthropic.com)"
216.73.217.54 - - [07/Jun/2026:00:17:48 +0200] "GET /loja/page/7/?add-to-cart=891&doing_wp_cron=1724760408.5467429161071777343750&orderby=menu_order HTTP/1.1" 200 61939 "-" "Mozilla/5.0 AppleWebKit/537.36 (KHTML, like Gecko; compatible; ClaudeBot/1.0; +claudebot@anthropic.com)"
216.73.217.54 - - [07/Jun/2026:00:17:51 +0200] "GET /produto/azeitona-preta-oxidada/?add-to-cart=552&doing_wp_cron=1780208228.3248970508575439453125 HTTP/1.1" 200 60075 "-" "Mozilla/5.0 AppleWebKit/537.36 (KHTML, like Gecko; compatible; ClaudeBot/1.0; +claudebot@anthropic.com)"
66.249.79.137 - - [07/Jun/2026:00:17:52 +0200] "GET /produto/quinoa/ HTTP/1.1" 302 102 "-" "Mozilla/5.0 (Linux; Android 6.0.1; Nexus 5X Build/MMB29P) AppleWebKit/537.36 (KHTML, like Gecko) Chrome/148.0.7778.96 Mobile Safari/537.36 (compatible; Googlebot/2.1; +http://www.google.com/bot.html)"
66.249.79.138 - - [07/Jun/2026:00:17:54 +0200] "GET /produto/quinoa/?doing_wp_cron=1780784272.6038520336151123046875 HTTP/1.1" 200 57682 "-" "Mozilla/5.0 (Linux; Android 6.0.1; Nexus 5X Build/MMB29P) AppleWebKit/537.36 (KHTML, like Gecko) Chrome/148.0.7778.96 Mobile Safari/537.36 (compatible; Googlebot/2.1; +http://www.google.com/bot.html)"
187.5.242.137 - - [07/Jun/2026:00:17:54 +0200] "GET /categoria-produto/mercearia/page/3/?add-to-cart=788&doing_wp_cron=1779619669.9657609462738037109375&orderby=date HTTP/1.1" 200 60862 "-" "Opera/8.10.(Windows NT 5.01; gu-IN) Presto/2.9.187 Version/10.00"
216.73.217.54 - - [07/Jun/2026:00:17:54 +0200] "GET /categoria-produto/mercearia/page/3/?doing_wp_cron=1780458140.3529419898986816406250&orderby=price-desc HTTP/1.1" 200 61840 "-" "Mozilla/5.0 AppleWebKit/537.36 (KHTML, like Gecko; compatible; ClaudeBot/1.0; +claudebot@anthropic.com)"
66.249.79.137 - - [07/Jun/2026:00:17:57 +0200] "GET /wp-content/themes/uncode/library/css/style.css?ver=622158212 HTTP/1.1" 200 70140 "https://www.baudefruta.pt/produto/quinoa/?doing_wp_cron=1780784272.6038520336151123046875" "Mozilla/5.0 (Linux; Android 6.0.1; Nexus 5X Build/MMB29P) AppleWebKit/537.36 (KHTML, like Gecko) Chrome/148.0.7778.96 Mobile Safari/537.36 (compatible; Googlebot/2.1; +http://www.google.com/bot.html)"
216.73.217.54 - - [07/Jun/2026:00:17:57 +0200] "GET /loja/page/8/?add-to-cart=2015&doing_wp_cron=1780398923.3932321071624755859375&orderby=popularity HTTP/1.1" 200 62765 "-" "Mozilla/5.0 AppleWebKit/537.36 (KHTML, like Gecko; compatible; ClaudeBot/1.0; +claudebot@anthropic.com)"
66.249.79.137 - - [07/Jun/2026:00:17:58 +0200] "GET /wp-content/themes/uncode/library/css/uncode-icons.css?ver=622158212 HTTP/1.1" 200 12098 "https://www.baudefruta.pt/produto/quinoa/?doing_wp_cron=1780784272.6038520336151123046875" "Mozilla/5.0 (Linux; Android 6.0.1; Nexus 5X Build/MMB29P) AppleWebKit/537.36 (KHTML, like Gecko) Chrome/148.0.7778.96 Mobile Safari/537.36 (compatible; Googlebot/2.1; +http://www.google.com/bot.html)"
66.249.79.137 - - [07/Jun/2026:00:17:58 +0200] "GET /wp-content/themes/baudefruta-un/style.css?ver=1104230344 HTTP/1.1" 200 896 "https://www.baudefruta.pt/produto/quinoa/?doing_wp_cron=1780784272.6038520336151123046875" "Mozilla/5.0 (Linux; Android 6.0.1; Nexus 5X Build/MMB29P) AppleWebKit/537.36 (KHTML, like Gecko) Chrome/148.0.7778.96 Mobile Safari/537.36 (compatible; Googlebot/2.1; +http://www.google.com/bot.html)"
66.249.79.137 - - [07/Jun/2026:00:17:58 +0200] "GET /wp-content/themes/uncode/library/css/woocommerce.css?ver=622158212 HTTP/1.1" 200 20067 "https://www.baudefruta.pt/produto/quinoa/?doing_wp_cron=1780784272.6038520336151123046875" "Mozilla/5.0 (Linux; Android 6.0.1; Nexus 5X Build/MMB29P) AppleWebKit/537.36 (KHTML, like Gecko) Chrome/148.0.7778.96 Mobile Safari/537.36 (compatible; Googlebot/2.1; +http://www.google.com/bot.html)"
66.249.79.137 - - [07/Jun/2026:00:17:59 +0200] "GET /wp-content/themes/uncode/library/js/init.js?ver=622158212 HTTP/1.1" 200 38505 "https://www.baudefruta.pt/produto/quinoa/?doing_wp_cron=1780784272.6038520336151123046875" "Mozilla/5.0 (Linux; Android 6.0.1; Nexus 5X Build/MMB29P) AppleWebKit/537.36 (KHTML, like Gecko) Chrome/148.0.7778.96 Mobile Safari/537.36 (compatible; Googlebot/2.1; +http://www.google.com/bot.html)"
216.73.217.54 - - [07/Jun/2026:00:18:00 +0200] "GET /loja/page/4/?add-to-cart=821&doing_wp_cron=1780498167.6054840087890625000000&orderby=price-desc HTTP/1.1" 200 62425 "-" "Mozilla/5.0 AppleWebKit/537.36 (KHTML, like Gecko; compatible; ClaudeBot/1.0; +claudebot@anthropic.com)"
66.249.79.137 - - [07/Jun/2026:00:18:00 +0200] "GET /wp-content/themes/uncode/library/js/plugins.js?ver=622158212 HTTP/1.1" 200 192557 "https://www.baudefruta.pt/produto/quinoa/?doing_wp_cron=1780784272.6038520336151123046875" "Mozilla/5.0 (Linux; Android 6.0.1; Nexus 5X Build/MMB29P) AppleWebKit/537.36 (KHTML, like Gecko) Chrome/148.0.7778.96 Mobile Safari/537.36 (compatible; Googlebot/2.1; +http://www.google.com/bot.html)"
66.249.79.136 - - [07/Jun/2026:00:18:01 +0200] "GET /wp-content/themes/uncode/library/js/app.js?ver=622158212 HTTP/1.1" 200 41076 "https://www.baudefruta.pt/produto/quinoa/?doing_wp_cron=1780784272.6038520336151123046875" "Mozilla/5.0 (Linux; Android 6.0.1; Nexus 5X Build/MMB29P) AppleWebKit/537.36 (KHTML, like Gecko) Chrome/148.0.7778.96 Mobile Safari/537.36 (compatible; Googlebot/2.1; +http://www.google.com/bot.html)"
66.249.79.136 - - [07/Jun/2026:00:18:02 +0200] "GET /wp-content/themes/uncode/library/js/woocommerce-uncode.js?ver=622158212 HTTP/1.1" 200 7190 "https://www.baudefruta.pt/produto/quinoa/?doing_wp_cron=1780784272.6038520336151123046875" "Mozilla/5.0 (Linux; Android 6.0.1; Nexus 5X Build/MMB29P) AppleWebKit/537.36 (KHTML, like Gecko) Chrome/148.0.7778.96 Mobile Safari/537.36 (compatible; Googlebot/2.1; +http://www.google.com/bot.html)"
106.192.193.74 - - [07/Jun/2026:00:18:03 +0200] "GET /categoria-produto/mercearia/?add-to-cart=2037&doing_wp_cron=1779780585.9727389812469482421875&orderby=popularity HTTP/1.1" 200 61208 "-" "Mozilla/5.0 (iPhone; CPU iPhone OS 3_1_3 like Mac OS X) AppleWebKit/535.2 (KHTML, like Gecko) CriOS/43.0.805.0 Mobile/58I713 Safari/535.2"
216.73.217.54 - - [07/Jun/2026:00:18:04 +0200] "GET /loja/page/5/?add-to-cart=782&doing_wp_cron=1780529684.9311110973358154296875&orderby=menu_order HTTP/1.1" 200 62659 "-" "Mozilla/5.0 AppleWebKit/537.36 (KHTML, like Gecko; compatible; ClaudeBot/1.0; +claudebot@anthropic.com)"
40.77.167.8 - - [07/Jun/2026:00:18:05 +0200] "GET /produto/doce-extra-de-morango/ HTTP/1.1" 301 5 "-" "Mozilla/5.0 AppleWebKit/537.36 (KHTML, like Gecko; compatible; bingbot/2.0; +http://www.bing.com/bingbot.htm) Chrome/116.0.1938.76 Safari/537.36"
216.73.217.54 - - [07/Jun/2026:00:18:06 +0200] "GET /loja/page/3/?add-to-cart=599&doing_wp_cron=1780597329.4664359092712402343750&orderby=popularity HTTP/1.1" 200 62987 "-" "Mozilla/5.0 AppleWebKit/537.36 (KHTML, like Gecko; compatible; ClaudeBot/1.0; +claudebot@anthropic.com)"
216.73.217.54 - - [07/Jun/2026:00:18:09 +0200] "GET /loja/page/3/?add-to-cart=1992&doing_wp_cron=1780415118.9577500820159912109375&orderby=date HTTP/1.1" 200 63064 "-" "Mozilla/5.0 AppleWebKit/537.36 (KHTML, like Gecko; compatible; ClaudeBot/1.0; +claudebot@anthropic.com)"
