216.73.217.54 - - [07/Jun/2026:00:24:43 +0200] "GET /loja/page/7/?add-to-cart=643&doing_wp_cron=1780637652.3290569782257080078125&orderby=price-desc HTTP/1.1" 200 64178 "-" "Mozilla/5.0 AppleWebKit/537.36 (KHTML, like Gecko; compatible; ClaudeBot/1.0; +claudebot@anthropic.com)"
216.73.217.54 - - [07/Jun/2026:00:24:46 +0200] "GET /loja/page/5/?add-to-cart=585&doing_wp_cron=1780445696.5725550651550292968750&orderby=menu_order HTTP/1.1" 200 64098 "-" "Mozilla/5.0 AppleWebKit/537.36 (KHTML, like Gecko; compatible; ClaudeBot/1.0; +claudebot@anthropic.com)"
216.244.66.243 - - [07/Jun/2026:00:24:51 +0200] "GET /produto/canela-moida-em-frasco/?add-to-cart=903&doing_wp_cron=1772125737.2869629859924316406250 HTTP/1.1" 200 402867 "-" "Mozilla/5.0 (compatible; DotBot/1.2; +https://opensiteexplorer.org/dotbot; help@moz.com)"
216.73.217.54 - - [07/Jun/2026:00:24:51 +0200] "GET /loja/page/5/?add-to-cart=1134&doing_wp_cron=1780420039.4808270931243896484375&orderby=date HTTP/1.1" 200 61168 "-" "Mozilla/5.0 AppleWebKit/537.36 (KHTML, like Gecko; compatible; ClaudeBot/1.0; +claudebot@anthropic.com)"
216.73.217.54 - - [07/Jun/2026:00:24:53 +0200] "GET /loja/page/8/?add-to-cart=606&doing_wp_cron=1780415118.9577500820159912109375&orderby=date HTTP/1.1" 200 61103 "-" "Mozilla/5.0 AppleWebKit/537.36 (KHTML, like Gecko; compatible; ClaudeBot/1.0; +claudebot@anthropic.com)"
216.73.217.54 - - [07/Jun/2026:00:24:56 +0200] "GET /loja/page/7/?add-to-cart=3500&doing_wp_cron=1749500398.4001810550689697265625&orderby=popularity HTTP/1.1" 200 62081 "-" "Mozilla/5.0 AppleWebKit/537.36 (KHTML, like Gecko; compatible; ClaudeBot/1.0; +claudebot@anthropic.com)"
216.73.217.54 - - [07/Jun/2026:00:24:59 +0200] "GET /loja/page/11/?add-to-cart=701&doing_wp_cron=1780424179.3111770153045654296875&orderby=popularity HTTP/1.1" 200 61869 "-" "Mozilla/5.0 AppleWebKit/537.36 (KHTML, like Gecko; compatible; ClaudeBot/1.0; +claudebot@anthropic.com)"
216.244.66.243 - - [07/Jun/2026:00:24:59 +0200] "GET /produto/cogumelos-inteiros-enlatados/?add-to-cart=903&doing_wp_cron=1779670285.6212029457092285156250 HTTP/1.1" 200 403616 "-" "Mozilla/5.0 (compatible; DotBot/1.2; +https://opensiteexplorer.org/dotbot; help@moz.com)"
216.73.217.54 - - [07/Jun/2026:00:25:04 +0200] "GET /loja/page/6/?add-to-cart=743&doing_wp_cron=1780455656.4795429706573486328125&orderby=date HTTP/1.1" 200 61998 "-" "Mozilla/5.0 AppleWebKit/537.36 (KHTML, like Gecko; compatible; ClaudeBot/1.0; +claudebot@anthropic.com)"
216.73.217.54 - - [07/Jun/2026:00:25:06 +0200] "GET /categoria-produto/mercearia/?add-to-cart=2009&doing_wp_cron=1780359918.7688388824462890625000&orderby=menu_order HTTP/1.1" 200 62029 "-" "Mozilla/5.0 AppleWebKit/537.36 (KHTML, like Gecko; compatible; ClaudeBot/1.0; +claudebot@anthropic.com)"
216.73.217.54 - - [07/Jun/2026:00:25:09 +0200] "GET /loja/page/9/?add-to-cart=552&doing_wp_cron=1780388636.6831140518188476562500&orderby=date HTTP/1.1" 200 61810 "-" "Mozilla/5.0 AppleWebKit/537.36 (KHTML, like Gecko; compatible; ClaudeBot/1.0; +claudebot@anthropic.com)"
216.244.66.243 - - [07/Jun/2026:00:25:09 +0200] "GET /produto/flocos-de-aveia/?add-to-cart=686&doing_wp_cron=1780018516.3395760059356689453125 HTTP/1.1" 404 298584 "-" "Mozilla/5.0 (compatible; DotBot/1.2; +https://opensiteexplorer.org/dotbot; help@moz.com)"
216.73.217.54 - - [07/Jun/2026:00:25:12 +0200] "GET /loja/page/10/?add-to-cart=4224&doing_wp_cron=1780066683.4503800868988037109375&orderby=date HTTP/1.1" 200 62227 "-" "Mozilla/5.0 AppleWebKit/537.36 (KHTML, like Gecko; compatible; ClaudeBot/1.0; +claudebot@anthropic.com)"
216.73.217.54 - - [07/Jun/2026:00:25:14 +0200] "GET /loja/?add-to-cart=578&doing_wp_cron=1780205258.9664719104766845703125&orderby=price HTTP/1.1" 200 62849 "-" "Mozilla/5.0 AppleWebKit/537.36 (KHTML, like Gecko; compatible; ClaudeBot/1.0; +claudebot@anthropic.com)"
114.119.132.173 - - [07/Jun/2026:00:25:17 +0200] "GET /loja/page/6/?orderby=date&doing_wp_cron=1680573866.6609508991241455078125 HTTP/1.1" 200 60317 "https://www.baudefruta.pt/loja/page/6?orderby=price&doing_wp_cron=1680573866.6609508991241455078125" "Mozilla/5.0 (Linux; Android 7.0;) AppleWebKit/537.36 (HTML, like Gecko) Mobile Safari/537.36 (compatible; PetalBot;+https://webmaster.petalsearch.com/site/petalbot)"
216.73.217.54 - - [07/Jun/2026:00:25:18 +0200] "GET /loja/page/5/?add-to-cart=935&doing_wp_cron=1780208025.6175029277801513671875&orderby=date HTTP/1.1" 200 63133 "-" "Mozilla/5.0 AppleWebKit/537.36 (KHTML, like Gecko; compatible; ClaudeBot/1.0; +claudebot@anthropic.com)"
216.244.66.243 - - [07/Jun/2026:00:25:19 +0200] "GET /produto/salsa/?add-to-cart=5345&doing_wp_cron=1780019551.0031859874725341796875 HTTP/1.1" 200 402654 "-" "Mozilla/5.0 (compatible; DotBot/1.2; +https://opensiteexplorer.org/dotbot; help@moz.com)"
216.73.217.54 - - [07/Jun/2026:00:25:20 +0200] "GET /loja/page/9/?add-to-cart=513&doing_wp_cron=1780471578.9829709529876708984375&orderby=date HTTP/1.1" 200 62682 "-" "Mozilla/5.0 AppleWebKit/537.36 (KHTML, like Gecko; compatible; ClaudeBot/1.0; +claudebot@anthropic.com)"
216.73.217.54 - - [07/Jun/2026:00:25:23 +0200] "GET /loja/page/10/?add-to-cart=4226&doing_wp_cron=1780471500.7316999435424804687500&orderby=menu_order HTTP/1.1" 200 63695 "-" "Mozilla/5.0 AppleWebKit/537.36 (KHTML, like Gecko; compatible; ClaudeBot/1.0; +claudebot@anthropic.com)"
156.242.106.230 - - [07/Jun/2026:00:25:24 +0200] "GET /wp-content/uploads/2022/05/20220516_001343-uai-566x566.jpg HTTP/1.1" 200 79281 "-" "Mozilla/5.0 (compatible; crawler)"
216.73.217.54 - - [07/Jun/2026:00:25:26 +0200] "GET /produto/feijao-vermelho-cozido/?add-to-cart=2043&doing_wp_cron=1768421802.6520879268646240234375 HTTP/1.1" 200 62030 "-" "Mozilla/5.0 AppleWebKit/537.36 (KHTML, like Gecko; compatible; ClaudeBot/1.0; +claudebot@anthropic.com)"
216.244.66.243 - - [07/Jun/2026:00:25:29 +0200] "GET /produto/sortido-de-gomas-acucar/?add-to-cart=668&doing_wp_cron=1772014119.8301610946655273437500 HTTP/1.1" 200 400701 "-" "Mozilla/5.0 (compatible; DotBot/1.2; +https://opensiteexplorer.org/dotbot; help@moz.com)"
216.73.217.54 - - [07/Jun/2026:00:25:31 +0200] "GET /loja/page/9/?add-to-cart=552&doing_wp_cron=1780566172.3904969692230224609375&orderby=date HTTP/1.1" 200 60399 "-" "Mozilla/5.0 AppleWebKit/537.36 (KHTML, like Gecko; compatible; ClaudeBot/1.0; +claudebot@anthropic.com)"
216.73.217.54 - - [07/Jun/2026:00:25:33 +0200] "GET /categoria-produto/mercearia/?add-to-cart=2008&doing_wp_cron=1780314554.0645439624786376953125&orderby=menu_order HTTP/1.1" 200 61042 "-" "Mozilla/5.0 AppleWebKit/537.36 (KHTML, like Gecko; compatible; ClaudeBot/1.0; +claudebot@anthropic.com)"
91.92.242.223 - - [07/Jun/2026:00:25:36 +0200] "POST /wp-login.php?action=register HTTP/1.1" 403 146 "-" "-"
216.73.217.54 - - [07/Jun/2026:00:25:36 +0200] "GET /loja/page/5/?add-to-cart=1132&doing_wp_cron=1780566237.4421460628509521484375&orderby=date HTTP/1.1" 200 61588 "-" "Mozilla/5.0 AppleWebKit/537.36 (KHTML, like Gecko; compatible; ClaudeBot/1.0; +claudebot@anthropic.com)"
216.244.66.243 - - [07/Jun/2026:00:25:37 +0200] "GET /produto/abobora/?add-to-cart=567 HTTP/1.1" 302 11 "-" "Mozilla/5.0 (compatible; DotBot/1.2; +https://opensiteexplorer.org/dotbot; help@moz.com)"
144.79.133.31 - - [07/Jun/2026:00:25:39 +0200] "GET /2021/05/11/ola-mundo/ HTTP/1.1" 200 1154430 "https://www.baudefruta.pt/" "Mozilla/5.0 (X11; Linux x86_64; rv:149.0) Gecko/20100101 Firefox/149.0"
216.73.217.54 - - [07/Jun/2026:00:25:41 +0200] "GET /loja/page/9/?add-to-cart=4231&doing_wp_cron=1780471518.8262639045715332031250&orderby=popularity HTTP/1.1" 200 61587 "-" "Mozilla/5.0 AppleWebKit/537.36 (KHTML, like Gecko; compatible; ClaudeBot/1.0; +claudebot@anthropic.com)"
216.73.217.54 - - [07/Jun/2026:00:25:43 +0200] "GET /categoria-produto/mercearia/?add-to-cart=1937&doing_wp_cron=1780356320.1642448902130126953125&orderby=popularity HTTP/1.1" 200 61513 "-" "Mozilla/5.0 AppleWebKit/537.36 (KHTML, like Gecko; compatible; ClaudeBot/1.0; +claudebot@anthropic.com)"
216.244.66.243 - - [07/Jun/2026:00:25:46 +0200] "GET /produto/maracuja/?add-to-cart=567 HTTP/1.1" 200 402771 "-" "Mozilla/5.0 (compatible; DotBot/1.2; +https://opensiteexplorer.org/dotbot; help@moz.com)"
216.73.217.54 - - [07/Jun/2026:00:25:46 +0200] "GET /categoria-produto/mercearia/?add-to-cart=710&doing_wp_cron=1780232829.3746149539947509765625&orderby=date HTTP/1.1" 200 61085 "-" "Mozilla/5.0 AppleWebKit/537.36 (KHTML, like Gecko; compatible; ClaudeBot/1.0; +claudebot@anthropic.com)"
216.73.217.54 - - [07/Jun/2026:00:25:49 +0200] "GET /loja/page/11/?add-to-cart=690&doing_wp_cron=1780415179.5259048938751220703125&orderby=popularity HTTP/1.1" 200 61759 "-" "Mozilla/5.0 AppleWebKit/537.36 (KHTML, like Gecko; compatible; ClaudeBot/1.0; +claudebot@anthropic.com)"
216.73.217.54 - - [07/Jun/2026:00:25:53 +0200] "GET /loja/page/3/?add-to-cart=1543&doing_wp_cron=1780453197.6138989925384521484375&orderby=popularity HTTP/1.1" 200 62071 "-" "Mozilla/5.0 AppleWebKit/537.36 (KHTML, like Gecko; compatible; ClaudeBot/1.0; +claudebot@anthropic.com)"
216.73.217.54 - - [07/Jun/2026:00:25:56 +0200] "GET /categoria-produto/mercearia/?add-to-cart=2042&doing_wp_cron=1780385396.0644440650939941406250&orderby=popularity HTTP/1.1" 200 62171 "-" "Mozilla/5.0 AppleWebKit/537.36 (KHTML, like Gecko; compatible; ClaudeBot/1.0; +claudebot@anthropic.com)"
216.73.217.54 - - [07/Jun/2026:00:25:59 +0200] "GET /categoria-produto/mercearia/?add-to-cart=767&doing_wp_cron=1780484458.3451409339904785156250&orderby=menu_order HTTP/1.1" 200 62127 "-" "Mozilla/5.0 AppleWebKit/537.36 (KHTML, like Gecko; compatible; ClaudeBot/1.0; +claudebot@anthropic.com)"
216.73.217.54 - - [07/Jun/2026:00:26:02 +0200] "GET /loja/page/3/?add-to-cart=1986&doing_wp_cron=1780259951.9076659679412841796875&orderby=popularity HTTP/1.1" 200 62707 "-" "Mozilla/5.0 AppleWebKit/537.36 (KHTML, like Gecko; compatible; ClaudeBot/1.0; +claudebot@anthropic.com)"
216.73.217.54 - - [07/Jun/2026:00:26:05 +0200] "GET /loja/?add-to-cart=18756&doing_wp_cron=1780579439.0446341037750244140625&orderby=date HTTP/1.1" 200 62597 "-" "Mozilla/5.0 AppleWebKit/537.36 (KHTML, like Gecko; compatible; ClaudeBot/1.0; +claudebot@anthropic.com)"
216.244.66.243 - - [07/Jun/2026:00:26:05 +0200] "GET /produto/nabica/?add-to-cart=569 HTTP/1.1" 200 399703 "-" "Mozilla/5.0 (compatible; DotBot/1.2; +https://opensiteexplorer.org/dotbot; help@moz.com)"
216.73.217.54 - - [07/Jun/2026:00:26:08 +0200] "GET /loja/page/9/?add-to-cart=693&doing_wp_cron=1780205258.9664719104766845703125&orderby=date HTTP/1.1" 200 62375 "-" "Mozilla/5.0 AppleWebKit/537.36 (KHTML, like Gecko; compatible; ClaudeBot/1.0; +claudebot@anthropic.com)"
52.167.144.234 - - [07/Jun/2026:00:26:08 +0200] "GET /p=2419234&doing_wp_cron=1780197946.3562738895416259765625 HTTP/1.1" 302 102 "-" "Mozilla/5.0 AppleWebKit/537.36 (KHTML, like Gecko; compatible; bingbot/2.0; +http://www.bing.com/bingbot.htm) Chrome/116.0.1938.76 Safari/537.36"
52.167.144.234 - - [07/Jun/2026:00:26:09 +0200] "GET /p=2419234&doing_wp_cron=1780784768.8467879295349121093750 HTTP/1.1" 301 5 "-" "Mozilla/5.0 AppleWebKit/537.36 (KHTML, like Gecko; compatible; bingbot/2.0; +http://www.bing.com/bingbot.htm) Chrome/116.0.1938.76 Safari/537.36"
216.73.217.54 - - [07/Jun/2026:00:26:10 +0200] "GET /loja/page/2/?add-to-cart=2014&doing_wp_cron=1780326118.2281150817871093750000&orderby=date HTTP/1.1" 200 63064 "-" "Mozilla/5.0 AppleWebKit/537.36 (KHTML, like Gecko; compatible; ClaudeBot/1.0; +claudebot@anthropic.com)"
216.73.217.54 - - [07/Jun/2026:00:26:14 +0200] "GET /loja/page/5/?add-to-cart=585&doing_wp_cron=1780356298.9136428833007812500000&orderby=popularity HTTP/1.1" 200 63832 "-" "Mozilla/5.0 AppleWebKit/537.36 (KHTML, like Gecko; compatible; ClaudeBot/1.0; +claudebot@anthropic.com)"
216.73.217.54 - - [07/Jun/2026:00:26:17 +0200] "GET /loja/page/10/?add-to-cart=470&doing_wp_cron=1758569056.8537590503692626953125&orderby=date HTTP/1.1" 200 63113 "-" "Mozilla/5.0 AppleWebKit/537.36 (KHTML, like Gecko; compatible; ClaudeBot/1.0; +claudebot@anthropic.com)"
40.77.167.7 - - [07/Jun/2026:00:26:19 +0200] "GET /p=2419234&doing_wp_cron=1780784768.8467879295349121093750 HTTP/1.1" 302 102 "-" "Mozilla/5.0 AppleWebKit/537.36 (KHTML, like Gecko; compatible; bingbot/2.0; +http://www.bing.com/bingbot.htm) Chrome/116.0.1938.76 Safari/537.36"
40.77.167.7 - - [07/Jun/2026:00:26:19 +0200] "GET /p=2419234&doing_wp_cron=1780784779.1401228904724121093750 HTTP/1.1" 404 42698 "-" "Mozilla/5.0 AppleWebKit/537.36 (KHTML, like Gecko; compatible; bingbot/2.0; +http://www.bing.com/bingbot.htm) Chrome/116.0.1938.76 Safari/537.36"
216.73.217.54 - - [07/Jun/2026:00:26:20 +0200] "GET /loja/page/7/?add-to-cart=706&doing_wp_cron=1780319120.4665279388427734375000&orderby=popularity HTTP/1.1" 200 64274 "-" "Mozilla/5.0 AppleWebKit/537.36 (KHTML, like Gecko; compatible; ClaudeBot/1.0; +claudebot@anthropic.com)"
216.73.217.54 - - [07/Jun/2026:00:26:23 +0200] "GET /loja/page/11/?add-to-cart=444&doing_wp_cron=1780345137.3122010231018066406250&orderby=date HTTP/1.1" 200 62991 "-" "Mozilla/5.0 AppleWebKit/537.36 (KHTML, like Gecko; compatible; ClaudeBot/1.0; +claudebot@anthropic.com)"
216.73.217.54 - - [07/Jun/2026:00:26:26 +0200] "GET /loja/page/8/?add-to-cart=2040&doing_wp_cron=1780384400.8176770210266113281250&orderby=popularity HTTP/1.1" 200 64659 "-" "Mozilla/5.0 AppleWebKit/537.36 (KHTML, like Gecko; compatible; ClaudeBot/1.0; +claudebot@anthropic.com)"
216.73.217.54 - - [07/Jun/2026:00:26:29 +0200] "GET /loja/page/4/?add-to-cart=1539&doing_wp_cron=1780259951.9076659679412841796875&orderby=popularity HTTP/1.1" 200 64430 "-" "Mozilla/5.0 AppleWebKit/537.36 (KHTML, like Gecko; compatible; ClaudeBot/1.0; +claudebot@anthropic.com)"
216.73.217.54 - - [07/Jun/2026:00:26:32 +0200] "GET /loja/page/5/?add-to-cart=795&doing_wp_cron=1780557416.2362558841705322265625&orderby=date HTTP/1.1" 200 61189 "-" "Mozilla/5.0 AppleWebKit/537.36 (KHTML, like Gecko; compatible; ClaudeBot/1.0; +claudebot@anthropic.com)"
216.73.217.54 - - [07/Jun/2026:00:26:35 +0200] "GET /loja/page/3/?add-to-cart=595&doing_wp_cron=1780356236.1233079433441162109375&orderby=price HTTP/1.1" 200 61449 "-" "Mozilla/5.0 AppleWebKit/537.36 (KHTML, like Gecko; compatible; ClaudeBot/1.0; +claudebot@anthropic.com)"
216.73.217.54 - - [07/Jun/2026:00:26:38 +0200] "GET /loja/page/8/?add-to-cart=439&doing_wp_cron=1780259951.9076659679412841796875&orderby=date HTTP/1.1" 200 61377 "-" "Mozilla/5.0 AppleWebKit/537.36 (KHTML, like Gecko; compatible; ClaudeBot/1.0; +claudebot@anthropic.com)"
216.244.66.243 - - [07/Jun/2026:00:26:38 +0200] "GET /produto/oleo-fula-1l/?add-to-cart=649 HTTP/1.1" 200 404029 "-" "Mozilla/5.0 (compatible; DotBot/1.2; +https://opensiteexplorer.org/dotbot; help@moz.com)"
114.119.150.140 - - [07/Jun/2026:00:26:39 +0200] "GET /loja/page/6/?orderby=date&doing_wp_cron=1680531972.9956140518188476562500 HTTP/1.1" 200 60312 "https://www.baudefruta.pt/loja/page/5/?orderby=date&doing_wp_cron=1680531972.9956140518188476562500" "Mozilla/5.0 (Linux; Android 7.0;) AppleWebKit/537.36 (HTML, like Gecko) Mobile Safari/537.36 (compatible; PetalBot;+https://webmaster.petalsearch.com/site/petalbot)"
216.73.217.54 - - [07/Jun/2026:00:26:41 +0200] "GET /loja/page/7/?add-to-cart=698&doing_wp_cron=1780471500.7316999435424804687500&orderby=date HTTP/1.1" 200 61782 "-" "Mozilla/5.0 AppleWebKit/537.36 (KHTML, like Gecko; compatible; ClaudeBot/1.0; +claudebot@anthropic.com)"
216.73.217.54 - - [07/Jun/2026:00:26:44 +0200] "GET /produto/espaguete-nacional-500g/?add-to-cart=1993&doing_wp_cron=1780644547.6957979202270507812500 HTTP/1.1" 200 60311 "-" "Mozilla/5.0 AppleWebKit/537.36 (KHTML, like Gecko; compatible; ClaudeBot/1.0; +claudebot@anthropic.com)"
216.73.217.54 - - [07/Jun/2026:00:26:47 +0200] "GET /loja/page/11/?add-to-cart=18756&doing_wp_cron=1780305920.7864100933074951171875&orderby=popularity HTTP/1.1" 200 62260 "-" "Mozilla/5.0 AppleWebKit/537.36 (KHTML, like Gecko; compatible; ClaudeBot/1.0; +claudebot@anthropic.com)"
216.73.217.54 - - [07/Jun/2026:00:26:50 +0200] "GET /loja/page/7/?add-to-cart=4218&doing_wp_cron=1780692886.3730928897857666015625&orderby=menu_order HTTP/1.1" 200 62559 "-" "Mozilla/5.0 AppleWebKit/537.36 (KHTML, like Gecko; compatible; ClaudeBot/1.0; +claudebot@anthropic.com)"
216.73.217.54 - - [07/Jun/2026:00:26:53 +0200] "GET /loja/page/3/?add-to-cart=1986&doing_wp_cron=1780205258.9664719104766845703125&orderby=date HTTP/1.1" 200 62632 "-" "Mozilla/5.0 AppleWebKit/537.36 (KHTML, like Gecko; compatible; ClaudeBot/1.0; +claudebot@anthropic.com)"
216.73.217.54 - - [07/Jun/2026:00:26:56 +0200] "GET /loja/page/7/?add-to-cart=698&doing_wp_cron=1780328969.7069408893585205078125&orderby=menu_order HTTP/1.1" 200 62792 "-" "Mozilla/5.0 AppleWebKit/537.36 (KHTML, like Gecko; compatible; ClaudeBot/1.0; +claudebot@anthropic.com)"
216.73.217.54 - - [07/Jun/2026:00:26:59 +0200] "GET /loja/page/7/?add-to-cart=1993&doing_wp_cron=1780356236.1233079433441162109375&orderby=price HTTP/1.1" 200 62889 "-" "Mozilla/5.0 AppleWebKit/537.36 (KHTML, like Gecko; compatible; ClaudeBot/1.0; +claudebot@anthropic.com)"
216.73.217.54 - - [07/Jun/2026:00:27:03 +0200] "GET /categoria-produto/mercearia/?add-to-cart=1645&doing_wp_cron=1780225372.5635399818420410156250&orderby=popularity HTTP/1.1" 200 63050 "-" "Mozilla/5.0 AppleWebKit/537.36 (KHTML, like Gecko; compatible; ClaudeBot/1.0; +claudebot@anthropic.com)"
216.73.217.54 - - [07/Jun/2026:00:27:05 +0200] "GET /categoria-produto/frescos/legumes/?doing_wp_cron=1780361250.5872619152069091796875&orderby=price HTTP/1.1" 200 62132 "-" "Mozilla/5.0 AppleWebKit/537.36 (KHTML, like Gecko; compatible; ClaudeBot/1.0; +claudebot@anthropic.com)"
216.73.217.54 - - [07/Jun/2026:00:27:09 +0200] "GET /loja/page/6/?add-to-cart=706&doing_wp_cron=1780707128.9171800613403320312500&orderby=date HTTP/1.1" 200 63081 "-" "Mozilla/5.0 AppleWebKit/537.36 (KHTML, like Gecko; compatible; ClaudeBot/1.0; +claudebot@anthropic.com)"
216.244.66.243 - - [07/Jun/2026:00:27:09 +0200] "GET /produto/pickles/?add-to-cart=441 HTTP/1.1" 302 11 "-" "Mozilla/5.0 (compatible; DotBot/1.2; +https://opensiteexplorer.org/dotbot; help@moz.com)"
216.73.217.54 - - [07/Jun/2026:00:27:11 +0200] "GET /loja/page/5/?add-to-cart=765&doing_wp_cron=1770738320.9674439430236816406250&orderby=popularity HTTP/1.1" 200 63807 "-" "Mozilla/5.0 AppleWebKit/537.36 (KHTML, like Gecko; compatible; ClaudeBot/1.0; +claudebot@anthropic.com)"
216.73.217.54 - - [07/Jun/2026:00:27:14 +0200] "GET /loja/page/4/?add-to-cart=1126&doing_wp_cron=1780388636.6831140518188476562500&orderby=date HTTP/1.1" 200 63781 "-" "Mozilla/5.0 AppleWebKit/537.36 (KHTML, like Gecko; compatible; ClaudeBot/1.0; +claudebot@anthropic.com)"
216.73.217.54 - - [07/Jun/2026:00:27:17 +0200] "GET /loja/page/3/?add-to-cart=591&doing_wp_cron=1780471500.7316999435424804687500&orderby=popularity HTTP/1.1" 200 63852 "-" "Mozilla/5.0 AppleWebKit/537.36 (KHTML, like Gecko; compatible; ClaudeBot/1.0; +claudebot@anthropic.com)"
216.73.217.54 - - [07/Jun/2026:00:27:20 +0200] "GET /loja/?add-to-cart=545&doing_wp_cron=1780259951.9076659679412841796875&orderby=price HTTP/1.1" 200 63919 "-" "Mozilla/5.0 AppleWebKit/537.36 (KHTML, like Gecko; compatible; ClaudeBot/1.0; +claudebot@anthropic.com)"
216.73.217.54 - - [07/Jun/2026:00:27:23 +0200] "GET /loja/page/9/?add-to-cart=1542&doing_wp_cron=1780429699.1848499774932861328125&orderby=menu_order HTTP/1.1" 200 64197 "-" "Mozilla/5.0 AppleWebKit/537.36 (KHTML, like Gecko; compatible; ClaudeBot/1.0; +claudebot@anthropic.com)"
216.73.217.54 - - [07/Jun/2026:00:27:26 +0200] "GET /loja/page/3/?add-to-cart=452&doing_wp_cron=1780445696.5725550651550292968750&orderby=popularity HTTP/1.1" 200 64391 "-" "Mozilla/5.0 AppleWebKit/537.36 (KHTML, like Gecko; compatible; ClaudeBot/1.0; +claudebot@anthropic.com)"
216.73.217.54 - - [07/Jun/2026:00:27:29 +0200] "GET /loja/page/11/?add-to-cart=727&doing_wp_cron=1780319098.8176429271697998046875&orderby=date HTTP/1.1" 200 63602 "-" "Mozilla/5.0 AppleWebKit/537.36 (KHTML, like Gecko; compatible; ClaudeBot/1.0; +claudebot@anthropic.com)"
216.73.217.54 - - [07/Jun/2026:00:27:32 +0200] "GET /loja/page/3/?add-to-cart=2008&doing_wp_cron=1780471458.6715359687805175781250&orderby=date HTTP/1.1" 200 64697 "-" "Mozilla/5.0 AppleWebKit/537.36 (KHTML, like Gecko; compatible; ClaudeBot/1.0; +claudebot@anthropic.com)"
216.73.217.54 - - [07/Jun/2026:00:27:35 +0200] "GET /loja/page/11/?add-to-cart=749&doing_wp_cron=1780429669.1116149425506591796875&orderby=popularity HTTP/1.1" 200 64951 "-" "Mozilla/5.0 AppleWebKit/537.36 (KHTML, like Gecko; compatible; ClaudeBot/1.0; +claudebot@anthropic.com)"
216.73.217.54 - - [07/Jun/2026:00:27:38 +0200] "GET /categoria-produto/mercearia/page/2/?doing_wp_cron=1780316360.8392870426177978515625&orderby=price-desc HTTP/1.1" 200 64905 "-" "Mozilla/5.0 AppleWebKit/537.36 (KHTML, like Gecko; compatible; ClaudeBot/1.0; +claudebot@anthropic.com)"
216.244.66.243 - - [07/Jun/2026:00:27:38 +0200] "GET /produto/tomate-cacho/?add-to-cart=608 HTTP/1.1" 302 11 "-" "Mozilla/5.0 (compatible; DotBot/1.2; +https://opensiteexplorer.org/dotbot; help@moz.com)"
216.73.217.54 - - [07/Jun/2026:00:27:41 +0200] "GET /loja/page/3/?add-to-cart=484&doing_wp_cron=1780383836.4200708866119384765625&orderby=date HTTP/1.1" 200 65077 "-" "Mozilla/5.0 AppleWebKit/537.36 (KHTML, like Gecko; compatible; ClaudeBot/1.0; +claudebot@anthropic.com)"
216.73.217.54 - - [07/Jun/2026:00:27:44 +0200] "GET /produto/espaguete-nacional-500g/?add-to-cart=1989&doing_wp_cron=1780319638.3576450347900390625000 HTTP/1.1" 200 63597 "-" "Mozilla/5.0 AppleWebKit/537.36 (KHTML, like Gecko; compatible; ClaudeBot/1.0; +claudebot@anthropic.com)"
216.73.217.54 - - [07/Jun/2026:00:27:47 +0200] "GET /loja/page/6/?add-to-cart=4229&doing_wp_cron=1780505598.3389461040496826171875&orderby=popularity HTTP/1.1" 200 66000 "-" "Mozilla/5.0 AppleWebKit/537.36 (KHTML, like Gecko; compatible; ClaudeBot/1.0; +claudebot@anthropic.com)"
216.73.217.54 - - [07/Jun/2026:00:27:50 +0200] "GET /categoria-produto/mercearia/?add-to-cart=795&doing_wp_cron=1780540985.8541419506072998046875&orderby=menu_order HTTP/1.1" 200 65259 "-" "Mozilla/5.0 AppleWebKit/537.36 (KHTML, like Gecko; compatible; ClaudeBot/1.0; +claudebot@anthropic.com)"
216.73.217.54 - - [07/Jun/2026:00:27:53 +0200] "GET /categoria-produto/mercearia/?add-to-cart=2040&doing_wp_cron=1780379705.5777630805969238281250&orderby=date HTTP/1.1" 200 65271 "-" "Mozilla/5.0 AppleWebKit/537.36 (KHTML, like Gecko; compatible; ClaudeBot/1.0; +claudebot@anthropic.com)"
216.73.217.54 - - [07/Jun/2026:00:27:56 +0200] "GET /loja/page/5/?add-to-cart=788&doing_wp_cron=1780438640.8086369037628173828125&orderby=date HTTP/1.1" 200 65934 "-" "Mozilla/5.0 AppleWebKit/537.36 (KHTML, like Gecko; compatible; ClaudeBot/1.0; +claudebot@anthropic.com)"
216.73.217.54 - - [07/Jun/2026:00:27:59 +0200] "GET /loja/page/3/?add-to-cart=1937&doing_wp_cron=1780207778.1771409511566162109375&orderby=date HTTP/1.1" 200 66021 "-" "Mozilla/5.0 AppleWebKit/537.36 (KHTML, like Gecko; compatible; ClaudeBot/1.0; +claudebot@anthropic.com)"
216.73.217.54 - - [07/Jun/2026:00:28:02 +0200] "GET /loja/page/2/?add-to-cart=1991&doing_wp_cron=1780400178.2150061130523681640625&orderby=price HTTP/1.1" 200 66191 "-" "Mozilla/5.0 AppleWebKit/537.36 (KHTML, like Gecko; compatible; ClaudeBot/1.0; +claudebot@anthropic.com)"
114.119.150.140 - - [07/Jun/2026:00:28:03 +0200] "GET /loja/page/6/?orderby=date&doing_wp_cron=1680164870.3742458820343017578125 HTTP/1.1" 200 60314 "https://www.baudefruta.pt/loja/page/7/?orderby=date&doing_wp_cron=1680164870.3742458820343017578125" "Mozilla/5.0 (Linux; Android 7.0;) AppleWebKit/537.36 (HTML, like Gecko) Mobile Safari/537.36 (compatible; PetalBot;+https://webmaster.petalsearch.com/site/petalbot)"
216.73.217.54 - - [07/Jun/2026:00:28:05 +0200] "GET /loja/page/3/?add-to-cart=593&doing_wp_cron=1780420099.1374759674072265625000&orderby=date HTTP/1.1" 200 66335 "-" "Mozilla/5.0 AppleWebKit/537.36 (KHTML, like Gecko; compatible; ClaudeBot/1.0; +claudebot@anthropic.com)"
216.73.217.54 - - [07/Jun/2026:00:28:08 +0200] "GET /loja/page/10/?add-to-cart=683&doing_wp_cron=1780429699.1848499774932861328125&orderby=popularity HTTP/1.1" 200 67080 "-" "Mozilla/5.0 AppleWebKit/537.36 (KHTML, like Gecko; compatible; ClaudeBot/1.0; +claudebot@anthropic.com)"
212.34.12.115 - - [07/Jun/2026:00:28:09 +0200] "GET /categoria-produto/mercearia/page/5/?add-to-cart=687&doing_wp_cron=1779627987.3122849464416503906250&orderby=date HTTP/1.1" 200 60738 "-" "Mozilla/5.0 (iPod; U; CPU iPhone OS 4_3 like Mac OS X; szl-PL) AppleWebKit/534.25.3 (KHTML, like Gecko) Version/4.0.5 Mobile/8B113 Safari/6534.25.3"
190.136.70.142 - - [07/Jun/2026:00:28:10 +0200] "GET /categoria-produto/mercearia/?add-to-cart=1992&doing_wp_cron=1779792272.9229650497436523437500&orderby=price-desc HTTP/1.1" 200 61419 "-" "Mozilla/5.0 (X11; Linux x86_64; rv:1.9.5.20) Gecko/3990-03-16 03:54:06.980026 Firefox/3.6.10"
216.73.217.54 - - [07/Jun/2026:00:28:11 +0200] "GET /loja/page/11/?add-to-cart=691&doing_wp_cron=1780205258.9664719104766845703125&orderby=date HTTP/1.1" 200 65884 "-" "Mozilla/5.0 AppleWebKit/537.36 (KHTML, like Gecko; compatible; ClaudeBot/1.0; +claudebot@anthropic.com)"
216.73.217.54 - - [07/Jun/2026:00:28:14 +0200] "GET /loja/page/3/?add-to-cart=1992&doing_wp_cron=1780407057.6045830249786376953125&orderby=date HTTP/1.1" 200 66916 "-" "Mozilla/5.0 AppleWebKit/537.36 (KHTML, like Gecko; compatible; ClaudeBot/1.0; +claudebot@anthropic.com)"
216.73.217.54 - - [07/Jun/2026:00:28:17 +0200] "GET /loja/page/6/?add-to-cart=733&doing_wp_cron=1780454178.6453809738159179687500&orderby=date HTTP/1.1" 200 67101 "-" "Mozilla/5.0 AppleWebKit/537.36 (KHTML, like Gecko; compatible; ClaudeBot/1.0; +claudebot@anthropic.com)"
40.77.167.158 - - [07/Jun/2026:00:28:19 +0200] "GET /page/17/?s&orderby=date&doing_wp_cron=1777794150.9369239807128906250000 HTTP/1.1" 200 52189 "-" "Mozilla/5.0 AppleWebKit/537.36 (KHTML, like Gecko; compatible; bingbot/2.0; +http://www.bing.com/bingbot.htm) Chrome/116.0.1938.76 Safari/537.36"
216.73.217.54 - - [07/Jun/2026:00:28:20 +0200] "GET /loja/page/7/?add-to-cart=423&doing_wp_cron=1780455680.5886950492858886718750&orderby=menu_order HTTP/1.1" 200 67387 "-" "Mozilla/5.0 AppleWebKit/537.36 (KHTML, like Gecko; compatible; ClaudeBot/1.0; +claudebot@anthropic.com)"
216.73.217.54 - - [07/Jun/2026:00:28:23 +0200] "GET /categoria-produto/mercearia/?add-to-cart=3500&doing_wp_cron=1780357340.4553380012512207031250&orderby=popularity HTTP/1.1" 200 67671 "-" "Mozilla/5.0 AppleWebKit/537.36 (KHTML, like Gecko; compatible; ClaudeBot/1.0; +claudebot@anthropic.com)"
185.191.171.9 - - [07/Jun/2026:00:28:24 +0200] "GET /loja/page/10/?doing_wp_cron=1780066683.4503800868988037109375 HTTP/1.1" 200 59501 "-" "Mozilla/5.0 (compatible; SemrushBot/7~bl; +http://www.semrush.com/bot.html)"
105.74.194.212 - - [07/Jun/2026:00:28:25 +0200] "GET /categoria-produto/mercearia/?add-to-cart=1992&doing_wp_cron=1779792272.9229650497436523437500&orderby=price-desc HTTP/1.1" 200 61415 "-" "Mozilla/5.0 (Macintosh; U; PPC Mac OS X 10_8_4 rv:2.0; tt-RU) AppleWebKit/534.7.7 (KHTML, like Gecko) Version/4.1 Safari/534.7.7"
216.73.217.54 - - [07/Jun/2026:00:28:26 +0200] "GET /loja/page/8/?add-to-cart=2047&doing_wp_cron=1780431018.2992589473724365234375&orderby=popularity HTTP/1.1" 200 68182 "-" "Mozilla/5.0 AppleWebKit/537.36 (KHTML, like Gecko; compatible; ClaudeBot/1.0; +claudebot@anthropic.com)"
216.73.217.54 - - [07/Jun/2026:00:28:29 +0200] "GET /loja/page/8/?add-to-cart=500&doing_wp_cron=1780356298.9136428833007812500000&orderby=menu_order HTTP/1.1" 200 67790 "-" "Mozilla/5.0 AppleWebKit/537.36 (KHTML, like Gecko; compatible; ClaudeBot/1.0; +claudebot@anthropic.com)"
216.73.217.54 - - [07/Jun/2026:00:28:33 +0200] "GET /loja/page/3/?add-to-cart=486&doing_wp_cron=1703787820.8273739814758300781250&orderby=popularity HTTP/1.1" 200 61243 "-" "Mozilla/5.0 AppleWebKit/537.36 (KHTML, like Gecko; compatible; ClaudeBot/1.0; +claudebot@anthropic.com)"
57.141.20.52 - - [07/Jun/2026:00:28:34 +0200] "GET /page-sitemap.xml?doing_wp_cron=1774002428.2677490711212158203125 HTTP/1.1" 200 5566 "-" "meta-externalagent/1.1 (+https://developers.facebook.com/docs/sharing/webmasters/crawler)"
216.73.217.54 - - [07/Jun/2026:00:28:35 +0200] "GET /loja/page/6/?add-to-cart=735&doing_wp_cron=1759043873.1749200820922851562500&orderby=price HTTP/1.1" 200 61759 "-" "Mozilla/5.0 AppleWebKit/537.36 (KHTML, like Gecko; compatible; ClaudeBot/1.0; +claudebot@anthropic.com)"
216.73.217.54 - - [07/Jun/2026:00:28:38 +0200] "GET /loja/page/5/?add-to-cart=4328&doing_wp_cron=1711616234.3928558826446533203125&orderby=popularity HTTP/1.1" 200 62040 "-" "Mozilla/5.0 AppleWebKit/537.36 (KHTML, like Gecko; compatible; ClaudeBot/1.0; +claudebot@anthropic.com)"
66.249.79.137 - - [07/Jun/2026:00:28:40 +0200] "GET /product-sitemap1.xml HTTP/1.1" 302 11 "-" "Mozilla/5.0 (compatible; Googlebot/2.1; +http://www.google.com/bot.html)"
66.249.79.138 - - [07/Jun/2026:00:28:41 +0200] "GET /product-sitemap1.xml?doing_wp_cron=1780784920.9748930931091308593750 HTTP/1.1" 200 3480 "-" "Mozilla/5.0 (compatible; Googlebot/2.1; +http://www.google.com/bot.html)"
216.73.217.54 - - [07/Jun/2026:00:28:41 +0200] "GET /loja/page/10/?add-to-cart=723&doing_wp_cron=1705054787.4118249416351318359375&orderby=popularity HTTP/1.1" 200 62374 "-" "Mozilla/5.0 AppleWebKit/537.36 (KHTML, like Gecko; compatible; ClaudeBot/1.0; +claudebot@anthropic.com)"
216.73.217.54 - - [07/Jun/2026:00:28:44 +0200] "GET /loja/page/5/?add-to-cart=581&doing_wp_cron=1759043873.1749200820922851562500&orderby=price HTTP/1.1" 200 62383 "-" "Mozilla/5.0 AppleWebKit/537.36 (KHTML, like Gecko; compatible; ClaudeBot/1.0; +claudebot@anthropic.com)"
216.73.217.54 - - [07/Jun/2026:00:28:47 +0200] "GET /loja/page/8/?add-to-cart=583&doing_wp_cron=1759043873.1749200820922851562500&orderby=price HTTP/1.1" 200 62135 "-" "Mozilla/5.0 AppleWebKit/537.36 (KHTML, like Gecko; compatible; ClaudeBot/1.0; +claudebot@anthropic.com)"
216.244.66.243 - - [07/Jun/2026:00:28:47 +0200] "GET /produto/arroz-cigala-agulha/?add-to-cart=4337 HTTP/1.1" 200 402967 "-" "Mozilla/5.0 (compatible; DotBot/1.2; +https://opensiteexplorer.org/dotbot; help@moz.com)"
216.73.217.54 - - [07/Jun/2026:00:28:50 +0200] "GET /loja/page/2/?add-to-cart=3500&doing_wp_cron=1749500398.4001810550689697265625&orderby=date HTTP/1.1" 200 62256 "-" "Mozilla/5.0 AppleWebKit/537.36 (KHTML, like Gecko; compatible; ClaudeBot/1.0; +claudebot@anthropic.com)"
216.73.217.54 - - [07/Jun/2026:00:28:53 +0200] "GET /loja/page/5/?add-to-cart=771&doing_wp_cron=1724760408.5467429161071777343750&orderby=date HTTP/1.1" 200 62744 "-" "Mozilla/5.0 AppleWebKit/537.36 (KHTML, like Gecko; compatible; ClaudeBot/1.0; +claudebot@anthropic.com)"
216.73.217.54 - - [07/Jun/2026:00:28:56 +0200] "GET /loja/page/6/?add-to-cart=4230&doing_wp_cron=1705054787.4118249416351318359375&orderby=popularity HTTP/1.1" 200 63321 "-" "Mozilla/5.0 AppleWebKit/537.36 (KHTML, like Gecko; compatible; ClaudeBot/1.0; +claudebot@anthropic.com)"
216.73.217.54 - - [07/Jun/2026:00:28:59 +0200] "GET /loja/page/5/?add-to-cart=817&doing_wp_cron=1724760408.5467429161071777343750&orderby=date HTTP/1.1" 200 63157 "-" "Mozilla/5.0 AppleWebKit/537.36 (KHTML, like Gecko; compatible; ClaudeBot/1.0; +claudebot@anthropic.com)"
216.73.217.54 - - [07/Jun/2026:00:29:03 +0200] "GET /loja/page/3/?add-to-cart=484&doing_wp_cron=1703787820.8273739814758300781250&orderby=menu_order HTTP/1.1" 200 63045 "-" "Mozilla/5.0 AppleWebKit/537.36 (KHTML, like Gecko; compatible; ClaudeBot/1.0; +claudebot@anthropic.com)"
216.73.217.54 - - [07/Jun/2026:00:29:06 +0200] "GET /loja/page/10/?add-to-cart=2033&doing_wp_cron=1701153572.9826118946075439453125&orderby=menu_order HTTP/1.1" 200 63739 "-" "Mozilla/5.0 AppleWebKit/537.36 (KHTML, like Gecko; compatible; ClaudeBot/1.0; +claudebot@anthropic.com)"
216.73.217.54 - - [07/Jun/2026:00:29:08 +0200] "GET /loja/page/11/?add-to-cart=423&doing_wp_cron=1758569056.8537590503692626953125&orderby=date HTTP/1.1" 200 62716 "-" "Mozilla/5.0 AppleWebKit/537.36 (KHTML, like Gecko; compatible; ClaudeBot/1.0; +claudebot@anthropic.com)"
216.73.217.54 - - [07/Jun/2026:00:29:13 +0200] "GET /loja/page/5/?add-to-cart=4228&doing_wp_cron=1780534339.1168689727783203125000&orderby=popularity HTTP/1.1" 200 61538 "-" "Mozilla/5.0 AppleWebKit/537.36 (KHTML, like Gecko; compatible; ClaudeBot/1.0; +claudebot@anthropic.com)"
216.73.217.54 - - [07/Jun/2026:00:29:16 +0200] "GET /loja/page/7/?add-to-cart=795&doing_wp_cron=1780592658.1118791103363037109375&orderby=popularity HTTP/1.1" 200 61918 "-" "Mozilla/5.0 AppleWebKit/537.36 (KHTML, like Gecko; compatible; ClaudeBot/1.0; +claudebot@anthropic.com)"
216.73.217.54 - - [07/Jun/2026:00:29:19 +0200] "GET /loja/page/8/?doing_wp_cron=1780429678.1482779979705810546875&orderby=price-desc HTTP/1.1" 200 61487 "-" "Mozilla/5.0 AppleWebKit/537.36 (KHTML, like Gecko; compatible; ClaudeBot/1.0; +claudebot@anthropic.com)"
216.73.217.54 - - [07/Jun/2026:00:29:22 +0200] "GET /loja/page/5/?add-to-cart=1993&doing_wp_cron=1780498167.6054840087890625000000&orderby=date HTTP/1.1" 200 61620 "-" "Mozilla/5.0 AppleWebKit/537.36 (KHTML, like Gecko; compatible; ClaudeBot/1.0; +claudebot@anthropic.com)"
216.244.66.243 - - [07/Jun/2026:00:29:22 +0200] "GET /produto/bacalhau-crescido/?add-to-cart=4334 HTTP/1.1" 302 11 "-" "Mozilla/5.0 (compatible; DotBot/1.2; +https://opensiteexplorer.org/dotbot; help@moz.com)"
43.173.180.239 - - [07/Jun/2026:00:29:24 +0200] "GET /produto/atum-em-azeite-bom-petisco?add-to-cart=715&doing_wp_cron=1779919640.8669569492340087890625 HTTP/1.1" 301 5 "-" "Mozilla/5.0 (Windows NT 10.0; Win64; x64) AppleWebKit/537.36 (KHTML, like Gecko) Chrome/124.0.0.0 Safari/537.36"
216.73.217.54 - - [07/Jun/2026:00:29:25 +0200] "GET /produto/groselha/?add-to-cart=472&doing_wp_cron=1780517419.1626880168914794921875 HTTP/1.1" 200 59666 "-" "Mozilla/5.0 AppleWebKit/537.36 (KHTML, like Gecko; compatible; ClaudeBot/1.0; +claudebot@anthropic.com)"
43.173.177.207 - - [07/Jun/2026:00:29:26 +0200] "GET /produto/atum-em-azeite-bom-petisco/?add-to-cart=715&doing_wp_cron=1779919640.8669569492340087890625 HTTP/1.1" 200 59461 "-" "Mozilla/5.0 (Windows NT 10.0; Win64; x64) AppleWebKit/537.36 (KHTML, like Gecko) Chrome/124.0.0.0 Safari/537.36"
114.119.149.254 - - [07/Jun/2026:00:29:26 +0200] "GET /loja/page/6/?orderby=date&doing_wp_cron=1679992260.8511428833007812500000 HTTP/1.1" 200 60316 "https://www.baudefruta.pt/loja/page/8/?orderby=date&doing_wp_cron=1679992260.8511428833007812500000" "Mozilla/5.0 (Linux; Android 7.0;) AppleWebKit/537.36 (HTML, like Gecko) Mobile Safari/537.36 (compatible; PetalBot;+https://webmaster.petalsearch.com/site/petalbot)"
216.73.217.54 - - [07/Jun/2026:00:29:28 +0200] "GET /loja/page/5/?add-to-cart=934&doing_wp_cron=1780498167.6054840087890625000000&orderby=date HTTP/1.1" 200 62069 "-" "Mozilla/5.0 AppleWebKit/537.36 (KHTML, like Gecko; compatible; ClaudeBot/1.0; +claudebot@anthropic.com)"
43.173.181.133 - - [07/Jun/2026:00:29:28 +0200] "GET /wp-content/themes/uncode/library/css/woocommerce.css?ver=910631150 HTTP/1.1" 200 20067 "https://www.baudefruta.pt/produto/atum-em-azeite-bom-petisco/?add-to-cart=715&doing_wp_cron=1779919640.8669569492340087890625" "Mozilla/5.0 (Windows NT 10.0; Win64; x64) AppleWebKit/537.36 (KHTML, like Gecko) Chrome/124.0.0.0 Safari/537.36"
43.173.174.85 - - [07/Jun/2026:00:29:28 +0200] "GET /wp-content/themes/baudefruta-un/style.css?ver=1056440795 HTTP/1.1" 200 896 "https://www.baudefruta.pt/produto/atum-em-azeite-bom-petisco/?add-to-cart=715&doing_wp_cron=1779919640.8669569492340087890625" "Mozilla/5.0 (Windows NT 10.0; Win64; x64) AppleWebKit/537.36 (KHTML, like Gecko) Chrome/124.0.0.0 Safari/537.36"
43.172.197.238 - - [07/Jun/2026:00:29:28 +0200] "GET /wp-content/themes/uncode/library/js/init.js?ver=910631150 HTTP/1.1" 200 38505 "https://www.baudefruta.pt/produto/atum-em-azeite-bom-petisco/?add-to-cart=715&doing_wp_cron=1779919640.8669569492340087890625" "Mozilla/5.0 (Windows NT 10.0; Win64; x64) AppleWebKit/537.36 (KHTML, like Gecko) Chrome/124.0.0.0 Safari/537.36"
43.173.180.82 - - [07/Jun/2026:00:29:29 +0200] "GET /wp-content/themes/uncode/library/css/style.css?ver=910631150 HTTP/1.1" 200 70140 "https://www.baudefruta.pt/produto/atum-em-azeite-bom-petisco/?add-to-cart=715&doing_wp_cron=1779919640.8669569492340087890625" "Mozilla/5.0 (Windows NT 10.0; Win64; x64) AppleWebKit/537.36 (KHTML, like Gecko) Chrome/124.0.0.0 Safari/537.36"
43.173.178.225 - - [07/Jun/2026:00:29:29 +0200] "GET /wp-content/themes/uncode/library/css/uncode-icons.css?ver=910631150 HTTP/1.1" 200 12098 "https://www.baudefruta.pt/produto/atum-em-azeite-bom-petisco/?add-to-cart=715&doing_wp_cron=1779919640.8669569492340087890625" "Mozilla/5.0 (Windows NT 10.0; Win64; x64) AppleWebKit/537.36 (KHTML, like Gecko) Chrome/124.0.0.0 Safari/537.36"
43.173.179.196 - - [07/Jun/2026:00:29:30 +0200] "GET /wp-content/themes/uncode/library/js/app.js?ver=910631150 HTTP/1.1" 200 41076 "https://www.baudefruta.pt/produto/atum-em-azeite-bom-petisco/?add-to-cart=715&doing_wp_cron=1779919640.8669569492340087890625" "Mozilla/5.0 (Windows NT 10.0; Win64; x64) AppleWebKit/537.36 (KHTML, like Gecko) Chrome/124.0.0.0 Safari/537.36"
43.173.174.200 - - [07/Jun/2026:00:29:30 +0200] "GET /wp-content/themes/uncode/library/js/plugins.js?ver=910631150 HTTP/1.1" 200 192557 "https://www.baudefruta.pt/produto/atum-em-azeite-bom-petisco/?add-to-cart=715&doing_wp_cron=1779919640.8669569492340087890625" "Mozilla/5.0 (Windows NT 10.0; Win64; x64) AppleWebKit/537.36 (KHTML, like Gecko) Chrome/124.0.0.0 Safari/537.36"
216.73.217.54 - - [07/Jun/2026:00:29:31 +0200] "GET /loja/?add-to-cart=2040&doing_wp_cron=1780630262.0216319561004638671875&orderby=menu_order HTTP/1.1" 200 62003 "-" "Mozilla/5.0 AppleWebKit/537.36 (KHTML, like Gecko; compatible; ClaudeBot/1.0; +claudebot@anthropic.com)"
52.167.144.222 - - [07/Jun/2026:00:29:31 +0200] "GET /loja/page/2/?doing_wp_cron=1768488817.3429219722747802734375&orderby=price HTTP/1.1" 200 60280 "-" "Mozilla/5.0 AppleWebKit/537.36 (KHTML, like Gecko; compatible; bingbot/2.0; +http://www.bing.com/bingbot.htm) Chrome/116.0.1938.76 Safari/537.36"
43.172.198.148 - - [07/Jun/2026:00:29:34 +0200] "GET /wp-content/themes/uncode/library/js/woocommerce-uncode.js?ver=910631150 HTTP/1.1" 200 7190 "https://www.baudefruta.pt/produto/atum-em-azeite-bom-petisco/?add-to-cart=715&doing_wp_cron=1779919640.8669569492340087890625" "Mozilla/5.0 (Windows NT 10.0; Win64; x64) AppleWebKit/537.36 (KHTML, like Gecko) Chrome/124.0.0.0 Safari/537.36"
216.73.217.54 - - [07/Jun/2026:00:29:35 +0200] "GET /loja/page/5/?add-to-cart=1993&doing_wp_cron=1759043873.1749200820922851562500&orderby=date HTTP/1.1" 200 61109 "-" "Mozilla/5.0 AppleWebKit/537.36 (KHTML, like Gecko; compatible; ClaudeBot/1.0; +claudebot@anthropic.com)"
216.73.217.54 - - [07/Jun/2026:00:29:37 +0200] "GET /loja/page/6/?add-to-cart=626&doing_wp_cron=1759043873.1749200820922851562500&orderby=popularity HTTP/1.1" 200 61880 "-" "Mozilla/5.0 AppleWebKit/537.36 (KHTML, like Gecko; compatible; ClaudeBot/1.0; +claudebot@anthropic.com)"
216.73.217.54 - - [07/Jun/2026:00:29:40 +0200] "GET /loja/?add-to-cart=4224&doing_wp_cron=1705054787.4118249416351318359375&orderby=menu_order HTTP/1.1" 200 61387 "-" "Mozilla/5.0 AppleWebKit/537.36 (KHTML, like Gecko; compatible; ClaudeBot/1.0; +claudebot@anthropic.com)"
154.3.224.164 - - [07/Jun/2026:00:29:41 +0200] "GET /2021/05/11/ola-mundo/ HTTP/1.1" 301 5 "http://baudefruta.pt/2021/05/11/ola-mundo/" "Mozilla/5.0 (Macintosh; Intel Mac OS X 12_5) AppleWebKit/537.36 (KHTML, like Gecko) Chrome/114.0.0.0 Safari/537.36"
154.3.224.164 - - [07/Jun/2026:00:29:43 +0200] "GET /2021/05/11/ola-mundo/ HTTP/1.1" 200 1154430 "https://baudefruta.pt/2021/05/11/ola-mundo/" "Mozilla/5.0 (Macintosh; Intel Mac OS X 12_5) AppleWebKit/537.36 (KHTML, like Gecko) Chrome/114.0.0.0 Safari/537.36"
216.73.217.54 - - [07/Jun/2026:00:29:45 +0200] "GET /produto/maionese/?add-to-cart=733&doing_wp_cron=1780268948.1144320964813232421875 HTTP/1.1" 200 59421 "-" "Mozilla/5.0 AppleWebKit/537.36 (KHTML, like Gecko; compatible; ClaudeBot/1.0; +claudebot@anthropic.com)"
216.73.217.54 - - [07/Jun/2026:00:29:48 +0200] "GET /loja/?add-to-cart=541&doing_wp_cron=1780555436.5701129436492919921875&orderby=menu_order HTTP/1.1" 200 61150 "-" "Mozilla/5.0 AppleWebKit/537.36 (KHTML, like Gecko; compatible; ClaudeBot/1.0; +claudebot@anthropic.com)"
216.73.217.54 - - [07/Jun/2026:00:29:51 +0200] "GET /loja/?add-to-cart=541&doing_wp_cron=1780400178.2150061130523681640625&orderby=date HTTP/1.1" 200 61201 "-" "Mozilla/5.0 AppleWebKit/537.36 (KHTML, like Gecko; compatible; ClaudeBot/1.0; +claudebot@anthropic.com)"
216.244.66.243 - - [07/Jun/2026:00:29:53 +0200] "GET /produto/erva-doce-moida-em-saqueta/?add-to-cart=1991 HTTP/1.1" 200 403190 "-" "Mozilla/5.0 (compatible; DotBot/1.2; +https://opensiteexplorer.org/dotbot; help@moz.com)"
216.73.217.54 - - [07/Jun/2026:00:29:53 +0200] "GET /categoria-produto/mercearia/page/6/?doing_wp_cron=1780501737.9253489971160888671875&orderby=popularity HTTP/1.1" 200 58864 "-" "Mozilla/5.0 AppleWebKit/537.36 (KHTML, like Gecko; compatible; ClaudeBot/1.0; +claudebot@anthropic.com)"
216.73.217.54 - - [07/Jun/2026:00:29:56 +0200] "GET /produto/pimento-verde/?add-to-cart=470&doing_wp_cron=1780276452.5000720024108886718750 HTTP/1.1" 200 59672 "-" "Mozilla/5.0 AppleWebKit/537.36 (KHTML, like Gecko; compatible; ClaudeBot/1.0; +claudebot@anthropic.com)"
216.73.217.54 - - [07/Jun/2026:00:30:00 +0200] "GET /loja/page/7/?add-to-cart=414&doing_wp_cron=1780637652.3290569782257080078125&orderby=menu_order HTTP/1.1" 200 61872 "-" "Mozilla/5.0 AppleWebKit/537.36 (KHTML, like Gecko; compatible; ClaudeBot/1.0; +claudebot@anthropic.com)"
216.73.217.54 - - [07/Jun/2026:00:30:04 +0200] "GET /categoria-produto/mercearia/frutos-secos/?doing_wp_cron=1780672338.4126379489898681640625&orderby=date HTTP/1.1" 200 61021 "-" "Mozilla/5.0 AppleWebKit/537.36 (KHTML, like Gecko; compatible; ClaudeBot/1.0; +claudebot@anthropic.com)"
216.73.217.54 - - [07/Jun/2026:00:30:09 +0200] "GET /produto/pimento-verde/?add-to-cart=557&doing_wp_cron=1780276452.5000720024108886718750 HTTP/1.1" 200 60002 "-" "Mozilla/5.0 AppleWebKit/537.36 (KHTML, like Gecko; compatible; ClaudeBot/1.0; +claudebot@anthropic.com)"
216.73.217.54 - - [07/Jun/2026:00:30:12 +0200] "GET /loja/?add-to-cart=4224&doing_wp_cron=1780457004.9740800857543945312500&orderby=menu_order HTTP/1.1" 200 61953 "-" "Mozilla/5.0 AppleWebKit/537.36 (KHTML, like Gecko; compatible; ClaudeBot/1.0; +claudebot@anthropic.com)"
216.73.217.54 - - [07/Jun/2026:00:30:15 +0200] "GET /produto/alho-granulado-em-frasco/?add-to-cart=793&doing_wp_cron=1780571839.9282910823822021484375 HTTP/1.1" 200 60478 "-" "Mozilla/5.0 AppleWebKit/537.36 (KHTML, like Gecko; compatible; ClaudeBot/1.0; +claudebot@anthropic.com)"
216.73.217.54 - - [07/Jun/2026:00:30:18 +0200] "GET /loja/?doing_wp_cron=1780639278.4266369342803955078125&orderby=price-desc HTTP/1.1" 200 62674 "-" "Mozilla/5.0 AppleWebKit/537.36 (KHTML, like Gecko; compatible; ClaudeBot/1.0; +claudebot@anthropic.com)"
216.73.217.54 - - [07/Jun/2026:00:30:21 +0200] "GET /produto/couve-flor/?add-to-cart=565&doing_wp_cron=1780265829.6814959049224853515625 HTTP/1.1" 200 60770 "-" "Mozilla/5.0 AppleWebKit/537.36 (KHTML, like Gecko; compatible; ClaudeBot/1.0; +claudebot@anthropic.com)"
216.244.66.243 - - [07/Jun/2026:00:30:22 +0200] "GET /produto/maca-golden-ii/?add-to-cart=421 HTTP/1.1" 302 11 "-" "Mozilla/5.0 (compatible; DotBot/1.2; +https://opensiteexplorer.org/dotbot; help@moz.com)"
216.73.217.54 - - [07/Jun/2026:00:30:24 +0200] "GET /loja/page/9/?doing_wp_cron=1780710475.4373950958251953125000&orderby=price HTTP/1.1" 200 62670 "-" "Mozilla/5.0 AppleWebKit/537.36 (KHTML, like Gecko; compatible; ClaudeBot/1.0; +claudebot@anthropic.com)"
216.73.217.54 - - [07/Jun/2026:00:30:27 +0200] "GET /produto/nespera/?add-to-cart=444&doing_wp_cron=1780357099.5406489372253417968750 HTTP/1.1" 200 60847 "-" "Mozilla/5.0 AppleWebKit/537.36 (KHTML, like Gecko; compatible; ClaudeBot/1.0; +claudebot@anthropic.com)"
216.73.217.54 - - [07/Jun/2026:00:30:30 +0200] "GET /categoria-produto/mercearia/page/4/?doing_wp_cron=1780245057.2307438850402832031250&orderby=price HTTP/1.1" 200 62716 "-" "Mozilla/5.0 AppleWebKit/537.36 (KHTML, like Gecko; compatible; ClaudeBot/1.0; +claudebot@anthropic.com)"
216.73.217.54 - - [07/Jun/2026:00:30:33 +0200] "GET /loja/?add-to-cart=793&doing_wp_cron=1780338116.7118010520935058593750&orderby=popularity HTTP/1.1" 200 60861 "-" "Mozilla/5.0 AppleWebKit/537.36 (KHTML, like Gecko; compatible; ClaudeBot/1.0; +claudebot@anthropic.com)"
216.73.217.54 - - [07/Jun/2026:00:30:36 +0200] "GET /produto/pera-rocha/?add-to-cart=608&doing_wp_cron=1780309377.3491001129150390625000 HTTP/1.1" 200 59501 "-" "Mozilla/5.0 AppleWebKit/537.36 (KHTML, like Gecko; compatible; ClaudeBot/1.0; +claudebot@anthropic.com)"
216.73.217.54 - - [07/Jun/2026:00:30:39 +0200] "GET /produto/alho-granulado-em-frasco/?add-to-cart=1990&doing_wp_cron=1780319602.2126159667968750000000 HTTP/1.1" 200 59661 "-" "Mozilla/5.0 AppleWebKit/537.36 (KHTML, like Gecko; compatible; ClaudeBot/1.0; +claudebot@anthropic.com)"
216.73.217.54 - - [07/Jun/2026:00:30:42 +0200] "GET /loja/?add-to-cart=545&doing_wp_cron=1780420039.4808270931243896484375&orderby=menu_order HTTP/1.1" 200 61588 "-" "Mozilla/5.0 AppleWebKit/537.36 (KHTML, like Gecko; compatible; ClaudeBot/1.0; +claudebot@anthropic.com)"
216.73.217.54 - - [07/Jun/2026:00:30:45 +0200] "GET /loja/?add-to-cart=4226&doing_wp_cron=1780268890.7532269954681396484375&orderby=popularity HTTP/1.1" 200 61726 "-" "Mozilla/5.0 AppleWebKit/537.36 (KHTML, like Gecko; compatible; ClaudeBot/1.0; +claudebot@anthropic.com)"
216.73.217.54 - - [07/Jun/2026:00:30:48 +0200] "GET /categoria-produto/mercearia/?add-to-cart=628&doing_wp_cron=1780329056.6132450103759765625000&orderby=popularity HTTP/1.1" 200 62391 "-" "Mozilla/5.0 AppleWebKit/537.36 (KHTML, like Gecko; compatible; ClaudeBot/1.0; +claudebot@anthropic.com)"
114.119.135.57 - - [07/Jun/2026:00:30:50 +0200] "GET /loja/page/6/?orderby=date&doing_wp_cron=1679857378.2079219818115234375000 HTTP/1.1" 200 60320 "https://www.baudefruta.pt/loja/page/7/?orderby=date&doing_wp_cron=1679857378.2079219818115234375000" "Mozilla/5.0 (Linux; Android 7.0;) AppleWebKit/537.36 (HTML, like Gecko) Mobile Safari/537.36 (compatible; PetalBot;+https://webmaster.petalsearch.com/site/petalbot)"
216.244.66.243 - - [07/Jun/2026:00:30:50 +0200] "GET /produto/maca-royal-gala-ii/?add-to-cart=3521 HTTP/1.1" 200 400159 "-" "Mozilla/5.0 (compatible; DotBot/1.2; +https://opensiteexplorer.org/dotbot; help@moz.com)"
216.73.217.54 - - [07/Jun/2026:00:30:51 +0200] "GET /produto/grelos-de-nabo/?add-to-cart=466&doing_wp_cron=1780205117.9447019100189208984375 HTTP/1.1" 200 60511 "-" "Mozilla/5.0 AppleWebKit/537.36 (KHTML, like Gecko; compatible; ClaudeBot/1.0; +claudebot@anthropic.com)"
216.73.217.54 - - [07/Jun/2026:00:30:54 +0200] "GET /categoria-produto/mercearia/page/4/?doing_wp_cron=1780360020.9628000259399414062500&orderby=price HTTP/1.1" 200 62449 "-" "Mozilla/5.0 AppleWebKit/537.36 (KHTML, like Gecko; compatible; ClaudeBot/1.0; +claudebot@anthropic.com)"
216.73.217.54 - - [07/Jun/2026:00:30:57 +0200] "GET /produto/amendoa-caramelizada/?add-to-cart=731&doing_wp_cron=1780672329.3540189266204833984375 HTTP/1.1" 200 60846 "-" "Mozilla/5.0 AppleWebKit/537.36 (KHTML, like Gecko; compatible; ClaudeBot/1.0; +claudebot@anthropic.com)"
216.73.217.54 - - [07/Jun/2026:00:31:00 +0200] "GET /produto/semente-de-chia/?add-to-cart=2009&doing_wp_cron=1780392506.9509899616241455078125 HTTP/1.1" 200 60959 "-" "Mozilla/5.0 AppleWebKit/537.36 (KHTML, like Gecko; compatible; ClaudeBot/1.0; +claudebot@anthropic.com)"
52.167.144.222 - - [07/Jun/2026:00:31:00 +0200] "GET /categoria-produto/frescos/legumes/page/3/?doing_wp_cron=1687188846.5954310894012451171875&orderby=popularity HTTP/1.1" 200 58055 "-" "Mozilla/5.0 AppleWebKit/537.36 (KHTML, like Gecko; compatible; bingbot/2.0; +http://www.bing.com/bingbot.htm) Chrome/116.0.1938.76 Safari/537.36"
52.167.144.222 - - [07/Jun/2026:00:31:03 +0200] "GET /loja/page/11/?doing_wp_cron=1778522295.2807199954986572265625&orderby=popularity HTTP/1.1" 200 60355 "-" "Mozilla/5.0 AppleWebKit/537.36 (KHTML, like Gecko; compatible; bingbot/2.0; +http://www.bing.com/bingbot.htm) Chrome/116.0.1938.76 Safari/537.36"
216.73.217.54 - - [07/Jun/2026:00:31:03 +0200] "GET /produto/maionese/?add-to-cart=622&doing_wp_cron=1780384219.4973940849304199218750 HTTP/1.1" 200 61267 "-" "Mozilla/5.0 AppleWebKit/537.36 (KHTML, like Gecko; compatible; ClaudeBot/1.0; +claudebot@anthropic.com)"
216.73.217.54 - - [07/Jun/2026:00:31:06 +0200] "GET /categoria-produto/mercearia/?doing_wp_cron=1780284057.4707438945770263671875&orderby=price-desc HTTP/1.1" 200 63265 "-" "Mozilla/5.0 AppleWebKit/537.36 (KHTML, like Gecko; compatible; ClaudeBot/1.0; +claudebot@anthropic.com)"
216.73.217.54 - - [07/Jun/2026:00:31:09 +0200] "GET /produto/couve-coracao/?add-to-cart=421&doing_wp_cron=1780489918.1048290729522705078125 HTTP/1.1" 200 61525 "-" "Mozilla/5.0 AppleWebKit/537.36 (KHTML, like Gecko; compatible; ClaudeBot/1.0; +claudebot@anthropic.com)"
52.167.144.232 - - [07/Jun/2026:00:31:11 +0200] "GET /loja/page/5/?doing_wp_cron=1774307957.8325779438018798828125 HTTP/1.1" 200 59271 "-" "Mozilla/5.0 AppleWebKit/537.36 (KHTML, like Gecko; compatible; bingbot/2.0; +http://www.bing.com/bingbot.htm) Chrome/116.0.1938.76 Safari/537.36"
216.73.217.54 - - [07/Jun/2026:00:31:12 +0200] "GET /produto/pimento-verde/?add-to-cart=541&doing_wp_cron=1780463738.3957040309906005859375 HTTP/1.1" 200 61596 "-" "Mozilla/5.0 AppleWebKit/537.36 (KHTML, like Gecko; compatible; ClaudeBot/1.0; +claudebot@anthropic.com)"
