216.73.217.54 - - [07/Jun/2026:00:31:15 +0200] "GET /produto/vinha-dalho/?add-to-cart=1987&doing_wp_cron=1739319095.5677430629730224609375 HTTP/1.1" 200 61991 "-" "Mozilla/5.0 AppleWebKit/537.36 (KHTML, like Gecko; compatible; ClaudeBot/1.0; +claudebot@anthropic.com)"
216.244.66.243 - - [07/Jun/2026:00:31:17 +0200] "GET /produto/manga-palmer-via-aerea/?add-to-cart=1681 HTTP/1.1" 302 11 "-" "Mozilla/5.0 (compatible; DotBot/1.2; +https://opensiteexplorer.org/dotbot; help@moz.com)"
216.73.217.54 - - [07/Jun/2026:00:31:18 +0200] "GET /produto/maionese/?add-to-cart=2038&doing_wp_cron=1780384219.4973940849304199218750 HTTP/1.1" 200 62261 "-" "Mozilla/5.0 AppleWebKit/537.36 (KHTML, like Gecko; compatible; ClaudeBot/1.0; +claudebot@anthropic.com)"
52.167.144.222 - - [07/Jun/2026:00:31:20 +0200] "GET /categoria-produto/frescos/legumes/?doing_wp_cron=1687188846.5954310894012451171875&orderby=popularity HTTP/1.1" 200 59808 "-" "Mozilla/5.0 AppleWebKit/537.36 (KHTML, like Gecko; compatible; bingbot/2.0; +http://www.bing.com/bingbot.htm) Chrome/116.0.1938.76 Safari/537.36"
216.73.217.54 - - [07/Jun/2026:00:31:21 +0200] "GET /loja/?add-to-cart=497&doing_wp_cron=1780205258.9664719104766845703125&orderby=menu_order HTTP/1.1" 200 63948 "-" "Mozilla/5.0 AppleWebKit/537.36 (KHTML, like Gecko; compatible; ClaudeBot/1.0; +claudebot@anthropic.com)"
216.73.217.54 - - [07/Jun/2026:00:31:24 +0200] "GET /loja/?add-to-cart=1542&doing_wp_cron=1780466997.9201788902282714843750&orderby=menu_order HTTP/1.1" 200 64164 "-" "Mozilla/5.0 AppleWebKit/537.36 (KHTML, like Gecko; compatible; ClaudeBot/1.0; +claudebot@anthropic.com)"
216.73.217.54 - - [07/Jun/2026:00:31:27 +0200] "GET /loja/page/11/?doing_wp_cron=1780566237.4421460628509521484375&orderby=price-desc HTTP/1.1" 200 63790 "-" "Mozilla/5.0 AppleWebKit/537.36 (KHTML, like Gecko; compatible; ClaudeBot/1.0; +claudebot@anthropic.com)"
216.73.217.54 - - [07/Jun/2026:00:31:30 +0200] "GET /produto/groselha/?add-to-cart=530&doing_wp_cron=1780315578.9681310653686523437500 HTTP/1.1" 200 62463 "-" "Mozilla/5.0 AppleWebKit/537.36 (KHTML, like Gecko; compatible; ClaudeBot/1.0; +claudebot@anthropic.com)"
216.73.217.54 - - [07/Jun/2026:00:31:33 +0200] "GET /produto/semente-de-chia/?add-to-cart=2015&doing_wp_cron=1780207058.0245449542999267578125 HTTP/1.1" 200 62814 "-" "Mozilla/5.0 AppleWebKit/537.36 (KHTML, like Gecko; compatible; ClaudeBot/1.0; +claudebot@anthropic.com)"
216.73.217.54 - - [07/Jun/2026:00:31:36 +0200] "GET /loja/page/3/?add-to-cart=4236&doing_wp_cron=1780731500.7077190876007080078125&orderby=menu_order HTTP/1.1" 200 64593 "-" "Mozilla/5.0 AppleWebKit/537.36 (KHTML, like Gecko; compatible; ClaudeBot/1.0; +claudebot@anthropic.com)"
216.73.217.54 - - [07/Jun/2026:00:31:39 +0200] "GET /loja/page/7/?add-to-cart=1541&doing_wp_cron=1780592658.1118791103363037109375&orderby=date HTTP/1.1" 200 65133 "-" "Mozilla/5.0 AppleWebKit/537.36 (KHTML, like Gecko; compatible; ClaudeBot/1.0; +claudebot@anthropic.com)"
216.73.217.54 - - [07/Jun/2026:00:31:42 +0200] "GET /produto/maionese/?add-to-cart=889&doing_wp_cron=1780392398.1234250068664550781250 HTTP/1.1" 200 63571 "-" "Mozilla/5.0 AppleWebKit/537.36 (KHTML, like Gecko; compatible; ClaudeBot/1.0; +claudebot@anthropic.com)"
216.244.66.243 - - [07/Jun/2026:00:31:42 +0200] "GET /produto/miolo-de-avela/?add-to-cart=1937 HTTP/1.1" 302 11 "-" "Mozilla/5.0 (compatible; DotBot/1.2; +https://opensiteexplorer.org/dotbot; help@moz.com)"
216.73.217.54 - - [07/Jun/2026:00:31:45 +0200] "GET /produto/couve-coracao/?add-to-cart=502&doing_wp_cron=1780489918.1048290729522705078125 HTTP/1.1" 200 63665 "-" "Mozilla/5.0 AppleWebKit/537.36 (KHTML, like Gecko; compatible; ClaudeBot/1.0; +claudebot@anthropic.com)"
216.73.217.54 - - [07/Jun/2026:00:31:48 +0200] "GET /loja/?add-to-cart=589&doing_wp_cron=1780466997.9201788902282714843750&orderby=popularity HTTP/1.1" 200 65339 "-" "Mozilla/5.0 AppleWebKit/537.36 (KHTML, like Gecko; compatible; ClaudeBot/1.0; +claudebot@anthropic.com)"
216.73.217.54 - - [07/Jun/2026:00:31:51 +0200] "GET /loja/page/7/?add-to-cart=1986&doing_wp_cron=1780534339.1168689727783203125000&orderby=popularity HTTP/1.1" 200 66268 "-" "Mozilla/5.0 AppleWebKit/537.36 (KHTML, like Gecko; compatible; ClaudeBot/1.0; +claudebot@anthropic.com)"
216.73.217.54 - - [07/Jun/2026:00:31:54 +0200] "GET /produto/grelos-de-nabo/?add-to-cart=439&doing_wp_cron=1780259402.6258659362792968750000 HTTP/1.1" 200 63960 "-" "Mozilla/5.0 AppleWebKit/537.36 (KHTML, like Gecko; compatible; ClaudeBot/1.0; +claudebot@anthropic.com)"
216.73.217.54 - - [07/Jun/2026:00:31:57 +0200] "GET /produto/alface/?add-to-cart=18495&doing_wp_cron=1780259048.7052879333496093750000 HTTP/1.1" 200 64259 "-" "Mozilla/5.0 AppleWebKit/537.36 (KHTML, like Gecko; compatible; ClaudeBot/1.0; +claudebot@anthropic.com)"
216.73.217.54 - - [07/Jun/2026:00:32:02 +0200] "GET /produto/semente-de-chia/?add-to-cart=727&doing_wp_cron=1780551080.9661068916320800781250 HTTP/1.1" 200 59273 "-" "Mozilla/5.0 AppleWebKit/537.36 (KHTML, like Gecko; compatible; ClaudeBot/1.0; +claudebot@anthropic.com)"
216.73.217.54 - - [07/Jun/2026:00:32:04 +0200] "GET /produto/chuchu/?add-to-cart=468&doing_wp_cron=1780262288.8640589714050292968750 HTTP/1.1" 200 59455 "-" "Mozilla/5.0 AppleWebKit/537.36 (KHTML, like Gecko; compatible; ClaudeBot/1.0; +claudebot@anthropic.com)"
156.231.91.236 - - [07/Jun/2026:00:32:05 +0200] "GET /wp-content/uploads/2021/06/AR003-arroz-basmati_b-uai-422x422.png HTTP/1.1" 200 207238 "-" "Mozilla/5.0 (compatible; crawler)"
216.73.217.54 - - [07/Jun/2026:00:32:07 +0200] "GET /loja/page/6/?doing_wp_cron=1780462762.0583889484405517578125&orderby=price-desc HTTP/1.1" 200 61633 "-" "Mozilla/5.0 AppleWebKit/537.36 (KHTML, like Gecko; compatible; ClaudeBot/1.0; +claudebot@anthropic.com)"
216.244.66.243 - - [07/Jun/2026:00:32:08 +0200] "GET /produto/noz-com-casca/?add-to-cart=817 HTTP/1.1" 200 403640 "-" "Mozilla/5.0 (compatible; DotBot/1.2; +https://opensiteexplorer.org/dotbot; help@moz.com)"
216.73.217.54 - - [07/Jun/2026:00:32:10 +0200] "GET /produto/maionese/?add-to-cart=790&doing_wp_cron=1780268948.1144320964813232421875 HTTP/1.1" 200 59826 "-" "Mozilla/5.0 AppleWebKit/537.36 (KHTML, like Gecko; compatible; ClaudeBot/1.0; +claudebot@anthropic.com)"
114.119.150.140 - - [07/Jun/2026:00:32:13 +0200] "GET /loja/page/6/?orderby=date HTTP/1.1" 302 11 "https://www.baudefruta.pt/loja/page/6/?orderby=popularity" "Mozilla/5.0 (Linux; Android 7.0;) AppleWebKit/537.36 (HTML, like Gecko) Mobile Safari/537.36 (compatible; PetalBot;+https://webmaster.petalsearch.com/site/petalbot)"
216.73.217.54 - - [07/Jun/2026:00:32:14 +0200] "GET /loja/?add-to-cart=1934&doing_wp_cron=1780555436.5701129436492919921875&orderby=menu_order HTTP/1.1" 200 61602 "-" "Mozilla/5.0 AppleWebKit/537.36 (KHTML, like Gecko; compatible; ClaudeBot/1.0; +claudebot@anthropic.com)"
114.119.150.140 - - [07/Jun/2026:00:32:15 +0200] "GET /loja/page/6/?orderby=date&doing_wp_cron=1780785133.4304680824279785156250 HTTP/1.1" 200 60310 "https://www.baudefruta.pt/loja/page/6/?orderby=popularity" "Mozilla/5.0 (Linux; Android 7.0;) AppleWebKit/537.36 (HTML, like Gecko) Mobile Safari/537.36 (compatible; PetalBot;+https://webmaster.petalsearch.com/site/petalbot)"
216.73.217.54 - - [07/Jun/2026:00:32:18 +0200] "GET /produto/groselha/?add-to-cart=5345&doing_wp_cron=1780434392.0134220123291015625000 HTTP/1.1" 200 58979 "-" "Mozilla/5.0 AppleWebKit/537.36 (KHTML, like Gecko; compatible; ClaudeBot/1.0; +claudebot@anthropic.com)"
216.73.217.54 - - [07/Jun/2026:00:32:21 +0200] "GET /produto/pevide-torrada/?add-to-cart=1937&doing_wp_cron=1747756226.2183070182800292968750 HTTP/1.1" 200 59515 "-" "Mozilla/5.0 AppleWebKit/537.36 (KHTML, like Gecko; compatible; ClaudeBot/1.0; +claudebot@anthropic.com)"
216.73.217.54 - - [07/Jun/2026:00:32:24 +0200] "GET /loja/page/8/?add-to-cart=583&doing_wp_cron=1780580396.5920960903167724609375&orderby=menu_order HTTP/1.1" 200 61530 "-" "Mozilla/5.0 AppleWebKit/537.36 (KHTML, like Gecko; compatible; ClaudeBot/1.0; +claudebot@anthropic.com)"
43.173.181.228 - - [07/Jun/2026:00:32:26 +0200] "GET /wp-json/oembed/1.0/embed?url=https%3A%2F%2Fwww.baudefruta.pt%2Fproduto%2Fmanga-palmer-via-aerea%2F HTTP/1.1" 302 11 "-" "Mozilla/5.0 (Windows NT 10.0; Win64; x64) AppleWebKit/537.36 (KHTML, like Gecko) Chrome/116.0.0.0 Safari/537.36"
51.79.229.158 - - [07/Jun/2026:00:32:26 +0200] "GET /2021/05/11/ola-mundo/ HTTP/1.1" 200 1154430 "https://www.baudefruta.pt/" "Mozilla/5.0 (Macintosh; Intel Mac OS X 10.15; rv:147.0) Gecko/20100101 Firefox/147.0"
43.172.198.28 - - [07/Jun/2026:00:32:27 +0200] "GET /carrinho?_wpnonce=e13e46650e&remove_item=eed5af6add95a9a6f1252739b1ad8c24 HTTP/1.1" 301 5 "-" "Mozilla/5.0 (Windows NT 10.0; Win64; x64) AppleWebKit/537.36 (KHTML, like Gecko) Chrome/117.0.0.0 Safari/537.36"
216.73.217.54 - - [07/Jun/2026:00:32:27 +0200] "GET /loja/?add-to-cart=4222&doing_wp_cron=1780430342.1766259670257568359375&orderby=popularity HTTP/1.1" 200 61479 "-" "Mozilla/5.0 AppleWebKit/537.36 (KHTML, like Gecko; compatible; ClaudeBot/1.0; +claudebot@anthropic.com)"
43.172.196.122 - - [07/Jun/2026:00:32:27 +0200] "GET /wp-json/oembed/1.0/embed?url=https%3A%2F%2Fwww.baudefruta.pt%2Fproduto%2Fmanga-palmer-via-aerea%2F&doing_wp_cron=1780785146.2964339256286621093750 HTTP/1.1" 200 1218 "-" "Mozilla/5.0 (Windows NT 10.0; Win64; x64) AppleWebKit/537.36 (KHTML, like Gecko) Chrome/116.0.0.0 Safari/537.36"
202.155.143.189 - - [07/Jun/2026:00:32:28 +0200] "GET /2021/05/11/ola-mundo/ HTTP/1.1" 200 1154430 "https://www.baudefruta.pt/" "Mozilla/5.0 (Windows NT 10.0; Win64; x64) AppleWebKit/537.36 (KHTML, like Gecko) Chrome/130.0.0.0 Safari/537.36"
43.173.175.208 - - [07/Jun/2026:00:32:29 +0200] "GET /carrinho/?_wpnonce=e13e46650e&remove_item=eed5af6add95a9a6f1252739b1ad8c24 HTTP/1.1" 200 55562 "-" "Mozilla/5.0 (Windows NT 10.0; Win64; x64) AppleWebKit/537.36 (KHTML, like Gecko) Chrome/117.0.0.0 Safari/537.36"
216.73.217.54 - - [07/Jun/2026:00:32:30 +0200] "GET /produto/clementina/?add-to-cart=587&doing_wp_cron=1780224536.0810940265655517578125 HTTP/1.1" 200 60033 "-" "Mozilla/5.0 AppleWebKit/537.36 (KHTML, like Gecko; compatible; ClaudeBot/1.0; +claudebot@anthropic.com)"
43.172.194.85 - - [07/Jun/2026:00:32:30 +0200] "GET /wp-content/themes/baudefruta-un/style.css?ver=501579031 HTTP/1.1" 200 896 "https://www.baudefruta.pt/carrinho/?_wpnonce=e13e46650e&remove_item=eed5af6add95a9a6f1252739b1ad8c24" "Mozilla/5.0 (Windows NT 10.0; Win64; x64) AppleWebKit/537.36 (KHTML, like Gecko) Chrome/117.0.0.0 Safari/537.36"
43.172.198.165 - - [07/Jun/2026:00:32:31 +0200] "GET /wp-content/themes/uncode/library/css/uncode-icons.css?ver=1366774628 HTTP/1.1" 200 12098 "https://www.baudefruta.pt/carrinho/?_wpnonce=e13e46650e&remove_item=eed5af6add95a9a6f1252739b1ad8c24" "Mozilla/5.0 (Windows NT 10.0; Win64; x64) AppleWebKit/537.36 (KHTML, like Gecko) Chrome/117.0.0.0 Safari/537.36"
43.173.179.114 - - [07/Jun/2026:00:32:31 +0200] "GET /wp-content/themes/uncode/library/css/style.css?ver=1366774628 HTTP/1.1" 200 70140 "https://www.baudefruta.pt/carrinho/?_wpnonce=e13e46650e&remove_item=eed5af6add95a9a6f1252739b1ad8c24" "Mozilla/5.0 (Windows NT 10.0; Win64; x64) AppleWebKit/537.36 (KHTML, like Gecko) Chrome/117.0.0.0 Safari/537.36"
43.173.179.203 - - [07/Jun/2026:00:32:31 +0200] "GET /wp-content/themes/uncode/library/js/init.js?ver=1366774628 HTTP/1.1" 200 38505 "https://www.baudefruta.pt/carrinho/?_wpnonce=e13e46650e&remove_item=eed5af6add95a9a6f1252739b1ad8c24" "Mozilla/5.0 (Windows NT 10.0; Win64; x64) AppleWebKit/537.36 (KHTML, like Gecko) Chrome/117.0.0.0 Safari/537.36"
43.172.197.158 - - [07/Jun/2026:00:32:31 +0200] "GET /wp-content/themes/uncode/library/css/woocommerce.css?ver=1366774628 HTTP/1.1" 200 20067 "https://www.baudefruta.pt/carrinho/?_wpnonce=e13e46650e&remove_item=eed5af6add95a9a6f1252739b1ad8c24" "Mozilla/5.0 (Windows NT 10.0; Win64; x64) AppleWebKit/537.36 (KHTML, like Gecko) Chrome/117.0.0.0 Safari/537.36"
43.173.180.79 - - [07/Jun/2026:00:32:31 +0200] "GET /wp-content/themes/uncode/library/js/app.js?ver=1366774628 HTTP/1.1" 200 41076 "https://www.baudefruta.pt/carrinho/?_wpnonce=e13e46650e&remove_item=eed5af6add95a9a6f1252739b1ad8c24" "Mozilla/5.0 (Windows NT 10.0; Win64; x64) AppleWebKit/537.36 (KHTML, like Gecko) Chrome/117.0.0.0 Safari/537.36"
43.172.198.39 - - [07/Jun/2026:00:32:32 +0200] "GET /wp-content/themes/uncode/library/js/plugins.js?ver=1366774628 HTTP/1.1" 200 192557 "https://www.baudefruta.pt/carrinho/?_wpnonce=e13e46650e&remove_item=eed5af6add95a9a6f1252739b1ad8c24" "Mozilla/5.0 (Windows NT 10.0; Win64; x64) AppleWebKit/537.36 (KHTML, like Gecko) Chrome/117.0.0.0 Safari/537.36"
216.244.66.243 - - [07/Jun/2026:00:32:33 +0200] "GET /produto/passa-de-uva-dourada/?add-to-cart=793 HTTP/1.1" 200 403132 "-" "Mozilla/5.0 (compatible; DotBot/1.2; +https://opensiteexplorer.org/dotbot; help@moz.com)"
216.73.217.54 - - [07/Jun/2026:00:32:33 +0200] "GET /produto/peixe-em-saqueta/?add-to-cart=889&doing_wp_cron=1780489759.3532829284667968750000 HTTP/1.1" 200 60240 "-" "Mozilla/5.0 AppleWebKit/537.36 (KHTML, like Gecko; compatible; ClaudeBot/1.0; +claudebot@anthropic.com)"
43.172.197.72 - - [07/Jun/2026:00:32:34 +0200] "GET /wp-content/themes/uncode/library/js/woocommerce-uncode.js?ver=1366774628 HTTP/1.1" 200 7190 "https://www.baudefruta.pt/carrinho/?_wpnonce=e13e46650e&remove_item=eed5af6add95a9a6f1252739b1ad8c24" "Mozilla/5.0 (Windows NT 10.0; Win64; x64) AppleWebKit/537.36 (KHTML, like Gecko) Chrome/117.0.0.0 Safari/537.36"
51.79.229.158 - - [07/Jun/2026:00:32:36 +0200] "GET /2021/05/11/ola-mundo/ HTTP/1.1" 200 1154430 "https://www.baudefruta.pt/2021/05/11/ola-mundo/" "Mozilla/5.0 (Macintosh; Intel Mac OS X 10.15; rv:147.0) Gecko/20100101 Firefox/147.0"
216.73.217.54 - - [07/Jun/2026:00:32:36 +0200] "GET /loja/?add-to-cart=788&doing_wp_cron=1780453183.1994099617004394531250&orderby=popularity HTTP/1.1" 200 62165 "-" "Mozilla/5.0 AppleWebKit/537.36 (KHTML, like Gecko; compatible; ClaudeBot/1.0; +claudebot@anthropic.com)"
202.155.143.189 - - [07/Jun/2026:00:32:38 +0200] "GET /2021/05/11/ola-mundo/ HTTP/1.1" 200 1154430 "https://www.baudefruta.pt/2021/05/11/ola-mundo/" "Mozilla/5.0 (Windows NT 10.0; Win64; x64) AppleWebKit/537.36 (KHTML, like Gecko) Chrome/130.0.0.0 Safari/537.36"
216.73.217.54 - - [07/Jun/2026:00:32:40 +0200] "GET /loja/page/2/?add-to-cart=891&doing_wp_cron=1780356236.1233079433441162109375&orderby=menu_order HTTP/1.1" 200 62831 "-" "Mozilla/5.0 AppleWebKit/537.36 (KHTML, like Gecko; compatible; ClaudeBot/1.0; +claudebot@anthropic.com)"
216.73.217.54 - - [07/Jun/2026:00:32:42 +0200] "GET /produto/alface-aromatica-125gr/?add-to-cart=4236&doing_wp_cron=1780514697.2017428874969482421875 HTTP/1.1" 200 61002 "-" "Mozilla/5.0 AppleWebKit/537.36 (KHTML, like Gecko; compatible; ClaudeBot/1.0; +claudebot@anthropic.com)"
216.73.217.54 - - [07/Jun/2026:00:32:45 +0200] "GET /produto/semente-de-chia/?add-to-cart=615&doing_wp_cron=1780453960.5166590213775634765625 HTTP/1.1" 200 61228 "-" "Mozilla/5.0 AppleWebKit/537.36 (KHTML, like Gecko; compatible; ClaudeBot/1.0; +claudebot@anthropic.com)"
216.73.217.54 - - [07/Jun/2026:00:32:52 +0200] "GET /loja/?add-to-cart=1987&doing_wp_cron=1780529696.4466600418090820312500&orderby=menu_order HTTP/1.1" 200 60955 "-" "Mozilla/5.0 AppleWebKit/537.36 (KHTML, like Gecko; compatible; ClaudeBot/1.0; +claudebot@anthropic.com)"
93.108.203.254 - - [07/Jun/2026:00:32:53 +0200] "GET /?utm_source=meta&utm_campaign=reg24&fbclid=IwZXh0bgNhZW0BMABhZGlkAasyrjbZ70RzcnRjBmFwcF9pZAwzNTA2ODU1MzE3MjgAAR5sKw-lYTb3XzShLj-o0QlTlqzuOThR2VQK00bVr5J_WlRKIZ-YqwKFKMHIAw_aem_vwlDfPbr_ceU4OBE6VlLjw&utm_medium=paid&utm_id=120245538772870644&utm_content=120245538772890644&utm_term=120245538772880644 HTTP/1.1" 200 63071 "http://m.facebook.com/" "Mozilla/5.0 (Linux; Android 15; 23124RA7EO Build/AQ3A.240829.003) AppleWebKit/537.36 (KHTML, like Gecko) Version/4.0 Chrome/148.0.7778.211 Mobile Safari/537.36 [FB_IAB/FB4A;FBAV/563.1.0.50.73;IABMV/1;]"
93.108.203.254 - - [07/Jun/2026:00:32:53 +0200] "GET /wp-includes/css/dist/preferences/style.min.css?ver=6.9.1 HTTP/1.1" 200 1003 "https://www.baudefruta.pt/?utm_source=meta&utm_campaign=reg24&fbclid=IwZXh0bgNhZW0BMABhZGlkAasyrjbZ70RzcnRjBmFwcF9pZAwzNTA2ODU1MzE3MjgAAR5sKw-lYTb3XzShLj-o0QlTlqzuOThR2VQK00bVr5J_WlRKIZ-YqwKFKMHIAw_aem_vwlDfPbr_ceU4OBE6VlLjw&utm_medium=paid&utm_id=120245538772870644&utm_content=120245538772890644&utm_term=120245538772880644" "Mozilla/5.0 (Linux; Android 15; 23124RA7EO Build/AQ3A.240829.003) AppleWebKit/537.36 (KHTML, like Gecko) Version/4.0 Chrome/148.0.7778.211 Mobile Safari/537.36 [FB_IAB/FB4A;FBAV/563.1.0.50.73;IABMV/1;]"
93.108.203.254 - - [07/Jun/2026:00:32:53 +0200] "GET /wp-content/plugins/woocommerce/assets/client/blocks/wc-blocks.css?ver=wc-10.2.2 HTTP/1.1" 200 2673 "https://www.baudefruta.pt/?utm_source=meta&utm_campaign=reg24&fbclid=IwZXh0bgNhZW0BMABhZGlkAasyrjbZ70RzcnRjBmFwcF9pZAwzNTA2ODU1MzE3MjgAAR5sKw-lYTb3XzShLj-o0QlTlqzuOThR2VQK00bVr5J_WlRKIZ-YqwKFKMHIAw_aem_vwlDfPbr_ceU4OBE6VlLjw&utm_medium=paid&utm_id=120245538772870644&utm_content=120245538772890644&utm_term=120245538772880644" "Mozilla/5.0 (Linux; Android 15; 23124RA7EO Build/AQ3A.240829.003) AppleWebKit/537.36 (KHTML, like Gecko) Version/4.0 Chrome/148.0.7778.211 Mobile Safari/537.36 [FB_IAB/FB4A;FBAV/563.1.0.50.73;IABMV/1;]"
93.108.203.254 - - [07/Jun/2026:00:32:53 +0200] "GET /wp-includes/css/dist/components/style.min.css?ver=6.9.1 HTTP/1.1" 200 14528 "https://www.baudefruta.pt/?utm_source=meta&utm_campaign=reg24&fbclid=IwZXh0bgNhZW0BMABhZGlkAasyrjbZ70RzcnRjBmFwcF9pZAwzNTA2ODU1MzE3MjgAAR5sKw-lYTb3XzShLj-o0QlTlqzuOThR2VQK00bVr5J_WlRKIZ-YqwKFKMHIAw_aem_vwlDfPbr_ceU4OBE6VlLjw&utm_medium=paid&utm_id=120245538772870644&utm_content=120245538772890644&utm_term=120245538772880644" "Mozilla/5.0 (Linux; Android 15; 23124RA7EO Build/AQ3A.240829.003) AppleWebKit/537.36 (KHTML, like Gecko) Version/4.0 Chrome/148.0.7778.211 Mobile Safari/537.36 [FB_IAB/FB4A;FBAV/563.1.0.50.73;IABMV/1;]"
93.108.203.254 - - [07/Jun/2026:00:32:53 +0200] "GET /wp-includes/css/dist/block-editor/style.min.css?ver=6.9.1 HTTP/1.1" 200 16976 "https://www.baudefruta.pt/?utm_source=meta&utm_campaign=reg24&fbclid=IwZXh0bgNhZW0BMABhZGlkAasyrjbZ70RzcnRjBmFwcF9pZAwzNTA2ODU1MzE3MjgAAR5sKw-lYTb3XzShLj-o0QlTlqzuOThR2VQK00bVr5J_WlRKIZ-YqwKFKMHIAw_aem_vwlDfPbr_ceU4OBE6VlLjw&utm_medium=paid&utm_id=120245538772870644&utm_content=120245538772890644&utm_term=120245538772880644" "Mozilla/5.0 (Linux; Android 15; 23124RA7EO Build/AQ3A.240829.003) AppleWebKit/537.36 (KHTML, like Gecko) Version/4.0 Chrome/148.0.7778.211 Mobile Safari/537.36 [FB_IAB/FB4A;FBAV/563.1.0.50.73;IABMV/1;]"
93.108.203.254 - - [07/Jun/2026:00:32:54 +0200] "GET /wp-content/plugins/popup-maker/dist/packages/block-library-style.css?ver=dbea705cfafe089d65f1 HTTP/1.1" 200 1127 "https://www.baudefruta.pt/?utm_source=meta&utm_campaign=reg24&fbclid=IwZXh0bgNhZW0BMABhZGlkAasyrjbZ70RzcnRjBmFwcF9pZAwzNTA2ODU1MzE3MjgAAR5sKw-lYTb3XzShLj-o0QlTlqzuOThR2VQK00bVr5J_WlRKIZ-YqwKFKMHIAw_aem_vwlDfPbr_ceU4OBE6VlLjw&utm_medium=paid&utm_id=120245538772870644&utm_content=120245538772890644&utm_term=120245538772880644" "Mozilla/5.0 (Linux; Android 15; 23124RA7EO Build/AQ3A.240829.003) AppleWebKit/537.36 (KHTML, like Gecko) Version/4.0 Chrome/148.0.7778.211 Mobile Safari/537.36 [FB_IAB/FB4A;FBAV/563.1.0.50.73;IABMV/1;]"
93.108.203.254 - - [07/Jun/2026:00:32:54 +0200] "GET /wp-includes/css/dashicons.min.css?ver=6.9.1 HTTP/1.1" 200 35766 "https://www.baudefruta.pt/?utm_source=meta&utm_campaign=reg24&fbclid=IwZXh0bgNhZW0BMABhZGlkAasyrjbZ70RzcnRjBmFwcF9pZAwzNTA2ODU1MzE3MjgAAR5sKw-lYTb3XzShLj-o0QlTlqzuOThR2VQK00bVr5J_WlRKIZ-YqwKFKMHIAw_aem_vwlDfPbr_ceU4OBE6VlLjw&utm_medium=paid&utm_id=120245538772870644&utm_content=120245538772890644&utm_term=120245538772880644" "Mozilla/5.0 (Linux; Android 15; 23124RA7EO Build/AQ3A.240829.003) AppleWebKit/537.36 (KHTML, like Gecko) Version/4.0 Chrome/148.0.7778.211 Mobile Safari/537.36 [FB_IAB/FB4A;FBAV/563.1.0.50.73;IABMV/1;]"
93.108.203.254 - - [07/Jun/2026:00:32:54 +0200] "GET /wp-content/plugins/smart-marketing-for-wp/public/css/egoi-for-wp-public.css?ver=5.1.11 HTTP/1.1" 200 1173 "https://www.baudefruta.pt/?utm_source=meta&utm_campaign=reg24&fbclid=IwZXh0bgNhZW0BMABhZGlkAasyrjbZ70RzcnRjBmFwcF9pZAwzNTA2ODU1MzE3MjgAAR5sKw-lYTb3XzShLj-o0QlTlqzuOThR2VQK00bVr5J_WlRKIZ-YqwKFKMHIAw_aem_vwlDfPbr_ceU4OBE6VlLjw&utm_medium=paid&utm_id=120245538772870644&utm_content=120245538772890644&utm_term=120245538772880644" "Mozilla/5.0 (Linux; Android 15; 23124RA7EO Build/AQ3A.240829.003) AppleWebKit/537.36 (KHTML, like Gecko) Version/4.0 Chrome/148.0.7778.211 Mobile Safari/537.36 [FB_IAB/FB4A;FBAV/563.1.0.50.73;IABMV/1;]"
93.108.203.254 - - [07/Jun/2026:00:32:54 +0200] "GET /wp-content/plugins/woo-keyinvoice-integration/public/css/woo-keyinvoice-integration-public.css?ver=1.0.0 HTTP/1.1" 200 98 "https://www.baudefruta.pt/?utm_source=meta&utm_campaign=reg24&fbclid=IwZXh0bgNhZW0BMABhZGlkAasyrjbZ70RzcnRjBmFwcF9pZAwzNTA2ODU1MzE3MjgAAR5sKw-lYTb3XzShLj-o0QlTlqzuOThR2VQK00bVr5J_WlRKIZ-YqwKFKMHIAw_aem_vwlDfPbr_ceU4OBE6VlLjw&utm_medium=paid&utm_id=120245538772870644&utm_content=120245538772890644&utm_term=120245538772880644" "Mozilla/5.0 (Linux; Android 15; 23124RA7EO Build/AQ3A.240829.003) AppleWebKit/537.36 (KHTML, like Gecko) Version/4.0 Chrome/148.0.7778.211 Mobile Safari/537.36 [FB_IAB/FB4A;FBAV/563.1.0.50.73;IABMV/1;]"
93.108.203.254 - - [07/Jun/2026:00:32:54 +0200] "GET /wp-content/plugins/woocommerce-products-filter/css/front.css?ver=2.2.9.4 HTTP/1.1" 200 5063 "https://www.baudefruta.pt/?utm_source=meta&utm_campaign=reg24&fbclid=IwZXh0bgNhZW0BMABhZGlkAasyrjbZ70RzcnRjBmFwcF9pZAwzNTA2ODU1MzE3MjgAAR5sKw-lYTb3XzShLj-o0QlTlqzuOThR2VQK00bVr5J_WlRKIZ-YqwKFKMHIAw_aem_vwlDfPbr_ceU4OBE6VlLjw&utm_medium=paid&utm_id=120245538772870644&utm_content=120245538772890644&utm_term=120245538772880644" "Mozilla/5.0 (Linux; Android 15; 23124RA7EO Build/AQ3A.240829.003) AppleWebKit/537.36 (KHTML, like Gecko) Version/4.0 Chrome/148.0.7778.211 Mobile Safari/537.36 [FB_IAB/FB4A;FBAV/563.1.0.50.73;IABMV/1;]"
93.108.203.254 - - [07/Jun/2026:00:32:54 +0200] "GET /wp-content/plugins/woocommerce-products-filter/js/chosen/chosen.min.css?ver=2.2.9.4 HTTP/1.1" 200 2141 "https://www.baudefruta.pt/?utm_source=meta&utm_campaign=reg24&fbclid=IwZXh0bgNhZW0BMABhZGlkAasyrjbZ70RzcnRjBmFwcF9pZAwzNTA2ODU1MzE3MjgAAR5sKw-lYTb3XzShLj-o0QlTlqzuOThR2VQK00bVr5J_WlRKIZ-YqwKFKMHIAw_aem_vwlDfPbr_ceU4OBE6VlLjw&utm_medium=paid&utm_id=120245538772870644&utm_content=120245538772890644&utm_term=120245538772880644" "Mozilla/5.0 (Linux; Android 15; 23124RA7EO Build/AQ3A.240829.003) AppleWebKit/537.36 (KHTML, like Gecko) Version/4.0 Chrome/148.0.7778.211 Mobile Safari/537.36 [FB_IAB/FB4A;FBAV/563.1.0.50.73;IABMV/1;]"
93.108.203.254 - - [07/Jun/2026:00:32:54 +0200] "GET /wp-content/plugins/woocommerce/assets/css/brands.css?ver=10.2.2 HTTP/1.1" 200 699 "https://www.baudefruta.pt/?utm_source=meta&utm_campaign=reg24&fbclid=IwZXh0bgNhZW0BMABhZGlkAasyrjbZ70RzcnRjBmFwcF9pZAwzNTA2ODU1MzE3MjgAAR5sKw-lYTb3XzShLj-o0QlTlqzuOThR2VQK00bVr5J_WlRKIZ-YqwKFKMHIAw_aem_vwlDfPbr_ceU4OBE6VlLjw&utm_medium=paid&utm_id=120245538772870644&utm_content=120245538772890644&utm_term=120245538772880644" "Mozilla/5.0 (Linux; Android 15; 23124RA7EO Build/AQ3A.240829.003) AppleWebKit/537.36 (KHTML, like Gecko) Version/4.0 Chrome/148.0.7778.211 Mobile Safari/537.36 [FB_IAB/FB4A;FBAV/563.1.0.50.73;IABMV/1;]"
93.108.203.254 - - [07/Jun/2026:00:32:54 +0200] "GET /wp-content/plugins/custom-page-templates/assets/css/acf-google-maps.css?ver=3.1.1 HTTP/1.1" 200 283 "https://www.baudefruta.pt/?utm_source=meta&utm_campaign=reg24&fbclid=IwZXh0bgNhZW0BMABhZGlkAasyrjbZ70RzcnRjBmFwcF9pZAwzNTA2ODU1MzE3MjgAAR5sKw-lYTb3XzShLj-o0QlTlqzuOThR2VQK00bVr5J_WlRKIZ-YqwKFKMHIAw_aem_vwlDfPbr_ceU4OBE6VlLjw&utm_medium=paid&utm_id=120245538772870644&utm_content=120245538772890644&utm_term=120245538772880644" "Mozilla/5.0 (Linux; Android 15; 23124RA7EO Build/AQ3A.240829.003) AppleWebKit/537.36 (KHTML, like Gecko) Version/4.0 Chrome/148.0.7778.211 Mobile Safari/537.36 [FB_IAB/FB4A;FBAV/563.1.0.50.73;IABMV/1;]"
93.108.203.254 - - [07/Jun/2026:00:32:54 +0200] "GET /wp-content/plugins/custom-page-templates/assets/css/frontend.css?ver=3.1.1 HTTP/1.1" 200 187 "https://www.baudefruta.pt/?utm_source=meta&utm_campaign=reg24&fbclid=IwZXh0bgNhZW0BMABhZGlkAasyrjbZ70RzcnRjBmFwcF9pZAwzNTA2ODU1MzE3MjgAAR5sKw-lYTb3XzShLj-o0QlTlqzuOThR2VQK00bVr5J_WlRKIZ-YqwKFKMHIAw_aem_vwlDfPbr_ceU4OBE6VlLjw&utm_medium=paid&utm_id=120245538772870644&utm_content=120245538772890644&utm_term=120245538772880644" "Mozilla/5.0 (Linux; Android 15; 23124RA7EO Build/AQ3A.240829.003) AppleWebKit/537.36 (KHTML, like Gecko) Version/4.0 Chrome/148.0.7778.211 Mobile Safari/537.36 [FB_IAB/FB4A;FBAV/563.1.0.50.73;IABMV/1;]"
93.108.203.254 - - [07/Jun/2026:00:32:54 +0200] "GET /wp-content/plugins/dhvc-form/assets/fonts/font-awesome/css/font-awesome.min.css?ver=4.1.0 HTTP/1.1" 200 4747 "https://www.baudefruta.pt/?utm_source=meta&utm_campaign=reg24&fbclid=IwZXh0bgNhZW0BMABhZGlkAasyrjbZ70RzcnRjBmFwcF9pZAwzNTA2ODU1MzE3MjgAAR5sKw-lYTb3XzShLj-o0QlTlqzuOThR2VQK00bVr5J_WlRKIZ-YqwKFKMHIAw_aem_vwlDfPbr_ceU4OBE6VlLjw&utm_medium=paid&utm_id=120245538772870644&utm_content=120245538772890644&utm_term=120245538772880644" "Mozilla/5.0 (Linux; Android 15; 23124RA7EO Build/AQ3A.240829.003) AppleWebKit/537.36 (KHTML, like Gecko) Version/4.0 Chrome/148.0.7778.211 Mobile Safari/537.36 [FB_IAB/FB4A;FBAV/563.1.0.50.73;IABMV/1;]"
93.108.203.254 - - [07/Jun/2026:00:32:54 +0200] "GET /wp-content/plugins/dhvc-form/assets/css/style.css?ver=2.3.0 HTTP/1.1" 200 3736 "https://www.baudefruta.pt/?utm_source=meta&utm_campaign=reg24&fbclid=IwZXh0bgNhZW0BMABhZGlkAasyrjbZ70RzcnRjBmFwcF9pZAwzNTA2ODU1MzE3MjgAAR5sKw-lYTb3XzShLj-o0QlTlqzuOThR2VQK00bVr5J_WlRKIZ-YqwKFKMHIAw_aem_vwlDfPbr_ceU4OBE6VlLjw&utm_medium=paid&utm_id=120245538772870644&utm_content=120245538772890644&utm_term=120245538772880644" "Mozilla/5.0 (Linux; Android 15; 23124RA7EO Build/AQ3A.240829.003) AppleWebKit/537.36 (KHTML, like Gecko) Version/4.0 Chrome/148.0.7778.211 Mobile Safari/537.36 [FB_IAB/FB4A;FBAV/563.1.0.50.73;IABMV/1;]"
93.108.203.254 - - [07/Jun/2026:00:32:54 +0200] "GET /wp-content/themes/uncode/library/css/style.css?ver=508091144 HTTP/1.1" 200 70140 "https://www.baudefruta.pt/?utm_source=meta&utm_campaign=reg24&fbclid=IwZXh0bgNhZW0BMABhZGlkAasyrjbZ70RzcnRjBmFwcF9pZAwzNTA2ODU1MzE3MjgAAR5sKw-lYTb3XzShLj-o0QlTlqzuOThR2VQK00bVr5J_WlRKIZ-YqwKFKMHIAw_aem_vwlDfPbr_ceU4OBE6VlLjw&utm_medium=paid&utm_id=120245538772870644&utm_content=120245538772890644&utm_term=120245538772880644" "Mozilla/5.0 (Linux; Android 15; 23124RA7EO Build/AQ3A.240829.003) AppleWebKit/537.36 (KHTML, like Gecko) Version/4.0 Chrome/148.0.7778.211 Mobile Safari/537.36 [FB_IAB/FB4A;FBAV/563.1.0.50.73;IABMV/1;]"
93.108.203.254 - - [07/Jun/2026:00:32:54 +0200] "GET /wp-content/themes/uncode/library/css/uncode-icons.css?ver=508091144 HTTP/1.1" 200 12098 "https://www.baudefruta.pt/?utm_source=meta&utm_campaign=reg24&fbclid=IwZXh0bgNhZW0BMABhZGlkAasyrjbZ70RzcnRjBmFwcF9pZAwzNTA2ODU1MzE3MjgAAR5sKw-lYTb3XzShLj-o0QlTlqzuOThR2VQK00bVr5J_WlRKIZ-YqwKFKMHIAw_aem_vwlDfPbr_ceU4OBE6VlLjw&utm_medium=paid&utm_id=120245538772870644&utm_content=120245538772890644&utm_term=120245538772880644" "Mozilla/5.0 (Linux; Android 15; 23124RA7EO Build/AQ3A.240829.003) AppleWebKit/537.36 (KHTML, like Gecko) Version/4.0 Chrome/148.0.7778.211 Mobile Safari/537.36 [FB_IAB/FB4A;FBAV/563.1.0.50.73;IABMV/1;]"
93.108.203.254 - - [07/Jun/2026:00:32:54 +0200] "GET /wp-content/themes/uncode/library/css/woocommerce.css?ver=508091144 HTTP/1.1" 200 20067 "https://www.baudefruta.pt/?utm_source=meta&utm_campaign=reg24&fbclid=IwZXh0bgNhZW0BMABhZGlkAasyrjbZ70RzcnRjBmFwcF9pZAwzNTA2ODU1MzE3MjgAAR5sKw-lYTb3XzShLj-o0QlTlqzuOThR2VQK00bVr5J_WlRKIZ-YqwKFKMHIAw_aem_vwlDfPbr_ceU4OBE6VlLjw&utm_medium=paid&utm_id=120245538772870644&utm_content=120245538772890644&utm_term=120245538772880644" "Mozilla/5.0 (Linux; Android 15; 23124RA7EO Build/AQ3A.240829.003) AppleWebKit/537.36 (KHTML, like Gecko) Version/4.0 Chrome/148.0.7778.211 Mobile Safari/537.36 [FB_IAB/FB4A;FBAV/563.1.0.50.73;IABMV/1;]"
93.108.203.254 - - [07/Jun/2026:00:32:54 +0200] "GET /wp-content/plugins/popup-maker/dist/assets/site.css?ver=1.21.4 HTTP/1.1" 200 1917 "https://www.baudefruta.pt/?utm_source=meta&utm_campaign=reg24&fbclid=IwZXh0bgNhZW0BMABhZGlkAasyrjbZ70RzcnRjBmFwcF9pZAwzNTA2ODU1MzE3MjgAAR5sKw-lYTb3XzShLj-o0QlTlqzuOThR2VQK00bVr5J_WlRKIZ-YqwKFKMHIAw_aem_vwlDfPbr_ceU4OBE6VlLjw&utm_medium=paid&utm_id=120245538772870644&utm_content=120245538772890644&utm_term=120245538772880644" "Mozilla/5.0 (Linux; Android 15; 23124RA7EO Build/AQ3A.240829.003) AppleWebKit/537.36 (KHTML, like Gecko) Version/4.0 Chrome/148.0.7778.211 Mobile Safari/537.36 [FB_IAB/FB4A;FBAV/563.1.0.50.73;IABMV/1;]"
93.108.203.254 - - [07/Jun/2026:00:32:54 +0200] "GET /wp-content/plugins/woocommerce-product-bundles/assets/css/frontend/woocommerce.css?ver=6.0.1 HTTP/1.1" 200 607 "https://www.baudefruta.pt/?utm_source=meta&utm_campaign=reg24&fbclid=IwZXh0bgNhZW0BMABhZGlkAasyrjbZ70RzcnRjBmFwcF9pZAwzNTA2ODU1MzE3MjgAAR5sKw-lYTb3XzShLj-o0QlTlqzuOThR2VQK00bVr5J_WlRKIZ-YqwKFKMHIAw_aem_vwlDfPbr_ceU4OBE6VlLjw&utm_medium=paid&utm_id=120245538772870644&utm_content=120245538772890644&utm_term=120245538772880644" "Mozilla/5.0 (Linux; Android 15; 23124RA7EO Build/AQ3A.240829.003) AppleWebKit/537.36 (KHTML, like Gecko) Version/4.0 Chrome/148.0.7778.211 Mobile Safari/537.36 [FB_IAB/FB4A;FBAV/563.1.0.50.73;IABMV/1;]"
93.108.203.254 - - [07/Jun/2026:00:32:54 +0200] "GET /wp-content/themes/baudefruta-un/style.css?ver=541638167 HTTP/1.1" 200 896 "https://www.baudefruta.pt/?utm_source=meta&utm_campaign=reg24&fbclid=IwZXh0bgNhZW0BMABhZGlkAasyrjbZ70RzcnRjBmFwcF9pZAwzNTA2ODU1MzE3MjgAAR5sKw-lYTb3XzShLj-o0QlTlqzuOThR2VQK00bVr5J_WlRKIZ-YqwKFKMHIAw_aem_vwlDfPbr_ceU4OBE6VlLjw&utm_medium=paid&utm_id=120245538772870644&utm_content=120245538772890644&utm_term=120245538772880644" "Mozilla/5.0 (Linux; Android 15; 23124RA7EO Build/AQ3A.240829.003) AppleWebKit/537.36 (KHTML, like Gecko) Version/4.0 Chrome/148.0.7778.211 Mobile Safari/537.36 [FB_IAB/FB4A;FBAV/563.1.0.50.73;IABMV/1;]"
93.108.203.254 - - [07/Jun/2026:00:32:54 +0200] "GET /wp-content/plugins/woocommerce-products-filter/js/tooltip/css/tooltipster.bundle.min.css?ver=2.2.9.4 HTTP/1.1" 200 1151 "https://www.baudefruta.pt/?utm_source=meta&utm_campaign=reg24&fbclid=IwZXh0bgNhZW0BMABhZGlkAasyrjbZ70RzcnRjBmFwcF9pZAwzNTA2ODU1MzE3MjgAAR5sKw-lYTb3XzShLj-o0QlTlqzuOThR2VQK00bVr5J_WlRKIZ-YqwKFKMHIAw_aem_vwlDfPbr_ceU4OBE6VlLjw&utm_medium=paid&utm_id=120245538772870644&utm_content=120245538772890644&utm_term=120245538772880644" "Mozilla/5.0 (Linux; Android 15; 23124RA7EO Build/AQ3A.240829.003) AppleWebKit/537.36 (KHTML, like Gecko) Version/4.0 Chrome/148.0.7778.211 Mobile Safari/537.36 [FB_IAB/FB4A;FBAV/563.1.0.50.73;IABMV/1;]"
93.108.203.254 - - [07/Jun/2026:00:32:54 +0200] "GET /wp-content/plugins/woocommerce-products-filter/js/tooltip/css/plugins/tooltipster/sideTip/themes/tooltipster-sideTip-noir.min.css?ver=2.2.9.4 HTTP/1.1" 200 302 "https://www.baudefruta.pt/?utm_source=meta&utm_campaign=reg24&fbclid=IwZXh0bgNhZW0BMABhZGlkAasyrjbZ70RzcnRjBmFwcF9pZAwzNTA2ODU1MzE3MjgAAR5sKw-lYTb3XzShLj-o0QlTlqzuOThR2VQK00bVr5J_WlRKIZ-YqwKFKMHIAw_aem_vwlDfPbr_ceU4OBE6VlLjw&utm_medium=paid&utm_id=120245538772870644&utm_content=120245538772890644&utm_term=120245538772880644" "Mozilla/5.0 (Linux; Android 15; 23124RA7EO Build/AQ3A.240829.003) AppleWebKit/537.36 (KHTML, like Gecko) Version/4.0 Chrome/148.0.7778.211 Mobile Safari/537.36 [FB_IAB/FB4A;FBAV/563.1.0.50.73;IABMV/1;]"
93.108.203.254 - - [07/Jun/2026:00:32:54 +0200] "GET /wp-content/plugins/smart-marketing-for-wp/admin/js/egoi-for-wp-canvas.js?ver=5.1.11 HTTP/1.1" 200 2304 "https://www.baudefruta.pt/?utm_source=meta&utm_campaign=reg24&fbclid=IwZXh0bgNhZW0BMABhZGlkAasyrjbZ70RzcnRjBmFwcF9pZAwzNTA2ODU1MzE3MjgAAR5sKw-lYTb3XzShLj-o0QlTlqzuOThR2VQK00bVr5J_WlRKIZ-YqwKFKMHIAw_aem_vwlDfPbr_ceU4OBE6VlLjw&utm_medium=paid&utm_id=120245538772870644&utm_content=120245538772890644&utm_term=120245538772880644" "Mozilla/5.0 (Linux; Android 15; 23124RA7EO Build/AQ3A.240829.003) AppleWebKit/537.36 (KHTML, like Gecko) Version/4.0 Chrome/148.0.7778.211 Mobile Safari/537.36 [FB_IAB/FB4A;FBAV/563.1.0.50.73;IABMV/1;]"
93.108.203.254 - - [07/Jun/2026:00:32:54 +0200] "GET /wp-includes/js/jquery/jquery.min.js?ver=3.7.1 HTTP/1.1" 200 30646 "https://www.baudefruta.pt/?utm_source=meta&utm_campaign=reg24&fbclid=IwZXh0bgNhZW0BMABhZGlkAasyrjbZ70RzcnRjBmFwcF9pZAwzNTA2ODU1MzE3MjgAAR5sKw-lYTb3XzShLj-o0QlTlqzuOThR2VQK00bVr5J_WlRKIZ-YqwKFKMHIAw_aem_vwlDfPbr_ceU4OBE6VlLjw&utm_medium=paid&utm_id=120245538772870644&utm_content=120245538772890644&utm_term=120245538772880644" "Mozilla/5.0 (Linux; Android 15; 23124RA7EO Build/AQ3A.240829.003) AppleWebKit/537.36 (KHTML, like Gecko) Version/4.0 Chrome/148.0.7778.211 Mobile Safari/537.36 [FB_IAB/FB4A;FBAV/563.1.0.50.73;IABMV/1;]"
93.108.203.254 - - [07/Jun/2026:00:32:55 +0200] "GET /wp-includes/js/jquery/jquery-migrate.min.js?ver=3.4.1 HTTP/1.1" 200 4894 "https://www.baudefruta.pt/?utm_source=meta&utm_campaign=reg24&fbclid=IwZXh0bgNhZW0BMABhZGlkAasyrjbZ70RzcnRjBmFwcF9pZAwzNTA2ODU1MzE3MjgAAR5sKw-lYTb3XzShLj-o0QlTlqzuOThR2VQK00bVr5J_WlRKIZ-YqwKFKMHIAw_aem_vwlDfPbr_ceU4OBE6VlLjw&utm_medium=paid&utm_id=120245538772870644&utm_content=120245538772890644&utm_term=120245538772880644" "Mozilla/5.0 (Linux; Android 15; 23124RA7EO Build/AQ3A.240829.003) AppleWebKit/537.36 (KHTML, like Gecko) Version/4.0 Chrome/148.0.7778.211 Mobile Safari/537.36 [FB_IAB/FB4A;FBAV/563.1.0.50.73;IABMV/1;]"
93.108.203.254 - - [07/Jun/2026:00:32:55 +0200] "GET /wp-content/plugins/woo-keyinvoice-integration/public/js/woo-keyinvoice-integration-public.js?ver=1.0.0 HTTP/1.1" 200 838 "https://www.baudefruta.pt/?utm_source=meta&utm_campaign=reg24&fbclid=IwZXh0bgNhZW0BMABhZGlkAasyrjbZ70RzcnRjBmFwcF9pZAwzNTA2ODU1MzE3MjgAAR5sKw-lYTb3XzShLj-o0QlTlqzuOThR2VQK00bVr5J_WlRKIZ-YqwKFKMHIAw_aem_vwlDfPbr_ceU4OBE6VlLjw&utm_medium=paid&utm_id=120245538772870644&utm_content=120245538772890644&utm_term=120245538772880644" "Mozilla/5.0 (Linux; Android 15; 23124RA7EO Build/AQ3A.240829.003) AppleWebKit/537.36 (KHTML, like Gecko) Version/4.0 Chrome/148.0.7778.211 Mobile Safari/537.36 [FB_IAB/FB4A;FBAV/563.1.0.50.73;IABMV/1;]"
93.108.203.254 - - [07/Jun/2026:00:32:55 +0200] "GET /wp-content/plugins/woocommerce/assets/js/jquery-blockui/jquery.blockUI.min.js?ver=2.7.0-wc.10.2.2 HTTP/1.1" 200 3559 "https://www.baudefruta.pt/?utm_source=meta&utm_campaign=reg24&fbclid=IwZXh0bgNhZW0BMABhZGlkAasyrjbZ70RzcnRjBmFwcF9pZAwzNTA2ODU1MzE3MjgAAR5sKw-lYTb3XzShLj-o0QlTlqzuOThR2VQK00bVr5J_WlRKIZ-YqwKFKMHIAw_aem_vwlDfPbr_ceU4OBE6VlLjw&utm_medium=paid&utm_id=120245538772870644&utm_content=120245538772890644&utm_term=120245538772880644" "Mozilla/5.0 (Linux; Android 15; 23124RA7EO Build/AQ3A.240829.003) AppleWebKit/537.36 (KHTML, like Gecko) Version/4.0 Chrome/148.0.7778.211 Mobile Safari/537.36 [FB_IAB/FB4A;FBAV/563.1.0.50.73;IABMV/1;]"
93.108.203.254 - - [07/Jun/2026:00:32:55 +0200] "GET /wp-content/plugins/woocommerce/assets/js/frontend/add-to-cart.min.js?ver=10.2.2 HTTP/1.1" 200 1385 "https://www.baudefruta.pt/?utm_source=meta&utm_campaign=reg24&fbclid=IwZXh0bgNhZW0BMABhZGlkAasyrjbZ70RzcnRjBmFwcF9pZAwzNTA2ODU1MzE3MjgAAR5sKw-lYTb3XzShLj-o0QlTlqzuOThR2VQK00bVr5J_WlRKIZ-YqwKFKMHIAw_aem_vwlDfPbr_ceU4OBE6VlLjw&utm_medium=paid&utm_id=120245538772870644&utm_content=120245538772890644&utm_term=120245538772880644" "Mozilla/5.0 (Linux; Android 15; 23124RA7EO Build/AQ3A.240829.003) AppleWebKit/537.36 (KHTML, like Gecko) Version/4.0 Chrome/148.0.7778.211 Mobile Safari/537.36 [FB_IAB/FB4A;FBAV/563.1.0.50.73;IABMV/1;]"
93.108.203.254 - - [07/Jun/2026:00:32:55 +0200] "GET /wp-content/themes/uncode/library/js/init.js?ver=508091144 HTTP/1.1" 200 38505 "https://www.baudefruta.pt/?utm_source=meta&utm_campaign=reg24&fbclid=IwZXh0bgNhZW0BMABhZGlkAasyrjbZ70RzcnRjBmFwcF9pZAwzNTA2ODU1MzE3MjgAAR5sKw-lYTb3XzShLj-o0QlTlqzuOThR2VQK00bVr5J_WlRKIZ-YqwKFKMHIAw_aem_vwlDfPbr_ceU4OBE6VlLjw&utm_medium=paid&utm_id=120245538772870644&utm_content=120245538772890644&utm_term=120245538772880644" "Mozilla/5.0 (Linux; Android 15; 23124RA7EO Build/AQ3A.240829.003) AppleWebKit/537.36 (KHTML, like Gecko) Version/4.0 Chrome/148.0.7778.211 Mobile Safari/537.36 [FB_IAB/FB4A;FBAV/563.1.0.50.73;IABMV/1;]"
93.108.203.254 - - [07/Jun/2026:00:32:55 +0200] "GET /wp-content/plugins/uncode-js_composer/assets/js/vendors/woocommerce-add-to-cart.js?ver=6.5.0 HTTP/1.1" 200 992 "https://www.baudefruta.pt/?utm_source=meta&utm_campaign=reg24&fbclid=IwZXh0bgNhZW0BMABhZGlkAasyrjbZ70RzcnRjBmFwcF9pZAwzNTA2ODU1MzE3MjgAAR5sKw-lYTb3XzShLj-o0QlTlqzuOThR2VQK00bVr5J_WlRKIZ-YqwKFKMHIAw_aem_vwlDfPbr_ceU4OBE6VlLjw&utm_medium=paid&utm_id=120245538772870644&utm_content=120245538772890644&utm_term=120245538772880644" "Mozilla/5.0 (Linux; Android 15; 23124RA7EO Build/AQ3A.240829.003) AppleWebKit/537.36 (KHTML, like Gecko) Version/4.0 Chrome/148.0.7778.211 Mobile Safari/537.36 [FB_IAB/FB4A;FBAV/563.1.0.50.73;IABMV/1;]"
93.108.203.254 - - [07/Jun/2026:00:32:55 +0200] "GET /wp-content/uploads/2021/12/AMT001-uai-500x500.jpg HTTP/1.1" 200 91586 "https://www.baudefruta.pt/?utm_source=meta&utm_campaign=reg24&fbclid=IwZXh0bgNhZW0BMABhZGlkAasyrjbZ70RzcnRjBmFwcF9pZAwzNTA2ODU1MzE3MjgAAR5sKw-lYTb3XzShLj-o0QlTlqzuOThR2VQK00bVr5J_WlRKIZ-YqwKFKMHIAw_aem_vwlDfPbr_ceU4OBE6VlLjw&utm_medium=paid&utm_id=120245538772870644&utm_content=120245538772890644&utm_term=120245538772880644" "Mozilla/5.0 (Linux; Android 15; 23124RA7EO Build/AQ3A.240829.003) AppleWebKit/537.36 (KHTML, like Gecko) Version/4.0 Chrome/148.0.7778.211 Mobile Safari/537.36 [FB_IAB/FB4A;FBAV/563.1.0.50.73;IABMV/1;]"
93.108.203.254 - - [07/Jun/2026:00:32:55 +0200] "GET /wp-content/uploads/2022/06/pesssego-rosa.jpg HTTP/1.1" 200 48304 "https://www.baudefruta.pt/?utm_source=meta&utm_campaign=reg24&fbclid=IwZXh0bgNhZW0BMABhZGlkAasyrjbZ70RzcnRjBmFwcF9pZAwzNTA2ODU1MzE3MjgAAR5sKw-lYTb3XzShLj-o0QlTlqzuOThR2VQK00bVr5J_WlRKIZ-YqwKFKMHIAw_aem_vwlDfPbr_ceU4OBE6VlLjw&utm_medium=paid&utm_id=120245538772870644&utm_content=120245538772890644&utm_term=120245538772880644" "Mozilla/5.0 (Linux; Android 15; 23124RA7EO Build/AQ3A.240829.003) AppleWebKit/537.36 (KHTML, like Gecko) Version/4.0 Chrome/148.0.7778.211 Mobile Safari/537.36 [FB_IAB/FB4A;FBAV/563.1.0.50.73;IABMV/1;]"
93.108.203.254 - - [07/Jun/2026:00:32:55 +0200] "GET /wp-content/uploads/2021/11/Gift_Natal_Bau_3-home.jpg HTTP/1.1" 200 73811 "https://www.baudefruta.pt/?utm_source=meta&utm_campaign=reg24&fbclid=IwZXh0bgNhZW0BMABhZGlkAasyrjbZ70RzcnRjBmFwcF9pZAwzNTA2ODU1MzE3MjgAAR5sKw-lYTb3XzShLj-o0QlTlqzuOThR2VQK00bVr5J_WlRKIZ-YqwKFKMHIAw_aem_vwlDfPbr_ceU4OBE6VlLjw&utm_medium=paid&utm_id=120245538772870644&utm_content=120245538772890644&utm_term=120245538772880644" "Mozilla/5.0 (Linux; Android 15; 23124RA7EO Build/AQ3A.240829.003) AppleWebKit/537.36 (KHTML, like Gecko) Version/4.0 Chrome/148.0.7778.211 Mobile Safari/537.36 [FB_IAB/FB4A;FBAV/563.1.0.50.73;IABMV/1;]"
93.108.203.254 - - [07/Jun/2026:00:32:55 +0200] "GET /wp-content/uploads/2021/06/TP001-dom-duarte-pimentas-dom-duarte.jpg HTTP/1.1" 200 47807 "https://www.baudefruta.pt/?utm_source=meta&utm_campaign=reg24&fbclid=IwZXh0bgNhZW0BMABhZGlkAasyrjbZ70RzcnRjBmFwcF9pZAwzNTA2ODU1MzE3MjgAAR5sKw-lYTb3XzShLj-o0QlTlqzuOThR2VQK00bVr5J_WlRKIZ-YqwKFKMHIAw_aem_vwlDfPbr_ceU4OBE6VlLjw&utm_medium=paid&utm_id=120245538772870644&utm_content=120245538772890644&utm_term=120245538772880644" "Mozilla/5.0 (Linux; Android 15; 23124RA7EO Build/AQ3A.240829.003) AppleWebKit/537.36 (KHTML, like Gecko) Version/4.0 Chrome/148.0.7778.211 Mobile Safari/537.36 [FB_IAB/FB4A;FBAV/563.1.0.50.73;IABMV/1;]"
216.73.217.54 - - [07/Jun/2026:00:32:55 +0200] "GET /loja/page/2/?doing_wp_cron=1780579378.9679279327392578125000&orderby=price-desc HTTP/1.1" 200 61144 "-" "Mozilla/5.0 AppleWebKit/537.36 (KHTML, like Gecko; compatible; ClaudeBot/1.0; +claudebot@anthropic.com)"
93.108.203.254 - - [07/Jun/2026:00:32:55 +0200] "GET /?utm_source=meta&utm_campaign=reg24&fbclid=IwZXh0bgNhZW0BMABhZGlkAasyrjbZ70RzcnRjBmFwcF9pZAwzNTA2ODU1MzE3MjgAAR5sKw-lYTb3XzShLj-o0QlTlqzuOThR2VQK00bVr5J_WlRKIZ-YqwKFKMHIAw_aem_vwlDfPbr_ceU4OBE6VlLjw&utm_medium=paid&utm_id=120245538772870644&utm_content=120245538772890644&utm_term=120245538772880644 HTTP/1.1" 200 63068 "http://m.facebook.com/" "Mozilla/5.0 (Linux; Android 15; 23124RA7EO Build/AQ3A.240829.003) AppleWebKit/537.36 (KHTML, like Gecko) Version/4.0 Chrome/148.0.7778.211 Mobile Safari/537.36 [FB_IAB/FB4A;FBAV/563.1.0.50.73;IABMV/1;] FBNV/500"
93.108.203.254 - - [07/Jun/2026:00:32:55 +0200] "GET /wp-content/uploads/2021/06/TG001-tremoco-grado.jpg HTTP/1.1" 200 11258 "https://www.baudefruta.pt/?utm_source=meta&utm_campaign=reg24&fbclid=IwZXh0bgNhZW0BMABhZGlkAasyrjbZ70RzcnRjBmFwcF9pZAwzNTA2ODU1MzE3MjgAAR5sKw-lYTb3XzShLj-o0QlTlqzuOThR2VQK00bVr5J_WlRKIZ-YqwKFKMHIAw_aem_vwlDfPbr_ceU4OBE6VlLjw&utm_medium=paid&utm_id=120245538772870644&utm_content=120245538772890644&utm_term=120245538772880644" "Mozilla/5.0 (Linux; Android 15; 23124RA7EO Build/AQ3A.240829.003) AppleWebKit/537.36 (KHTML, like Gecko) Version/4.0 Chrome/148.0.7778.211 Mobile Safari/537.36 [FB_IAB/FB4A;FBAV/563.1.0.50.73;IABMV/1;]"
93.108.203.254 - - [07/Jun/2026:00:32:55 +0200] "GET /wp-content/plugins/woocommerce/assets/client/blocks/wc-blocks.css?ver=wc-10.2.2 HTTP/1.1" 200 2673 "https://www.baudefruta.pt/?utm_source=meta&utm_campaign=reg24&fbclid=IwZXh0bgNhZW0BMABhZGlkAasyrjbZ70RzcnRjBmFwcF9pZAwzNTA2ODU1MzE3MjgAAR5sKw-lYTb3XzShLj-o0QlTlqzuOThR2VQK00bVr5J_WlRKIZ-YqwKFKMHIAw_aem_vwlDfPbr_ceU4OBE6VlLjw&utm_medium=paid&utm_id=120245538772870644&utm_content=120245538772890644&utm_term=120245538772880644" "Mozilla/5.0 (Linux; Android 15; 23124RA7EO Build/AQ3A.240829.003) AppleWebKit/537.36 (KHTML, like Gecko) Version/4.0 Chrome/148.0.7778.211 Mobile Safari/537.36 [FB_IAB/FB4A;FBAV/563.1.0.50.73;IABMV/1;] FBNV/500"
93.108.203.254 - - [07/Jun/2026:00:32:55 +0200] "GET /wp-includes/css/dist/components/style.min.css?ver=6.9.1 HTTP/1.1" 200 14528 "https://www.baudefruta.pt/?utm_source=meta&utm_campaign=reg24&fbclid=IwZXh0bgNhZW0BMABhZGlkAasyrjbZ70RzcnRjBmFwcF9pZAwzNTA2ODU1MzE3MjgAAR5sKw-lYTb3XzShLj-o0QlTlqzuOThR2VQK00bVr5J_WlRKIZ-YqwKFKMHIAw_aem_vwlDfPbr_ceU4OBE6VlLjw&utm_medium=paid&utm_id=120245538772870644&utm_content=120245538772890644&utm_term=120245538772880644" "Mozilla/5.0 (Linux; Android 15; 23124RA7EO Build/AQ3A.240829.003) AppleWebKit/537.36 (KHTML, like Gecko) Version/4.0 Chrome/148.0.7778.211 Mobile Safari/537.36 [FB_IAB/FB4A;FBAV/563.1.0.50.73;IABMV/1;] FBNV/500"
93.108.203.254 - - [07/Jun/2026:00:32:55 +0200] "GET /wp-includes/css/dist/preferences/style.min.css?ver=6.9.1 HTTP/1.1" 200 1003 "https://www.baudefruta.pt/?utm_source=meta&utm_campaign=reg24&fbclid=IwZXh0bgNhZW0BMABhZGlkAasyrjbZ70RzcnRjBmFwcF9pZAwzNTA2ODU1MzE3MjgAAR5sKw-lYTb3XzShLj-o0QlTlqzuOThR2VQK00bVr5J_WlRKIZ-YqwKFKMHIAw_aem_vwlDfPbr_ceU4OBE6VlLjw&utm_medium=paid&utm_id=120245538772870644&utm_content=120245538772890644&utm_term=120245538772880644" "Mozilla/5.0 (Linux; Android 15; 23124RA7EO Build/AQ3A.240829.003) AppleWebKit/537.36 (KHTML, like Gecko) Version/4.0 Chrome/148.0.7778.211 Mobile Safari/537.36 [FB_IAB/FB4A;FBAV/563.1.0.50.73;IABMV/1;] FBNV/500"
93.108.203.254 - - [07/Jun/2026:00:32:55 +0200] "GET /wp-includes/css/dist/block-editor/style.min.css?ver=6.9.1 HTTP/1.1" 200 16976 "https://www.baudefruta.pt/?utm_source=meta&utm_campaign=reg24&fbclid=IwZXh0bgNhZW0BMABhZGlkAasyrjbZ70RzcnRjBmFwcF9pZAwzNTA2ODU1MzE3MjgAAR5sKw-lYTb3XzShLj-o0QlTlqzuOThR2VQK00bVr5J_WlRKIZ-YqwKFKMHIAw_aem_vwlDfPbr_ceU4OBE6VlLjw&utm_medium=paid&utm_id=120245538772870644&utm_content=120245538772890644&utm_term=120245538772880644" "Mozilla/5.0 (Linux; Android 15; 23124RA7EO Build/AQ3A.240829.003) AppleWebKit/537.36 (KHTML, like Gecko) Version/4.0 Chrome/148.0.7778.211 Mobile Safari/537.36 [FB_IAB/FB4A;FBAV/563.1.0.50.73;IABMV/1;] FBNV/500"
93.108.203.254 - - [07/Jun/2026:00:32:55 +0200] "GET /wp-content/plugins/popup-maker/dist/packages/block-library-style.css?ver=dbea705cfafe089d65f1 HTTP/1.1" 200 1127 "https://www.baudefruta.pt/?utm_source=meta&utm_campaign=reg24&fbclid=IwZXh0bgNhZW0BMABhZGlkAasyrjbZ70RzcnRjBmFwcF9pZAwzNTA2ODU1MzE3MjgAAR5sKw-lYTb3XzShLj-o0QlTlqzuOThR2VQK00bVr5J_WlRKIZ-YqwKFKMHIAw_aem_vwlDfPbr_ceU4OBE6VlLjw&utm_medium=paid&utm_id=120245538772870644&utm_content=120245538772890644&utm_term=120245538772880644" "Mozilla/5.0 (Linux; Android 15; 23124RA7EO Build/AQ3A.240829.003) AppleWebKit/537.36 (KHTML, like Gecko) Version/4.0 Chrome/148.0.7778.211 Mobile Safari/537.36 [FB_IAB/FB4A;FBAV/563.1.0.50.73;IABMV/1;] FBNV/500"
93.108.203.254 - - [07/Jun/2026:00:32:55 +0200] "GET /wp-includes/css/dashicons.min.css?ver=6.9.1 HTTP/1.1" 200 35766 "https://www.baudefruta.pt/?utm_source=meta&utm_campaign=reg24&fbclid=IwZXh0bgNhZW0BMABhZGlkAasyrjbZ70RzcnRjBmFwcF9pZAwzNTA2ODU1MzE3MjgAAR5sKw-lYTb3XzShLj-o0QlTlqzuOThR2VQK00bVr5J_WlRKIZ-YqwKFKMHIAw_aem_vwlDfPbr_ceU4OBE6VlLjw&utm_medium=paid&utm_id=120245538772870644&utm_content=120245538772890644&utm_term=120245538772880644" "Mozilla/5.0 (Linux; Android 15; 23124RA7EO Build/AQ3A.240829.003) AppleWebKit/537.36 (KHTML, like Gecko) Version/4.0 Chrome/148.0.7778.211 Mobile Safari/537.36 [FB_IAB/FB4A;FBAV/563.1.0.50.73;IABMV/1;] FBNV/500"
93.108.203.254 - - [07/Jun/2026:00:32:55 +0200] "GET /wp-content/plugins/smart-marketing-for-wp/public/css/egoi-for-wp-public.css?ver=5.1.11 HTTP/1.1" 200 1173 "https://www.baudefruta.pt/?utm_source=meta&utm_campaign=reg24&fbclid=IwZXh0bgNhZW0BMABhZGlkAasyrjbZ70RzcnRjBmFwcF9pZAwzNTA2ODU1MzE3MjgAAR5sKw-lYTb3XzShLj-o0QlTlqzuOThR2VQK00bVr5J_WlRKIZ-YqwKFKMHIAw_aem_vwlDfPbr_ceU4OBE6VlLjw&utm_medium=paid&utm_id=120245538772870644&utm_content=120245538772890644&utm_term=120245538772880644" "Mozilla/5.0 (Linux; Android 15; 23124RA7EO Build/AQ3A.240829.003) AppleWebKit/537.36 (KHTML, like Gecko) Version/4.0 Chrome/148.0.7778.211 Mobile Safari/537.36 [FB_IAB/FB4A;FBAV/563.1.0.50.73;IABMV/1;] FBNV/500"
93.108.203.254 - - [07/Jun/2026:00:32:56 +0200] "GET /wp-content/plugins/woo-keyinvoice-integration/public/css/woo-keyinvoice-integration-public.css?ver=1.0.0 HTTP/1.1" 200 98 "https://www.baudefruta.pt/?utm_source=meta&utm_campaign=reg24&fbclid=IwZXh0bgNhZW0BMABhZGlkAasyrjbZ70RzcnRjBmFwcF9pZAwzNTA2ODU1MzE3MjgAAR5sKw-lYTb3XzShLj-o0QlTlqzuOThR2VQK00bVr5J_WlRKIZ-YqwKFKMHIAw_aem_vwlDfPbr_ceU4OBE6VlLjw&utm_medium=paid&utm_id=120245538772870644&utm_content=120245538772890644&utm_term=120245538772880644" "Mozilla/5.0 (Linux; Android 15; 23124RA7EO Build/AQ3A.240829.003) AppleWebKit/537.36 (KHTML, like Gecko) Version/4.0 Chrome/148.0.7778.211 Mobile Safari/537.36 [FB_IAB/FB4A;FBAV/563.1.0.50.73;IABMV/1;] FBNV/500"
93.108.203.254 - - [07/Jun/2026:00:32:56 +0200] "GET /wp-content/plugins/woocommerce-products-filter/css/front.css?ver=2.2.9.4 HTTP/1.1" 200 5063 "https://www.baudefruta.pt/?utm_source=meta&utm_campaign=reg24&fbclid=IwZXh0bgNhZW0BMABhZGlkAasyrjbZ70RzcnRjBmFwcF9pZAwzNTA2ODU1MzE3MjgAAR5sKw-lYTb3XzShLj-o0QlTlqzuOThR2VQK00bVr5J_WlRKIZ-YqwKFKMHIAw_aem_vwlDfPbr_ceU4OBE6VlLjw&utm_medium=paid&utm_id=120245538772870644&utm_content=120245538772890644&utm_term=120245538772880644" "Mozilla/5.0 (Linux; Android 15; 23124RA7EO Build/AQ3A.240829.003) AppleWebKit/537.36 (KHTML, like Gecko) Version/4.0 Chrome/148.0.7778.211 Mobile Safari/537.36 [FB_IAB/FB4A;FBAV/563.1.0.50.73;IABMV/1;] FBNV/500"
93.108.203.254 - - [07/Jun/2026:00:32:56 +0200] "GET /wp-content/plugins/woocommerce-products-filter/js/chosen/chosen.min.css?ver=2.2.9.4 HTTP/1.1" 200 2141 "https://www.baudefruta.pt/?utm_source=meta&utm_campaign=reg24&fbclid=IwZXh0bgNhZW0BMABhZGlkAasyrjbZ70RzcnRjBmFwcF9pZAwzNTA2ODU1MzE3MjgAAR5sKw-lYTb3XzShLj-o0QlTlqzuOThR2VQK00bVr5J_WlRKIZ-YqwKFKMHIAw_aem_vwlDfPbr_ceU4OBE6VlLjw&utm_medium=paid&utm_id=120245538772870644&utm_content=120245538772890644&utm_term=120245538772880644" "Mozilla/5.0 (Linux; Android 15; 23124RA7EO Build/AQ3A.240829.003) AppleWebKit/537.36 (KHTML, like Gecko) Version/4.0 Chrome/148.0.7778.211 Mobile Safari/537.36 [FB_IAB/FB4A;FBAV/563.1.0.50.73;IABMV/1;] FBNV/500"
93.108.203.254 - - [07/Jun/2026:00:32:56 +0200] "GET /wp-content/plugins/woocommerce/assets/css/brands.css?ver=10.2.2 HTTP/1.1" 200 699 "https://www.baudefruta.pt/?utm_source=meta&utm_campaign=reg24&fbclid=IwZXh0bgNhZW0BMABhZGlkAasyrjbZ70RzcnRjBmFwcF9pZAwzNTA2ODU1MzE3MjgAAR5sKw-lYTb3XzShLj-o0QlTlqzuOThR2VQK00bVr5J_WlRKIZ-YqwKFKMHIAw_aem_vwlDfPbr_ceU4OBE6VlLjw&utm_medium=paid&utm_id=120245538772870644&utm_content=120245538772890644&utm_term=120245538772880644" "Mozilla/5.0 (Linux; Android 15; 23124RA7EO Build/AQ3A.240829.003) AppleWebKit/537.36 (KHTML, like Gecko) Version/4.0 Chrome/148.0.7778.211 Mobile Safari/537.36 [FB_IAB/FB4A;FBAV/563.1.0.50.73;IABMV/1;] FBNV/500"
93.108.203.254 - - [07/Jun/2026:00:32:56 +0200] "GET /wp-content/plugins/custom-page-templates/assets/css/acf-google-maps.css?ver=3.1.1 HTTP/1.1" 200 283 "https://www.baudefruta.pt/?utm_source=meta&utm_campaign=reg24&fbclid=IwZXh0bgNhZW0BMABhZGlkAasyrjbZ70RzcnRjBmFwcF9pZAwzNTA2ODU1MzE3MjgAAR5sKw-lYTb3XzShLj-o0QlTlqzuOThR2VQK00bVr5J_WlRKIZ-YqwKFKMHIAw_aem_vwlDfPbr_ceU4OBE6VlLjw&utm_medium=paid&utm_id=120245538772870644&utm_content=120245538772890644&utm_term=120245538772880644" "Mozilla/5.0 (Linux; Android 15; 23124RA7EO Build/AQ3A.240829.003) AppleWebKit/537.36 (KHTML, like Gecko) Version/4.0 Chrome/148.0.7778.211 Mobile Safari/537.36 [FB_IAB/FB4A;FBAV/563.1.0.50.73;IABMV/1;] FBNV/500"
