89.154.45.121 - - [07/Jun/2026:00:04:59 +0200] "GET /wp-content/uploads/2021/06/TH001-tomate-cherry-uai-335x335.jpg HTTP/1.1" 200 17318 "https://www.baudefruta.pt/?utm_source=meta&utm_campaign=reg24&fbclid=IwZXh0bgNhZW0BMABhZGlkAasyrkGcwaRzcnRjBmFwcF9pZAwzNTA2ODU1MzE3MjgAAR59IucTEWr--U1pDtdUCyOV4wiJW-lUDBlzxPLU82pIW27SnwatloHQLlxLVw_aem_xk48JUu7yeF-fX8uqzabDw&utm_medium=paid&utm_id=120245538772870644&utm_content=120245538772890644&utm_term=120245538772880644&doing_wp_cron=1780783497.1051819324493408203125" "Mozilla/5.0 (Linux; Android 16; Pixel 9a Build/CP1A.260505.005; wv) AppleWebKit/537.36 (KHTML, like Gecko) Version/4.0 Chrome/149.0.7827.83 Mobile Safari/537.36 [FB_IAB/FB4A;FBAV/564.0.0.48.74;IABMV/1;]"
89.154.45.121 - - [07/Jun/2026:00:04:59 +0200] "GET /wp-content/uploads/2023/12/BauFruta_narizvermelho_home.png HTTP/1.1" 200 15004 "https://www.baudefruta.pt/?utm_source=meta&utm_campaign=reg24&fbclid=IwZXh0bgNhZW0BMABhZGlkAasyrkGcwaRzcnRjBmFwcF9pZAwzNTA2ODU1MzE3MjgAAR59IucTEWr--U1pDtdUCyOV4wiJW-lUDBlzxPLU82pIW27SnwatloHQLlxLVw_aem_xk48JUu7yeF-fX8uqzabDw&utm_medium=paid&utm_id=120245538772870644&utm_content=120245538772890644&utm_term=120245538772880644&doing_wp_cron=1780783497.1051819324493408203125" "Mozilla/5.0 (Linux; Android 16; Pixel 9a Build/CP1A.260505.005; wv) AppleWebKit/537.36 (KHTML, like Gecko) Version/4.0 Chrome/149.0.7827.83 Mobile Safari/537.36 [FB_IAB/FB4A;FBAV/564.0.0.48.74;IABMV/1;]"
89.154.45.121 - - [07/Jun/2026:00:04:59 +0200] "GET /wp-content/uploads/2021/06/NP001-nesperas-uai-368x368.jpg HTTP/1.1" 200 25561 "https://www.baudefruta.pt/?utm_source=meta&utm_campaign=reg24&fbclid=IwZXh0bgNhZW0BMABhZGlkAasyrkGcwaRzcnRjBmFwcF9pZAwzNTA2ODU1MzE3MjgAAR59IucTEWr--U1pDtdUCyOV4wiJW-lUDBlzxPLU82pIW27SnwatloHQLlxLVw_aem_xk48JUu7yeF-fX8uqzabDw&utm_medium=paid&utm_id=120245538772870644&utm_content=120245538772890644&utm_term=120245538772880644&doing_wp_cron=1780783497.1051819324493408203125" "Mozilla/5.0 (Linux; Android 16; Pixel 9a Build/CP1A.260505.005; wv) AppleWebKit/537.36 (KHTML, like Gecko) Version/4.0 Chrome/149.0.7827.83 Mobile Safari/537.36 [FB_IAB/FB4A;FBAV/564.0.0.48.74;IABMV/1;]"
89.154.45.121 - - [07/Jun/2026:00:04:59 +0200] "GET /wp-content/uploads/2023/11/BauFruta_refood_logorefood.jpg HTTP/1.1" 200 11650 "https://www.baudefruta.pt/?utm_source=meta&utm_campaign=reg24&fbclid=IwZXh0bgNhZW0BMABhZGlkAasyrkGcwaRzcnRjBmFwcF9pZAwzNTA2ODU1MzE3MjgAAR59IucTEWr--U1pDtdUCyOV4wiJW-lUDBlzxPLU82pIW27SnwatloHQLlxLVw_aem_xk48JUu7yeF-fX8uqzabDw&utm_medium=paid&utm_id=120245538772870644&utm_content=120245538772890644&utm_term=120245538772880644&doing_wp_cron=1780783497.1051819324493408203125" "Mozilla/5.0 (Linux; Android 16; Pixel 9a Build/CP1A.260505.005; wv) AppleWebKit/537.36 (KHTML, like Gecko) Version/4.0 Chrome/149.0.7827.83 Mobile Safari/537.36 [FB_IAB/FB4A;FBAV/564.0.0.48.74;IABMV/1;]"
89.154.45.121 - - [07/Jun/2026:00:04:59 +0200] "GET /wp-content/uploads/2021/05/bau_home_pontos-2.png HTTP/1.1" 200 13642 "https://www.baudefruta.pt/?utm_source=meta&utm_campaign=reg24&fbclid=IwZXh0bgNhZW0BMABhZGlkAasyrkGcwaRzcnRjBmFwcF9pZAwzNTA2ODU1MzE3MjgAAR59IucTEWr--U1pDtdUCyOV4wiJW-lUDBlzxPLU82pIW27SnwatloHQLlxLVw_aem_xk48JUu7yeF-fX8uqzabDw&utm_medium=paid&utm_id=120245538772870644&utm_content=120245538772890644&utm_term=120245538772880644&doing_wp_cron=1780783497.1051819324493408203125" "Mozilla/5.0 (Linux; Android 16; Pixel 9a Build/CP1A.260505.005; wv) AppleWebKit/537.36 (KHTML, like Gecko) Version/4.0 Chrome/149.0.7827.83 Mobile Safari/537.36 [FB_IAB/FB4A;FBAV/564.0.0.48.74;IABMV/1;]"
89.154.45.121 - - [07/Jun/2026:00:04:59 +0200] "GET /wp-content/uploads/2021/07/bau_mb_mbway.svg HTTP/1.1" 200 5318 "https://www.baudefruta.pt/?utm_source=meta&utm_campaign=reg24&fbclid=IwZXh0bgNhZW0BMABhZGlkAasyrkGcwaRzcnRjBmFwcF9pZAwzNTA2ODU1MzE3MjgAAR59IucTEWr--U1pDtdUCyOV4wiJW-lUDBlzxPLU82pIW27SnwatloHQLlxLVw_aem_xk48JUu7yeF-fX8uqzabDw&utm_medium=paid&utm_id=120245538772870644&utm_content=120245538772890644&utm_term=120245538772880644&doing_wp_cron=1780783497.1051819324493408203125" "Mozilla/5.0 (Linux; Android 16; Pixel 9a Build/CP1A.260505.005; wv) AppleWebKit/537.36 (KHTML, like Gecko) Version/4.0 Chrome/149.0.7827.83 Mobile Safari/537.36 [FB_IAB/FB4A;FBAV/564.0.0.48.74;IABMV/1;]"
89.154.45.121 - - [07/Jun/2026:00:04:59 +0200] "GET /wp-content/uploads/2021/05/bau_livroreclamacoes.svg HTTP/1.1" 200 2886 "https://www.baudefruta.pt/?utm_source=meta&utm_campaign=reg24&fbclid=IwZXh0bgNhZW0BMABhZGlkAasyrkGcwaRzcnRjBmFwcF9pZAwzNTA2ODU1MzE3MjgAAR59IucTEWr--U1pDtdUCyOV4wiJW-lUDBlzxPLU82pIW27SnwatloHQLlxLVw_aem_xk48JUu7yeF-fX8uqzabDw&utm_medium=paid&utm_id=120245538772870644&utm_content=120245538772890644&utm_term=120245538772880644&doing_wp_cron=1780783497.1051819324493408203125" "Mozilla/5.0 (Linux; Android 16; Pixel 9a Build/CP1A.260505.005; wv) AppleWebKit/537.36 (KHTML, like Gecko) Version/4.0 Chrome/149.0.7827.83 Mobile Safari/537.36 [FB_IAB/FB4A;FBAV/564.0.0.48.74;IABMV/1;]"
89.154.45.121 - - [07/Jun/2026:00:04:59 +0200] "GET /wp-content/uploads/2021/05/bau_fundo_grunge-1.png HTTP/1.1" 200 108052 "https://www.baudefruta.pt/?utm_source=meta&utm_campaign=reg24&fbclid=IwZXh0bgNhZW0BMABhZGlkAasyrkGcwaRzcnRjBmFwcF9pZAwzNTA2ODU1MzE3MjgAAR59IucTEWr--U1pDtdUCyOV4wiJW-lUDBlzxPLU82pIW27SnwatloHQLlxLVw_aem_xk48JUu7yeF-fX8uqzabDw&utm_medium=paid&utm_id=120245538772870644&utm_content=120245538772890644&utm_term=120245538772880644&doing_wp_cron=1780783497.1051819324493408203125" "Mozilla/5.0 (Linux; Android 16; Pixel 9a Build/CP1A.260505.005; wv) AppleWebKit/537.36 (KHTML, like Gecko) Version/4.0 Chrome/149.0.7827.83 Mobile Safari/537.36 [FB_IAB/FB4A;FBAV/564.0.0.48.74;IABMV/1;]"
89.154.45.121 - - [07/Jun/2026:00:04:59 +0200] "GET /wp-content/uploads/2021/07/bau_fundo_grunge-2.png HTTP/1.1" 200 69186 "https://www.baudefruta.pt/?utm_source=meta&utm_campaign=reg24&fbclid=IwZXh0bgNhZW0BMABhZGlkAasyrkGcwaRzcnRjBmFwcF9pZAwzNTA2ODU1MzE3MjgAAR59IucTEWr--U1pDtdUCyOV4wiJW-lUDBlzxPLU82pIW27SnwatloHQLlxLVw_aem_xk48JUu7yeF-fX8uqzabDw&utm_medium=paid&utm_id=120245538772870644&utm_content=120245538772890644&utm_term=120245538772880644&doing_wp_cron=1780783497.1051819324493408203125" "Mozilla/5.0 (Linux; Android 16; Pixel 9a Build/CP1A.260505.005; wv) AppleWebKit/537.36 (KHTML, like Gecko) Version/4.0 Chrome/149.0.7827.83 Mobile Safari/537.36 [FB_IAB/FB4A;FBAV/564.0.0.48.74;IABMV/1;]"
89.154.45.121 - - [07/Jun/2026:00:04:59 +0200] "GET /wp-content/uploads/2021/05/bau_footer-top.png HTTP/1.1" 200 14692 "https://www.baudefruta.pt/?utm_source=meta&utm_campaign=reg24&fbclid=IwZXh0bgNhZW0BMABhZGlkAasyrkGcwaRzcnRjBmFwcF9pZAwzNTA2ODU1MzE3MjgAAR59IucTEWr--U1pDtdUCyOV4wiJW-lUDBlzxPLU82pIW27SnwatloHQLlxLVw_aem_xk48JUu7yeF-fX8uqzabDw&utm_medium=paid&utm_id=120245538772870644&utm_content=120245538772890644&utm_term=120245538772880644&doing_wp_cron=1780783497.1051819324493408203125" "Mozilla/5.0 (Linux; Android 16; Pixel 9a Build/CP1A.260505.005; wv) AppleWebKit/537.36 (KHTML, like Gecko) Version/4.0 Chrome/149.0.7827.83 Mobile Safari/537.36 [FB_IAB/FB4A;FBAV/564.0.0.48.74;IABMV/1;]"
89.154.45.121 - - [07/Jun/2026:00:05:00 +0200] "GET /wp-includes/js/wp-emoji-release.min.js?ver=6.9.1 HTTP/1.1" 200 5487 "https://www.baudefruta.pt/?utm_source=meta&utm_campaign=reg24&fbclid=IwZXh0bgNhZW0BMABhZGlkAasyrkGcwaRzcnRjBmFwcF9pZAwzNTA2ODU1MzE3MjgAAR59IucTEWr--U1pDtdUCyOV4wiJW-lUDBlzxPLU82pIW27SnwatloHQLlxLVw_aem_xk48JUu7yeF-fX8uqzabDw&utm_medium=paid&utm_id=120245538772870644&utm_content=120245538772890644&utm_term=120245538772880644&doing_wp_cron=1780783497.1051819324493408203125" "Mozilla/5.0 (Linux; Android 16; Pixel 9a Build/CP1A.260505.005; wv) AppleWebKit/537.36 (KHTML, like Gecko) Version/4.0 Chrome/149.0.7827.83 Mobile Safari/537.36 [FB_IAB/FB4A;FBAV/564.0.0.48.74;IABMV/1;]"
89.154.45.121 - - [07/Jun/2026:00:05:00 +0200] "GET /wp-content/uploads/2021/07/cropped-BauDeFruta_Logo-192x192.png HTTP/1.1" 200 9364 "https://www.baudefruta.pt/?utm_source=meta&utm_campaign=reg24&fbclid=IwZXh0bgNhZW0BMABhZGlkAasyrkGcwaRzcnRjBmFwcF9pZAwzNTA2ODU1MzE3MjgAAR59IucTEWr--U1pDtdUCyOV4wiJW-lUDBlzxPLU82pIW27SnwatloHQLlxLVw_aem_xk48JUu7yeF-fX8uqzabDw&utm_medium=paid&utm_id=120245538772870644&utm_content=120245538772890644&utm_term=120245538772880644&doing_wp_cron=1780783497.1051819324493408203125" "Mozilla/5.0 (Linux; Android 16; Pixel 9a Build/CP1A.260505.005; wv) AppleWebKit/537.36 (KHTML, like Gecko) Version/4.0 Chrome/149.0.7827.83 Mobile Safari/537.36 [FB_IAB/FB4A;FBAV/564.0.0.48.74;IABMV/1;]"
89.154.45.121 - - [07/Jun/2026:00:05:00 +0200] "GET /wp-content/uploads/2021/07/cropped-BauDeFruta_Logo-32x32.png HTTP/1.1" 200 750 "https://www.baudefruta.pt/?utm_source=meta&utm_campaign=reg24&fbclid=IwZXh0bgNhZW0BMABhZGlkAasyrkGcwaRzcnRjBmFwcF9pZAwzNTA2ODU1MzE3MjgAAR59IucTEWr--U1pDtdUCyOV4wiJW-lUDBlzxPLU82pIW27SnwatloHQLlxLVw_aem_xk48JUu7yeF-fX8uqzabDw&utm_medium=paid&utm_id=120245538772870644&utm_content=120245538772890644&utm_term=120245538772880644&doing_wp_cron=1780783497.1051819324493408203125" "Mozilla/5.0 (Linux; Android 16; Pixel 9a Build/CP1A.260505.005; wv) AppleWebKit/537.36 (KHTML, like Gecko) Version/4.0 Chrome/149.0.7827.83 Mobile Safari/537.36 [FB_IAB/FB4A;FBAV/564.0.0.48.74;IABMV/1;]"
216.73.217.54 - - [07/Jun/2026:00:05:00 +0200] "GET /categoria-produto/mercearia/?add-to-cart=2008&doing_wp_cron=1780335416.1361920833587646484375&orderby=menu_order HTTP/1.1" 200 61279 "-" "Mozilla/5.0 AppleWebKit/537.36 (KHTML, like Gecko; compatible; ClaudeBot/1.0; +claudebot@anthropic.com)"
89.154.45.121 - - [07/Jun/2026:00:05:01 +0200] "POST /wp-json/pum/v1/analytics/ HTTP/1.1" 204 0 "https://www.baudefruta.pt/?utm_source=meta&utm_campaign=reg24&fbclid=IwZXh0bgNhZW0BMABhZGlkAasyrkGcwaRzcnRjBmFwcF9pZAwzNTA2ODU1MzE3MjgAAR59IucTEWr--U1pDtdUCyOV4wiJW-lUDBlzxPLU82pIW27SnwatloHQLlxLVw_aem_xk48JUu7yeF-fX8uqzabDw&utm_medium=paid&utm_id=120245538772870644&utm_content=120245538772890644&utm_term=120245538772880644&doing_wp_cron=1780783497.1051819324493408203125" "Mozilla/5.0 (Linux; Android 16; Pixel 9a Build/CP1A.260505.005; wv) AppleWebKit/537.36 (KHTML, like Gecko) Version/4.0 Chrome/149.0.7827.83 Mobile Safari/537.36 [FB_IAB/FB4A;FBAV/564.0.0.48.74;IABMV/1;]"
94.154.239.69 - - [07/Jun/2026:00:05:04 +0200] "GET /carrinho/?remove_item=fe709c654eac84d5239d1a12a4f71877&_wpnonce=e047d895ce&doing_wp_cron=1716771204.0457749366760253906250 HTTP/1.1" 200 55600 "-" "Mozilla/5.0 (compatible; MJ12bot/v1.4.8; http://mj12bot.com/)"
216.73.217.54 - - [07/Jun/2026:00:05:04 +0200] "GET /loja/page/8/?add-to-cart=574&doing_wp_cron=1770738320.9674439430236816406250&orderby=menu_order HTTP/1.1" 200 61790 "-" "Mozilla/5.0 AppleWebKit/537.36 (KHTML, like Gecko; compatible; ClaudeBot/1.0; +claudebot@anthropic.com)"
89.154.45.121 - - [07/Jun/2026:00:05:06 +0200] "GET /loja HTTP/1.1" 301 5 "https://www.baudefruta.pt/?utm_source=meta&utm_campaign=reg24&fbclid=IwZXh0bgNhZW0BMABhZGlkAasyrkGcwaRzcnRjBmFwcF9pZAwzNTA2ODU1MzE3MjgAAR59IucTEWr--U1pDtdUCyOV4wiJW-lUDBlzxPLU82pIW27SnwatloHQLlxLVw_aem_xk48JUu7yeF-fX8uqzabDw&utm_medium=paid&utm_id=120245538772870644&utm_content=120245538772890644&utm_term=120245538772880644&doing_wp_cron=1780783497.1051819324493408203125" "Mozilla/5.0 (Linux; Android 16; Pixel 9a Build/CP1A.260505.005; wv) AppleWebKit/537.36 (KHTML, like Gecko) Version/4.0 Chrome/149.0.7827.83 Mobile Safari/537.36"
89.154.45.121 - - [07/Jun/2026:00:05:06 +0200] "GET /loja/ HTTP/1.1" 200 59079 "https://www.baudefruta.pt/?utm_source=meta&utm_campaign=reg24&fbclid=IwZXh0bgNhZW0BMABhZGlkAasyrkGcwaRzcnRjBmFwcF9pZAwzNTA2ODU1MzE3MjgAAR59IucTEWr--U1pDtdUCyOV4wiJW-lUDBlzxPLU82pIW27SnwatloHQLlxLVw_aem_xk48JUu7yeF-fX8uqzabDw&utm_medium=paid&utm_id=120245538772870644&utm_content=120245538772890644&utm_term=120245538772880644&doing_wp_cron=1780783497.1051819324493408203125" "Mozilla/5.0 (Linux; Android 16; Pixel 9a Build/CP1A.260505.005; wv) AppleWebKit/537.36 (KHTML, like Gecko) Version/4.0 Chrome/149.0.7827.83 Mobile Safari/537.36"
216.73.217.54 - - [07/Jun/2026:00:05:06 +0200] "GET /loja/page/2/?add-to-cart=4218&doing_wp_cron=1780259424.5276329517364501953125&orderby=popularity HTTP/1.1" 200 61995 "-" "Mozilla/5.0 AppleWebKit/537.36 (KHTML, like Gecko; compatible; ClaudeBot/1.0; +claudebot@anthropic.com)"
94.154.239.69 - - [07/Jun/2026:00:05:08 +0200] "GET /carrinho/?remove_item=fe709c654eac84d5239d1a12a4f71877&_wpnonce=e14851baf1 HTTP/1.1" 302 11 "-" "Mozilla/5.0 (compatible; MJ12bot/v1.4.8; http://mj12bot.com/)"
216.73.217.54 - - [07/Jun/2026:00:05:09 +0200] "GET /loja/page/11/?add-to-cart=643&doing_wp_cron=1780259424.5276329517364501953125&orderby=popularity HTTP/1.1" 200 62265 "-" "Mozilla/5.0 AppleWebKit/537.36 (KHTML, like Gecko; compatible; ClaudeBot/1.0; +claudebot@anthropic.com)"
89.154.45.121 - - [07/Jun/2026:00:05:10 +0200] "GET /produto/bau-tutti-frutti/ HTTP/1.1" 200 61158 "https://www.baudefruta.pt/?utm_source=meta&utm_campaign=reg24&fbclid=IwZXh0bgNhZW0BMABhZGlkAasyrkGcwaRzcnRjBmFwcF9pZAwzNTA2ODU1MzE3MjgAAR59IucTEWr--U1pDtdUCyOV4wiJW-lUDBlzxPLU82pIW27SnwatloHQLlxLVw_aem_xk48JUu7yeF-fX8uqzabDw&utm_medium=paid&utm_id=120245538772870644&utm_content=120245538772890644&utm_term=120245538772880644&doing_wp_cron=1780783497.1051819324493408203125" "Mozilla/5.0 (Linux; Android 16; Pixel 9a Build/CP1A.260505.005; wv) AppleWebKit/537.36 (KHTML, like Gecko) Version/4.0 Chrome/149.0.7827.83 Mobile Safari/537.36"
216.73.217.54 - - [07/Jun/2026:00:05:12 +0200] "GET /loja/page/7/?add-to-cart=670&doing_wp_cron=1780388636.6831140518188476562500&orderby=menu_order HTTP/1.1" 200 62503 "-" "Mozilla/5.0 AppleWebKit/537.36 (KHTML, like Gecko; compatible; ClaudeBot/1.0; +claudebot@anthropic.com)"
94.154.239.69 - - [07/Jun/2026:00:05:12 +0200] "GET /carrinho/?remove_item=fe709c654eac84d5239d1a12a4f71877&_wpnonce=e14851baf1&doing_wp_cron=1780783508.6011331081390380859375 HTTP/1.1" 200 55602 "-" "Mozilla/5.0 (compatible; MJ12bot/v1.4.8; http://mj12bot.com/)"
89.154.45.121 - - [07/Jun/2026:00:05:13 +0200] "GET /produto/bau-economico/ HTTP/1.1" 200 62717 "https://www.baudefruta.pt/?utm_source=meta&utm_campaign=reg24&fbclid=IwZXh0bgNhZW0BMABhZGlkAasyrkGcwaRzcnRjBmFwcF9pZAwzNTA2ODU1MzE3MjgAAR59IucTEWr--U1pDtdUCyOV4wiJW-lUDBlzxPLU82pIW27SnwatloHQLlxLVw_aem_xk48JUu7yeF-fX8uqzabDw&utm_medium=paid&utm_id=120245538772870644&utm_content=120245538772890644&utm_term=120245538772880644&doing_wp_cron=1780783497.1051819324493408203125" "Mozilla/5.0 (Linux; Android 16; Pixel 9a Build/CP1A.260505.005; wv) AppleWebKit/537.36 (KHTML, like Gecko) Version/4.0 Chrome/149.0.7827.83 Mobile Safari/537.36"
216.73.217.54 - - [07/Jun/2026:00:05:15 +0200] "GET /categoria-produto/mercearia/?add-to-cart=751&doing_wp_cron=1780216489.1260809898376464843750&orderby=menu_order HTTP/1.1" 200 62457 "-" "Mozilla/5.0 AppleWebKit/537.36 (KHTML, like Gecko; compatible; ClaudeBot/1.0; +claudebot@anthropic.com)"
94.154.239.69 - - [07/Jun/2026:00:05:17 +0200] "GET /carrinho/?remove_item=ffeabd223de0d4eacb9a3e6e53e5448d&_wpnonce=3ec8015dda HTTP/1.1" 200 55555 "-" "Mozilla/5.0 (compatible; MJ12bot/v1.4.8; http://mj12bot.com/)"
89.154.45.121 - - [07/Jun/2026:00:05:17 +0200] "GET /produto/bau-de-hortalica/ HTTP/1.1" 200 61671 "https://www.baudefruta.pt/?utm_source=meta&utm_campaign=reg24&fbclid=IwZXh0bgNhZW0BMABhZGlkAasyrkGcwaRzcnRjBmFwcF9pZAwzNTA2ODU1MzE3MjgAAR59IucTEWr--U1pDtdUCyOV4wiJW-lUDBlzxPLU82pIW27SnwatloHQLlxLVw_aem_xk48JUu7yeF-fX8uqzabDw&utm_medium=paid&utm_id=120245538772870644&utm_content=120245538772890644&utm_term=120245538772880644&doing_wp_cron=1780783497.1051819324493408203125" "Mozilla/5.0 (Linux; Android 16; Pixel 9a Build/CP1A.260505.005; wv) AppleWebKit/537.36 (KHTML, like Gecko) Version/4.0 Chrome/149.0.7827.83 Mobile Safari/537.36"
216.73.217.54 - - [07/Jun/2026:00:05:18 +0200] "GET /loja/page/5/?add-to-cart=821&doing_wp_cron=1780066683.4503800868988037109375&orderby=date HTTP/1.1" 200 62918 "-" "Mozilla/5.0 AppleWebKit/537.36 (KHTML, like Gecko; compatible; ClaudeBot/1.0; +claudebot@anthropic.com)"
89.154.45.121 - - [07/Jun/2026:00:05:19 +0200] "GET /produto/nectarina-ii/ HTTP/1.1" 200 57243 "https://www.baudefruta.pt/?utm_source=meta&utm_campaign=reg24&fbclid=IwZXh0bgNhZW0BMABhZGlkAasyrkGcwaRzcnRjBmFwcF9pZAwzNTA2ODU1MzE3MjgAAR59IucTEWr--U1pDtdUCyOV4wiJW-lUDBlzxPLU82pIW27SnwatloHQLlxLVw_aem_xk48JUu7yeF-fX8uqzabDw&utm_medium=paid&utm_id=120245538772870644&utm_content=120245538772890644&utm_term=120245538772880644&doing_wp_cron=1780783497.1051819324493408203125" "Mozilla/5.0 (Linux; Android 16; Pixel 9a Build/CP1A.260505.005; wv) AppleWebKit/537.36 (KHTML, like Gecko) Version/4.0 Chrome/149.0.7827.83 Mobile Safari/537.36"
94.154.239.69 - - [07/Jun/2026:00:05:21 +0200] "GET /carrinho/?remove_item=ffeabd223de0d4eacb9a3e6e53e5448d&_wpnonce=571a25659e&doing_wp_cron=1683573534.9562630653381347656250 HTTP/1.1" 200 55605 "-" "Mozilla/5.0 (compatible; MJ12bot/v1.4.8; http://mj12bot.com/)"
216.73.217.54 - - [07/Jun/2026:00:05:21 +0200] "GET /loja/page/10/?add-to-cart=3519&doing_wp_cron=1780319098.8176429271697998046875&orderby=menu_order HTTP/1.1" 200 63161 "-" "Mozilla/5.0 AppleWebKit/537.36 (KHTML, like Gecko; compatible; ClaudeBot/1.0; +claudebot@anthropic.com)"
89.154.45.121 - - [07/Jun/2026:00:05:23 +0200] "GET /produto/alface-aromatica-125gr/ HTTP/1.1" 200 57247 "https://www.baudefruta.pt/?utm_source=meta&utm_campaign=reg24&fbclid=IwZXh0bgNhZW0BMABhZGlkAasyrkGcwaRzcnRjBmFwcF9pZAwzNTA2ODU1MzE3MjgAAR59IucTEWr--U1pDtdUCyOV4wiJW-lUDBlzxPLU82pIW27SnwatloHQLlxLVw_aem_xk48JUu7yeF-fX8uqzabDw&utm_medium=paid&utm_id=120245538772870644&utm_content=120245538772890644&utm_term=120245538772880644&doing_wp_cron=1780783497.1051819324493408203125" "Mozilla/5.0 (Linux; Android 16; Pixel 9a Build/CP1A.260505.005; wv) AppleWebKit/537.36 (KHTML, like Gecko) Version/4.0 Chrome/149.0.7827.83 Mobile Safari/537.36"
89.154.45.121 - - [07/Jun/2026:00:05:24 +0200] "GET /produto/gengibre/ HTTP/1.1" 200 57186 "https://www.baudefruta.pt/?utm_source=meta&utm_campaign=reg24&fbclid=IwZXh0bgNhZW0BMABhZGlkAasyrkGcwaRzcnRjBmFwcF9pZAwzNTA2ODU1MzE3MjgAAR59IucTEWr--U1pDtdUCyOV4wiJW-lUDBlzxPLU82pIW27SnwatloHQLlxLVw_aem_xk48JUu7yeF-fX8uqzabDw&utm_medium=paid&utm_id=120245538772870644&utm_content=120245538772890644&utm_term=120245538772880644&doing_wp_cron=1780783497.1051819324493408203125" "Mozilla/5.0 (Linux; Android 16; Pixel 9a Build/CP1A.260505.005; wv) AppleWebKit/537.36 (KHTML, like Gecko) Version/4.0 Chrome/149.0.7827.83 Mobile Safari/537.36"
216.73.217.54 - - [07/Jun/2026:00:05:24 +0200] "GET /loja/page/8/?add-to-cart=583&doing_wp_cron=1780207778.1771409511566162109375&orderby=popularity HTTP/1.1" 200 63614 "-" "Mozilla/5.0 AppleWebKit/537.36 (KHTML, like Gecko; compatible; ClaudeBot/1.0; +claudebot@anthropic.com)"
94.154.239.69 - - [07/Jun/2026:00:05:25 +0200] "GET /carrinho/?remove_item=ffeabd223de0d4eacb9a3e6e53e5448d&_wpnonce=571a25659e&doing_wp_cron=1686203487.6563620567321777343750 HTTP/1.1" 200 55604 "-" "Mozilla/5.0 (compatible; MJ12bot/v1.4.8; http://mj12bot.com/)"
89.154.45.121 - - [07/Jun/2026:00:05:26 +0200] "GET /produto/hortela/ HTTP/1.1" 200 57234 "https://www.baudefruta.pt/?utm_source=meta&utm_campaign=reg24&fbclid=IwZXh0bgNhZW0BMABhZGlkAasyrkGcwaRzcnRjBmFwcF9pZAwzNTA2ODU1MzE3MjgAAR59IucTEWr--U1pDtdUCyOV4wiJW-lUDBlzxPLU82pIW27SnwatloHQLlxLVw_aem_xk48JUu7yeF-fX8uqzabDw&utm_medium=paid&utm_id=120245538772870644&utm_content=120245538772890644&utm_term=120245538772880644&doing_wp_cron=1780783497.1051819324493408203125" "Mozilla/5.0 (Linux; Android 16; Pixel 9a Build/CP1A.260505.005; wv) AppleWebKit/537.36 (KHTML, like Gecko) Version/4.0 Chrome/149.0.7827.83 Mobile Safari/537.36"
89.154.45.121 - - [07/Jun/2026:00:05:26 +0200] "GET /produto/bau-de-fruticolas/ HTTP/1.1" 200 62311 "https://www.baudefruta.pt/?utm_source=meta&utm_campaign=reg24&fbclid=IwZXh0bgNhZW0BMABhZGlkAasyrkGcwaRzcnRjBmFwcF9pZAwzNTA2ODU1MzE3MjgAAR59IucTEWr--U1pDtdUCyOV4wiJW-lUDBlzxPLU82pIW27SnwatloHQLlxLVw_aem_xk48JUu7yeF-fX8uqzabDw&utm_medium=paid&utm_id=120245538772870644&utm_content=120245538772890644&utm_term=120245538772880644&doing_wp_cron=1780783497.1051819324493408203125" "Mozilla/5.0 (Linux; Android 16; Pixel 9a Build/CP1A.260505.005; wv) AppleWebKit/537.36 (KHTML, like Gecko) Version/4.0 Chrome/149.0.7827.83 Mobile Safari/537.36"
216.73.217.54 - - [07/Jun/2026:00:05:27 +0200] "GET /loja/page/10/?add-to-cart=1728&doing_wp_cron=1780555436.5701129436492919921875&orderby=popularity HTTP/1.1" 200 63915 "-" "Mozilla/5.0 AppleWebKit/537.36 (KHTML, like Gecko; compatible; ClaudeBot/1.0; +claudebot@anthropic.com)"
178.16.52.137 - - [07/Jun/2026:00:05:28 +0200] "POST /wp-login.php?action=register HTTP/1.1" 403 146 "-" "-"
94.154.239.69 - - [07/Jun/2026:00:05:29 +0200] "GET /carrinho/?remove_item=ffeabd223de0d4eacb9a3e6e53e5448d&_wpnonce=571a25659e&doing_wp_cron=1724012354.6412270069122314453125 HTTP/1.1" 200 55594 "-" "Mozilla/5.0 (compatible; MJ12bot/v1.4.8; http://mj12bot.com/)"
216.73.217.54 - - [07/Jun/2026:00:05:30 +0200] "GET /loja/page/8/?add-to-cart=502&doing_wp_cron=1780445098.1589419841766357421875&orderby=menu_order HTTP/1.1" 200 63517 "-" "Mozilla/5.0 AppleWebKit/537.36 (KHTML, like Gecko; compatible; ClaudeBot/1.0; +claudebot@anthropic.com)"
216.73.217.54 - - [07/Jun/2026:00:05:33 +0200] "GET /loja/page/7/?add-to-cart=1541&doing_wp_cron=1780259424.5276329517364501953125&orderby=menu_order HTTP/1.1" 200 63767 "-" "Mozilla/5.0 AppleWebKit/537.36 (KHTML, like Gecko; compatible; ClaudeBot/1.0; +claudebot@anthropic.com)"
94.154.239.69 - - [07/Jun/2026:00:05:34 +0200] "GET /carrinho/?remove_item=ffeabd223de0d4eacb9a3e6e53e5448d&_wpnonce=5a42514554&doing_wp_cron=1686307828.3352789878845214843750 HTTP/1.1" 200 55605 "-" "Mozilla/5.0 (compatible; MJ12bot/v1.4.8; http://mj12bot.com/)"
216.73.217.54 - - [07/Jun/2026:00:05:36 +0200] "GET /loja/page/5/?add-to-cart=706&doing_wp_cron=1780319098.8176429271697998046875&orderby=date HTTP/1.1" 200 64007 "-" "Mozilla/5.0 AppleWebKit/537.36 (KHTML, like Gecko; compatible; ClaudeBot/1.0; +claudebot@anthropic.com)"
94.154.239.69 - - [07/Jun/2026:00:05:37 +0200] "GET /carrinho/?remove_item=ffeabd223de0d4eacb9a3e6e53e5448d&_wpnonce=5c360c0d42 HTTP/1.1" 302 11 "-" "Mozilla/5.0 (compatible; MJ12bot/v1.4.8; http://mj12bot.com/)"
216.73.217.54 - - [07/Jun/2026:00:05:39 +0200] "GET /loja/page/7/?add-to-cart=585&doing_wp_cron=1724760408.5467429161071777343750&orderby=menu_order HTTP/1.1" 200 64174 "-" "Mozilla/5.0 AppleWebKit/537.36 (KHTML, like Gecko; compatible; ClaudeBot/1.0; +claudebot@anthropic.com)"
94.154.239.69 - - [07/Jun/2026:00:05:42 +0200] "GET /carrinho/?remove_item=ffeabd223de0d4eacb9a3e6e53e5448d&_wpnonce=5c360c0d42&doing_wp_cron=1780783537.8754200935363769531250 HTTP/1.1" 200 55600 "-" "Mozilla/5.0 (compatible; MJ12bot/v1.4.8; http://mj12bot.com/)"
138.199.143.30 - - [07/Jun/2026:00:05:42 +0200] "GET / HTTP/1.1" 200 61398 "-" "Mozilla/5.0 (Windows NT 10.0; Win64; x64) AppleWebKit/537.36 (KHTML, like Gecko) Chrome/116.0.0.0 Safari/537.36"
216.73.217.54 - - [07/Jun/2026:00:05:43 +0200] "GET /loja/page/5/?add-to-cart=788&doing_wp_cron=1780505541.2122659683227539062500&orderby=date HTTP/1.1" 200 61165 "-" "Mozilla/5.0 AppleWebKit/537.36 (KHTML, like Gecko; compatible; ClaudeBot/1.0; +claudebot@anthropic.com)"
40.77.167.131 - - [07/Jun/2026:00:05:44 +0200] "POST /wp-json/pum/v1/analytics HTTP/1.1" 204 0 "https://www.baudefruta.pt/categoria-produto/frescos/" "Mozilla/5.0 AppleWebKit/537.36 (KHTML, like Gecko; compatible; bingbot/2.0; +http://www.bing.com/bingbot.htm) Chrome/136.0.0.0 Safari/537.36 AppleWebKit/537.36 (KHTML, like Gecko; compatible; bingbot/2.0; +http://www.bing.com/bingbot.htm) Chrome/116.0.1938.76 Safari/537.36"
216.73.217.54 - - [07/Jun/2026:00:05:46 +0200] "GET /loja/page/3/?add-to-cart=484&doing_wp_cron=1780388658.8284630775451660156250&orderby=menu_order HTTP/1.1" 200 61051 "-" "Mozilla/5.0 AppleWebKit/537.36 (KHTML, like Gecko; compatible; ClaudeBot/1.0; +claudebot@anthropic.com)"
94.154.239.69 - - [07/Jun/2026:00:05:46 +0200] "GET /carrinho/?remove_item=ffeed84c7cb1ae7bf4ec4bd78275bb98&_wpnonce=80376a3010&doing_wp_cron=1743142358.7463829517364501953125 HTTP/1.1" 200 55602 "-" "Mozilla/5.0 (compatible; MJ12bot/v1.4.8; http://mj12bot.com/)"
216.73.217.54 - - [07/Jun/2026:00:05:49 +0200] "GET /loja/page/7/?add-to-cart=643&doing_wp_cron=1780410981.3310050964355468750000&orderby=date HTTP/1.1" 200 61566 "-" "Mozilla/5.0 AppleWebKit/537.36 (KHTML, like Gecko; compatible; ClaudeBot/1.0; +claudebot@anthropic.com)"
89.154.45.121 - - [07/Jun/2026:00:05:50 +0200] "GET /categoria-produto/baus/ HTTP/1.1" 200 55292 "https://www.baudefruta.pt/?utm_source=meta&utm_campaign=reg24&fbclid=IwZXh0bgNhZW0BMABhZGlkAasyrkGcwaRzcnRjBmFwcF9pZAwzNTA2ODU1MzE3MjgAAR59IucTEWr--U1pDtdUCyOV4wiJW-lUDBlzxPLU82pIW27SnwatloHQLlxLVw_aem_xk48JUu7yeF-fX8uqzabDw&utm_medium=paid&utm_id=120245538772870644&utm_content=120245538772890644&utm_term=120245538772880644&doing_wp_cron=1780783497.1051819324493408203125" "Mozilla/5.0 (Linux; Android 16; Pixel 9a Build/CP1A.260505.005; wv) AppleWebKit/537.36 (KHTML, like Gecko) Version/4.0 Chrome/149.0.7827.83 Mobile Safari/537.36"
216.73.217.54 - - [07/Jun/2026:00:05:52 +0200] "GET /loja/page/5/?add-to-cart=817&doing_wp_cron=1780638078.6479001045227050781250&orderby=date HTTP/1.1" 200 61837 "-" "Mozilla/5.0 AppleWebKit/537.36 (KHTML, like Gecko; compatible; ClaudeBot/1.0; +claudebot@anthropic.com)"
94.154.239.69 - - [07/Jun/2026:00:05:52 +0200] "GET /categoria-produto/frescos/?add-to-cart=1539&orderby=price&doing_wp_cron=1780743988.9837200641632080078125 HTTP/1.1" 200 60617 "-" "Mozilla/5.0 (compatible; MJ12bot/v1.4.8; http://mj12bot.com/)"
114.119.150.140 - - [07/Jun/2026:00:05:53 +0200] "GET /loja/page/6/?orderby=date&doing_wp_cron=1741627212.7757070064544677734375 HTTP/1.1" 200 60323 "https://www.baudefruta.pt/loja/page/6?orderby=price&doing_wp_cron=1741627212.7757070064544677734375" "Mozilla/5.0 (Linux; Android 7.0;) AppleWebKit/537.36 (KHTML, like Gecko) Mobile Safari/537.36 (compatible; PetalBot;+https://webmaster.petalsearch.com/site/petalbot)"
47.79.15.6 - - [07/Jun/2026:00:05:54 +0200] "GET /produto/manjericao-100gr/?add-to-cart=600&doing_wp_cron=1735112146.3431661128997802734375 HTTP/1.1" 200 59249 "-" "Mozilla/5.0 (Macintosh; Intel Mac OS X 10_15_7) AppleWebKit/537.36 (KHTML, like Gecko) Chrome/146.0.0.0 Safari/537.36"
89.154.45.121 - - [07/Jun/2026:00:05:54 +0200] "GET /produto/bau-tutti-frutti/ HTTP/1.1" 304 0 "https://www.baudefruta.pt/?utm_source=meta&utm_campaign=reg24&fbclid=IwZXh0bgNhZW0BMABhZGlkAasyrkGcwaRzcnRjBmFwcF9pZAwzNTA2ODU1MzE3MjgAAR59IucTEWr--U1pDtdUCyOV4wiJW-lUDBlzxPLU82pIW27SnwatloHQLlxLVw_aem_xk48JUu7yeF-fX8uqzabDw&utm_medium=paid&utm_id=120245538772870644&utm_content=120245538772890644&utm_term=120245538772880644&doing_wp_cron=1780783497.1051819324493408203125" "Mozilla/5.0 (Linux; Android 16; Pixel 9a Build/CP1A.260505.005; wv) AppleWebKit/537.36 (KHTML, like Gecko) Version/4.0 Chrome/149.0.7827.83 Mobile Safari/537.36"
216.73.217.54 - - [07/Jun/2026:00:05:55 +0200] "GET /produto/tamara-medjoul-large/?add-to-cart=699&doing_wp_cron=1780464078.8784830570220947265625 HTTP/1.1" 200 60216 "-" "Mozilla/5.0 AppleWebKit/537.36 (KHTML, like Gecko; compatible; ClaudeBot/1.0; +claudebot@anthropic.com)"
47.128.42.95 - - [07/Jun/2026:00:05:56 +0200] "GET /loja/page/4/?doing_wp_cron=1779703860.0695960521697998046875&orderby=date HTTP/1.1" 200 60604 "-" "Mozilla/5.0 (Linux; Android 5.0) AppleWebKit/537.36 (KHTML, like Gecko) Mobile Safari/537.36 (compatible; Bytespider; spider-feedback@bytedance.com)"
47.128.42.95 - - [07/Jun/2026:00:05:58 +0200] "GET /wp-content/uploads/2021/08/CR001.jpg HTTP/1.1" 206 500 "https://www.baudefruta.pt/loja/page/4/?doing_wp_cron=1779703860.0695960521697998046875&orderby=date" "Mozilla/5.0 (Linux; Android 5.0) AppleWebKit/537.36 (KHTML, like Gecko) Mobile Safari/537.36 (compatible; Bytespider; spider-feedback@bytedance.com)"
216.73.217.54 - - [07/Jun/2026:00:05:58 +0200] "GET /loja/page/10/?add-to-cart=737&doing_wp_cron=1780247694.3308169841766357421875&orderby=date HTTP/1.1" 200 61744 "-" "Mozilla/5.0 AppleWebKit/537.36 (KHTML, like Gecko; compatible; ClaudeBot/1.0; +claudebot@anthropic.com)"
47.128.42.95 - - [07/Jun/2026:00:05:58 +0200] "GET /wp-content/uploads/2021/07/ESTN001-estrelinha-nacional-uai-787x787.jpg HTTP/1.1" 206 500 "https://www.baudefruta.pt/loja/page/4/?doing_wp_cron=1779703860.0695960521697998046875&orderby=date" "Mozilla/5.0 (Linux; Android 5.0) AppleWebKit/537.36 (KHTML, like Gecko) Mobile Safari/537.36 (compatible; Bytespider; spider-feedback@bytedance.com)"
94.154.239.69 - - [07/Jun/2026:00:05:58 +0200] "GET /categoria-produto/frescos/?add-to-cart=1540&orderby=price&doing_wp_cron=1780743988.9837200641632080078125 HTTP/1.1" 200 60583 "-" "Mozilla/5.0 (compatible; MJ12bot/v1.4.8; http://mj12bot.com/)"
47.128.42.95 - - [07/Jun/2026:00:05:58 +0200] "GET /wp-content/uploads/2021/07/ESPN001-espirais-nacional-uai-787x787.jpg HTTP/1.1" 206 500 "https://www.baudefruta.pt/loja/page/4/?doing_wp_cron=1779703860.0695960521697998046875&orderby=date" "Mozilla/5.0 (Linux; Android 5.0) AppleWebKit/537.36 (KHTML, like Gecko) Mobile Safari/537.36 (compatible; Bytespider; spider-feedback@bytedance.com)"
47.128.42.95 - - [07/Jun/2026:00:05:59 +0200] "GET /wp-content/uploads/2021/05/bau_livroreclamacoes.svg HTTP/1.1" 206 500 "https://www.baudefruta.pt/loja/page/4/?doing_wp_cron=1779703860.0695960521697998046875&orderby=date" "Mozilla/5.0 (Linux; Android 5.0) AppleWebKit/537.36 (KHTML, like Gecko) Mobile Safari/537.36 (compatible; Bytespider; spider-feedback@bytedance.com)"
47.128.42.95 - - [07/Jun/2026:00:05:59 +0200] "GET /wp-content/uploads/2021/07/bau_mb_mbway.svg HTTP/1.1" 206 500 "https://www.baudefruta.pt/loja/page/4/?doing_wp_cron=1779703860.0695960521697998046875&orderby=date" "Mozilla/5.0 (Linux; Android 5.0) AppleWebKit/537.36 (KHTML, like Gecko) Mobile Safari/537.36 (compatible; Bytespider; spider-feedback@bytedance.com)"
47.128.42.95 - - [07/Jun/2026:00:05:59 +0200] "GET /wp-content/uploads/2021/08/CR001.jpg HTTP/1.1" 304 0 "https://www.baudefruta.pt/loja/page/4/?doing_wp_cron=1779703860.0695960521697998046875&orderby=date" "Mozilla/5.0 (Linux; Android 5.0) AppleWebKit/537.36 (KHTML, like Gecko) Mobile Safari/537.36 (compatible; Bytespider; spider-feedback@bytedance.com)"
47.128.42.95 - - [07/Jun/2026:00:05:59 +0200] "GET /wp-content/uploads/2021/05/bau_livroreclamacoes.svg HTTP/1.1" 304 0 "https://www.baudefruta.pt/loja/page/4/?doing_wp_cron=1779703860.0695960521697998046875&orderby=date" "Mozilla/5.0 (Linux; Android 5.0) AppleWebKit/537.36 (KHTML, like Gecko) Mobile Safari/537.36 (compatible; Bytespider; spider-feedback@bytedance.com)"
143.20.97.223 - - [07/Jun/2026:00:05:59 +0200] "GET / HTTP/1.1" 302 102 "-" "Mozilla/5.0 (Windows NT 10.0; Win64; x64) AppleWebKit/537.36 (KHTML, like Gecko) Chrome/130.0.0.0 Safari/537.36"
47.128.42.95 - - [07/Jun/2026:00:05:59 +0200] "GET /wp-content/uploads/2021/07/bau_mb_mbway.svg HTTP/1.1" 304 0 "https://www.baudefruta.pt/loja/page/4/?doing_wp_cron=1779703860.0695960521697998046875&orderby=date" "Mozilla/5.0 (Linux; Android 5.0) AppleWebKit/537.36 (KHTML, like Gecko) Mobile Safari/537.36 (compatible; Bytespider; spider-feedback@bytedance.com)"
47.128.42.95 - - [07/Jun/2026:00:05:59 +0200] "GET /wp-content/uploads/2021/08/CR001.jpg HTTP/1.1" 206 84039 "https://www.baudefruta.pt/loja/page/4/?doing_wp_cron=1779703860.0695960521697998046875&orderby=date" "Mozilla/5.0 (Linux; Android 5.0) AppleWebKit/537.36 (KHTML, like Gecko) Mobile Safari/537.36 (compatible; Bytespider; spider-feedback@bytedance.com)"
47.128.42.95 - - [07/Jun/2026:00:05:59 +0200] "GET /wp-content/uploads/2021/05/bau_livroreclamacoes.svg HTTP/1.1" 200 2886 "https://www.baudefruta.pt/loja/page/4/?doing_wp_cron=1779703860.0695960521697998046875&orderby=date" "Mozilla/5.0 (Linux; Android 5.0) AppleWebKit/537.36 (KHTML, like Gecko) Mobile Safari/537.36 (compatible; Bytespider; spider-feedback@bytedance.com)"
47.128.42.95 - - [07/Jun/2026:00:05:59 +0200] "GET /wp-content/uploads/2021/07/bau_mb_mbway.svg HTTP/1.1" 200 5318 "https://www.baudefruta.pt/loja/page/4/?doing_wp_cron=1779703860.0695960521697998046875&orderby=date" "Mozilla/5.0 (Linux; Android 5.0) AppleWebKit/537.36 (KHTML, like Gecko) Mobile Safari/537.36 (compatible; Bytespider; spider-feedback@bytedance.com)"
89.154.45.121 - - [07/Jun/2026:00:05:59 +0200] "GET /wp-content/themes/uncode/library/img/oval-anim-dark.svg HTTP/1.1" 200 1073 "https://www.baudefruta.pt/wp-content/themes/uncode/library/css/woocommerce.css?ver=2133338378" "Mozilla/5.0 (Linux; Android 16; Pixel 9a Build/CP1A.260505.005; wv) AppleWebKit/537.36 (KHTML, like Gecko) Version/4.0 Chrome/149.0.7827.83 Mobile Safari/537.36 [FB_IAB/FB4A;FBAV/564.0.0.48.74;IABMV/1;]"
89.154.45.121 - - [07/Jun/2026:00:06:00 +0200] "POST /?wc-ajax=add_to_cart HTTP/1.1" 200 1236 "https://www.baudefruta.pt/?utm_source=meta&utm_campaign=reg24&fbclid=IwZXh0bgNhZW0BMABhZGlkAasyrkGcwaRzcnRjBmFwcF9pZAwzNTA2ODU1MzE3MjgAAR59IucTEWr--U1pDtdUCyOV4wiJW-lUDBlzxPLU82pIW27SnwatloHQLlxLVw_aem_xk48JUu7yeF-fX8uqzabDw&utm_medium=paid&utm_id=120245538772870644&utm_content=120245538772890644&utm_term=120245538772880644&doing_wp_cron=1780783497.1051819324493408203125" "Mozilla/5.0 (Linux; Android 16; Pixel 9a Build/CP1A.260505.005; wv) AppleWebKit/537.36 (KHTML, like Gecko) Version/4.0 Chrome/149.0.7827.83 Mobile Safari/537.36 [FB_IAB/FB4A;FBAV/564.0.0.48.74;IABMV/1;]"
85.243.187.161 - - [07/Jun/2026:00:06:00 +0200] "GET /wp-content/uploads/2021/06/LJ001-laranja-1.jpg HTTP/1.1" 200 23373 "https://www.google.pt/" "Mozilla/5.0 (Windows NT 10.0; Win64; x64) AppleWebKit/537.36 (KHTML, like Gecko) Chrome/148.0.0.0 Safari/537.36"
143.20.97.223 - - [07/Jun/2026:00:06:00 +0200] "GET /?doing_wp_cron=1780783559.4719250202178955078125 HTTP/1.1" 301 5 "https://baudefruta.pt" "Mozilla/5.0 (Windows NT 10.0; Win64; x64) AppleWebKit/537.36 (KHTML, like Gecko) Chrome/130.0.0.0 Safari/537.36"
216.73.217.54 - - [07/Jun/2026:00:06:01 +0200] "GET /categoria-produto/mercearia/?add-to-cart=895&doing_wp_cron=1780232829.3746149539947509765625&orderby=popularity HTTP/1.1" 200 62626 "-" "Mozilla/5.0 AppleWebKit/537.36 (KHTML, like Gecko; compatible; ClaudeBot/1.0; +claudebot@anthropic.com)"
89.154.45.121 - - [07/Jun/2026:00:06:01 +0200] "POST /wp-admin/admin-ajax.php HTTP/1.1" 200 1270 "https://www.baudefruta.pt/?utm_source=meta&utm_campaign=reg24&fbclid=IwZXh0bgNhZW0BMABhZGlkAasyrkGcwaRzcnRjBmFwcF9pZAwzNTA2ODU1MzE3MjgAAR59IucTEWr--U1pDtdUCyOV4wiJW-lUDBlzxPLU82pIW27SnwatloHQLlxLVw_aem_xk48JUu7yeF-fX8uqzabDw&utm_medium=paid&utm_id=120245538772870644&utm_content=120245538772890644&utm_term=120245538772880644&doing_wp_cron=1780783497.1051819324493408203125" "Mozilla/5.0 (Linux; Android 16; Pixel 9a Build/CP1A.260505.005; wv) AppleWebKit/537.36 (KHTML, like Gecko) Version/4.0 Chrome/149.0.7827.83 Mobile Safari/537.36 [FB_IAB/FB4A;FBAV/564.0.0.48.74;IABMV/1;]"
89.154.45.121 - - [07/Jun/2026:00:06:01 +0200] "GET /wp-content/uploads/2021/05/bau_produto-tutti-2-300x300.jpg HTTP/1.1" 200 17814 "https://www.baudefruta.pt/?utm_source=meta&utm_campaign=reg24&fbclid=IwZXh0bgNhZW0BMABhZGlkAasyrkGcwaRzcnRjBmFwcF9pZAwzNTA2ODU1MzE3MjgAAR59IucTEWr--U1pDtdUCyOV4wiJW-lUDBlzxPLU82pIW27SnwatloHQLlxLVw_aem_xk48JUu7yeF-fX8uqzabDw&utm_medium=paid&utm_id=120245538772870644&utm_content=120245538772890644&utm_term=120245538772880644&doing_wp_cron=1780783497.1051819324493408203125" "Mozilla/5.0 (Linux; Android 16; Pixel 9a Build/CP1A.260505.005; wv) AppleWebKit/537.36 (KHTML, like Gecko) Version/4.0 Chrome/149.0.7827.83 Mobile Safari/537.36 [FB_IAB/FB4A;FBAV/564.0.0.48.74;IABMV/1;]"
89.154.45.121 - - [07/Jun/2026:00:06:01 +0200] "GET /wp-content/uploads/2021/06/BN001-banana.jpg HTTP/1.1" 200 12064 "https://www.baudefruta.pt/?utm_source=meta&utm_campaign=reg24&fbclid=IwZXh0bgNhZW0BMABhZGlkAasyrkGcwaRzcnRjBmFwcF9pZAwzNTA2ODU1MzE3MjgAAR59IucTEWr--U1pDtdUCyOV4wiJW-lUDBlzxPLU82pIW27SnwatloHQLlxLVw_aem_xk48JUu7yeF-fX8uqzabDw&utm_medium=paid&utm_id=120245538772870644&utm_content=120245538772890644&utm_term=120245538772880644&doing_wp_cron=1780783497.1051819324493408203125" "Mozilla/5.0 (Linux; Android 16; Pixel 9a Build/CP1A.260505.005; wv) AppleWebKit/537.36 (KHTML, like Gecko) Version/4.0 Chrome/149.0.7827.83 Mobile Safari/537.36 [FB_IAB/FB4A;FBAV/564.0.0.48.74;IABMV/1;]"
89.154.45.121 - - [07/Jun/2026:00:06:01 +0200] "GET /wp-content/uploads/2021/06/LJ001-laranja-1-300x300.jpg HTTP/1.1" 200 15223 "https://www.baudefruta.pt/?utm_source=meta&utm_campaign=reg24&fbclid=IwZXh0bgNhZW0BMABhZGlkAasyrkGcwaRzcnRjBmFwcF9pZAwzNTA2ODU1MzE3MjgAAR59IucTEWr--U1pDtdUCyOV4wiJW-lUDBlzxPLU82pIW27SnwatloHQLlxLVw_aem_xk48JUu7yeF-fX8uqzabDw&utm_medium=paid&utm_id=120245538772870644&utm_content=120245538772890644&utm_term=120245538772880644&doing_wp_cron=1780783497.1051819324493408203125" "Mozilla/5.0 (Linux; Android 16; Pixel 9a Build/CP1A.260505.005; wv) AppleWebKit/537.36 (KHTML, like Gecko) Version/4.0 Chrome/149.0.7827.83 Mobile Safari/537.36 [FB_IAB/FB4A;FBAV/564.0.0.48.74;IABMV/1;]"
89.154.45.121 - - [07/Jun/2026:00:06:01 +0200] "GET /wp-content/uploads/2021/06/PR001-pera-rocha-300x300.jpg HTTP/1.1" 200 7752 "https://www.baudefruta.pt/?utm_source=meta&utm_campaign=reg24&fbclid=IwZXh0bgNhZW0BMABhZGlkAasyrkGcwaRzcnRjBmFwcF9pZAwzNTA2ODU1MzE3MjgAAR59IucTEWr--U1pDtdUCyOV4wiJW-lUDBlzxPLU82pIW27SnwatloHQLlxLVw_aem_xk48JUu7yeF-fX8uqzabDw&utm_medium=paid&utm_id=120245538772870644&utm_content=120245538772890644&utm_term=120245538772880644&doing_wp_cron=1780783497.1051819324493408203125" "Mozilla/5.0 (Linux; Android 16; Pixel 9a Build/CP1A.260505.005; wv) AppleWebKit/537.36 (KHTML, like Gecko) Version/4.0 Chrome/149.0.7827.83 Mobile Safari/537.36 [FB_IAB/FB4A;FBAV/564.0.0.48.74;IABMV/1;]"
89.154.45.121 - - [07/Jun/2026:00:06:01 +0200] "GET /wp-content/uploads/2021/06/MPV001-manga-300x300.jpg HTTP/1.1" 200 9564 "https://www.baudefruta.pt/?utm_source=meta&utm_campaign=reg24&fbclid=IwZXh0bgNhZW0BMABhZGlkAasyrkGcwaRzcnRjBmFwcF9pZAwzNTA2ODU1MzE3MjgAAR59IucTEWr--U1pDtdUCyOV4wiJW-lUDBlzxPLU82pIW27SnwatloHQLlxLVw_aem_xk48JUu7yeF-fX8uqzabDw&utm_medium=paid&utm_id=120245538772870644&utm_content=120245538772890644&utm_term=120245538772880644&doing_wp_cron=1780783497.1051819324493408203125" "Mozilla/5.0 (Linux; Android 16; Pixel 9a Build/CP1A.260505.005; wv) AppleWebKit/537.36 (KHTML, like Gecko) Version/4.0 Chrome/149.0.7827.83 Mobile Safari/537.36 [FB_IAB/FB4A;FBAV/564.0.0.48.74;IABMV/1;]"
89.154.45.121 - - [07/Jun/2026:00:06:01 +0200] "GET /wp-content/uploads/2022/05/Maca-Fuji.jpg HTTP/1.1" 200 63139 "https://www.baudefruta.pt/?utm_source=meta&utm_campaign=reg24&fbclid=IwZXh0bgNhZW0BMABhZGlkAasyrkGcwaRzcnRjBmFwcF9pZAwzNTA2ODU1MzE3MjgAAR59IucTEWr--U1pDtdUCyOV4wiJW-lUDBlzxPLU82pIW27SnwatloHQLlxLVw_aem_xk48JUu7yeF-fX8uqzabDw&utm_medium=paid&utm_id=120245538772870644&utm_content=120245538772890644&utm_term=120245538772880644&doing_wp_cron=1780783497.1051819324493408203125" "Mozilla/5.0 (Linux; Android 16; Pixel 9a Build/CP1A.260505.005; wv) AppleWebKit/537.36 (KHTML, like Gecko) Version/4.0 Chrome/149.0.7827.83 Mobile Safari/537.36 [FB_IAB/FB4A;FBAV/564.0.0.48.74;IABMV/1;]"
89.154.45.121 - - [07/Jun/2026:00:06:02 +0200] "GET /wp-content/uploads/2021/06/MS001-maca_verde.jpg HTTP/1.1" 200 68596 "https://www.baudefruta.pt/?utm_source=meta&utm_campaign=reg24&fbclid=IwZXh0bgNhZW0BMABhZGlkAasyrkGcwaRzcnRjBmFwcF9pZAwzNTA2ODU1MzE3MjgAAR59IucTEWr--U1pDtdUCyOV4wiJW-lUDBlzxPLU82pIW27SnwatloHQLlxLVw_aem_xk48JUu7yeF-fX8uqzabDw&utm_medium=paid&utm_id=120245538772870644&utm_content=120245538772890644&utm_term=120245538772880644&doing_wp_cron=1780783497.1051819324493408203125" "Mozilla/5.0 (Linux; Android 16; Pixel 9a Build/CP1A.260505.005; wv) AppleWebKit/537.36 (KHTML, like Gecko) Version/4.0 Chrome/149.0.7827.83 Mobile Safari/537.36 [FB_IAB/FB4A;FBAV/564.0.0.48.74;IABMV/1;]"
89.154.45.121 - - [07/Jun/2026:00:06:01 +0200] "GET /wp-content/uploads/2021/08/CLT001-2.jpg HTTP/1.1" 200 57460 "https://www.baudefruta.pt/?utm_source=meta&utm_campaign=reg24&fbclid=IwZXh0bgNhZW0BMABhZGlkAasyrkGcwaRzcnRjBmFwcF9pZAwzNTA2ODU1MzE3MjgAAR59IucTEWr--U1pDtdUCyOV4wiJW-lUDBlzxPLU82pIW27SnwatloHQLlxLVw_aem_xk48JUu7yeF-fX8uqzabDw&utm_medium=paid&utm_id=120245538772870644&utm_content=120245538772890644&utm_term=120245538772880644&doing_wp_cron=1780783497.1051819324493408203125" "Mozilla/5.0 (Linux; Android 16; Pixel 9a Build/CP1A.260505.005; wv) AppleWebKit/537.36 (KHTML, like Gecko) Version/4.0 Chrome/149.0.7827.83 Mobile Safari/537.36 [FB_IAB/FB4A;FBAV/564.0.0.48.74;IABMV/1;]"
89.154.45.121 - - [07/Jun/2026:00:06:02 +0200] "GET /wp-content/uploads/2021/06/LM001-lima-300x300.jpg HTTP/1.1" 200 15177 "https://www.baudefruta.pt/?utm_source=meta&utm_campaign=reg24&fbclid=IwZXh0bgNhZW0BMABhZGlkAasyrkGcwaRzcnRjBmFwcF9pZAwzNTA2ODU1MzE3MjgAAR59IucTEWr--U1pDtdUCyOV4wiJW-lUDBlzxPLU82pIW27SnwatloHQLlxLVw_aem_xk48JUu7yeF-fX8uqzabDw&utm_medium=paid&utm_id=120245538772870644&utm_content=120245538772890644&utm_term=120245538772880644&doing_wp_cron=1780783497.1051819324493408203125" "Mozilla/5.0 (Linux; Android 16; Pixel 9a Build/CP1A.260505.005; wv) AppleWebKit/537.36 (KHTML, like Gecko) Version/4.0 Chrome/149.0.7827.83 Mobile Safari/537.36 [FB_IAB/FB4A;FBAV/564.0.0.48.74;IABMV/1;]"
89.154.45.121 - - [07/Jun/2026:00:06:02 +0200] "GET /wp-content/uploads/2021/06/LI001-limao-1-300x300.jpg HTTP/1.1" 200 9996 "https://www.baudefruta.pt/?utm_source=meta&utm_campaign=reg24&fbclid=IwZXh0bgNhZW0BMABhZGlkAasyrkGcwaRzcnRjBmFwcF9pZAwzNTA2ODU1MzE3MjgAAR59IucTEWr--U1pDtdUCyOV4wiJW-lUDBlzxPLU82pIW27SnwatloHQLlxLVw_aem_xk48JUu7yeF-fX8uqzabDw&utm_medium=paid&utm_id=120245538772870644&utm_content=120245538772890644&utm_term=120245538772880644&doing_wp_cron=1780783497.1051819324493408203125" "Mozilla/5.0 (Linux; Android 16; Pixel 9a Build/CP1A.260505.005; wv) AppleWebKit/537.36 (KHTML, like Gecko) Version/4.0 Chrome/149.0.7827.83 Mobile Safari/537.36 [FB_IAB/FB4A;FBAV/564.0.0.48.74;IABMV/1;]"
89.154.45.121 - - [07/Jun/2026:00:06:03 +0200] "GET /carrinho/ HTTP/1.1" 200 59239 "https://www.baudefruta.pt/?utm_source=meta&utm_campaign=reg24&fbclid=IwZXh0bgNhZW0BMABhZGlkAasyrkGcwaRzcnRjBmFwcF9pZAwzNTA2ODU1MzE3MjgAAR59IucTEWr--U1pDtdUCyOV4wiJW-lUDBlzxPLU82pIW27SnwatloHQLlxLVw_aem_xk48JUu7yeF-fX8uqzabDw&utm_medium=paid&utm_id=120245538772870644&utm_content=120245538772890644&utm_term=120245538772880644&doing_wp_cron=1780783497.1051819324493408203125" "Mozilla/5.0 (Linux; Android 16; Pixel 9a Build/CP1A.260505.005; wv) AppleWebKit/537.36 (KHTML, like Gecko) Version/4.0 Chrome/149.0.7827.83 Mobile Safari/537.36 [FB_IAB/FB4A;FBAV/564.0.0.48.74;IABMV/1;]"
89.154.45.121 - - [07/Jun/2026:00:06:03 +0200] "GET /wp-content/themes/uncode/library/css/woocommerce.css?ver=1097067300 HTTP/1.1" 200 20067 "https://www.baudefruta.pt/carrinho/" "Mozilla/5.0 (Linux; Android 16; Pixel 9a Build/CP1A.260505.005; wv) AppleWebKit/537.36 (KHTML, like Gecko) Version/4.0 Chrome/149.0.7827.83 Mobile Safari/537.36 [FB_IAB/FB4A;FBAV/564.0.0.48.74;IABMV/1;]"
89.154.45.121 - - [07/Jun/2026:00:06:03 +0200] "GET /wp-content/themes/uncode/library/css/style.css?ver=1097067300 HTTP/1.1" 200 70140 "https://www.baudefruta.pt/carrinho/" "Mozilla/5.0 (Linux; Android 16; Pixel 9a Build/CP1A.260505.005; wv) AppleWebKit/537.36 (KHTML, like Gecko) Version/4.0 Chrome/149.0.7827.83 Mobile Safari/537.36 [FB_IAB/FB4A;FBAV/564.0.0.48.74;IABMV/1;]"
89.154.45.121 - - [07/Jun/2026:00:06:03 +0200] "GET /wp-content/themes/uncode/library/css/uncode-icons.css?ver=1097067300 HTTP/1.1" 200 12098 "https://www.baudefruta.pt/carrinho/" "Mozilla/5.0 (Linux; Android 16; Pixel 9a Build/CP1A.260505.005; wv) AppleWebKit/537.36 (KHTML, like Gecko) Version/4.0 Chrome/149.0.7827.83 Mobile Safari/537.36 [FB_IAB/FB4A;FBAV/564.0.0.48.74;IABMV/1;]"
89.154.45.121 - - [07/Jun/2026:00:06:03 +0200] "GET /wp-content/themes/baudefruta-un/style.css?ver=273032963 HTTP/1.1" 200 896 "https://www.baudefruta.pt/carrinho/" "Mozilla/5.0 (Linux; Android 16; Pixel 9a Build/CP1A.260505.005; wv) AppleWebKit/537.36 (KHTML, like Gecko) Version/4.0 Chrome/149.0.7827.83 Mobile Safari/537.36 [FB_IAB/FB4A;FBAV/564.0.0.48.74;IABMV/1;]"
89.154.45.121 - - [07/Jun/2026:00:06:03 +0200] "GET /wp-content/themes/uncode/core/inc/compatibility/gutenberg/assets/css/uncode-gutenberg-frontend.css?ver=1.0.0 HTTP/1.1" 200 2129 "https://www.baudefruta.pt/carrinho/" "Mozilla/5.0 (Linux; Android 16; Pixel 9a Build/CP1A.260505.005; wv) AppleWebKit/537.36 (KHTML, like Gecko) Version/4.0 Chrome/149.0.7827.83 Mobile Safari/537.36 [FB_IAB/FB4A;FBAV/564.0.0.48.74;IABMV/1;]"
89.154.45.121 - - [07/Jun/2026:00:06:03 +0200] "GET /wp-content/themes/uncode/library/js/init.js?ver=1097067300 HTTP/1.1" 200 38505 "https://www.baudefruta.pt/carrinho/" "Mozilla/5.0 (Linux; Android 16; Pixel 9a Build/CP1A.260505.005; wv) AppleWebKit/537.36 (KHTML, like Gecko) Version/4.0 Chrome/149.0.7827.83 Mobile Safari/537.36 [FB_IAB/FB4A;FBAV/564.0.0.48.74;IABMV/1;]"
89.154.45.121 - - [07/Jun/2026:00:06:04 +0200] "GET /wp-content/themes/uncode/library/js/app.js?ver=1097067300 HTTP/1.1" 200 41076 "https://www.baudefruta.pt/carrinho/" "Mozilla/5.0 (Linux; Android 16; Pixel 9a Build/CP1A.260505.005; wv) AppleWebKit/537.36 (KHTML, like Gecko) Version/4.0 Chrome/149.0.7827.83 Mobile Safari/537.36 [FB_IAB/FB4A;FBAV/564.0.0.48.74;IABMV/1;]"
89.154.45.121 - - [07/Jun/2026:00:06:04 +0200] "GET /wp-content/themes/uncode/library/js/plugins.js?ver=1097067300 HTTP/1.1" 200 192557 "https://www.baudefruta.pt/carrinho/" "Mozilla/5.0 (Linux; Android 16; Pixel 9a Build/CP1A.260505.005; wv) AppleWebKit/537.36 (KHTML, like Gecko) Version/4.0 Chrome/149.0.7827.83 Mobile Safari/537.36 [FB_IAB/FB4A;FBAV/564.0.0.48.74;IABMV/1;]"
89.154.45.121 - - [07/Jun/2026:00:06:04 +0200] "GET /wp-content/themes/uncode/library/js/woocommerce-uncode.js?ver=1097067300 HTTP/1.1" 200 7190 "https://www.baudefruta.pt/carrinho/" "Mozilla/5.0 (Linux; Android 16; Pixel 9a Build/CP1A.260505.005; wv) AppleWebKit/537.36 (KHTML, like Gecko) Version/4.0 Chrome/149.0.7827.83 Mobile Safari/537.36 [FB_IAB/FB4A;FBAV/564.0.0.48.74;IABMV/1;]"
89.154.45.121 - - [07/Jun/2026:00:06:04 +0200] "GET /wp-content/uploads/2021/05/bau_fundo_header_produtos-2.png HTTP/1.1" 200 63391 "https://www.baudefruta.pt/carrinho/" "Mozilla/5.0 (Linux; Android 16; Pixel 9a Build/CP1A.260505.005; wv) AppleWebKit/537.36 (KHTML, like Gecko) Version/4.0 Chrome/149.0.7827.83 Mobile Safari/537.36 [FB_IAB/FB4A;FBAV/564.0.0.48.74;IABMV/1;]"
89.154.45.121 - - [07/Jun/2026:00:06:04 +0200] "GET /wp-content/plugins/woocommerce/assets/js/frontend/country-select.min.js?ver=10.2.2 HTTP/1.1" 200 1145 "https://www.baudefruta.pt/carrinho/" "Mozilla/5.0 (Linux; Android 16; Pixel 9a Build/CP1A.260505.005; wv) AppleWebKit/537.36 (KHTML, like Gecko) Version/4.0 Chrome/149.0.7827.83 Mobile Safari/537.36 [FB_IAB/FB4A;FBAV/564.0.0.48.74;IABMV/1;]"
89.154.45.121 - - [07/Jun/2026:00:06:04 +0200] "GET /wp-content/plugins/woocommerce/assets/js/frontend/address-i18n.min.js?ver=10.2.2 HTTP/1.1" 200 995 "https://www.baudefruta.pt/carrinho/" "Mozilla/5.0 (Linux; Android 16; Pixel 9a Build/CP1A.260505.005; wv) AppleWebKit/537.36 (KHTML, like Gecko) Version/4.0 Chrome/149.0.7827.83 Mobile Safari/537.36 [FB_IAB/FB4A;FBAV/564.0.0.48.74;IABMV/1;]"
89.154.45.121 - - [07/Jun/2026:00:06:04 +0200] "GET /wp-content/plugins/woocommerce/assets/js/frontend/cart.min.js?ver=10.2.2 HTTP/1.1" 200 2521 "https://www.baudefruta.pt/carrinho/" "Mozilla/5.0 (Linux; Android 16; Pixel 9a Build/CP1A.260505.005; wv) AppleWebKit/537.36 (KHTML, like Gecko) Version/4.0 Chrome/149.0.7827.83 Mobile Safari/537.36 [FB_IAB/FB4A;FBAV/564.0.0.48.74;IABMV/1;]"
89.154.45.121 - - [07/Jun/2026:00:06:04 +0200] "GET /wp-content/plugins/woocommerce/assets/js/selectWoo/selectWoo.full.min.js?ver=1.0.9-wc.10.2.2 HTTP/1.1" 200 22065 "https://www.baudefruta.pt/carrinho/" "Mozilla/5.0 (Linux; Android 16; Pixel 9a Build/CP1A.260505.005; wv) AppleWebKit/537.36 (KHTML, like Gecko) Version/4.0 Chrome/149.0.7827.83 Mobile Safari/537.36 [FB_IAB/FB4A;FBAV/564.0.0.48.74;IABMV/1;]"
89.154.45.121 - - [07/Jun/2026:00:06:04 +0200] "GET /wp-content/plugins/pw-woocommerce-gift-cards/assets/js/pw-gift-cards.js?ver=2.41 HTTP/1.1" 200 1912 "https://www.baudefruta.pt/carrinho/" "Mozilla/5.0 (Linux; Android 16; Pixel 9a Build/CP1A.260505.005; wv) AppleWebKit/537.36 (KHTML, like Gecko) Version/4.0 Chrome/149.0.7827.83 Mobile Safari/537.36 [FB_IAB/FB4A;FBAV/564.0.0.48.74;IABMV/1;]"
216.73.217.54 - - [07/Jun/2026:00:06:04 +0200] "GET /categoria-produto/mercearia/?add-to-cart=751&doing_wp_cron=1780304997.4714779853820800781250&orderby=popularity HTTP/1.1" 200 62848 "-" "Mozilla/5.0 AppleWebKit/537.36 (KHTML, like Gecko; compatible; ClaudeBot/1.0; +claudebot@anthropic.com)"
94.154.239.69 - - [07/Jun/2026:00:06:04 +0200] "GET /categoria-produto/frescos/?add-to-cart=1542&orderby=price&doing_wp_cron=1780743988.9837200641632080078125 HTTP/1.1" 200 60648 "-" "Mozilla/5.0 (compatible; MJ12bot/v1.4.8; http://mj12bot.com/)"
216.73.217.54 - - [07/Jun/2026:00:06:07 +0200] "GET /loja/page/8/?add-to-cart=699&doing_wp_cron=1780268890.7532269954681396484375&orderby=date HTTP/1.1" 200 62514 "-" "Mozilla/5.0 AppleWebKit/537.36 (KHTML, like Gecko; compatible; ClaudeBot/1.0; +claudebot@anthropic.com)"
216.73.217.54 - - [07/Jun/2026:00:06:10 +0200] "GET /loja/page/8/?add-to-cart=1934&doing_wp_cron=1780545559.8994989395141601562500&orderby=popularity HTTP/1.1" 200 63399 "-" "Mozilla/5.0 AppleWebKit/537.36 (KHTML, like Gecko; compatible; ClaudeBot/1.0; +claudebot@anthropic.com)"
94.154.239.69 - - [07/Jun/2026:00:06:11 +0200] "GET /categoria-produto/frescos/?add-to-cart=18495&orderby=price-desc&doing_wp_cron=1780744275.6665918827056884765625 HTTP/1.1" 200 60827 "-" "Mozilla/5.0 (compatible; MJ12bot/v1.4.8; http://mj12bot.com/)"
