216.73.217.54 - - [07/Jun/2026:00:39:36 +0200] "GET /loja/page/7/?add-to-cart=765&doing_wp_cron=1780644560.4002819061279296875000&orderby=popularity HTTP/1.1" 200 62547 "-" "Mozilla/5.0 AppleWebKit/537.36 (KHTML, like Gecko; compatible; ClaudeBot/1.0; +claudebot@anthropic.com)"
216.73.217.54 - - [07/Jun/2026:00:39:39 +0200] "GET /loja/page/5/?add-to-cart=690&doing_wp_cron=1780555497.8906159400939941406250&orderby=popularity HTTP/1.1" 200 62667 "-" "Mozilla/5.0 AppleWebKit/537.36 (KHTML, like Gecko; compatible; ClaudeBot/1.0; +claudebot@anthropic.com)"
216.73.217.54 - - [07/Jun/2026:00:39:42 +0200] "GET /loja/page/7/?add-to-cart=795&doing_wp_cron=1780620500.7815520763397216796875&orderby=popularity HTTP/1.1" 200 62975 "-" "Mozilla/5.0 AppleWebKit/537.36 (KHTML, like Gecko; compatible; ClaudeBot/1.0; +claudebot@anthropic.com)"
216.73.217.54 - - [07/Jun/2026:00:39:45 +0200] "GET /loja/page/5/?add-to-cart=802&doing_wp_cron=1780445636.4324181079864501953125&orderby=menu_order HTTP/1.1" 200 62669 "-" "Mozilla/5.0 AppleWebKit/537.36 (KHTML, like Gecko; compatible; ClaudeBot/1.0; +claudebot@anthropic.com)"
110.249.201.69 - - [07/Jun/2026:00:39:47 +0200] "GET /loja/?doing_wp_cron=1778519662.7273209095001220703125&orderby=popularity HTTP/1.1" 200 60091 "-" "Mozilla/5.0 (Linux; Android 5.0) AppleWebKit/537.36 (KHTML, like Gecko) Mobile Safari/537.36 (compatible; Bytespider; https://zhanzhang.toutiao.com/)"
216.73.217.54 - - [07/Jun/2026:00:39:48 +0200] "GET /categoria-produto/mercearia/?add-to-cart=793&doing_wp_cron=1780345281.9946849346160888671875&orderby=popularity HTTP/1.1" 200 63001 "-" "Mozilla/5.0 AppleWebKit/537.36 (KHTML, like Gecko; compatible; ClaudeBot/1.0; +claudebot@anthropic.com)"
110.249.201.69 - - [07/Jun/2026:00:39:48 +0200] "GET /wp-includes/css/dist/block-editor/style.min.css?ver=6.9.1 HTTP/1.1" 200 16976 "https://www.baudefruta.pt/loja/?doing_wp_cron=1778519662.7273209095001220703125&orderby=popularity" "Mozilla/5.0 (Linux; Android 5.0) AppleWebKit/537.36 (KHTML, like Gecko) Mobile Safari/537.36 (compatible; Bytespider; https://zhanzhang.toutiao.com/)"
110.249.201.69 - - [07/Jun/2026:00:39:48 +0200] "GET /wp-content/plugins/smart-marketing-for-wp/public/css/egoi-for-wp-public.css?ver=5.1.11 HTTP/1.1" 200 1173 "https://www.baudefruta.pt/loja/?doing_wp_cron=1778519662.7273209095001220703125&orderby=popularity" "Mozilla/5.0 (Linux; Android 5.0) AppleWebKit/537.36 (KHTML, like Gecko) Mobile Safari/537.36 (compatible; Bytespider; https://zhanzhang.toutiao.com/)"
110.249.201.44 - - [07/Jun/2026:00:39:48 +0200] "GET /wp-content/uploads/2021/06/LJ001-laranja-1-uai-461x461.jpg HTTP/1.1" 206 500 "https://www.baudefruta.pt/loja/?doing_wp_cron=1778519662.7273209095001220703125&orderby=popularity" "Mozilla/5.0 (Linux; Android 5.0) AppleWebKit/537.36 (KHTML, like Gecko) Mobile Safari/537.36 (compatible; Bytespider; https://zhanzhang.toutiao.com/)"
110.249.201.69 - - [07/Jun/2026:00:39:48 +0200] "GET /wp-content/plugins/duracelltomi-google-tag-manager/dist/js/gtm4wp-woocommerce.js?ver=1.22.3 HTTP/1.1" 200 3043 "https://www.baudefruta.pt/loja/?doing_wp_cron=1778519662.7273209095001220703125&orderby=popularity" "Mozilla/5.0 (Linux; Android 5.0) AppleWebKit/537.36 (KHTML, like Gecko) Mobile Safari/537.36 (compatible; Bytespider; https://zhanzhang.toutiao.com/)"
110.249.201.105 - - [07/Jun/2026:00:39:49 +0200] "GET /wp-content/plugins/uncode-daves-wordpress-live-search/js/daves-wordpress-live-search.js?ver=6.9.1 HTTP/1.1" 200 3692 "https://www.baudefruta.pt/loja/?doing_wp_cron=1778519662.7273209095001220703125&orderby=popularity" "Mozilla/5.0 (Linux; Android 5.0) AppleWebKit/537.36 (KHTML, like Gecko) Mobile Safari/537.36 (compatible; Bytespider; https://zhanzhang.toutiao.com/)"
110.249.201.173 - - [07/Jun/2026:00:39:49 +0200] "GET /wp-includes/js/underscore.min.js?ver=1.13.7 HTTP/1.1" 200 7353 "https://www.baudefruta.pt/loja/?doing_wp_cron=1778519662.7273209095001220703125&orderby=popularity" "Mozilla/5.0 (Linux; Android 5.0) AppleWebKit/537.36 (KHTML, like Gecko) Mobile Safari/537.36 (compatible; Bytespider; https://zhanzhang.toutiao.com/)"
110.249.201.105 - - [07/Jun/2026:00:39:49 +0200] "GET /wp-includes/js/mediaelement/mediaelement-migrate.min.js?ver=6.9.1 HTTP/1.1" 200 552 "https://www.baudefruta.pt/loja/?doing_wp_cron=1778519662.7273209095001220703125&orderby=popularity" "Mozilla/5.0 (Linux; Android 5.0) AppleWebKit/537.36 (KHTML, like Gecko) Mobile Safari/537.36 (compatible; Bytespider; https://zhanzhang.toutiao.com/)"
110.249.201.44 - - [07/Jun/2026:00:39:49 +0200] "GET /wp-content/plugins/duracelltomi-google-tag-manager/dist/js/gtm4wp-ecommerce-generic.js?ver=1.22.3 HTTP/1.1" 200 579 "https://www.baudefruta.pt/loja/?doing_wp_cron=1778519662.7273209095001220703125&orderby=popularity" "Mozilla/5.0 (Linux; Android 5.0) AppleWebKit/537.36 (KHTML, like Gecko) Mobile Safari/537.36 (compatible; Bytespider; https://zhanzhang.toutiao.com/)"
110.249.201.105 - - [07/Jun/2026:00:39:49 +0200] "GET /wp-content/themes/uncode/library/js/app.js?ver=512504602 HTTP/1.1" 200 41076 "https://www.baudefruta.pt/loja/?doing_wp_cron=1778519662.7273209095001220703125&orderby=popularity" "Mozilla/5.0 (Linux; Android 5.0) AppleWebKit/537.36 (KHTML, like Gecko) Mobile Safari/537.36 (compatible; Bytespider; https://zhanzhang.toutiao.com/)"
110.249.201.69 - - [07/Jun/2026:00:39:49 +0200] "GET /wp-content/themes/uncode/library/js/plugins.js?ver=512504602 HTTP/1.1" 200 192557 "https://www.baudefruta.pt/loja/?doing_wp_cron=1778519662.7273209095001220703125&orderby=popularity" "Mozilla/5.0 (Linux; Android 5.0) AppleWebKit/537.36 (KHTML, like Gecko) Mobile Safari/537.36 (compatible; Bytespider; https://zhanzhang.toutiao.com/)"
110.249.201.173 - - [07/Jun/2026:00:39:49 +0200] "GET /wp-content/plugins/woocommerce-products-filter/js/html_types/select.js?ver=2.2.9.4 HTTP/1.1" 200 473 "https://www.baudefruta.pt/loja/?doing_wp_cron=1778519662.7273209095001220703125&orderby=popularity" "Mozilla/5.0 (Linux; Android 5.0) AppleWebKit/537.36 (KHTML, like Gecko) Mobile Safari/537.36 (compatible; Bytespider; https://zhanzhang.toutiao.com/)"
110.249.201.44 - - [07/Jun/2026:00:39:49 +0200] "GET /wp-content/plugins/woocommerce-products-filter/js/html_types/mselect.js?ver=2.2.9.4 HTTP/1.1" 200 740 "https://www.baudefruta.pt/loja/?doing_wp_cron=1778519662.7273209095001220703125&orderby=popularity" "Mozilla/5.0 (Linux; Android 5.0) AppleWebKit/537.36 (KHTML, like Gecko) Mobile Safari/537.36 (compatible; Bytespider; https://zhanzhang.toutiao.com/)"
110.249.201.200 - - [07/Jun/2026:00:39:49 +0200] "GET /wp-includes/js/mediaelement/wp-mediaelement.min.js?ver=6.9.1 HTTP/1.1" 200 550 "https://www.baudefruta.pt/loja/?doing_wp_cron=1778519662.7273209095001220703125&orderby=popularity" "Mozilla/5.0 (Linux; Android 5.0) AppleWebKit/537.36 (KHTML, like Gecko) Mobile Safari/537.36 (compatible; Bytespider; https://zhanzhang.toutiao.com/)"
110.249.201.137 - - [07/Jun/2026:00:39:49 +0200] "GET /wp-content/plugins/woocommerce-products-filter/js/html_types/radio.js?ver=2.2.9.4 HTTP/1.1" 200 763 "https://www.baudefruta.pt/loja/?doing_wp_cron=1778519662.7273209095001220703125&orderby=popularity" "Mozilla/5.0 (Linux; Android 5.0) AppleWebKit/537.36 (KHTML, like Gecko) Mobile Safari/537.36 (compatible; Bytespider; https://zhanzhang.toutiao.com/)"
110.249.201.105 - - [07/Jun/2026:00:39:49 +0200] "GET /wp-content/uploads/2021/06/TH001-tomate-cherry-uai-335x335.jpg HTTP/1.1" 206 500 "https://www.baudefruta.pt/loja/?doing_wp_cron=1778519662.7273209095001220703125&orderby=popularity" "Mozilla/5.0 (Linux; Android 5.0) AppleWebKit/537.36 (KHTML, like Gecko) Mobile Safari/537.36 (compatible; Bytespider; https://zhanzhang.toutiao.com/)"
110.249.201.69 - - [07/Jun/2026:00:39:49 +0200] "GET /wp-content/uploads/2021/05/bau_livroreclamacoes.svg HTTP/1.1" 206 500 "https://www.baudefruta.pt/loja/?doing_wp_cron=1778519662.7273209095001220703125&orderby=popularity" "Mozilla/5.0 (Linux; Android 5.0) AppleWebKit/537.36 (KHTML, like Gecko) Mobile Safari/537.36 (compatible; Bytespider; https://zhanzhang.toutiao.com/)"
110.249.201.137 - - [07/Jun/2026:00:39:49 +0200] "GET /wp-content/uploads/2021/06/BR001-beterraba_rama-uai-1333x1333.jpg HTTP/1.1" 206 500 "https://www.baudefruta.pt/loja/?doing_wp_cron=1778519662.7273209095001220703125&orderby=popularity" "Mozilla/5.0 (Linux; Android 5.0) AppleWebKit/537.36 (KHTML, like Gecko) Mobile Safari/537.36 (compatible; Bytespider; https://zhanzhang.toutiao.com/)"
110.249.201.200 - - [07/Jun/2026:00:39:49 +0200] "GET /wp-content/uploads/2021/08/CLT001-2-600x600.jpg HTTP/1.1" 206 500 "https://www.baudefruta.pt/loja/?doing_wp_cron=1778519662.7273209095001220703125&orderby=popularity" "Mozilla/5.0 (Linux; Android 5.0) AppleWebKit/537.36 (KHTML, like Gecko) Mobile Safari/537.36 (compatible; Bytespider; https://zhanzhang.toutiao.com/)"
110.249.201.44 - - [07/Jun/2026:00:39:49 +0200] "GET /wp-content/plugins/woocommerce/assets/js/js-cookie/js.cookie.min.js?ver=2.1.4-wc.10.2.2 HTTP/1.1" 200 845 "https://www.baudefruta.pt/loja/?doing_wp_cron=1778519662.7273209095001220703125&orderby=popularity" "Mozilla/5.0 (Linux; Android 5.0) AppleWebKit/537.36 (KHTML, like Gecko) Mobile Safari/537.36 (compatible; Bytespider; https://zhanzhang.toutiao.com/)"
110.249.201.69 - - [07/Jun/2026:00:39:49 +0200] "GET /wp-content/uploads/2021/06/BR001-beterraba_rama-uai-1333x1333.jpg HTTP/1.1" 304 0 "https://www.baudefruta.pt/loja/?doing_wp_cron=1778519662.7273209095001220703125&orderby=popularity" "Mozilla/5.0 (Linux; Android 5.0) AppleWebKit/537.36 (KHTML, like Gecko) Mobile Safari/537.36 (compatible; Bytespider; https://zhanzhang.toutiao.com/)"
110.249.201.137 - - [07/Jun/2026:00:39:50 +0200] "GET /wp-content/uploads/2021/07/bau_mb_mbway.svg HTTP/1.1" 206 500 "https://www.baudefruta.pt/loja/?doing_wp_cron=1778519662.7273209095001220703125&orderby=popularity" "Mozilla/5.0 (Linux; Android 5.0) AppleWebKit/537.36 (KHTML, like Gecko) Mobile Safari/537.36 (compatible; Bytespider; https://zhanzhang.toutiao.com/)"
110.249.201.44 - - [07/Jun/2026:00:39:50 +0200] "GET /wp-content/uploads/2021/05/bau_livroreclamacoes.svg HTTP/1.1" 304 0 "https://www.baudefruta.pt/loja/?doing_wp_cron=1778519662.7273209095001220703125&orderby=popularity" "Mozilla/5.0 (Linux; Android 5.0) AppleWebKit/537.36 (KHTML, like Gecko) Mobile Safari/537.36 (compatible; Bytespider; https://zhanzhang.toutiao.com/)"
110.249.201.69 - - [07/Jun/2026:00:39:50 +0200] "GET /wp-content/uploads/2021/06/BR001-beterraba_rama-uai-1333x1333.jpg HTTP/1.1" 206 182528 "https://www.baudefruta.pt/loja/?doing_wp_cron=1778519662.7273209095001220703125&orderby=popularity" "Mozilla/5.0 (Linux; Android 5.0) AppleWebKit/537.36 (KHTML, like Gecko) Mobile Safari/537.36 (compatible; Bytespider; https://zhanzhang.toutiao.com/)"
110.249.201.44 - - [07/Jun/2026:00:39:50 +0200] "GET /wp-content/uploads/2021/05/bau_livroreclamacoes.svg HTTP/1.1" 200 2886 "https://www.baudefruta.pt/loja/?doing_wp_cron=1778519662.7273209095001220703125&orderby=popularity" "Mozilla/5.0 (Linux; Android 5.0) AppleWebKit/537.36 (KHTML, like Gecko) Mobile Safari/537.36 (compatible; Bytespider; https://zhanzhang.toutiao.com/)"
110.249.201.137 - - [07/Jun/2026:00:39:50 +0200] "GET /wp-content/uploads/2021/07/bau_mb_mbway.svg HTTP/1.1" 304 0 "https://www.baudefruta.pt/loja/?doing_wp_cron=1778519662.7273209095001220703125&orderby=popularity" "Mozilla/5.0 (Linux; Android 5.0) AppleWebKit/537.36 (KHTML, like Gecko) Mobile Safari/537.36 (compatible; Bytespider; https://zhanzhang.toutiao.com/)"
110.249.201.137 - - [07/Jun/2026:00:39:50 +0200] "GET /wp-content/uploads/2021/07/bau_mb_mbway.svg HTTP/1.1" 200 5318 "https://www.baudefruta.pt/loja/?doing_wp_cron=1778519662.7273209095001220703125&orderby=popularity" "Mozilla/5.0 (Linux; Android 5.0) AppleWebKit/537.36 (KHTML, like Gecko) Mobile Safari/537.36 (compatible; Bytespider; https://zhanzhang.toutiao.com/)"
216.73.217.54 - - [07/Jun/2026:00:39:51 +0200] "GET /loja/page/4/?add-to-cart=821&doing_wp_cron=1780356259.9063909053802490234375&orderby=menu_order HTTP/1.1" 200 63388 "-" "Mozilla/5.0 AppleWebKit/537.36 (KHTML, like Gecko; compatible; ClaudeBot/1.0; +claudebot@anthropic.com)"
156.242.65.75 - - [07/Jun/2026:00:39:52 +0200] "GET /wp-content/uploads/2021/12/AMES001-uai-732x732.jpg HTTP/1.1" 200 90033 "-" "Mozilla/5.0 (compatible; crawler)"
216.73.217.54 - - [07/Jun/2026:00:39:54 +0200] "GET /categoria-produto/mercearia/?add-to-cart=647&doing_wp_cron=1780491096.3728320598602294921875&orderby=menu_order HTTP/1.1" 200 63024 "-" "Mozilla/5.0 AppleWebKit/537.36 (KHTML, like Gecko; compatible; ClaudeBot/1.0; +claudebot@anthropic.com)"
216.73.217.54 - - [07/Jun/2026:00:39:57 +0200] "GET /loja/page/3/?add-to-cart=2010&doing_wp_cron=1780208025.6175029277801513671875&orderby=menu_order HTTP/1.1" 200 63321 "-" "Mozilla/5.0 AppleWebKit/537.36 (KHTML, like Gecko; compatible; ClaudeBot/1.0; +claudebot@anthropic.com)"
216.73.217.54 - - [07/Jun/2026:00:40:00 +0200] "GET /loja/page/4/?add-to-cart=825&doing_wp_cron=1779095602.6344830989837646484375&orderby=menu_order HTTP/1.1" 200 64032 "-" "Mozilla/5.0 AppleWebKit/537.36 (KHTML, like Gecko; compatible; ClaudeBot/1.0; +claudebot@anthropic.com)"
216.73.217.54 - - [07/Jun/2026:00:40:05 +0200] "GET /loja/?add-to-cart=4779&doing_wp_cron=1780445636.4324181079864501953125&orderby=date HTTP/1.1" 200 63828 "-" "Mozilla/5.0 AppleWebKit/537.36 (KHTML, like Gecko; compatible; ClaudeBot/1.0; +claudebot@anthropic.com)"
216.73.217.54 - - [07/Jun/2026:00:40:09 +0200] "GET /loja/page/3/?add-to-cart=4236&doing_wp_cron=1780247694.3308169841766357421875&orderby=date HTTP/1.1" 200 64156 "-" "Mozilla/5.0 AppleWebKit/537.36 (KHTML, like Gecko; compatible; ClaudeBot/1.0; +claudebot@anthropic.com)"
110.249.202.213 - - [07/Jun/2026:00:40:12 +0200] "GET /categoria-produto/mercearia/molhos/?doing_wp_cron=1779804723.9172708988189697265625&orderby=date HTTP/1.1" 200 55965 "-" "Mozilla/5.0 (Linux; Android 5.0) AppleWebKit/537.36 (KHTML, like Gecko) Mobile Safari/537.36 (compatible; Bytespider; https://zhanzhang.toutiao.com/)"
216.73.217.54 - - [07/Jun/2026:00:40:12 +0200] "GET /loja/page/9/?add-to-cart=737&doing_wp_cron=1780555563.7996189594268798828125&orderby=menu_order HTTP/1.1" 200 64463 "-" "Mozilla/5.0 AppleWebKit/537.36 (KHTML, like Gecko; compatible; ClaudeBot/1.0; +claudebot@anthropic.com)"
110.249.202.213 - - [07/Jun/2026:00:40:12 +0200] "GET /wp-content/plugins/smart-marketing-for-wp/admin/js/egoi-for-wp-canvas.js?ver=5.1.11 HTTP/1.1" 200 2304 "https://www.baudefruta.pt/categoria-produto/mercearia/molhos/?doing_wp_cron=1779804723.9172708988189697265625&orderby=date" "Mozilla/5.0 (Linux; Android 5.0) AppleWebKit/537.36 (KHTML, like Gecko) Mobile Safari/537.36 (compatible; Bytespider; https://zhanzhang.toutiao.com/)"
110.249.202.213 - - [07/Jun/2026:00:40:13 +0200] "GET /wp-content/plugins/woocommerce-products-filter/js/tooltip/css/plugins/tooltipster/sideTip/themes/tooltipster-sideTip-noir.min.css?ver=2.2.9.4 HTTP/1.1" 200 302 "https://www.baudefruta.pt/categoria-produto/mercearia/molhos/?doing_wp_cron=1779804723.9172708988189697265625&orderby=date" "Mozilla/5.0 (Linux; Android 5.0) AppleWebKit/537.36 (KHTML, like Gecko) Mobile Safari/537.36 (compatible; Bytespider; https://zhanzhang.toutiao.com/)"
110.249.202.213 - - [07/Jun/2026:00:40:13 +0200] "GET /wp-content/plugins/duracelltomi-google-tag-manager/dist/js/gtm4wp-woocommerce.js?ver=1.22.3 HTTP/1.1" 200 3043 "https://www.baudefruta.pt/categoria-produto/mercearia/molhos/?doing_wp_cron=1779804723.9172708988189697265625&orderby=date" "Mozilla/5.0 (Linux; Android 5.0) AppleWebKit/537.36 (KHTML, like Gecko) Mobile Safari/537.36 (compatible; Bytespider; https://zhanzhang.toutiao.com/)"
110.249.202.64 - - [07/Jun/2026:00:40:13 +0200] "GET /wp-content/uploads/2021/07/bau_mb_mbway.svg HTTP/1.1" 206 500 "https://www.baudefruta.pt/categoria-produto/mercearia/molhos/?doing_wp_cron=1779804723.9172708988189697265625&orderby=date" "Mozilla/5.0 (Linux; Android 5.0) AppleWebKit/537.36 (KHTML, like Gecko) Mobile Safari/537.36 (compatible; Bytespider; https://zhanzhang.toutiao.com/)"
110.249.202.164 - - [07/Jun/2026:00:40:13 +0200] "GET /wp-includes/js/jquery/jquery.min.js?ver=3.7.1 HTTP/1.1" 200 30646 "https://www.baudefruta.pt/categoria-produto/mercearia/molhos/?doing_wp_cron=1779804723.9172708988189697265625&orderby=date" "Mozilla/5.0 (Linux; Android 5.0) AppleWebKit/537.36 (KHTML, like Gecko) Mobile Safari/537.36 (compatible; Bytespider; https://zhanzhang.toutiao.com/)"
110.249.202.64 - - [07/Jun/2026:00:40:13 +0200] "GET /wp-content/uploads/2021/07/bau_mb_mbway.svg HTTP/1.1" 304 0 "https://www.baudefruta.pt/categoria-produto/mercearia/molhos/?doing_wp_cron=1779804723.9172708988189697265625&orderby=date" "Mozilla/5.0 (Linux; Android 5.0) AppleWebKit/537.36 (KHTML, like Gecko) Mobile Safari/537.36 (compatible; Bytespider; https://zhanzhang.toutiao.com/)"
110.249.202.64 - - [07/Jun/2026:00:40:13 +0200] "GET /wp-content/uploads/2021/07/bau_mb_mbway.svg HTTP/1.1" 200 5318 "https://www.baudefruta.pt/categoria-produto/mercearia/molhos/?doing_wp_cron=1779804723.9172708988189697265625&orderby=date" "Mozilla/5.0 (Linux; Android 5.0) AppleWebKit/537.36 (KHTML, like Gecko) Mobile Safari/537.36 (compatible; Bytespider; https://zhanzhang.toutiao.com/)"
110.249.202.213 - - [07/Jun/2026:00:40:13 +0200] "GET /wp-content/themes/uncode/library/js/app.js?ver=1955808581 HTTP/1.1" 200 41076 "https://www.baudefruta.pt/categoria-produto/mercearia/molhos/?doing_wp_cron=1779804723.9172708988189697265625&orderby=date" "Mozilla/5.0 (Linux; Android 5.0) AppleWebKit/537.36 (KHTML, like Gecko) Mobile Safari/537.36 (compatible; Bytespider; https://zhanzhang.toutiao.com/)"
110.249.202.64 - - [07/Jun/2026:00:40:14 +0200] "GET /wp-content/plugins/woocommerce-products-filter/js/front.js?ver=2.2.9.4 HTTP/1.1" 200 12289 "https://www.baudefruta.pt/categoria-produto/mercearia/molhos/?doing_wp_cron=1779804723.9172708988189697265625&orderby=date" "Mozilla/5.0 (Linux; Android 5.0) AppleWebKit/537.36 (KHTML, like Gecko) Mobile Safari/537.36 (compatible; Bytespider; https://zhanzhang.toutiao.com/)"
110.249.202.72 - - [07/Jun/2026:00:40:14 +0200] "GET /wp-content/plugins/woocommerce-products-filter/js/html_types/mselect.js?ver=2.2.9.4 HTTP/1.1" 200 740 "https://www.baudefruta.pt/categoria-produto/mercearia/molhos/?doing_wp_cron=1779804723.9172708988189697265625&orderby=date" "Mozilla/5.0 (Linux; Android 5.0) AppleWebKit/537.36 (KHTML, like Gecko) Mobile Safari/537.36 (compatible; Bytespider; https://zhanzhang.toutiao.com/)"
110.249.202.164 - - [07/Jun/2026:00:40:14 +0200] "GET /wp-content/plugins/woocommerce-products-filter/js/html_types/checkbox.js?ver=2.2.9.4 HTTP/1.1" 200 859 "https://www.baudefruta.pt/categoria-produto/mercearia/molhos/?doing_wp_cron=1779804723.9172708988189697265625&orderby=date" "Mozilla/5.0 (Linux; Android 5.0) AppleWebKit/537.36 (KHTML, like Gecko) Mobile Safari/537.36 (compatible; Bytespider; https://zhanzhang.toutiao.com/)"
110.249.202.213 - - [07/Jun/2026:00:40:14 +0200] "GET /wp-content/uploads/2021/05/bau_livroreclamacoes.svg HTTP/1.1" 206 500 "https://www.baudefruta.pt/categoria-produto/mercearia/molhos/?doing_wp_cron=1779804723.9172708988189697265625&orderby=date" "Mozilla/5.0 (Linux; Android 5.0) AppleWebKit/537.36 (KHTML, like Gecko) Mobile Safari/537.36 (compatible; Bytespider; https://zhanzhang.toutiao.com/)"
110.249.202.13 - - [07/Jun/2026:00:40:14 +0200] "GET /wp-content/plugins/woocommerce/assets/js/frontend/woocommerce.min.js?ver=10.2.2 HTTP/1.1" 200 1488 "https://www.baudefruta.pt/categoria-produto/mercearia/molhos/?doing_wp_cron=1779804723.9172708988189697265625&orderby=date" "Mozilla/5.0 (Linux; Android 5.0) AppleWebKit/537.36 (KHTML, like Gecko) Mobile Safari/537.36 (compatible; Bytespider; https://zhanzhang.toutiao.com/)"
110.249.202.213 - - [07/Jun/2026:00:40:14 +0200] "GET /wp-content/uploads/2021/05/bau_livroreclamacoes.svg HTTP/1.1" 304 0 "https://www.baudefruta.pt/categoria-produto/mercearia/molhos/?doing_wp_cron=1779804723.9172708988189697265625&orderby=date" "Mozilla/5.0 (Linux; Android 5.0) AppleWebKit/537.36 (KHTML, like Gecko) Mobile Safari/537.36 (compatible; Bytespider; https://zhanzhang.toutiao.com/)"
110.249.202.213 - - [07/Jun/2026:00:40:15 +0200] "GET /wp-content/uploads/2021/05/bau_livroreclamacoes.svg HTTP/1.1" 200 2886 "https://www.baudefruta.pt/categoria-produto/mercearia/molhos/?doing_wp_cron=1779804723.9172708988189697265625&orderby=date" "Mozilla/5.0 (Linux; Android 5.0) AppleWebKit/537.36 (KHTML, like Gecko) Mobile Safari/537.36 (compatible; Bytespider; https://zhanzhang.toutiao.com/)"
216.73.217.54 - - [07/Jun/2026:00:40:15 +0200] "GET /loja/page/6/?add-to-cart=2009&doing_wp_cron=1780415098.0220060348510742187500&orderby=popularity HTTP/1.1" 200 65160 "-" "Mozilla/5.0 AppleWebKit/537.36 (KHTML, like Gecko; compatible; ClaudeBot/1.0; +claudebot@anthropic.com)"
216.73.217.54 - - [07/Jun/2026:00:40:18 +0200] "GET /loja/page/5/?add-to-cart=765&doing_wp_cron=1780247694.3308169841766357421875&orderby=popularity HTTP/1.1" 200 65041 "-" "Mozilla/5.0 AppleWebKit/537.36 (KHTML, like Gecko; compatible; ClaudeBot/1.0; +claudebot@anthropic.com)"
216.73.217.54 - - [07/Jun/2026:00:40:21 +0200] "GET /loja/page/3/?add-to-cart=482&doing_wp_cron=1780066683.4503800868988037109375&orderby=popularity HTTP/1.1" 200 64819 "-" "Mozilla/5.0 AppleWebKit/537.36 (KHTML, like Gecko; compatible; ClaudeBot/1.0; +claudebot@anthropic.com)"
216.73.217.54 - - [07/Jun/2026:00:40:24 +0200] "GET /produto/endivias/?add-to-cart=1540&doing_wp_cron=1780388720.1860229969024658203125 HTTP/1.1" 200 63130 "-" "Mozilla/5.0 AppleWebKit/537.36 (KHTML, like Gecko; compatible; ClaudeBot/1.0; +claudebot@anthropic.com)"
216.73.217.54 - - [07/Jun/2026:00:40:27 +0200] "GET /loja/page/3/?add-to-cart=1989&doing_wp_cron=1780505541.2122659683227539062500&orderby=menu_order HTTP/1.1" 200 64831 "-" "Mozilla/5.0 AppleWebKit/537.36 (KHTML, like Gecko; compatible; ClaudeBot/1.0; +claudebot@anthropic.com)"
216.73.217.54 - - [07/Jun/2026:00:40:30 +0200] "GET /loja/page/7/?add-to-cart=547&doing_wp_cron=1780739231.5168049335479736328125&orderby=popularity HTTP/1.1" 200 65824 "-" "Mozilla/5.0 AppleWebKit/537.36 (KHTML, like Gecko; compatible; ClaudeBot/1.0; +claudebot@anthropic.com)"
216.73.217.54 - - [07/Jun/2026:00:40:33 +0200] "GET /loja/page/7/?add-to-cart=2014&doing_wp_cron=1780066683.4503800868988037109375&orderby=date HTTP/1.1" 200 65534 "-" "Mozilla/5.0 AppleWebKit/537.36 (KHTML, like Gecko; compatible; ClaudeBot/1.0; +claudebot@anthropic.com)"
114.119.141.203 - - [07/Jun/2026:00:40:35 +0200] "GET /loja/page/6/?doing_wp_cron=1776351409.5315039157867431640625&orderby=date HTTP/1.1" 200 60312 "https://www.baudefruta.pt/loja/page/6/?doing_wp_cron=1776351409.5315039157867431640625&orderby=menu_order" "Mozilla/5.0 (Linux; Android 7.0;) AppleWebKit/537.36 (HTML, like Gecko) Mobile Safari/537.36 (compatible; PetalBot;+https://webmaster.petalsearch.com/site/petalbot)"
152.171.50.224 - - [07/Jun/2026:00:40:35 +0200] "GET /categoria-produto/mercearia/?add-to-cart=2009&doing_wp_cron=1779791790.2084920406341552734375&orderby=menu_order HTTP/1.1" 200 60822 "-" "Mozilla/5.0 (Android 2.2.3; Mobile; rv:41.0) Gecko/41.0 Firefox/41.0"
216.73.217.54 - - [07/Jun/2026:00:40:36 +0200] "GET /loja/page/4/?add-to-cart=823&doing_wp_cron=1780345137.3122010231018066406250&orderby=menu_order HTTP/1.1" 200 65902 "-" "Mozilla/5.0 AppleWebKit/537.36 (KHTML, like Gecko; compatible; ClaudeBot/1.0; +claudebot@anthropic.com)"
111.225.149.24 - - [07/Jun/2026:00:40:37 +0200] "GET /loja/page/11/?doing_wp_cron=1742652931.8845040798187255859375&orderby=price HTTP/1.1" 200 60304 "-" "Mozilla/5.0 (Linux; Android 5.0) AppleWebKit/537.36 (KHTML, like Gecko) Mobile Safari/537.36 (compatible; Bytespider; https://zhanzhang.toutiao.com/)"
149.126.14.21 - - [07/Jun/2026:00:40:37 +0200] "GET /categoria-produto/mercearia/?add-to-cart=4337&doing_wp_cron=1779790186.2140219211578369140625&orderby=price-desc HTTP/1.1" 200 61452 "-" "Mozilla/5.0 (Macintosh; PPC Mac OS X 10_11_3 rv:6.0; ia-FR) AppleWebKit/534.11.1 (KHTML, like Gecko) Version/5.1 Safari/534.11.1"
111.225.149.24 - - [07/Jun/2026:00:40:38 +0200] "GET /wp-content/plugins/custom-page-templates/assets/css/frontend.css?ver=3.1.1 HTTP/1.1" 200 187 "https://www.baudefruta.pt/loja/page/11/?doing_wp_cron=1742652931.8845040798187255859375&orderby=price" "Mozilla/5.0 (Linux; Android 5.0) AppleWebKit/537.36 (KHTML, like Gecko) Mobile Safari/537.36 (compatible; Bytespider; https://zhanzhang.toutiao.com/)"
111.225.149.24 - - [07/Jun/2026:00:40:38 +0200] "GET /wp-content/plugins/woocommerce-products-filter/js/tooltip/css/tooltipster.bundle.min.css?ver=2.2.9.4 HTTP/1.1" 200 1151 "https://www.baudefruta.pt/loja/page/11/?doing_wp_cron=1742652931.8845040798187255859375&orderby=price" "Mozilla/5.0 (Linux; Android 5.0) AppleWebKit/537.36 (KHTML, like Gecko) Mobile Safari/537.36 (compatible; Bytespider; https://zhanzhang.toutiao.com/)"
111.225.149.24 - - [07/Jun/2026:00:40:38 +0200] "GET /wp-includes/js/jquery/jquery.min.js?ver=3.7.1 HTTP/1.1" 200 30646 "https://www.baudefruta.pt/loja/page/11/?doing_wp_cron=1742652931.8845040798187255859375&orderby=price" "Mozilla/5.0 (Linux; Android 5.0) AppleWebKit/537.36 (KHTML, like Gecko) Mobile Safari/537.36 (compatible; Bytespider; https://zhanzhang.toutiao.com/)"
111.225.149.24 - - [07/Jun/2026:00:40:39 +0200] "GET /wp-content/themes/uncode/library/js/app.js?ver=758168218 HTTP/1.1" 200 41076 "https://www.baudefruta.pt/loja/page/11/?doing_wp_cron=1742652931.8845040798187255859375&orderby=price" "Mozilla/5.0 (Linux; Android 5.0) AppleWebKit/537.36 (KHTML, like Gecko) Mobile Safari/537.36 (compatible; Bytespider; https://zhanzhang.toutiao.com/)"
111.225.149.55 - - [07/Jun/2026:00:40:39 +0200] "GET /wp-content/plugins/woocommerce/assets/js/sourcebuster/sourcebuster.min.js?ver=10.2.2 HTTP/1.1" 200 4830 "https://www.baudefruta.pt/loja/page/11/?doing_wp_cron=1742652931.8845040798187255859375&orderby=price" "Mozilla/5.0 (Linux; Android 5.0) AppleWebKit/537.36 (KHTML, like Gecko) Mobile Safari/537.36 (compatible; Bytespider; https://zhanzhang.toutiao.com/)"
111.225.149.89 - - [07/Jun/2026:00:40:39 +0200] "GET /wp-content/plugins/woocommerce/assets/js/frontend/order-attribution.min.js?ver=10.2.2 HTTP/1.1" 200 1140 "https://www.baudefruta.pt/loja/page/11/?doing_wp_cron=1742652931.8845040798187255859375&orderby=price" "Mozilla/5.0 (Linux; Android 5.0) AppleWebKit/537.36 (KHTML, like Gecko) Mobile Safari/537.36 (compatible; Bytespider; https://zhanzhang.toutiao.com/)"
216.73.217.54 - - [07/Jun/2026:00:40:39 +0200] "GET /loja/page/5/?add-to-cart=817&doing_wp_cron=1780457004.9740800857543945312500&orderby=date HTTP/1.1" 200 65822 "-" "Mozilla/5.0 AppleWebKit/537.36 (KHTML, like Gecko; compatible; ClaudeBot/1.0; +claudebot@anthropic.com)"
111.225.149.7 - - [07/Jun/2026:00:40:39 +0200] "GET /wp-content/plugins/woocommerce-products-filter/js/html_types/mselect.js?ver=2.2.9.4 HTTP/1.1" 200 740 "https://www.baudefruta.pt/loja/page/11/?doing_wp_cron=1742652931.8845040798187255859375&orderby=price" "Mozilla/5.0 (Linux; Android 5.0) AppleWebKit/537.36 (KHTML, like Gecko) Mobile Safari/537.36 (compatible; Bytespider; https://zhanzhang.toutiao.com/)"
111.225.149.236 - - [07/Jun/2026:00:40:39 +0200] "GET /wp-content/plugins/woocommerce-products-filter/js/html_types/select.js?ver=2.2.9.4 HTTP/1.1" 200 473 "https://www.baudefruta.pt/loja/page/11/?doing_wp_cron=1742652931.8845040798187255859375&orderby=price" "Mozilla/5.0 (Linux; Android 5.0) AppleWebKit/537.36 (KHTML, like Gecko) Mobile Safari/537.36 (compatible; Bytespider; https://zhanzhang.toutiao.com/)"
111.225.149.24 - - [07/Jun/2026:00:40:39 +0200] "GET /wp-content/uploads/2021/07/bau_mb_mbway.svg HTTP/1.1" 206 500 "https://www.baudefruta.pt/loja/page/11/?doing_wp_cron=1742652931.8845040798187255859375&orderby=price" "Mozilla/5.0 (Linux; Android 5.0) AppleWebKit/537.36 (KHTML, like Gecko) Mobile Safari/537.36 (compatible; Bytespider; https://zhanzhang.toutiao.com/)"
111.225.149.55 - - [07/Jun/2026:00:40:39 +0200] "GET /wp-content/uploads/2021/05/bau_livroreclamacoes.svg HTTP/1.1" 206 500 "https://www.baudefruta.pt/loja/page/11/?doing_wp_cron=1742652931.8845040798187255859375&orderby=price" "Mozilla/5.0 (Linux; Android 5.0) AppleWebKit/537.36 (KHTML, like Gecko) Mobile Safari/537.36 (compatible; Bytespider; https://zhanzhang.toutiao.com/)"
111.225.149.24 - - [07/Jun/2026:00:40:39 +0200] "GET /wp-content/uploads/2021/07/bau_mb_mbway.svg HTTP/1.1" 304 0 "https://www.baudefruta.pt/loja/page/11/?doing_wp_cron=1742652931.8845040798187255859375&orderby=price" "Mozilla/5.0 (Linux; Android 5.0) AppleWebKit/537.36 (KHTML, like Gecko) Mobile Safari/537.36 (compatible; Bytespider; https://zhanzhang.toutiao.com/)"
111.225.149.55 - - [07/Jun/2026:00:40:39 +0200] "GET /wp-content/uploads/2021/05/bau_livroreclamacoes.svg HTTP/1.1" 304 0 "https://www.baudefruta.pt/loja/page/11/?doing_wp_cron=1742652931.8845040798187255859375&orderby=price" "Mozilla/5.0 (Linux; Android 5.0) AppleWebKit/537.36 (KHTML, like Gecko) Mobile Safari/537.36 (compatible; Bytespider; https://zhanzhang.toutiao.com/)"
111.225.149.24 - - [07/Jun/2026:00:40:40 +0200] "GET /wp-content/uploads/2021/07/bau_mb_mbway.svg HTTP/1.1" 200 5318 "https://www.baudefruta.pt/loja/page/11/?doing_wp_cron=1742652931.8845040798187255859375&orderby=price" "Mozilla/5.0 (Linux; Android 5.0) AppleWebKit/537.36 (KHTML, like Gecko) Mobile Safari/537.36 (compatible; Bytespider; https://zhanzhang.toutiao.com/)"
111.225.149.55 - - [07/Jun/2026:00:40:40 +0200] "GET /wp-content/uploads/2021/05/bau_livroreclamacoes.svg HTTP/1.1" 200 2886 "https://www.baudefruta.pt/loja/page/11/?doing_wp_cron=1742652931.8845040798187255859375&orderby=price" "Mozilla/5.0 (Linux; Android 5.0) AppleWebKit/537.36 (KHTML, like Gecko) Mobile Safari/537.36 (compatible; Bytespider; https://zhanzhang.toutiao.com/)"
216.73.217.54 - - [07/Jun/2026:00:40:42 +0200] "GET /loja/page/2/?add-to-cart=606&doing_wp_cron=1780700779.0279970169067382812500&orderby=menu_order HTTP/1.1" 200 66178 "-" "Mozilla/5.0 AppleWebKit/537.36 (KHTML, like Gecko; compatible; ClaudeBot/1.0; +claudebot@anthropic.com)"
216.73.217.54 - - [07/Jun/2026:00:40:45 +0200] "GET /loja/?add-to-cart=18756&doing_wp_cron=1780555497.8906159400939941406250&orderby=date HTTP/1.1" 200 66059 "-" "Mozilla/5.0 AppleWebKit/537.36 (KHTML, like Gecko; compatible; ClaudeBot/1.0; +claudebot@anthropic.com)"
216.73.217.54 - - [07/Jun/2026:00:40:48 +0200] "GET /loja/page/5/?add-to-cart=470&doing_wp_cron=1780407018.5904660224914550781250&orderby=menu_order HTTP/1.1" 200 66388 "-" "Mozilla/5.0 AppleWebKit/537.36 (KHTML, like Gecko; compatible; ClaudeBot/1.0; +claudebot@anthropic.com)"
216.73.217.54 - - [07/Jun/2026:00:40:51 +0200] "GET /loja/page/4/?add-to-cart=454&doing_wp_cron=1780430342.1766259670257568359375&orderby=popularity HTTP/1.1" 200 66653 "-" "Mozilla/5.0 AppleWebKit/537.36 (KHTML, like Gecko; compatible; ClaudeBot/1.0; +claudebot@anthropic.com)"
216.73.217.54 - - [07/Jun/2026:00:40:54 +0200] "GET /loja/page/10/?add-to-cart=698&doing_wp_cron=1780445660.5325009822845458984375&orderby=popularity HTTP/1.1" 200 67329 "-" "Mozilla/5.0 AppleWebKit/537.36 (KHTML, like Gecko; compatible; ClaudeBot/1.0; +claudebot@anthropic.com)"
216.73.217.54 - - [07/Jun/2026:00:40:57 +0200] "GET /loja/page/8/?add-to-cart=698&doing_wp_cron=1780415098.0220060348510742187500&orderby=menu_order HTTP/1.1" 200 66779 "-" "Mozilla/5.0 AppleWebKit/537.36 (KHTML, like Gecko; compatible; ClaudeBot/1.0; +claudebot@anthropic.com)"
216.73.217.54 - - [07/Jun/2026:00:41:00 +0200] "GET /loja/?add-to-cart=1543&doing_wp_cron=1780415179.5259048938751220703125&orderby=popularity HTTP/1.1" 200 66658 "-" "Mozilla/5.0 AppleWebKit/537.36 (KHTML, like Gecko; compatible; ClaudeBot/1.0; +claudebot@anthropic.com)"
110.249.202.196 - - [07/Jun/2026:00:41:01 +0200] "GET /loja/page/4/?doing_wp_cron=1779703860.0695960521697998046875&orderby=price HTTP/1.1" 200 60523 "-" "Mozilla/5.0 (Linux; Android 5.0) AppleWebKit/537.36 (KHTML, like Gecko) Mobile Safari/537.36 (compatible; Bytespider; https://zhanzhang.toutiao.com/)"
110.249.202.196 - - [07/Jun/2026:00:41:02 +0200] "GET /wp-content/plugins/woocommerce/assets/css/brands.css?ver=10.2.2 HTTP/1.1" 200 699 "https://www.baudefruta.pt/loja/page/4/?doing_wp_cron=1779703860.0695960521697998046875&orderby=price" "Mozilla/5.0 (Linux; Android 5.0) AppleWebKit/537.36 (KHTML, like Gecko) Mobile Safari/537.36 (compatible; Bytespider; https://zhanzhang.toutiao.com/)"
110.249.202.196 - - [07/Jun/2026:00:41:02 +0200] "GET /wp-content/plugins/woocommerce-products-filter/js/chosen/chosen.min.css?ver=2.2.9.4 HTTP/1.1" 200 2141 "https://www.baudefruta.pt/loja/page/4/?doing_wp_cron=1779703860.0695960521697998046875&orderby=price" "Mozilla/5.0 (Linux; Android 5.0) AppleWebKit/537.36 (KHTML, like Gecko) Mobile Safari/537.36 (compatible; Bytespider; https://zhanzhang.toutiao.com/)"
110.249.202.13 - - [07/Jun/2026:00:41:02 +0200] "GET /wp-content/plugins/woocommerce-product-bundles/assets/css/frontend/woocommerce.css?ver=6.0.1 HTTP/1.1" 200 607 "https://www.baudefruta.pt/loja/page/4/?doing_wp_cron=1779703860.0695960521697998046875&orderby=price" "Mozilla/5.0 (Linux; Android 5.0) AppleWebKit/537.36 (KHTML, like Gecko) Mobile Safari/537.36 (compatible; Bytespider; https://zhanzhang.toutiao.com/)"
110.249.202.57 - - [07/Jun/2026:00:41:02 +0200] "GET /wp-content/themes/baudefruta-un/style.css?ver=997525335 HTTP/1.1" 200 896 "https://www.baudefruta.pt/loja/page/4/?doing_wp_cron=1779703860.0695960521697998046875&orderby=price" "Mozilla/5.0 (Linux; Android 5.0) AppleWebKit/537.36 (KHTML, like Gecko) Mobile Safari/537.36 (compatible; Bytespider; https://zhanzhang.toutiao.com/)"
110.249.202.63 - - [07/Jun/2026:00:41:02 +0200] "GET /wp-includes/js/jquery/jquery.min.js?ver=3.7.1 HTTP/1.1" 200 30646 "https://www.baudefruta.pt/loja/page/4/?doing_wp_cron=1779703860.0695960521697998046875&orderby=price" "Mozilla/5.0 (Linux; Android 5.0) AppleWebKit/537.36 (KHTML, like Gecko) Mobile Safari/537.36 (compatible; Bytespider; https://zhanzhang.toutiao.com/)"
110.249.202.172 - - [07/Jun/2026:00:41:02 +0200] "GET /wp-content/uploads/2021/12/PVT001-uai-500x500.jpg HTTP/1.1" 206 500 "https://www.baudefruta.pt/loja/page/4/?doing_wp_cron=1779703860.0695960521697998046875&orderby=price" "Mozilla/5.0 (Linux; Android 5.0) AppleWebKit/537.36 (KHTML, like Gecko) Mobile Safari/537.36 (compatible; Bytespider; https://zhanzhang.toutiao.com/)"
110.249.202.13 - - [07/Jun/2026:00:41:02 +0200] "GET /wp-includes/js/mediaelement/mediaelement-and-player.min.js?ver=4.2.17 HTTP/1.1" 200 39312 "https://www.baudefruta.pt/loja/page/4/?doing_wp_cron=1779703860.0695960521697998046875&orderby=price" "Mozilla/5.0 (Linux; Android 5.0) AppleWebKit/537.36 (KHTML, like Gecko) Mobile Safari/537.36 (compatible; Bytespider; https://zhanzhang.toutiao.com/)"
110.249.202.57 - - [07/Jun/2026:00:41:02 +0200] "GET /wp-content/plugins/duracelltomi-google-tag-manager/dist/js/gtm4wp-ecommerce-generic.js?ver=1.22.3 HTTP/1.1" 200 579 "https://www.baudefruta.pt/loja/page/4/?doing_wp_cron=1779703860.0695960521697998046875&orderby=price" "Mozilla/5.0 (Linux; Android 5.0) AppleWebKit/537.36 (KHTML, like Gecko) Mobile Safari/537.36 (compatible; Bytespider; https://zhanzhang.toutiao.com/)"
110.249.202.13 - - [07/Jun/2026:00:41:03 +0200] "GET /wp-content/plugins/woocommerce-products-filter/js/html_types/mselect.js?ver=2.2.9.4 HTTP/1.1" 200 740 "https://www.baudefruta.pt/loja/page/4/?doing_wp_cron=1779703860.0695960521697998046875&orderby=price" "Mozilla/5.0 (Linux; Android 5.0) AppleWebKit/537.36 (KHTML, like Gecko) Mobile Safari/537.36 (compatible; Bytespider; https://zhanzhang.toutiao.com/)"
110.249.202.63 - - [07/Jun/2026:00:41:03 +0200] "GET /wp-content/uploads/2021/06/TS001-tomate-redondo-uai-1024x1024.jpg HTTP/1.1" 206 500 "https://www.baudefruta.pt/loja/page/4/?doing_wp_cron=1779703860.0695960521697998046875&orderby=price" "Mozilla/5.0 (Linux; Android 5.0) AppleWebKit/537.36 (KHTML, like Gecko) Mobile Safari/537.36 (compatible; Bytespider; https://zhanzhang.toutiao.com/)"
110.249.202.57 - - [07/Jun/2026:00:41:03 +0200] "GET /wp-content/uploads/2021/06/TG001-tremoco-grado.jpg HTTP/1.1" 206 500 "https://www.baudefruta.pt/loja/page/4/?doing_wp_cron=1779703860.0695960521697998046875&orderby=price" "Mozilla/5.0 (Linux; Android 5.0) AppleWebKit/537.36 (KHTML, like Gecko) Mobile Safari/537.36 (compatible; Bytespider; https://zhanzhang.toutiao.com/)"
110.249.202.172 - - [07/Jun/2026:00:41:03 +0200] "GET /wp-content/uploads/2021/06/CH003-dom-duarte-cha-tilia-uai-800x800.jpg HTTP/1.1" 206 500 "https://www.baudefruta.pt/loja/page/4/?doing_wp_cron=1779703860.0695960521697998046875&orderby=price" "Mozilla/5.0 (Linux; Android 5.0) AppleWebKit/537.36 (KHTML, like Gecko) Mobile Safari/537.36 (compatible; Bytespider; https://zhanzhang.toutiao.com/)"
110.249.202.13 - - [07/Jun/2026:00:41:03 +0200] "GET /wp-content/uploads/2021/06/PM001-pimento-vermelho-uai-1024x1024.jpg HTTP/1.1" 206 500 "https://www.baudefruta.pt/loja/page/4/?doing_wp_cron=1779703860.0695960521697998046875&orderby=price" "Mozilla/5.0 (Linux; Android 5.0) AppleWebKit/537.36 (KHTML, like Gecko) Mobile Safari/537.36 (compatible; Bytespider; https://zhanzhang.toutiao.com/)"
110.249.202.196 - - [07/Jun/2026:00:41:03 +0200] "GET /wp-content/uploads/2021/06/CH005-dom-duarte-cha-preto-uai-700x700.jpg HTTP/1.1" 206 500 "https://www.baudefruta.pt/loja/page/4/?doing_wp_cron=1779703860.0695960521697998046875&orderby=price" "Mozilla/5.0 (Linux; Android 5.0) AppleWebKit/537.36 (KHTML, like Gecko) Mobile Safari/537.36 (compatible; Bytespider; https://zhanzhang.toutiao.com/)"
110.249.202.34 - - [07/Jun/2026:00:41:03 +0200] "GET /wp-content/uploads/2021/05/bau_livroreclamacoes.svg HTTP/1.1" 206 500 "https://www.baudefruta.pt/loja/page/4/?doing_wp_cron=1779703860.0695960521697998046875&orderby=price" "Mozilla/5.0 (Linux; Android 5.0) AppleWebKit/537.36 (KHTML, like Gecko) Mobile Safari/537.36 (compatible; Bytespider; https://zhanzhang.toutiao.com/)"
110.249.202.34 - - [07/Jun/2026:00:41:03 +0200] "GET /wp-content/uploads/2021/05/bau_livroreclamacoes.svg HTTP/1.1" 304 0 "https://www.baudefruta.pt/loja/page/4/?doing_wp_cron=1779703860.0695960521697998046875&orderby=price" "Mozilla/5.0 (Linux; Android 5.0) AppleWebKit/537.36 (KHTML, like Gecko) Mobile Safari/537.36 (compatible; Bytespider; https://zhanzhang.toutiao.com/)"
110.249.202.13 - - [07/Jun/2026:00:41:03 +0200] "GET /wp-content/uploads/2021/07/bau_mb_mbway.svg HTTP/1.1" 206 500 "https://www.baudefruta.pt/loja/page/4/?doing_wp_cron=1779703860.0695960521697998046875&orderby=price" "Mozilla/5.0 (Linux; Android 5.0) AppleWebKit/537.36 (KHTML, like Gecko) Mobile Safari/537.36 (compatible; Bytespider; https://zhanzhang.toutiao.com/)"
216.73.217.54 - - [07/Jun/2026:00:41:03 +0200] "GET /loja/page/2/?add-to-cart=1560&doing_wp_cron=1780534458.6864840984344482421875&orderby=popularity HTTP/1.1" 200 68648 "-" "Mozilla/5.0 AppleWebKit/537.36 (KHTML, like Gecko; compatible; ClaudeBot/1.0; +claudebot@anthropic.com)"
110.249.202.34 - - [07/Jun/2026:00:41:03 +0200] "GET /wp-content/uploads/2021/05/bau_livroreclamacoes.svg HTTP/1.1" 200 2886 "https://www.baudefruta.pt/loja/page/4/?doing_wp_cron=1779703860.0695960521697998046875&orderby=price" "Mozilla/5.0 (Linux; Android 5.0) AppleWebKit/537.36 (KHTML, like Gecko) Mobile Safari/537.36 (compatible; Bytespider; https://zhanzhang.toutiao.com/)"
110.249.202.13 - - [07/Jun/2026:00:41:03 +0200] "GET /wp-content/uploads/2021/07/bau_mb_mbway.svg HTTP/1.1" 304 0 "https://www.baudefruta.pt/loja/page/4/?doing_wp_cron=1779703860.0695960521697998046875&orderby=price" "Mozilla/5.0 (Linux; Android 5.0) AppleWebKit/537.36 (KHTML, like Gecko) Mobile Safari/537.36 (compatible; Bytespider; https://zhanzhang.toutiao.com/)"
110.249.202.13 - - [07/Jun/2026:00:41:04 +0200] "GET /wp-content/uploads/2021/07/bau_mb_mbway.svg HTTP/1.1" 200 5318 "https://www.baudefruta.pt/loja/page/4/?doing_wp_cron=1779703860.0695960521697998046875&orderby=price" "Mozilla/5.0 (Linux; Android 5.0) AppleWebKit/537.36 (KHTML, like Gecko) Mobile Safari/537.36 (compatible; Bytespider; https://zhanzhang.toutiao.com/)"
216.73.217.54 - - [07/Jun/2026:00:41:06 +0200] "GET /loja/page/9/?add-to-cart=821&doing_wp_cron=1780654689.7718369960784912109375&orderby=popularity HTTP/1.1" 200 69197 "-" "Mozilla/5.0 AppleWebKit/537.36 (KHTML, like Gecko; compatible; ClaudeBot/1.0; +claudebot@anthropic.com)"
216.73.217.54 - - [07/Jun/2026:00:41:09 +0200] "GET /loja/page/3/?add-to-cart=486&doing_wp_cron=1780544516.9586501121520996093750&orderby=menu_order HTTP/1.1" 200 68632 "-" "Mozilla/5.0 AppleWebKit/537.36 (KHTML, like Gecko; compatible; ClaudeBot/1.0; +claudebot@anthropic.com)"
216.73.217.54 - - [07/Jun/2026:00:41:12 +0200] "GET /loja/page/5/?add-to-cart=608&doing_wp_cron=1780521319.6477649211883544921875&orderby=popularity HTTP/1.1" 200 69514 "-" "Mozilla/5.0 AppleWebKit/537.36 (KHTML, like Gecko; compatible; ClaudeBot/1.0; +claudebot@anthropic.com)"
216.73.217.54 - - [07/Jun/2026:00:41:15 +0200] "GET /produto/sortido-de-gomas-brilho/?add-to-cart=712&doing_wp_cron=1780468137.4696199893951416015625 HTTP/1.1" 200 67590 "-" "Mozilla/5.0 AppleWebKit/537.36 (KHTML, like Gecko; compatible; ClaudeBot/1.0; +claudebot@anthropic.com)"
216.73.217.54 - - [07/Jun/2026:00:41:18 +0200] "GET /loja/page/10/?add-to-cart=697&doing_wp_cron=1780398917.1266179084777832031250&orderby=popularity HTTP/1.1" 200 69941 "-" "Mozilla/5.0 AppleWebKit/537.36 (KHTML, like Gecko; compatible; ClaudeBot/1.0; +claudebot@anthropic.com)"
216.73.217.54 - - [07/Jun/2026:00:41:22 +0200] "GET /loja/page/5/?add-to-cart=788&doing_wp_cron=1780525352.6028890609741210937500&orderby=popularity HTTP/1.1" 200 70061 "-" "Mozilla/5.0 AppleWebKit/537.36 (KHTML, like Gecko; compatible; ClaudeBot/1.0; +claudebot@anthropic.com)"
113.211.212.4 - - [07/Jun/2026:00:41:23 +0200] "GET /categoria-produto/mercearia/?add-to-cart=2045&doing_wp_cron=1779752829.4892659187316894531250&orderby=popularity HTTP/1.1" 200 462794 "-" "Mozilla/5.0 (compatible; MSIE 5.0; Windows NT 6.1; Trident/3.1)"
216.73.217.54 - - [07/Jun/2026:00:41:25 +0200] "GET /loja/page/8/?add-to-cart=2008&doing_wp_cron=1780207778.1771409511566162109375&orderby=menu_order HTTP/1.1" 200 69765 "-" "Mozilla/5.0 AppleWebKit/537.36 (KHTML, like Gecko; compatible; ClaudeBot/1.0; +claudebot@anthropic.com)"
110.249.202.100 - - [07/Jun/2026:00:41:25 +0200] "GET /categoria-produto/bebidas/?doing_wp_cron=1699075803.0183858871459960937500&orderby=date HTTP/1.1" 200 55524 "-" "Mozilla/5.0 (Linux; Android 5.0) AppleWebKit/537.36 (KHTML, like Gecko) Mobile Safari/537.36 (compatible; Bytespider; https://zhanzhang.toutiao.com/)"
110.249.202.100 - - [07/Jun/2026:00:41:26 +0200] "GET /wp-content/plugins/woo-keyinvoice-integration/public/css/woo-keyinvoice-integration-public.css?ver=1.0.0 HTTP/1.1" 200 98 "https://www.baudefruta.pt/categoria-produto/bebidas/?doing_wp_cron=1699075803.0183858871459960937500&orderby=date" "Mozilla/5.0 (Linux; Android 5.0) AppleWebKit/537.36 (KHTML, like Gecko) Mobile Safari/537.36 (compatible; Bytespider; https://zhanzhang.toutiao.com/)"
110.249.202.100 - - [07/Jun/2026:00:41:26 +0200] "GET /wp-content/themes/baudefruta-un/style.css?ver=552570494 HTTP/1.1" 200 896 "https://www.baudefruta.pt/categoria-produto/bebidas/?doing_wp_cron=1699075803.0183858871459960937500&orderby=date" "Mozilla/5.0 (Linux; Android 5.0) AppleWebKit/537.36 (KHTML, like Gecko) Mobile Safari/537.36 (compatible; Bytespider; https://zhanzhang.toutiao.com/)"
110.249.202.100 - - [07/Jun/2026:00:41:26 +0200] "GET /wp-content/uploads/2021/07/bau_mb_mbway.svg HTTP/1.1" 206 500 "https://www.baudefruta.pt/categoria-produto/bebidas/?doing_wp_cron=1699075803.0183858871459960937500&orderby=date" "Mozilla/5.0 (Linux; Android 5.0) AppleWebKit/537.36 (KHTML, like Gecko) Mobile Safari/537.36 (compatible; Bytespider; https://zhanzhang.toutiao.com/)"
110.249.202.194 - - [07/Jun/2026:00:41:26 +0200] "GET /wp-content/plugins/woocommerce-products-filter/js/tooltip/css/tooltipster.bundle.min.css?ver=2.2.9.4 HTTP/1.1" 200 1151 "https://www.baudefruta.pt/categoria-produto/bebidas/?doing_wp_cron=1699075803.0183858871459960937500&orderby=date" "Mozilla/5.0 (Linux; Android 5.0) AppleWebKit/537.36 (KHTML, like Gecko) Mobile Safari/537.36 (compatible; Bytespider; https://zhanzhang.toutiao.com/)"
110.249.202.100 - - [07/Jun/2026:00:41:26 +0200] "GET /wp-content/uploads/2021/07/bau_mb_mbway.svg HTTP/1.1" 304 0 "https://www.baudefruta.pt/categoria-produto/bebidas/?doing_wp_cron=1699075803.0183858871459960937500&orderby=date" "Mozilla/5.0 (Linux; Android 5.0) AppleWebKit/537.36 (KHTML, like Gecko) Mobile Safari/537.36 (compatible; Bytespider; https://zhanzhang.toutiao.com/)"
110.249.202.197 - - [07/Jun/2026:00:41:26 +0200] "GET /wp-content/uploads/2021/05/bau_livroreclamacoes.svg HTTP/1.1" 206 500 "https://www.baudefruta.pt/categoria-produto/bebidas/?doing_wp_cron=1699075803.0183858871459960937500&orderby=date" "Mozilla/5.0 (Linux; Android 5.0) AppleWebKit/537.36 (KHTML, like Gecko) Mobile Safari/537.36 (compatible; Bytespider; https://zhanzhang.toutiao.com/)"
110.249.202.234 - - [07/Jun/2026:00:41:27 +0200] "GET /wp-includes/js/mediaelement/mediaelement-migrate.min.js?ver=6.9.1 HTTP/1.1" 200 552 "https://www.baudefruta.pt/categoria-produto/bebidas/?doing_wp_cron=1699075803.0183858871459960937500&orderby=date" "Mozilla/5.0 (Linux; Android 5.0) AppleWebKit/537.36 (KHTML, like Gecko) Mobile Safari/537.36 (compatible; Bytespider; https://zhanzhang.toutiao.com/)"
110.249.202.100 - - [07/Jun/2026:00:41:27 +0200] "GET /wp-content/plugins/woocommerce-products-filter/js/chosen/chosen.jquery.js?ver=2.2.9.4 HTTP/1.1" 200 8826 "https://www.baudefruta.pt/categoria-produto/bebidas/?doing_wp_cron=1699075803.0183858871459960937500&orderby=date" "Mozilla/5.0 (Linux; Android 5.0) AppleWebKit/537.36 (KHTML, like Gecko) Mobile Safari/537.36 (compatible; Bytespider; https://zhanzhang.toutiao.com/)"
110.249.202.194 - - [07/Jun/2026:00:41:27 +0200] "GET /wp-content/plugins/woocommerce/assets/js/js-cookie/js.cookie.min.js?ver=2.1.4-wc.10.2.2 HTTP/1.1" 200 845 "https://www.baudefruta.pt/categoria-produto/bebidas/?doing_wp_cron=1699075803.0183858871459960937500&orderby=date" "Mozilla/5.0 (Linux; Android 5.0) AppleWebKit/537.36 (KHTML, like Gecko) Mobile Safari/537.36 (compatible; Bytespider; https://zhanzhang.toutiao.com/)"
110.249.202.197 - - [07/Jun/2026:00:41:27 +0200] "GET /wp-content/uploads/2021/05/bau_livroreclamacoes.svg HTTP/1.1" 304 0 "https://www.baudefruta.pt/categoria-produto/bebidas/?doing_wp_cron=1699075803.0183858871459960937500&orderby=date" "Mozilla/5.0 (Linux; Android 5.0) AppleWebKit/537.36 (KHTML, like Gecko) Mobile Safari/537.36 (compatible; Bytespider; https://zhanzhang.toutiao.com/)"
110.249.202.37 - - [07/Jun/2026:00:41:27 +0200] "GET /wp-includes/js/mediaelement/mediaelement-and-player.min.js?ver=4.2.17 HTTP/1.1" 200 39312 "https://www.baudefruta.pt/categoria-produto/bebidas/?doing_wp_cron=1699075803.0183858871459960937500&orderby=date" "Mozilla/5.0 (Linux; Android 5.0) AppleWebKit/537.36 (KHTML, like Gecko) Mobile Safari/537.36 (compatible; Bytespider; https://zhanzhang.toutiao.com/)"
110.249.202.115 - - [07/Jun/2026:00:41:27 +0200] "GET /wp-content/uploads/2021/07/bau_mb_mbway.svg HTTP/1.1" 200 5318 "https://www.baudefruta.pt/categoria-produto/bebidas/?doing_wp_cron=1699075803.0183858871459960937500&orderby=date" "Mozilla/5.0 (Linux; Android 5.0) AppleWebKit/537.36 (KHTML, like Gecko) Mobile Safari/537.36 (compatible; Bytespider; https://zhanzhang.toutiao.com/)"
110.249.202.197 - - [07/Jun/2026:00:41:27 +0200] "GET /wp-content/uploads/2021/05/bau_livroreclamacoes.svg HTTP/1.1" 200 2886 "https://www.baudefruta.pt/categoria-produto/bebidas/?doing_wp_cron=1699075803.0183858871459960937500&orderby=date" "Mozilla/5.0 (Linux; Android 5.0) AppleWebKit/537.36 (KHTML, like Gecko) Mobile Safari/537.36 (compatible; Bytespider; https://zhanzhang.toutiao.com/)"
216.73.217.54 - - [07/Jun/2026:00:41:27 +0200] "GET /loja/page/2/?add-to-cart=507&doing_wp_cron=1780398917.1266179084777832031250&orderby=date HTTP/1.1" 200 69852 "-" "Mozilla/5.0 AppleWebKit/537.36 (KHTML, like Gecko; compatible; ClaudeBot/1.0; +claudebot@anthropic.com)"
216.73.217.54 - - [07/Jun/2026:00:41:30 +0200] "GET /categoria-produto/mercearia/?add-to-cart=1987&doing_wp_cron=1780245057.2307438850402832031250&orderby=date HTTP/1.1" 200 69796 "-" "Mozilla/5.0 AppleWebKit/537.36 (KHTML, like Gecko; compatible; ClaudeBot/1.0; +claudebot@anthropic.com)"
216.73.217.54 - - [07/Jun/2026:00:41:34 +0200] "GET /loja/page/3/?add-to-cart=545&doing_wp_cron=1780407018.5904660224914550781250&orderby=popularity HTTP/1.1" 200 70417 "-" "Mozilla/5.0 AppleWebKit/537.36 (KHTML, like Gecko; compatible; ClaudeBot/1.0; +claudebot@anthropic.com)"
216.73.217.54 - - [07/Jun/2026:00:41:36 +0200] "GET /loja/page/8/?add-to-cart=666&doing_wp_cron=1780521358.5195169448852539062500&orderby=menu_order HTTP/1.1" 200 70452 "-" "Mozilla/5.0 AppleWebKit/537.36 (KHTML, like Gecko; compatible; ClaudeBot/1.0; +claudebot@anthropic.com)"
216.73.217.54 - - [07/Jun/2026:00:41:39 +0200] "GET /categoria-produto/mercearia/page/4/?doing_wp_cron=1780501737.9253489971160888671875&orderby=price HTTP/1.1" 200 70467 "-" "Mozilla/5.0 AppleWebKit/537.36 (KHTML, like Gecko; compatible; ClaudeBot/1.0; +claudebot@anthropic.com)"
216.73.217.54 - - [07/Jun/2026:00:41:42 +0200] "GET /loja/page/10/?add-to-cart=829&doing_wp_cron=1780445660.5325009822845458984375&orderby=popularity HTTP/1.1" 200 71242 "-" "Mozilla/5.0 AppleWebKit/537.36 (KHTML, like Gecko; compatible; ClaudeBot/1.0; +claudebot@anthropic.com)"
