178.166.27.41 - - [07/Jun/2026:00:13:07 +0200] "GET /produto/bau-economico/ HTTP/1.1" 200 62717 "https://www.baudefruta.pt/?fbclid=IwZXh0bgNhZW0BMABhZGlkAasyrjbZ70RzcnRjBmFwcF9pZAwzNTA2ODU1MzE3MjgAAR6xblgm-yY1xugkSVLMtPyMftRTnHdIiVFibONuAuzT3SelJbMT0hKprFIfBA_aem__bgfEtsr24D8GxPY7_f6xg&utm_medium=paid&utm_source=fb&utm_id=120245538772870644&utm_content=120245538772890644&utm_term=120245538772880644&utm_campaign=120245538772870644" "Mozilla/5.0 (Linux; Android 14; SM-A528B Build/UP1A.231005.007; wv) AppleWebKit/537.36 (KHTML, like Gecko) Version/4.0 Chrome/149.0.7827.83 Mobile Safari/537.36"
178.166.27.41 - - [07/Jun/2026:00:13:10 +0200] "GET /produto/bau-de-hortalica/ HTTP/1.1" 200 61671 "https://www.baudefruta.pt/?fbclid=IwZXh0bgNhZW0BMABhZGlkAasyrjbZ70RzcnRjBmFwcF9pZAwzNTA2ODU1MzE3MjgAAR6xblgm-yY1xugkSVLMtPyMftRTnHdIiVFibONuAuzT3SelJbMT0hKprFIfBA_aem__bgfEtsr24D8GxPY7_f6xg&utm_medium=paid&utm_source=fb&utm_id=120245538772870644&utm_content=120245538772890644&utm_term=120245538772880644&utm_campaign=120245538772870644" "Mozilla/5.0 (Linux; Android 14; SM-A528B Build/UP1A.231005.007; wv) AppleWebKit/537.36 (KHTML, like Gecko) Version/4.0 Chrome/149.0.7827.83 Mobile Safari/537.36"
216.73.217.54 - - [07/Jun/2026:00:13:11 +0200] "GET /loja/?add-to-cart=433&doing_wp_cron=1780470504.6510601043701171875000&orderby=popularity HTTP/1.1" 200 61861 "-" "Mozilla/5.0 AppleWebKit/537.36 (KHTML, like Gecko; compatible; ClaudeBot/1.0; +claudebot@anthropic.com)"
94.154.239.69 - - [07/Jun/2026:00:13:12 +0200] "GET /categoria-produto/frescos/?add-to-cart=452&orderby=price-desc&doing_wp_cron=1780744283.5031809806823730468750 HTTP/1.1" 200 60836 "-" "Mozilla/5.0 (compatible; MJ12bot/v1.4.8; http://mj12bot.com/)"
216.73.217.54 - - [07/Jun/2026:00:13:14 +0200] "GET /categoria-produto/mercearia/page/4/?doing_wp_cron=1780586179.5736620426177978515625&orderby=date HTTP/1.1" 200 61726 "-" "Mozilla/5.0 AppleWebKit/537.36 (KHTML, like Gecko; compatible; ClaudeBot/1.0; +claudebot@anthropic.com)"
216.73.217.54 - - [07/Jun/2026:00:13:17 +0200] "GET /loja/?add-to-cart=4225&doing_wp_cron=1780298590.2811610698699951171875&orderby=menu_order HTTP/1.1" 200 62214 "-" "Mozilla/5.0 AppleWebKit/537.36 (KHTML, like Gecko; compatible; ClaudeBot/1.0; +claudebot@anthropic.com)"
94.154.239.69 - - [07/Jun/2026:00:13:18 +0200] "GET /categoria-produto/frescos/?add-to-cart=452&orderby=price-desc&doing_wp_cron=1780744333.9297740459442138671875 HTTP/1.1" 200 60830 "-" "Mozilla/5.0 (compatible; MJ12bot/v1.4.8; http://mj12bot.com/)"
216.73.217.54 - - [07/Jun/2026:00:13:20 +0200] "GET /produto/figo-seco-com-farinha/?add-to-cart=765&doing_wp_cron=1780680129.0401239395141601562500 HTTP/1.1" 200 60737 "-" "Mozilla/5.0 AppleWebKit/537.36 (KHTML, like Gecko; compatible; ClaudeBot/1.0; +claudebot@anthropic.com)"
178.166.27.41 - - [07/Jun/2026:00:13:20 +0200] "GET /produto/bau-tutti-frutti/ HTTP/1.1" 304 0 "https://www.baudefruta.pt/?fbclid=IwZXh0bgNhZW0BMABhZGlkAasyrjbZ70RzcnRjBmFwcF9pZAwzNTA2ODU1MzE3MjgAAR6xblgm-yY1xugkSVLMtPyMftRTnHdIiVFibONuAuzT3SelJbMT0hKprFIfBA_aem__bgfEtsr24D8GxPY7_f6xg&utm_medium=paid&utm_source=fb&utm_id=120245538772870644&utm_content=120245538772890644&utm_term=120245538772880644&utm_campaign=120245538772870644" "Mozilla/5.0 (Linux; Android 14; SM-A528B Build/UP1A.231005.007; wv) AppleWebKit/537.36 (KHTML, like Gecko) Version/4.0 Chrome/149.0.7827.83 Mobile Safari/537.36"
178.166.27.41 - - [07/Jun/2026:00:13:20 +0200] "GET /categoria-produto/baus/ HTTP/1.1" 200 55292 "https://www.baudefruta.pt/?fbclid=IwZXh0bgNhZW0BMABhZGlkAasyrjbZ70RzcnRjBmFwcF9pZAwzNTA2ODU1MzE3MjgAAR6xblgm-yY1xugkSVLMtPyMftRTnHdIiVFibONuAuzT3SelJbMT0hKprFIfBA_aem__bgfEtsr24D8GxPY7_f6xg&utm_medium=paid&utm_source=fb&utm_id=120245538772870644&utm_content=120245538772890644&utm_term=120245538772880644&utm_campaign=120245538772870644" "Mozilla/5.0 (Linux; Android 14; SM-A528B Build/UP1A.231005.007; wv) AppleWebKit/537.36 (KHTML, like Gecko) Version/4.0 Chrome/149.0.7827.83 Mobile Safari/537.36"
216.73.217.54 - - [07/Jun/2026:00:13:23 +0200] "GET /produto/clementina/?add-to-cart=604&doing_wp_cron=1780227109.1147179603576660156250 HTTP/1.1" 200 60871 "-" "Mozilla/5.0 AppleWebKit/537.36 (KHTML, like Gecko; compatible; ClaudeBot/1.0; +claudebot@anthropic.com)"
94.154.239.69 - - [07/Jun/2026:00:13:24 +0200] "GET /categoria-produto/frescos/?add-to-cart=452&orderby=price-desc&doing_wp_cron=1780744436.3482849597930908203125 HTTP/1.1" 200 60838 "-" "Mozilla/5.0 (compatible; MJ12bot/v1.4.8; http://mj12bot.com/)"
216.73.217.54 - - [07/Jun/2026:00:13:26 +0200] "GET /loja/page/7/?doing_wp_cron=1780575383.4784491062164306640625&orderby=price-desc HTTP/1.1" 200 62813 "-" "Mozilla/5.0 AppleWebKit/537.36 (KHTML, like Gecko; compatible; ClaudeBot/1.0; +claudebot@anthropic.com)"
178.166.27.41 - - [07/Jun/2026:00:13:28 +0200] "GET /produto/bau-economico/ HTTP/1.1" 304 0 "https://www.baudefruta.pt/?fbclid=IwZXh0bgNhZW0BMABhZGlkAasyrjbZ70RzcnRjBmFwcF9pZAwzNTA2ODU1MzE3MjgAAR6xblgm-yY1xugkSVLMtPyMftRTnHdIiVFibONuAuzT3SelJbMT0hKprFIfBA_aem__bgfEtsr24D8GxPY7_f6xg&utm_medium=paid&utm_source=fb&utm_id=120245538772870644&utm_content=120245538772890644&utm_term=120245538772880644&utm_campaign=120245538772870644" "Mozilla/5.0 (Linux; Android 14; SM-A528B Build/UP1A.231005.007; wv) AppleWebKit/537.36 (KHTML, like Gecko) Version/4.0 Chrome/149.0.7827.83 Mobile Safari/537.36"
178.166.27.41 - - [07/Jun/2026:00:13:28 +0200] "GET /wp-content/themes/uncode/library/css/style.css?ver=2021086059 HTTP/1.1" 200 70140 "https://www.baudefruta.pt/produto/bau-economico/" "Mozilla/5.0 (Linux; Android 14; SM-A528B Build/UP1A.231005.007) AppleWebKit/537.36 (KHTML, like Gecko) Version/4.0 Chrome/149.0.7827.83 Mobile Safari/537.36 [FB_IAB/FB4A;FBAV/564.0.0.48.74;IABMV/1;]"
178.166.27.41 - - [07/Jun/2026:00:13:28 +0200] "GET /wp-content/themes/uncode/library/css/uncode-icons.css?ver=2021086059 HTTP/1.1" 200 12098 "https://www.baudefruta.pt/produto/bau-economico/" "Mozilla/5.0 (Linux; Android 14; SM-A528B Build/UP1A.231005.007) AppleWebKit/537.36 (KHTML, like Gecko) Version/4.0 Chrome/149.0.7827.83 Mobile Safari/537.36 [FB_IAB/FB4A;FBAV/564.0.0.48.74;IABMV/1;]"
178.166.27.41 - - [07/Jun/2026:00:13:28 +0200] "GET /wp-content/themes/uncode/library/css/woocommerce.css?ver=2021086059 HTTP/1.1" 200 20067 "https://www.baudefruta.pt/produto/bau-economico/" "Mozilla/5.0 (Linux; Android 14; SM-A528B Build/UP1A.231005.007) AppleWebKit/537.36 (KHTML, like Gecko) Version/4.0 Chrome/149.0.7827.83 Mobile Safari/537.36 [FB_IAB/FB4A;FBAV/564.0.0.48.74;IABMV/1;]"
178.166.27.41 - - [07/Jun/2026:00:13:28 +0200] "GET /wp-content/themes/baudefruta-un/style.css?ver=2033006294 HTTP/1.1" 200 896 "https://www.baudefruta.pt/produto/bau-economico/" "Mozilla/5.0 (Linux; Android 14; SM-A528B Build/UP1A.231005.007) AppleWebKit/537.36 (KHTML, like Gecko) Version/4.0 Chrome/149.0.7827.83 Mobile Safari/537.36 [FB_IAB/FB4A;FBAV/564.0.0.48.74;IABMV/1;]"
178.166.27.41 - - [07/Jun/2026:00:13:28 +0200] "GET /wp-content/plugins/woocommerce-product-bundles/assets/css/frontend/single-product.css?ver=6.0.1 HTTP/1.1" 200 1887 "https://www.baudefruta.pt/produto/bau-economico/" "Mozilla/5.0 (Linux; Android 14; SM-A528B Build/UP1A.231005.007) AppleWebKit/537.36 (KHTML, like Gecko) Version/4.0 Chrome/149.0.7827.83 Mobile Safari/537.36 [FB_IAB/FB4A;FBAV/564.0.0.48.74;IABMV/1;]"
178.166.27.41 - - [07/Jun/2026:00:13:28 +0200] "GET /wp-content/themes/uncode/library/js/init.js?ver=2021086059 HTTP/1.1" 200 38505 "https://www.baudefruta.pt/produto/bau-economico/" "Mozilla/5.0 (Linux; Android 14; SM-A528B Build/UP1A.231005.007) AppleWebKit/537.36 (KHTML, like Gecko) Version/4.0 Chrome/149.0.7827.83 Mobile Safari/537.36 [FB_IAB/FB4A;FBAV/564.0.0.48.74;IABMV/1;]"
178.166.27.41 - - [07/Jun/2026:00:13:28 +0200] "GET /wp-content/uploads/2021/10/bau_economico_2.jpg HTTP/1.1" 200 110354 "https://www.baudefruta.pt/produto/bau-economico/" "Mozilla/5.0 (Linux; Android 14; SM-A528B Build/UP1A.231005.007) AppleWebKit/537.36 (KHTML, like Gecko) Version/4.0 Chrome/149.0.7827.83 Mobile Safari/537.36 [FB_IAB/FB4A;FBAV/564.0.0.48.74;IABMV/1;]"
178.166.27.41 - - [07/Jun/2026:00:13:28 +0200] "GET /wp-content/uploads/2022/05/Maca-Fuji.jpg HTTP/1.1" 200 63139 "https://www.baudefruta.pt/produto/bau-economico/" "Mozilla/5.0 (Linux; Android 14; SM-A528B Build/UP1A.231005.007) AppleWebKit/537.36 (KHTML, like Gecko) Version/4.0 Chrome/149.0.7827.83 Mobile Safari/537.36 [FB_IAB/FB4A;FBAV/564.0.0.48.74;IABMV/1;]"
178.166.27.41 - - [07/Jun/2026:00:13:28 +0200] "GET /wp-content/uploads/2021/10/MA002_redux.jpg HTTP/1.1" 200 15770 "https://www.baudefruta.pt/produto/bau-economico/" "Mozilla/5.0 (Linux; Android 14; SM-A528B Build/UP1A.231005.007) AppleWebKit/537.36 (KHTML, like Gecko) Version/4.0 Chrome/149.0.7827.83 Mobile Safari/537.36 [FB_IAB/FB4A;FBAV/564.0.0.48.74;IABMV/1;]"
178.166.27.41 - - [07/Jun/2026:00:13:28 +0200] "GET /wp-content/uploads/2021/10/MR002.jpg HTTP/1.1" 200 18950 "https://www.baudefruta.pt/produto/bau-economico/" "Mozilla/5.0 (Linux; Android 14; SM-A528B Build/UP1A.231005.007) AppleWebKit/537.36 (KHTML, like Gecko) Version/4.0 Chrome/149.0.7827.83 Mobile Safari/537.36 [FB_IAB/FB4A;FBAV/564.0.0.48.74;IABMV/1;]"
178.166.27.41 - - [07/Jun/2026:00:13:28 +0200] "GET /wp-content/uploads/2021/10/PR002-1024x1024.jpg HTTP/1.1" 200 57090 "https://www.baudefruta.pt/produto/bau-economico/" "Mozilla/5.0 (Linux; Android 14; SM-A528B Build/UP1A.231005.007) AppleWebKit/537.36 (KHTML, like Gecko) Version/4.0 Chrome/149.0.7827.83 Mobile Safari/537.36 [FB_IAB/FB4A;FBAV/564.0.0.48.74;IABMV/1;]"
178.166.27.41 - - [07/Jun/2026:00:13:28 +0200] "GET /wp-content/themes/uncode/library/js/plugins.js?ver=2021086059 HTTP/1.1" 200 192549 "https://www.baudefruta.pt/produto/bau-economico/" "Mozilla/5.0 (Linux; Android 14; SM-A528B Build/UP1A.231005.007) AppleWebKit/537.36 (KHTML, like Gecko) Version/4.0 Chrome/149.0.7827.83 Mobile Safari/537.36 [FB_IAB/FB4A;FBAV/564.0.0.48.74;IABMV/1;]"
178.166.27.41 - - [07/Jun/2026:00:13:28 +0200] "GET /wp-content/themes/uncode/library/js/app.js?ver=2021086059 HTTP/1.1" 200 41076 "https://www.baudefruta.pt/produto/bau-economico/" "Mozilla/5.0 (Linux; Android 14; SM-A528B Build/UP1A.231005.007) AppleWebKit/537.36 (KHTML, like Gecko) Version/4.0 Chrome/149.0.7827.83 Mobile Safari/537.36 [FB_IAB/FB4A;FBAV/564.0.0.48.74;IABMV/1;]"
178.166.27.41 - - [07/Jun/2026:00:13:28 +0200] "GET /wp-content/themes/uncode/library/js/woocommerce-uncode.js?ver=2021086059 HTTP/1.1" 200 7190 "https://www.baudefruta.pt/produto/bau-economico/" "Mozilla/5.0 (Linux; Android 14; SM-A528B Build/UP1A.231005.007) AppleWebKit/537.36 (KHTML, like Gecko) Version/4.0 Chrome/149.0.7827.83 Mobile Safari/537.36 [FB_IAB/FB4A;FBAV/564.0.0.48.74;IABMV/1;]"
178.166.27.41 - - [07/Jun/2026:00:13:28 +0200] "GET /wp-includes/js/wp-util.min.js?ver=6.9.1 HTTP/1.1" 200 768 "https://www.baudefruta.pt/produto/bau-economico/" "Mozilla/5.0 (Linux; Android 14; SM-A528B Build/UP1A.231005.007) AppleWebKit/537.36 (KHTML, like Gecko) Version/4.0 Chrome/149.0.7827.83 Mobile Safari/537.36 [FB_IAB/FB4A;FBAV/564.0.0.48.74;IABMV/1;]"
178.166.27.41 - - [07/Jun/2026:00:13:28 +0200] "GET /wp-content/plugins/woocommerce/assets/js/frontend/add-to-cart-variation.min.js?ver=10.2.2 HTTP/1.1" 200 3979 "https://www.baudefruta.pt/produto/bau-economico/" "Mozilla/5.0 (Linux; Android 14; SM-A528B Build/UP1A.231005.007) AppleWebKit/537.36 (KHTML, like Gecko) Version/4.0 Chrome/149.0.7827.83 Mobile Safari/537.36 [FB_IAB/FB4A;FBAV/564.0.0.48.74;IABMV/1;]"
178.166.27.41 - - [07/Jun/2026:00:13:28 +0200] "GET /wp-content/plugins/woocommerce-product-bundles/assets/js/frontend/add-to-cart-bundle.min.js?ver=6.0.1 HTTP/1.1" 200 8798 "https://www.baudefruta.pt/produto/bau-economico/" "Mozilla/5.0 (Linux; Android 14; SM-A528B Build/UP1A.231005.007) AppleWebKit/537.36 (KHTML, like Gecko) Version/4.0 Chrome/149.0.7827.83 Mobile Safari/537.36 [FB_IAB/FB4A;FBAV/564.0.0.48.74;IABMV/1;]"
178.166.27.41 - - [07/Jun/2026:00:13:28 +0200] "GET /wp-content/plugins/woocommerce-product-bundles/assets/fonts/fa-pb.woff2?v=5.9.0 HTTP/1.1" 200 3312 "https://www.baudefruta.pt/wp-content/plugins/woocommerce-product-bundles/assets/css/frontend/woocommerce.css?ver=6.0.1" "Mozilla/5.0 (Linux; Android 14; SM-A528B Build/UP1A.231005.007) AppleWebKit/537.36 (KHTML, like Gecko) Version/4.0 Chrome/149.0.7827.83 Mobile Safari/537.36 [FB_IAB/FB4A;FBAV/564.0.0.48.74;IABMV/1;]"
178.166.27.41 - - [07/Jun/2026:00:13:28 +0200] "GET /wp-content/plugins/woocommerce/assets/js/zoom/jquery.zoom.min.js?ver=1.7.21-wc.10.2.2 HTTP/1.1" 200 1205 "https://www.baudefruta.pt/produto/bau-economico/" "Mozilla/5.0 (Linux; Android 14; SM-A528B Build/UP1A.231005.007) AppleWebKit/537.36 (KHTML, like Gecko) Version/4.0 Chrome/149.0.7827.83 Mobile Safari/537.36 [FB_IAB/FB4A;FBAV/564.0.0.48.74;IABMV/1;]"
178.166.27.41 - - [07/Jun/2026:00:13:28 +0200] "GET /wp-content/plugins/woocommerce/assets/js/frontend/single-product.min.js?ver=10.2.2 HTTP/1.1" 200 2939 "https://www.baudefruta.pt/produto/bau-economico/" "Mozilla/5.0 (Linux; Android 14; SM-A528B Build/UP1A.231005.007) AppleWebKit/537.36 (KHTML, like Gecko) Version/4.0 Chrome/149.0.7827.83 Mobile Safari/537.36 [FB_IAB/FB4A;FBAV/564.0.0.48.74;IABMV/1;]"
178.166.27.41 - - [07/Jun/2026:00:13:28 +0200] "GET /wp-content/uploads/2021/10/CLT002.jpg HTTP/1.1" 200 6381 "https://www.baudefruta.pt/produto/bau-economico/" "Mozilla/5.0 (Linux; Android 14; SM-A528B Build/UP1A.231005.007) AppleWebKit/537.36 (KHTML, like Gecko) Version/4.0 Chrome/149.0.7827.83 Mobile Safari/537.36 [FB_IAB/FB4A;FBAV/564.0.0.48.74;IABMV/1;]"
178.166.27.41 - - [07/Jun/2026:00:13:28 +0200] "GET /wp-content/uploads/2021/10/BN002.jpg HTTP/1.1" 200 12544 "https://www.baudefruta.pt/produto/bau-economico/" "Mozilla/5.0 (Linux; Android 14; SM-A528B Build/UP1A.231005.007) AppleWebKit/537.36 (KHTML, like Gecko) Version/4.0 Chrome/149.0.7827.83 Mobile Safari/537.36 [FB_IAB/FB4A;FBAV/564.0.0.48.74;IABMV/1;]"
178.166.27.41 - - [07/Jun/2026:00:13:28 +0200] "GET /wp-content/uploads/2021/06/LI001-limao-1-300x300.jpg HTTP/1.1" 200 9996 "https://www.baudefruta.pt/produto/bau-economico/" "Mozilla/5.0 (Linux; Android 14; SM-A528B Build/UP1A.231005.007) AppleWebKit/537.36 (KHTML, like Gecko) Version/4.0 Chrome/149.0.7827.83 Mobile Safari/537.36 [FB_IAB/FB4A;FBAV/564.0.0.48.74;IABMV/1;]"
178.166.27.41 - - [07/Jun/2026:00:13:28 +0200] "GET /wp-content/uploads/2021/06/ABB001-abobora_menina-300x300.jpg HTTP/1.1" 200 12878 "https://www.baudefruta.pt/produto/bau-economico/" "Mozilla/5.0 (Linux; Android 14; SM-A528B Build/UP1A.231005.007) AppleWebKit/537.36 (KHTML, like Gecko) Version/4.0 Chrome/149.0.7827.83 Mobile Safari/537.36 [FB_IAB/FB4A;FBAV/564.0.0.48.74;IABMV/1;]"
178.166.27.41 - - [07/Jun/2026:00:13:29 +0200] "GET /wp-content/uploads/2021/06/AF001-alho_frances-300x300.jpg HTTP/1.1" 200 10381 "https://www.baudefruta.pt/produto/bau-economico/" "Mozilla/5.0 (Linux; Android 14; SM-A528B Build/UP1A.231005.007) AppleWebKit/537.36 (KHTML, like Gecko) Version/4.0 Chrome/149.0.7827.83 Mobile Safari/537.36 [FB_IAB/FB4A;FBAV/564.0.0.48.74;IABMV/1;]"
178.166.27.41 - - [07/Jun/2026:00:13:29 +0200] "GET /wp-content/uploads/2021/06/AG001-agriao-biologico-300x300.jpg HTTP/1.1" 200 10410 "https://www.baudefruta.pt/produto/bau-economico/" "Mozilla/5.0 (Linux; Android 14; SM-A528B Build/UP1A.231005.007) AppleWebKit/537.36 (KHTML, like Gecko) Version/4.0 Chrome/149.0.7827.83 Mobile Safari/537.36 [FB_IAB/FB4A;FBAV/564.0.0.48.74;IABMV/1;]"
178.166.27.41 - - [07/Jun/2026:00:13:29 +0200] "GET /wp-content/uploads/2021/06/NC001-nabo-300x300.jpg HTTP/1.1" 200 11940 "https://www.baudefruta.pt/produto/bau-economico/" "Mozilla/5.0 (Linux; Android 14; SM-A528B Build/UP1A.231005.007) AppleWebKit/537.36 (KHTML, like Gecko) Version/4.0 Chrome/149.0.7827.83 Mobile Safari/537.36 [FB_IAB/FB4A;FBAV/564.0.0.48.74;IABMV/1;]"
178.166.27.41 - - [07/Jun/2026:00:13:29 +0200] "GET /wp-content/uploads/2021/06/CN001-cenoura-300x300.jpg HTTP/1.1" 200 10621 "https://www.baudefruta.pt/produto/bau-economico/" "Mozilla/5.0 (Linux; Android 14; SM-A528B Build/UP1A.231005.007) AppleWebKit/537.36 (KHTML, like Gecko) Version/4.0 Chrome/149.0.7827.83 Mobile Safari/537.36 [FB_IAB/FB4A;FBAV/564.0.0.48.74;IABMV/1;]"
178.166.27.41 - - [07/Jun/2026:00:13:29 +0200] "GET /wp-content/uploads/2021/06/BR001-beterraba_rama-300x300.jpg HTTP/1.1" 200 13189 "https://www.baudefruta.pt/produto/bau-economico/" "Mozilla/5.0 (Linux; Android 14; SM-A528B Build/UP1A.231005.007) AppleWebKit/537.36 (KHTML, like Gecko) Version/4.0 Chrome/149.0.7827.83 Mobile Safari/537.36 [FB_IAB/FB4A;FBAV/564.0.0.48.74;IABMV/1;]"
178.166.27.41 - - [07/Jun/2026:00:13:29 +0200] "GET /wp-content/uploads/2021/06/SL001-salsa-1-300x300.jpg HTTP/1.1" 200 16367 "https://www.baudefruta.pt/produto/bau-economico/" "Mozilla/5.0 (Linux; Android 14; SM-A528B Build/UP1A.231005.007) AppleWebKit/537.36 (KHTML, like Gecko) Version/4.0 Chrome/149.0.7827.83 Mobile Safari/537.36 [FB_IAB/FB4A;FBAV/564.0.0.48.74;IABMV/1;]"
178.166.27.41 - - [07/Jun/2026:00:13:29 +0200] "GET /wp-content/uploads/2021/06/CE001-coentros-1-300x300.jpg HTTP/1.1" 200 13416 "https://www.baudefruta.pt/produto/bau-economico/" "Mozilla/5.0 (Linux; Android 14; SM-A528B Build/UP1A.231005.007) AppleWebKit/537.36 (KHTML, like Gecko) Version/4.0 Chrome/149.0.7827.83 Mobile Safari/537.36 [FB_IAB/FB4A;FBAV/564.0.0.48.74;IABMV/1;]"
178.166.27.41 - - [07/Jun/2026:00:13:29 +0200] "GET /wp-content/uploads/2021/06/HT001-hortela-300x300.jpg HTTP/1.1" 200 17098 "https://www.baudefruta.pt/produto/bau-economico/" "Mozilla/5.0 (Linux; Android 14; SM-A528B Build/UP1A.231005.007) AppleWebKit/537.36 (KHTML, like Gecko) Version/4.0 Chrome/149.0.7827.83 Mobile Safari/537.36 [FB_IAB/FB4A;FBAV/564.0.0.48.74;IABMV/1;]"
178.166.27.41 - - [07/Jun/2026:00:13:29 +0200] "GET /wp-content/uploads/2021/06/LR0001-louro.png HTTP/1.1" 200 30808 "https://www.baudefruta.pt/produto/bau-economico/" "Mozilla/5.0 (Linux; Android 14; SM-A528B Build/UP1A.231005.007) AppleWebKit/537.36 (KHTML, like Gecko) Version/4.0 Chrome/149.0.7827.83 Mobile Safari/537.36 [FB_IAB/FB4A;FBAV/564.0.0.48.74;IABMV/1;]"
178.166.27.41 - - [07/Jun/2026:00:13:29 +0200] "GET /wp-content/uploads/2021/06/BB001-batata_peq-assar-300x300.jpg HTTP/1.1" 200 16972 "https://www.baudefruta.pt/produto/bau-economico/" "Mozilla/5.0 (Linux; Android 14; SM-A528B Build/UP1A.231005.007) AppleWebKit/537.36 (KHTML, like Gecko) Version/4.0 Chrome/149.0.7827.83 Mobile Safari/537.36 [FB_IAB/FB4A;FBAV/564.0.0.48.74;IABMV/1;]"
178.166.27.41 - - [07/Jun/2026:00:13:29 +0200] "GET /wp-content/uploads/2021/06/CB001-cebola-nova-300x300.jpg HTTP/1.1" 200 11795 "https://www.baudefruta.pt/produto/bau-economico/" "Mozilla/5.0 (Linux; Android 14; SM-A528B Build/UP1A.231005.007) AppleWebKit/537.36 (KHTML, like Gecko) Version/4.0 Chrome/149.0.7827.83 Mobile Safari/537.36 [FB_IAB/FB4A;FBAV/564.0.0.48.74;IABMV/1;]"
178.166.27.41 - - [07/Jun/2026:00:13:29 +0200] "GET /wp-content/uploads/2021/05/bau_produto-tutti-2-uai-410x410.jpg HTTP/1.1" 200 65555 "https://www.baudefruta.pt/produto/bau-economico/" "Mozilla/5.0 (Linux; Android 14; SM-A528B Build/UP1A.231005.007) AppleWebKit/537.36 (KHTML, like Gecko) Version/4.0 Chrome/149.0.7827.83 Mobile Safari/537.36 [FB_IAB/FB4A;FBAV/564.0.0.48.74;IABMV/1;]"
178.166.27.41 - - [07/Jun/2026:00:13:29 +0200] "GET /wp-content/uploads/2021/05/bau_produto-fruta-uai-410x410.jpg HTTP/1.1" 200 81863 "https://www.baudefruta.pt/produto/bau-economico/" "Mozilla/5.0 (Linux; Android 14; SM-A528B Build/UP1A.231005.007) AppleWebKit/537.36 (KHTML, like Gecko) Version/4.0 Chrome/149.0.7827.83 Mobile Safari/537.36 [FB_IAB/FB4A;FBAV/564.0.0.48.74;IABMV/1;]"
178.166.27.41 - - [07/Jun/2026:00:13:29 +0200] "GET /wp-content/uploads/2021/05/bau_produto-tutti-uai-410x410.jpg HTTP/1.1" 200 72054 "https://www.baudefruta.pt/produto/bau-economico/" "Mozilla/5.0 (Linux; Android 14; SM-A528B Build/UP1A.231005.007) AppleWebKit/537.36 (KHTML, like Gecko) Version/4.0 Chrome/149.0.7827.83 Mobile Safari/537.36 [FB_IAB/FB4A;FBAV/564.0.0.48.74;IABMV/1;]"
178.166.27.41 - - [07/Jun/2026:00:13:29 +0200] "GET /wp-content/plugins/uncode-js_composer/assets/lib/bower/flexslider/jquery.flexslider-min.js?ver=6.5.0 HTTP/1.1" 200 6483 "https://www.baudefruta.pt/produto/bau-economico/" "Mozilla/5.0 (Linux; Android 14; SM-A528B Build/UP1A.231005.007) AppleWebKit/537.36 (KHTML, like Gecko) Version/4.0 Chrome/149.0.7827.83 Mobile Safari/537.36 [FB_IAB/FB4A;FBAV/564.0.0.48.74;IABMV/1;]"
178.166.27.41 - - [07/Jun/2026:00:13:29 +0200] "GET /wp-content/uploads/2021/05/bau_fundo_header_produtos-2.png HTTP/1.1" 200 63391 "https://www.baudefruta.pt/produto/bau-economico/" "Mozilla/5.0 (Linux; Android 14; SM-A528B Build/UP1A.231005.007) AppleWebKit/537.36 (KHTML, like Gecko) Version/4.0 Chrome/149.0.7827.83 Mobile Safari/537.36 [FB_IAB/FB4A;FBAV/564.0.0.48.74;IABMV/1;]"
216.73.217.54 - - [07/Jun/2026:00:13:29 +0200] "GET /loja/?add-to-cart=4222&doing_wp_cron=1780298590.2811610698699951171875&orderby=menu_order HTTP/1.1" 200 62831 "-" "Mozilla/5.0 AppleWebKit/537.36 (KHTML, like Gecko; compatible; ClaudeBot/1.0; +claudebot@anthropic.com)"
178.166.27.41 - - [07/Jun/2026:00:13:29 +0200] "GET /wp-content/uploads/2021/11/Gift_Natal_Bau_geral.jpg HTTP/1.1" 200 123140 "https://www.baudefruta.pt/produto/bau-economico/" "Mozilla/5.0 (Linux; Android 14; SM-A528B Build/UP1A.231005.007) AppleWebKit/537.36 (KHTML, like Gecko) Version/4.0 Chrome/149.0.7827.83 Mobile Safari/537.36 [FB_IAB/FB4A;FBAV/564.0.0.48.74;IABMV/1;]"
94.154.239.69 - - [07/Jun/2026:00:13:32 +0200] "GET /categoria-produto/frescos/?add-to-cart=454&orderby=date&doing_wp_cron=1780642700.6357009410858154296875 HTTP/1.1" 200 60728 "-" "Mozilla/5.0 (compatible; MJ12bot/v1.4.8; http://mj12bot.com/)"
216.73.217.54 - - [07/Jun/2026:00:13:33 +0200] "GET /loja/?add-to-cart=4222&doing_wp_cron=1780406818.1222550868988037109375&orderby=menu_order HTTP/1.1" 200 60905 "-" "Mozilla/5.0 AppleWebKit/537.36 (KHTML, like Gecko; compatible; ClaudeBot/1.0; +claudebot@anthropic.com)"
216.73.217.54 - - [07/Jun/2026:00:13:36 +0200] "GET /loja/?add-to-cart=1983&doing_wp_cron=1780505780.8484859466552734375000&orderby=menu_order HTTP/1.1" 200 61149 "-" "Mozilla/5.0 AppleWebKit/537.36 (KHTML, like Gecko; compatible; ClaudeBot/1.0; +claudebot@anthropic.com)"
178.166.27.41 - - [07/Jun/2026:00:13:37 +0200] "GET /produto/nabos-sem-rama/ HTTP/1.1" 200 57704 "https://www.baudefruta.pt/produto/bau-economico/" "Mozilla/5.0 (Linux; Android 14; SM-A528B Build/UP1A.231005.007; wv) AppleWebKit/537.36 (KHTML, like Gecko) Version/4.0 Chrome/149.0.7827.83 Mobile Safari/537.36"
94.154.239.69 - - [07/Jun/2026:00:13:39 +0200] "GET /categoria-produto/frescos/?add-to-cart=454&orderby=date&doing_wp_cron=1780648776.8648409843444824218750 HTTP/1.1" 200 60726 "-" "Mozilla/5.0 (compatible; MJ12bot/v1.4.8; http://mj12bot.com/)"
216.73.217.54 - - [07/Jun/2026:00:13:39 +0200] "GET /loja/page/7/?add-to-cart=628&doing_wp_cron=1780298590.2811610698699951171875&orderby=menu_order HTTP/1.1" 200 61656 "-" "Mozilla/5.0 AppleWebKit/537.36 (KHTML, like Gecko; compatible; ClaudeBot/1.0; +claudebot@anthropic.com)"
216.73.217.54 - - [07/Jun/2026:00:13:42 +0200] "GET /produto/melao-verde/?add-to-cart=504&doing_wp_cron=1780723579.0289089679718017578125 HTTP/1.1" 200 59888 "-" "Mozilla/5.0 AppleWebKit/537.36 (KHTML, like Gecko; compatible; ClaudeBot/1.0; +claudebot@anthropic.com)"
178.166.27.41 - - [07/Jun/2026:00:13:44 +0200] "GET /wp-content/uploads/2021/05/bau_produto-tutti-uai-410x410.jpg HTTP/1.1" 200 72054 "fbapp://350685531728/unknown" "[FBAN/FB4A;FBAV/564.0.0.48.74;FBBV/986612236;FBDM/{density=2.8125,width=1080,height=2177};FBLC/pt_PT;FBRV/989377164;FBCR/vodafone P;FBMF/samsung;FBBD/samsung;FBPN/com.facebook.katana;FBDV/SM-A528B;FBSV/14;FBOP/1;FBCA/arm64-v8a:;]"
178.166.27.41 - - [07/Jun/2026:00:13:44 +0200] "GET /wp-content/uploads/2021/05/bau_produto-tutti-2-uai-410x410.jpg HTTP/1.1" 200 65555 "fbapp://350685531728/unknown" "[FBAN/FB4A;FBAV/564.0.0.48.74;FBBV/986612236;FBDM/{density=2.8125,width=1080,height=2177};FBLC/pt_PT;FBRV/989377164;FBCR/vodafone P;FBMF/samsung;FBBD/samsung;FBPN/com.facebook.katana;FBDV/SM-A528B;FBSV/14;FBOP/1;FBCA/arm64-v8a:;]"
178.166.27.41 - - [07/Jun/2026:00:13:44 +0200] "GET /wp-content/uploads/2021/06/SL001-salsa-1-300x300.jpg HTTP/1.1" 200 16367 "fbapp://350685531728/unknown" "[FBAN/FB4A;FBAV/564.0.0.48.74;FBBV/986612236;FBDM/{density=2.8125,width=1080,height=2177};FBLC/pt_PT;FBRV/989377164;FBCR/vodafone P;FBMF/samsung;FBBD/samsung;FBPN/com.facebook.katana;FBDV/SM-A528B;FBSV/14;FBOP/1;FBCA/arm64-v8a:;]"
178.166.27.41 - - [07/Jun/2026:00:13:44 +0200] "GET /wp-content/uploads/2021/10/MA002_redux-300x300.jpg HTTP/1.1" 200 10212 "fbapp://350685531728/unknown" "[FBAN/FB4A;FBAV/564.0.0.48.74;FBBV/986612236;FBDM/{density=2.8125,width=1080,height=2177};FBLC/pt_PT;FBRV/989377164;FBCR/vodafone P;FBMF/samsung;FBBD/samsung;FBPN/com.facebook.katana;FBDV/SM-A528B;FBSV/14;FBOP/1;FBCA/arm64-v8a:;]"
178.166.27.41 - - [07/Jun/2026:00:13:44 +0200] "GET /wp-content/uploads/2021/06/LR0001-louro-300x300.png HTTP/1.1" 200 68613 "fbapp://350685531728/unknown" "[FBAN/FB4A;FBAV/564.0.0.48.74;FBBV/986612236;FBDM/{density=2.8125,width=1080,height=2177};FBLC/pt_PT;FBRV/989377164;FBCR/vodafone P;FBMF/samsung;FBBD/samsung;FBPN/com.facebook.katana;FBDV/SM-A528B;FBSV/14;FBOP/1;FBCA/arm64-v8a:;]"
178.166.27.41 - - [07/Jun/2026:00:13:44 +0200] "GET /wp-content/uploads/2021/10/bau_economico_2.jpg HTTP/1.1" 200 110354 "fbapp://350685531728/unknown" "[FBAN/FB4A;FBAV/564.0.0.48.74;FBBV/986612236;FBDM/{density=2.8125,width=1080,height=2177};FBLC/pt_PT;FBRV/989377164;FBCR/vodafone P;FBMF/samsung;FBBD/samsung;FBPN/com.facebook.katana;FBDV/SM-A528B;FBSV/14;FBOP/1;FBCA/arm64-v8a:;]"
178.166.27.41 - - [07/Jun/2026:00:13:44 +0200] "GET /wp-content/uploads/2021/10/MR002-300x300.jpg HTTP/1.1" 200 16056 "fbapp://350685531728/unknown" "[FBAN/FB4A;FBAV/564.0.0.48.74;FBBV/986612236;FBDM/{density=2.8125,width=1080,height=2177};FBLC/pt_PT;FBRV/989377164;FBCR/vodafone P;FBMF/samsung;FBBD/samsung;FBPN/com.facebook.katana;FBDV/SM-A528B;FBSV/14;FBOP/1;FBCA/arm64-v8a:;]"
178.166.27.41 - - [07/Jun/2026:00:13:44 +0200] "GET /wp-content/uploads/2021/06/BR001-beterraba_rama-300x300.jpg HTTP/1.1" 200 13189 "fbapp://350685531728/unknown" "[FBAN/FB4A;FBAV/564.0.0.48.74;FBBV/986612236;FBDM/{density=2.8125,width=1080,height=2177};FBLC/pt_PT;FBRV/989377164;FBCR/vodafone P;FBMF/samsung;FBBD/samsung;FBPN/com.facebook.katana;FBDV/SM-A528B;FBSV/14;FBOP/1;FBCA/arm64-v8a:;]"
178.166.27.41 - - [07/Jun/2026:00:13:44 +0200] "GET /wp-content/uploads/2021/05/bau_produto-fruta-uai-410x410.jpg HTTP/1.1" 200 81863 "fbapp://350685531728/unknown" "[FBAN/FB4A;FBAV/564.0.0.48.74;FBBV/986612236;FBDM/{density=2.8125,width=1080,height=2177};FBLC/pt_PT;FBRV/989377164;FBCR/vodafone P;FBMF/samsung;FBBD/samsung;FBPN/com.facebook.katana;FBDV/SM-A528B;FBSV/14;FBOP/1;FBCA/arm64-v8a:;]"
178.166.27.41 - - [07/Jun/2026:00:13:44 +0200] "GET /wp-content/uploads/2021/11/Gift_Natal_Bau_geral.jpg HTTP/1.1" 200 177050 "fbapp://350685531728/unknown" "[FBAN/FB4A;FBAV/564.0.0.48.74;FBBV/986612236;FBDM/{density=2.8125,width=1080,height=2177};FBLC/pt_PT;FBRV/989377164;FBCR/vodafone P;FBMF/samsung;FBBD/samsung;FBPN/com.facebook.katana;FBDV/SM-A528B;FBSV/14;FBOP/1;FBCA/arm64-v8a:;]"
216.73.217.54 - - [07/Jun/2026:00:13:45 +0200] "GET /produto/batata-vermelha-20-kg/?add-to-cart=486&doing_wp_cron=1780225270.4277191162109375000000 HTTP/1.1" 200 60176 "-" "Mozilla/5.0 AppleWebKit/537.36 (KHTML, like Gecko; compatible; ClaudeBot/1.0; +claudebot@anthropic.com)"
94.154.239.69 - - [07/Jun/2026:00:13:46 +0200] "GET /categoria-produto/frescos/?add-to-cart=454&orderby=menu_order&doing_wp_cron=1780642700.6357009410858154296875 HTTP/1.1" 200 60584 "-" "Mozilla/5.0 (compatible; MJ12bot/v1.4.8; http://mj12bot.com/)"
178.166.27.41 - - [07/Jun/2026:00:13:46 +0200] "GET /categoria-produto/baus/ HTTP/1.1" 304 0 "https://www.baudefruta.pt/?fbclid=IwZXh0bgNhZW0BMABhZGlkAasyrjbZ70RzcnRjBmFwcF9pZAwzNTA2ODU1MzE3MjgAAR6xblgm-yY1xugkSVLMtPyMftRTnHdIiVFibONuAuzT3SelJbMT0hKprFIfBA_aem__bgfEtsr24D8GxPY7_f6xg&utm_medium=paid&utm_source=fb&utm_id=120245538772870644&utm_content=120245538772890644&utm_term=120245538772880644&utm_campaign=120245538772870644" "Mozilla/5.0 (Linux; Android 14; SM-A528B Build/UP1A.231005.007; wv) AppleWebKit/537.36 (KHTML, like Gecko) Version/4.0 Chrome/149.0.7827.83 Mobile Safari/537.36"
216.73.217.54 - - [07/Jun/2026:00:13:48 +0200] "GET /loja/?add-to-cart=4229&doing_wp_cron=1780345137.3122010231018066406250&orderby=popularity HTTP/1.1" 200 61893 "-" "Mozilla/5.0 AppleWebKit/537.36 (KHTML, like Gecko; compatible; ClaudeBot/1.0; +claudebot@anthropic.com)"
178.166.27.41 - - [07/Jun/2026:00:13:49 +0200] "GET /produto/bau-hortofruticola/ HTTP/1.1" 304 0 "https://www.baudefruta.pt/?fbclid=IwZXh0bgNhZW0BMABhZGlkAasyrjbZ70RzcnRjBmFwcF9pZAwzNTA2ODU1MzE3MjgAAR6xblgm-yY1xugkSVLMtPyMftRTnHdIiVFibONuAuzT3SelJbMT0hKprFIfBA_aem__bgfEtsr24D8GxPY7_f6xg&utm_medium=paid&utm_source=fb&utm_id=120245538772870644&utm_content=120245538772890644&utm_term=120245538772880644&utm_campaign=120245538772870644" "Mozilla/5.0 (Linux; Android 14; SM-A528B Build/UP1A.231005.007; wv) AppleWebKit/537.36 (KHTML, like Gecko) Version/4.0 Chrome/149.0.7827.83 Mobile Safari/537.36"
178.166.27.41 - - [07/Jun/2026:00:13:49 +0200] "GET /wp-content/themes/uncode/library/css/uncode-icons.css?ver=775993248 HTTP/1.1" 200 12098 "https://www.baudefruta.pt/produto/bau-hortofruticola/" "Mozilla/5.0 (Linux; Android 14; SM-A528B Build/UP1A.231005.007) AppleWebKit/537.36 (KHTML, like Gecko) Version/4.0 Chrome/149.0.7827.83 Mobile Safari/537.36 [FB_IAB/FB4A;FBAV/564.0.0.48.74;IABMV/1;]"
178.166.27.41 - - [07/Jun/2026:00:13:49 +0200] "GET /wp-content/themes/uncode/library/css/woocommerce.css?ver=775993248 HTTP/1.1" 200 20067 "https://www.baudefruta.pt/produto/bau-hortofruticola/" "Mozilla/5.0 (Linux; Android 14; SM-A528B Build/UP1A.231005.007) AppleWebKit/537.36 (KHTML, like Gecko) Version/4.0 Chrome/149.0.7827.83 Mobile Safari/537.36 [FB_IAB/FB4A;FBAV/564.0.0.48.74;IABMV/1;]"
178.166.27.41 - - [07/Jun/2026:00:13:49 +0200] "GET /wp-content/themes/baudefruta-un/style.css?ver=588848440 HTTP/1.1" 200 896 "https://www.baudefruta.pt/produto/bau-hortofruticola/" "Mozilla/5.0 (Linux; Android 14; SM-A528B Build/UP1A.231005.007) AppleWebKit/537.36 (KHTML, like Gecko) Version/4.0 Chrome/149.0.7827.83 Mobile Safari/537.36 [FB_IAB/FB4A;FBAV/564.0.0.48.74;IABMV/1;]"
178.166.27.41 - - [07/Jun/2026:00:13:49 +0200] "GET /wp-content/themes/uncode/library/css/style.css?ver=775993248 HTTP/1.1" 200 70140 "https://www.baudefruta.pt/produto/bau-hortofruticola/" "Mozilla/5.0 (Linux; Android 14; SM-A528B Build/UP1A.231005.007) AppleWebKit/537.36 (KHTML, like Gecko) Version/4.0 Chrome/149.0.7827.83 Mobile Safari/537.36 [FB_IAB/FB4A;FBAV/564.0.0.48.74;IABMV/1;]"
178.166.27.41 - - [07/Jun/2026:00:13:49 +0200] "GET /wp-content/themes/uncode/library/js/init.js?ver=775993248 HTTP/1.1" 200 38505 "https://www.baudefruta.pt/produto/bau-hortofruticola/" "Mozilla/5.0 (Linux; Android 14; SM-A528B Build/UP1A.231005.007) AppleWebKit/537.36 (KHTML, like Gecko) Version/4.0 Chrome/149.0.7827.83 Mobile Safari/537.36 [FB_IAB/FB4A;FBAV/564.0.0.48.74;IABMV/1;]"
178.166.27.41 - - [07/Jun/2026:00:13:49 +0200] "GET /wp-content/uploads/2021/05/bau_produto-tutti.jpg HTTP/1.1" 200 82525 "https://www.baudefruta.pt/produto/bau-hortofruticola/" "Mozilla/5.0 (Linux; Android 14; SM-A528B Build/UP1A.231005.007) AppleWebKit/537.36 (KHTML, like Gecko) Version/4.0 Chrome/149.0.7827.83 Mobile Safari/537.36 [FB_IAB/FB4A;FBAV/564.0.0.48.74;IABMV/1;]"
178.166.27.41 - - [07/Jun/2026:00:13:49 +0200] "GET /wp-content/uploads/2021/06/BN001-banana.jpg HTTP/1.1" 200 12064 "https://www.baudefruta.pt/produto/bau-hortofruticola/" "Mozilla/5.0 (Linux; Android 14; SM-A528B Build/UP1A.231005.007) AppleWebKit/537.36 (KHTML, like Gecko) Version/4.0 Chrome/149.0.7827.83 Mobile Safari/537.36 [FB_IAB/FB4A;FBAV/564.0.0.48.74;IABMV/1;]"
178.166.27.41 - - [07/Jun/2026:00:13:49 +0200] "GET /wp-content/uploads/2021/06/MR001-maca_royal_gala-2-300x300.jpg HTTP/1.1" 200 10352 "https://www.baudefruta.pt/produto/bau-hortofruticola/" "Mozilla/5.0 (Linux; Android 14; SM-A528B Build/UP1A.231005.007) AppleWebKit/537.36 (KHTML, like Gecko) Version/4.0 Chrome/149.0.7827.83 Mobile Safari/537.36 [FB_IAB/FB4A;FBAV/564.0.0.48.74;IABMV/1;]"
178.166.27.41 - - [07/Jun/2026:00:13:49 +0200] "GET /wp-content/uploads/2021/06/LJ001-laranja-1-300x300.jpg HTTP/1.1" 200 15223 "https://www.baudefruta.pt/produto/bau-hortofruticola/" "Mozilla/5.0 (Linux; Android 14; SM-A528B Build/UP1A.231005.007) AppleWebKit/537.36 (KHTML, like Gecko) Version/4.0 Chrome/149.0.7827.83 Mobile Safari/537.36 [FB_IAB/FB4A;FBAV/564.0.0.48.74;IABMV/1;]"
178.166.27.41 - - [07/Jun/2026:00:13:49 +0200] "GET /wp-content/uploads/2021/06/MA001-maca_golden-1-300x300.jpg HTTP/1.1" 200 8477 "https://www.baudefruta.pt/produto/bau-hortofruticola/" "Mozilla/5.0 (Linux; Android 14; SM-A528B Build/UP1A.231005.007) AppleWebKit/537.36 (KHTML, like Gecko) Version/4.0 Chrome/149.0.7827.83 Mobile Safari/537.36 [FB_IAB/FB4A;FBAV/564.0.0.48.74;IABMV/1;]"
178.166.27.41 - - [07/Jun/2026:00:13:49 +0200] "GET /wp-content/themes/uncode/library/js/app.js?ver=775993248 HTTP/1.1" 200 41076 "https://www.baudefruta.pt/produto/bau-hortofruticola/" "Mozilla/5.0 (Linux; Android 14; SM-A528B Build/UP1A.231005.007) AppleWebKit/537.36 (KHTML, like Gecko) Version/4.0 Chrome/149.0.7827.83 Mobile Safari/537.36 [FB_IAB/FB4A;FBAV/564.0.0.48.74;IABMV/1;]"
178.166.27.41 - - [07/Jun/2026:00:13:49 +0200] "GET /wp-content/themes/uncode/library/js/woocommerce-uncode.js?ver=775993248 HTTP/1.1" 200 7190 "https://www.baudefruta.pt/produto/bau-hortofruticola/" "Mozilla/5.0 (Linux; Android 14; SM-A528B Build/UP1A.231005.007) AppleWebKit/537.36 (KHTML, like Gecko) Version/4.0 Chrome/149.0.7827.83 Mobile Safari/537.36 [FB_IAB/FB4A;FBAV/564.0.0.48.74;IABMV/1;]"
178.166.27.41 - - [07/Jun/2026:00:13:49 +0200] "GET /wp-content/uploads/2021/06/ALF001-ALFACE-bio-300x300.jpg HTTP/1.1" 200 15767 "https://www.baudefruta.pt/produto/bau-hortofruticola/" "Mozilla/5.0 (Linux; Android 14; SM-A528B Build/UP1A.231005.007) AppleWebKit/537.36 (KHTML, like Gecko) Version/4.0 Chrome/149.0.7827.83 Mobile Safari/537.36 [FB_IAB/FB4A;FBAV/564.0.0.48.74;IABMV/1;]"
178.166.27.41 - - [07/Jun/2026:00:13:49 +0200] "GET /wp-content/uploads/2021/05/bau_produto-vegetais-uai-410x410.jpg HTTP/1.1" 200 91438 "https://www.baudefruta.pt/produto/bau-hortofruticola/" "Mozilla/5.0 (Linux; Android 14; SM-A528B Build/UP1A.231005.007) AppleWebKit/537.36 (KHTML, like Gecko) Version/4.0 Chrome/149.0.7827.83 Mobile Safari/537.36 [FB_IAB/FB4A;FBAV/564.0.0.48.74;IABMV/1;]"
178.166.27.41 - - [07/Jun/2026:00:13:49 +0200] "GET /wp-content/themes/uncode/library/js/plugins.js?ver=775993248 HTTP/1.1" 200 192557 "https://www.baudefruta.pt/produto/bau-hortofruticola/" "Mozilla/5.0 (Linux; Android 14; SM-A528B Build/UP1A.231005.007) AppleWebKit/537.36 (KHTML, like Gecko) Version/4.0 Chrome/149.0.7827.83 Mobile Safari/537.36 [FB_IAB/FB4A;FBAV/564.0.0.48.74;IABMV/1;]"
178.166.27.41 - - [07/Jun/2026:00:13:49 +0200] "GET /wp-content/uploads/2021/10/bau_economico_2-uai-410x410.jpg HTTP/1.1" 200 89120 "https://www.baudefruta.pt/produto/bau-hortofruticola/" "Mozilla/5.0 (Linux; Android 14; SM-A528B Build/UP1A.231005.007) AppleWebKit/537.36 (KHTML, like Gecko) Version/4.0 Chrome/149.0.7827.83 Mobile Safari/537.36 [FB_IAB/FB4A;FBAV/564.0.0.48.74;IABMV/1;]"
216.73.217.54 - - [07/Jun/2026:00:13:51 +0200] "GET /produto/feijao-verde-largo/?add-to-cart=510&doing_wp_cron=1780724538.0220201015472412109375 HTTP/1.1" 200 60524 "-" "Mozilla/5.0 AppleWebKit/537.36 (KHTML, like Gecko; compatible; ClaudeBot/1.0; +claudebot@anthropic.com)"
94.154.239.69 - - [07/Jun/2026:00:13:52 +0200] "GET /categoria-produto/frescos/?add-to-cart=454&orderby=menu_order&doing_wp_cron=1780648776.8648409843444824218750 HTTP/1.1" 200 60581 "-" "Mozilla/5.0 (compatible; MJ12bot/v1.4.8; http://mj12bot.com/)"
216.73.217.54 - - [07/Jun/2026:00:13:54 +0200] "GET /produto/vinagre-de-sidra/?add-to-cart=643&doing_wp_cron=1780486518.0600481033325195312500 HTTP/1.1" 200 60663 "-" "Mozilla/5.0 AppleWebKit/537.36 (KHTML, like Gecko; compatible; ClaudeBot/1.0; +claudebot@anthropic.com)"
216.73.217.54 - - [07/Jun/2026:00:13:57 +0200] "GET /produto/endivias/?add-to-cart=4232&doing_wp_cron=1780614547.0977420806884765625000 HTTP/1.1" 200 60934 "-" "Mozilla/5.0 AppleWebKit/537.36 (KHTML, like Gecko; compatible; ClaudeBot/1.0; +claudebot@anthropic.com)"
94.154.239.69 - - [07/Jun/2026:00:13:59 +0200] "GET /categoria-produto/frescos/?add-to-cart=454&orderby=popularity&doing_wp_cron=1780642700.6357009410858154296875 HTTP/1.1" 200 60591 "-" "Mozilla/5.0 (compatible; MJ12bot/v1.4.8; http://mj12bot.com/)"
216.73.217.54 - - [07/Jun/2026:00:14:00 +0200] "GET /loja/?add-to-cart=541&doing_wp_cron=1780711747.4904251098632812500000&orderby=menu_order HTTP/1.1" 200 62770 "-" "Mozilla/5.0 AppleWebKit/537.36 (KHTML, like Gecko; compatible; ClaudeBot/1.0; +claudebot@anthropic.com)"
178.166.27.41 - - [07/Jun/2026:00:14:02 +0200] "GET /categoria-produto/baus/ HTTP/1.1" 304 0 "https://www.baudefruta.pt/?fbclid=IwZXh0bgNhZW0BMABhZGlkAasyrjbZ70RzcnRjBmFwcF9pZAwzNTA2ODU1MzE3MjgAAR6xblgm-yY1xugkSVLMtPyMftRTnHdIiVFibONuAuzT3SelJbMT0hKprFIfBA_aem__bgfEtsr24D8GxPY7_f6xg&utm_medium=paid&utm_source=fb&utm_id=120245538772870644&utm_content=120245538772890644&utm_term=120245538772880644&utm_campaign=120245538772870644" "Mozilla/5.0 (Linux; Android 14; SM-A528B Build/UP1A.231005.007; wv) AppleWebKit/537.36 (KHTML, like Gecko) Version/4.0 Chrome/149.0.7827.83 Mobile Safari/537.36"
178.166.27.41 - - [07/Jun/2026:00:14:03 +0200] "GET /produto/bau-tutti-frutti/ HTTP/1.1" 304 0 "https://www.baudefruta.pt/?fbclid=IwZXh0bgNhZW0BMABhZGlkAasyrjbZ70RzcnRjBmFwcF9pZAwzNTA2ODU1MzE3MjgAAR6xblgm-yY1xugkSVLMtPyMftRTnHdIiVFibONuAuzT3SelJbMT0hKprFIfBA_aem__bgfEtsr24D8GxPY7_f6xg&utm_medium=paid&utm_source=fb&utm_id=120245538772870644&utm_content=120245538772890644&utm_term=120245538772880644&utm_campaign=120245538772870644" "Mozilla/5.0 (Linux; Android 14; SM-A528B Build/UP1A.231005.007; wv) AppleWebKit/537.36 (KHTML, like Gecko) Version/4.0 Chrome/149.0.7827.83 Mobile Safari/537.36"
216.73.217.54 - - [07/Jun/2026:00:14:03 +0200] "GET /loja/?add-to-cart=452&doing_wp_cron=1780711747.4904251098632812500000&orderby=menu_order HTTP/1.1" 200 62936 "-" "Mozilla/5.0 AppleWebKit/537.36 (KHTML, like Gecko; compatible; ClaudeBot/1.0; +claudebot@anthropic.com)"
178.166.27.41 - - [07/Jun/2026:00:14:04 +0200] "GET /wp-content/themes/uncode/library/css/style.css?ver=1914558463 HTTP/1.1" 200 70140 "https://www.baudefruta.pt/produto/bau-tutti-frutti/" "Mozilla/5.0 (Linux; Android 14; SM-A528B Build/UP1A.231005.007) AppleWebKit/537.36 (KHTML, like Gecko) Version/4.0 Chrome/149.0.7827.83 Mobile Safari/537.36 [FB_IAB/FB4A;FBAV/564.0.0.48.74;IABMV/1;]"
178.166.27.41 - - [07/Jun/2026:00:14:04 +0200] "GET /wp-content/themes/uncode/library/css/uncode-icons.css?ver=1914558463 HTTP/1.1" 200 12098 "https://www.baudefruta.pt/produto/bau-tutti-frutti/" "Mozilla/5.0 (Linux; Android 14; SM-A528B Build/UP1A.231005.007) AppleWebKit/537.36 (KHTML, like Gecko) Version/4.0 Chrome/149.0.7827.83 Mobile Safari/537.36 [FB_IAB/FB4A;FBAV/564.0.0.48.74;IABMV/1;]"
178.166.27.41 - - [07/Jun/2026:00:14:04 +0200] "GET /wp-content/themes/uncode/library/css/woocommerce.css?ver=1914558463 HTTP/1.1" 200 20067 "https://www.baudefruta.pt/produto/bau-tutti-frutti/" "Mozilla/5.0 (Linux; Android 14; SM-A528B Build/UP1A.231005.007) AppleWebKit/537.36 (KHTML, like Gecko) Version/4.0 Chrome/149.0.7827.83 Mobile Safari/537.36 [FB_IAB/FB4A;FBAV/564.0.0.48.74;IABMV/1;]"
178.166.27.41 - - [07/Jun/2026:00:14:04 +0200] "GET /wp-content/themes/baudefruta-un/style.css?ver=1786395533 HTTP/1.1" 200 896 "https://www.baudefruta.pt/produto/bau-tutti-frutti/" "Mozilla/5.0 (Linux; Android 14; SM-A528B Build/UP1A.231005.007) AppleWebKit/537.36 (KHTML, like Gecko) Version/4.0 Chrome/149.0.7827.83 Mobile Safari/537.36 [FB_IAB/FB4A;FBAV/564.0.0.48.74;IABMV/1;]"
178.166.27.41 - - [07/Jun/2026:00:14:04 +0200] "GET /wp-content/themes/uncode/library/js/init.js?ver=1914558463 HTTP/1.1" 200 38505 "https://www.baudefruta.pt/produto/bau-tutti-frutti/" "Mozilla/5.0 (Linux; Android 14; SM-A528B Build/UP1A.231005.007) AppleWebKit/537.36 (KHTML, like Gecko) Version/4.0 Chrome/149.0.7827.83 Mobile Safari/537.36 [FB_IAB/FB4A;FBAV/564.0.0.48.74;IABMV/1;]"
178.166.27.41 - - [07/Jun/2026:00:14:04 +0200] "GET /wp-content/uploads/2021/05/bau_produto-tutti-2.jpg HTTP/1.1" 200 53460 "https://www.baudefruta.pt/produto/bau-tutti-frutti/" "Mozilla/5.0 (Linux; Android 14; SM-A528B Build/UP1A.231005.007) AppleWebKit/537.36 (KHTML, like Gecko) Version/4.0 Chrome/149.0.7827.83 Mobile Safari/537.36 [FB_IAB/FB4A;FBAV/564.0.0.48.74;IABMV/1;]"
178.166.27.41 - - [07/Jun/2026:00:14:04 +0200] "GET /wp-content/uploads/2021/06/PR001-pera-rocha-300x300.jpg HTTP/1.1" 200 7752 "https://www.baudefruta.pt/produto/bau-tutti-frutti/" "Mozilla/5.0 (Linux; Android 14; SM-A528B Build/UP1A.231005.007) AppleWebKit/537.36 (KHTML, like Gecko) Version/4.0 Chrome/149.0.7827.83 Mobile Safari/537.36 [FB_IAB/FB4A;FBAV/564.0.0.48.74;IABMV/1;]"
178.166.27.41 - - [07/Jun/2026:00:14:04 +0200] "GET /wp-content/themes/uncode/library/js/plugins.js?ver=1914558463 HTTP/1.1" 200 192549 "https://www.baudefruta.pt/produto/bau-tutti-frutti/" "Mozilla/5.0 (Linux; Android 14; SM-A528B Build/UP1A.231005.007) AppleWebKit/537.36 (KHTML, like Gecko) Version/4.0 Chrome/149.0.7827.83 Mobile Safari/537.36 [FB_IAB/FB4A;FBAV/564.0.0.48.74;IABMV/1;]"
178.166.27.41 - - [07/Jun/2026:00:14:04 +0200] "GET /wp-content/themes/uncode/library/js/app.js?ver=1914558463 HTTP/1.1" 200 41076 "https://www.baudefruta.pt/produto/bau-tutti-frutti/" "Mozilla/5.0 (Linux; Android 14; SM-A528B Build/UP1A.231005.007) AppleWebKit/537.36 (KHTML, like Gecko) Version/4.0 Chrome/149.0.7827.83 Mobile Safari/537.36 [FB_IAB/FB4A;FBAV/564.0.0.48.74;IABMV/1;]"
178.166.27.41 - - [07/Jun/2026:00:14:04 +0200] "GET /wp-content/themes/uncode/library/js/woocommerce-uncode.js?ver=1914558463 HTTP/1.1" 200 7190 "https://www.baudefruta.pt/produto/bau-tutti-frutti/" "Mozilla/5.0 (Linux; Android 14; SM-A528B Build/UP1A.231005.007) AppleWebKit/537.36 (KHTML, like Gecko) Version/4.0 Chrome/149.0.7827.83 Mobile Safari/537.36 [FB_IAB/FB4A;FBAV/564.0.0.48.74;IABMV/1;]"
178.166.27.41 - - [07/Jun/2026:00:14:04 +0200] "GET /wp-content/uploads/2021/08/CLT001-2.jpg HTTP/1.1" 200 57460 "https://www.baudefruta.pt/produto/bau-tutti-frutti/" "Mozilla/5.0 (Linux; Android 14; SM-A528B Build/UP1A.231005.007) AppleWebKit/537.36 (KHTML, like Gecko) Version/4.0 Chrome/149.0.7827.83 Mobile Safari/537.36 [FB_IAB/FB4A;FBAV/564.0.0.48.74;IABMV/1;]"
178.166.27.41 - - [07/Jun/2026:00:14:04 +0200] "GET /wp-content/uploads/2021/06/MS001-maca_verde.jpg HTTP/1.1" 200 68596 "https://www.baudefruta.pt/produto/bau-tutti-frutti/" "Mozilla/5.0 (Linux; Android 14; SM-A528B Build/UP1A.231005.007) AppleWebKit/537.36 (KHTML, like Gecko) Version/4.0 Chrome/149.0.7827.83 Mobile Safari/537.36 [FB_IAB/FB4A;FBAV/564.0.0.48.74;IABMV/1;]"
178.166.27.41 - - [07/Jun/2026:00:14:04 +0200] "GET /wp-content/uploads/2021/06/MPV001-manga-300x300.jpg HTTP/1.1" 200 9564 "https://www.baudefruta.pt/produto/bau-tutti-frutti/" "Mozilla/5.0 (Linux; Android 14; SM-A528B Build/UP1A.231005.007) AppleWebKit/537.36 (KHTML, like Gecko) Version/4.0 Chrome/149.0.7827.83 Mobile Safari/537.36 [FB_IAB/FB4A;FBAV/564.0.0.48.74;IABMV/1;]"
178.166.27.41 - - [07/Jun/2026:00:14:04 +0200] "GET /wp-content/uploads/2021/06/LM001-lima-300x300.jpg HTTP/1.1" 200 15177 "https://www.baudefruta.pt/produto/bau-tutti-frutti/" "Mozilla/5.0 (Linux; Android 14; SM-A528B Build/UP1A.231005.007) AppleWebKit/537.36 (KHTML, like Gecko) Version/4.0 Chrome/149.0.7827.83 Mobile Safari/537.36 [FB_IAB/FB4A;FBAV/564.0.0.48.74;IABMV/1;]"
216.73.217.54 - - [07/Jun/2026:00:14:06 +0200] "GET /loja/?add-to-cart=541&doing_wp_cron=1780398980.3144240379333496093750&orderby=menu_order HTTP/1.1" 200 62948 "-" "Mozilla/5.0 AppleWebKit/537.36 (KHTML, like Gecko; compatible; ClaudeBot/1.0; +claudebot@anthropic.com)"
216.73.217.54 - - [07/Jun/2026:00:14:09 +0200] "GET /produto/couve-coracao/?add-to-cart=1540&doing_wp_cron=1780534301.5693559646606445312500 HTTP/1.1" 200 61657 "-" "Mozilla/5.0 AppleWebKit/537.36 (KHTML, like Gecko; compatible; ClaudeBot/1.0; +claudebot@anthropic.com)"
114.119.133.26 - - [07/Jun/2026:00:14:09 +0200] "GET /loja/page/8/?orderby=price&doing_wp_cron=1759563888.8326520919799804687500 HTTP/1.1" 200 60312 "https://www.baudefruta.pt/loja/page/8/?orderby=price&doing_wp_cron=1759563888.8326520919799804687500" "Mozilla/5.0 (Linux; Android 7.0;) AppleWebKit/537.36 (HTML, like Gecko) Mobile Safari/537.36 (compatible; PetalBot;+https://webmaster.petalsearch.com/site/petalbot)"
216.73.217.54 - - [07/Jun/2026:00:14:12 +0200] "GET /loja/?add-to-cart=578&doing_wp_cron=1780476177.9127869606018066406250&orderby=menu_order HTTP/1.1" 200 63307 "-" "Mozilla/5.0 AppleWebKit/537.36 (KHTML, like Gecko; compatible; ClaudeBot/1.0; +claudebot@anthropic.com)"
216.73.217.54 - - [07/Jun/2026:00:14:15 +0200] "GET /loja/?add-to-cart=571&doing_wp_cron=1780445636.4324181079864501953125&orderby=menu_order HTTP/1.1" 200 63470 "-" "Mozilla/5.0 AppleWebKit/537.36 (KHTML, like Gecko; compatible; ClaudeBot/1.0; +claudebot@anthropic.com)"
178.166.27.41 - - [07/Jun/2026:00:14:16 +0200] "GET /categoria-produto/baus/ HTTP/1.1" 304 0 "https://www.baudefruta.pt/?fbclid=IwZXh0bgNhZW0BMABhZGlkAasyrjbZ70RzcnRjBmFwcF9pZAwzNTA2ODU1MzE3MjgAAR6xblgm-yY1xugkSVLMtPyMftRTnHdIiVFibONuAuzT3SelJbMT0hKprFIfBA_aem__bgfEtsr24D8GxPY7_f6xg&utm_medium=paid&utm_source=fb&utm_id=120245538772870644&utm_content=120245538772890644&utm_term=120245538772880644&utm_campaign=120245538772870644" "Mozilla/5.0 (Linux; Android 14; SM-A528B Build/UP1A.231005.007; wv) AppleWebKit/537.36 (KHTML, like Gecko) Version/4.0 Chrome/149.0.7827.83 Mobile Safari/537.36"
178.166.27.41 - - [07/Jun/2026:00:14:18 +0200] "GET /produto/bau-de-hortalica/ HTTP/1.1" 304 0 "https://www.baudefruta.pt/?fbclid=IwZXh0bgNhZW0BMABhZGlkAasyrjbZ70RzcnRjBmFwcF9pZAwzNTA2ODU1MzE3MjgAAR6xblgm-yY1xugkSVLMtPyMftRTnHdIiVFibONuAuzT3SelJbMT0hKprFIfBA_aem__bgfEtsr24D8GxPY7_f6xg&utm_medium=paid&utm_source=fb&utm_id=120245538772870644&utm_content=120245538772890644&utm_term=120245538772880644&utm_campaign=120245538772870644" "Mozilla/5.0 (Linux; Android 14; SM-A528B Build/UP1A.231005.007; wv) AppleWebKit/537.36 (KHTML, like Gecko) Version/4.0 Chrome/149.0.7827.83 Mobile Safari/537.36"
178.166.27.41 - - [07/Jun/2026:00:14:18 +0200] "GET /wp-content/themes/uncode/library/css/style.css?ver=1128653858 HTTP/1.1" 200 70140 "https://www.baudefruta.pt/produto/bau-de-hortalica/" "Mozilla/5.0 (Linux; Android 14; SM-A528B Build/UP1A.231005.007) AppleWebKit/537.36 (KHTML, like Gecko) Version/4.0 Chrome/149.0.7827.83 Mobile Safari/537.36 [FB_IAB/FB4A;FBAV/564.0.0.48.74;IABMV/1;]"
178.166.27.41 - - [07/Jun/2026:00:14:18 +0200] "GET /wp-content/themes/uncode/library/css/uncode-icons.css?ver=1128653858 HTTP/1.1" 200 12098 "https://www.baudefruta.pt/produto/bau-de-hortalica/" "Mozilla/5.0 (Linux; Android 14; SM-A528B Build/UP1A.231005.007) AppleWebKit/537.36 (KHTML, like Gecko) Version/4.0 Chrome/149.0.7827.83 Mobile Safari/537.36 [FB_IAB/FB4A;FBAV/564.0.0.48.74;IABMV/1;]"
178.166.27.41 - - [07/Jun/2026:00:14:18 +0200] "GET /wp-content/themes/uncode/library/css/woocommerce.css?ver=1128653858 HTTP/1.1" 200 20067 "https://www.baudefruta.pt/produto/bau-de-hortalica/" "Mozilla/5.0 (Linux; Android 14; SM-A528B Build/UP1A.231005.007) AppleWebKit/537.36 (KHTML, like Gecko) Version/4.0 Chrome/149.0.7827.83 Mobile Safari/537.36 [FB_IAB/FB4A;FBAV/564.0.0.48.74;IABMV/1;]"
178.166.27.41 - - [07/Jun/2026:00:14:18 +0200] "GET /wp-content/themes/baudefruta-un/style.css?ver=2127223848 HTTP/1.1" 200 896 "https://www.baudefruta.pt/produto/bau-de-hortalica/" "Mozilla/5.0 (Linux; Android 14; SM-A528B Build/UP1A.231005.007) AppleWebKit/537.36 (KHTML, like Gecko) Version/4.0 Chrome/149.0.7827.83 Mobile Safari/537.36 [FB_IAB/FB4A;FBAV/564.0.0.48.74;IABMV/1;]"
178.166.27.41 - - [07/Jun/2026:00:14:18 +0200] "GET /wp-content/themes/uncode/library/js/init.js?ver=1128653858 HTTP/1.1" 200 38505 "https://www.baudefruta.pt/produto/bau-de-hortalica/" "Mozilla/5.0 (Linux; Android 14; SM-A528B Build/UP1A.231005.007) AppleWebKit/537.36 (KHTML, like Gecko) Version/4.0 Chrome/149.0.7827.83 Mobile Safari/537.36 [FB_IAB/FB4A;FBAV/564.0.0.48.74;IABMV/1;]"
178.166.27.41 - - [07/Jun/2026:00:14:18 +0200] "GET /wp-content/uploads/2021/05/bau_produto-vegetais.jpg HTTP/1.1" 200 82638 "https://www.baudefruta.pt/produto/bau-de-hortalica/" "Mozilla/5.0 (Linux; Android 14; SM-A528B Build/UP1A.231005.007) AppleWebKit/537.36 (KHTML, like Gecko) Version/4.0 Chrome/149.0.7827.83 Mobile Safari/537.36 [FB_IAB/FB4A;FBAV/564.0.0.48.74;IABMV/1;]"
178.166.27.41 - - [07/Jun/2026:00:14:18 +0200] "GET /wp-content/uploads/2022/05/Batata-Agria.jpg HTTP/1.1" 200 14764 "https://www.baudefruta.pt/produto/bau-de-hortalica/" "Mozilla/5.0 (Linux; Android 14; SM-A528B Build/UP1A.231005.007) AppleWebKit/537.36 (KHTML, like Gecko) Version/4.0 Chrome/149.0.7827.83 Mobile Safari/537.36 [FB_IAB/FB4A;FBAV/564.0.0.48.74;IABMV/1;]"
178.166.27.41 - - [07/Jun/2026:00:14:18 +0200] "GET /wp-content/themes/uncode/library/js/plugins.js?ver=1128653858 HTTP/1.1" 200 192549 "https://www.baudefruta.pt/produto/bau-de-hortalica/" "Mozilla/5.0 (Linux; Android 14; SM-A528B Build/UP1A.231005.007) AppleWebKit/537.36 (KHTML, like Gecko) Version/4.0 Chrome/149.0.7827.83 Mobile Safari/537.36 [FB_IAB/FB4A;FBAV/564.0.0.48.74;IABMV/1;]"
