57.141.20.70 - - [06/Jun/2026:02:43:04 +0200] "GET /products/1342152/ HTTP/1.1" 404 113604 "-" "meta-externalagent/1.1 (+https://developers.facebook.com/docs/sharing/webmasters/crawler)"
135.181.180.59 - - [06/Jun/2026:02:43:05 +0200] "GET /web/en/shop/page/21/?doing_wp_cron=1780685714.6291079521179199218750 HTTP/1.1" 200 32745 "-" "Mozilla/5.0 (compatible; MJ12bot/v1.4.8; http://mj12bot.com/)"
114.119.130.96 - - [06/Jun/2026:02:43:06 +0200] "GET /web/en/shop/page/29/?doing_wp_cron=1682484083.0822880268096923828125 HTTP/1.1" 200 33401 "https://www.biocabaz.pt/web/en/shop/page/27/?doing_wp_cron=1674883096.4131309986114501953125" "Mozilla/5.0 (Linux; Android 7.0;) AppleWebKit/537.36 (KHTML, like Gecko) Mobile Safari/537.36 (compatible; PetalBot;+https://webmaster.petalsearch.com/site/petalbot)"
135.181.180.59 - - [06/Jun/2026:02:43:07 +0200] "GET /web/en/shop/page/21/?doing_wp_cron=1780685716.0307710170745849609375 HTTP/1.1" 200 32745 "-" "Mozilla/5.0 (compatible; MJ12bot/v1.4.8; http://mj12bot.com/)"
135.181.180.59 - - [06/Jun/2026:02:43:10 +0200] "GET /web/en/shop/page/22/?doing_wp_cron=1748563177.2741310596466064453125 HTTP/1.1" 200 31858 "-" "Mozilla/5.0 (compatible; MJ12bot/v1.4.8; http://mj12bot.com/)"
57.141.20.5 - - [06/Jun/2026:02:43:12 +0200] "GET /products/13197907/ HTTP/1.1" 301 5 "-" "meta-externalagent/1.1 (+https://developers.facebook.com/docs/sharing/webmasters/crawler)"
135.181.180.59 - - [06/Jun/2026:02:43:12 +0200] "GET /web/en/shop/page/22/?doing_wp_cron=1775514955.6630730628967285156250 HTTP/1.1" 200 31858 "-" "Mozilla/5.0 (compatible; MJ12bot/v1.4.8; http://mj12bot.com/)"
135.181.180.59 - - [06/Jun/2026:02:43:14 +0200] "GET /web/en/shop/page/23/?doing_wp_cron=1775514955.6630730628967285156250 HTTP/1.1" 200 33209 "-" "Mozilla/5.0 (compatible; MJ12bot/v1.4.8; http://mj12bot.com/)"
135.181.180.59 - - [06/Jun/2026:02:43:16 +0200] "GET /web/en/shop/page/23/?doing_wp_cron=1780685714.6291079521179199218750 HTTP/1.1" 200 33209 "-" "Mozilla/5.0 (compatible; MJ12bot/v1.4.8; http://mj12bot.com/)"
114.119.158.220 - - [06/Jun/2026:02:43:17 +0200] "GET /web/en/shop/page/2/?orderby=price-desc&doing_wp_cron=1751329958.3701200485229492187500 HTTP/1.1" 200 32788 "https://www.biocabaz.pt/web/shop/page/2/?orderby=price-desc&doing_wp_cron=1751329958.3701200485229492187500" "Mozilla/5.0 (Linux; Android 7.0;) AppleWebKit/537.36 (HTML, like Gecko) Mobile Safari/537.36 (compatible; PetalBot;+https://webmaster.petalsearch.com/site/petalbot)"
135.181.180.59 - - [06/Jun/2026:02:43:19 +0200] "GET /web/en/shop/page/23/?doing_wp_cron=1780685716.0307710170745849609375 HTTP/1.1" 200 33209 "-" "Mozilla/5.0 (compatible; MJ12bot/v1.4.8; http://mj12bot.com/)"
135.181.180.59 - - [06/Jun/2026:02:43:21 +0200] "GET /web/en/shop/page/24/?doing_wp_cron=1775514955.6630730628967285156250 HTTP/1.1" 200 32853 "-" "Mozilla/5.0 (compatible; MJ12bot/v1.4.8; http://mj12bot.com/)"
69.171.230.9 - - [06/Jun/2026:02:43:22 +0200] "GET /robots.txt HTTP/1.1" 206 583 "-" "facebookexternalhit/1.1 (+http://www.facebook.com/externalhit_uatext.php)"
135.181.180.59 - - [06/Jun/2026:02:43:23 +0200] "GET /web/en/shop/page/24/?doing_wp_cron=1780685714.6291079521179199218750 HTTP/1.1" 200 32853 "-" "Mozilla/5.0 (compatible; MJ12bot/v1.4.8; http://mj12bot.com/)"
69.171.230.29 - - [06/Jun/2026:02:43:23 +0200] "GET /robots.txt HTTP/1.1" 206 583 "-" "facebookexternalhit/1.1 (+http://www.facebook.com/externalhit_uatext.php)"
69.171.230.41 - - [06/Jun/2026:02:43:23 +0200] "GET /robots.txt HTTP/1.1" 206 583 "-" "facebookexternalhit/1.1 (+http://www.facebook.com/externalhit_uatext.php)"
57.141.20.28 - - [06/Jun/2026:02:43:24 +0200] "GET /investinglive-each-day-foreign-exchange-market-development-specialist-research/ HTTP/1.1" 200 117300 "-" "meta-externalagent/1.1 (+https://developers.facebook.com/docs/sharing/webmasters/crawler)"
198.38.94.14 - - [06/Jun/2026:02:43:24 +0200] "GET /wp-login.php HTTP/1.1" 200 3064 "-" "Mozilla/5.0 (Windows NT 10.0; Win64; x64) AppleWebKit/537.36 (KHTML, like Gecko) Chrome/120.0.0.0 Safari/537.36"
135.181.180.59 - - [06/Jun/2026:02:43:25 +0200] "GET /web/en/shop/page/24/?doing_wp_cron=1780685716.0307710170745849609375 HTTP/1.1" 200 32853 "-" "Mozilla/5.0 (compatible; MJ12bot/v1.4.8; http://mj12bot.com/)"
198.38.94.14 - - [06/Jun/2026:02:43:25 +0200] "POST /wp-login.php HTTP/1.1" 200 3204 "https://fomento-sgoic.pt/wp-login.php" "Mozilla/5.0 (Windows NT 10.0; Win64; x64) AppleWebKit/537.36 (KHTML, like Gecko) Chrome/120.0.0.0 Safari/537.36"
135.181.180.59 - - [06/Jun/2026:02:43:27 +0200] "GET /web/en/shop/page/25/?doing_wp_cron=1778600289.8666639328002929687500 HTTP/1.1" 200 32755 "-" "Mozilla/5.0 (compatible; MJ12bot/v1.4.8; http://mj12bot.com/)"
135.181.180.59 - - [06/Jun/2026:02:43:28 +0200] "GET /web/en/shop/page/25/?doing_wp_cron=1780685714.6291079521179199218750 HTTP/1.1" 200 32755 "-" "Mozilla/5.0 (compatible; MJ12bot/v1.4.8; http://mj12bot.com/)"
135.181.180.59 - - [06/Jun/2026:02:43:30 +0200] "GET /web/en/shop/page/25/?doing_wp_cron=1780685716.0307710170745849609375 HTTP/1.1" 200 32755 "-" "Mozilla/5.0 (compatible; MJ12bot/v1.4.8; http://mj12bot.com/)"
135.181.180.59 - - [06/Jun/2026:02:43:32 +0200] "GET /web/en/shop/page/26/?doing_wp_cron=1675484758.9007239341735839843750 HTTP/1.1" 200 32706 "-" "Mozilla/5.0 (compatible; MJ12bot/v1.4.8; http://mj12bot.com/)"
135.181.180.59 - - [06/Jun/2026:02:43:34 +0200] "GET /web/en/shop/page/26/?doing_wp_cron=1700371376.0340409278869628906250 HTTP/1.1" 200 32706 "-" "Mozilla/5.0 (compatible; MJ12bot/v1.4.8; http://mj12bot.com/)"
135.181.180.59 - - [06/Jun/2026:02:43:36 +0200] "GET /web/en/shop/page/26/?doing_wp_cron=1778600289.8666639328002929687500 HTTP/1.1" 200 32706 "-" "Mozilla/5.0 (compatible; MJ12bot/v1.4.8; http://mj12bot.com/)"
75.119.139.177 - - [06/Jun/2026:02:43:36 +0200] "POST /wp-cron.php?doing_wp_cron=1780706616.7387371063232421875000 HTTP/1.1" 200 31 "-" "WordPress/6.9; https://www.fomento-sgoic.pt"
57.141.20.16 - - [06/Jun/2026:02:43:36 +0200] "GET /products/23495852/ HTTP/1.1" 301 5 "-" "meta-externalagent/1.1 (+https://developers.facebook.com/docs/sharing/webmasters/crawler)"
216.73.216.253 - - [06/Jun/2026:02:43:37 +0200] "GET /web/en/produto/salsichas-frankfurt-bio-2/?add-to-cart=16715 HTTP/1.1" 302 11 "-" "Mozilla/5.0 AppleWebKit/537.36 (KHTML, like Gecko; compatible; ClaudeBot/1.0; +claudebot@anthropic.com)"
135.181.180.59 - - [06/Jun/2026:02:43:38 +0200] "GET /web/en/shop/page/27/?doing_wp_cron=1680780520.6856729984283447265625 HTTP/1.1" 200 32447 "-" "Mozilla/5.0 (compatible; MJ12bot/v1.4.8; http://mj12bot.com/)"
66.249.79.33 - - [06/Jun/2026:02:43:38 +0200] "GET /web/produto/pasta-de-tamaras-bio/?doing_wp_cron=1726785145.5029299259185791015625 HTTP/1.1" 200 38683 "-" "Mozilla/5.0 (Linux; Android 6.0.1; Nexus 5X Build/MMB29P) AppleWebKit/537.36 (KHTML, like Gecko) Chrome/148.0.7778.96 Mobile Safari/537.36 (compatible; Googlebot/2.1; +http://www.google.com/bot.html)"
216.73.216.253 - - [06/Jun/2026:02:43:39 +0200] "GET /web/en/produto/salsichas-frankfurt-bio-2/?add-to-cart=16715&doing_wp_cron=1780706617.2144289016723632812500 HTTP/1.1" 200 40662 "https://www.biocabaz.pt/web/en/produto/salsichas-frankfurt-bio-2/?add-to-cart=16715" "Mozilla/5.0 AppleWebKit/537.36 (KHTML, like Gecko; compatible; ClaudeBot/1.0; +claudebot@anthropic.com)"
135.181.180.59 - - [06/Jun/2026:02:43:40 +0200] "GET /web/en/shop/page/27/?doing_wp_cron=1700371376.0340409278869628906250 HTTP/1.1" 200 32447 "-" "Mozilla/5.0 (compatible; MJ12bot/v1.4.8; http://mj12bot.com/)"
114.119.130.96 - - [06/Jun/2026:02:43:42 +0200] "GET /web/shop/page/27/?doing_wp_cron=1676106177.7121250629425048828125 HTTP/1.1" 200 31904 "https://biocabaz.pt/web/shop/page/27/?doing_wp_cron=1676106177.7121250629425048828125" "Mozilla/5.0 (Linux; Android 7.0;) AppleWebKit/537.36 (HTML, like Gecko) Mobile Safari/537.36 (compatible; PetalBot;+https://webmaster.petalsearch.com/site/petalbot)"
135.181.180.59 - - [06/Jun/2026:02:43:42 +0200] "GET /web/en/shop/page/28/?doing_wp_cron=1770996282.6222040653228759765625 HTTP/1.1" 200 32845 "-" "Mozilla/5.0 (compatible; MJ12bot/v1.4.8; http://mj12bot.com/)"
114.119.165.226 - - [06/Jun/2026:02:43:42 +0200] "GET /web/shop/page/48/?doing_wp_cron=1702845865.6697359085083007812500 HTTP/1.1" 200 32862 "https://biocabaz.pt/web/shop/page/48/?doing_wp_cron=1702845865.6697359085083007812500" "Mozilla/5.0 (Linux; Android 7.0;) AppleWebKit/537.36 (HTML, like Gecko) Mobile Safari/537.36 (compatible; PetalBot;+https://webmaster.petalsearch.com/site/petalbot)"
135.181.180.59 - - [06/Jun/2026:02:43:44 +0200] "GET /web/en/shop/page/3/?doing_wp_cron=1700371376.0340409278869628906250 HTTP/1.1" 200 33264 "-" "Mozilla/5.0 (compatible; MJ12bot/v1.4.8; http://mj12bot.com/)"
135.181.180.59 - - [06/Jun/2026:02:43:49 +0200] "GET /web/en/shop/page/3/?doing_wp_cron=1742431397.6852169036865234375000 HTTP/1.1" 200 33264 "-" "Mozilla/5.0 (compatible; MJ12bot/v1.4.8; http://mj12bot.com/)"
51.124.236.1 - - [06/Jun/2026:02:43:49 +0200] "GET / HTTP/1.0" 200 612 "-" "check_http/v2.3.3 (nagios-plugins 2.3.3)"
66.249.79.33 - - [06/Jun/2026:02:43:51 +0200] "POST /web/?wc-ajax=get_refreshed_fragments HTTP/1.1" 200 626 "https://www.biocabaz.pt/web/produto/pasta-de-tamaras-bio/?doing_wp_cron=1726785145.5029299259185791015625" "Mozilla/5.0 (Linux; Android 6.0.1; Nexus 5X Build/MMB29P) AppleWebKit/537.36 (KHTML, like Gecko) Chrome/148.0.7778.96 Mobile Safari/537.36 (compatible; Googlebot/2.1; +http://www.google.com/bot.html)"
135.181.180.59 - - [06/Jun/2026:02:43:51 +0200] "GET /web/en/shop/page/3/?doing_wp_cron=1780652087.7753601074218750000000 HTTP/1.1" 200 33264 "-" "Mozilla/5.0 (compatible; MJ12bot/v1.4.8; http://mj12bot.com/)"
135.181.180.59 - - [06/Jun/2026:02:43:53 +0200] "GET /web/en/shop/page/3/?doing_wp_cron=1780652112.2977468967437744140625 HTTP/1.1" 200 33264 "-" "Mozilla/5.0 (compatible; MJ12bot/v1.4.8; http://mj12bot.com/)"
135.181.180.59 - - [06/Jun/2026:02:43:55 +0200] "GET /web/en/shop/page/3/?doing_wp_cron=1780685714.6291079521179199218750 HTTP/1.1" 200 33264 "-" "Mozilla/5.0 (compatible; MJ12bot/v1.4.8; http://mj12bot.com/)"
135.181.180.59 - - [06/Jun/2026:02:43:57 +0200] "GET /web/en/shop/page/3/?doing_wp_cron=1780685716.0307710170745849609375 HTTP/1.1" 200 33264 "-" "Mozilla/5.0 (compatible; MJ12bot/v1.4.8; http://mj12bot.com/)"
116.179.32.72 - - [06/Jun/2026:02:43:57 +0200] "GET /web/categoria-produto/import_jan_22/page/9/?doing_wp_cron=1692161093.8698799610137939453125 HTTP/1.1" 200 35299 "-" "Mozilla/5.0 (compatible; Baiduspider/2.0; +http://www.baidu.com/search/spider.html)"
114.119.139.78 - - [06/Jun/2026:02:43:58 +0200] "GET /web/produto/pure-maca-pera-williams-bio-90g-cool-fruits/?doing_wp_cron=1688371900.2109410762786865234375 HTTP/1.1" 200 38596 "https://biocabaz.pt/web/produto/pure-maca-pera-williams-bio-90g-cool-fruits/?doing_wp_cron=1688371900.2109410762786865234375" "Mozilla/5.0 (Linux; Android 7.0;) AppleWebKit/537.36 (HTML, like Gecko) Mobile Safari/537.36 (compatible; PetalBot;+https://webmaster.petalsearch.com/site/petalbot)"
135.181.180.59 - - [06/Jun/2026:02:43:59 +0200] "GET /web/en/shop/page/33/?doing_wp_cron=1727590127.5674929618835449218750 HTTP/1.1" 200 33017 "-" "Mozilla/5.0 (compatible; MJ12bot/v1.4.8; http://mj12bot.com/)"
135.181.180.59 - - [06/Jun/2026:02:44:01 +0200] "GET /web/en/shop/page/34/?doing_wp_cron=1727590127.5674929618835449218750 HTTP/1.1" 200 33062 "-" "Mozilla/5.0 (compatible; MJ12bot/v1.4.8; http://mj12bot.com/)"
135.181.180.59 - - [06/Jun/2026:02:44:03 +0200] "GET /web/en/shop/page/35/?doing_wp_cron=1676226619.8433589935302734375000 HTTP/1.1" 200 33220 "-" "Mozilla/5.0 (compatible; MJ12bot/v1.4.8; http://mj12bot.com/)"
116.179.37.243 - - [06/Jun/2026:02:44:04 +0200] "POST /web/?wc-ajax=get_refreshed_fragments HTTP/1.1" 200 626 "https://biocabaz.pt/web/categoria-produto/import_jan_22/page/9/?doing_wp_cron=1692161093.8698799610137939453125" "Mozilla/5.0 (compatible; Baiduspider-render/2.0; +http://www.baidu.com/search/spider.html)"
66.249.68.68 - - [06/Jun/2026:02:44:05 +0200] "GET /web/produto/limao-galego-bio-dos-acores/?add-to-cart=338 HTTP/1.1" 200 38803 "-" "Mozilla/5.0 (Linux; Android 6.0.1; Nexus 5X Build/MMB29P) AppleWebKit/537.36 (KHTML, like Gecko) Chrome/148.0.7778.96 Mobile Safari/537.36 (compatible; Googlebot/2.1; +http://www.google.com/bot.html)"
135.181.180.59 - - [06/Jun/2026:02:44:05 +0200] "GET /web/en/shop/page/35/?doing_wp_cron=1727590127.5674929618835449218750 HTTP/1.1" 200 33220 "-" "Mozilla/5.0 (compatible; MJ12bot/v1.4.8; http://mj12bot.com/)"
135.181.180.59 - - [06/Jun/2026:02:44:08 +0200] "GET /web/en/shop/page/37/?doing_wp_cron=1676226619.8433589935302734375000 HTTP/1.1" 200 32734 "-" "Mozilla/5.0 (compatible; MJ12bot/v1.4.8; http://mj12bot.com/)"
135.181.180.59 - - [06/Jun/2026:02:44:09 +0200] "GET /web/en/shop/page/37/?doing_wp_cron=1727590127.5674929618835449218750 HTTP/1.1" 200 32734 "-" "Mozilla/5.0 (compatible; MJ12bot/v1.4.8; http://mj12bot.com/)"
216.73.216.253 - - [06/Jun/2026:02:44:10 +0200] "GET /web/en/produto/salsichas-frankfurt-bio-2/?add-to-cart=4896&doing_wp_cron=1780701391.6385879516601562500000 HTTP/1.1" 200 40768 "-" "Mozilla/5.0 AppleWebKit/537.36 (KHTML, like Gecko; compatible; ClaudeBot/1.0; +claudebot@anthropic.com)"
114.119.147.32 - - [06/Jun/2026:02:44:11 +0200] "GET /web/produto/manteiga-bio-vrai-250grs/?doing_wp_cron=1779849520.6889719963073730468750 HTTP/1.1" 200 37701 "https://biocabaz.pt/web/en/produto/manteiga-bio-vrai-250grs/?doing_wp_cron=1692576990.9289829730987548828125" "Mozilla/5.0 (Linux; Android 7.0;) AppleWebKit/537.36 (HTML, like Gecko) Mobile Safari/537.36 (compatible; PetalBot;+https://webmaster.petalsearch.com/site/petalbot)"
135.181.180.59 - - [06/Jun/2026:02:44:11 +0200] "GET /web/en/shop/page/38/?doing_wp_cron=1727590127.5674929618835449218750 HTTP/1.1" 200 32494 "-" "Mozilla/5.0 (compatible; MJ12bot/v1.4.8; http://mj12bot.com/)"
135.181.180.59 - - [06/Jun/2026:02:44:13 +0200] "GET /web/en/shop/page/39/?doing_wp_cron=1727590127.5674929618835449218750 HTTP/1.1" 200 32635 "-" "Mozilla/5.0 (compatible; MJ12bot/v1.4.8; http://mj12bot.com/)"
66.249.79.7 - - [06/Jun/2026:02:44:14 +0200] "GET /wp-content/uploads/2022/09/TF_-DF2021_03.pdf HTTP/1.1" 200 68177 "-" "Mozilla/5.0 (Linux; Android 6.0.1; Nexus 5X Build/MMB29P) AppleWebKit/537.36 (KHTML, like Gecko) Chrome/148.0.7778.96 Mobile Safari/537.36 (compatible; GoogleOther)"
135.181.180.59 - - [06/Jun/2026:02:44:15 +0200] "GET /web/en/shop/page/39/?doing_wp_cron=1776371717.4407899379730224609375 HTTP/1.1" 200 32635 "-" "Mozilla/5.0 (compatible; MJ12bot/v1.4.8; http://mj12bot.com/)"
20.245.239.26 - - [06/Jun/2026:02:44:16 +0200] "GET /web/produto/pessego/?add-to-cart=1514 HTTP/1.1" 302 11 "-" "Mozilla/5.0 (Macintosh; Intel Mac OS X 10_15_7) AppleWebKit/537.36 (KHTML, like Gecko) Chrome/133.0.0.0 Safari/537.36"
135.181.180.59 - - [06/Jun/2026:02:44:17 +0200] "GET /web/en/shop/page/4/?doing_wp_cron=1739624122.6866540908813476562500 HTTP/1.1" 200 33092 "-" "Mozilla/5.0 (compatible; MJ12bot/v1.4.8; http://mj12bot.com/)"
20.245.239.26 - - [06/Jun/2026:02:44:18 +0200] "GET /web/produto/pessego/?add-to-cart=1514&doing_wp_cron=1780706656.0325920581817626953125 HTTP/1.1" 200 38789 "https://www.biocabaz.pt/web/produto/pessego/?add-to-cart=1514" "Mozilla/5.0 (Macintosh; Intel Mac OS X 10_15_7) AppleWebKit/537.36 (KHTML, like Gecko) Chrome/133.0.0.0 Safari/537.36"
66.249.68.68 - - [06/Jun/2026:02:44:19 +0200] "POST /web/?wc-ajax=get_refreshed_fragments HTTP/1.1" 200 1265 "https://biocabaz.pt/web/produto/limao-galego-bio-dos-acores/?add-to-cart=338" "Mozilla/5.0 (Linux; Android 6.0.1; Nexus 5X Build/MMB29P) AppleWebKit/537.36 (KHTML, like Gecko) Chrome/148.0.7778.96 Mobile Safari/537.36 (compatible; Googlebot/2.1; +http://www.google.com/bot.html)"
135.181.180.59 - - [06/Jun/2026:02:44:19 +0200] "GET /web/en/shop/page/43/?doing_wp_cron=1750646534.4814820289611816406250 HTTP/1.1" 200 34049 "-" "Mozilla/5.0 (compatible; MJ12bot/v1.4.8; http://mj12bot.com/)"
135.181.180.59 - - [06/Jun/2026:02:44:21 +0200] "GET /web/en/shop/page/44/?doing_wp_cron=1728027136.4204609394073486328125 HTTP/1.1" 200 32632 "-" "Mozilla/5.0 (compatible; MJ12bot/v1.4.8; http://mj12bot.com/)"
135.181.180.59 - - [06/Jun/2026:02:44:23 +0200] "GET /web/en/shop/page/44/?doing_wp_cron=1750646534.4814820289611816406250 HTTP/1.1" 200 32632 "-" "Mozilla/5.0 (compatible; MJ12bot/v1.4.8; http://mj12bot.com/)"
114.119.148.47 - - [06/Jun/2026:02:44:24 +0200] "GET /web/produto/geleia-agave-golden-480grs-provida/?doing_wp_cron=1764225939.6444580554962158203125 HTTP/1.1" 200 38393 "https://biocabaz.pt/web/produto/geleia-agave-golden-480grs-provida/?doing_wp_cron=1764225939.6444580554962158203125" "Mozilla/5.0 (Linux; Android 7.0;) AppleWebKit/537.36 (HTML, like Gecko) Mobile Safari/537.36 (compatible; PetalBot;+https://webmaster.petalsearch.com/site/petalbot)"
135.181.180.59 - - [06/Jun/2026:02:44:25 +0200] "GET /web/en/shop/page/45/?doing_wp_cron=1728027136.4204609394073486328125 HTTP/1.1" 200 33368 "-" "Mozilla/5.0 (compatible; MJ12bot/v1.4.8; http://mj12bot.com/)"
135.181.180.59 - - [06/Jun/2026:02:44:27 +0200] "GET /web/en/shop/page/45/?doing_wp_cron=1750646534.4814820289611816406250 HTTP/1.1" 200 33368 "-" "Mozilla/5.0 (compatible; MJ12bot/v1.4.8; http://mj12bot.com/)"
220.181.108.167 - - [06/Jun/2026:02:44:27 +0200] "GET /web/en/shop/page/57/?doing_wp_cron=1748837268.6165220737457275390625 HTTP/1.1" 200 32532 "-" "Mozilla/5.0 (compatible; Baiduspider/2.0; +http://www.baidu.com/search/spider.html)"
135.181.180.59 - - [06/Jun/2026:02:44:29 +0200] "GET /web/en/shop/page/46/?doing_wp_cron=1752723451.7868568897247314453125 HTTP/1.1" 200 32269 "-" "Mozilla/5.0 (compatible; MJ12bot/v1.4.8; http://mj12bot.com/)"
135.181.180.59 - - [06/Jun/2026:02:44:31 +0200] "GET /web/en/shop/page/47/?doing_wp_cron=1752723451.7868568897247314453125 HTTP/1.1" 200 32407 "-" "Mozilla/5.0 (compatible; MJ12bot/v1.4.8; http://mj12bot.com/)"
66.249.68.68 - - [06/Jun/2026:02:44:33 +0200] "POST /web/en/?wc-ajax=get_refreshed_fragments HTTP/1.1" 200 629 "https://biocabaz.pt/web/en/produto/xarope-de-acer-250ml/?doing_wp_cron=1780579954.8496179580688476562500" "Mozilla/5.0 (Linux; Android 6.0.1; Nexus 5X Build/MMB29P) AppleWebKit/537.36 (KHTML, like Gecko) Chrome/148.0.7778.96 Mobile Safari/537.36 (compatible; Googlebot/2.1; +http://www.google.com/bot.html)"
135.181.180.59 - - [06/Jun/2026:02:44:33 +0200] "GET /web/en/shop/page/48/?doing_wp_cron=1752723451.7868568897247314453125 HTTP/1.1" 200 32848 "-" "Mozilla/5.0 (compatible; MJ12bot/v1.4.8; http://mj12bot.com/)"
116.179.37.125 - - [06/Jun/2026:02:44:34 +0200] "POST /web/en/?wc-ajax=get_refreshed_fragments HTTP/1.1" 200 629 "https://www.biocabaz.pt/web/en/shop/page/57/?doing_wp_cron=1748837268.6165220737457275390625" "Mozilla/5.0 (compatible; Baiduspider-render/2.0; +http://www.baidu.com/search/spider.html)"
135.181.180.59 - - [06/Jun/2026:02:44:35 +0200] "GET /web/en/shop/page/49/?doing_wp_cron=1752746454.0103800296783447265625 HTTP/1.1" 200 32427 "-" "Mozilla/5.0 (compatible; MJ12bot/v1.4.8; http://mj12bot.com/)"
167.235.143.113 - - [06/Jun/2026:02:44:36 +0200] "GET /web/ HTTP/1.1" 200 38184 "https://biocabaz.pt/web/" "Mozilla/5.0+(compatible; UptimeRobot/2.0; http://www.uptimerobot.com/)"
116.179.37.41 - - [06/Jun/2026:02:44:36 +0200] "GET /web/wp-conteudos/themes/jupiter/assets/js/plugins/async/min/minigrid.js HTTP/1.1" 200 1053 "https://www.biocabaz.pt/web/en/shop/page/57/?doing_wp_cron=1748837268.6165220737457275390625" "Mozilla/5.0 (compatible; Baiduspider-render/2.0; +http://www.baidu.com/search/spider.html)"
116.179.37.146 - - [06/Jun/2026:02:44:37 +0200] "GET /web/wp-conteudos/themes/jupiter/assets/js/plugins/async/min/jquery.flexslider.js HTTP/1.1" 200 7414 "https://www.biocabaz.pt/web/en/shop/page/57/?doing_wp_cron=1748837268.6165220737457275390625" "Mozilla/5.0 (compatible; Baiduspider-render/2.0; +http://www.baidu.com/search/spider.html)"
135.181.180.59 - - [06/Jun/2026:02:44:37 +0200] "GET /web/en/shop/page/5/?doing_wp_cron=1739624122.6866540908813476562500 HTTP/1.1" 200 32649 "-" "Mozilla/5.0 (compatible; MJ12bot/v1.4.8; http://mj12bot.com/)"
114.119.159.64 - - [06/Jun/2026:02:44:38 +0200] "GET /web/produto/cookie-baunilha-s-gluten-150g-snhnitzer?doing_wp_cron=1694484909.9370999336242675781250 HTTP/1.1" 301 5 "https://biocabaz.pt/web/produto/cookie-baunilha-s-gluten-150g-snhnitzer?doing_wp_cron=1694484909.9370999336242675781250" "Mozilla/5.0 (Linux; Android 7.0;) AppleWebKit/537.36 (HTML, like Gecko) Mobile Safari/537.36 (compatible; PetalBot;+https://webmaster.petalsearch.com/site/petalbot)"
135.181.180.59 - - [06/Jun/2026:02:44:39 +0200] "GET /web/en/shop/page/5/?doing_wp_cron=1748936779.7834250926971435546875 HTTP/1.1" 200 32649 "-" "Mozilla/5.0 (compatible; MJ12bot/v1.4.8; http://mj12bot.com/)"
114.119.159.64 - - [06/Jun/2026:02:44:40 +0200] "GET /web/produto/cookie-baunilha-s-gluten-150g-snhnitzer/?doing_wp_cron=1694484909.9370999336242675781250 HTTP/1.1" 200 38735 "https://biocabaz.pt/web/produto/cookie-baunilha-s-gluten-150g-snhnitzer?doing_wp_cron=1694484909.9370999336242675781250" "Mozilla/5.0 (Linux; Android 7.0;) AppleWebKit/537.36 (HTML, like Gecko) Mobile Safari/537.36 (compatible; PetalBot;+https://webmaster.petalsearch.com/site/petalbot)"
135.181.180.59 - - [06/Jun/2026:02:44:41 +0200] "GET /web/en/shop/page/50/?doing_wp_cron=1752746454.0103800296783447265625 HTTP/1.1" 200 33425 "-" "Mozilla/5.0 (compatible; MJ12bot/v1.4.8; http://mj12bot.com/)"
135.181.180.59 - - [06/Jun/2026:02:44:44 +0200] "GET /web/en/shop/page/51/?doing_wp_cron=1752746454.0103800296783447265625 HTTP/1.1" 200 34188 "-" "Mozilla/5.0 (compatible; MJ12bot/v1.4.8; http://mj12bot.com/)"
135.181.180.59 - - [06/Jun/2026:02:44:46 +0200] "GET /web/en/shop/page/52/?doing_wp_cron=1752723451.7868568897247314453125 HTTP/1.1" 200 33533 "-" "Mozilla/5.0 (compatible; MJ12bot/v1.4.8; http://mj12bot.com/)"
135.181.180.59 - - [06/Jun/2026:02:44:48 +0200] "GET /web/en/shop/page/53/?doing_wp_cron=1672507091.3508849143981933593750 HTTP/1.1" 200 32745 "-" "Mozilla/5.0 (compatible; MJ12bot/v1.4.8; http://mj12bot.com/)"
135.181.180.59 - - [06/Jun/2026:02:44:50 +0200] "GET /web/en/shop/page/53/?doing_wp_cron=1688001188.5039889812469482421875 HTTP/1.1" 200 32745 "-" "Mozilla/5.0 (compatible; MJ12bot/v1.4.8; http://mj12bot.com/)"
51.15.136.152 - - [06/Jun/2026:02:44:50 +0200] "GET /web/wp-conteudos/uploads/2016/04/ZX_Riso_Calcio_A_1000_17-1000x909.jpg HTTP/1.1" 200 88793 "-" "Mozilla/5.0 (X11; Ubuntu; Linux x86_64; rv:72.0) Gecko/20100101 Firefox/72.0"
135.181.180.59 - - [06/Jun/2026:02:44:52 +0200] "GET /web/en/shop/page/53/?doing_wp_cron=1752746454.0103800296783447265625 HTTP/1.1" 200 32745 "-" "Mozilla/5.0 (compatible; MJ12bot/v1.4.8; http://mj12bot.com/)"
114.119.165.226 - - [06/Jun/2026:02:44:53 +0200] "GET /web/shop/page/55/?orderby=date&doing_wp_cron=1765028492.2913510799407958984375 HTTP/1.1" 200 33486 "https://www.biocabaz.pt/web/shop/page/56/?orderby=date&doing_wp_cron=1765028492.2913510799407958984375" "Mozilla/5.0 (Linux; Android 7.0;) AppleWebKit/537.36 (HTML, like Gecko) Mobile Safari/537.36 (compatible; PetalBot;+https://webmaster.petalsearch.com/site/petalbot)"
23.98.142.191 - - [06/Jun/2026:02:44:54 +0200] "GET /wp-content/uploads/2025/04/RelContas2024_completo.pdf HTTP/1.1" 200 2198058 "-" "Mozilla/5.0 AppleWebKit/537.36 (KHTML, like Gecko); compatible; ChatGPT-User/1.0; +https://openai.com/bot"
135.181.180.59 - - [06/Jun/2026:02:44:54 +0200] "GET /web/en/shop/page/53/?doing_wp_cron=1780645947.4896659851074218750000 HTTP/1.1" 200 32745 "-" "Mozilla/5.0 (compatible; MJ12bot/v1.4.8; http://mj12bot.com/)"
135.181.180.59 - - [06/Jun/2026:02:44:56 +0200] "GET /web/en/shop/page/53/?doing_wp_cron=1780645991.2194349765777587890625 HTTP/1.1" 200 32745 "-" "Mozilla/5.0 (compatible; MJ12bot/v1.4.8; http://mj12bot.com/)"
135.181.180.59 - - [06/Jun/2026:02:44:58 +0200] "GET /web/en/shop/page/54/?doing_wp_cron=1752746454.0103800296783447265625 HTTP/1.1" 200 32743 "-" "Mozilla/5.0 (compatible; MJ12bot/v1.4.8; http://mj12bot.com/)"
135.181.180.59 - - [06/Jun/2026:02:45:00 +0200] "GET /web/en/shop/page/55/?doing_wp_cron=1752746454.0103800296783447265625 HTTP/1.1" 200 33121 "-" "Mozilla/5.0 (compatible; MJ12bot/v1.4.8; http://mj12bot.com/)"
135.181.180.59 - - [06/Jun/2026:02:45:01 +0200] "GET /web/en/shop/page/57/?doing_wp_cron=1676676142.9852659702301025390625 HTTP/1.1" 200 32532 "-" "Mozilla/5.0 (compatible; MJ12bot/v1.4.8; http://mj12bot.com/)"
114.119.143.174 - - [06/Jun/2026:02:45:03 +0200] "GET /web/shop/page/31/?doing_wp_cron=1747684530.0455739498138427734375 HTTP/1.1" 200 32277 "https://www.biocabaz.pt/web/shop/page/31?doing_wp_cron=1747684530.0455739498138427734375" "Mozilla/5.0 (Linux; Android 7.0;) AppleWebKit/537.36 (HTML, like Gecko) Mobile Safari/537.36 (compatible; PetalBot;+https://webmaster.petalsearch.com/site/petalbot)"
135.181.180.59 - - [06/Jun/2026:02:45:03 +0200] "GET /web/en/shop/page/57/?doing_wp_cron=1727590127.5674929618835449218750 HTTP/1.1" 200 32532 "-" "Mozilla/5.0 (compatible; MJ12bot/v1.4.8; http://mj12bot.com/)"
135.181.180.59 - - [06/Jun/2026:02:45:05 +0200] "GET /web/en/shop/page/57/?doing_wp_cron=1739624122.6866540908813476562500 HTTP/1.1" 200 32532 "-" "Mozilla/5.0 (compatible; MJ12bot/v1.4.8; http://mj12bot.com/)"
163.172.178.197 - - [06/Jun/2026:02:45:07 +0200] "GET /web/wp-conteudos/uploads/2018/04/cererais-949x1000.jpg HTTP/1.1" 200 118780 "-" "Mozilla/5.0 (X11; Ubuntu; Linux x86_64; rv:72.0) Gecko/20100101 Firefox/72.0"
135.181.180.59 - - [06/Jun/2026:02:45:07 +0200] "GET /web/en/shop/page/57/?doing_wp_cron=1742431397.6852169036865234375000 HTTP/1.1" 200 32532 "-" "Mozilla/5.0 (compatible; MJ12bot/v1.4.8; http://mj12bot.com/)"
117.103.119.77 - - [06/Jun/2026:02:45:08 +0200] "GET /web/en/produto/couve-portuguesa-bio/?doing_wp_cron=1722324902.8389620780944824218750 HTTP/1.1" 200 38420 "-" "Mozilla/5.0 (Windows NT 10.0; Win64; x64) AppleWebKit/537.36 (KHTML, like Gecko) Chrome/98.0.4758.87 Safari/537.36"
17.246.23.44 - - [06/Jun/2026:02:45:09 +0200] "GET /web/en/shop/page/9/?doing_wp_cron=1730496587.6157689094543457031250 HTTP/1.1" 200 33661 "-" "Mozilla/5.0 (Macintosh; Intel Mac OS X 10_15_7) AppleWebKit/605.1.15 (KHTML, like Gecko) Version/17.4 Safari/605.1.15 (Applebot/0.1; +http://www.apple.com/go/applebot)"
135.181.180.59 - - [06/Jun/2026:02:45:09 +0200] "GET /web/en/shop/page/57/?doing_wp_cron=1752746454.0103800296783447265625 HTTP/1.1" 200 32532 "-" "Mozilla/5.0 (compatible; MJ12bot/v1.4.8; http://mj12bot.com/)"
135.181.180.59 - - [06/Jun/2026:02:45:11 +0200] "GET /web/en/shop/page/57/?doing_wp_cron=1780652112.2977468967437744140625 HTTP/1.1" 200 32532 "-" "Mozilla/5.0 (compatible; MJ12bot/v1.4.8; http://mj12bot.com/)"
135.181.180.59 - - [06/Jun/2026:02:45:13 +0200] "GET /web/en/shop/page/57/?doing_wp_cron=1780685714.6291079521179199218750 HTTP/1.1" 200 32532 "-" "Mozilla/5.0 (compatible; MJ12bot/v1.4.8; http://mj12bot.com/)"
135.181.180.59 - - [06/Jun/2026:02:45:15 +0200] "GET /web/en/shop/page/57/?doing_wp_cron=1780685716.0307710170745849609375 HTTP/1.1" 200 32532 "-" "Mozilla/5.0 (compatible; MJ12bot/v1.4.8; http://mj12bot.com/)"
95.108.213.219 - - [06/Jun/2026:02:45:16 +0200] "GET /web/produto/peito-de-frango-bio/?add-to-cart=47167 HTTP/1.1" 302 11 "-" "Mozilla/5.0 (compatible; YandexBot/3.0; +http://yandex.com/bots)"
135.181.180.59 - - [06/Jun/2026:02:45:17 +0200] "GET /web/en/shop/page/58/?doing_wp_cron=1688001188.5039889812469482421875 HTTP/1.1" 200 32966 "-" "Mozilla/5.0 (compatible; MJ12bot/v1.4.8; http://mj12bot.com/)"
87.250.224.85 - - [06/Jun/2026:02:45:19 +0200] "GET /web/produto/peito-de-frango-bio/?add-to-cart=47167&doing_wp_cron=1780706716.6262049674987792968750 HTTP/1.1" 200 40921 "-" "Mozilla/5.0 (compatible; YandexBot/3.0; +http://yandex.com/bots)"
135.181.180.59 - - [06/Jun/2026:02:45:19 +0200] "GET /web/en/shop/page/58/?doing_wp_cron=1700371376.0340409278869628906250 HTTP/1.1" 200 32966 "-" "Mozilla/5.0 (compatible; MJ12bot/v1.4.8; http://mj12bot.com/)"
114.119.135.182 - - [06/Jun/2026:02:45:19 +0200] "GET /web/shop/page/20/?orderby=price-desc&doing_wp_cron=1697415004.2322640419006347656250 HTTP/1.1" 200 33604 "https://www.biocabaz.pt/web/shop/page/20/?orderby=price-desc&doing_wp_cron=1697415004.2322640419006347656250" "Mozilla/5.0 (Linux; Android 7.0;) AppleWebKit/537.36 (HTML, like Gecko) Mobile Safari/537.36 (compatible; PetalBot;+https://webmaster.petalsearch.com/site/petalbot)"
135.181.180.59 - - [06/Jun/2026:02:45:20 +0200] "GET /web/en/shop/page/58/?doing_wp_cron=1727590127.5674929618835449218750 HTTP/1.1" 200 32966 "-" "Mozilla/5.0 (compatible; MJ12bot/v1.4.8; http://mj12bot.com/)"
66.249.68.67 - - [06/Jun/2026:02:45:21 +0200] "GET /web/categoria-produto/mercearia/cereais/page/2/?add-to-cart=5009 HTTP/1.1" 200 32579 "-" "Mozilla/5.0 (Linux; Android 6.0.1; Nexus 5X Build/MMB29P) AppleWebKit/537.36 (KHTML, like Gecko) Chrome/148.0.7778.96 Mobile Safari/537.36 (compatible; Googlebot/2.1; +http://www.google.com/bot.html)"
135.181.180.59 - - [06/Jun/2026:02:45:22 +0200] "GET /web/en/shop/page/58/?doing_wp_cron=1739624122.6866540908813476562500 HTTP/1.1" 200 32966 "-" "Mozilla/5.0 (compatible; MJ12bot/v1.4.8; http://mj12bot.com/)"
135.181.180.59 - - [06/Jun/2026:02:45:24 +0200] "GET /web/en/shop/page/58/?doing_wp_cron=1742431397.6852169036865234375000 HTTP/1.1" 200 32966 "-" "Mozilla/5.0 (compatible; MJ12bot/v1.4.8; http://mj12bot.com/)"
173.252.83.4 - - [06/Jun/2026:02:45:24 +0200] "GET /robots.txt HTTP/1.1" 206 583 "-" "facebookexternalhit/1.1 (+http://www.facebook.com/externalhit_uatext.php)"
173.252.83.10 - - [06/Jun/2026:02:45:24 +0200] "GET /robots.txt HTTP/1.1" 206 583 "-" "facebookexternalhit/1.1 (+http://www.facebook.com/externalhit_uatext.php)"
135.181.180.59 - - [06/Jun/2026:02:45:26 +0200] "GET /web/en/shop/page/58/?doing_wp_cron=1748563177.2741310596466064453125 HTTP/1.1" 200 32966 "-" "Mozilla/5.0 (compatible; MJ12bot/v1.4.8; http://mj12bot.com/)"
75.119.139.177 - - [06/Jun/2026:02:45:26 +0200] "POST /wp-cron.php?doing_wp_cron=1780706726.7306180000305175781250 HTTP/1.1" 200 31 "-" "WordPress/6.9; https://www.fomento-sgoic.pt"
57.141.20.58 - - [06/Jun/2026:02:45:26 +0200] "GET /products/17553374/ HTTP/1.1" 404 113605 "-" "meta-externalagent/1.1 (+https://developers.facebook.com/docs/sharing/webmasters/crawler)"
135.181.180.59 - - [06/Jun/2026:02:45:28 +0200] "GET /web/en/shop/page/58/?doing_wp_cron=1780685714.6291079521179199218750 HTTP/1.1" 200 32966 "-" "Mozilla/5.0 (compatible; MJ12bot/v1.4.8; http://mj12bot.com/)"
114.119.158.220 - - [06/Jun/2026:02:45:30 +0200] "GET /web/produto/tremoco-bio/?doing_wp_cron=1779651032.9838449954986572265625 HTTP/1.1" 200 38191 "https://www.biocabaz.pt/web/en/produto/tremoco-bio/" "Mozilla/5.0 (Linux; Android 7.0;) AppleWebKit/537.36 (HTML, like Gecko) Mobile Safari/537.36 (compatible; PetalBot;+https://webmaster.petalsearch.com/site/petalbot)"
135.181.180.59 - - [06/Jun/2026:02:45:30 +0200] "GET /web/en/shop/page/58/?doing_wp_cron=1780685716.0307710170745849609375 HTTP/1.1" 200 32966 "-" "Mozilla/5.0 (compatible; MJ12bot/v1.4.8; http://mj12bot.com/)"
220.181.108.174 - - [06/Jun/2026:02:45:31 +0200] "GET /web/categoria-produto/import_jan_22/page/10/?doing_wp_cron=1778067969.5192959308624267578125 HTTP/1.1" 200 34813 "-" "Mozilla/5.0 (compatible; Baiduspider/2.0; +http://www.baidu.com/search/spider.html)"
135.181.180.59 - - [06/Jun/2026:02:45:32 +0200] "GET /web/en/shop/page/59/?doing_wp_cron=1727590127.5674929618835449218750 HTTP/1.1" 200 31210 "-" "Mozilla/5.0 (compatible; MJ12bot/v1.4.8; http://mj12bot.com/)"
135.181.180.59 - - [06/Jun/2026:02:45:34 +0200] "GET /web/en/shop/page/59/?doing_wp_cron=1739624122.6866540908813476562500 HTTP/1.1" 200 31210 "-" "Mozilla/5.0 (compatible; MJ12bot/v1.4.8; http://mj12bot.com/)"
135.181.180.59 - - [06/Jun/2026:02:45:36 +0200] "GET /web/en/shop/page/59/?doing_wp_cron=1742431397.6852169036865234375000 HTTP/1.1" 200 31210 "-" "Mozilla/5.0 (compatible; MJ12bot/v1.4.8; http://mj12bot.com/)"
135.181.180.59 - - [06/Jun/2026:02:45:37 +0200] "GET /web/en/shop/page/59/?doing_wp_cron=1780685714.6291079521179199218750 HTTP/1.1" 200 31210 "-" "Mozilla/5.0 (compatible; MJ12bot/v1.4.8; http://mj12bot.com/)"
135.181.180.59 - - [06/Jun/2026:02:45:40 +0200] "GET /web/en/shop/page/59/?doing_wp_cron=1780685716.0307710170745849609375 HTTP/1.1" 200 31210 "-" "Mozilla/5.0 (compatible; MJ12bot/v1.4.8; http://mj12bot.com/)"
135.181.180.59 - - [06/Jun/2026:02:45:42 +0200] "GET /web/en/shop/page/6/?doing_wp_cron=1739624122.6866540908813476562500 HTTP/1.1" 200 33259 "-" "Mozilla/5.0 (compatible; MJ12bot/v1.4.8; http://mj12bot.com/)"
95.108.213.226 - - [06/Jun/2026:02:45:43 +0200] "GET /web/en/produto/peito-de-frango-bio/?add-to-cart=47167&doing_wp_cron=1780706716.6262049674987792968750 HTTP/1.1" 200 40885 "-" "Mozilla/5.0 (compatible; YandexBot/3.0; +http://yandex.com/bots)"
135.181.180.59 - - [06/Jun/2026:02:45:44 +0200] "GET /web/en/shop/page/7/?doing_wp_cron=1742431397.6852169036865234375000 HTTP/1.1" 200 33390 "-" "Mozilla/5.0 (compatible; MJ12bot/v1.4.8; http://mj12bot.com/)"
114.119.165.226 - - [06/Jun/2026:02:45:45 +0200] "GET /web/produto/safio-posta/?doing_wp_cron=1755728122.5195269584655761718750 HTTP/1.1" 200 37647 "https://www.biocabaz.pt/web/en/produto/safio-posta/?doing_wp_cron=1755728122.5195269584655761718750" "Mozilla/5.0 (Linux; Android 7.0;) AppleWebKit/537.36 (HTML, like Gecko) Mobile Safari/537.36 (compatible; PetalBot;+https://webmaster.petalsearch.com/site/petalbot)"
135.181.180.59 - - [06/Jun/2026:02:45:46 +0200] "GET /web/en/shop/page/8/?doing_wp_cron=1742431397.6852169036865234375000 HTTP/1.1" 200 33596 "-" "Mozilla/5.0 (compatible; MJ12bot/v1.4.8; http://mj12bot.com/)"
135.181.180.59 - - [06/Jun/2026:02:45:48 +0200] "GET /web/en/shop/page/9/?doing_wp_cron=1742431397.6852169036865234375000 HTTP/1.1" 200 33661 "-" "Mozilla/5.0 (compatible; MJ12bot/v1.4.8; http://mj12bot.com/)"
135.181.180.59 - - [06/Jun/2026:02:45:52 +0200] "GET /web/page/11/?s&doing_wp_cron=1690077165.2633628845214843750000 HTTP/1.1" 200 31503 "-" "Mozilla/5.0 (compatible; MJ12bot/v1.4.8; http://mj12bot.com/)"
154.7.240.99 - - [06/Jun/2026:02:45:54 +0200] "GET / HTTP/1.1" 301 162 "-" "Mozilla/5.0 (X11; Ubuntu; Linux x86_64; rv:126.0) Gecko/20100101 Firefox/126.0"
154.7.240.99 - - [06/Jun/2026:02:45:54 +0200] "GET / HTTP/1.1" 301 162 "-" "Mozilla/5.0 (X11; Ubuntu; Linux x86_64; rv:126.0) Gecko/20100101 Firefox/126.0"
216.244.66.201 - - [06/Jun/2026:02:45:55 +0200] "GET /robots.txt HTTP/1.1" 301 162 "-" "Mozilla/5.0 (compatible; DotBot/1.2; +https://opensiteexplorer.org/dotbot; help@moz.com)"
216.244.66.201 - - [06/Jun/2026:02:45:55 +0200] "GET /robots.txt HTTP/1.1" 404 146 "-" "Mozilla/5.0 (compatible; DotBot/1.2; +https://opensiteexplorer.org/dotbot; help@moz.com)"
135.181.180.59 - - [06/Jun/2026:02:45:55 +0200] "GET /web/page/11/?s&doing_wp_cron=1690077321.9968159198760986328125 HTTP/1.1" 200 31496 "-" "Mozilla/5.0 (compatible; MJ12bot/v1.4.8; http://mj12bot.com/)"
114.119.159.86 - - [06/Jun/2026:02:45:59 +0200] "GET /web/produto/pimento-verde/?doing_wp_cron=1713959887.0894761085510253906250 HTTP/1.1" 200 39934 "https://www.biocabaz.pt/web/en/produto/pimento-verde/?doing_wp_cron=1778770799.2830250263214111328125" "Mozilla/5.0 (Linux; Android 7.0;) AppleWebKit/537.36 (HTML, like Gecko) Mobile Safari/537.36 (compatible; PetalBot;+https://webmaster.petalsearch.com/site/petalbot)"
43.172.197.21 - - [06/Jun/2026:02:45:59 +0200] "GET /web/wp-json/oembed/1.0/embed?format=xml&url=https%3A%2F%2Fwww.biocabaz.pt%2Fweb%2Fproduto%2Flima-bio%2F HTTP/1.1" 200 1256 "-" "Mozilla/5.0 (Windows NT 10.0; Win64; x64) AppleWebKit/537.36 (KHTML, like Gecko) Chrome/103.0.0.0 Safari/537.36"
135.181.180.59 - - [06/Jun/2026:02:45:59 +0200] "GET /web/page/11/?s&doing_wp_cron=1738906858.0124549865722656250000 HTTP/1.1" 200 31498 "-" "Mozilla/5.0 (compatible; MJ12bot/v1.4.8; http://mj12bot.com/)"
135.181.180.59 - - [06/Jun/2026:02:46:03 +0200] "GET /web/page/11/?s&doing_wp_cron=1738912871.4443678855895996093750 HTTP/1.1" 200 31494 "-" "Mozilla/5.0 (compatible; MJ12bot/v1.4.8; http://mj12bot.com/)"
135.181.180.59 - - [06/Jun/2026:02:46:07 +0200] "GET /web/page/12/?s&doing_wp_cron=1690077165.2633628845214843750000 HTTP/1.1" 200 30160 "-" "Mozilla/5.0 (compatible; MJ12bot/v1.4.8; http://mj12bot.com/)"
135.181.180.59 - - [06/Jun/2026:02:46:11 +0200] "GET /web/page/12/?s&doing_wp_cron=1690077321.9968159198760986328125 HTTP/1.1" 200 30155 "-" "Mozilla/5.0 (compatible; MJ12bot/v1.4.8; http://mj12bot.com/)"
114.119.138.214 - - [06/Jun/2026:02:46:11 +0200] "GET /web/produto/hummus-tomate-seco-bio-florentin-170-gr/?doing_wp_cron=1780460205.8583741188049316406250 HTTP/1.1" 200 39007 "https://www.biocabaz.pt/web/produto/hummus-tomate-seco-bio-florentin-170-gr/" "Mozilla/5.0 (Linux; Android 7.0;) AppleWebKit/537.36 (HTML, like Gecko) Mobile Safari/537.36 (compatible; PetalBot;+https://webmaster.petalsearch.com/site/petalbot)"
135.181.180.59 - - [06/Jun/2026:02:46:15 +0200] "GET /web/page/12/?s&doing_wp_cron=1738906858.0124549865722656250000 HTTP/1.1" 200 30156 "-" "Mozilla/5.0 (compatible; MJ12bot/v1.4.8; http://mj12bot.com/)"
135.181.180.59 - - [06/Jun/2026:02:46:18 +0200] "GET /web/page/12/?s&doing_wp_cron=1738912871.4443678855895996093750 HTTP/1.1" 200 30160 "-" "Mozilla/5.0 (compatible; MJ12bot/v1.4.8; http://mj12bot.com/)"
75.119.139.177 - - [06/Jun/2026:02:46:19 +0200] "POST /wp-cron.php?doing_wp_cron=1780706779.1637470722198486328125 HTTP/1.1" 200 31 "-" "WordPress/6.9; https://www.fomento-sgoic.pt"
57.141.20.58 - - [06/Jun/2026:02:46:19 +0200] "GET /products/12749252/ HTTP/1.1" 301 5 "-" "meta-externalagent/1.1 (+https://developers.facebook.com/docs/sharing/webmasters/crawler)"
135.181.180.59 - - [06/Jun/2026:02:46:22 +0200] "GET /web/page/13/?s&doing_wp_cron=1690077321.9968159198760986328125 HTTP/1.1" 200 31989 "-" "Mozilla/5.0 (compatible; MJ12bot/v1.4.8; http://mj12bot.com/)"
114.119.138.239 - - [06/Jun/2026:02:46:24 +0200] "GET /web/en/shop/page/56/?doing_wp_cron=1754495659.5263130664825439453125 HTTP/1.1" 200 32344 "https://www.biocabaz.pt/web/en/shop/page/56/?doing_wp_cron=1754495659.5263130664825439453125" "Mozilla/5.0 (Linux; Android 7.0;) AppleWebKit/537.36 (HTML, like Gecko) Mobile Safari/537.36 (compatible; PetalBot;+https://webmaster.petalsearch.com/site/petalbot)"
51.15.215.40 - - [06/Jun/2026:02:46:26 +0200] "GET /web/wp-conteudos/uploads/bfi_thumb/dummy-transparent-ooif3gskt3pjjx65vz1jy6igecasblxpwo2vtsp0vc.png HTTP/1.1" 200 6635 "-" "Mozilla/5.0 (X11; Ubuntu; Linux x86_64; rv:72.0) Gecko/20100101 Firefox/72.0"
135.181.180.59 - - [06/Jun/2026:02:46:26 +0200] "GET /web/page/13/?s&doing_wp_cron=1738906858.0124549865722656250000 HTTP/1.1" 200 31973 "-" "Mozilla/5.0 (compatible; MJ12bot/v1.4.8; http://mj12bot.com/)"
17.241.227.71 - - [06/Jun/2026:02:46:27 +0200] "GET /web/en/produto/tomate-cherry-bio/?doing_wp_cron=1680334605.5392758846282958984375 HTTP/1.1" 200 39866 "-" "Mozilla/5.0 (Macintosh; Intel Mac OS X 10_15_7) AppleWebKit/605.1.15 (KHTML, like Gecko) Version/17.4 Safari/605.1.15 (Applebot/0.1; +http://www.apple.com/go/applebot)"
135.181.180.59 - - [06/Jun/2026:02:46:31 +0200] "GET /web/page/13/?s&doing_wp_cron=1738912871.4443678855895996093750 HTTP/1.1" 200 31978 "-" "Mozilla/5.0 (compatible; MJ12bot/v1.4.8; http://mj12bot.com/)"
17.241.75.177 - - [06/Jun/2026:02:46:35 +0200] "POST /web/en/?wc-ajax=get_refreshed_fragments HTTP/1.1" 200 629 "https://www.biocabaz.pt/web/en/categoria-produto/mercearia/page/2/?doing_wp_cron=1743363128.1231429576873779296875" "Mozilla/5.0 (Macintosh; Intel Mac OS X 10_15_7) AppleWebKit/605.1.15 (KHTML, like Gecko) Version/17.4 Safari/605.1.15 (Applebot/0.1; +http://www.apple.com/go/applebot)"
135.181.180.59 - - [06/Jun/2026:02:46:35 +0200] "GET /web/page/14/?s&doing_wp_cron=1690077321.9968159198760986328125 HTTP/1.1" 200 32153 "-" "Mozilla/5.0 (compatible; MJ12bot/v1.4.8; http://mj12bot.com/)"
114.119.130.96 - - [06/Jun/2026:02:46:37 +0200] "GET /web/en/shop/page/55/?doing_wp_cron=1706316720.7469539642333984375000 HTTP/1.1" 200 33121 "https://www.biocabaz.pt/web/en/shop/page/54?doing_wp_cron=1706316720.7469539642333984375000" "Mozilla/5.0 (Linux; Android 7.0;) AppleWebKit/537.36 (HTML, like Gecko) Mobile Safari/537.36 (compatible; PetalBot;+https://webmaster.petalsearch.com/site/petalbot)"
135.181.180.59 - - [06/Jun/2026:02:46:39 +0200] "GET /web/page/14/?s&doing_wp_cron=1738906858.0124549865722656250000 HTTP/1.1" 200 32152 "-" "Mozilla/5.0 (compatible; MJ12bot/v1.4.8; http://mj12bot.com/)"
75.119.139.177 - - [06/Jun/2026:02:46:42 +0200] "POST /wp-cron.php?doing_wp_cron=1780706802.7555129528045654296875 HTTP/1.1" 200 31 "-" "WordPress/6.9; https://www.fomento-sgoic.pt"
92.222.104.218 - - [06/Jun/2026:02:46:42 +0200] "GET /?sitemap-1.xml HTTP/1.1" 301 5 "-" "Mozilla/5.0 (compatible; AhrefsBot/7.0; +http://ahrefs.com/robot/)"
92.222.104.218 - - [06/Jun/2026:02:46:43 +0200] "GET /?sitemap-1.xml HTTP/1.1" 301 5 "-" "Mozilla/5.0 (compatible; AhrefsBot/7.0; +http://ahrefs.com/robot/)"
135.181.180.59 - - [06/Jun/2026:02:46:43 +0200] "GET /web/page/14/?s&doing_wp_cron=1738912871.4443678855895996093750 HTTP/1.1" 200 32151 "-" "Mozilla/5.0 (compatible; MJ12bot/v1.4.8; http://mj12bot.com/)"
92.222.104.218 - - [06/Jun/2026:02:46:43 +0200] "GET /?sitemap-1_xml HTTP/1.1" 200 33124 "-" "Mozilla/5.0 (compatible; AhrefsBot/7.0; +http://ahrefs.com/robot/)"
66.249.79.35 - - [06/Jun/2026:02:46:45 +0200] "POST /web/?wc-ajax=get_refreshed_fragments HTTP/1.1" 200 627 "https://www.biocabaz.pt/web/produto/agua-monchique-15l/?doing_wp_cron=1779303000.0497980117797851562500" "Mozilla/5.0 (Linux; Android 6.0.1; Nexus 5X Build/MMB29P) AppleWebKit/537.36 (KHTML, like Gecko) Chrome/148.0.7778.96 Mobile Safari/537.36 (compatible; Googlebot/2.1; +http://www.google.com/bot.html)"
135.181.180.59 - - [06/Jun/2026:02:46:47 +0200] "GET /web/page/15/?s&doing_wp_cron=1690077165.2633628845214843750000 HTTP/1.1" 200 32024 "-" "Mozilla/5.0 (compatible; MJ12bot/v1.4.8; http://mj12bot.com/)"
17.241.227.251 - - [06/Jun/2026:02:46:48 +0200] "GET /web/produto/molho-de-tomate-bio-la-bio-idea-500g/ HTTP/1.1" 302 102 "-" "Mozilla/5.0 (Macintosh; Intel Mac OS X 10_15_7) AppleWebKit/605.1.15 (KHTML, like Gecko) Version/17.4 Safari/605.1.15 (Applebot/0.1; +http://www.apple.com/go/applebot)"
17.241.227.251 - - [06/Jun/2026:02:46:50 +0200] "GET /web/produto/molho-de-tomate-bio-la-bio-idea-500g/?doing_wp_cron=1780706808.1482760906219482421875 HTTP/1.1" 200 38317 "-" "Mozilla/5.0 (Macintosh; Intel Mac OS X 10_15_7) AppleWebKit/605.1.15 (KHTML, like Gecko) Version/17.4 Safari/605.1.15 (Applebot/0.1; +http://www.apple.com/go/applebot)"
135.181.180.59 - - [06/Jun/2026:02:46:51 +0200] "GET /web/page/15/?s&doing_wp_cron=1690077321.9968159198760986328125 HTTP/1.1" 200 32042 "-" "Mozilla/5.0 (compatible; MJ12bot/v1.4.8; http://mj12bot.com/)"
135.181.180.59 - - [06/Jun/2026:02:46:55 +0200] "GET /web/page/15/?s&doing_wp_cron=1738906858.0124549865722656250000 HTTP/1.1" 200 32030 "-" "Mozilla/5.0 (compatible; MJ12bot/v1.4.8; http://mj12bot.com/)"
114.119.148.47 - - [06/Jun/2026:02:46:56 +0200] "GET /web/en/shop/page/49/?doing_wp_cron=1705827511.1987791061401367187500 HTTP/1.1" 200 32427 "https://www.biocabaz.pt/web/en/shop/page/49/?doing_wp_cron=1705827511.1987791061401367187500" "Mozilla/5.0 (Linux; Android 7.0;) AppleWebKit/537.36 (HTML, like Gecko) Mobile Safari/537.36 (compatible; PetalBot;+https://webmaster.petalsearch.com/site/petalbot)"
43.172.194.228 - - [06/Jun/2026:02:46:57 +0200] "GET /web/en/produto/arroz-branco-bio-1kg-provida HTTP/1.1" 301 5 "-" "Mozilla/5.0 (Windows NT 10.0; Win64; x64) AppleWebKit/537.36 (KHTML, like Gecko) Chrome/112.0.0.0 Safari/537.36"
135.181.180.59 - - [06/Jun/2026:02:46:58 +0200] "GET /web/page/15/?s&doing_wp_cron=1738912871.4443678855895996093750 HTTP/1.1" 200 32033 "-" "Mozilla/5.0 (compatible; MJ12bot/v1.4.8; http://mj12bot.com/)"
43.173.176.237 - - [06/Jun/2026:02:46:59 +0200] "GET /web/en/produto/arroz-branco-bio-1kg-provida/ HTTP/1.1" 200 38085 "-" "Mozilla/5.0 (Windows NT 10.0; Win64; x64) AppleWebKit/537.36 (KHTML, like Gecko) Chrome/112.0.0.0 Safari/537.36"
135.181.180.59 - - [06/Jun/2026:02:47:02 +0200] "GET /web/page/16/?s&doing_wp_cron=1676260994.3446350097656250000000 HTTP/1.1" 200 32805 "-" "Mozilla/5.0 (compatible; MJ12bot/v1.4.8; http://mj12bot.com/)"
116.179.32.149 - - [06/Jun/2026:02:47:05 +0200] "GET /web/categoria-produto/laticinios-e-substitutos/page/2/?doing_wp_cron=1748848411.2657210826873779296875 HTTP/1.1" 200 33879 "-" "Mozilla/5.0 (compatible; Baiduspider/2.0; +http://www.baidu.com/search/spider.html)"
220.181.108.145 - - [06/Jun/2026:02:47:05 +0200] "GET /web/en/wp-json/wp/v2/product/49460 HTTP/1.1" 301 162 "-" "Mozilla/5.0 (compatible; Baiduspider/2.0; +http://www.baidu.com/search/spider.html)"
135.181.180.59 - - [06/Jun/2026:02:47:06 +0200] "GET /web/page/16/?s&doing_wp_cron=1676261021.4888620376586914062500 HTTP/1.1" 200 32808 "-" "Mozilla/5.0 (compatible; MJ12bot/v1.4.8; http://mj12bot.com/)"
220.181.108.111 - - [06/Jun/2026:02:47:08 +0200] "GET /web/en/wp-json/wp/v2/product/49460 HTTP/1.1" 200 2136 "-" "Mozilla/5.0 (compatible; Baiduspider/2.0; +http://www.baidu.com/search/spider.html)"
116.179.37.198 - - [06/Jun/2026:02:47:10 +0200] "POST /web/?wc-ajax=get_refreshed_fragments HTTP/1.1" 200 624 "https://biocabaz.pt/web/categoria-produto/laticinios-e-substitutos/page/2/?doing_wp_cron=1748848411.2657210826873779296875" "Mozilla/5.0 (compatible; Baiduspider-render/2.0; +http://www.baidu.com/search/spider.html)"
135.181.180.59 - - [06/Jun/2026:02:47:10 +0200] "GET /web/page/16/?s&doing_wp_cron=1738906858.0124549865722656250000 HTTP/1.1" 200 32815 "-" "Mozilla/5.0 (compatible; MJ12bot/v1.4.8; http://mj12bot.com/)"
135.181.180.59 - - [06/Jun/2026:02:47:15 +0200] "GET /web/page/16/?s&doing_wp_cron=1738912871.4443678855895996093750 HTTP/1.1" 200 32815 "-" "Mozilla/5.0 (compatible; MJ12bot/v1.4.8; http://mj12bot.com/)"
43.172.195.55 - - [06/Jun/2026:02:47:15 +0200] "GET /web/en/produto/arroz-branco-bio-1kg-provida HTTP/1.1" 302 102 "-" "Mozilla/5.0 (Windows NT 10.0; Win64; x64) AppleWebKit/537.36 (KHTML, like Gecko) Chrome/133.0.0.0 Safari/537.36"
43.172.195.55 - - [06/Jun/2026:02:47:18 +0200] "GET /web/en/produto/arroz-branco-bio-1kg-provida?doing_wp_cron=1780706835.6056001186370849609375 HTTP/1.1" 301 5 "https://www.biocabaz.pt/web/en/produto/arroz-branco-bio-1kg-provida" "Mozilla/5.0 (Windows NT 10.0; Win64; x64) AppleWebKit/537.36 (KHTML, like Gecko) Chrome/133.0.0.0 Safari/537.36"
66.249.68.69 - - [06/Jun/2026:02:47:18 +0200] "GET /web/categoria-produto/frescos/page/3/?add-to-cart=1784 HTTP/1.1" 200 32736 "-" "Mozilla/5.0 (Linux; Android 6.0.1; Nexus 5X Build/MMB29P) AppleWebKit/537.36 (KHTML, like Gecko) Chrome/148.0.7778.96 Mobile Safari/537.36 (compatible; GoogleOther)"
43.172.195.55 - - [06/Jun/2026:02:47:19 +0200] "GET /web/en/produto/arroz-branco-bio-1kg-provida/?doing_wp_cron=1780706835.6056001186370849609375 HTTP/1.1" 200 38169 "https://www.biocabaz.pt/web/en/produto/arroz-branco-bio-1kg-provida?doing_wp_cron=1780706835.6056001186370849609375" "Mozilla/5.0 (Windows NT 10.0; Win64; x64) AppleWebKit/537.36 (KHTML, like Gecko) Chrome/133.0.0.0 Safari/537.36"
135.181.180.59 - - [06/Jun/2026:02:47:19 +0200] "GET /web/page/17/?s&doing_wp_cron=1738906858.0124549865722656250000 HTTP/1.1" 200 32455 "-" "Mozilla/5.0 (compatible; MJ12bot/v1.4.8; http://mj12bot.com/)"
66.249.79.34 - - [06/Jun/2026:02:47:21 +0200] "GET /web/wp-conteudos/themes/jupiter/framework/includes/woocommerce-quantity-increment/assets/js/wc-quantity-increment.min.js HTTP/1.1" 200 570 "https://biocabaz.pt/" "Mozilla/5.0 (Linux; Android 6.0.1; Nexus 5X Build/MMB29P) AppleWebKit/537.36 (KHTML, like Gecko) Chrome/148.0.7778.96 Mobile Safari/537.36 (compatible; GoogleOther)"
66.249.79.34 - - [06/Jun/2026:02:47:22 +0200] "GET /web/wp-conteudos/themes/jupiter/header-builder/includes/assets/css/mkhb-row.css HTTP/1.1" 200 553 "https://biocabaz.pt/" "Mozilla/5.0 (Linux; Android 6.0.1; Nexus 5X Build/MMB29P) AppleWebKit/537.36 (KHTML, like Gecko) Chrome/148.0.7778.96 Mobile Safari/537.36 (compatible; GoogleOther)"
135.181.180.59 - - [06/Jun/2026:02:47:23 +0200] "GET /web/page/17/?s&doing_wp_cron=1738912871.4443678855895996093750 HTTP/1.1" 200 32454 "-" "Mozilla/5.0 (compatible; MJ12bot/v1.4.8; http://mj12bot.com/)"
66.249.79.34 - - [06/Jun/2026:02:47:23 +0200] "GET /web/wp-conteudos/themes/jupiter/header-builder/includes/assets/js/mkhb-render.js HTTP/1.1" 200 1790 "https://biocabaz.pt/" "Mozilla/5.0 (Linux; Android 6.0.1; Nexus 5X Build/MMB29P) AppleWebKit/537.36 (KHTML, like Gecko) Chrome/148.0.7778.96 Mobile Safari/537.36 (compatible; GoogleOther)"
135.181.180.59 - - [06/Jun/2026:02:47:27 +0200] "GET /web/page/18/?s&doing_wp_cron=1738906858.0124549865722656250000 HTTP/1.1" 200 33565 "-" "Mozilla/5.0 (compatible; MJ12bot/v1.4.8; http://mj12bot.com/)"
116.179.32.172 - - [06/Jun/2026:02:47:28 +0200] "GET /web/categoria-produto/mercearia/page/8/?doing_wp_cron=1758296532.5088310241699218750000 HTTP/1.1" 200 35950 "-" "Mozilla/5.0 (compatible; Baiduspider/2.0; +http://www.baidu.com/search/spider.html)"
66.249.68.68 - - [06/Jun/2026:02:47:28 +0200] "POST /web/?wc-ajax=get_refreshed_fragments HTTP/1.1" 200 1287 "https://biocabaz.pt/web/categoria-produto/frescos/page/3/?add-to-cart=1784" "Mozilla/5.0 (Linux; Android 6.0.1; Nexus 5X Build/MMB29P) AppleWebKit/537.36 (KHTML, like Gecko) Chrome/148.0.7778.96 Mobile Safari/537.36 (compatible; GoogleOther)"
66.249.79.34 - - [06/Jun/2026:02:47:28 +0200] "GET /web/wp-conteudos/uploads/2020/01/couve_toscana_bio-500x500.jpg HTTP/1.1" 200 49347 "-" "Googlebot-Image/1.0"
135.181.180.59 - - [06/Jun/2026:02:47:30 +0200] "GET /web/page/18/?s&doing_wp_cron=1738912871.4443678855895996093750 HTTP/1.1" 200 33570 "-" "Mozilla/5.0 (compatible; MJ12bot/v1.4.8; http://mj12bot.com/)"
