47.128.17.151 - - [06/Jun/2026:02:00:20 +0200] "GET /web/wp-conteudos/plugins/woocommerce/assets/css/photoswipe/photoswipe.min.css HTTP/1.1" 200 1009 "https://www.biocabaz.pt/web/produto/gr-creme-de-chocolate-400g/" "Mozilla/5.0 (compatible; Bytespider; spider-feedback@bytedance.com) AppleWebKit/537.36 (KHTML, like Gecko) Chrome/70.0.0.0 Safari/537.36"
47.128.17.151 - - [06/Jun/2026:02:00:20 +0200] "GET /web/wp-conteudos/plugins/wp-multilang/assets/styles/main.min.css HTTP/1.1" 200 1027 "https://www.biocabaz.pt/web/produto/gr-creme-de-chocolate-400g/" "Mozilla/5.0 (compatible; Bytespider; spider-feedback@bytedance.com) AppleWebKit/537.36 (KHTML, like Gecko) Chrome/70.0.0.0 Safari/537.36"
47.128.17.151 - - [06/Jun/2026:02:00:21 +0200] "GET /web/wp-conteudos/themes/jupiter/assets/stylesheet/plugins/min/woocommerce.css HTTP/1.1" 200 9632 "https://www.biocabaz.pt/web/produto/gr-creme-de-chocolate-400g/" "Mozilla/5.0 (compatible; Bytespider; spider-feedback@bytedance.com) AppleWebKit/537.36 (KHTML, like Gecko) Chrome/70.0.0.0 Safari/537.36"
47.128.17.151 - - [06/Jun/2026:02:00:21 +0200] "GET /web/wp-conteudos/themes/jupiter-child/style.css HTTP/1.1" 200 410 "https://www.biocabaz.pt/web/produto/gr-creme-de-chocolate-400g/" "Mozilla/5.0 (compatible; Bytespider; spider-feedback@bytedance.com) AppleWebKit/537.36 (KHTML, like Gecko) Chrome/70.0.0.0 Safari/537.36"
47.128.17.151 - - [06/Jun/2026:02:00:21 +0200] "GET /web/wp-conteudos/plugins/dhvc-form/assets/fonts/font-awesome/css/font-awesome.min.css HTTP/1.1" 200 4747 "https://www.biocabaz.pt/web/produto/gr-creme-de-chocolate-400g/" "Mozilla/5.0 (compatible; Bytespider; spider-feedback@bytedance.com) AppleWebKit/537.36 (KHTML, like Gecko) Chrome/70.0.0.0 Safari/537.36"
47.128.17.151 - - [06/Jun/2026:02:00:21 +0200] "GET /web/wp-conteudos/themes/jupiter/header-builder/includes/assets/css/mkhb-column.css HTTP/1.1" 200 833 "https://www.biocabaz.pt/web/produto/gr-creme-de-chocolate-400g/" "Mozilla/5.0 (compatible; Bytespider; spider-feedback@bytedance.com) AppleWebKit/537.36 (KHTML, like Gecko) Chrome/70.0.0.0 Safari/537.36"
47.128.17.151 - - [06/Jun/2026:02:00:21 +0200] "GET /web/wp-conteudos/plugins/dhvc-form/assets/css/style.css HTTP/1.1" 200 3736 "https://www.biocabaz.pt/web/produto/gr-creme-de-chocolate-400g/" "Mozilla/5.0 (compatible; Bytespider; spider-feedback@bytedance.com) AppleWebKit/537.36 (KHTML, like Gecko) Chrome/70.0.0.0 Safari/537.36"
116.179.37.98 - - [06/Jun/2026:02:00:21 +0200] "POST /web/en/?wc-ajax=get_refreshed_fragments HTTP/1.1" 200 629 "https://biocabaz.pt/web/en/shop/page/59/?doing_wp_cron=1748966420.1912269592285156250000" "Mozilla/5.0 (compatible; Baiduspider-render/2.0; +http://www.baidu.com/search/spider.html)"
47.128.17.151 - - [06/Jun/2026:02:00:21 +0200] "GET /web/wp-conteudos/uploads/2016/04/GR-creme-chocolate.jpg HTTP/1.1" 206 500 "https://www.biocabaz.pt/web/produto/gr-creme-de-chocolate-400g/" "Mozilla/5.0 (compatible; Bytespider; spider-feedback@bytedance.com) AppleWebKit/537.36 (KHTML, like Gecko) Chrome/70.0.0.0 Safari/537.36"
47.128.17.151 - - [06/Jun/2026:02:00:21 +0200] "GET /web/wp-conteudos/plugins/woocommerce-product-bundles/assets/css/frontend/woocommerce.css HTTP/1.1" 200 607 "https://www.biocabaz.pt/web/produto/gr-creme-de-chocolate-400g/" "Mozilla/5.0 (compatible; Bytespider; spider-feedback@bytedance.com) AppleWebKit/537.36 (KHTML, like Gecko) Chrome/70.0.0.0 Safari/537.36"
47.128.17.151 - - [06/Jun/2026:02:00:21 +0200] "GET /web/wp-conteudos/plugins/wp-multilang/flags/us.png HTTP/1.1" 206 307 "https://www.biocabaz.pt/web/produto/gr-creme-de-chocolate-400g/" "Mozilla/5.0 (compatible; Bytespider; spider-feedback@bytedance.com) AppleWebKit/537.36 (KHTML, like Gecko) Chrome/70.0.0.0 Safari/537.36"
47.128.17.151 - - [06/Jun/2026:02:00:22 +0200] "GET /web/wp-conteudos/uploads/2016/02/img-topo-2.jpg HTTP/1.1" 206 500 "https://www.biocabaz.pt/web/produto/gr-creme-de-chocolate-400g/" "Mozilla/5.0 (compatible; Bytespider; spider-feedback@bytedance.com) AppleWebKit/537.36 (KHTML, like Gecko) Chrome/70.0.0.0 Safari/537.36"
47.128.17.151 - - [06/Jun/2026:02:00:22 +0200] "GET /web/wp-conteudos/uploads/2021/04/bio_botao_mais2-verde.png HTTP/1.1" 206 162 "https://www.biocabaz.pt/web/produto/gr-creme-de-chocolate-400g/" "Mozilla/5.0 (compatible; Bytespider; spider-feedback@bytedance.com) AppleWebKit/537.36 (KHTML, like Gecko) Chrome/70.0.0.0 Safari/537.36"
47.128.17.151 - - [06/Jun/2026:02:00:22 +0200] "GET /web/wp-conteudos/uploads/2016/04/manteiga-tante-helene-meio-sal-150x150.png HTTP/1.1" 206 500 "https://www.biocabaz.pt/web/produto/gr-creme-de-chocolate-400g/" "Mozilla/5.0 (compatible; Bytespider; spider-feedback@bytedance.com) AppleWebKit/537.36 (KHTML, like Gecko) Chrome/70.0.0.0 Safari/537.36"
47.128.17.151 - - [06/Jun/2026:02:00:22 +0200] "GET /web/wp-conteudos/uploads/2016/02/img-topo-2.jpg HTTP/1.1" 304 0 "https://www.biocabaz.pt/web/produto/gr-creme-de-chocolate-400g/" "Mozilla/5.0 (compatible; Bytespider; spider-feedback@bytedance.com) AppleWebKit/537.36 (KHTML, like Gecko) Chrome/70.0.0.0 Safari/537.36"
47.128.17.151 - - [06/Jun/2026:02:00:23 +0200] "GET /web/wp-conteudos/uploads/2016/02/img-topo-2.jpg HTTP/1.1" 206 91863 "https://www.biocabaz.pt/web/produto/gr-creme-de-chocolate-400g/" "Mozilla/5.0 (compatible; Bytespider; spider-feedback@bytedance.com) AppleWebKit/537.36 (KHTML, like Gecko) Chrome/70.0.0.0 Safari/537.36"
75.119.139.177 - - [06/Jun/2026:02:00:23 +0200] "POST /wp-cron.php?doing_wp_cron=1780704023.0209949016571044921875 HTTP/1.1" 200 31 "-" "WordPress/6.9; https://www.fomento-sgoic.pt"
213.180.203.131 - - [06/Jun/2026:02:00:23 +0200] "GET /better-roulette-websites-united-states-2025-enjoy-roulette-for-real-currency/ HTTP/1.1" 200 20333 "-" "Mozilla/5.0 (compatible; YandexBot/3.0; +http://yandex.com/bots)"
114.119.159.254 - - [06/Jun/2026:02:00:27 +0200] "GET /web/en/produto/tiras-de-milho-paprika-75g/?doing_wp_cron=1761891665.6459009647369384765625 HTTP/1.1" 200 39393 "https://biocabaz.pt/web/produto/tiras-de-milho-paprika-75g/?doing_wp_cron=1761891665.6459009647369384765625" "Mozilla/5.0 (Linux; Android 7.0;) AppleWebKit/537.36 (HTML, like Gecko) Mobile Safari/537.36 (compatible; PetalBot;+https://webmaster.petalsearch.com/site/petalbot)"
47.128.17.218 - - [06/Jun/2026:02:00:33 +0200] "GET /web/en/produto/detergente-loica-limao-0-85lt/?doing_wp_cron=1692580686.6405730247497558593750 HTTP/1.1" 200 39104 "-" "Mozilla/5.0 (compatible; Bytespider; spider-feedback@bytedance.com) AppleWebKit/537.36 (KHTML, like Gecko) Chrome/70.0.0.0 Safari/537.36"
47.128.17.218 - - [06/Jun/2026:02:00:37 +0200] "GET /web/wp-conteudos/uploads/2021/08/detergente-loica-limao-0.85lt.jpg HTTP/1.1" 206 500 "https://www.biocabaz.pt/web/en/produto/detergente-loica-limao-0-85lt/?doing_wp_cron=1692580686.6405730247497558593750" "Mozilla/5.0 (compatible; Bytespider; spider-feedback@bytedance.com) AppleWebKit/537.36 (KHTML, like Gecko) Chrome/70.0.0.0 Safari/537.36"
213.180.203.185 - - [06/Jun/2026:02:00:38 +0200] "GET /web/en/produto/sacos-do-lixo-ecologicos-100lt-chardon-vert-10-unid/?doing_wp_cron=1731137724.1257519721984863281250 HTTP/1.1" 200 38837 "-" "Mozilla/5.0 (compatible; YandexBot/3.0; +http://yandex.com/bots)"
17.246.19.162 - - [06/Jun/2026:02:00:38 +0200] "GET /web/en/produto/bacon-bio/?doing_wp_cron=1745639933.1819770336151123046875 HTTP/1.1" 200 38143 "-" "Mozilla/5.0 (Macintosh; Intel Mac OS X 10_15_7) AppleWebKit/605.1.15 (KHTML, like Gecko) Version/17.4 Safari/605.1.15 (Applebot/0.1; +http://www.apple.com/go/applebot)"
114.119.148.47 - - [06/Jun/2026:02:00:38 +0200] "GET /web/en/produto/flocos-aveia-sgluten-bio/?doing_wp_cron=1779113757.8273780345916748046875 HTTP/1.1" 200 38455 "https://biocabaz.pt/web/produto/flocos-aveia-sgluten-bio/?doing_wp_cron=1779113757.8273780345916748046875" "Mozilla/5.0 (Linux; Android 7.0;) AppleWebKit/537.36 (HTML, like Gecko) Mobile Safari/537.36 (compatible; PetalBot;+https://webmaster.petalsearch.com/site/petalbot)"
185.191.171.2 - - [06/Jun/2026:02:00:40 +0200] "GET /web/en/produto/chocolate-negro-c-amendoas-bio-55%CAcau-100grs-vivani/?doing_wp_cron=1727622765.5342628955841064453125 HTTP/1.1" 200 38121 "-" "Mozilla/5.0 (compatible; SemrushBot/7~bl; +http://www.semrush.com/bot.html)"
47.128.17.204 - - [06/Jun/2026:02:00:43 +0200] "GET /web/en/produto/pera-conference-bio/ HTTP/1.1" 302 102 "-" "Mozilla/5.0 (compatible; Bytespider; spider-feedback@bytedance.com) AppleWebKit/537.36 (KHTML, like Gecko) Chrome/70.0.0.0 Safari/537.36"
47.128.17.218 - - [06/Jun/2026:02:00:45 +0200] "GET /web/wp-conteudos/uploads/2021/08/detergente-lava-loica-limao-sonett-300ml-e1629994392554-150x150.jpeg HTTP/1.1" 206 500 "https://www.biocabaz.pt/web/en/produto/detergente-loica-limao-0-85lt/?doing_wp_cron=1692580686.6405730247497558593750" "Mozilla/5.0 (compatible; Bytespider; spider-feedback@bytedance.com) AppleWebKit/537.36 (KHTML, like Gecko) Chrome/70.0.0.0 Safari/537.36"
47.128.17.204 - - [06/Jun/2026:02:00:45 +0200] "GET /web/en/produto/pera-conference-bio/?doing_wp_cron=1780704043.5465090274810791015625 HTTP/1.1" 200 38471 "-" "Mozilla/5.0 (compatible; Bytespider; spider-feedback@bytedance.com) AppleWebKit/537.36 (KHTML, like Gecko) Chrome/70.0.0.0 Safari/537.36"
47.128.17.218 - - [06/Jun/2026:02:00:45 +0200] "GET /web/wp-conteudos/uploads/2021/08/pastilhas-para-a-maquina-de-lavar-loica-ecover-e1629995178942-266x266.png HTTP/1.1" 206 500 "https://www.biocabaz.pt/web/en/produto/detergente-loica-limao-0-85lt/?doing_wp_cron=1692580686.6405730247497558593750" "Mozilla/5.0 (compatible; Bytespider; spider-feedback@bytedance.com) AppleWebKit/537.36 (KHTML, like Gecko) Chrome/70.0.0.0 Safari/537.36"
47.128.17.204 - - [06/Jun/2026:02:00:46 +0200] "GET /web/wp-conteudos/plugins/smart-marketing-for-wp/public/css/egoi-for-wp-public.css HTTP/1.1" 200 1173 "https://www.biocabaz.pt/web/en/produto/pera-conference-bio/?doing_wp_cron=1780704043.5465090274810791015625" "Mozilla/5.0 (compatible; Bytespider; spider-feedback@bytedance.com) AppleWebKit/537.36 (KHTML, like Gecko) Chrome/70.0.0.0 Safari/537.36"
75.119.139.177 - - [06/Jun/2026:02:00:47 +0200] "POST /wp-cron.php?doing_wp_cron=1780704047.0016260147094726562500 HTTP/1.1" 200 31 "-" "WordPress/6.9; https://www.fomento-sgoic.pt"
57.141.20.21 - - [06/Jun/2026:02:00:47 +0200] "GET /products/14454129/ HTTP/1.1" 301 5 "-" "meta-externalagent/1.1 (+https://developers.facebook.com/docs/sharing/webmasters/crawler)"
47.128.17.204 - - [06/Jun/2026:02:00:47 +0200] "GET /web/wp-conteudos/plugins/userpro/css/up-fontawesome.css HTTP/1.1" 200 10233 "https://www.biocabaz.pt/web/en/produto/pera-conference-bio/?doing_wp_cron=1780704043.5465090274810791015625" "Mozilla/5.0 (compatible; Bytespider; spider-feedback@bytedance.com) AppleWebKit/537.36 (KHTML, like Gecko) Chrome/70.0.0.0 Safari/537.36"
47.128.17.204 - - [06/Jun/2026:02:00:47 +0200] "GET /web/wp-conteudos/plugins/woocommerce/assets/css/photoswipe/photoswipe.min.css HTTP/1.1" 200 1009 "https://www.biocabaz.pt/web/en/produto/pera-conference-bio/?doing_wp_cron=1780704043.5465090274810791015625" "Mozilla/5.0 (compatible; Bytespider; spider-feedback@bytedance.com) AppleWebKit/537.36 (KHTML, like Gecko) Chrome/70.0.0.0 Safari/537.36"
47.128.17.204 - - [06/Jun/2026:02:00:47 +0200] "GET /web/wp-conteudos/plugins/jupiter-donut/assets/css/shortcodes-styles.min.css HTTP/1.1" 200 58842 "https://www.biocabaz.pt/web/en/produto/pera-conference-bio/?doing_wp_cron=1780704043.5465090274810791015625" "Mozilla/5.0 (compatible; Bytespider; spider-feedback@bytedance.com) AppleWebKit/537.36 (KHTML, like Gecko) Chrome/70.0.0.0 Safari/537.36"
47.128.17.204 - - [06/Jun/2026:02:00:47 +0200] "GET /web/wp-conteudos/plugins/woocommerce/assets/css/photoswipe/default-skin/default-skin.min.css HTTP/1.1" 200 1937 "https://www.biocabaz.pt/web/en/produto/pera-conference-bio/?doing_wp_cron=1780704043.5465090274810791015625" "Mozilla/5.0 (compatible; Bytespider; spider-feedback@bytedance.com) AppleWebKit/537.36 (KHTML, like Gecko) Chrome/70.0.0.0 Safari/537.36"
47.128.17.204 - - [06/Jun/2026:02:00:48 +0200] "GET /web/wp-conteudos/themes/jupiter/header-builder/includes/assets/css/mkhb-row.css HTTP/1.1" 200 553 "https://www.biocabaz.pt/web/en/produto/pera-conference-bio/?doing_wp_cron=1780704043.5465090274810791015625" "Mozilla/5.0 (compatible; Bytespider; spider-feedback@bytedance.com) AppleWebKit/537.36 (KHTML, like Gecko) Chrome/70.0.0.0 Safari/537.36"
47.128.17.204 - - [06/Jun/2026:02:00:48 +0200] "GET /web/wp-conteudos/plugins/dhvc-form/assets/fonts/font-awesome/css/font-awesome.min.css HTTP/1.1" 200 4747 "https://www.biocabaz.pt/web/en/produto/pera-conference-bio/?doing_wp_cron=1780704043.5465090274810791015625" "Mozilla/5.0 (compatible; Bytespider; spider-feedback@bytedance.com) AppleWebKit/537.36 (KHTML, like Gecko) Chrome/70.0.0.0 Safari/537.36"
47.128.17.204 - - [06/Jun/2026:02:00:48 +0200] "GET /web/wp-conteudos/uploads/2017/07/pera-conference-e1611386922556.jpg HTTP/1.1" 206 500 "https://www.biocabaz.pt/web/en/produto/pera-conference-bio/?doing_wp_cron=1780704043.5465090274810791015625" "Mozilla/5.0 (compatible; Bytespider; spider-feedback@bytedance.com) AppleWebKit/537.36 (KHTML, like Gecko) Chrome/70.0.0.0 Safari/537.36"
47.128.17.204 - - [06/Jun/2026:02:00:48 +0200] "GET /web/wp-conteudos/uploads/2016/08/sativa.jpg HTTP/1.1" 206 500 "https://www.biocabaz.pt/web/en/produto/pera-conference-bio/?doing_wp_cron=1780704043.5465090274810791015625" "Mozilla/5.0 (compatible; Bytespider; spider-feedback@bytedance.com) AppleWebKit/537.36 (KHTML, like Gecko) Chrome/70.0.0.0 Safari/537.36"
47.128.17.204 - - [06/Jun/2026:02:00:49 +0200] "GET /web/wp-conteudos/uploads/2020/04/screenshot-2020-04-20-at-01.06.58.png HTTP/1.1" 206 500 "https://www.biocabaz.pt/web/en/produto/pera-conference-bio/?doing_wp_cron=1780704043.5465090274810791015625" "Mozilla/5.0 (compatible; Bytespider; spider-feedback@bytedance.com) AppleWebKit/537.36 (KHTML, like Gecko) Chrome/70.0.0.0 Safari/537.36"
47.128.17.204 - - [06/Jun/2026:02:00:49 +0200] "GET /web/wp-conteudos/uploads/2019/11/com-badge-ios-150x64.png HTTP/1.1" 206 500 "https://www.biocabaz.pt/web/en/produto/pera-conference-bio/?doing_wp_cron=1780704043.5465090274810791015625" "Mozilla/5.0 (compatible; Bytespider; spider-feedback@bytedance.com) AppleWebKit/537.36 (KHTML, like Gecko) Chrome/70.0.0.0 Safari/537.36"
47.128.17.204 - - [06/Jun/2026:02:00:50 +0200] "GET /web/wp-conteudos/uploads/2017/07/pessego-paraguaio-300x150.jpg HTTP/1.1" 206 500 "https://www.biocabaz.pt/web/en/produto/pera-conference-bio/?doing_wp_cron=1780704043.5465090274810791015625" "Mozilla/5.0 (compatible; Bytespider; spider-feedback@bytedance.com) AppleWebKit/537.36 (KHTML, like Gecko) Chrome/70.0.0.0 Safari/537.36"
47.128.17.204 - - [06/Jun/2026:02:00:50 +0200] "GET /web/wp-conteudos/uploads/2017/03/pera-red-150x148.jpg HTTP/1.1" 206 500 "https://www.biocabaz.pt/web/en/produto/pera-conference-bio/?doing_wp_cron=1780704043.5465090274810791015625" "Mozilla/5.0 (compatible; Bytespider; spider-feedback@bytedance.com) AppleWebKit/537.36 (KHTML, like Gecko) Chrome/70.0.0.0 Safari/537.36"
47.128.17.204 - - [06/Jun/2026:02:00:50 +0200] "GET /web/wp-conteudos/uploads/2020/01/livroreclamacoes-300x123-150x62.png HTTP/1.1" 206 500 "https://www.biocabaz.pt/web/en/produto/pera-conference-bio/?doing_wp_cron=1780704043.5465090274810791015625" "Mozilla/5.0 (compatible; Bytespider; spider-feedback@bytedance.com) AppleWebKit/537.36 (KHTML, like Gecko) Chrome/70.0.0.0 Safari/537.36"
114.119.148.47 - - [06/Jun/2026:02:00:51 +0200] "GET /web/en/categoria-produto/mercearia/?doing_wp_cron=1774237131.3064908981323242187500 HTTP/1.1" 200 32570 "https://biocabaz.pt/web/en/categoria-produto/mercearia/?doing_wp_cron=1774237131.3064908981323242187500" "Mozilla/5.0 (Linux; Android 7.0;) AppleWebKit/537.36 (HTML, like Gecko) Mobile Safari/537.36 (compatible; PetalBot;+https://webmaster.petalsearch.com/site/petalbot)"
47.128.17.160 - - [06/Jun/2026:02:00:55 +0200] "GET /web/produto/champo-solido-fortalecimento-anti-queda/?doing_wp_cron=1685013851.5619840621948242187500 HTTP/1.1" 200 38696 "-" "Mozilla/5.0 (compatible; Bytespider; spider-feedback@bytedance.com) AppleWebKit/537.36 (KHTML, like Gecko) Chrome/70.0.0.0 Safari/537.36"
47.128.17.160 - - [06/Jun/2026:02:00:56 +0200] "GET /web/wp-includes/css/dist/block-library/style.min.css HTTP/1.1" 200 15621 "https://biocabaz.pt/web/produto/champo-solido-fortalecimento-anti-queda/?doing_wp_cron=1685013851.5619840621948242187500" "Mozilla/5.0 (compatible; Bytespider; spider-feedback@bytedance.com) AppleWebKit/537.36 (KHTML, like Gecko) Chrome/70.0.0.0 Safari/537.36"
47.128.17.160 - - [06/Jun/2026:02:00:57 +0200] "GET /web/wp-conteudos/plugins/cookie-notice/css/front.min.css HTTP/1.1" 200 1108 "https://biocabaz.pt/" "Mozilla/5.0 (compatible; Bytespider; spider-feedback@bytedance.com) AppleWebKit/537.36 (KHTML, like Gecko) Chrome/70.0.0.0 Safari/537.36"
47.128.17.160 - - [06/Jun/2026:02:00:57 +0200] "GET /web/wp-conteudos/plugins/userpro/skins/pure/style.css HTTP/1.1" 200 5179 "https://biocabaz.pt/" "Mozilla/5.0 (compatible; Bytespider; spider-feedback@bytedance.com) AppleWebKit/537.36 (KHTML, like Gecko) Chrome/70.0.0.0 Safari/537.36"
47.128.17.160 - - [06/Jun/2026:02:00:57 +0200] "GET /web/wp-conteudos/themes/jupiter/assets/stylesheet/plugins/min/woocommerce.css HTTP/1.1" 200 9632 "https://biocabaz.pt/" "Mozilla/5.0 (compatible; Bytespider; spider-feedback@bytedance.com) AppleWebKit/537.36 (KHTML, like Gecko) Chrome/70.0.0.0 Safari/537.36"
47.128.17.160 - - [06/Jun/2026:02:00:58 +0200] "GET /web/wp-conteudos/themes/jupiter/header-builder/includes/assets/css/mkhb-row.css HTTP/1.1" 200 553 "https://biocabaz.pt/" "Mozilla/5.0 (compatible; Bytespider; spider-feedback@bytedance.com) AppleWebKit/537.36 (KHTML, like Gecko) Chrome/70.0.0.0 Safari/537.36"
47.128.17.160 - - [06/Jun/2026:02:00:58 +0200] "GET /web/wp-conteudos/plugins/woocommerce-product-bundles/assets/css/frontend/woocommerce.css HTTP/1.1" 200 607 "https://biocabaz.pt/" "Mozilla/5.0 (compatible; Bytespider; spider-feedback@bytedance.com) AppleWebKit/537.36 (KHTML, like Gecko) Chrome/70.0.0.0 Safari/537.36"
47.128.17.160 - - [06/Jun/2026:02:00:58 +0200] "GET /web/wp-conteudos/themes/jupiter/header-builder/includes/assets/css/mkhb-render.css HTTP/1.1" 200 1156 "https://biocabaz.pt/" "Mozilla/5.0 (compatible; Bytespider; spider-feedback@bytedance.com) AppleWebKit/537.36 (KHTML, like Gecko) Chrome/70.0.0.0 Safari/537.36"
47.128.17.160 - - [06/Jun/2026:02:00:58 +0200] "GET /web/wp-conteudos/plugins/wp-multilang/flags/us.png HTTP/1.1" 206 307 "https://biocabaz.pt/" "Mozilla/5.0 (compatible; Bytespider; spider-feedback@bytedance.com) AppleWebKit/537.36 (KHTML, like Gecko) Chrome/70.0.0.0 Safari/537.36"
47.128.17.160 - - [06/Jun/2026:02:00:58 +0200] "GET /web/wp-conteudos/uploads/2021/01/biocabaz_logosite2.png HTTP/1.1" 206 500 "https://biocabaz.pt/" "Mozilla/5.0 (compatible; Bytespider; spider-feedback@bytedance.com) AppleWebKit/537.36 (KHTML, like Gecko) Chrome/70.0.0.0 Safari/537.36"
47.128.17.160 - - [06/Jun/2026:02:00:58 +0200] "GET /web/wp-conteudos/uploads/2016/08/sativa.jpg HTTP/1.1" 206 500 "https://biocabaz.pt/" "Mozilla/5.0 (compatible; Bytespider; spider-feedback@bytedance.com) AppleWebKit/537.36 (KHTML, like Gecko) Chrome/70.0.0.0 Safari/537.36"
47.128.17.160 - - [06/Jun/2026:02:00:58 +0200] "GET /web/wp-conteudos/uploads/2016/02/img-topo-2.jpg HTTP/1.1" 206 500 "https://biocabaz.pt/" "Mozilla/5.0 (compatible; Bytespider; spider-feedback@bytedance.com) AppleWebKit/537.36 (KHTML, like Gecko) Chrome/70.0.0.0 Safari/537.36"
47.128.17.160 - - [06/Jun/2026:02:00:59 +0200] "GET /web/wp-conteudos/uploads/2021/04/bio_botao_mais2-verde.png HTTP/1.1" 206 162 "https://biocabaz.pt/" "Mozilla/5.0 (compatible; Bytespider; spider-feedback@bytedance.com) AppleWebKit/537.36 (KHTML, like Gecko) Chrome/70.0.0.0 Safari/537.36"
47.128.17.160 - - [06/Jun/2026:02:00:59 +0200] "GET /web/wp-conteudos/uploads/2019/11/com-badge-ios-150x64.png HTTP/1.1" 206 500 "https://biocabaz.pt/" "Mozilla/5.0 (compatible; Bytespider; spider-feedback@bytedance.com) AppleWebKit/537.36 (KHTML, like Gecko) Chrome/70.0.0.0 Safari/537.36"
47.128.17.160 - - [06/Jun/2026:02:00:59 +0200] "GET /web/wp-conteudos/uploads/2016/02/img-topo-2.jpg HTTP/1.1" 304 0 "https://biocabaz.pt/" "Mozilla/5.0 (compatible; Bytespider; spider-feedback@bytedance.com) AppleWebKit/537.36 (KHTML, like Gecko) Chrome/70.0.0.0 Safari/537.36"
47.128.17.160 - - [06/Jun/2026:02:00:59 +0200] "GET /web/wp-conteudos/uploads/2021/08/champo-solido-nutricao-100x150.jpg HTTP/1.1" 206 500 "https://biocabaz.pt/" "Mozilla/5.0 (compatible; Bytespider; spider-feedback@bytedance.com) AppleWebKit/537.36 (KHTML, like Gecko) Chrome/70.0.0.0 Safari/537.36"
47.128.17.160 - - [06/Jun/2026:02:00:59 +0200] "GET /web/wp-conteudos/uploads/2016/02/img-topo-2.jpg HTTP/1.1" 206 91863 "https://biocabaz.pt/" "Mozilla/5.0 (compatible; Bytespider; spider-feedback@bytedance.com) AppleWebKit/537.36 (KHTML, like Gecko) Chrome/70.0.0.0 Safari/537.36"
207.46.13.126 - - [06/Jun/2026:02:01:01 +0200] "GET /web/en/shop/page/58/?doing_wp_cron=1780327206.7271370887756347656250 HTTP/1.1" 200 32966 "-" "Mozilla/5.0 AppleWebKit/537.36 (KHTML, like Gecko; compatible; bingbot/2.0; +http://www.bing.com/bingbot.htm) Chrome/116.0.1938.76 Safari/537.36"
57.141.20.1 - - [06/Jun/2026:02:01:04 +0200] "GET /products/12360429/ HTTP/1.1" 301 5 "-" "meta-externalagent/1.1 (+https://developers.facebook.com/docs/sharing/webmasters/crawler)"
47.128.17.135 - - [06/Jun/2026:02:01:07 +0200] "GET /web/en/produto/farinha-centeio-bio-tipo-70-500g-provida/?doing_wp_cron=5v9jx0 HTTP/1.1" 200 39510 "-" "Mozilla/5.0 (compatible; Bytespider; spider-feedback@bytedance.com) AppleWebKit/537.36 (KHTML, like Gecko) Chrome/70.0.0.0 Safari/537.36"
114.119.143.174 - - [06/Jun/2026:02:01:07 +0200] "GET /web/categoria-produto/mercearia/page/4/?orderby=price-desc&doing_wp_cron=1746003672.9639010429382324218750 HTTP/1.1" 200 32954 "https://biocabaz.pt/web/categoria-produto/mercearia/?orderby=price-desc&doing_wp_cron=1746003672.9639010429382324218750" "Mozilla/5.0 (Linux; Android 7.0;) AppleWebKit/537.36 (HTML, like Gecko) Mobile Safari/537.36 (compatible; PetalBot;+https://webmaster.petalsearch.com/site/petalbot)"
47.128.17.135 - - [06/Jun/2026:02:01:08 +0200] "GET /web/wp-includes/css/dist/block-library/style.min.css HTTP/1.1" 200 15621 "https://biocabaz.pt/web/en/produto/farinha-centeio-bio-tipo-70-500g-provida/?doing_wp_cron=5v9jx0" "Mozilla/5.0 (compatible; Bytespider; spider-feedback@bytedance.com) AppleWebKit/537.36 (KHTML, like Gecko) Chrome/70.0.0.0 Safari/537.36"
47.128.17.135 - - [06/Jun/2026:02:01:10 +0200] "GET /web/wp-conteudos/plugins/userpro/addons/timeline/assets/css/timeline.css HTTP/1.1" 200 1159 "https://biocabaz.pt/" "Mozilla/5.0 (compatible; Bytespider; spider-feedback@bytedance.com) AppleWebKit/537.36 (KHTML, like Gecko) Chrome/70.0.0.0 Safari/537.36"
47.128.17.135 - - [06/Jun/2026:02:01:10 +0200] "GET /web/wp-conteudos/plugins/woo-keyinvoice-integration/public/css/woo-keyinvoice-integration-public.css HTTP/1.1" 200 98 "https://biocabaz.pt/" "Mozilla/5.0 (compatible; Bytespider; spider-feedback@bytedance.com) AppleWebKit/537.36 (KHTML, like Gecko) Chrome/70.0.0.0 Safari/537.36"
47.128.17.135 - - [06/Jun/2026:02:01:10 +0200] "GET /web/wp-conteudos/themes/jupiter/assets/stylesheet/min/full-styles.6.5.1.css HTTP/1.1" 200 27411 "https://biocabaz.pt/" "Mozilla/5.0 (compatible; Bytespider; spider-feedback@bytedance.com) AppleWebKit/537.36 (KHTML, like Gecko) Chrome/70.0.0.0 Safari/537.36"
47.128.17.135 - - [06/Jun/2026:02:01:10 +0200] "GET /web/wp-conteudos/themes/jupiter/header-builder/includes/assets/css/mkhb-column.css HTTP/1.1" 200 833 "https://biocabaz.pt/" "Mozilla/5.0 (compatible; Bytespider; spider-feedback@bytedance.com) AppleWebKit/537.36 (KHTML, like Gecko) Chrome/70.0.0.0 Safari/537.36"
47.128.17.135 - - [06/Jun/2026:02:01:10 +0200] "GET /web/wp-conteudos/plugins/dhvc-form/assets/fonts/font-awesome/css/font-awesome.min.css HTTP/1.1" 200 4747 "https://biocabaz.pt/" "Mozilla/5.0 (compatible; Bytespider; spider-feedback@bytedance.com) AppleWebKit/537.36 (KHTML, like Gecko) Chrome/70.0.0.0 Safari/537.36"
47.128.17.135 - - [06/Jun/2026:02:01:10 +0200] "GET /web/wp-conteudos/themes/jupiter/header-builder/includes/assets/css/mkhb-row.css HTTP/1.1" 200 553 "https://biocabaz.pt/" "Mozilla/5.0 (compatible; Bytespider; spider-feedback@bytedance.com) AppleWebKit/537.36 (KHTML, like Gecko) Chrome/70.0.0.0 Safari/537.36"
47.128.17.135 - - [06/Jun/2026:02:01:10 +0200] "GET /web/wp-conteudos/uploads/mk_assets/theme-options-production-1780169976.css HTTP/1.1" 200 5907 "https://biocabaz.pt/" "Mozilla/5.0 (compatible; Bytespider; spider-feedback@bytedance.com) AppleWebKit/537.36 (KHTML, like Gecko) Chrome/70.0.0.0 Safari/537.36"
47.128.17.135 - - [06/Jun/2026:02:01:10 +0200] "GET /web/wp-conteudos/plugins/dhvc-form/assets/css/style.css HTTP/1.1" 200 3736 "https://biocabaz.pt/" "Mozilla/5.0 (compatible; Bytespider; spider-feedback@bytedance.com) AppleWebKit/537.36 (KHTML, like Gecko) Chrome/70.0.0.0 Safari/537.36"
47.128.17.135 - - [06/Jun/2026:02:01:11 +0200] "GET /web/wp-conteudos/plugins/wp-multilang/flags/pt.png HTTP/1.1" 206 255 "https://biocabaz.pt/" "Mozilla/5.0 (compatible; Bytespider; spider-feedback@bytedance.com) AppleWebKit/537.36 (KHTML, like Gecko) Chrome/70.0.0.0 Safari/537.36"
47.128.17.135 - - [06/Jun/2026:02:01:11 +0200] "GET /web/wp-conteudos/plugins/userpro/assets/css/main.css HTTP/1.1" 200 707 "https://biocabaz.pt/" "Mozilla/5.0 (compatible; Bytespider; spider-feedback@bytedance.com) AppleWebKit/537.36 (KHTML, like Gecko) Chrome/70.0.0.0 Safari/537.36"
47.128.17.135 - - [06/Jun/2026:02:01:11 +0200] "GET /web/wp-conteudos/uploads/2020/04/screenshot-2020-04-20-at-01.06.58.png HTTP/1.1" 206 500 "https://biocabaz.pt/" "Mozilla/5.0 (compatible; Bytespider; spider-feedback@bytedance.com) AppleWebKit/537.36 (KHTML, like Gecko) Chrome/70.0.0.0 Safari/537.36"
47.128.17.135 - - [06/Jun/2026:02:01:12 +0200] "GET /web/wp-conteudos/uploads/2021/04/bio_botao_menos2-verde.png HTTP/1.1" 206 148 "https://biocabaz.pt/" "Mozilla/5.0 (compatible; Bytespider; spider-feedback@bytedance.com) AppleWebKit/537.36 (KHTML, like Gecko) Chrome/70.0.0.0 Safari/537.36"
47.128.17.135 - - [06/Jun/2026:02:01:12 +0200] "GET /web/wp-conteudos/uploads/2021/04/bio_botao_mais2-verde.png HTTP/1.1" 206 162 "https://biocabaz.pt/" "Mozilla/5.0 (compatible; Bytespider; spider-feedback@bytedance.com) AppleWebKit/537.36 (KHTML, like Gecko) Chrome/70.0.0.0 Safari/537.36"
216.73.217.100 - - [06/Jun/2026:02:01:13 +0200] "GET / HTTP/1.1" 301 5 "-" "Mozilla/5.0 AppleWebKit/537.36 (KHTML, like Gecko; compatible; ClaudeBot/1.0; +claudebot@anthropic.com)"
216.73.217.100 - - [06/Jun/2026:02:01:16 +0200] "GET / HTTP/1.1" 200 33119 "https://fomento-sgoic.pt/" "Mozilla/5.0 AppleWebKit/537.36 (KHTML, like Gecko; compatible; ClaudeBot/1.0; +claudebot@anthropic.com)"
66.249.79.34 - - [06/Jun/2026:02:01:17 +0200] "GET /web/wp-conteudos/uploads/2016/04/nesperas-500x500.jpg HTTP/1.1" 200 30221 "-" "Googlebot-Image/1.0"
47.128.17.17 - - [06/Jun/2026:02:01:18 +0200] "GET /web/produto/nau-de-cacau-equador-80-cacau/ HTTP/1.1" 302 102 "-" "Mozilla/5.0 (compatible; Bytespider; spider-feedback@bytedance.com) AppleWebKit/537.36 (KHTML, like Gecko) Chrome/70.0.0.0 Safari/537.36"
114.119.130.251 - - [06/Jun/2026:02:01:20 +0200] "GET /web/categoria-produto/laticinios-e-substitutos/page/1/?doing_wp_cron=1688888754.7953701019287109375000 HTTP/1.1" 301 5 "https://biocabaz.pt/web/categoria-produto/laticinios-e-substitutos/page/5/?doing_wp_cron=1688888754.7953701019287109375000" "Mozilla/5.0 (Linux; Android 7.0;) AppleWebKit/537.36 (HTML, like Gecko) Mobile Safari/537.36 (compatible; PetalBot;+https://webmaster.petalsearch.com/site/petalbot)"
47.128.17.17 - - [06/Jun/2026:02:01:21 +0200] "GET /web/produto/nau-de-cacau-equador-80-cacau/?doing_wp_cron=1780704078.8641409873962402343750 HTTP/1.1" 200 38146 "-" "Mozilla/5.0 (compatible; Bytespider; spider-feedback@bytedance.com) AppleWebKit/537.36 (KHTML, like Gecko) Chrome/70.0.0.0 Safari/537.36"
114.119.130.251 - - [06/Jun/2026:02:01:21 +0200] "GET /web/categoria-produto/laticinios-e-substitutos/?doing_wp_cron=1688888754.7953701019287109375000 HTTP/1.1" 200 31883 "https://biocabaz.pt/web/categoria-produto/laticinios-e-substitutos/page/5/?doing_wp_cron=1688888754.7953701019287109375000" "Mozilla/5.0 (Linux; Android 7.0;) AppleWebKit/537.36 (HTML, like Gecko) Mobile Safari/537.36 (compatible; PetalBot;+https://webmaster.petalsearch.com/site/petalbot)"
47.128.17.17 - - [06/Jun/2026:02:01:22 +0200] "GET /web/wp-includes/css/dashicons.min.css HTTP/1.1" 200 35775 "https://biocabaz.pt/web/produto/nau-de-cacau-equador-80-cacau/?doing_wp_cron=1780704078.8641409873962402343750" "Mozilla/5.0 (compatible; Bytespider; spider-feedback@bytedance.com) AppleWebKit/537.36 (KHTML, like Gecko) Chrome/70.0.0.0 Safari/537.36"
47.128.17.17 - - [06/Jun/2026:02:01:23 +0200] "GET /web/wp-conteudos/plugins/userpro/skins/pure/style.css HTTP/1.1" 200 5179 "https://biocabaz.pt/" "Mozilla/5.0 (compatible; Bytespider; spider-feedback@bytedance.com) AppleWebKit/537.36 (KHTML, like Gecko) Chrome/70.0.0.0 Safari/537.36"
47.128.17.17 - - [06/Jun/2026:02:01:23 +0200] "GET /web/wp-conteudos/plugins/woo-keyinvoice-integration/public/css/woo-keyinvoice-integration-public.css HTTP/1.1" 200 98 "https://biocabaz.pt/" "Mozilla/5.0 (compatible; Bytespider; spider-feedback@bytedance.com) AppleWebKit/537.36 (KHTML, like Gecko) Chrome/70.0.0.0 Safari/537.36"
47.128.17.17 - - [06/Jun/2026:02:01:23 +0200] "GET /web/wp-conteudos/themes/jupiter/header-builder/includes/assets/css/mkhb-column.css HTTP/1.1" 200 833 "https://biocabaz.pt/" "Mozilla/5.0 (compatible; Bytespider; spider-feedback@bytedance.com) AppleWebKit/537.36 (KHTML, like Gecko) Chrome/70.0.0.0 Safari/537.36"
66.249.93.134 - - [06/Jun/2026:02:01:24 +0200] "GET /.well-known/traffic-advice HTTP/1.1" 404 146 "-" "Chrome Privacy Preserving Prefetch Proxy"
47.128.17.17 - - [06/Jun/2026:02:01:24 +0200] "GET /web/wp-conteudos/uploads/2021/04/bio_botao_menos2-verde.png HTTP/1.1" 206 148 "https://biocabaz.pt/" "Mozilla/5.0 (compatible; Bytespider; spider-feedback@bytedance.com) AppleWebKit/537.36 (KHTML, like Gecko) Chrome/70.0.0.0 Safari/537.36"
47.128.17.17 - - [06/Jun/2026:02:01:24 +0200] "GET /web/wp-conteudos/uploads/2016/07/CHOCOLATE-ESCURO-99-CACAU-80GRS-VIVANI-e1545922462118-266x266.jpg HTTP/1.1" 206 500 "https://biocabaz.pt/" "Mozilla/5.0 (compatible; Bytespider; spider-feedback@bytedance.com) AppleWebKit/537.36 (KHTML, like Gecko) Chrome/70.0.0.0 Safari/537.36"
47.128.17.17 - - [06/Jun/2026:02:01:24 +0200] "GET /web/wp-conteudos/uploads/2017/12/nau-do-cacau-sao-tome-e-principe-150x150.jpg HTTP/1.1" 206 500 "https://biocabaz.pt/" "Mozilla/5.0 (compatible; Bytespider; spider-feedback@bytedance.com) AppleWebKit/537.36 (KHTML, like Gecko) Chrome/70.0.0.0 Safari/537.36"
162.120.187.207 - - [06/Jun/2026:02:01:25 +0200] "GET /?gad_source=1&gad_campaignid=11304663286&gbraid=0AAAAACHWsVE1dpFYBwnVbKudpnWIlszRE&gclid=Cj0KCQjw54nRBhDCARIsAMcY_SBIQdH-VIQ9S7tlM1h6fv4xXQiZKATXZENLanoKdXthnWXq5sXxRU0aAhGpEALw_wcB HTTP/1.1" 301 5 "https://www.google.com/" "Mozilla/5.0 (Linux; Android 10; K) AppleWebKit/537.36 (KHTML, like Gecko) Chrome/148.0.0.0 Mobile Safari/537.36"
162.120.187.207 - - [06/Jun/2026:02:01:28 +0200] "GET /web/?gad_source=1&gad_campaignid=11304663286&gbraid=0AAAAACHWsVE1dpFYBwnVbKudpnWIlszRE&gclid=Cj0KCQjw54nRBhDCARIsAMcY_SBIQdH-VIQ9S7tlM1h6fv4xXQiZKATXZENLanoKdXthnWXq5sXxRU0aAhGpEALw_wcB HTTP/1.1" 200 39002 "https://www.google.com/" "Mozilla/5.0 (Linux; Android 10; K) AppleWebKit/537.36 (KHTML, like Gecko) Chrome/148.0.0.0 Mobile Safari/537.36"
47.128.17.141 - - [06/Jun/2026:02:01:29 +0200] "GET /web/produto/agua-de-coco-bio-provida-330ml/?doing_wp_cron=1711000379.3260369300842285156250 HTTP/1.1" 200 39995 "-" "Mozilla/5.0 (compatible; Bytespider; spider-feedback@bytedance.com) AppleWebKit/537.36 (KHTML, like Gecko) Chrome/70.0.0.0 Safari/537.36"
47.128.17.141 - - [06/Jun/2026:02:01:30 +0200] "GET /web/wp-conteudos/plugins/userpro/css/up-fontawesome.css HTTP/1.1" 200 10233 "https://www.biocabaz.pt/web/produto/agua-de-coco-bio-provida-330ml/?doing_wp_cron=1711000379.3260369300842285156250" "Mozilla/5.0 (compatible; Bytespider; spider-feedback@bytedance.com) AppleWebKit/537.36 (KHTML, like Gecko) Chrome/70.0.0.0 Safari/537.36"
47.128.17.141 - - [06/Jun/2026:02:01:31 +0200] "GET /web/wp-conteudos/plugins/userpro/addons/timeline/assets/css/timeline.css HTTP/1.1" 200 1159 "https://www.biocabaz.pt/web/produto/agua-de-coco-bio-provida-330ml/?doing_wp_cron=1711000379.3260369300842285156250" "Mozilla/5.0 (compatible; Bytespider; spider-feedback@bytedance.com) AppleWebKit/537.36 (KHTML, like Gecko) Chrome/70.0.0.0 Safari/537.36"
75.119.139.177 - - [06/Jun/2026:02:01:31 +0200] "POST /wp-cron.php?doing_wp_cron=1780704091.4286139011383056640625 HTTP/1.1" 200 31 "-" "WordPress/6.9; https://www.fomento-sgoic.pt"
57.141.20.69 - - [06/Jun/2026:02:01:31 +0200] "GET /products/17583285/ HTTP/1.1" 404 113605 "-" "meta-externalagent/1.1 (+https://developers.facebook.com/docs/sharing/webmasters/crawler)"
47.128.17.141 - - [06/Jun/2026:02:01:31 +0200] "GET /web/wp-conteudos/plugins/woocommerce/assets/css/photoswipe/photoswipe.min.css HTTP/1.1" 200 1009 "https://www.biocabaz.pt/web/produto/agua-de-coco-bio-provida-330ml/?doing_wp_cron=1711000379.3260369300842285156250" "Mozilla/5.0 (compatible; Bytespider; spider-feedback@bytedance.com) AppleWebKit/537.36 (KHTML, like Gecko) Chrome/70.0.0.0 Safari/537.36"
47.128.17.141 - - [06/Jun/2026:02:01:32 +0200] "GET /web/wp-conteudos/themes/jupiter/header-builder/includes/assets/css/mkhb-column.css HTTP/1.1" 200 833 "https://www.biocabaz.pt/web/produto/agua-de-coco-bio-provida-330ml/?doing_wp_cron=1711000379.3260369300842285156250" "Mozilla/5.0 (compatible; Bytespider; spider-feedback@bytedance.com) AppleWebKit/537.36 (KHTML, like Gecko) Chrome/70.0.0.0 Safari/537.36"
47.128.17.141 - - [06/Jun/2026:02:01:32 +0200] "GET /web/wp-conteudos/plugins/jupiter-donut/assets/css/shortcodes-styles.min.css HTTP/1.1" 200 58842 "https://www.biocabaz.pt/web/produto/agua-de-coco-bio-provida-330ml/?doing_wp_cron=1711000379.3260369300842285156250" "Mozilla/5.0 (compatible; Bytespider; spider-feedback@bytedance.com) AppleWebKit/537.36 (KHTML, like Gecko) Chrome/70.0.0.0 Safari/537.36"
17.241.75.121 - - [06/Jun/2026:02:01:32 +0200] "GET /web/shop/page/58/?doing_wp_cron=1775157119.3789920806884765625000 HTTP/1.1" 200 32932 "-" "Mozilla/5.0 (Macintosh; Intel Mac OS X 10_15_7) AppleWebKit/605.1.15 (KHTML, like Gecko) Version/17.4 Safari/605.1.15 (Applebot/0.1; +http://www.apple.com/go/applebot)"
47.128.17.141 - - [06/Jun/2026:02:01:32 +0200] "GET /web/wp-conteudos/plugins/userpro/assets/css/main.css HTTP/1.1" 200 707 "https://www.biocabaz.pt/web/produto/agua-de-coco-bio-provida-330ml/?doing_wp_cron=1711000379.3260369300842285156250" "Mozilla/5.0 (compatible; Bytespider; spider-feedback@bytedance.com) AppleWebKit/537.36 (KHTML, like Gecko) Chrome/70.0.0.0 Safari/537.36"
114.119.136.146 - - [06/Jun/2026:02:01:33 +0200] "GET /web/produto/amendoa-miolo-100g HTTP/1.1" 301 5 "https://www.biocabaz.pt/web/produto/amendoa-miolo-100g" "Mozilla/5.0 (Linux; Android 7.0;) AppleWebKit/537.36 (HTML, like Gecko) Mobile Safari/537.36 (compatible; PetalBot;+https://webmaster.petalsearch.com/site/petalbot)"
83.144.147.178 - - [06/Jun/2026:02:01:34 +0200] "GET /web/wp-conteudos/plugins/woocommerce/packages/woocommerce-blocks/build/wc-blocks-vendors-style.css HTTP/1.1" 200 1987 "https://www.biocabaz.pt/web/?gad_source=1&gad_campaignid=11304663286&gbraid=0AAAAACHWsVE1dpFYBwnVbKudpnWIlszRE&gclid=Cj0KCQjw54nRBhDCARIsAMcY_SBIQdH-VIQ9S7tlM1h6fv4xXQiZKATXZENLanoKdXthnWXq5sXxRU0aAhGpEALw_wcB" "Mozilla/5.0 (Linux; Android 10; K) AppleWebKit/537.36 (KHTML, like Gecko) Chrome/148.0.0.0 Mobile Safari/537.36"
83.144.147.178 - - [06/Jun/2026:02:01:34 +0200] "GET /web/wp-conteudos/plugins/woocommerce/packages/woocommerce-blocks/build/wc-blocks-style.css HTTP/1.1" 200 25428 "https://www.biocabaz.pt/web/?gad_source=1&gad_campaignid=11304663286&gbraid=0AAAAACHWsVE1dpFYBwnVbKudpnWIlszRE&gclid=Cj0KCQjw54nRBhDCARIsAMcY_SBIQdH-VIQ9S7tlM1h6fv4xXQiZKATXZENLanoKdXthnWXq5sXxRU0aAhGpEALw_wcB" "Mozilla/5.0 (Linux; Android 10; K) AppleWebKit/537.36 (KHTML, like Gecko) Chrome/148.0.0.0 Mobile Safari/537.36"
83.144.147.178 - - [06/Jun/2026:02:01:34 +0200] "GET /web/wp-includes/css/dashicons.min.css HTTP/1.1" 200 35775 "https://www.biocabaz.pt/web/?gad_source=1&gad_campaignid=11304663286&gbraid=0AAAAACHWsVE1dpFYBwnVbKudpnWIlszRE&gclid=Cj0KCQjw54nRBhDCARIsAMcY_SBIQdH-VIQ9S7tlM1h6fv4xXQiZKATXZENLanoKdXthnWXq5sXxRU0aAhGpEALw_wcB" "Mozilla/5.0 (Linux; Android 10; K) AppleWebKit/537.36 (KHTML, like Gecko) Chrome/148.0.0.0 Mobile Safari/537.36"
83.144.147.178 - - [06/Jun/2026:02:01:34 +0200] "GET /web/wp-conteudos/plugins/cookie-notice/css/front.min.css HTTP/1.1" 200 1108 "https://www.biocabaz.pt/web/?gad_source=1&gad_campaignid=11304663286&gbraid=0AAAAACHWsVE1dpFYBwnVbKudpnWIlszRE&gclid=Cj0KCQjw54nRBhDCARIsAMcY_SBIQdH-VIQ9S7tlM1h6fv4xXQiZKATXZENLanoKdXthnWXq5sXxRU0aAhGpEALw_wcB" "Mozilla/5.0 (Linux; Android 10; K) AppleWebKit/537.36 (KHTML, like Gecko) Chrome/148.0.0.0 Mobile Safari/537.36"
83.144.147.178 - - [06/Jun/2026:02:01:34 +0200] "GET /web/wp-conteudos/plugins/smart-marketing-for-wp/public/css/egoi-for-wp-public.css HTTP/1.1" 200 1173 "https://www.biocabaz.pt/web/?gad_source=1&gad_campaignid=11304663286&gbraid=0AAAAACHWsVE1dpFYBwnVbKudpnWIlszRE&gclid=Cj0KCQjw54nRBhDCARIsAMcY_SBIQdH-VIQ9S7tlM1h6fv4xXQiZKATXZENLanoKdXthnWXq5sXxRU0aAhGpEALw_wcB" "Mozilla/5.0 (Linux; Android 10; K) AppleWebKit/537.36 (KHTML, like Gecko) Chrome/148.0.0.0 Mobile Safari/537.36"
83.144.147.178 - - [06/Jun/2026:02:01:34 +0200] "GET /web/wp-includes/css/dist/block-library/style.min.css HTTP/1.1" 200 15621 "https://www.biocabaz.pt/web/?gad_source=1&gad_campaignid=11304663286&gbraid=0AAAAACHWsVE1dpFYBwnVbKudpnWIlszRE&gclid=Cj0KCQjw54nRBhDCARIsAMcY_SBIQdH-VIQ9S7tlM1h6fv4xXQiZKATXZENLanoKdXthnWXq5sXxRU0aAhGpEALw_wcB" "Mozilla/5.0 (Linux; Android 10; K) AppleWebKit/537.36 (KHTML, like Gecko) Chrome/148.0.0.0 Mobile Safari/537.36"
83.144.147.178 - - [06/Jun/2026:02:01:34 +0200] "GET /web/wp-conteudos/plugins/userpro/skins/pure/style.css HTTP/1.1" 200 5179 "https://www.biocabaz.pt/web/?gad_source=1&gad_campaignid=11304663286&gbraid=0AAAAACHWsVE1dpFYBwnVbKudpnWIlszRE&gclid=Cj0KCQjw54nRBhDCARIsAMcY_SBIQdH-VIQ9S7tlM1h6fv4xXQiZKATXZENLanoKdXthnWXq5sXxRU0aAhGpEALw_wcB" "Mozilla/5.0 (Linux; Android 10; K) AppleWebKit/537.36 (KHTML, like Gecko) Chrome/148.0.0.0 Mobile Safari/537.36"
83.144.147.178 - - [06/Jun/2026:02:01:34 +0200] "GET /web/wp-conteudos/plugins/userpro/addons/timeline/assets/css/timeline.css HTTP/1.1" 200 1159 "https://www.biocabaz.pt/web/?gad_source=1&gad_campaignid=11304663286&gbraid=0AAAAACHWsVE1dpFYBwnVbKudpnWIlszRE&gclid=Cj0KCQjw54nRBhDCARIsAMcY_SBIQdH-VIQ9S7tlM1h6fv4xXQiZKATXZENLanoKdXthnWXq5sXxRU0aAhGpEALw_wcB" "Mozilla/5.0 (Linux; Android 10; K) AppleWebKit/537.36 (KHTML, like Gecko) Chrome/148.0.0.0 Mobile Safari/537.36"
83.144.147.178 - - [06/Jun/2026:02:01:34 +0200] "GET /web/wp-conteudos/plugins/userpro/css/up-fontawesome.css HTTP/1.1" 200 10233 "https://www.biocabaz.pt/web/?gad_source=1&gad_campaignid=11304663286&gbraid=0AAAAACHWsVE1dpFYBwnVbKudpnWIlszRE&gclid=Cj0KCQjw54nRBhDCARIsAMcY_SBIQdH-VIQ9S7tlM1h6fv4xXQiZKATXZENLanoKdXthnWXq5sXxRU0aAhGpEALw_wcB" "Mozilla/5.0 (Linux; Android 10; K) AppleWebKit/537.36 (KHTML, like Gecko) Chrome/148.0.0.0 Mobile Safari/537.36"
83.144.147.178 - - [06/Jun/2026:02:01:34 +0200] "GET /web/wp-conteudos/plugins/woo-keyinvoice-integration/public/css/woo-keyinvoice-integration-public.css HTTP/1.1" 200 98 "https://www.biocabaz.pt/web/?gad_source=1&gad_campaignid=11304663286&gbraid=0AAAAACHWsVE1dpFYBwnVbKudpnWIlszRE&gclid=Cj0KCQjw54nRBhDCARIsAMcY_SBIQdH-VIQ9S7tlM1h6fv4xXQiZKATXZENLanoKdXthnWXq5sXxRU0aAhGpEALw_wcB" "Mozilla/5.0 (Linux; Android 10; K) AppleWebKit/537.36 (KHTML, like Gecko) Chrome/148.0.0.0 Mobile Safari/537.36"
83.144.147.178 - - [06/Jun/2026:02:01:34 +0200] "GET /web/wp-conteudos/plugins/wp-multilang/assets/styles/main.min.css HTTP/1.1" 200 1027 "https://www.biocabaz.pt/web/?gad_source=1&gad_campaignid=11304663286&gbraid=0AAAAACHWsVE1dpFYBwnVbKudpnWIlszRE&gclid=Cj0KCQjw54nRBhDCARIsAMcY_SBIQdH-VIQ9S7tlM1h6fv4xXQiZKATXZENLanoKdXthnWXq5sXxRU0aAhGpEALw_wcB" "Mozilla/5.0 (Linux; Android 10; K) AppleWebKit/537.36 (KHTML, like Gecko) Chrome/148.0.0.0 Mobile Safari/537.36"
83.144.147.178 - - [06/Jun/2026:02:01:34 +0200] "GET /web/wp-conteudos/themes/jupiter/assets/stylesheet/plugins/min/woocommerce.css HTTP/1.1" 200 9632 "https://www.biocabaz.pt/web/?gad_source=1&gad_campaignid=11304663286&gbraid=0AAAAACHWsVE1dpFYBwnVbKudpnWIlszRE&gclid=Cj0KCQjw54nRBhDCARIsAMcY_SBIQdH-VIQ9S7tlM1h6fv4xXQiZKATXZENLanoKdXthnWXq5sXxRU0aAhGpEALw_wcB" "Mozilla/5.0 (Linux; Android 10; K) AppleWebKit/537.36 (KHTML, like Gecko) Chrome/148.0.0.0 Mobile Safari/537.36"
83.144.147.178 - - [06/Jun/2026:02:01:34 +0200] "GET /web/wp-conteudos/themes/jupiter/assets/stylesheet/min/full-styles.6.5.1.css HTTP/1.1" 200 27411 "https://www.biocabaz.pt/web/?gad_source=1&gad_campaignid=11304663286&gbraid=0AAAAACHWsVE1dpFYBwnVbKudpnWIlszRE&gclid=Cj0KCQjw54nRBhDCARIsAMcY_SBIQdH-VIQ9S7tlM1h6fv4xXQiZKATXZENLanoKdXthnWXq5sXxRU0aAhGpEALw_wcB" "Mozilla/5.0 (Linux; Android 10; K) AppleWebKit/537.36 (KHTML, like Gecko) Chrome/148.0.0.0 Mobile Safari/537.36"
83.144.147.178 - - [06/Jun/2026:02:01:34 +0200] "GET /web/wp-conteudos/themes/jupiter/header-builder/includes/assets/css/mkhb-row.css HTTP/1.1" 200 553 "https://www.biocabaz.pt/web/?gad_source=1&gad_campaignid=11304663286&gbraid=0AAAAACHWsVE1dpFYBwnVbKudpnWIlszRE&gclid=Cj0KCQjw54nRBhDCARIsAMcY_SBIQdH-VIQ9S7tlM1h6fv4xXQiZKATXZENLanoKdXthnWXq5sXxRU0aAhGpEALw_wcB" "Mozilla/5.0 (Linux; Android 10; K) AppleWebKit/537.36 (KHTML, like Gecko) Chrome/148.0.0.0 Mobile Safari/537.36"
83.144.147.178 - - [06/Jun/2026:02:01:34 +0200] "GET /web/wp-conteudos/themes/jupiter/header-builder/includes/assets/css/mkhb-render.css HTTP/1.1" 200 1156 "https://www.biocabaz.pt/web/?gad_source=1&gad_campaignid=11304663286&gbraid=0AAAAACHWsVE1dpFYBwnVbKudpnWIlszRE&gclid=Cj0KCQjw54nRBhDCARIsAMcY_SBIQdH-VIQ9S7tlM1h6fv4xXQiZKATXZENLanoKdXthnWXq5sXxRU0aAhGpEALw_wcB" "Mozilla/5.0 (Linux; Android 10; K) AppleWebKit/537.36 (KHTML, like Gecko) Chrome/148.0.0.0 Mobile Safari/537.36"
83.144.147.178 - - [06/Jun/2026:02:01:34 +0200] "GET /web/wp-conteudos/themes/jupiter/header-builder/includes/assets/css/mkhb-column.css HTTP/1.1" 200 833 "https://www.biocabaz.pt/web/?gad_source=1&gad_campaignid=11304663286&gbraid=0AAAAACHWsVE1dpFYBwnVbKudpnWIlszRE&gclid=Cj0KCQjw54nRBhDCARIsAMcY_SBIQdH-VIQ9S7tlM1h6fv4xXQiZKATXZENLanoKdXthnWXq5sXxRU0aAhGpEALw_wcB" "Mozilla/5.0 (Linux; Android 10; K) AppleWebKit/537.36 (KHTML, like Gecko) Chrome/148.0.0.0 Mobile Safari/537.36"
83.144.147.178 - - [06/Jun/2026:02:01:34 +0200] "GET /web/wp-conteudos/plugins/dhvc-form/assets/fonts/font-awesome/css/font-awesome.min.css HTTP/1.1" 200 4747 "https://www.biocabaz.pt/web/?gad_source=1&gad_campaignid=11304663286&gbraid=0AAAAACHWsVE1dpFYBwnVbKudpnWIlszRE&gclid=Cj0KCQjw54nRBhDCARIsAMcY_SBIQdH-VIQ9S7tlM1h6fv4xXQiZKATXZENLanoKdXthnWXq5sXxRU0aAhGpEALw_wcB" "Mozilla/5.0 (Linux; Android 10; K) AppleWebKit/537.36 (KHTML, like Gecko) Chrome/148.0.0.0 Mobile Safari/537.36"
83.144.147.178 - - [06/Jun/2026:02:01:34 +0200] "GET /web/wp-conteudos/plugins/dhvc-form/assets/css/style.css HTTP/1.1" 200 3736 "https://www.biocabaz.pt/web/?gad_source=1&gad_campaignid=11304663286&gbraid=0AAAAACHWsVE1dpFYBwnVbKudpnWIlszRE&gclid=Cj0KCQjw54nRBhDCARIsAMcY_SBIQdH-VIQ9S7tlM1h6fv4xXQiZKATXZENLanoKdXthnWXq5sXxRU0aAhGpEALw_wcB" "Mozilla/5.0 (Linux; Android 10; K) AppleWebKit/537.36 (KHTML, like Gecko) Chrome/148.0.0.0 Mobile Safari/537.36"
83.144.147.178 - - [06/Jun/2026:02:01:34 +0200] "GET /web/wp-conteudos/uploads/mk_assets/theme-options-production-1780169976.css HTTP/1.1" 200 5907 "https://www.biocabaz.pt/web/?gad_source=1&gad_campaignid=11304663286&gbraid=0AAAAACHWsVE1dpFYBwnVbKudpnWIlszRE&gclid=Cj0KCQjw54nRBhDCARIsAMcY_SBIQdH-VIQ9S7tlM1h6fv4xXQiZKATXZENLanoKdXthnWXq5sXxRU0aAhGpEALw_wcB" "Mozilla/5.0 (Linux; Android 10; K) AppleWebKit/537.36 (KHTML, like Gecko) Chrome/148.0.0.0 Mobile Safari/537.36"
83.144.147.178 - - [06/Jun/2026:02:01:34 +0200] "GET /web/wp-conteudos/plugins/js_composer_theme/assets/css/js_composer.min.css HTTP/1.1" 200 46935 "https://www.biocabaz.pt/web/?gad_source=1&gad_campaignid=11304663286&gbraid=0AAAAACHWsVE1dpFYBwnVbKudpnWIlszRE&gclid=Cj0KCQjw54nRBhDCARIsAMcY_SBIQdH-VIQ9S7tlM1h6fv4xXQiZKATXZENLanoKdXthnWXq5sXxRU0aAhGpEALw_wcB" "Mozilla/5.0 (Linux; Android 10; K) AppleWebKit/537.36 (KHTML, like Gecko) Chrome/148.0.0.0 Mobile Safari/537.36"
83.144.147.178 - - [06/Jun/2026:02:01:34 +0200] "GET /web/wp-conteudos/themes/jupiter-child/style.css HTTP/1.1" 200 410 "https://www.biocabaz.pt/web/?gad_source=1&gad_campaignid=11304663286&gbraid=0AAAAACHWsVE1dpFYBwnVbKudpnWIlszRE&gclid=Cj0KCQjw54nRBhDCARIsAMcY_SBIQdH-VIQ9S7tlM1h6fv4xXQiZKATXZENLanoKdXthnWXq5sXxRU0aAhGpEALw_wcB" "Mozilla/5.0 (Linux; Android 10; K) AppleWebKit/537.36 (KHTML, like Gecko) Chrome/148.0.0.0 Mobile Safari/537.36"
83.144.147.178 - - [06/Jun/2026:02:01:34 +0200] "GET /web/wp-conteudos/plugins/jupiter-donut/assets/css/shortcodes-styles.min.css HTTP/1.1" 200 58842 "https://www.biocabaz.pt/web/?gad_source=1&gad_campaignid=11304663286&gbraid=0AAAAACHWsVE1dpFYBwnVbKudpnWIlszRE&gclid=Cj0KCQjw54nRBhDCARIsAMcY_SBIQdH-VIQ9S7tlM1h6fv4xXQiZKATXZENLanoKdXthnWXq5sXxRU0aAhGpEALw_wcB" "Mozilla/5.0 (Linux; Android 10; K) AppleWebKit/537.36 (KHTML, like Gecko) Chrome/148.0.0.0 Mobile Safari/537.36"
83.144.147.178 - - [06/Jun/2026:02:01:34 +0200] "GET /web/wp-conteudos/plugins/woocommerce-product-bundles/assets/css/frontend/woocommerce.css HTTP/1.1" 200 607 "https://www.biocabaz.pt/web/?gad_source=1&gad_campaignid=11304663286&gbraid=0AAAAACHWsVE1dpFYBwnVbKudpnWIlszRE&gclid=Cj0KCQjw54nRBhDCARIsAMcY_SBIQdH-VIQ9S7tlM1h6fv4xXQiZKATXZENLanoKdXthnWXq5sXxRU0aAhGpEALw_wcB" "Mozilla/5.0 (Linux; Android 10; K) AppleWebKit/537.36 (KHTML, like Gecko) Chrome/148.0.0.0 Mobile Safari/537.36"
114.119.136.146 - - [06/Jun/2026:02:01:34 +0200] "GET /web/produto/amendoa-miolo-100g/ HTTP/1.1" 200 39372 "https://www.biocabaz.pt/web/produto/amendoa-miolo-100g" "Mozilla/5.0 (Linux; Android 7.0;) AppleWebKit/537.36 (HTML, like Gecko) Mobile Safari/537.36 (compatible; PetalBot;+https://webmaster.petalsearch.com/site/petalbot)"
83.144.147.178 - - [06/Jun/2026:02:01:34 +0200] "GET /web/wp-conteudos/plugins/smart-marketing-for-wp/admin/js/egoi-for-wp-canvas.js HTTP/1.1" 200 2304 "https://www.biocabaz.pt/web/?gad_source=1&gad_campaignid=11304663286&gbraid=0AAAAACHWsVE1dpFYBwnVbKudpnWIlszRE&gclid=Cj0KCQjw54nRBhDCARIsAMcY_SBIQdH-VIQ9S7tlM1h6fv4xXQiZKATXZENLanoKdXthnWXq5sXxRU0aAhGpEALw_wcB" "Mozilla/5.0 (Linux; Android 10; K) AppleWebKit/537.36 (KHTML, like Gecko) Chrome/148.0.0.0 Mobile Safari/537.36"
83.144.147.178 - - [06/Jun/2026:02:01:34 +0200] "GET /web/wp-includes/js/jquery/jquery.min.js HTTP/1.1" 200 30646 "https://www.biocabaz.pt/web/?gad_source=1&gad_campaignid=11304663286&gbraid=0AAAAACHWsVE1dpFYBwnVbKudpnWIlszRE&gclid=Cj0KCQjw54nRBhDCARIsAMcY_SBIQdH-VIQ9S7tlM1h6fv4xXQiZKATXZENLanoKdXthnWXq5sXxRU0aAhGpEALw_wcB" "Mozilla/5.0 (Linux; Android 10; K) AppleWebKit/537.36 (KHTML, like Gecko) Chrome/148.0.0.0 Mobile Safari/537.36"
83.144.147.178 - - [06/Jun/2026:02:01:34 +0200] "GET /web/wp-includes/js/jquery/jquery-migrate.min.js HTTP/1.1" 200 4894 "https://www.biocabaz.pt/web/?gad_source=1&gad_campaignid=11304663286&gbraid=0AAAAACHWsVE1dpFYBwnVbKudpnWIlszRE&gclid=Cj0KCQjw54nRBhDCARIsAMcY_SBIQdH-VIQ9S7tlM1h6fv4xXQiZKATXZENLanoKdXthnWXq5sXxRU0aAhGpEALw_wcB" "Mozilla/5.0 (Linux; Android 10; K) AppleWebKit/537.36 (KHTML, like Gecko) Chrome/148.0.0.0 Mobile Safari/537.36"
83.144.147.178 - - [06/Jun/2026:02:01:34 +0200] "GET /web/wp-conteudos/themes/jupiter/assets/js/plugins/wp-enqueue/webfontloader.js HTTP/1.1" 200 5035 "https://www.biocabaz.pt/web/?gad_source=1&gad_campaignid=11304663286&gbraid=0AAAAACHWsVE1dpFYBwnVbKudpnWIlszRE&gclid=Cj0KCQjw54nRBhDCARIsAMcY_SBIQdH-VIQ9S7tlM1h6fv4xXQiZKATXZENLanoKdXthnWXq5sXxRU0aAhGpEALw_wcB" "Mozilla/5.0 (Linux; Android 10; K) AppleWebKit/537.36 (KHTML, like Gecko) Chrome/148.0.0.0 Mobile Safari/537.36"
83.144.147.178 - - [06/Jun/2026:02:01:34 +0200] "GET /web/wp-conteudos/plugins/cookie-notice/js/front.min.js HTTP/1.1" 200 2167 "https://www.biocabaz.pt/web/?gad_source=1&gad_campaignid=11304663286&gbraid=0AAAAACHWsVE1dpFYBwnVbKudpnWIlszRE&gclid=Cj0KCQjw54nRBhDCARIsAMcY_SBIQdH-VIQ9S7tlM1h6fv4xXQiZKATXZENLanoKdXthnWXq5sXxRU0aAhGpEALw_wcB" "Mozilla/5.0 (Linux; Android 10; K) AppleWebKit/537.36 (KHTML, like Gecko) Chrome/148.0.0.0 Mobile Safari/537.36"
83.144.147.178 - - [06/Jun/2026:02:01:34 +0200] "GET /web/wp-conteudos/plugins/woo-keyinvoice-integration/public/js/woo-keyinvoice-integration-public.js HTTP/1.1" 200 838 "https://www.biocabaz.pt/web/?gad_source=1&gad_campaignid=11304663286&gbraid=0AAAAACHWsVE1dpFYBwnVbKudpnWIlszRE&gclid=Cj0KCQjw54nRBhDCARIsAMcY_SBIQdH-VIQ9S7tlM1h6fv4xXQiZKATXZENLanoKdXthnWXq5sXxRU0aAhGpEALw_wcB" "Mozilla/5.0 (Linux; Android 10; K) AppleWebKit/537.36 (KHTML, like Gecko) Chrome/148.0.0.0 Mobile Safari/537.36"
83.144.147.178 - - [06/Jun/2026:02:01:34 +0200] "GET /web/wp-conteudos/plugins/woocommerce/assets/js/jquery-blockui/jquery.blockUI.min.js HTTP/1.1" 200 3518 "https://www.biocabaz.pt/web/?gad_source=1&gad_campaignid=11304663286&gbraid=0AAAAACHWsVE1dpFYBwnVbKudpnWIlszRE&gclid=Cj0KCQjw54nRBhDCARIsAMcY_SBIQdH-VIQ9S7tlM1h6fv4xXQiZKATXZENLanoKdXthnWXq5sXxRU0aAhGpEALw_wcB" "Mozilla/5.0 (Linux; Android 10; K) AppleWebKit/537.36 (KHTML, like Gecko) Chrome/148.0.0.0 Mobile Safari/537.36"
