78.137.215.97 - - [06/Jun/2026:00:15:51 +0200] "GET /web/wp-conteudos/uploads/2016/03/nabo-100x100.jpg HTTP/1.1" 200 3171 "https://www.biocabaz.pt/web/cabazes-da-semana/" "Mozilla/5.0 (Linux; Android 10; K) AppleWebKit/537.36 (KHTML, like Gecko) Chrome/148.0.0.0 Mobile Safari/537.36"
78.137.215.97 - - [06/Jun/2026:00:15:52 +0200] "GET /web/wp-conteudos/uploads/2016/06/nectarina-biologica-100x100.jpg HTTP/1.1" 200 3550 "https://www.biocabaz.pt/web/cabazes-da-semana/" "Mozilla/5.0 (Linux; Android 10; K) AppleWebKit/537.36 (KHTML, like Gecko) Chrome/148.0.0.0 Mobile Safari/537.36"
216.73.216.253 - - [06/Jun/2026:00:15:52 +0200] "GET /web/produto/salsichas-frankfurt-bio-2/?add-to-cart=16719&doing_wp_cron=1780694031.8852350711822509765625 HTTP/1.1" 200 41218 "-" "Mozilla/5.0 AppleWebKit/537.36 (KHTML, like Gecko; compatible; ClaudeBot/1.0; +claudebot@anthropic.com)"
17.241.219.82 - - [06/Jun/2026:00:15:58 +0200] "GET /web/shop/page/2/?doing_wp_cron=1676250797.2394740581512451171875 HTTP/1.1" 200 32643 "-" "Mozilla/5.0 (Macintosh; Intel Mac OS X 10_15_7) AppleWebKit/605.1.15 (KHTML, like Gecko) Version/17.4 Safari/605.1.15 (Applebot/0.1; +http://www.apple.com/go/applebot)"
190.60.60.37 - - [06/Jun/2026:00:15:59 +0200] "GET /wp-json/wp/v2/posts HTTP/1.1" 301 162 "-" "Mozilla/5.0 (Windows NT 10.0; Win64; x64) AppleWebKit/537.36 (KHTML, like Gecko) Chrome/120.0.0.0 Safari/537.36"
207.46.13.168 - - [06/Jun/2026:00:15:59 +0200] "GET /web/categoria-produto/frescos/page/9/?doing_wp_cron=1773162774.5219240188598632812500 HTTP/1.1" 200 32452 "-" "Mozilla/5.0 AppleWebKit/537.36 (KHTML, like Gecko; compatible; bingbot/2.0; +http://www.bing.com/bingbot.htm) Chrome/116.0.1938.76 Safari/537.36"
207.46.13.168 - - [06/Jun/2026:00:16:01 +0200] "GET /web/shop/page/46/?doing_wp_cron=1720823151.2424380779266357421875 HTTP/1.1" 200 32309 "-" "Mozilla/5.0 AppleWebKit/537.36 (KHTML, like Gecko; compatible; bingbot/2.0; +http://www.bing.com/bingbot.htm) Chrome/116.0.1938.76 Safari/537.36"
207.46.13.168 - - [06/Jun/2026:00:16:02 +0200] "GET /web/en/shop/page/42/?doing_wp_cron=1710696709.0594720840454101562500 HTTP/1.1" 200 32131 "-" "Mozilla/5.0 AppleWebKit/537.36 (KHTML, like Gecko; compatible; bingbot/2.0; +http://www.bing.com/bingbot.htm) Chrome/116.0.1938.76 Safari/537.36"
207.46.13.168 - - [06/Jun/2026:00:16:03 +0200] "GET /web/en/shop/page/53/?doing_wp_cron=1676240288.1933510303497314453125 HTTP/1.1" 200 32745 "-" "Mozilla/5.0 AppleWebKit/537.36 (KHTML, like Gecko; compatible; bingbot/2.0; +http://www.bing.com/bingbot.htm) Chrome/116.0.1938.76 Safari/537.36"
17.241.75.127 - - [06/Jun/2026:00:16:05 +0200] "POST /web/?wc-ajax=get_refreshed_fragments HTTP/1.1" 200 625 "https://biocabaz.pt/web/categoria-produto/mercearia/cereais/" "Mozilla/5.0 (Macintosh; Intel Mac OS X 10_15_7) AppleWebKit/605.1.15 (KHTML, like Gecko) Version/17.4 Safari/605.1.15 (Applebot/0.1; +http://www.apple.com/go/applebot)"
77.68.83.86 - - [06/Jun/2026:00:16:09 +0200] "GET /images/images/cache.php HTTP/1.1" 301 162 "-" "Mozilla/5.0 (Windows NT 10.0; Win64; x64; rv:121.0) Gecko/20100101 Firefox/121.0"
77.68.83.86 - - [06/Jun/2026:00:16:09 +0200] "POST /images/images/cache.php?p= HTTP/1.1" 301 162 "-" "Mozilla/5.0 (Macintosh; Intel Mac OS X 10_15_7) AppleWebKit/537.36 (KHTML, like Gecko) Chrome/120.0.6099.130 Safari/537.36"
77.68.83.86 - - [06/Jun/2026:00:16:09 +0200] "GET /images/images/cache.php HTTP/1.1" 301 162 "-" "Mozilla/5.0 (Windows NT 10.0; Win64; x64; rv:119.0.1) Gecko/20100101 Firefox/119.0.1"
77.68.83.86 - - [06/Jun/2026:00:16:09 +0200] "POST /images/images/cache.php?upload&q=%E0%A6%95var%E0%A6%95www%E0%A6%95myideas%E0%A6%95images%E0%A6%95images HTTP/1.1" 301 162 "-" "Mozilla/5.0 (Windows NT 10.0; Win64; x64) AppleWebKit/537.36 (KHTML, like Gecko) Chrome/120.0.0.0 Safari/537.36 Edg/120.0.2210.133"
77.68.83.86 - - [06/Jun/2026:00:16:09 +0200] "GET /images/images/cache.php/%E0%A6%95var%E0%A6%95www%E0%A6%95myideas%E0%A6%95images%E0%A6%95images/kfgmyr.php HTTP/1.1" 301 162 "-" "Mozilla/5.0 (Windows NT 10.0; Win64; x64; rv:122.0) Gecko/20100101 Firefox/122.0"
77.68.83.86 - - [06/Jun/2026:00:16:09 +0200] "GET /images/images/kfgmyr.php HTTP/1.1" 301 162 "-" "Mozilla/5.0 (Windows NT 10.0; Win64; x64) AppleWebKit/537.36 (KHTML, like Gecko) Chrome/120.0.0.0 Safari/537.36 Edg/120.0.2210.133"
66.249.68.68 - - [06/Jun/2026:00:16:10 +0200] "GET /web/en/produto/papa-muesli-6m-bio-250g-holle/ HTTP/1.1" 200 38989 "-" "Mozilla/5.0 (Linux; Android 6.0.1; Nexus 5X Build/MMB29P) AppleWebKit/537.36 (KHTML, like Gecko) Chrome/148.0.7778.96 Mobile Safari/537.36 (compatible; Googlebot/2.1; +http://www.google.com/bot.html)"
66.249.79.35 - - [06/Jun/2026:00:16:10 +0200] "GET /web/produto/cha-tomilho-12-saq-ervas-da-zoe/?doing_wp_cron=1692538763.4877419471740722656250 HTTP/1.1" 200 39307 "-" "Mozilla/5.0 (Linux; Android 6.0.1; Nexus 5X Build/MMB29P) AppleWebKit/537.36 (KHTML, like Gecko) Chrome/148.0.7778.96 Mobile Safari/537.36 (compatible; Googlebot/2.1; +http://www.google.com/bot.html)"
220.181.108.91 - - [06/Jun/2026:00:16:10 +0200] "GET /web/shop/page/57/?doing_wp_cron=1745183212.4204580783843994140625 HTTP/1.1" 200 33138 "-" "Mozilla/5.0 (compatible; Baiduspider/2.0; +http://www.baidu.com/search/spider.html)"
66.249.68.67 - - [06/Jun/2026:00:16:11 +0200] "GET /web/en/produto/batata-doce/?add-to-cart=253 HTTP/1.1" 302 11 "-" "Mozilla/5.0 (Linux; Android 6.0.1; Nexus 5X Build/MMB29P) AppleWebKit/537.36 (KHTML, like Gecko) Chrome/148.0.7778.96 Mobile Safari/537.36 (compatible; Googlebot/2.1; +http://www.google.com/bot.html)"
78.137.215.97 - - [06/Jun/2026:00:16:12 +0200] "GET /web/wp-conteudos/uploads/2020/01/couve_toscana_bio-100x100.jpg HTTP/1.1" 200 4067 "https://www.biocabaz.pt/web/cabazes-da-semana/" "Mozilla/5.0 (Linux; Android 10; K) AppleWebKit/537.36 (KHTML, like Gecko) Chrome/148.0.0.0 Mobile Safari/537.36"
66.249.79.35 - - [06/Jun/2026:00:16:13 +0200] "GET /web/produto/tinta-p-cabelo-naturtint-7g-louro-dourado/?doing_wp_cron=1779169713.3423418998718261718750 HTTP/1.1" 200 38956 "-" "Mozilla/5.0 (Linux; Android 6.0.1; Nexus 5X Build/MMB29P) AppleWebKit/537.36 (KHTML, like Gecko) Chrome/148.0.7778.96 Mobile Safari/537.36 (compatible; Googlebot/2.1; +http://www.google.com/bot.html)"
66.249.68.67 - - [06/Jun/2026:00:16:13 +0200] "GET /web/en/produto/batata-doce/?add-to-cart=253&doing_wp_cron=1780697771.6803998947143554687500 HTTP/1.1" 200 38556 "-" "Mozilla/5.0 (Linux; Android 6.0.1; Nexus 5X Build/MMB29P) AppleWebKit/537.36 (KHTML, like Gecko) Chrome/148.0.7778.96 Mobile Safari/537.36 (compatible; Googlebot/2.1; +http://www.google.com/bot.html)"
66.249.79.34 - - [06/Jun/2026:00:16:13 +0200] "GET /web/wp-includes/js/dist/hooks.min.js HTTP/1.1" 200 1660 "https://www.biocabaz.pt/web/produto/cha-tomilho-12-saq-ervas-da-zoe/?doing_wp_cron=1692538763.4877419471740722656250" "Mozilla/5.0 (Linux; Android 6.0.1; Nexus 5X Build/MMB29P) AppleWebKit/537.36 (KHTML, like Gecko) Chrome/148.0.7778.96 Mobile Safari/537.36 (compatible; Googlebot/2.1; +http://www.google.com/bot.html)"
57.141.20.6 - - [06/Jun/2026:00:16:16 +0200] "GET /products/8241552/ HTTP/1.1" 301 5 "-" "meta-externalagent/1.1 (+https://developers.facebook.com/docs/sharing/webmasters/crawler)"
66.249.68.67 - - [06/Jun/2026:00:16:19 +0200] "POST /web/en/wp-json/pmw/v1/products/ HTTP/1.1" 200 330 "https://biocabaz.pt/web/en/produto/batata-doce/?add-to-cart=253&doing_wp_cron=1780697771.6803998947143554687500" "Mozilla/5.0 (Linux; Android 6.0.1; Nexus 5X Build/MMB29P) AppleWebKit/537.36 (KHTML, like Gecko) Chrome/148.0.7778.96 Mobile Safari/537.36 (compatible; Googlebot/2.1; +http://www.google.com/bot.html)"
116.179.37.92 - - [06/Jun/2026:00:16:21 +0200] "POST /web/?wc-ajax=get_refreshed_fragments HTTP/1.1" 200 627 "https://www.biocabaz.pt/web/shop/page/57/?doing_wp_cron=1745183212.4204580783843994140625" "Mozilla/5.0 (compatible; Baiduspider-render/2.0; +http://www.baidu.com/search/spider.html)"
116.179.37.205 - - [06/Jun/2026:00:16:22 +0200] "GET /web/wp-conteudos/themes/jupiter/assets/js/plugins/async/min/minigrid.js HTTP/1.1" 200 1053 "https://www.biocabaz.pt/web/shop/page/57/?doing_wp_cron=1745183212.4204580783843994140625" "Mozilla/5.0 (compatible; Baiduspider-render/2.0; +http://www.baidu.com/search/spider.html)"
116.179.37.85 - - [06/Jun/2026:00:16:23 +0200] "GET /web/wp-conteudos/themes/jupiter/assets/js/plugins/async/min/jquery.flexslider.js HTTP/1.1" 200 7414 "https://www.biocabaz.pt/web/shop/page/57/?doing_wp_cron=1745183212.4204580783843994140625" "Mozilla/5.0 (compatible; Baiduspider-render/2.0; +http://www.baidu.com/search/spider.html)"
17.22.245.27 - - [06/Jun/2026:00:16:31 +0200] "GET /web/wp-conteudos/plugins/woocommerce/assets/js/frontend/woocommerce.min.js HTTP/1.1" 200 806 "https://www.biocabaz.pt/web/en/shop/?doing_wp_cron=1748601114.1335868835449218750000" "Mozilla/5.0 (Macintosh; Intel Mac OS X 10_15_7) AppleWebKit/605.1.15 (KHTML, like Gecko) Version/17.4 Safari/605.1.15 (Applebot/0.1; +http://www.apple.com/go/applebot)"
17.22.245.27 - - [06/Jun/2026:00:16:34 +0200] "GET /web/wp-conteudos/plugins/woocommerce/assets/js/js-cookie/js.cookie.min.js HTTP/1.1" 200 994 "https://www.biocabaz.pt/web/en/shop/?doing_wp_cron=1748601114.1335868835449218750000" "Mozilla/5.0 (Macintosh; Intel Mac OS X 10_15_7) AppleWebKit/605.1.15 (KHTML, like Gecko) Version/17.4 Safari/605.1.15 (Applebot/0.1; +http://www.apple.com/go/applebot)"
75.119.139.177 - - [06/Jun/2026:00:16:35 +0200] "POST /wp-cron.php?doing_wp_cron=1780697795.5392971038818359375000 HTTP/1.1" 200 31 "-" "WordPress/6.9; https://www.fomento-sgoic.pt"
57.141.20.56 - - [06/Jun/2026:00:16:35 +0200] "GET /products/14936630/ HTTP/1.1" 301 5 "-" "meta-externalagent/1.1 (+https://developers.facebook.com/docs/sharing/webmasters/crawler)"
17.22.245.27 - - [06/Jun/2026:00:16:37 +0200] "GET /web/wp-conteudos/themes/jupiter/assets/js/plugins/wp-enqueue/smoothscroll.js HTTP/1.1" 200 6579 "https://www.biocabaz.pt/web/en/shop/?doing_wp_cron=1748601114.1335868835449218750000" "Mozilla/5.0 (Macintosh; Intel Mac OS X 10_15_7) AppleWebKit/605.1.15 (KHTML, like Gecko) Version/17.4 Safari/605.1.15 (Applebot/0.1; +http://www.apple.com/go/applebot)"
17.22.245.27 - - [06/Jun/2026:00:16:40 +0200] "GET /web/wp-conteudos/themes/jupiter/header-builder/includes/assets/js/mkhb-column.js HTTP/1.1" 200 1089 "https://www.biocabaz.pt/web/en/shop/?doing_wp_cron=1748601114.1335868835449218750000" "Mozilla/5.0 (Macintosh; Intel Mac OS X 10_15_7) AppleWebKit/605.1.15 (KHTML, like Gecko) Version/17.4 Safari/605.1.15 (Applebot/0.1; +http://www.apple.com/go/applebot)"
17.22.245.27 - - [06/Jun/2026:00:16:44 +0200] "GET /web/wp-conteudos/themes/jupiter/assets/js/plugins/async/min/minigrid.js HTTP/1.1" 200 1053 "https://www.biocabaz.pt/web/en/shop/?doing_wp_cron=1748601114.1335868835449218750000" "Mozilla/5.0 (Macintosh; Intel Mac OS X 10_15_7) AppleWebKit/605.1.15 (KHTML, like Gecko) Version/17.4 Safari/605.1.15 (Applebot/0.1; +http://www.apple.com/go/applebot)"
77.68.83.86 - - [06/Jun/2026:00:16:44 +0200] "GET /images/images/cache.php HTTP/1.1" 301 162 "-" "Mozilla/5.0 (Windows NT 10.0; Win64; x64) AppleWebKit/537.36 (KHTML, like Gecko) Chrome/121.0.0.0 Safari/537.36 Edg/121.0.2277.83"
77.68.83.86 - - [06/Jun/2026:00:16:45 +0200] "POST /images/images/cache.php?p= HTTP/1.1" 301 162 "-" "Mozilla/5.0 (Windows NT 10.0; Win64; x64) AppleWebKit/537.36 (KHTML, like Gecko) Chrome/121.0.0.0 Safari/537.36 Edg/121.0.2277.83"
77.68.83.86 - - [06/Jun/2026:00:16:45 +0200] "GET /images/images/cache.php HTTP/1.1" 301 162 "-" "Mozilla/5.0 (Windows NT 10.0; Win64; x64) AppleWebKit/537.36 (KHTML, like Gecko) Chrome/121.0.0.0 Safari/537.36 Edg/121.0.2277.83"
77.68.83.86 - - [06/Jun/2026:00:16:45 +0200] "POST /images/images/cache.php?upload&q=%E0%A6%95var%E0%A6%95www%E0%A6%95myideas%E0%A6%95images%E0%A6%95images HTTP/1.1" 301 162 "-" "Mozilla/5.0 (Macintosh; Intel Mac OS X 10_15_7) AppleWebKit/537.36 (KHTML, like Gecko) Chrome/122.0.6261.57 Safari/537.36"
77.68.83.86 - - [06/Jun/2026:00:16:45 +0200] "GET /images/images/cache.php/%E0%A6%95var%E0%A6%95www%E0%A6%95myideas%E0%A6%95images%E0%A6%95images/ldnnii.php HTTP/1.1" 301 162 "-" "Mozilla/5.0 (Macintosh; Intel Mac OS X 10_15_7) AppleWebKit/537.36 (KHTML, like Gecko) Chrome/121.0.6167.85 Safari/537.36"
77.68.83.86 - - [06/Jun/2026:00:16:45 +0200] "GET /images/images/ldnnii.php HTTP/1.1" 301 162 "-" "Mozilla/5.0 (Windows NT 10.0; Win64; x64) AppleWebKit/537.36 (KHTML, like Gecko) Chrome/120.0.0.0 Safari/537.36 Edg/120.0.2210.133"
17.22.245.27 - - [06/Jun/2026:00:16:48 +0200] "POST /web/en/?wc-ajax=get_refreshed_fragments HTTP/1.1" 200 629 "https://www.biocabaz.pt/web/en/shop/?doing_wp_cron=1748601114.1335868835449218750000" "Mozilla/5.0 (Macintosh; Intel Mac OS X 10_15_7) AppleWebKit/605.1.15 (KHTML, like Gecko) Version/17.4 Safari/605.1.15 (Applebot/0.1; +http://www.apple.com/go/applebot)"
66.249.68.67 - - [06/Jun/2026:00:16:50 +0200] "GET /web/produto/bolacha-de-manteiga-bio/?doing_wp_cron=1760795429.7722990512847900390625 HTTP/1.1" 200 38813 "-" "Mozilla/5.0 (Linux; Android 6.0.1; Nexus 5X Build/MMB29P) AppleWebKit/537.36 (KHTML, like Gecko) Chrome/148.0.7778.96 Mobile Safari/537.36 (compatible; Googlebot/2.1; +http://www.google.com/bot.html)"
66.249.68.68 - - [06/Jun/2026:00:16:51 +0200] "GET /web/produto/bebida-de-arroz-com-amendoa-bio-isola-250ml/ HTTP/1.1" 200 39312 "-" "Mozilla/5.0 (Linux; Android 6.0.1; Nexus 5X Build/MMB29P) AppleWebKit/537.36 (KHTML, like Gecko) Chrome/148.0.7778.96 Mobile Safari/537.36 (compatible; Googlebot/2.1; +http://www.google.com/bot.html)"
17.22.245.27 - - [06/Jun/2026:00:16:52 +0200] "POST /web/wp-admin/admin-ajax.php HTTP/1.1" 200 31 "https://www.biocabaz.pt/web/en/shop/?doing_wp_cron=1748601114.1335868835449218750000" "Mozilla/5.0 (Macintosh; Intel Mac OS X 10_15_7) AppleWebKit/605.1.15 (KHTML, like Gecko) Version/17.4 Safari/605.1.15 (Applebot/0.1; +http://www.apple.com/go/applebot)"
66.249.79.33 - - [06/Jun/2026:00:16:53 +0200] "GET /web/produto/tangera/ HTTP/1.1" 200 39157 "-" "Mozilla/5.0 (Linux; Android 6.0.1; Nexus 5X Build/MMB29P) AppleWebKit/537.36 (KHTML, like Gecko) Chrome/148.0.7778.96 Mobile Safari/537.36 (compatible; Googlebot/2.1; +http://www.google.com/bot.html)"
66.249.79.33 - - [06/Jun/2026:00:16:59 +0200] "GET /web/wp-includes/js/dist/hooks.min.js HTTP/1.1" 200 1660 "https://www.biocabaz.pt/web/produto/tangera/" "Mozilla/5.0 (Linux; Android 6.0.1; Nexus 5X Build/MMB29P) AppleWebKit/537.36 (KHTML, like Gecko) Chrome/148.0.7778.96 Mobile Safari/537.36 (compatible; Googlebot/2.1; +http://www.google.com/bot.html)"
66.249.79.33 - - [06/Jun/2026:00:17:00 +0200] "GET /web/wp-conteudos/plugins/woocommerce/assets/js/photoswipe/photoswipe-ui-default.min.js HTTP/1.1" 200 3648 "https://www.biocabaz.pt/web/produto/tangera/" "Mozilla/5.0 (Linux; Android 6.0.1; Nexus 5X Build/MMB29P) AppleWebKit/537.36 (KHTML, like Gecko) Chrome/148.0.7778.96 Mobile Safari/537.36 (compatible; Googlebot/2.1; +http://www.google.com/bot.html)"
207.46.13.168 - - [06/Jun/2026:00:17:03 +0200] "GET /web/en/shop/page/57/?doing_wp_cron=1740511819.6725130081176757812500 HTTP/1.1" 200 32532 "-" "Mozilla/5.0 AppleWebKit/537.36 (KHTML, like Gecko; compatible; bingbot/2.0; +http://www.bing.com/bingbot.htm) Chrome/116.0.1938.76 Safari/537.36"
52.167.144.179 - - [06/Jun/2026:00:17:07 +0200] "GET /web/en/shop/page/14/?doing_wp_cron=1691873647.2116200923919677734375 HTTP/1.1" 200 32458 "-" "Mozilla/5.0 AppleWebKit/537.36 (KHTML, like Gecko; compatible; bingbot/2.0; +http://www.bing.com/bingbot.htm) Chrome/116.0.1938.76 Safari/537.36"
207.46.13.168 - - [06/Jun/2026:00:17:07 +0200] "GET /web/en/shop/page/43/?doing_wp_cron=1778248104.9528338909149169921875 HTTP/1.1" 200 34049 "-" "Mozilla/5.0 AppleWebKit/537.36 (KHTML, like Gecko; compatible; bingbot/2.0; +http://www.bing.com/bingbot.htm) Chrome/116.0.1938.76 Safari/537.36"
52.167.144.179 - - [06/Jun/2026:00:17:08 +0200] "GET /web/en/categoria-produto/frescos/legumes/page/3/?doing_wp_cron=1769785609.0738949775695800781250 HTTP/1.1" 200 32799 "-" "Mozilla/5.0 AppleWebKit/537.36 (KHTML, like Gecko; compatible; bingbot/2.0; +http://www.bing.com/bingbot.htm) Chrome/116.0.1938.76 Safari/537.36"
52.167.144.179 - - [06/Jun/2026:00:17:09 +0200] "GET /web/produto/clementina/ HTTP/1.1" 200 39354 "-" "Mozilla/5.0 AppleWebKit/537.36 (KHTML, like Gecko; compatible; bingbot/2.0; +http://www.bing.com/bingbot.htm) Chrome/116.0.1938.76 Safari/537.36"
207.46.13.168 - - [06/Jun/2026:00:17:09 +0200] "GET /web/en/produto/farinha-de-espelta-bio-500grs-provida/?doing_wp_cron=1779224513.7092580795288085937500 HTTP/1.1" 200 38382 "-" "Mozilla/5.0 AppleWebKit/537.36 (KHTML, like Gecko; compatible; bingbot/2.0; +http://www.bing.com/bingbot.htm) Chrome/116.0.1938.76 Safari/537.36"
52.167.144.179 - - [06/Jun/2026:00:17:10 +0200] "GET /web/produto/tomate-cacho/ HTTP/1.1" 302 102 "-" "Mozilla/5.0 AppleWebKit/537.36 (KHTML, like Gecko; compatible; bingbot/2.0; +http://www.bing.com/bingbot.htm) Chrome/116.0.1938.76 Safari/537.36"
40.77.167.8 - - [06/Jun/2026:00:17:12 +0200] "GET /web/shop/page/2/?doing_wp_cron=1777538153.5177040100097656250000 HTTP/1.1" 200 32643 "-" "Mozilla/5.0 AppleWebKit/537.36 (KHTML, like Gecko; compatible; bingbot/2.0; +http://www.bing.com/bingbot.htm) Chrome/116.0.1938.76 Safari/537.36"
40.77.167.8 - - [06/Jun/2026:00:17:13 +0200] "GET /web/categoria-produto/mercearia/page/4/?doing_wp_cron=1750497341.8529880046844482421875 HTTP/1.1" 200 36955 "-" "Mozilla/5.0 AppleWebKit/537.36 (KHTML, like Gecko; compatible; bingbot/2.0; +http://www.bing.com/bingbot.htm) Chrome/116.0.1938.76 Safari/537.36"
52.167.144.179 - - [06/Jun/2026:00:17:13 +0200] "GET /web/produto/tomate-cacho/?doing_wp_cron=1780697830.8306078910827636718750 HTTP/1.1" 200 38817 "-" "Mozilla/5.0 AppleWebKit/537.36 (KHTML, like Gecko; compatible; bingbot/2.0; +http://www.bing.com/bingbot.htm) Chrome/116.0.1938.76 Safari/537.36"
57.141.20.3 - - [06/Jun/2026:00:17:15 +0200] "GET /products/10121129/ HTTP/1.1" 301 5 "-" "meta-externalagent/1.1 (+https://developers.facebook.com/docs/sharing/webmasters/crawler)"
220.181.108.110 - - [06/Jun/2026:00:17:15 +0200] "GET /web/en/categoria-produto/import_jan_22/page/6/?doing_wp_cron=1771957284.1011950969696044921875 HTTP/1.1" 200 32306 "-" "Mozilla/5.0 (compatible; Baiduspider/2.0; +http://www.baidu.com/search/spider.html)"
52.167.144.179 - - [06/Jun/2026:00:17:18 +0200] "GET /web/en/categoria-produto/frescos/page/11/?doing_wp_cron=1713202600.1674029827117919921875 HTTP/1.1" 200 31749 "-" "Mozilla/5.0 AppleWebKit/537.36 (KHTML, like Gecko; compatible; bingbot/2.0; +http://www.bing.com/bingbot.htm) Chrome/116.0.1938.76 Safari/537.36"
52.167.144.179 - - [06/Jun/2026:00:17:20 +0200] "GET /web/en/produto/sobremesa-fruta-maca-morango-baunilha-bio-90g-babybio/ HTTP/1.1" 200 38519 "-" "Mozilla/5.0 AppleWebKit/537.36 (KHTML, like Gecko; compatible; bingbot/2.0; +http://www.bing.com/bingbot.htm) Chrome/116.0.1938.76 Safari/537.36"
3.79.134.69 - - [06/Jun/2026:00:17:24 +0200] "GET /web/ HTTP/1.1" 200 38184 "https://biocabaz.pt/web/" "Mozilla/5.0+(compatible; UptimeRobot/2.0; http://www.uptimerobot.com/)"
220.181.108.174 - - [06/Jun/2026:00:17:25 +0200] "GET /web/en/shop/page/2/?doing_wp_cron=1689700256.4678909778594970703125 HTTP/1.1" 200 32679 "-" "Mozilla/5.0 (compatible; Baiduspider/2.0; +http://www.baidu.com/search/spider.html)"
116.179.37.18 - - [06/Jun/2026:00:17:25 +0200] "POST /web/en/?wc-ajax=get_refreshed_fragments HTTP/1.1" 200 629 "https://biocabaz.pt/web/en/categoria-produto/import_jan_22/page/6/?doing_wp_cron=1771957284.1011950969696044921875" "Mozilla/5.0 (compatible; Baiduspider-render/2.0; +http://www.baidu.com/search/spider.html)"
207.46.13.168 - - [06/Jun/2026:00:17:25 +0200] "GET /web/en/shop/page/12/?doing_wp_cron=1692736270.7136590480804443359375 HTTP/1.1" 200 34308 "-" "Mozilla/5.0 AppleWebKit/537.36 (KHTML, like Gecko; compatible; bingbot/2.0; +http://www.bing.com/bingbot.htm) Chrome/116.0.1938.76 Safari/537.36"
207.46.13.168 - - [06/Jun/2026:00:17:28 +0200] "GET /web/felicia-bio-penne-trigo-saraceno/ HTTP/1.1" 200 37565 "-" "Mozilla/5.0 AppleWebKit/537.36 (KHTML, like Gecko; compatible; bingbot/2.0; +http://www.bing.com/bingbot.htm) Chrome/116.0.1938.76 Safari/537.36"
66.249.79.33 - - [06/Jun/2026:00:17:30 +0200] "GET /web/en/produto/blood-sugar-balance-100-capsulas-kyolic/?add-to-cart=80587 HTTP/1.1" 200 41371 "-" "Mozilla/5.0 (Linux; Android 6.0.1; Nexus 5X Build/MMB29P) AppleWebKit/537.36 (KHTML, like Gecko) Chrome/148.0.7778.96 Mobile Safari/537.36 (compatible; Googlebot/2.1; +http://www.google.com/bot.html)"
23.22.99.102 - - [06/Jun/2026:00:17:38 +0200] "GET /robots.txt HTTP/1.1" 404 146 "-" "Mozilla/5.0 (Macintosh; Intel Mac OS X 10_10_1) AppleWebKit/600.2.5 (KHTML, like Gecko) Version/8.0.2 Safari/600.2.5 (Lanai)"
66.249.79.33 - - [06/Jun/2026:00:17:41 +0200] "POST /web/en/?wc-ajax=get_refreshed_fragments HTTP/1.1" 200 1290 "https://www.biocabaz.pt/web/en/produto/blood-sugar-balance-100-capsulas-kyolic/?add-to-cart=80587" "Mozilla/5.0 (Linux; Android 6.0.1; Nexus 5X Build/MMB29P) AppleWebKit/537.36 (KHTML, like Gecko) Chrome/148.0.7778.96 Mobile Safari/537.36 (compatible; Googlebot/2.1; +http://www.google.com/bot.html)"
216.73.216.253 - - [06/Jun/2026:00:17:42 +0200] "GET /web/en/produto/salsichas-frankfurt-bio-2/?add-to-cart=11402&doing_wp_cron=1780694032.4956519603729248046875 HTTP/1.1" 200 40715 "-" "Mozilla/5.0 AppleWebKit/537.36 (KHTML, like Gecko; compatible; ClaudeBot/1.0; +claudebot@anthropic.com)"
216.73.216.253 - - [06/Jun/2026:00:17:43 +0200] "GET /web/en/produto/salsichas-frankfurt-bio-2/?add-to-cart=1010&doing_wp_cron=1780693219.7291960716247558593750 HTTP/1.1" 200 40807 "-" "Mozilla/5.0 AppleWebKit/537.36 (KHTML, like Gecko; compatible; ClaudeBot/1.0; +claudebot@anthropic.com)"
216.73.216.253 - - [06/Jun/2026:00:17:49 +0200] "GET /web/en/produto/salsichas-frankfurt-bio-2/?add-to-cart=16719&doing_wp_cron=1780694031.8852350711822509765625 HTTP/1.1" 200 40831 "-" "Mozilla/5.0 AppleWebKit/537.36 (KHTML, like Gecko; compatible; ClaudeBot/1.0; +claudebot@anthropic.com)"
216.73.216.253 - - [06/Jun/2026:00:17:50 +0200] "GET /web/en/produto/salsichas-frankfurt-bio-2/?add-to-cart=16721&doing_wp_cron=1780693277.4434850215911865234375 HTTP/1.1" 200 40737 "-" "Mozilla/5.0 AppleWebKit/537.36 (KHTML, like Gecko; compatible; ClaudeBot/1.0; +claudebot@anthropic.com)"
216.73.216.253 - - [06/Jun/2026:00:17:59 +0200] "GET /web/en/?p=3334 HTTP/1.1" 301 5 "-" "Mozilla/5.0 AppleWebKit/537.36 (KHTML, like Gecko; compatible; ClaudeBot/1.0; +claudebot@anthropic.com)"
216.73.216.253 - - [06/Jun/2026:00:18:01 +0200] "GET /web/en/wp-json/wp/v2/product/3334 HTTP/1.1" 200 2562 "-" "Mozilla/5.0 AppleWebKit/537.36 (KHTML, like Gecko; compatible; ClaudeBot/1.0; +claudebot@anthropic.com)"
216.73.216.253 - - [06/Jun/2026:00:18:01 +0200] "GET /web/en/produto/salsichas-frankfurt-bio-2/ HTTP/1.1" 200 40153 "https://www.biocabaz.pt/web/en/?p=3334" "Mozilla/5.0 AppleWebKit/537.36 (KHTML, like Gecko; compatible; ClaudeBot/1.0; +claudebot@anthropic.com)"
23.22.99.102 - - [06/Jun/2026:00:18:03 +0200] "GET /web/produto/caldo-de-ossos-800gr-bio/?doing_wp_cron=1710537551.4983580112457275390625 HTTP/1.1" 200 39009 "-" "Mozilla/5.0 (Macintosh; Intel Mac OS X 10_10_1) AppleWebKit/600.2.5 (KHTML, like Gecko) Version/8.0.2 Safari/600.2.5 (Lanai)"
170.106.107.87 - - [06/Jun/2026:00:18:03 +0200] "GET /web/cabazes-da-semana/ HTTP/1.1" 200 51610 "-" "Mozilla/5.0 (iPhone; CPU iPhone OS 13_2_3 like Mac OS X) AppleWebKit/605.1.15 (KHTML, like Gecko) Version/13.0.3 Mobile/15E148 Safari/604.1"
216.73.216.253 - - [06/Jun/2026:00:18:06 +0200] "GET /robots.txt HTTP/1.1" 404 146 "-" "Mozilla/5.0 AppleWebKit/537.36 (KHTML, like Gecko; compatible; ClaudeBot/1.0; +claudebot@anthropic.com)"
216.73.216.253 - - [06/Jun/2026:00:18:06 +0200] "GET /web/categoria-produto/mercearia/cereais/ HTTP/1.1" 200 32895 "-" "Mozilla/5.0 AppleWebKit/537.36 (KHTML, like Gecko; compatible; ClaudeBot/1.0; +claudebot@anthropic.com)"
216.73.216.253 - - [06/Jun/2026:00:18:07 +0200] "GET /web/en/wp-json/oembed/1.0/embed?url=https%3A%2F%2Fwww.biocabaz.pt%2Fweb%2Fen%2Fproduto%2Fsalsichas-frankfurt-bio-2%2F HTTP/1.1" 200 1356 "-" "Mozilla/5.0 AppleWebKit/537.36 (KHTML, like Gecko; compatible; ClaudeBot/1.0; +claudebot@anthropic.com)"
75.119.139.177 - - [06/Jun/2026:00:18:09 +0200] "POST /wp-cron.php?doing_wp_cron=1780697889.4069550037384033203125 HTTP/1.1" 200 31 "-" "WordPress/6.9; https://www.fomento-sgoic.pt"
57.141.20.3 - - [06/Jun/2026:00:18:09 +0200] "GET /products/25366518/ HTTP/1.1" 301 5 "-" "meta-externalagent/1.1 (+https://developers.facebook.com/docs/sharing/webmasters/crawler)"
66.249.79.35 - - [06/Jun/2026:00:18:20 +0200] "GET /web/produto/abobora-menina/?doing_wp_cron=1779544545.5071089267730712890625 HTTP/1.1" 200 38824 "-" "Mozilla/5.0 (Linux; Android 6.0.1; Nexus 5X Build/MMB29P) AppleWebKit/537.36 (KHTML, like Gecko) Chrome/148.0.7778.96 Mobile Safari/537.36 (compatible; Googlebot/2.1; +http://www.google.com/bot.html)"
57.141.20.64 - - [06/Jun/2026:00:18:25 +0200] "GET /products/12010418/ HTTP/1.1" 301 5 "-" "meta-externalagent/1.1 (+https://developers.facebook.com/docs/sharing/webmasters/crawler)"
52.167.144.179 - - [06/Jun/2026:00:18:26 +0200] "GET /web/produto/cereais-ursinhos-de-chocolate-bio-250g/ HTTP/1.1" 302 102 "-" "Mozilla/5.0 AppleWebKit/537.36 (KHTML, like Gecko; compatible; bingbot/2.0; +http://www.bing.com/bingbot.htm) Chrome/116.0.1938.76 Safari/537.36"
54.156.11.49 - - [06/Jun/2026:00:18:32 +0200] "GET /web/wp-conteudos/uploads/2021/09/caldo-de-ossos-800gr-bio.jpeg HTTP/1.1" 200 158786 "-" "Mozilla/5.0 (Macintosh; Intel Mac OS X 10_10_1) AppleWebKit/600.2.5 (KHTML, like Gecko) Version/8.0.2 Safari/600.2.5 (Lanai)"
52.71.170.250 - - [06/Jun/2026:00:18:36 +0200] "GET /web/wp-conteudos/uploads/2021/09/banha-porco-preto-260gr-bio.jpeg HTTP/1.1" 200 116501 "-" "Mozilla/5.0 (Macintosh; Intel Mac OS X 10_10_1) AppleWebKit/600.2.5 (KHTML, like Gecko) Version/8.0.2 Safari/600.2.5 (Lanai)"
216.73.216.253 - - [06/Jun/2026:00:18:39 +0200] "GET /web/produto/salsichas-frankfurt-bio-2/?add-to-cart=25564 HTTP/1.1" 200 41065 "-" "Mozilla/5.0 AppleWebKit/537.36 (KHTML, like Gecko; compatible; ClaudeBot/1.0; +claudebot@anthropic.com)"
216.73.216.253 - - [06/Jun/2026:00:18:39 +0200] "GET /web/produto/salsichas-frankfurt-bio-2/?add-to-cart=4896 HTTP/1.1" 200 41054 "-" "Mozilla/5.0 AppleWebKit/537.36 (KHTML, like Gecko; compatible; ClaudeBot/1.0; +claudebot@anthropic.com)"
54.165.169.15 - - [06/Jun/2026:00:18:40 +0200] "GET /web/wp-conteudos/uploads/2021/09/polpa-tomate-300gr-bio.jpeg HTTP/1.1" 200 177284 "-" "Mozilla/5.0 (Macintosh; Intel Mac OS X 10_10_1) AppleWebKit/600.2.5 (KHTML, like Gecko) Version/8.0.2 Safari/600.2.5 (Lanai)"
216.73.216.253 - - [06/Jun/2026:00:18:44 +0200] "GET /web/produto/salsichas-frankfurt-bio-2/?add-to-cart=780 HTTP/1.1" 302 11 "-" "Mozilla/5.0 AppleWebKit/537.36 (KHTML, like Gecko; compatible; ClaudeBot/1.0; +claudebot@anthropic.com)"
216.73.216.253 - - [06/Jun/2026:00:18:46 +0200] "GET /web/produto/salsichas-frankfurt-bio-2/?add-to-cart=780&doing_wp_cron=1780697924.4022889137268066406250 HTTP/1.1" 200 41107 "https://www.biocabaz.pt/web/produto/salsichas-frankfurt-bio-2/?add-to-cart=780" "Mozilla/5.0 AppleWebKit/537.36 (KHTML, like Gecko; compatible; ClaudeBot/1.0; +claudebot@anthropic.com)"
116.179.32.68 - - [06/Jun/2026:00:18:49 +0200] "GET /web/en/shop/page/29/?doing_wp_cron=1778718504.3217649459838867187500 HTTP/1.1" 200 33550 "-" "Mozilla/5.0 (compatible; Baiduspider/2.0; +http://www.baidu.com/search/spider.html)"
51.124.236.1 - - [06/Jun/2026:00:18:49 +0200] "GET / HTTP/1.0" 200 612 "-" "check_http/v2.3.3 (nagios-plugins 2.3.3)"
145.136.59.199 - - [06/Jun/2026:00:18:51 +0200] "GET /web/wp-conteudos/uploads/2016/04/pessego-rosa-500x500.jpg HTTP/1.1" 200 36487 "-" "Mozilla/5.0 (X11; Ubuntu; Linux x86_64; rv:72.0) Gecko/20100101 Firefox/72.0"
75.119.139.177 - - [06/Jun/2026:00:18:54 +0200] "POST /wp-cron.php?doing_wp_cron=1780697934.3682849407196044921875 HTTP/1.1" 200 31 "-" "WordPress/6.9; https://www.fomento-sgoic.pt"
57.141.20.25 - - [06/Jun/2026:00:18:54 +0200] "GET /products/10574730/ HTTP/1.1" 301 5 "-" "meta-externalagent/1.1 (+https://developers.facebook.com/docs/sharing/webmasters/crawler)"
116.179.37.21 - - [06/Jun/2026:00:18:56 +0200] "POST /web/en/?wc-ajax=get_refreshed_fragments HTTP/1.1" 200 629 "https://biocabaz.pt/web/en/shop/page/29/?doing_wp_cron=1778718504.3217649459838867187500" "Mozilla/5.0 (compatible; Baiduspider-render/2.0; +http://www.baidu.com/search/spider.html)"
57.141.20.30 - - [06/Jun/2026:00:18:57 +0200] "GET /products/19124030/ HTTP/1.1" 301 5 "-" "meta-externalagent/1.1 (+https://developers.facebook.com/docs/sharing/webmasters/crawler)"
51.195.183.74 - - [06/Jun/2026:00:18:57 +0200] "GET /olimp-oyyn-%D2%AFy%D1%96-verbnoe-zazdravnyy-150-zhe%D2%A3%D1%96ld%D1%96k-250fs/ HTTP/1.1" 200 20372 "-" "Mozilla/5.0 (compatible; AhrefsBot/7.0; +http://ahrefs.com/robot/)"
43.159.128.155 - - [06/Jun/2026:00:19:02 +0200] "GET / HTTP/1.1" 200 396 "-" "Mozilla/5.0 (iPhone; CPU iPhone OS 13_2_3 like Mac OS X) AppleWebKit/605.1.15 (KHTML, like Gecko) Version/13.0.3 Mobile/15E148 Safari/604.1"
51.89.129.37 - - [06/Jun/2026:00:19:10 +0200] "GET /web/produto/glutamine-powder-gold-nutrition-300-gr/ HTTP/1.1" 302 102 "-" "Mozilla/5.0 (compatible; AhrefsBot/7.0; +http://ahrefs.com/robot/)"
220.181.108.144 - - [06/Jun/2026:00:19:12 +0200] "GET /web/categoria-produto/frescos/page/12/?doing_wp_cron=1774827730.8878018856048583984375 HTTP/1.1" 200 31752 "-" "Mozilla/5.0 (compatible; Baiduspider/2.0; +http://www.baidu.com/search/spider.html)"
66.249.68.69 - - [06/Jun/2026:00:19:13 +0200] "GET /web/produto/proteina-de-arroz-bio-provida-250g/ HTTP/1.1" 200 38979 "-" "Mozilla/5.0 (Linux; Android 6.0.1; Nexus 5X Build/MMB29P) AppleWebKit/537.36 (KHTML, like Gecko) Chrome/148.0.7778.96 Mobile Safari/537.36 (compatible; Googlebot/2.1; +http://www.google.com/bot.html)"
52.167.144.181 - - [06/Jun/2026:00:19:15 +0200] "GET /web/en/produto/leite-meio-gordo-bio-berchtesgadener-land-1lt/ HTTP/1.1" 200 38628 "-" "Mozilla/5.0 AppleWebKit/537.36 (KHTML, like Gecko; compatible; bingbot/2.0; +http://www.bing.com/bingbot.htm) Chrome/116.0.1938.76 Safari/537.36"
34.127.111.137 - - [06/Jun/2026:00:19:16 +0200] "GET /wp-content/uploads/2025/11/Coelima_2.png HTTP/1.1" 200 252666 "-" "Mozilla/5.0 (X11; Linux x86_64) AppleWebKit/537.36 (KHTML, like Gecko) Chrome/91.0.4472.114 Safari/537.36"
84.54.44.19 - - [06/Jun/2026:00:19:17 +0200] "GET /web/?doing_wp_cron=1718781472.2168829441070556640625 HTTP/1.0" 200 216745 "https://biocabaz.pt/web/?doing_wp_cron=1718781472.2168829441070556640625" "Mozilla/5.0 (Windows NT 10.0; Win64; x64) AppleWebKit/537.36 (KHTML, like Gecko) Chrome/129.0.0.0 Safari/537.36"
52.167.144.181 - - [06/Jun/2026:00:19:17 +0200] "GET /web/produto/alface-verde-frisada/ HTTP/1.1" 200 38310 "-" "Mozilla/5.0 AppleWebKit/537.36 (KHTML, like Gecko; compatible; bingbot/2.0; +http://www.bing.com/bingbot.htm) Chrome/116.0.1938.76 Safari/537.36"
84.54.44.19 - - [06/Jun/2026:00:19:19 +0200] "POST /web/?doing_wp_cron=1718781472.2168829441070556640625 HTTP/1.0" 404 133698 "https://biocabaz.pt/web/?doing_wp_cron=1718781472.2168829441070556640625" "Mozilla/5.0 (Windows NT 10.0; Win64; x64) AppleWebKit/537.36 (KHTML, like Gecko) Chrome/129.0.0.0 Safari/537.36"
216.73.216.253 - - [06/Jun/2026:00:19:24 +0200] "GET /web/produto/salsichas-frankfurt-bio-2/?add-to-cart=11407 HTTP/1.1" 200 41058 "-" "Mozilla/5.0 AppleWebKit/537.36 (KHTML, like Gecko; compatible; ClaudeBot/1.0; +claudebot@anthropic.com)"
57.141.20.29 - - [06/Jun/2026:00:19:27 +0200] "GET /products/8954630/ HTTP/1.1" 301 5 "-" "meta-externalagent/1.1 (+https://developers.facebook.com/docs/sharing/webmasters/crawler)"
75.119.139.177 - - [06/Jun/2026:00:19:39 +0200] "POST /wp-cron.php?doing_wp_cron=1780697979.8452370166778564453125 HTTP/1.1" 200 31 "-" "WordPress/6.9; https://www.fomento-sgoic.pt"
5.161.177.47 - - [06/Jun/2026:00:19:39 +0200] "GET / HTTP/1.1" 301 5 "https://fomento-sgoic.pt/" "Mozilla/5.0+(compatible; UptimeRobot/2.0; http://www.uptimerobot.com/)"
5.161.177.47 - - [06/Jun/2026:00:19:40 +0200] "GET / HTTP/1.1" 200 33120 "https://fomento-sgoic.pt/" "Mozilla/5.0+(compatible; UptimeRobot/2.0; http://www.uptimerobot.com/)"
119.48.135.20 - - [06/Jun/2026:00:19:45 +0200] "GET /sites/favicon.png HTTP/1.1" 404 548 "-" "Mozilla/5.0101097241 Mozilla/5.0 (Windows NT 10.0; Win64; x64) AppleWebKit/537.36 (KHTML, like Gecko) Chrome/69.0.3497.81 Safari/537.36"
52.167.144.181 - - [06/Jun/2026:00:19:47 +0200] "GET /web/shop/page/53/?doing_wp_cron=1764342493.2009830474853515625000 HTTP/1.1" 200 32765 "-" "Mozilla/5.0 AppleWebKit/537.36 (KHTML, like Gecko; compatible; bingbot/2.0; +http://www.bing.com/bingbot.htm) Chrome/116.0.1938.76 Safari/537.36"
18.190.158.49 - - [06/Jun/2026:00:19:51 +0200] "GET /robots.txt HTTP/1.1" 404 548 "-" "Mozilla/5.0 (Macintosh; Intel Mac OS X 10_15_7) AppleWebKit/537.36 (KHTML, like Gecko) Chrome/131.0.0.0 Safari/537.36; ClaudeBot/1.0; +claudebot@anthropic.com)"
18.190.158.49 - - [06/Jun/2026:00:19:53 +0200] "GET /web/produto/barra-maca-banana-12m-bio-25g-holle/ HTTP/1.1" 200 40049 "-" "Mozilla/5.0 (Macintosh; Intel Mac OS X 10_15_7) AppleWebKit/537.36 (KHTML, like Gecko) Chrome/131.0.0.0 Safari/537.36; ClaudeBot/1.0; +claudebot@anthropic.com)"
18.190.158.49 - - [06/Jun/2026:00:19:54 +0200] "GET /web/wp-includes/css/dist/block-library/style.min.css HTTP/1.1" 200 15621 "https://biocabaz.pt/web/produto/barra-maca-banana-12m-bio-25g-holle/" "Mozilla/5.0 (Macintosh; Intel Mac OS X 10_15_7) AppleWebKit/537.36 (KHTML, like Gecko) Chrome/131.0.0.0 Safari/537.36; ClaudeBot/1.0; +claudebot@anthropic.com)"
18.190.158.49 - - [06/Jun/2026:00:19:54 +0200] "GET /web/wp-includes/css/dashicons.min.css HTTP/1.1" 200 35775 "https://biocabaz.pt/web/produto/barra-maca-banana-12m-bio-25g-holle/" "Mozilla/5.0 (Macintosh; Intel Mac OS X 10_15_7) AppleWebKit/537.36 (KHTML, like Gecko) Chrome/131.0.0.0 Safari/537.36; ClaudeBot/1.0; +claudebot@anthropic.com)"
18.190.158.49 - - [06/Jun/2026:00:19:54 +0200] "GET /robots.txt HTTP/1.1" 404 548 "-" "Mozilla/5.0 (Macintosh; Intel Mac OS X 10_15_7) AppleWebKit/537.36 (KHTML, like Gecko) Chrome/131.0.0.0 Safari/537.36; ClaudeBot/1.0; +claudebot@anthropic.com)"
18.190.158.49 - - [06/Jun/2026:00:19:54 +0200] "GET /robots.txt HTTP/1.1" 404 548 "-" "Mozilla/5.0 (Macintosh; Intel Mac OS X 10_15_7) AppleWebKit/537.36 (KHTML, like Gecko) Chrome/131.0.0.0 Safari/537.36; ClaudeBot/1.0; +claudebot@anthropic.com)"
18.190.158.49 - - [06/Jun/2026:00:19:54 +0200] "GET /robots.txt HTTP/1.1" 404 548 "-" "Mozilla/5.0 (Macintosh; Intel Mac OS X 10_15_7) AppleWebKit/537.36 (KHTML, like Gecko) Chrome/131.0.0.0 Safari/537.36; ClaudeBot/1.0; +claudebot@anthropic.com)"
18.190.158.49 - - [06/Jun/2026:00:19:54 +0200] "GET /robots.txt HTTP/1.1" 404 548 "-" "Mozilla/5.0 (Macintosh; Intel Mac OS X 10_15_7) AppleWebKit/537.36 (KHTML, like Gecko) Chrome/131.0.0.0 Safari/537.36; ClaudeBot/1.0; +claudebot@anthropic.com)"
18.190.158.49 - - [06/Jun/2026:00:19:54 +0200] "GET /robots.txt HTTP/1.1" 404 548 "-" "Mozilla/5.0 (Macintosh; Intel Mac OS X 10_15_7) AppleWebKit/537.36 (KHTML, like Gecko) Chrome/131.0.0.0 Safari/537.36; ClaudeBot/1.0; +claudebot@anthropic.com)"
18.190.158.49 - - [06/Jun/2026:00:19:54 +0200] "GET /robots.txt HTTP/1.1" 404 548 "-" "Mozilla/5.0 (Macintosh; Intel Mac OS X 10_15_7) AppleWebKit/537.36 (KHTML, like Gecko) Chrome/131.0.0.0 Safari/537.36; ClaudeBot/1.0; +claudebot@anthropic.com)"
18.190.158.49 - - [06/Jun/2026:00:19:54 +0200] "GET /robots.txt HTTP/1.1" 404 548 "-" "Mozilla/5.0 (Macintosh; Intel Mac OS X 10_15_7) AppleWebKit/537.36 (KHTML, like Gecko) Chrome/131.0.0.0 Safari/537.36; ClaudeBot/1.0; +claudebot@anthropic.com)"
18.190.158.49 - - [06/Jun/2026:00:19:54 +0200] "GET /robots.txt HTTP/1.1" 404 548 "-" "Mozilla/5.0 (Macintosh; Intel Mac OS X 10_15_7) AppleWebKit/537.36 (KHTML, like Gecko) Chrome/131.0.0.0 Safari/537.36; ClaudeBot/1.0; +claudebot@anthropic.com)"
18.190.158.49 - - [06/Jun/2026:00:19:54 +0200] "GET /web/wp-includes/js/jquery/jquery.min.js HTTP/1.1" 200 30646 "https://biocabaz.pt/web/produto/barra-maca-banana-12m-bio-25g-holle/" "Mozilla/5.0 (Macintosh; Intel Mac OS X 10_15_7) AppleWebKit/537.36 (KHTML, like Gecko) Chrome/131.0.0.0 Safari/537.36; ClaudeBot/1.0; +claudebot@anthropic.com)"
18.190.158.49 - - [06/Jun/2026:00:19:54 +0200] "GET /robots.txt HTTP/1.1" 404 548 "-" "Mozilla/5.0 (Macintosh; Intel Mac OS X 10_15_7) AppleWebKit/537.36 (KHTML, like Gecko) Chrome/131.0.0.0 Safari/537.36; ClaudeBot/1.0; +claudebot@anthropic.com)"
18.190.158.49 - - [06/Jun/2026:00:19:54 +0200] "GET /web/wp-includes/js/jquery/jquery-migrate.min.js HTTP/1.1" 200 4894 "https://biocabaz.pt/web/produto/barra-maca-banana-12m-bio-25g-holle/" "Mozilla/5.0 (Macintosh; Intel Mac OS X 10_15_7) AppleWebKit/537.36 (KHTML, like Gecko) Chrome/131.0.0.0 Safari/537.36; ClaudeBot/1.0; +claudebot@anthropic.com)"
18.190.158.49 - - [06/Jun/2026:00:19:54 +0200] "GET /robots.txt HTTP/1.1" 404 548 "-" "Mozilla/5.0 (Macintosh; Intel Mac OS X 10_15_7) AppleWebKit/537.36 (KHTML, like Gecko) Chrome/131.0.0.0 Safari/537.36; ClaudeBot/1.0; +claudebot@anthropic.com)"
18.190.158.49 - - [06/Jun/2026:00:19:54 +0200] "GET /web/wp-includes/js/dist/hooks.min.js HTTP/1.1" 200 1660 "https://biocabaz.pt/web/produto/barra-maca-banana-12m-bio-25g-holle/" "Mozilla/5.0 (Macintosh; Intel Mac OS X 10_15_7) AppleWebKit/537.36 (KHTML, like Gecko) Chrome/131.0.0.0 Safari/537.36; ClaudeBot/1.0; +claudebot@anthropic.com)"
18.190.158.49 - - [06/Jun/2026:00:19:54 +0200] "GET /robots.txt HTTP/1.1" 404 548 "-" "Mozilla/5.0 (Macintosh; Intel Mac OS X 10_15_7) AppleWebKit/537.36 (KHTML, like Gecko) Chrome/131.0.0.0 Safari/537.36; ClaudeBot/1.0; +claudebot@anthropic.com)"
18.190.158.49 - - [06/Jun/2026:00:19:54 +0200] "GET /robots.txt HTTP/1.1" 404 548 "-" "Mozilla/5.0 (Macintosh; Intel Mac OS X 10_15_7) AppleWebKit/537.36 (KHTML, like Gecko) Chrome/131.0.0.0 Safari/537.36; ClaudeBot/1.0; +claudebot@anthropic.com)"
18.190.158.49 - - [06/Jun/2026:00:19:54 +0200] "GET /robots.txt HTTP/1.1" 404 548 "-" "Mozilla/5.0 (Macintosh; Intel Mac OS X 10_15_7) AppleWebKit/537.36 (KHTML, like Gecko) Chrome/131.0.0.0 Safari/537.36; ClaudeBot/1.0; +claudebot@anthropic.com)"
18.190.158.49 - - [06/Jun/2026:00:19:54 +0200] "GET /robots.txt HTTP/1.1" 404 548 "-" "Mozilla/5.0 (Macintosh; Intel Mac OS X 10_15_7) AppleWebKit/537.36 (KHTML, like Gecko) Chrome/131.0.0.0 Safari/537.36; ClaudeBot/1.0; +claudebot@anthropic.com)"
18.190.158.49 - - [06/Jun/2026:00:19:54 +0200] "GET /robots.txt HTTP/1.1" 404 548 "-" "Mozilla/5.0 (Macintosh; Intel Mac OS X 10_15_7) AppleWebKit/537.36 (KHTML, like Gecko) Chrome/131.0.0.0 Safari/537.36; ClaudeBot/1.0; +claudebot@anthropic.com)"
18.190.158.49 - - [06/Jun/2026:00:19:54 +0200] "GET /robots.txt HTTP/1.1" 404 548 "-" "Mozilla/5.0 (Macintosh; Intel Mac OS X 10_15_7) AppleWebKit/537.36 (KHTML, like Gecko) Chrome/131.0.0.0 Safari/537.36; ClaudeBot/1.0; +claudebot@anthropic.com)"
18.190.158.49 - - [06/Jun/2026:00:19:54 +0200] "GET /robots.txt HTTP/1.1" 404 548 "-" "Mozilla/5.0 (Macintosh; Intel Mac OS X 10_15_7) AppleWebKit/537.36 (KHTML, like Gecko) Chrome/131.0.0.0 Safari/537.36; ClaudeBot/1.0; +claudebot@anthropic.com)"
18.190.158.49 - - [06/Jun/2026:00:19:54 +0200] "GET /robots.txt HTTP/1.1" 404 548 "-" "Mozilla/5.0 (Macintosh; Intel Mac OS X 10_15_7) AppleWebKit/537.36 (KHTML, like Gecko) Chrome/131.0.0.0 Safari/537.36; ClaudeBot/1.0; +claudebot@anthropic.com)"
18.190.158.49 - - [06/Jun/2026:00:19:54 +0200] "GET /robots.txt HTTP/1.1" 404 548 "-" "Mozilla/5.0 (Macintosh; Intel Mac OS X 10_15_7) AppleWebKit/537.36 (KHTML, like Gecko) Chrome/131.0.0.0 Safari/537.36; ClaudeBot/1.0; +claudebot@anthropic.com)"
18.190.158.49 - - [06/Jun/2026:00:19:54 +0200] "GET /robots.txt HTTP/1.1" 404 548 "-" "Mozilla/5.0 (Macintosh; Intel Mac OS X 10_15_7) AppleWebKit/537.36 (KHTML, like Gecko) Chrome/131.0.0.0 Safari/537.36; ClaudeBot/1.0; +claudebot@anthropic.com)"
18.190.158.49 - - [06/Jun/2026:00:19:54 +0200] "GET /robots.txt HTTP/1.1" 404 548 "-" "Mozilla/5.0 (Macintosh; Intel Mac OS X 10_15_7) AppleWebKit/537.36 (KHTML, like Gecko) Chrome/131.0.0.0 Safari/537.36; ClaudeBot/1.0; +claudebot@anthropic.com)"
18.190.158.49 - - [06/Jun/2026:00:19:54 +0200] "GET /robots.txt HTTP/1.1" 404 548 "-" "Mozilla/5.0 (Macintosh; Intel Mac OS X 10_15_7) AppleWebKit/537.36 (KHTML, like Gecko) Chrome/131.0.0.0 Safari/537.36; ClaudeBot/1.0; +claudebot@anthropic.com)"
18.190.158.49 - - [06/Jun/2026:00:19:54 +0200] "GET /robots.txt HTTP/1.1" 404 548 "-" "Mozilla/5.0 (Macintosh; Intel Mac OS X 10_15_7) AppleWebKit/537.36 (KHTML, like Gecko) Chrome/131.0.0.0 Safari/537.36; ClaudeBot/1.0; +claudebot@anthropic.com)"
18.190.158.49 - - [06/Jun/2026:00:19:54 +0200] "GET /robots.txt HTTP/1.1" 404 548 "-" "Mozilla/5.0 (Macintosh; Intel Mac OS X 10_15_7) AppleWebKit/537.36 (KHTML, like Gecko) Chrome/131.0.0.0 Safari/537.36; ClaudeBot/1.0; +claudebot@anthropic.com)"
18.190.158.49 - - [06/Jun/2026:00:19:54 +0200] "GET /robots.txt HTTP/1.1" 404 548 "-" "Mozilla/5.0 (Macintosh; Intel Mac OS X 10_15_7) AppleWebKit/537.36 (KHTML, like Gecko) Chrome/131.0.0.0 Safari/537.36; ClaudeBot/1.0; +claudebot@anthropic.com)"
18.190.158.49 - - [06/Jun/2026:00:19:54 +0200] "GET /robots.txt HTTP/1.1" 404 548 "-" "Mozilla/5.0 (Macintosh; Intel Mac OS X 10_15_7) AppleWebKit/537.36 (KHTML, like Gecko) Chrome/131.0.0.0 Safari/537.36; ClaudeBot/1.0; +claudebot@anthropic.com)"
18.190.158.49 - - [06/Jun/2026:00:19:54 +0200] "GET /robots.txt HTTP/1.1" 404 548 "-" "Mozilla/5.0 (Macintosh; Intel Mac OS X 10_15_7) AppleWebKit/537.36 (KHTML, like Gecko) Chrome/131.0.0.0 Safari/537.36; ClaudeBot/1.0; +claudebot@anthropic.com)"
18.190.158.49 - - [06/Jun/2026:00:19:54 +0200] "GET /robots.txt HTTP/1.1" 404 548 "-" "Mozilla/5.0 (Macintosh; Intel Mac OS X 10_15_7) AppleWebKit/537.36 (KHTML, like Gecko) Chrome/131.0.0.0 Safari/537.36; ClaudeBot/1.0; +claudebot@anthropic.com)"
18.190.158.49 - - [06/Jun/2026:00:19:54 +0200] "GET /robots.txt HTTP/1.1" 404 548 "-" "Mozilla/5.0 (Macintosh; Intel Mac OS X 10_15_7) AppleWebKit/537.36 (KHTML, like Gecko) Chrome/131.0.0.0 Safari/537.36; ClaudeBot/1.0; +claudebot@anthropic.com)"
18.190.158.49 - - [06/Jun/2026:00:19:54 +0200] "GET /robots.txt HTTP/1.1" 404 548 "-" "Mozilla/5.0 (Macintosh; Intel Mac OS X 10_15_7) AppleWebKit/537.36 (KHTML, like Gecko) Chrome/131.0.0.0 Safari/537.36; ClaudeBot/1.0; +claudebot@anthropic.com)"
18.190.158.49 - - [06/Jun/2026:00:19:54 +0200] "GET /robots.txt HTTP/1.1" 404 548 "-" "Mozilla/5.0 (Macintosh; Intel Mac OS X 10_15_7) AppleWebKit/537.36 (KHTML, like Gecko) Chrome/131.0.0.0 Safari/537.36; ClaudeBot/1.0; +claudebot@anthropic.com)"
18.190.158.49 - - [06/Jun/2026:00:19:54 +0200] "GET /robots.txt HTTP/1.1" 404 548 "-" "Mozilla/5.0 (Macintosh; Intel Mac OS X 10_15_7) AppleWebKit/537.36 (KHTML, like Gecko) Chrome/131.0.0.0 Safari/537.36; ClaudeBot/1.0; +claudebot@anthropic.com)"
18.190.158.49 - - [06/Jun/2026:00:19:54 +0200] "GET /robots.txt HTTP/1.1" 404 548 "-" "Mozilla/5.0 (Macintosh; Intel Mac OS X 10_15_7) AppleWebKit/537.36 (KHTML, like Gecko) Chrome/131.0.0.0 Safari/537.36; ClaudeBot/1.0; +claudebot@anthropic.com)"
18.190.158.49 - - [06/Jun/2026:00:19:54 +0200] "GET /robots.txt HTTP/1.1" 404 548 "-" "Mozilla/5.0 (Macintosh; Intel Mac OS X 10_15_7) AppleWebKit/537.36 (KHTML, like Gecko) Chrome/131.0.0.0 Safari/537.36; ClaudeBot/1.0; +claudebot@anthropic.com)"
18.190.158.49 - - [06/Jun/2026:00:19:54 +0200] "GET /web/wp-conteudos/plugins/userpro/css/up-fontawesome.css HTTP/1.1" 200 10233 "https://biocabaz.pt/web/produto/barra-maca-banana-12m-bio-25g-holle/" "Mozilla/5.0 (Macintosh; Intel Mac OS X 10_15_7) AppleWebKit/537.36 (KHTML, like Gecko) Chrome/131.0.0.0 Safari/537.36; ClaudeBot/1.0; +claudebot@anthropic.com)"
18.190.158.49 - - [06/Jun/2026:00:19:54 +0200] "GET /web/wp-conteudos/plugins/woocommerce-product-bundles/assets/css/frontend/woocommerce.css HTTP/1.1" 200 607 "https://biocabaz.pt/web/produto/barra-maca-banana-12m-bio-25g-holle/" "Mozilla/5.0 (Macintosh; Intel Mac OS X 10_15_7) AppleWebKit/537.36 (KHTML, like Gecko) Chrome/131.0.0.0 Safari/537.36; ClaudeBot/1.0; +claudebot@anthropic.com)"
18.190.158.49 - - [06/Jun/2026:00:19:54 +0200] "GET /web/wp-conteudos/themes/jupiter/header-builder/includes/assets/css/mkhb-row.css HTTP/1.1" 200 553 "https://biocabaz.pt/web/produto/barra-maca-banana-12m-bio-25g-holle/" "Mozilla/5.0 (Macintosh; Intel Mac OS X 10_15_7) AppleWebKit/537.36 (KHTML, like Gecko) Chrome/131.0.0.0 Safari/537.36; ClaudeBot/1.0; +claudebot@anthropic.com)"
18.190.158.49 - - [06/Jun/2026:00:19:54 +0200] "GET /web/wp-conteudos/plugins/userpro/addons/timeline/assets/css/timeline.css HTTP/1.1" 200 1159 "https://biocabaz.pt/web/produto/barra-maca-banana-12m-bio-25g-holle/" "Mozilla/5.0 (Macintosh; Intel Mac OS X 10_15_7) AppleWebKit/537.36 (KHTML, like Gecko) Chrome/131.0.0.0 Safari/537.36; ClaudeBot/1.0; +claudebot@anthropic.com)"
18.190.158.49 - - [06/Jun/2026:00:19:54 +0200] "GET /web/wp-conteudos/plugins/smart-marketing-for-wp/public/css/egoi-for-wp-public.css HTTP/1.1" 200 1173 "https://biocabaz.pt/web/produto/barra-maca-banana-12m-bio-25g-holle/" "Mozilla/5.0 (Macintosh; Intel Mac OS X 10_15_7) AppleWebKit/537.36 (KHTML, like Gecko) Chrome/131.0.0.0 Safari/537.36; ClaudeBot/1.0; +claudebot@anthropic.com)"
18.190.158.49 - - [06/Jun/2026:00:19:54 +0200] "GET /web/wp-conteudos/plugins/dhvc-form/assets/fonts/font-awesome/css/font-awesome.min.css HTTP/1.1" 200 4747 "https://biocabaz.pt/web/produto/barra-maca-banana-12m-bio-25g-holle/" "Mozilla/5.0 (Macintosh; Intel Mac OS X 10_15_7) AppleWebKit/537.36 (KHTML, like Gecko) Chrome/131.0.0.0 Safari/537.36; ClaudeBot/1.0; +claudebot@anthropic.com)"
18.190.158.49 - - [06/Jun/2026:00:19:55 +0200] "GET /web/wp-conteudos/themes/jupiter/header-builder/includes/assets/css/mkhb-render.css HTTP/1.1" 200 1156 "https://biocabaz.pt/web/produto/barra-maca-banana-12m-bio-25g-holle/" "Mozilla/5.0 (Macintosh; Intel Mac OS X 10_15_7) AppleWebKit/537.36 (KHTML, like Gecko) Chrome/131.0.0.0 Safari/537.36; ClaudeBot/1.0; +claudebot@anthropic.com)"
18.190.158.49 - - [06/Jun/2026:00:19:55 +0200] "GET /web/wp-conteudos/plugins/jupiter-donut/assets/css/shortcodes-styles.min.css HTTP/1.1" 200 58842 "https://biocabaz.pt/web/produto/barra-maca-banana-12m-bio-25g-holle/" "Mozilla/5.0 (Macintosh; Intel Mac OS X 10_15_7) AppleWebKit/537.36 (KHTML, like Gecko) Chrome/131.0.0.0 Safari/537.36; ClaudeBot/1.0; +claudebot@anthropic.com)"
18.190.158.49 - - [06/Jun/2026:00:19:55 +0200] "GET /web/wp-conteudos/plugins/woocommerce/assets/css/photoswipe/default-skin/default-skin.min.css HTTP/1.1" 200 1937 "https://biocabaz.pt/web/produto/barra-maca-banana-12m-bio-25g-holle/" "Mozilla/5.0 (Macintosh; Intel Mac OS X 10_15_7) AppleWebKit/537.36 (KHTML, like Gecko) Chrome/131.0.0.0 Safari/537.36; ClaudeBot/1.0; +claudebot@anthropic.com)"
18.190.158.49 - - [06/Jun/2026:00:19:55 +0200] "GET /web/wp-conteudos/plugins/woocommerce/packages/woocommerce-blocks/build/wc-blocks-vendors-style.css HTTP/1.1" 200 1987 "https://biocabaz.pt/web/produto/barra-maca-banana-12m-bio-25g-holle/" "Mozilla/5.0 (Macintosh; Intel Mac OS X 10_15_7) AppleWebKit/537.36 (KHTML, like Gecko) Chrome/131.0.0.0 Safari/537.36; ClaudeBot/1.0; +claudebot@anthropic.com)"
18.190.158.49 - - [06/Jun/2026:00:19:55 +0200] "GET /web/wp-conteudos/plugins/dhvc-form/assets/css/style.css HTTP/1.1" 200 3736 "https://biocabaz.pt/web/produto/barra-maca-banana-12m-bio-25g-holle/" "Mozilla/5.0 (Macintosh; Intel Mac OS X 10_15_7) AppleWebKit/537.36 (KHTML, like Gecko) Chrome/131.0.0.0 Safari/537.36; ClaudeBot/1.0; +claudebot@anthropic.com)"
18.190.158.49 - - [06/Jun/2026:00:19:55 +0200] "GET /web/wp-conteudos/plugins/cookie-notice/css/front.min.css HTTP/1.1" 200 1108 "https://biocabaz.pt/web/produto/barra-maca-banana-12m-bio-25g-holle/" "Mozilla/5.0 (Macintosh; Intel Mac OS X 10_15_7) AppleWebKit/537.36 (KHTML, like Gecko) Chrome/131.0.0.0 Safari/537.36; ClaudeBot/1.0; +claudebot@anthropic.com)"
18.190.158.49 - - [06/Jun/2026:00:19:55 +0200] "GET /web/wp-conteudos/uploads/mk_assets/theme-options-production-1780169976.css HTTP/1.1" 200 5907 "https://biocabaz.pt/web/produto/barra-maca-banana-12m-bio-25g-holle/" "Mozilla/5.0 (Macintosh; Intel Mac OS X 10_15_7) AppleWebKit/537.36 (KHTML, like Gecko) Chrome/131.0.0.0 Safari/537.36; ClaudeBot/1.0; +claudebot@anthropic.com)"
18.190.158.49 - - [06/Jun/2026:00:19:55 +0200] "GET /web/wp-conteudos/themes/jupiter/header-builder/includes/assets/css/mkhb-column.css HTTP/1.1" 200 833 "https://biocabaz.pt/web/produto/barra-maca-banana-12m-bio-25g-holle/" "Mozilla/5.0 (Macintosh; Intel Mac OS X 10_15_7) AppleWebKit/537.36 (KHTML, like Gecko) Chrome/131.0.0.0 Safari/537.36; ClaudeBot/1.0; +claudebot@anthropic.com)"
18.190.158.49 - - [06/Jun/2026:00:19:55 +0200] "GET /web/wp-conteudos/plugins/woo-keyinvoice-integration/public/css/woo-keyinvoice-integration-public.css HTTP/1.1" 200 98 "https://biocabaz.pt/web/produto/barra-maca-banana-12m-bio-25g-holle/" "Mozilla/5.0 (Macintosh; Intel Mac OS X 10_15_7) AppleWebKit/537.36 (KHTML, like Gecko) Chrome/131.0.0.0 Safari/537.36; ClaudeBot/1.0; +claudebot@anthropic.com)"
18.190.158.49 - - [06/Jun/2026:00:19:55 +0200] "GET /web/wp-conteudos/plugins/woocommerce/packages/woocommerce-blocks/build/wc-blocks-style.css HTTP/1.1" 200 25428 "https://biocabaz.pt/web/produto/barra-maca-banana-12m-bio-25g-holle/" "Mozilla/5.0 (Macintosh; Intel Mac OS X 10_15_7) AppleWebKit/537.36 (KHTML, like Gecko) Chrome/131.0.0.0 Safari/537.36; ClaudeBot/1.0; +claudebot@anthropic.com)"
