198.235.24.225 - - [06/Jun/2026:02:04:44 +0200] "\x16\x03\x01\x00\xCA\x01\x00\x00\xC6\x03\x03Q\xECAuD\xFB\x9A\xC5\xC1\xFFQ\xD2\xFB\x8B=eY\x88\xE2.NC\xB9a\xFDB\xCF\xDE\xC5\x05\x15\x18\x00\x00h\xCC\x14\xCC\x13\xC0/\xC0+\xC00\xC0,\xC0\x11\xC0\x07\xC0'\xC0#\xC0\x13\xC0\x09\xC0(\xC0$\xC0\x14\xC0" 400 150 "-" "-"
198.235.24.225 - - [06/Jun/2026:02:04:44 +0200] "\x16\x03\x01\x00\xEE\x01\x00\x00\xEA\x03\x03\x1E\x18\x1DR>\xD0=\xE0\xC2\x03%f\xE5\xEC\x1Cv3\x87f\xA0\x12cm\xDF\xD6Mi\xD6\xDD:\xCEC \xCD\x81\xEE'_\x89" 400 150 "-" "-"
3.134.81.131 - - [06/Jun/2026:02:04:44 +0200] "POST /web/en/?wc-ajax=get_refreshed_fragments HTTP/1.1" 200 630 "https://www.biocabaz.pt/web/en/produto/and-iogurte-frambuesa-sabugueiro-400g-copo/" "Mozilla/5.0 (Macintosh; Intel Mac OS X 10_15_7) AppleWebKit/537.36 (KHTML, like Gecko) Chrome/131.0.0.0 Safari/537.36; ClaudeBot/1.0; +claudebot@anthropic.com)"
3.134.81.131 - - [06/Jun/2026:02:04:44 +0200] "GET /web/wp-conteudos/themes/jupiter/assets/js/plugins/async/min/minigrid.js HTTP/1.1" 200 1053 "https://www.biocabaz.pt/web/en/produto/and-iogurte-frambuesa-sabugueiro-400g-copo/" "Mozilla/5.0 (Macintosh; Intel Mac OS X 10_15_7) AppleWebKit/537.36 (KHTML, like Gecko) Chrome/131.0.0.0 Safari/537.36; ClaudeBot/1.0; +claudebot@anthropic.com)"
3.134.81.131 - - [06/Jun/2026:02:04:44 +0200] "GET /web/wp-conteudos/themes/jupiter/assets/js/plugins/async/min/jquery.flexslider.js HTTP/1.1" 200 7414 "https://www.biocabaz.pt/web/en/produto/and-iogurte-frambuesa-sabugueiro-400g-copo/" "Mozilla/5.0 (Macintosh; Intel Mac OS X 10_15_7) AppleWebKit/537.36 (KHTML, like Gecko) Chrome/131.0.0.0 Safari/537.36; ClaudeBot/1.0; +claudebot@anthropic.com)"
114.119.148.233 - - [06/Jun/2026:02:04:52 +0200] "GET /web/shop/page/2?doing_wp_cron=1681283685.7396359443664550781250 HTTP/1.1" 301 5 "https://www.biocabaz.pt/web/shop?doing_wp_cron=1681283685.7396359443664550781250" "Mozilla/5.0 (Linux; Android 7.0;) AppleWebKit/537.36 (HTML, like Gecko) Mobile Safari/537.36 (compatible; PetalBot;+https://webmaster.petalsearch.com/site/petalbot)"
114.119.148.233 - - [06/Jun/2026:02:04:53 +0200] "GET /web/shop/page/2/?doing_wp_cron=1681283685.7396359443664550781250 HTTP/1.1" 200 32643 "https://www.biocabaz.pt/web/shop?doing_wp_cron=1681283685.7396359443664550781250" "Mozilla/5.0 (Linux; Android 7.0;) AppleWebKit/537.36 (HTML, like Gecko) Mobile Safari/537.36 (compatible; PetalBot;+https://webmaster.petalsearch.com/site/petalbot)"
216.73.216.253 - - [06/Jun/2026:02:04:56 +0200] "GET /web/en/wp-json/oembed/1.0/embed?format=xml&url=https%3A%2F%2Fwww.biocabaz.pt%2Fweb%2Fen%2Fproduto%2Ftamaras-medjol-125g%2F HTTP/1.1" 200 1357 "-" "Mozilla/5.0 AppleWebKit/537.36 (KHTML, like Gecko; compatible; ClaudeBot/1.0; +claudebot@anthropic.com)"
216.73.216.253 - - [06/Jun/2026:02:04:56 +0200] "GET /web/produto/figo-da-india-bio-nacional HTTP/1.1" 301 5 "-" "Mozilla/5.0 AppleWebKit/537.36 (KHTML, like Gecko; compatible; ClaudeBot/1.0; +claudebot@anthropic.com)"
216.73.216.253 - - [06/Jun/2026:02:04:58 +0200] "GET /web/produto/figo-da-india-bio-nacional/ HTTP/1.1" 200 38866 "https://www.biocabaz.pt/web/produto/figo-da-india-bio-nacional" "Mozilla/5.0 AppleWebKit/537.36 (KHTML, like Gecko; compatible; ClaudeBot/1.0; +claudebot@anthropic.com)"
216.73.216.253 - - [06/Jun/2026:02:04:59 +0200] "GET /web/categoria-produto/mercearia/?doing_wp_cron=1696354708.5158479213714599609375 HTTP/1.1" 200 32526 "-" "Mozilla/5.0 AppleWebKit/537.36 (KHTML, like Gecko; compatible; ClaudeBot/1.0; +claudebot@anthropic.com)"
75.119.139.177 - - [06/Jun/2026:02:05:01 +0200] "GET /web/ HTTP/1.0" 200 217437 "-" "-"
75.119.139.177 - - [06/Jun/2026:02:05:01 +0200] "GET /web/en/ HTTP/1.0" 200 210742 "-" "-"
220.181.108.159 - - [06/Jun/2026:02:05:01 +0200] "GET /web/shop/page/55/?doing_wp_cron=1765236024.5104908943176269531250 HTTP/1.1" 200 32502 "-" "Mozilla/5.0 (compatible; Baiduspider/2.0; +http://www.baidu.com/search/spider.html)"
216.73.216.253 - - [06/Jun/2026:02:05:02 +0200] "GET /web/en/wp-json/oembed/1.0/embed?url=https%3A%2F%2Fwww.biocabaz.pt%2Fweb%2Fen%2Fproduto%2Ftamaras-medjol-125g%2F HTTP/1.1" 200 1316 "-" "Mozilla/5.0 AppleWebKit/537.36 (KHTML, like Gecko; compatible; ClaudeBot/1.0; +claudebot@anthropic.com)"
40.77.167.38 - - [06/Jun/2026:02:05:02 +0200] "GET /web/en/massa-feliciabio-esparguete-milho-e-arroz HTTP/1.1" 301 5 "-" "Mozilla/5.0 AppleWebKit/537.36 (KHTML, like Gecko; compatible; bingbot/2.0; +http://www.bing.com/bingbot.htm) Chrome/116.0.1938.76 Safari/537.36"
75.119.139.177 - - [06/Jun/2026:02:05:03 +0200] "GET /web/profile/login/ HTTP/1.0" 200 187408 "-" "-"
114.119.135.182 - - [06/Jun/2026:02:05:04 +0200] "GET /web/en/shop/page/26/?doing_wp_cron=1733667652.3011410236358642578125 HTTP/1.1" 200 32706 "https://www.biocabaz.pt/web/en/shop/page/27/?doing_wp_cron=1773852278.2596430778503417968750" "Mozilla/5.0 (Linux; Android 7.0;) AppleWebKit/537.36 (HTML, like Gecko) Mobile Safari/537.36 (compatible; PetalBot;+https://webmaster.petalsearch.com/site/petalbot)"
40.77.167.38 - - [06/Jun/2026:02:05:05 +0200] "GET /web/en/massa-feliciabio-esparguete-milho-e-arroz/ HTTP/1.1" 200 37565 "-" "Mozilla/5.0 AppleWebKit/537.36 (KHTML, like Gecko; compatible; bingbot/2.0; +http://www.bing.com/bingbot.htm) Chrome/116.0.1938.76 Safari/537.36"
75.119.139.177 - - [06/Jun/2026:02:05:06 +0200] "GET /web/profile/register/ HTTP/1.0" 200 229404 "-" "-"
75.119.139.177 - - [06/Jun/2026:02:05:06 +0200] "GET /web/ HTTP/1.0" 200 217437 "-" "-"
220.181.108.166 - - [06/Jun/2026:02:05:06 +0200] "GET /web/en/shop/page/4/?doing_wp_cron=1774363538.0527570247650146484375 HTTP/1.1" 200 33092 "-" "Mozilla/5.0 (compatible; Baiduspider/2.0; +http://www.baidu.com/search/spider.html)"
75.119.139.177 - - [06/Jun/2026:02:05:08 +0200] "GET /web/?page_id=2718 HTTP/1.0" 404 134054 "-" "-"
75.119.139.177 - - [06/Jun/2026:02:05:08 +0200] "GET /web/cabazes-da-semana/ HTTP/1.0" 200 351629 "-" "-"
75.119.139.177 - - [06/Jun/2026:02:05:08 +0200] "GET /web/cabazes-da-semana-2/ HTTP/1.0" 200 278210 "-" "-"
75.119.139.177 - - [06/Jun/2026:02:05:08 +0200] "GET /web/categoria-produto/frescos/ HTTP/1.0" 200 197152 "-" "-"
75.119.139.177 - - [06/Jun/2026:02:05:08 +0200] "GET /web/categoria-produto/frescos/frutas/ HTTP/1.0" 200 191804 "-" "-"
75.119.139.177 - - [06/Jun/2026:02:05:08 +0200] "GET /web/categoria-produto/frescos/legumes/ HTTP/1.0" 200 191802 "-" "-"
75.119.139.177 - - [06/Jun/2026:02:05:08 +0200] "GET /web/categoria-produto/frescos/aromaticas/ HTTP/1.0" 200 176832 "-" "-"
75.119.139.177 - - [06/Jun/2026:02:05:08 +0200] "GET /web/categoria-produto/laticinios-e-substitutos/ovos/ HTTP/1.0" 200 141640 "-" "-"
75.119.139.177 - - [06/Jun/2026:02:05:08 +0200] "GET /web/categoria-produto/frescos/padaria/ HTTP/1.0" 200 197104 "-" "-"
75.119.139.177 - - [06/Jun/2026:02:05:08 +0200] "GET /web/categoria-produto/frescos/peixaria/ HTTP/1.0" 200 197334 "-" "-"
75.119.139.177 - - [06/Jun/2026:02:05:08 +0200] "GET /web/categoria-produto/frescos/talho-biologico/ HTTP/1.0" 200 197021 "-" "-"
75.119.139.177 - - [06/Jun/2026:02:05:08 +0200] "GET /web/categoria-produto/frescos/charcutaria/ HTTP/1.0" 200 158719 "-" "-"
75.119.139.177 - - [06/Jun/2026:02:05:08 +0200] "GET /web/categoria-produto/mercearia/ HTTP/1.0" 200 194104 "-" "-"
75.119.139.177 - - [06/Jun/2026:02:05:08 +0200] "GET /web/categoria-produto/mercearia/acucar/ HTTP/1.0" 200 178086 "-" "-"
75.119.139.177 - - [06/Jun/2026:02:05:08 +0200] "GET /web/categoria-produto/mercearia/arroz-farinha/ HTTP/1.0" 200 222903 "-" "-"
75.119.139.177 - - [06/Jun/2026:02:05:08 +0200] "GET /web/categoria-produto/mercearia/azeite-oleo-vinagre/ HTTP/1.0" 200 192763 "-" "-"
75.119.139.177 - - [06/Jun/2026:02:05:08 +0200] "GET /web/categoria-produto/mercearia/bolachas_e_snacks/ HTTP/1.0" 200 195812 "-" "-"
75.119.139.177 - - [06/Jun/2026:02:05:08 +0200] "GET /web/categoria-produto/mercearia/cafes-chas-e-infusoes/ HTTP/1.0" 200 195579 "-" "-"
75.119.139.177 - - [06/Jun/2026:02:05:08 +0200] "GET /web/categoria-produto/mercearia/cereais/ HTTP/1.0" 200 198530 "-" "-"
75.119.139.177 - - [06/Jun/2026:02:05:08 +0200] "GET /web/categoria-produto/mercearia/chocolates/ HTTP/1.0" 200 195215 "-" "-"
75.119.139.177 - - [06/Jun/2026:02:05:08 +0200] "GET /web/categoria-produto/mercearia/compotas-e-mel/ HTTP/1.0" 200 194580 "-" "-"
75.119.139.177 - - [06/Jun/2026:02:05:08 +0200] "GET /web/categoria-produto/mercearia/conservas/ HTTP/1.0" 200 192814 "-" "-"
75.119.139.177 - - [06/Jun/2026:02:05:08 +0200] "GET /web/categoria-produto/mercearia/frutos-secos/ HTTP/1.0" 200 195873 "-" "-"
75.119.139.177 - - [06/Jun/2026:02:05:08 +0200] "GET /web/categoria-produto/mercearia/leguminosas/ HTTP/1.0" 200 200954 "-" "-"
75.119.139.177 - - [06/Jun/2026:02:05:08 +0200] "GET /web/categoria-produto/mercearia/massas/ HTTP/1.0" 200 195896 "-" "-"
75.119.139.177 - - [06/Jun/2026:02:05:08 +0200] "GET /web/categoria-produto/mercearia/sal-especiarias-temperos/ HTTP/1.0" 200 194831 "-" "-"
75.119.139.177 - - [06/Jun/2026:02:05:08 +0200] "GET /web/categoria-produto/laticinios-e-substitutos/ HTTP/1.0" 200 194870 "-" "-"
75.119.139.177 - - [06/Jun/2026:02:05:08 +0200] "GET /web/categoria-produto/laticinios-e-substitutos/iogurtes/ HTTP/1.0" 200 192569 "-" "-"
75.119.139.177 - - [06/Jun/2026:02:05:08 +0200] "GET /web/categoria-produto/laticinios-e-substitutos/leites-bebidas-vegetais/ HTTP/1.0" 200 196815 "-" "-"
75.119.139.177 - - [06/Jun/2026:02:05:08 +0200] "GET /web/categoria-produto/laticinios-e-substitutos/manteigas-cremes-para-barrar/ HTTP/1.0" 200 196477 "-" "-"
75.119.139.177 - - [06/Jun/2026:02:05:08 +0200] "GET /web/categoria-produto/laticinios-e-substitutos/queijos-e-natas/ HTTP/1.0" 200 194839 "-" "-"
75.119.139.177 - - [06/Jun/2026:02:05:08 +0200] "GET /web/categoria-produto/bebidas/ HTTP/1.0" 200 201600 "-" "-"
75.119.139.177 - - [06/Jun/2026:02:05:08 +0200] "GET /web/categoria-produto/bebidas/aguas/ HTTP/1.0" 200 164303 "-" "-"
75.119.139.177 - - [06/Jun/2026:02:05:08 +0200] "GET /web/categoria-produto/bebidas/sumos/ HTTP/1.0" 200 174667 "-" "-"
75.119.139.177 - - [06/Jun/2026:02:05:09 +0200] "GET /web/categoria-produto/bebidas/vinho/ HTTP/1.0" 200 190209 "-" "-"
75.119.139.177 - - [06/Jun/2026:02:05:09 +0200] "GET /web/categoria-produto/bebes-e-criancas/ HTTP/1.0" 200 200039 "-" "-"
75.119.139.177 - - [06/Jun/2026:02:05:09 +0200] "GET /web/categoria-produto/bebes-e-criancas/leites/ HTTP/1.0" 200 159277 "-" "-"
75.119.139.177 - - [06/Jun/2026:02:05:09 +0200] "GET /web/categoria-produto/bebes-e-criancas/papas/ HTTP/1.0" 200 173919 "-" "-"
75.119.139.177 - - [06/Jun/2026:02:05:09 +0200] "GET /web/categoria-produto/bebes-e-criancas/refeicoes-prontas/ HTTP/1.0" 200 160051 "-" "-"
75.119.139.177 - - [06/Jun/2026:02:05:09 +0200] "GET /web/categoria-produto/bebes-e-criancas/sumos-snacks/ HTTP/1.0" 200 201165 "-" "-"
75.119.139.177 - - [06/Jun/2026:02:05:09 +0200] "GET /web/categoria-produto/sem-gluten-e-superalimentos/vegetariano-e-vegan-sem-gluten-e-superalimentos/ HTTP/1.0" 200 197730 "-" "-"
75.119.139.177 - - [06/Jun/2026:02:05:09 +0200] "GET /web/categoria-produto/sem-gluten-e-superalimentos/alimentos-sem-gluten/ HTTP/1.0" 200 226131 "-" "-"
75.119.139.177 - - [06/Jun/2026:02:05:09 +0200] "GET /web/categoria-produto/sem-gluten-e-superalimentos/superalimentos/ HTTP/1.0" 200 187925 "-" "-"
75.119.139.177 - - [06/Jun/2026:02:05:09 +0200] "GET /web/categoria-produto/saude-e-bem-estar/suplementos/ HTTP/1.0" 200 198383 "-" "-"
75.119.139.177 - - [06/Jun/2026:02:05:09 +0200] "GET /web/categoria-produto/higiene-e-beleza/cabelo/ HTTP/1.0" 200 195007 "-" "-"
75.119.139.177 - - [06/Jun/2026:02:05:09 +0200] "GET /web/categoria-produto/higiene-e-beleza/corpo/ HTTP/1.0" 200 174918 "-" "-"
75.119.139.177 - - [06/Jun/2026:02:05:09 +0200] "GET /web/categoria-produto/higiene-e-beleza/higiene-intima/ HTTP/1.0" 200 189346 "-" "-"
75.119.139.177 - - [06/Jun/2026:02:05:09 +0200] "GET /web/categoria-produto/higiene-e-beleza/higiene-oral/ HTTP/1.0" 200 194706 "-" "-"
75.119.139.177 - - [06/Jun/2026:02:05:09 +0200] "GET /web/categoria-produto/higiene-e-beleza/solares/ HTTP/1.0" 200 155971 "-" "-"
75.119.139.177 - - [06/Jun/2026:02:05:09 +0200] "GET /web/categoria-produto/limpeza-da-casa/casa-e-cozinha/ HTTP/1.0" 200 196792 "-" "-"
116.179.37.154 - - [06/Jun/2026:02:05:09 +0200] "POST /web/?wc-ajax=get_refreshed_fragments HTTP/1.1" 200 625 "https://biocabaz.pt/web/shop/page/55/?doing_wp_cron=1765236024.5104908943176269531250" "Mozilla/5.0 (compatible; Baiduspider-render/2.0; +http://www.baidu.com/search/spider.html)"
75.119.139.177 - - [06/Jun/2026:02:05:09 +0200] "GET /web/categoria-produto/limpeza-da-casa/casa-de-banho/ HTTP/1.0" 200 149357 "-" "-"
75.119.139.177 - - [06/Jun/2026:02:05:09 +0200] "GET /web/categoria-produto/limpeza-da-casa/roupa/ HTTP/1.0" 200 151809 "-" "-"
75.119.139.177 - - [06/Jun/2026:02:05:10 +0200] "GET /web/?s HTTP/1.0" 302 1 "-" "-"
75.119.139.177 - - [06/Jun/2026:02:05:12 +0200] "GET /web/?s&doing_wp_cron=1780704310.8718130588531494140625 HTTP/1.0" 200 171640 "-" "-"
75.119.139.177 - - [06/Jun/2026:02:05:14 +0200] "GET /web/cart/ HTTP/1.0" 302 91 "-" "-"
75.119.139.177 - - [06/Jun/2026:02:05:15 +0200] "POST /wp-cron.php?doing_wp_cron=1780704315.8178451061248779296875 HTTP/1.1" 200 31 "-" "WordPress/6.9; https://www.fomento-sgoic.pt"
57.141.20.8 - - [06/Jun/2026:02:05:15 +0200] "GET /products/22209729/ HTTP/1.1" 301 5 "-" "meta-externalagent/1.1 (+https://developers.facebook.com/docs/sharing/webmasters/crawler)"
75.119.139.177 - - [06/Jun/2026:02:05:16 +0200] "GET /web/cart/?doing_wp_cron=1780704314.4119930267333984375000 HTTP/1.0" 200 180290 "-" "-"
75.119.139.177 - - [06/Jun/2026:02:05:16 +0200] "GET /web/produto/figo-bio/ HTTP/1.0" 200 203500 "-" "-"
75.119.139.177 - - [06/Jun/2026:02:05:16 +0200] "GET /web/produto/nectarina-bio/ HTTP/1.0" 200 201036 "-" "-"
75.119.139.177 - - [06/Jun/2026:02:05:16 +0200] "GET /web/produto/banana-da-madeira-bio/ HTTP/1.0" 200 202215 "-" "-"
75.119.139.177 - - [06/Jun/2026:02:05:16 +0200] "GET /web/produto/pepino-bio/ HTTP/1.0" 200 204645 "-" "-"
75.119.139.177 - - [06/Jun/2026:02:05:16 +0200] "GET /web/produto/courgete-bio/ HTTP/1.0" 200 202879 "-" "-"
75.119.139.177 - - [06/Jun/2026:02:05:16 +0200] "GET /web/produto/morango-bio/ HTTP/1.0" 200 204560 "-" "-"
75.119.139.177 - - [06/Jun/2026:02:05:16 +0200] "GET /web/quem-somos/ HTTP/1.0" 200 177794 "-" "-"
75.119.139.177 - - [06/Jun/2026:02:05:16 +0200] "GET /web/avisos-legais/ HTTP/1.0" 200 180474 "-" "-"
75.119.139.177 - - [06/Jun/2026:02:05:16 +0200] "GET /web/privacidade/ HTTP/1.0" 200 184549 "-" "-"
75.119.139.177 - - [06/Jun/2026:02:05:16 +0200] "GET /web/cartaopontos/ HTTP/1.0" 200 179128 "-" "-"
75.119.139.177 - - [06/Jun/2026:02:05:16 +0200] "GET /web/como-encomendar/ HTTP/1.0" 200 181883 "-" "-"
75.119.139.177 - - [06/Jun/2026:02:05:16 +0200] "GET /web/horarios-locais-e-prazos-de-entrega/ HTTP/1.0" 200 180202 "-" "-"
75.119.139.177 - - [06/Jun/2026:02:05:16 +0200] "GET /web/politica-de-cancelamento/ HTTP/1.0" 200 177387 "-" "-"
75.119.139.177 - - [06/Jun/2026:02:05:16 +0200] "GET /web/contactos/ HTTP/1.0" 200 179863 "-" "-"
75.119.139.177 - - [06/Jun/2026:02:05:16 +0200] "GET /web/ HTTP/1.0" 200 216745 "-" "-"
75.119.139.177 - - [06/Jun/2026:02:05:16 +0200] "GET /web/en/ HTTP/1.0" 200 209770 "-" "-"
75.119.139.177 - - [06/Jun/2026:02:05:18 +0200] "GET /web/profile/login/ HTTP/1.0" 200 187379 "-" "-"
114.119.132.57 - - [06/Jun/2026:02:05:19 +0200] "GET /web/categoria-produto/mercearia/conservas/?doing_wp_cron=1707486689.5654070377349853515625 HTTP/1.1" 200 31927 "https://www.biocabaz.pt/web/categoria-produto/mercearia/conservas/?doing_wp_cron=1707486689.5654070377349853515625" "Mozilla/5.0 (Linux; Android 7.0;) AppleWebKit/537.36 (HTML, like Gecko) Mobile Safari/537.36 (compatible; PetalBot;+https://webmaster.petalsearch.com/site/petalbot)"
75.119.139.177 - - [06/Jun/2026:02:05:20 +0200] "GET /web/profile/register/ HTTP/1.0" 200 229312 "-" "-"
75.119.139.177 - - [06/Jun/2026:02:05:20 +0200] "GET /web/ HTTP/1.0" 200 216745 "-" "-"
216.73.216.253 - - [06/Jun/2026:02:05:21 +0200] "GET /web/produto/tamaras-medjol-125g/?add-to-cart=737 HTTP/1.1" 200 39405 "-" "Mozilla/5.0 AppleWebKit/537.36 (KHTML, like Gecko; compatible; ClaudeBot/1.0; +claudebot@anthropic.com)"
75.119.139.177 - - [06/Jun/2026:02:05:22 +0200] "GET /web/?page_id=2718 HTTP/1.0" 404 133488 "-" "-"
75.119.139.177 - - [06/Jun/2026:02:05:22 +0200] "GET /web/cabazes-da-semana/ HTTP/1.0" 200 351629 "-" "-"
75.119.139.177 - - [06/Jun/2026:02:05:22 +0200] "GET /web/cabazes-da-semana-2/ HTTP/1.0" 200 278210 "-" "-"
75.119.139.177 - - [06/Jun/2026:02:05:22 +0200] "GET /web/categoria-produto/frescos/ HTTP/1.0" 200 196361 "-" "-"
75.119.139.177 - - [06/Jun/2026:02:05:22 +0200] "GET /web/categoria-produto/frescos/frutas/ HTTP/1.0" 200 191030 "-" "-"
75.119.139.177 - - [06/Jun/2026:02:05:22 +0200] "GET /web/categoria-produto/frescos/legumes/ HTTP/1.0" 200 191020 "-" "-"
75.119.139.177 - - [06/Jun/2026:02:05:22 +0200] "GET /web/categoria-produto/frescos/aromaticas/ HTTP/1.0" 200 176114 "-" "-"
75.119.139.177 - - [06/Jun/2026:02:05:22 +0200] "GET /web/categoria-produto/laticinios-e-substitutos/ovos/ HTTP/1.0" 200 141054 "-" "-"
75.119.139.177 - - [06/Jun/2026:02:05:22 +0200] "GET /web/categoria-produto/frescos/padaria/ HTTP/1.0" 200 196333 "-" "-"
75.119.139.177 - - [06/Jun/2026:02:05:22 +0200] "GET /web/categoria-produto/frescos/peixaria/ HTTP/1.0" 200 197118 "-" "-"
75.119.139.177 - - [06/Jun/2026:02:05:22 +0200] "GET /web/categoria-produto/frescos/talho-biologico/ HTTP/1.0" 200 196250 "-" "-"
75.119.139.177 - - [06/Jun/2026:02:05:22 +0200] "GET /web/categoria-produto/frescos/charcutaria/ HTTP/1.0" 200 158087 "-" "-"
75.119.139.177 - - [06/Jun/2026:02:05:22 +0200] "GET /web/categoria-produto/mercearia/ HTTP/1.0" 200 195197 "-" "-"
75.119.139.177 - - [06/Jun/2026:02:05:22 +0200] "GET /web/categoria-produto/mercearia/acucar/ HTTP/1.0" 200 177383 "-" "-"
75.119.139.177 - - [06/Jun/2026:02:05:22 +0200] "GET /web/categoria-produto/mercearia/arroz-farinha/ HTTP/1.0" 200 222128 "-" "-"
75.119.139.177 - - [06/Jun/2026:02:05:22 +0200] "GET /web/categoria-produto/mercearia/azeite-oleo-vinagre/ HTTP/1.0" 200 192024 "-" "-"
75.119.139.177 - - [06/Jun/2026:02:05:22 +0200] "GET /web/categoria-produto/mercearia/bolachas_e_snacks/ HTTP/1.0" 200 195034 "-" "-"
75.119.139.177 - - [06/Jun/2026:02:05:22 +0200] "GET /web/categoria-produto/mercearia/cafes-chas-e-infusoes/ HTTP/1.0" 200 194805 "-" "-"
75.119.139.177 - - [06/Jun/2026:02:05:22 +0200] "GET /web/categoria-produto/mercearia/cereais/ HTTP/1.0" 200 197749 "-" "-"
75.119.139.177 - - [06/Jun/2026:02:05:22 +0200] "GET /web/categoria-produto/mercearia/chocolates/ HTTP/1.0" 200 194438 "-" "-"
75.119.139.177 - - [06/Jun/2026:02:05:22 +0200] "GET /web/categoria-produto/mercearia/compotas-e-mel/ HTTP/1.0" 200 193806 "-" "-"
75.119.139.177 - - [06/Jun/2026:02:05:22 +0200] "GET /web/categoria-produto/mercearia/conservas/ HTTP/1.0" 200 192033 "-" "-"
75.119.139.177 - - [06/Jun/2026:02:05:22 +0200] "GET /web/categoria-produto/mercearia/frutos-secos/ HTTP/1.0" 200 195099 "-" "-"
75.119.139.177 - - [06/Jun/2026:02:05:22 +0200] "GET /web/categoria-produto/mercearia/leguminosas/ HTTP/1.0" 200 200180 "-" "-"
75.119.139.177 - - [06/Jun/2026:02:05:22 +0200] "GET /web/categoria-produto/mercearia/massas/ HTTP/1.0" 200 195119 "-" "-"
75.119.139.177 - - [06/Jun/2026:02:05:22 +0200] "GET /web/categoria-produto/mercearia/sal-especiarias-temperos/ HTTP/1.0" 200 194049 "-" "-"
75.119.139.177 - - [06/Jun/2026:02:05:22 +0200] "GET /web/categoria-produto/laticinios-e-substitutos/ HTTP/1.0" 200 193418 "-" "-"
75.119.139.177 - - [06/Jun/2026:02:05:22 +0200] "GET /web/categoria-produto/laticinios-e-substitutos/iogurtes/ HTTP/1.0" 200 192262 "-" "-"
75.119.139.177 - - [06/Jun/2026:02:05:22 +0200] "GET /web/categoria-produto/laticinios-e-substitutos/leites-bebidas-vegetais/ HTTP/1.0" 200 196038 "-" "-"
75.119.139.177 - - [06/Jun/2026:02:05:22 +0200] "GET /web/categoria-produto/laticinios-e-substitutos/manteigas-cremes-para-barrar/ HTTP/1.0" 200 195703 "-" "-"
75.119.139.177 - - [06/Jun/2026:02:05:22 +0200] "GET /web/categoria-produto/laticinios-e-substitutos/queijos-e-natas/ HTTP/1.0" 200 194073 "-" "-"
75.119.139.177 - - [06/Jun/2026:02:05:22 +0200] "GET /web/categoria-produto/bebidas/ HTTP/1.0" 200 200353 "-" "-"
75.119.139.177 - - [06/Jun/2026:02:05:22 +0200] "GET /web/categoria-produto/bebidas/aguas/ HTTP/1.0" 200 164064 "-" "-"
75.119.139.177 - - [06/Jun/2026:02:05:22 +0200] "GET /web/categoria-produto/bebidas/sumos/ HTTP/1.0" 200 173973 "-" "-"
75.119.139.177 - - [06/Jun/2026:02:05:22 +0200] "GET /web/categoria-produto/bebidas/vinho/ HTTP/1.0" 200 189482 "-" "-"
75.119.139.177 - - [06/Jun/2026:02:05:22 +0200] "GET /web/categoria-produto/bebes-e-criancas/ HTTP/1.0" 200 199261 "-" "-"
75.119.139.177 - - [06/Jun/2026:02:05:22 +0200] "GET /web/categoria-produto/bebes-e-criancas/leites/ HTTP/1.0" 200 158631 "-" "-"
75.119.139.177 - - [06/Jun/2026:02:05:22 +0200] "GET /web/categoria-produto/bebes-e-criancas/papas/ HTTP/1.0" 200 173249 "-" "-"
75.119.139.177 - - [06/Jun/2026:02:05:22 +0200] "GET /web/categoria-produto/bebes-e-criancas/refeicoes-prontas/ HTTP/1.0" 200 159405 "-" "-"
75.119.139.177 - - [06/Jun/2026:02:05:22 +0200] "GET /web/categoria-produto/bebes-e-criancas/sumos-snacks/ HTTP/1.0" 200 200391 "-" "-"
75.119.139.177 - - [06/Jun/2026:02:05:22 +0200] "GET /web/categoria-produto/sem-gluten-e-superalimentos/vegetariano-e-vegan-sem-gluten-e-superalimentos/ HTTP/1.0" 200 196955 "-" "-"
75.119.139.177 - - [06/Jun/2026:02:05:22 +0200] "GET /web/categoria-produto/sem-gluten-e-superalimentos/alimentos-sem-gluten/ HTTP/1.0" 200 225346 "-" "-"
75.119.139.177 - - [06/Jun/2026:02:05:22 +0200] "GET /web/categoria-produto/sem-gluten-e-superalimentos/superalimentos/ HTTP/1.0" 200 187180 "-" "-"
75.119.139.177 - - [06/Jun/2026:02:05:22 +0200] "GET /web/categoria-produto/saude-e-bem-estar/suplementos/ HTTP/1.0" 200 197606 "-" "-"
75.119.139.177 - - [06/Jun/2026:02:05:22 +0200] "GET /web/categoria-produto/higiene-e-beleza/cabelo/ HTTP/1.0" 200 194226 "-" "-"
75.119.139.177 - - [06/Jun/2026:02:05:22 +0200] "GET /web/categoria-produto/higiene-e-beleza/corpo/ HTTP/1.0" 200 174251 "-" "-"
75.119.139.177 - - [06/Jun/2026:02:05:22 +0200] "GET /web/categoria-produto/higiene-e-beleza/higiene-intima/ HTTP/1.0" 200 188664 "-" "-"
75.119.139.177 - - [06/Jun/2026:02:05:22 +0200] "GET /web/categoria-produto/higiene-e-beleza/higiene-oral/ HTTP/1.0" 200 193952 "-" "-"
75.119.139.177 - - [06/Jun/2026:02:05:22 +0200] "GET /web/categoria-produto/higiene-e-beleza/solares/ HTTP/1.0" 200 155352 "-" "-"
75.119.139.177 - - [06/Jun/2026:02:05:22 +0200] "GET /web/categoria-produto/limpeza-da-casa/casa-e-cozinha/ HTTP/1.0" 200 196041 "-" "-"
75.119.139.177 - - [06/Jun/2026:02:05:22 +0200] "GET /web/categoria-produto/limpeza-da-casa/casa-de-banho/ HTTP/1.0" 200 148744 "-" "-"
75.119.139.177 - - [06/Jun/2026:02:05:22 +0200] "GET /web/categoria-produto/limpeza-da-casa/roupa/ HTTP/1.0" 200 151187 "-" "-"
216.73.216.253 - - [06/Jun/2026:02:05:23 +0200] "GET /web/produto/tamaras-medjol-125g/?add-to-cart=733 HTTP/1.1" 200 39314 "-" "Mozilla/5.0 AppleWebKit/537.36 (KHTML, like Gecko; compatible; ClaudeBot/1.0; +claudebot@anthropic.com)"
75.119.139.177 - - [06/Jun/2026:02:05:25 +0200] "GET /web/?s= HTTP/1.0" 200 170747 "-" "-"
17.246.23.185 - - [06/Jun/2026:02:05:25 +0200] "GET /en/available-properties/ HTTP/1.1" 200 28179 "-" "Mozilla/5.0 (Macintosh; Intel Mac OS X 10_15_7) AppleWebKit/605.1.15 (KHTML, like Gecko) Version/17.4 Safari/605.1.15 (Applebot/0.1; +http://www.apple.com/go/applebot)"
75.119.139.177 - - [06/Jun/2026:02:05:26 +0200] "GET /web/cart/ HTTP/1.0" 200 179392 "-" "-"
75.119.139.177 - - [06/Jun/2026:02:05:26 +0200] "GET /web/produto/majericao/ HTTP/1.0" 200 202052 "-" "-"
75.119.139.177 - - [06/Jun/2026:02:05:26 +0200] "GET /web/produto/figo-bio/ HTTP/1.0" 200 202736 "-" "-"
75.119.139.177 - - [06/Jun/2026:02:05:26 +0200] "GET /web/produto/banana-da-madeira-bio/ HTTP/1.0" 200 201600 "-" "-"
75.119.139.177 - - [06/Jun/2026:02:05:26 +0200] "GET /web/produto/pepino-bio/ HTTP/1.0" 200 202429 "-" "-"
75.119.139.177 - - [06/Jun/2026:02:05:26 +0200] "GET /web/produto/courgete-bio/ HTTP/1.0" 200 202201 "-" "-"
75.119.139.177 - - [06/Jun/2026:02:05:26 +0200] "GET /web/produto/morango-bio/ HTTP/1.0" 200 204143 "-" "-"
75.119.139.177 - - [06/Jun/2026:02:05:26 +0200] "GET /web/quem-somos/ HTTP/1.0" 200 177197 "-" "-"
75.119.139.177 - - [06/Jun/2026:02:05:26 +0200] "GET /web/avisos-legais/ HTTP/1.0" 200 179880 "-" "-"
75.119.139.177 - - [06/Jun/2026:02:05:26 +0200] "GET /web/privacidade/ HTTP/1.0" 200 183952 "-" "-"
75.119.139.177 - - [06/Jun/2026:02:05:26 +0200] "GET /web/cartaopontos/ HTTP/1.0" 200 178243 "-" "-"
75.119.139.177 - - [06/Jun/2026:02:05:26 +0200] "GET /web/como-encomendar/ HTTP/1.0" 200 181292 "-" "-"
75.119.139.177 - - [06/Jun/2026:02:05:26 +0200] "GET /web/horarios-locais-e-prazos-de-entrega/ HTTP/1.0" 200 179896 "-" "-"
75.119.139.177 - - [06/Jun/2026:02:05:26 +0200] "GET /web/politica-de-cancelamento/ HTTP/1.0" 200 176793 "-" "-"
75.119.139.177 - - [06/Jun/2026:02:05:26 +0200] "GET /web/contactos/ HTTP/1.0" 200 179272 "-" "-"
75.119.139.177 - - [06/Jun/2026:02:05:39 +0200] "POST /wp-cron.php?doing_wp_cron=1780704339.1333460807800292968750 HTTP/1.1" 200 31 "-" "WordPress/6.9; https://www.fomento-sgoic.pt"
216.73.217.100 - - [06/Jun/2026:02:05:39 +0200] "GET /sitemap1.xml HTTP/1.1" 301 5 "-" "Mozilla/5.0 AppleWebKit/537.36 (KHTML, like Gecko; compatible; ClaudeBot/1.0; +claudebot@anthropic.com)"
216.73.217.100 - - [06/Jun/2026:02:05:43 +0200] "GET /sitemap1.xml HTTP/1.1" 301 5 "https://fomento-sgoic.pt/sitemap1.xml" "Mozilla/5.0 AppleWebKit/537.36 (KHTML, like Gecko; compatible; ClaudeBot/1.0; +claudebot@anthropic.com)"
216.73.217.100 - - [06/Jun/2026:02:05:44 +0200] "GET /sitemap1.xml/ HTTP/1.1" 200 20260 "https://www.fomento-sgoic.pt/sitemap1.xml" "Mozilla/5.0 AppleWebKit/537.36 (KHTML, like Gecko; compatible; ClaudeBot/1.0; +claudebot@anthropic.com)"
40.77.167.38 - - [06/Jun/2026:02:05:50 +0200] "GET /web/en/shop/page/31/?doing_wp_cron=1778547376.6511130332946777343750 HTTP/1.1" 200 32265 "-" "Mozilla/5.0 AppleWebKit/537.36 (KHTML, like Gecko; compatible; bingbot/2.0; +http://www.bing.com/bingbot.htm) Chrome/116.0.1938.76 Safari/537.36"
163.172.178.197 - - [06/Jun/2026:02:05:58 +0200] "GET /web/wp-conteudos/uploads/bfi_thumb/dummy-transparent-ooif3gskt3pjjx65vz1jy6igecasblxpwo2vtsp0vc.png HTTP/1.1" 200 6635 "-" "Mozilla/5.0 (X11; Ubuntu; Linux x86_64; rv:72.0) Gecko/20100101 Firefox/72.0"
216.73.216.253 - - [06/Jun/2026:02:06:00 +0200] "GET /web/en/categoria-produto/mercearia/page/2/?doing_wp_cron=1696354708.5158479213714599609375 HTTP/1.1" 200 32561 "-" "Mozilla/5.0 AppleWebKit/537.36 (KHTML, like Gecko; compatible; ClaudeBot/1.0; +claudebot@anthropic.com)"
114.119.152.221 - - [06/Jun/2026:02:06:00 +0200] "GET /web/shop/page/49/?orderby=popularity&doing_wp_cron=1672482301.8221709728240966796875 HTTP/1.1" 200 33585 "https://www.biocabaz.pt/web/shop/page/49/?orderby=popularity&doing_wp_cron=1672482301.8221709728240966796875" "Mozilla/5.0 (Linux; Android 7.0;) AppleWebKit/537.36 (HTML, like Gecko) Mobile Safari/537.36 (compatible; PetalBot;+https://webmaster.petalsearch.com/site/petalbot)"
216.73.216.253 - - [06/Jun/2026:02:06:00 +0200] "GET /web/produto/tamaras-medjol-125g/?add-to-cart=738 HTTP/1.1" 200 39410 "-" "Mozilla/5.0 AppleWebKit/537.36 (KHTML, like Gecko; compatible; ClaudeBot/1.0; +claudebot@anthropic.com)"
114.119.165.226 - - [06/Jun/2026:02:06:13 +0200] "GET /web/shop/page/1/?doing_wp_cron=1773753051.6178190708160400390625 HTTP/1.1" 301 5 "https://www.biocabaz.pt/web/shop/page/5/?doing_wp_cron=1747638090.3609740734100341796875" "Mozilla/5.0 (Linux; Android 7.0;) AppleWebKit/537.36 (HTML, like Gecko) Mobile Safari/537.36 (compatible; PetalBot;+https://webmaster.petalsearch.com/site/petalbot)"
114.119.165.226 - - [06/Jun/2026:02:06:14 +0200] "GET /web/shop/?doing_wp_cron=1773753051.6178190708160400390625 HTTP/1.1" 200 36849 "https://www.biocabaz.pt/web/shop/page/5/?doing_wp_cron=1747638090.3609740734100341796875" "Mozilla/5.0 (Linux; Android 7.0;) AppleWebKit/537.36 (HTML, like Gecko) Mobile Safari/537.36 (compatible; PetalBot;+https://webmaster.petalsearch.com/site/petalbot)"
17.241.219.233 - - [06/Jun/2026:02:06:14 +0200] "POST /web/?wc-ajax=get_refreshed_fragments HTTP/1.1" 200 625 "https://biocabaz.pt/web/shop/page/58/?doing_wp_cron=1775157119.3789920806884765625000" "Mozilla/5.0 (Macintosh; Intel Mac OS X 10_15_7) AppleWebKit/605.1.15 (KHTML, like Gecko) Version/17.4 Safari/605.1.15 (Applebot/0.1; +http://www.apple.com/go/applebot)"
54.208.78.244 - - [06/Jun/2026:02:06:21 +0200] "GET /web/categoria-produto/mercearia/azeite-oleo-vinagre/feed/ HTTP/1.1" 302 102 "https://www.google.com/" "Mozilla/5.0 (Windows NT 10.0; Win64; x64) AppleWebKit/537.36 (KHTML, like Gecko) Chrome/79.0.3945.130 Safari/537.36"
54.208.78.244 - - [06/Jun/2026:02:06:23 +0200] "GET /web/categoria-produto/mercearia/azeite-oleo-vinagre/feed/?doing_wp_cron=1780704381.3727090358734130859375 HTTP/1.1" 200 3687 "https://www.google.com/" "Mozilla/5.0 (Windows NT 10.0; Win64; x64) AppleWebKit/537.36 (KHTML, like Gecko) Chrome/79.0.3945.130 Safari/537.36"
114.119.130.96 - - [06/Jun/2026:02:06:25 +0200] "GET /web/en/shop/page/39/?doing_wp_cron=1763056960.8726921081542968750000 HTTP/1.1" 200 32635 "https://www.biocabaz.pt/web/en/shop/page/38/?doing_wp_cron=1763056960.8726921081542968750000" "Mozilla/5.0 (Linux; Android 7.0;) AppleWebKit/537.36 (HTML, like Gecko) Mobile Safari/537.36 (compatible; PetalBot;+https://webmaster.petalsearch.com/site/petalbot)"
220.181.108.144 - - [06/Jun/2026:02:06:30 +0200] "GET /web/categoria-produto/mercearia/page/21/?doing_wp_cron=1772899739.9609730243682861328125 HTTP/1.1" 200 32586 "-" "Mozilla/5.0 (compatible; Baiduspider/2.0; +http://www.baidu.com/search/spider.html)"
114.119.157.189 - - [06/Jun/2026:02:06:39 +0200] "GET /web/produto/bebida-de-arroz-bio-provamel-1l/?doing_wp_cron=1754892969.8061640262603759765625 HTTP/1.1" 200 39005 "https://biocabaz.pt/web/en/produto/bebida-de-arroz-bio-provamel-1l/?doing_wp_cron=1674926977.6340661048889160156250" "Mozilla/5.0 (Linux; Android 7.0;) AppleWebKit/537.36 (HTML, like Gecko) Mobile Safari/537.36 (compatible; PetalBot;+https://webmaster.petalsearch.com/site/petalbot)"
75.119.139.177 - - [06/Jun/2026:02:06:40 +0200] "POST /wp-cron.php?doing_wp_cron=1780704400.8022210597991943359375 HTTP/1.1" 200 31 "-" "WordPress/6.9; https://www.fomento-sgoic.pt"
57.141.20.10 - - [06/Jun/2026:02:06:40 +0200] "GET /products/20035907/ HTTP/1.1" 404 113605 "-" "meta-externalagent/1.1 (+https://developers.facebook.com/docs/sharing/webmasters/crawler)"
216.73.216.253 - - [06/Jun/2026:02:06:42 +0200] "GET /web/en/categoria-produto/mercearia/page/3/?doing_wp_cron=1696354708.5158479213714599609375 HTTP/1.1" 200 31928 "-" "Mozilla/5.0 AppleWebKit/537.36 (KHTML, like Gecko; compatible; ClaudeBot/1.0; +claudebot@anthropic.com)"
216.73.216.253 - - [06/Jun/2026:02:06:43 +0200] "GET /web/produto/tamaras-medjol-125g/?add-to-cart=3527 HTTP/1.1" 200 39401 "-" "Mozilla/5.0 AppleWebKit/537.36 (KHTML, like Gecko; compatible; ClaudeBot/1.0; +claudebot@anthropic.com)"
116.179.37.223 - - [06/Jun/2026:02:06:45 +0200] "POST /web/?wc-ajax=get_refreshed_fragments HTTP/1.1" 200 625 "https://biocabaz.pt/web/categoria-produto/mercearia/page/21/?doing_wp_cron=1772899739.9609730243682861328125" "Mozilla/5.0 (compatible; Baiduspider-render/2.0; +http://www.baidu.com/search/spider.html)"
209.141.44.113 - - [06/Jun/2026:02:06:46 +0200] "GET /wp-login.php HTTP/1.1" 200 9699 "-" "Mozilla/5.0 (Macintosh; Intel Mac OS X 10_13_6) AppleWebKit/537.36 (KHTML, like Gecko) Chrome/116.0.0.0 Safari/537.36"
213.180.203.106 - - [06/Jun/2026:02:06:49 +0200] "GET /web/en/categoria-produto/sem-gluten-e-superalimentos/ HTTP/1.1" 200 32739 "-" "Mozilla/5.0 (compatible; YandexBot/3.0; +http://yandex.com/bots)"
17.241.75.28 - - [06/Jun/2026:02:06:54 +0200] "GET /web/produto/cabaz-pequeno-1/?doing_wp_cron=1709684537.5271339416503906250000 HTTP/1.1" 200 41059 "-" "Mozilla/5.0 (Macintosh; Intel Mac OS X 10_15_7) AppleWebKit/605.1.15 (KHTML, like Gecko) Version/17.4 Safari/605.1.15 (Applebot/0.1; +http://www.apple.com/go/applebot)"
178.156.189.113 - - [06/Jun/2026:02:07:01 +0200] "GET / HTTP/1.1" 301 5 "https://fomento-sgoic.pt/" "Mozilla/5.0+(compatible; UptimeRobot/2.0; http://www.uptimerobot.com/)"
178.156.189.113 - - [06/Jun/2026:02:07:04 +0200] "GET / HTTP/1.1" 200 33120 "https://fomento-sgoic.pt/" "Mozilla/5.0+(compatible; UptimeRobot/2.0; http://www.uptimerobot.com/)"
216.73.216.253 - - [06/Jun/2026:02:07:09 +0200] "GET /web/produto/tamaras-medjol-125g/?add-to-cart=3525 HTTP/1.1" 200 39345 "-" "Mozilla/5.0 AppleWebKit/537.36 (KHTML, like Gecko; compatible; ClaudeBot/1.0; +claudebot@anthropic.com)"
216.244.66.243 - - [06/Jun/2026:02:07:10 +0200] "GET /robots.txt HTTP/1.1" 301 162 "-" "Mozilla/5.0 (compatible; DotBot/1.2; +https://opensiteexplorer.org/dotbot; help@moz.com)"
66.249.68.67 - - [06/Jun/2026:02:07:11 +0200] "GET /web/produto/biomit-amendoa/?add-to-cart=1873&doing_wp_cron=1743832383.7588670253753662109375 HTTP/1.1" 200 42462 "-" "Mozilla/5.0 (Linux; Android 6.0.1; Nexus 5X Build/MMB29P) AppleWebKit/537.36 (KHTML, like Gecko) Chrome/148.0.7778.96 Mobile Safari/537.36 (compatible; Googlebot/2.1; +http://www.google.com/bot.html)"
216.73.216.253 - - [06/Jun/2026:02:07:14 +0200] "GET /web/en/categoria-produto/mercearia/page/4/?doing_wp_cron=1696354708.5158479213714599609375 HTTP/1.1" 200 36438 "-" "Mozilla/5.0 AppleWebKit/537.36 (KHTML, like Gecko; compatible; ClaudeBot/1.0; +claudebot@anthropic.com)"
114.119.132.153 - - [06/Jun/2026:02:07:15 +0200] "GET /web/en/shop/page/55/?orderby=date&doing_wp_cron=1753791337.3640890121459960937500 HTTP/1.1" 200 33425 "https://www.biocabaz.pt/web/shop/page/55/?orderby=date&doing_wp_cron=1753791337.3640890121459960937500" "Mozilla/5.0 (Linux; Android 7.0;) AppleWebKit/537.36 (HTML, like Gecko) Mobile Safari/537.36 (compatible; PetalBot;+https://webmaster.petalsearch.com/site/petalbot)"
216.73.216.253 - - [06/Jun/2026:02:07:18 +0200] "GET /web/produto/tamaras-medjol-125g/?add-to-cart=16890 HTTP/1.1" 302 11 "-" "Mozilla/5.0 AppleWebKit/537.36 (KHTML, like Gecko; compatible; ClaudeBot/1.0; +claudebot@anthropic.com)"
216.73.216.253 - - [06/Jun/2026:02:07:20 +0200] "GET /web/produto/tamaras-medjol-125g/?add-to-cart=16890&doing_wp_cron=1780704438.6644508838653564453125 HTTP/1.1" 200 39489 "https://www.biocabaz.pt/web/produto/tamaras-medjol-125g/?add-to-cart=16890" "Mozilla/5.0 AppleWebKit/537.36 (KHTML, like Gecko; compatible; ClaudeBot/1.0; +claudebot@anthropic.com)"
66.249.68.68 - - [06/Jun/2026:02:07:22 +0200] "POST /web/?wc-ajax=get_refreshed_fragments HTTP/1.1" 200 1316 "https://biocabaz.pt/web/produto/biomit-amendoa/?add-to-cart=1873&doing_wp_cron=1743832383.7588670253753662109375" "Mozilla/5.0 (Linux; Android 6.0.1; Nexus 5X Build/MMB29P) AppleWebKit/537.36 (KHTML, like Gecko) Chrome/148.0.7778.96 Mobile Safari/537.36 (compatible; Googlebot/2.1; +http://www.google.com/bot.html)"
17.246.19.154 - - [06/Jun/2026:02:07:22 +0200] "POST /web/en/?wc-ajax=get_refreshed_fragments HTTP/1.1" 200 629 "https://biocabaz.pt/web/en/shop/?doing_wp_cron=1749964479.3819460868835449218750" "Mozilla/5.0 (Macintosh; Intel Mac OS X 10_15_7) AppleWebKit/605.1.15 (KHTML, like Gecko) Version/17.4 Safari/605.1.15 (Applebot/0.1; +http://www.apple.com/go/applebot)"
17.246.19.50 - - [06/Jun/2026:02:07:24 +0200] "POST /web/wp-admin/admin-ajax.php HTTP/1.1" 200 31 "https://biocabaz.pt/web/en/shop/?doing_wp_cron=1749964479.3819460868835449218750" "Mozilla/5.0 (Macintosh; Intel Mac OS X 10_15_7) AppleWebKit/605.1.15 (KHTML, like Gecko) Version/17.4 Safari/605.1.15 (Applebot/0.1; +http://www.apple.com/go/applebot)"
114.119.136.146 - - [06/Jun/2026:02:07:26 +0200] "GET /web/en/shop/page/30/?orderby=date&doing_wp_cron=1697403478.4855558872222900390625 HTTP/1.1" 200 32926 "https://www.biocabaz.pt/web/en/shop/page/30/?orderby=date&doing_wp_cron=1697403478.4855558872222900390625" "Mozilla/5.0 (Linux; Android 7.0;) AppleWebKit/537.36 (HTML, like Gecko) Mobile Safari/537.36 (compatible; PetalBot;+https://webmaster.petalsearch.com/site/petalbot)"
185.191.171.15 - - [06/Jun/2026:02:07:38 +0200] "GET /robots.txt HTTP/1.1" 404 146 "-" "Mozilla/5.0 (compatible; SemrushBot/7~bl; +http://www.semrush.com/bot.html)"
114.119.159.254 - - [06/Jun/2026:02:07:39 +0200] "GET /web/en/produto/beldroegas-bio?doing_wp_cron=1710498545.2040319442749023437500 HTTP/1.1" 301 5 "https://www.biocabaz.pt/web/en/produto/beldroegas-bio?doing_wp_cron=1710498545.2040319442749023437500" "Mozilla/5.0 (Linux; Android 7.0;) AppleWebKit/537.36 (HTML, like Gecko) Mobile Safari/537.36 (compatible; PetalBot;+https://webmaster.petalsearch.com/site/petalbot)"
75.119.139.177 - - [06/Jun/2026:02:07:40 +0200] "POST /wp-cron.php?doing_wp_cron=1780704460.3550899028778076171875 HTTP/1.1" 200 31 "-" "WordPress/6.9; https://www.fomento-sgoic.pt"
209.141.44.113 - - [06/Jun/2026:02:07:40 +0200] "POST /wp-login.php HTTP/1.1" 200 10141 "-" "Mozilla/5.0 (Macintosh; Intel Mac OS X 10_13_6) AppleWebKit/537.36 (KHTML, like Gecko) Chrome/116.0.0.0 Safari/537.36"
185.191.171.6 - - [06/Jun/2026:02:07:41 +0200] "GET /web/en/produto/tinta-para-cabelo-naturtint-5-7-chocolate-intenso/ HTTP/1.1" 200 38466 "-" "Mozilla/5.0 (compatible; SemrushBot/7~bl; +http://www.semrush.com/bot.html)"
114.119.159.254 - - [06/Jun/2026:02:07:41 +0200] "GET /web/en/produto/beldroegas-bio/?doing_wp_cron=1710498545.2040319442749023437500 HTTP/1.1" 200 37621 "https://www.biocabaz.pt/web/en/produto/beldroegas-bio?doing_wp_cron=1710498545.2040319442749023437500" "Mozilla/5.0 (Linux; Android 7.0;) AppleWebKit/537.36 (HTML, like Gecko) Mobile Safari/537.36 (compatible; PetalBot;+https://webmaster.petalsearch.com/site/petalbot)"
216.73.216.253 - - [06/Jun/2026:02:07:42 +0200] "GET /web/produto/tamaras-medjol-125g/?add-to-cart=16895 HTTP/1.1" 200 39374 "-" "Mozilla/5.0 AppleWebKit/537.36 (KHTML, like Gecko; compatible; ClaudeBot/1.0; +claudebot@anthropic.com)"
92.168.8.163 - - [06/Jun/2026:02:07:44 +0200] "GET /web/wp-conteudos/uploads/2016/04/batata_doce-promo-600x469.jpg HTTP/1.1" 200 28690 "-" "Mozilla/5.0 (X11; Ubuntu; Linux x86_64; rv:72.0) Gecko/20100101 Firefox/72.0"
114.119.144.202 - - [06/Jun/2026:02:07:53 +0200] "GET /web/en/produto/barra-maca-banana-12m-bio-25g-holle/?doing_wp_cron=1778484204.0825889110565185546875 HTTP/1.1" 200 39928 "https://www.biocabaz.pt/web/en/produto/barra-maca-banana-12m-bio-25g-holle/?doing_wp_cron=1778484204.0825889110565185546875" "Mozilla/5.0 (Linux; Android 7.0;) AppleWebKit/537.36 (HTML, like Gecko) Mobile Safari/537.36 (compatible; PetalBot;+https://webmaster.petalsearch.com/site/petalbot)"
47.82.11.77 - - [06/Jun/2026:02:07:54 +0200] "GET /web/en/shop/page/27/?doing_wp_cron=1708336675.4480450153350830078125 HTTP/1.1" 200 32447 "https://www.biocabaz.pt/" "Mozilla/5.0 (Windows NT 10.0; Win64; x64) AppleWebKit/537.36 (KHTML, like Gecko) Chrome/135.0.0.0 Safari/537.36"
216.73.216.253 - - [06/Jun/2026:02:07:57 +0200] "GET /web/produto/tamaras-medjol-125g/?add-to-cart=16884 HTTP/1.1" 200 39368 "-" "Mozilla/5.0 AppleWebKit/537.36 (KHTML, like Gecko; compatible; ClaudeBot/1.0; +claudebot@anthropic.com)"
46.202.79.134 - - [06/Jun/2026:02:07:57 +0200] "GET /web/en/produto/sumo-multi-sunrise-bio-hollinger-200ml/ HTTP/1.1" 200 38753 "-" "Mozilla/5.0 (compatible; Googlebot/2.1; +http://www.google.com/bot.html)"
34.216.94.86 - - [06/Jun/2026:02:08:00 +0200] "GET /web/en/wp-json/oembed/1.0/embed?url=https%3A%2F%2Fbiocabaz.pt%2Fweb%2Fen%2Fproduto%2Fsumo-multi-sunrise-bio-hollinger-200ml%2F&format=xml HTTP/1.1" 200 1550 "-" "-"
116.179.32.235 - - [06/Jun/2026:02:08:06 +0200] "GET /web/en/produto/ossos-de-vitelao-bio/ HTTP/1.1" 200 37131 "-" "Mozilla/5.0 (compatible; Baiduspider/2.0; +http://www.baidu.com/search/spider.html)"
114.119.137.177 - - [06/Jun/2026:02:08:07 +0200] "GET /web/produto/gluten-de-trigo-bio-provida/?doing_wp_cron=1721015715.3794291019439697265625 HTTP/1.1" 200 39919 "https://biocabaz.pt/web/en/produto/gluten-de-trigo-bio-provida/?doing_wp_cron=1721015715.3794291019439697265625" "Mozilla/5.0 (Linux; Android 7.0;) AppleWebKit/537.36 (HTML, like Gecko) Mobile Safari/537.36 (compatible; PetalBot;+https://webmaster.petalsearch.com/site/petalbot)"
220.181.108.144 - - [06/Jun/2026:02:08:08 +0200] "GET /web/categoria-produto/mercearia/page/3/?doing_wp_cron=1739245021.4404079914093017578125 HTTP/1.1" 200 32458 "-" "Mozilla/5.0 (compatible; Baiduspider/2.0; +http://www.baidu.com/search/spider.html)"
114.119.144.202 - - [06/Jun/2026:02:08:18 +0200] "GET /web/en/shop/page/9/?doing_wp_cron=1749773976.0557799339294433593750 HTTP/1.1" 200 33663 "https://biocabaz.pt/web/en/shop/page/9/?doing_wp_cron=1749773976.0557799339294433593750" "Mozilla/5.0 (Linux; Android 7.0;) AppleWebKit/537.36 (HTML, like Gecko) Mobile Safari/537.36 (compatible; PetalBot;+https://webmaster.petalsearch.com/site/petalbot)"
57.141.20.53 - - [06/Jun/2026:02:08:20 +0200] "GET /products/7634641/ HTTP/1.1" 301 5 "-" "meta-externalagent/1.1 (+https://developers.facebook.com/docs/sharing/webmasters/crawler)"
17.246.23.43 - - [06/Jun/2026:02:08:20 +0200] "POST /web/en/?wc-ajax=get_refreshed_fragments HTTP/1.1" 200 630 "https://biocabaz.pt/web/en/produto/bacon-bio/?doing_wp_cron=1745639933.1819770336151123046875" "Mozilla/5.0 (Macintosh; Intel Mac OS X 10_15_7) AppleWebKit/605.1.15 (KHTML, like Gecko) Version/17.4 Safari/605.1.15 (Applebot/0.1; +http://www.apple.com/go/applebot)"
216.73.216.253 - - [06/Jun/2026:02:08:26 +0200] "GET /web/en/categoria-produto/mercearia/page/24/?doing_wp_cron=1696354708.5158479213714599609375 HTTP/1.1" 200 34732 "-" "Mozilla/5.0 AppleWebKit/537.36 (KHTML, like Gecko; compatible; ClaudeBot/1.0; +claudebot@anthropic.com)"
17.241.219.162 - - [06/Jun/2026:02:08:26 +0200] "GET /web/wp-includes/js/underscore.min.js HTTP/1.1" 200 7375 "https://biocabaz.pt/web/produto/cabaz-pequeno-1/?doing_wp_cron=1709684537.5271339416503906250000" "Mozilla/5.0 (Macintosh; Intel Mac OS X 10_15_7) AppleWebKit/605.1.15 (KHTML, like Gecko) Version/17.4 Safari/605.1.15 (Applebot/0.1; +http://www.apple.com/go/applebot)"
17.241.219.162 - - [06/Jun/2026:02:08:27 +0200] "GET /web/wp-includes/js/wp-util.min.js HTTP/1.1" 200 768 "https://biocabaz.pt/web/produto/cabaz-pequeno-1/?doing_wp_cron=1709684537.5271339416503906250000" "Mozilla/5.0 (Macintosh; Intel Mac OS X 10_15_7) AppleWebKit/605.1.15 (KHTML, like Gecko) Version/17.4 Safari/605.1.15 (Applebot/0.1; +http://www.apple.com/go/applebot)"
116.179.37.134 - - [06/Jun/2026:02:08:28 +0200] "GET /web/wp-conteudos/uploads/2025/06/ossos-de-vitelao-bio.jpg HTTP/1.1" 200 52461 "https://biocabaz.pt/" "Mozilla/5.0 (compatible; Baiduspider-render/2.0; +http://www.baidu.com/search/spider.html)"
17.241.75.141 - - [06/Jun/2026:02:08:28 +0200] "GET /web/wp-conteudos/plugins/woocommerce-product-bundles/assets/css/frontend/single-product.css HTTP/1.1" 200 1887 "https://biocabaz.pt/" "Mozilla/5.0 (Macintosh; Intel Mac OS X 10_15_7) AppleWebKit/605.1.15 (KHTML, like Gecko) Version/17.4 Safari/605.1.15 (Applebot/0.1; +http://www.apple.com/go/applebot)"
17.241.75.141 - - [06/Jun/2026:02:08:29 +0200] "GET /web/wp-conteudos/plugins/woocommerce/assets/js/frontend/add-to-cart-variation.min.js HTTP/1.1" 200 3675 "https://biocabaz.pt/" "Mozilla/5.0 (Macintosh; Intel Mac OS X 10_15_7) AppleWebKit/605.1.15 (KHTML, like Gecko) Version/17.4 Safari/605.1.15 (Applebot/0.1; +http://www.apple.com/go/applebot)"
116.179.37.122 - - [06/Jun/2026:02:08:30 +0200] "POST /web/en/?wc-ajax=get_refreshed_fragments HTTP/1.1" 200 629 "https://biocabaz.pt/web/en/produto/ossos-de-vitelao-bio/" "Mozilla/5.0 (compatible; Baiduspider-render/2.0; +http://www.baidu.com/search/spider.html)"
17.241.75.141 - - [06/Jun/2026:02:08:30 +0200] "GET /web/wp-conteudos/plugins/woocommerce-product-bundles/assets/js/frontend/add-to-cart-bundle.min.js HTTP/1.1" 200 8798 "https://biocabaz.pt/" "Mozilla/5.0 (Macintosh; Intel Mac OS X 10_15_7) AppleWebKit/605.1.15 (KHTML, like Gecko) Version/17.4 Safari/605.1.15 (Applebot/0.1; +http://www.apple.com/go/applebot)"
17.241.219.162 - - [06/Jun/2026:02:08:32 +0200] "POST /web/?wc-ajax=get_refreshed_fragments HTTP/1.1" 200 626 "https://biocabaz.pt/web/produto/cabaz-pequeno-1/?doing_wp_cron=1709684537.5271339416503906250000" "Mozilla/5.0 (Macintosh; Intel Mac OS X 10_15_7) AppleWebKit/605.1.15 (KHTML, like Gecko) Version/17.4 Safari/605.1.15 (Applebot/0.1; +http://www.apple.com/go/applebot)"
114.119.157.112 - - [06/Jun/2026:02:08:32 +0200] "GET /web/en/produto/baga-de-goji-fresca-bio-nacional/?doing_wp_cron=1780177010.8321669101715087890625 HTTP/1.1" 200 38160 "https://biocabaz.pt/web/en/produto/baga-de-goji-fresca-bio-nacional/" "Mozilla/5.0 (Linux; Android 7.0;) AppleWebKit/537.36 (HTML, like Gecko) Mobile Safari/537.36 (compatible; PetalBot;+https://webmaster.petalsearch.com/site/petalbot)"
75.119.139.177 - - [06/Jun/2026:02:08:36 +0200] "POST /wp-cron.php?doing_wp_cron=1780704516.8130400180816650390625 HTTP/1.1" 200 31 "-" "WordPress/6.9; https://www.fomento-sgoic.pt"
57.141.20.67 - - [06/Jun/2026:02:08:36 +0200] "GET /products/16428185/ HTTP/1.1" 301 5 "-" "meta-externalagent/1.1 (+https://developers.facebook.com/docs/sharing/webmasters/crawler)"
51.124.236.1 - - [06/Jun/2026:02:08:49 +0200] "GET / HTTP/1.0" 200 612 "-" "check_http/v2.3.3 (nagios-plugins 2.3.3)"
57.141.20.66 - - [06/Jun/2026:02:08:51 +0200] "GET /products/17086207/ HTTP/1.1" 301 5 "-" "meta-externalagent/1.1 (+https://developers.facebook.com/docs/sharing/webmasters/crawler)"
47.79.51.219 - - [06/Jun/2026:02:08:52 +0200] "GET /web/cabazes-da-semana/?doing_wp_cron=1684192425.7574229240417480468750 HTTP/1.1" 200 51610 "-" "Mozilla/5.0 (Macintosh; Intel Mac OS X 10_15_7) AppleWebKit/537.36 (KHTML, like Gecko) Chrome/141.0.0.0 Safari/537.36"
20.15.133.191 - - [06/Jun/2026:02:08:52 +0200] "GET /web/shop/page/24/ HTTP/1.1" 200 33011 "-" "Mozilla/5.0 AppleWebKit/537.36 (KHTML, like Gecko; compatible; bingbot/2.0; +http://www.bing.com/bingbot.htm) Chrome/116.0.1938.76 Safari/537.36"
116.179.37.229 - - [06/Jun/2026:02:08:52 +0200] "POST /web/en/?wc-ajax=get_refreshed_fragments HTTP/1.1" 200 629 "https://www.biocabaz.pt/web/en/shop/page/4/?doing_wp_cron=1774363538.0527570247650146484375" "Mozilla/5.0 (compatible; Baiduspider-render/2.0; +http://www.baidu.com/search/spider.html)"
116.179.37.89 - - [06/Jun/2026:02:08:54 +0200] "GET /web/wp-conteudos/themes/jupiter/assets/js/plugins/async/min/jquery.flexslider.js HTTP/1.1" 200 7414 "https://www.biocabaz.pt/web/en/shop/page/4/?doing_wp_cron=1774363538.0527570247650146484375" "Mozilla/5.0 (compatible; Baiduspider-render/2.0; +http://www.baidu.com/search/spider.html)"
116.179.37.49 - - [06/Jun/2026:02:08:54 +0200] "GET /web/wp-conteudos/themes/jupiter/assets/js/plugins/async/min/minigrid.js HTTP/1.1" 200 1053 "https://www.biocabaz.pt/web/en/shop/page/4/?doing_wp_cron=1774363538.0527570247650146484375" "Mozilla/5.0 (compatible; Baiduspider-render/2.0; +http://www.baidu.com/search/spider.html)"
78.46.190.63 - - [06/Jun/2026:02:09:05 +0200] "GET /web/ HTTP/1.1" 200 38184 "https://biocabaz.pt/web/" "Mozilla/5.0+(compatible; UptimeRobot/2.0; http://www.uptimerobot.com/)"
172.184.208.48 - - [06/Jun/2026:02:09:14 +0200] "GET /web/en/categoria-produto/frescos/page/5/?doing_wp_cron=1766534706.0810410976409912109375 HTTP/1.1" 200 32705 "-" "Mozilla/5.0 (Macintosh; Intel Mac OS X 10_15_7) AppleWebKit/605.1.15 (KHTML, like Gecko) Version/16.0 Safari/605.1.15"
114.119.133.245 - - [06/Jun/2026:02:09:32 +0200] "GET /web/produto/tinta-para-cabelo-naturtint-8a-louro-cinza/?doing_wp_cron=1780251136.6838850975036621093750 HTTP/1.1" 200 39135 "https://www.biocabaz.pt/web/en/produto/tinta-para-cabelo-naturtint-8a-louro-cinza/?doing_wp_cron=1780251136.6838850975036621093750" "Mozilla/5.0 (Linux; Android 7.0;) AppleWebKit/537.36 (HTML, like Gecko) Mobile Safari/537.36 (compatible; PetalBot;+https://webmaster.petalsearch.com/site/petalbot)"
216.73.216.253 - - [06/Jun/2026:02:09:35 +0200] "GET /web/en/categoria-produto/mercearia/page/23/?doing_wp_cron=1696354708.5158479213714599609375 HTTP/1.1" 200 34323 "-" "Mozilla/5.0 AppleWebKit/537.36 (KHTML, like Gecko; compatible; ClaudeBot/1.0; +claudebot@anthropic.com)"
220.181.108.90 - - [06/Jun/2026:02:09:37 +0200] "GET /web/en/shop/page/17/?doing_wp_cron=1735416910.6358780860900878906250 HTTP/1.1" 200 33081 "-" "Mozilla/5.0 (compatible; Baiduspider/2.0; +http://www.baidu.com/search/spider.html)"
66.249.79.3 - - [06/Jun/2026:02:09:42 +0200] "GET / HTTP/1.1" 301 162 "-" "Mozilla/5.0 (compatible; Googlebot/2.1; +http://www.google.com/bot.html)"
66.249.79.1 - - [06/Jun/2026:02:09:42 +0200] "GET /robots.txt HTTP/1.1" 301 162 "-" "Mozilla/5.0 (compatible; Googlebot/2.1; +http://www.google.com/bot.html)"
66.249.79.1 - - [06/Jun/2026:02:09:42 +0200] "GET / HTTP/1.1" 301 162 "-" "Mozilla/5.0 (Linux; Android 6.0.1; Nexus 5X Build/MMB29P) AppleWebKit/537.36 (KHTML, like Gecko) Chrome/99.0.4844.84 Mobile Safari/537.36 (compatible; Googlebot/2.1; +http://www.google.com/bot.html)"
66.249.79.7 - - [06/Jun/2026:02:09:43 +0200] "GET /robots.txt HTTP/1.1" 200 583 "-" "Mozilla/5.0 (compatible; Googlebot/2.1; +http://www.google.com/bot.html)"
75.119.139.177 - - [06/Jun/2026:02:09:43 +0200] "POST /wp-cron.php?doing_wp_cron=1780704583.7880530357360839843750 HTTP/1.1" 200 31 "-" "WordPress/6.9; https://www.fomento-sgoic.pt"
66.249.79.7 - - [06/Jun/2026:02:09:43 +0200] "GET / HTTP/1.1" 200 33120 "-" "Mozilla/5.0 (compatible; Googlebot/2.1; +http://www.google.com/bot.html)"
75.119.139.177 - - [06/Jun/2026:02:09:44 +0200] "POST /wp-cron.php?doing_wp_cron=1780704584.1269268989562988281250 HTTP/1.1" 200 31 "-" "WordPress/6.9; https://www.fomento-sgoic.pt"
