135.181.180.59 - - [06/Jun/2026:02:51:30 +0200] "GET /web/shop/page/23/?doing_wp_cron=1749927138.6754748821258544921875 HTTP/1.1" 200 33347 "-" "Mozilla/5.0 (compatible; MJ12bot/v1.4.8; http://mj12bot.com/)"
135.181.180.59 - - [06/Jun/2026:02:51:32 +0200] "GET /web/shop/page/23/?doing_wp_cron=1778600289.8666639328002929687500 HTTP/1.1" 200 33347 "-" "Mozilla/5.0 (compatible; MJ12bot/v1.4.8; http://mj12bot.com/)"
135.181.180.59 - - [06/Jun/2026:02:51:33 +0200] "GET /web/shop/page/23/?doing_wp_cron=1780685714.6291079521179199218750 HTTP/1.1" 200 33347 "-" "Mozilla/5.0 (compatible; MJ12bot/v1.4.8; http://mj12bot.com/)"
75.119.139.177 - - [06/Jun/2026:02:51:33 +0200] "POST /wp-cron.php?doing_wp_cron=1780707093.8200368881225585937500 HTTP/1.1" 200 31 "-" "WordPress/6.9; https://www.fomento-sgoic.pt"
198.244.226.110 - - [06/Jun/2026:02:51:33 +0200] "GET /oficialnyj-sajt-v-kazahstane-olimp-casino-15265/ HTTP/1.1" 200 20323 "-" "Mozilla/5.0 (compatible; AhrefsBot/7.0; +http://ahrefs.com/robot/)"
135.181.180.59 - - [06/Jun/2026:02:51:35 +0200] "GET /web/shop/page/23/?doing_wp_cron=1780685716.0307710170745849609375 HTTP/1.1" 200 33347 "-" "Mozilla/5.0 (compatible; MJ12bot/v1.4.8; http://mj12bot.com/)"
17.241.219.176 - - [06/Jun/2026:02:51:36 +0200] "GET /web/en/shop/page/2/?doing_wp_cron=1754040993.2300889492034912109375 HTTP/1.1" 200 32680 "-" "Mozilla/5.0 (Macintosh; Intel Mac OS X 10_15_7) AppleWebKit/605.1.15 (KHTML, like Gecko) Version/17.4 Safari/605.1.15 (Applebot/0.1; +http://www.apple.com/go/applebot)"
135.181.180.59 - - [06/Jun/2026:02:51:37 +0200] "GET /web/shop/page/24/?doing_wp_cron=1675484758.9007239341735839843750 HTTP/1.1" 200 33011 "-" "Mozilla/5.0 (compatible; MJ12bot/v1.4.8; http://mj12bot.com/)"
135.181.180.59 - - [06/Jun/2026:02:51:39 +0200] "GET /web/shop/page/24/?doing_wp_cron=1680780520.6856729984283447265625 HTTP/1.1" 200 33011 "-" "Mozilla/5.0 (compatible; MJ12bot/v1.4.8; http://mj12bot.com/)"
51.195.244.221 - - [06/Jun/2026:02:51:39 +0200] "GET /web/wp-conteudos/themes/jupiter/assets/stylesheet/plugins/min/woocommerce.css HTTP/1.1" 200 9632 "-" "Mozilla/5.0 (compatible; AhrefsBot/7.0; +http://ahrefs.com/robot/)"
51.195.183.233 - - [06/Jun/2026:02:51:40 +0200] "GET /web/wp-conteudos/plugins/woocommerce/assets/js/frontend/cart-fragments.min.js HTTP/1.1" 200 1054 "-" "Mozilla/5.0 (compatible; AhrefsBot/7.0; +http://ahrefs.com/robot/)"
135.181.180.59 - - [06/Jun/2026:02:51:40 +0200] "GET /web/shop/page/24/?doing_wp_cron=1772549327.6948819160461425781250 HTTP/1.1" 200 33011 "-" "Mozilla/5.0 (compatible; MJ12bot/v1.4.8; http://mj12bot.com/)"
114.119.130.105 - - [06/Jun/2026:02:51:41 +0200] "GET /web/en/produto/cha-camomila-12-saq-ervas-da-zoe/ HTTP/1.1" 302 102 "https://www.biocabaz.pt/web/en/shop/page/59?orderby=menu_order&doing_wp_cron=1683309728.5510869026184082031250" "Mozilla/5.0 (Linux; Android 7.0;) AppleWebKit/537.36 (HTML, like Gecko) Mobile Safari/537.36 (compatible; PetalBot;+https://webmaster.petalsearch.com/site/petalbot)"
135.181.180.59 - - [06/Jun/2026:02:51:42 +0200] "GET /web/shop/page/24/?doing_wp_cron=1780685714.6291079521179199218750 HTTP/1.1" 200 33011 "-" "Mozilla/5.0 (compatible; MJ12bot/v1.4.8; http://mj12bot.com/)"
135.181.180.59 - - [06/Jun/2026:02:51:44 +0200] "GET /web/shop/page/24/?doing_wp_cron=1780685716.0307710170745849609375 HTTP/1.1" 200 33011 "-" "Mozilla/5.0 (compatible; MJ12bot/v1.4.8; http://mj12bot.com/)"
114.119.130.105 - - [06/Jun/2026:02:51:45 +0200] "GET /web/en/produto/cha-camomila-12-saq-ervas-da-zoe/?doing_wp_cron=1780707101.6595849990844726562500 HTTP/1.1" 200 39079 "https://www.biocabaz.pt/web/en/shop/page/59?orderby=menu_order&doing_wp_cron=1683309728.5510869026184082031250" "Mozilla/5.0 (Linux; Android 7.0;) AppleWebKit/537.36 (HTML, like Gecko) Mobile Safari/537.36 (compatible; PetalBot;+https://webmaster.petalsearch.com/site/petalbot)"
135.181.180.59 - - [06/Jun/2026:02:51:46 +0200] "GET /web/shop/page/25/?doing_wp_cron=1775514955.6630730628967285156250 HTTP/1.1" 200 32874 "-" "Mozilla/5.0 (compatible; MJ12bot/v1.4.8; http://mj12bot.com/)"
135.181.180.59 - - [06/Jun/2026:02:51:47 +0200] "GET /web/shop/page/25/?doing_wp_cron=1780594664.4689340591430664062500 HTTP/1.1" 200 32874 "-" "Mozilla/5.0 (compatible; MJ12bot/v1.4.8; http://mj12bot.com/)"
116.179.32.14 - - [06/Jun/2026:02:51:49 +0200] "GET /web/categoria-produto/mercearia/page/17/?doing_wp_cron=1767396949.3155200481414794921875 HTTP/1.1" 200 38522 "-" "Mozilla/5.0 (compatible; Baiduspider/2.0; +http://www.baidu.com/search/spider.html)"
135.181.180.59 - - [06/Jun/2026:02:51:49 +0200] "GET /web/shop/page/26/?doing_wp_cron=1780594664.4689340591430664062500 HTTP/1.1" 200 32769 "-" "Mozilla/5.0 (compatible; MJ12bot/v1.4.8; http://mj12bot.com/)"
135.181.180.59 - - [06/Jun/2026:02:51:51 +0200] "GET /web/shop/page/30/?doing_wp_cron=1766047660.5706529617309570312500 HTTP/1.1" 200 32608 "-" "Mozilla/5.0 (compatible; MJ12bot/v1.4.8; http://mj12bot.com/)"
20.78.148.25 - - [06/Jun/2026:02:51:51 +0200] "GET /a.php HTTP/1.1" 404 47 "-" "Mozilla/5.0 (Windows NT 10.0; Win64; x64) AppleWebKit/537.36 (KHTML, like Gecko) Chrome/120.0.0.0 Safari/537.36"
20.78.148.25 - - [06/Jun/2026:02:51:51 +0200] "GET /aa.php HTTP/1.1" 404 47 "-" "Mozilla/5.0 (Windows NT 10.0; Win64; x64) AppleWebKit/537.36 (KHTML, like Gecko) Chrome/120.0.0.0 Safari/537.36"
20.78.148.25 - - [06/Jun/2026:02:51:51 +0200] "GET /aaa.php HTTP/1.1" 404 47 "-" "Mozilla/5.0 (Windows NT 10.0; Win64; x64) AppleWebKit/537.36 (KHTML, like Gecko) Chrome/120.0.0.0 Safari/537.36"
20.78.148.25 - - [06/Jun/2026:02:51:52 +0200] "GET /ab.php HTTP/1.1" 404 47 "-" "Mozilla/5.0 (Windows NT 10.0; Win64; x64) AppleWebKit/537.36 (KHTML, like Gecko) Chrome/120.0.0.0 Safari/537.36"
20.78.148.25 - - [06/Jun/2026:02:51:52 +0200] "GET /lock360.php HTTP/1.1" 404 47 "-" "Mozilla/5.0 (Windows NT 10.0; Win64; x64) AppleWebKit/537.36 (KHTML, like Gecko) Chrome/120.0.0.0 Safari/537.36"
20.78.148.25 - - [06/Jun/2026:02:51:52 +0200] "GET /anonse/lock360.php HTTP/1.1" 404 47 "-" "Mozilla/5.0 (Windows NT 10.0; Win64; x64) AppleWebKit/537.36 (KHTML, like Gecko) Chrome/120.0.0.0 Safari/537.36"
20.78.148.25 - - [06/Jun/2026:02:51:52 +0200] "GET /file5.php HTTP/1.1" 404 47 "-" "Mozilla/5.0 (Windows NT 10.0; Win64; x64) AppleWebKit/537.36 (KHTML, like Gecko) Chrome/120.0.0.0 Safari/537.36"
135.181.180.59 - - [06/Jun/2026:02:51:52 +0200] "GET /web/shop/page/30/?doing_wp_cron=1778519520.9308609962463378906250 HTTP/1.1" 200 32608 "-" "Mozilla/5.0 (compatible; MJ12bot/v1.4.8; http://mj12bot.com/)"
20.78.148.25 - - [06/Jun/2026:02:51:53 +0200] "GET /sitemaps.php HTTP/1.1" 404 47 "-" "Mozilla/5.0 (Windows NT 10.0; Win64; x64) AppleWebKit/537.36 (KHTML, like Gecko) Chrome/120.0.0.0 Safari/537.36"
20.78.148.25 - - [06/Jun/2026:02:51:53 +0200] "GET /ioxi-o.php HTTP/1.1" 404 47 "-" "Mozilla/5.0 (Windows NT 10.0; Win64; x64) AppleWebKit/537.36 (KHTML, like Gecko) Chrome/120.0.0.0 Safari/537.36"
20.78.148.25 - - [06/Jun/2026:02:51:53 +0200] "GET /load.php HTTP/1.1" 404 47 "-" "Mozilla/5.0 (Windows NT 10.0; Win64; x64) AppleWebKit/537.36 (KHTML, like Gecko) Chrome/120.0.0.0 Safari/537.36"
20.78.148.25 - - [06/Jun/2026:02:51:53 +0200] "GET /k.php HTTP/1.1" 404 47 "-" "Mozilla/5.0 (Windows NT 10.0; Win64; x64) AppleWebKit/537.36 (KHTML, like Gecko) Chrome/120.0.0.0 Safari/537.36"
20.78.148.25 - - [06/Jun/2026:02:51:54 +0200] "GET /autoload_classmap.php HTTP/1.1" 404 47 "-" "Mozilla/5.0 (Windows NT 10.0; Win64; x64) AppleWebKit/537.36 (KHTML, like Gecko) Chrome/120.0.0.0 Safari/537.36"
20.78.148.25 - - [06/Jun/2026:02:51:54 +0200] "GET /post.php HTTP/1.1" 404 47 "-" "Mozilla/5.0 (Windows NT 10.0; Win64; x64) AppleWebKit/537.36 (KHTML, like Gecko) Chrome/120.0.0.0 Safari/537.36"
20.78.148.25 - - [06/Jun/2026:02:51:54 +0200] "GET /1.php HTTP/1.1" 404 47 "-" "Mozilla/5.0 (Windows NT 10.0; Win64; x64) AppleWebKit/537.36 (KHTML, like Gecko) Chrome/120.0.0.0 Safari/537.36"
135.181.180.59 - - [06/Jun/2026:02:51:54 +0200] "GET /web/shop/page/30/?doing_wp_cron=1778600289.8666639328002929687500 HTTP/1.1" 200 32608 "-" "Mozilla/5.0 (compatible; MJ12bot/v1.4.8; http://mj12bot.com/)"
20.78.148.25 - - [06/Jun/2026:02:51:54 +0200] "GET /flower.php HTTP/1.1" 404 47 "-" "Mozilla/5.0 (Windows NT 10.0; Win64; x64) AppleWebKit/537.36 (KHTML, like Gecko) Chrome/120.0.0.0 Safari/537.36"
20.78.148.25 - - [06/Jun/2026:02:51:54 +0200] "GET /admin.php HTTP/1.1" 404 47 "-" "Mozilla/5.0 (Windows NT 10.0; Win64; x64) AppleWebKit/537.36 (KHTML, like Gecko) Chrome/120.0.0.0 Safari/537.36"
116.179.37.112 - - [06/Jun/2026:02:51:54 +0200] "POST /web/?wc-ajax=get_refreshed_fragments HTTP/1.1" 200 626 "https://biocabaz.pt/web/categoria-produto/mercearia/page/17/?doing_wp_cron=1767396949.3155200481414794921875" "Mozilla/5.0 (compatible; Baiduspider-render/2.0; +http://www.baidu.com/search/spider.html)"
20.78.148.25 - - [06/Jun/2026:02:51:55 +0200] "GET /file.php HTTP/1.1" 404 47 "-" "Mozilla/5.0 (Windows NT 10.0; Win64; x64) AppleWebKit/537.36 (KHTML, like Gecko) Chrome/120.0.0.0 Safari/537.36"
20.78.148.25 - - [06/Jun/2026:02:51:55 +0200] "GET /default.php HTTP/1.1" 404 47 "-" "Mozilla/5.0 (Windows NT 10.0; Win64; x64) AppleWebKit/537.36 (KHTML, like Gecko) Chrome/120.0.0.0 Safari/537.36"
20.78.148.25 - - [06/Jun/2026:02:51:55 +0200] "GET /defaults.php HTTP/1.1" 404 47 "-" "Mozilla/5.0 (Windows NT 10.0; Win64; x64) AppleWebKit/537.36 (KHTML, like Gecko) Chrome/120.0.0.0 Safari/537.36"
20.78.148.25 - - [06/Jun/2026:02:51:55 +0200] "GET /meta.php HTTP/1.1" 404 47 "-" "Mozilla/5.0 (Windows NT 10.0; Win64; x64) AppleWebKit/537.36 (KHTML, like Gecko) Chrome/120.0.0.0 Safari/537.36"
20.78.148.25 - - [06/Jun/2026:02:51:56 +0200] "GET /index.php HTTP/1.1" 301 5 "-" "Mozilla/5.0 (Windows NT 10.0; Win64; x64) AppleWebKit/537.36 (KHTML, like Gecko) Chrome/120.0.0.0 Safari/537.36"
135.181.180.59 - - [06/Jun/2026:02:51:56 +0200] "GET /web/shop/page/30/?doing_wp_cron=1780467793.1918830871582031250000 HTTP/1.1" 200 32608 "-" "Mozilla/5.0 (compatible; MJ12bot/v1.4.8; http://mj12bot.com/)"
20.78.148.25 - - [06/Jun/2026:02:51:56 +0200] "GET /about.php HTTP/1.1" 404 47 "-" "Mozilla/5.0 (Windows NT 10.0; Win64; x64) AppleWebKit/537.36 (KHTML, like Gecko) Chrome/120.0.0.0 Safari/537.36"
20.78.148.25 - - [06/Jun/2026:02:51:56 +0200] "GET /randkeyword.php HTTP/1.1" 404 47 "-" "Mozilla/5.0 (Windows NT 10.0; Win64; x64) AppleWebKit/537.36 (KHTML, like Gecko) Chrome/120.0.0.0 Safari/537.36"
20.78.148.25 - - [06/Jun/2026:02:51:56 +0200] "GET /goods.php HTTP/1.1" 404 47 "-" "Mozilla/5.0 (Windows NT 10.0; Win64; x64) AppleWebKit/537.36 (KHTML, like Gecko) Chrome/120.0.0.0 Safari/537.36"
20.78.148.25 - - [06/Jun/2026:02:51:57 +0200] "GET /hehe.php HTTP/1.1" 404 47 "-" "Mozilla/5.0 (Windows NT 10.0; Win64; x64) AppleWebKit/537.36 (KHTML, like Gecko) Chrome/120.0.0.0 Safari/537.36"
20.78.148.25 - - [06/Jun/2026:02:51:57 +0200] "GET /user.php HTTP/1.1" 404 47 "-" "Mozilla/5.0 (Windows NT 10.0; Win64; x64) AppleWebKit/537.36 (KHTML, like Gecko) Chrome/120.0.0.0 Safari/537.36"
20.78.148.25 - - [06/Jun/2026:02:51:57 +0200] "GET /wp-2019.php HTTP/1.1" 404 47 "-" "Mozilla/5.0 (Windows NT 10.0; Win64; x64) AppleWebKit/537.36 (KHTML, like Gecko) Chrome/120.0.0.0 Safari/537.36"
20.78.148.25 - - [06/Jun/2026:02:51:57 +0200] "GET /chosen.php HTTP/1.1" 404 47 "-" "Mozilla/5.0 (Windows NT 10.0; Win64; x64) AppleWebKit/537.36 (KHTML, like Gecko) Chrome/120.0.0.0 Safari/537.36"
135.181.180.59 - - [06/Jun/2026:02:51:58 +0200] "GET /web/shop/page/30/?doing_wp_cron=1780581310.4030520915985107421875 HTTP/1.1" 200 32608 "-" "Mozilla/5.0 (compatible; MJ12bot/v1.4.8; http://mj12bot.com/)"
20.78.148.25 - - [06/Jun/2026:02:51:58 +0200] "GET /functions.php HTTP/1.1" 404 47 "-" "Mozilla/5.0 (Windows NT 10.0; Win64; x64) AppleWebKit/537.36 (KHTML, like Gecko) Chrome/120.0.0.0 Safari/537.36"
20.78.148.25 - - [06/Jun/2026:02:51:58 +0200] "GET /cron.php HTTP/1.1" 404 47 "-" "Mozilla/5.0 (Windows NT 10.0; Win64; x64) AppleWebKit/537.36 (KHTML, like Gecko) Chrome/120.0.0.0 Safari/537.36"
20.78.148.25 - - [06/Jun/2026:02:51:58 +0200] "GET /edit.php HTTP/1.1" 404 47 "-" "Mozilla/5.0 (Windows NT 10.0; Win64; x64) AppleWebKit/537.36 (KHTML, like Gecko) Chrome/120.0.0.0 Safari/537.36"
57.141.20.3 - - [06/Jun/2026:02:51:58 +0200] "GET /web/en/categoria-produto/mercearia/cereais/page/1/ HTTP/1.1" 301 5 "-" "meta-webindexer/1.1 (+https://developers.facebook.com/docs/sharing/webmasters/crawler)"
20.78.148.25 - - [06/Jun/2026:02:51:58 +0200] "GET /gecko-new.php HTTP/1.1" 404 47 "-" "Mozilla/5.0 (Windows NT 10.0; Win64; x64) AppleWebKit/537.36 (KHTML, like Gecko) Chrome/120.0.0.0 Safari/537.36"
20.78.148.25 - - [06/Jun/2026:02:51:58 +0200] "GET /cookie.php HTTP/1.1" 404 47 "-" "Mozilla/5.0 (Windows NT 10.0; Win64; x64) AppleWebKit/537.36 (KHTML, like Gecko) Chrome/120.0.0.0 Safari/537.36"
20.78.148.25 - - [06/Jun/2026:02:51:59 +0200] "GET /xleet.php HTTP/1.1" 404 47 "-" "Mozilla/5.0 (Windows NT 10.0; Win64; x64) AppleWebKit/537.36 (KHTML, like Gecko) Chrome/120.0.0.0 Safari/537.36"
20.78.148.25 - - [06/Jun/2026:02:51:59 +0200] "GET /spip.php HTTP/1.1" 404 47 "-" "Mozilla/5.0 (Windows NT 10.0; Win64; x64) AppleWebKit/537.36 (KHTML, like Gecko) Chrome/120.0.0.0 Safari/537.36"
20.78.148.25 - - [06/Jun/2026:02:51:59 +0200] "GET /22.php HTTP/1.1" 404 47 "-" "Mozilla/5.0 (Windows NT 10.0; Win64; x64) AppleWebKit/537.36 (KHTML, like Gecko) Chrome/120.0.0.0 Safari/537.36"
135.181.180.59 - - [06/Jun/2026:02:51:59 +0200] "GET /web/shop/page/30/?doing_wp_cron=1780594664.4689340591430664062500 HTTP/1.1" 200 32608 "-" "Mozilla/5.0 (compatible; MJ12bot/v1.4.8; http://mj12bot.com/)"
20.78.148.25 - - [06/Jun/2026:02:51:59 +0200] "GET /room.php HTTP/1.1" 404 47 "-" "Mozilla/5.0 (Windows NT 10.0; Win64; x64) AppleWebKit/537.36 (KHTML, like Gecko) Chrome/120.0.0.0 Safari/537.36"
20.78.148.25 - - [06/Jun/2026:02:52:00 +0200] "GET /disagreed.php HTTP/1.1" 404 47 "-" "Mozilla/5.0 (Windows NT 10.0; Win64; x64) AppleWebKit/537.36 (KHTML, like Gecko) Chrome/120.0.0.0 Safari/537.36"
20.78.148.25 - - [06/Jun/2026:02:52:00 +0200] "GET /text.php HTTP/1.1" 404 47 "-" "Mozilla/5.0 (Windows NT 10.0; Win64; x64) AppleWebKit/537.36 (KHTML, like Gecko) Chrome/120.0.0.0 Safari/537.36"
20.78.148.25 - - [06/Jun/2026:02:52:00 +0200] "GET /alfa-rex.php HTTP/1.1" 404 47 "-" "Mozilla/5.0 (Windows NT 10.0; Win64; x64) AppleWebKit/537.36 (KHTML, like Gecko) Chrome/120.0.0.0 Safari/537.36"
20.78.148.25 - - [06/Jun/2026:02:52:01 +0200] "GET /alfa-rex.php7 HTTP/1.1" 301 5 "-" "Mozilla/5.0 (Windows NT 10.0; Win64; x64) AppleWebKit/537.36 (KHTML, like Gecko) Chrome/120.0.0.0 Safari/537.36"
43.172.194.153 - - [06/Jun/2026:02:52:01 +0200] "GET /web/en/produto/caril-suave-bio-50g-lebensbaum HTTP/1.1" 301 5 "-" "Mozilla/5.0 (Windows NT 10.0; Win64; x64) AppleWebKit/537.36 (KHTML, like Gecko) Chrome/109.0.0.0 Safari/537.36"
20.78.148.25 - - [06/Jun/2026:02:52:01 +0200] "GET /feeds.php HTTP/1.1" 404 47 "-" "Mozilla/5.0 (Windows NT 10.0; Win64; x64) AppleWebKit/537.36 (KHTML, like Gecko) Chrome/120.0.0.0 Safari/537.36"
135.181.180.59 - - [06/Jun/2026:02:52:01 +0200] "GET /web/shop/page/31/?doing_wp_cron=1689892390.3281900882720947265625 HTTP/1.1" 200 32277 "-" "Mozilla/5.0 (compatible; MJ12bot/v1.4.8; http://mj12bot.com/)"
20.78.148.25 - - [06/Jun/2026:02:52:01 +0200] "GET /radio.php HTTP/1.1" 404 47 "-" "Mozilla/5.0 (Windows NT 10.0; Win64; x64) AppleWebKit/537.36 (KHTML, like Gecko) Chrome/120.0.0.0 Safari/537.36"
20.78.148.25 - - [06/Jun/2026:02:52:01 +0200] "GET /dropdown.php HTTP/1.1" 404 47 "-" "Mozilla/5.0 (Windows NT 10.0; Win64; x64) AppleWebKit/537.36 (KHTML, like Gecko) Chrome/120.0.0.0 Safari/537.36"
114.119.158.220 - - [06/Jun/2026:02:52:01 +0200] "GET /web/en/produto/and-iogurte-natural-37-150g/?doing_wp_cron=1756322406.4104259014129638671875 HTTP/1.1" 200 39065 "https://www.biocabaz.pt/web/produto/and-iogurte-natural-37-150g/?doing_wp_cron=1756322406.4104259014129638671875" "Mozilla/5.0 (Linux; Android 7.0;) AppleWebKit/537.36 (HTML, like Gecko) Mobile Safari/537.36 (compatible; PetalBot;+https://webmaster.petalsearch.com/site/petalbot)"
20.78.148.25 - - [06/Jun/2026:02:52:01 +0200] "GET /defaults.php HTTP/1.1" 404 47 "-" "Mozilla/5.0 (Windows NT 10.0; Win64; x64) AppleWebKit/537.36 (KHTML, like Gecko) Chrome/120.0.0.0 Safari/537.36"
20.78.148.25 - - [06/Jun/2026:02:52:02 +0200] "GET /system.php HTTP/1.1" 404 47 "-" "Mozilla/5.0 (Windows NT 10.0; Win64; x64) AppleWebKit/537.36 (KHTML, like Gecko) Chrome/120.0.0.0 Safari/537.36"
43.172.198.115 - - [06/Jun/2026:02:52:02 +0200] "GET /web/en/produto/caril-suave-bio-50g-lebensbaum/ HTTP/1.1" 200 39531 "-" "Mozilla/5.0 (Windows NT 10.0; Win64; x64) AppleWebKit/537.36 (KHTML, like Gecko) Chrome/109.0.0.0 Safari/537.36"
20.78.148.25 - - [06/Jun/2026:02:52:02 +0200] "GET /xmlrpc.php HTTP/1.1" 405 53 "-" "Mozilla/5.0 (Windows NT 10.0; Win64; x64) AppleWebKit/537.36 (KHTML, like Gecko) Chrome/120.0.0.0 Safari/537.36"
20.78.148.25 - - [06/Jun/2026:02:52:02 +0200] "GET /xmlrpc.php0 HTTP/1.1" 301 5 "-" "Mozilla/5.0 (Windows NT 10.0; Win64; x64) AppleWebKit/537.36 (KHTML, like Gecko) Chrome/120.0.0.0 Safari/537.36"
57.141.20.56 - - [06/Jun/2026:02:52:03 +0200] "GET /web/en/categoria-produto/mercearia/cereais/ HTTP/1.1" 200 196032 "-" "meta-webindexer/1.1 (+https://developers.facebook.com/docs/sharing/webmasters/crawler)"
135.181.180.59 - - [06/Jun/2026:02:52:03 +0200] "GET /web/shop/page/31/?doing_wp_cron=1691452233.9771420955657958984375 HTTP/1.1" 200 32277 "-" "Mozilla/5.0 (compatible; MJ12bot/v1.4.8; http://mj12bot.com/)"
20.78.148.25 - - [06/Jun/2026:02:52:03 +0200] "GET /colors.php HTTP/1.1" 404 47 "-" "Mozilla/5.0 (Windows NT 10.0; Win64; x64) AppleWebKit/537.36 (KHTML, like Gecko) Chrome/120.0.0.0 Safari/537.36"
20.78.148.25 - - [06/Jun/2026:02:52:03 +0200] "GET /updates.php HTTP/1.1" 404 47 "-" "Mozilla/5.0 (Windows NT 10.0; Win64; x64) AppleWebKit/537.36 (KHTML, like Gecko) Chrome/120.0.0.0 Safari/537.36"
20.78.148.25 - - [06/Jun/2026:02:52:03 +0200] "GET /alfa-rex1.php HTTP/1.1" 404 47 "-" "Mozilla/5.0 (Windows NT 10.0; Win64; x64) AppleWebKit/537.36 (KHTML, like Gecko) Chrome/120.0.0.0 Safari/537.36"
20.78.148.25 - - [06/Jun/2026:02:52:03 +0200] "GET /wp-index.php HTTP/1.1" 404 47 "-" "Mozilla/5.0 (Windows NT 10.0; Win64; x64) AppleWebKit/537.36 (KHTML, like Gecko) Chrome/120.0.0.0 Safari/537.36"
52.167.144.145 - - [06/Jun/2026:02:52:04 +0200] "GET /web/shop/page/7/?doing_wp_cron=1718160032.8222999572753906250000 HTTP/1.1" 200 33269 "-" "Mozilla/5.0 AppleWebKit/537.36 (KHTML, like Gecko; compatible; bingbot/2.0; +http://www.bing.com/bingbot.htm) Chrome/116.0.1938.76 Safari/537.36"
20.78.148.25 - - [06/Jun/2026:02:52:04 +0200] "GET /wp-admin.php HTTP/1.1" 404 47 "-" "Mozilla/5.0 (Windows NT 10.0; Win64; x64) AppleWebKit/537.36 (KHTML, like Gecko) Chrome/120.0.0.0 Safari/537.36"
20.78.148.25 - - [06/Jun/2026:02:52:04 +0200] "GET /alfa.php HTTP/1.1" 404 47 "-" "Mozilla/5.0 (Windows NT 10.0; Win64; x64) AppleWebKit/537.36 (KHTML, like Gecko) Chrome/120.0.0.0 Safari/537.36"
20.78.148.25 - - [06/Jun/2026:02:52:04 +0200] "GET /alfanew.php7 HTTP/1.1" 301 5 "-" "Mozilla/5.0 (Windows NT 10.0; Win64; x64) AppleWebKit/537.36 (KHTML, like Gecko) Chrome/120.0.0.0 Safari/537.36"
135.181.180.59 - - [06/Jun/2026:02:52:04 +0200] "GET /web/shop/page/31/?doing_wp_cron=1714789510.7151479721069335937500 HTTP/1.1" 200 32277 "-" "Mozilla/5.0 (compatible; MJ12bot/v1.4.8; http://mj12bot.com/)"
20.78.148.25 - - [06/Jun/2026:02:52:04 +0200] "GET /locale.php HTTP/1.1" 404 47 "-" "Mozilla/5.0 (Windows NT 10.0; Win64; x64) AppleWebKit/537.36 (KHTML, like Gecko) Chrome/120.0.0.0 Safari/537.36"
20.78.148.25 - - [06/Jun/2026:02:52:05 +0200] "GET /wxo.php HTTP/1.1" 404 47 "-" "Mozilla/5.0 (Windows NT 10.0; Win64; x64) AppleWebKit/537.36 (KHTML, like Gecko) Chrome/120.0.0.0 Safari/537.36"
20.78.148.25 - - [06/Jun/2026:02:52:05 +0200] "GET /colour.php HTTP/1.1" 404 47 "-" "Mozilla/5.0 (Windows NT 10.0; Win64; x64) AppleWebKit/537.36 (KHTML, like Gecko) Chrome/120.0.0.0 Safari/537.36"
20.78.148.25 - - [06/Jun/2026:02:52:05 +0200] "GET /files.php HTTP/1.1" 404 47 "-" "Mozilla/5.0 (Windows NT 10.0; Win64; x64) AppleWebKit/537.36 (KHTML, like Gecko) Chrome/120.0.0.0 Safari/537.36"
20.78.148.25 - - [06/Jun/2026:02:52:05 +0200] "GET /install.php HTTP/1.1" 404 47 "-" "Mozilla/5.0 (Windows NT 10.0; Win64; x64) AppleWebKit/537.36 (KHTML, like Gecko) Chrome/120.0.0.0 Safari/537.36"
20.78.148.25 - - [06/Jun/2026:02:52:06 +0200] "GET /wp-contentt.php HTTP/1.1" 404 47 "-" "Mozilla/5.0 (Windows NT 10.0; Win64; x64) AppleWebKit/537.36 (KHTML, like Gecko) Chrome/120.0.0.0 Safari/537.36"
135.181.180.59 - - [06/Jun/2026:02:52:06 +0200] "GET /web/shop/page/31/?doing_wp_cron=1739791741.5411400794982910156250 HTTP/1.1" 200 32277 "-" "Mozilla/5.0 (compatible; MJ12bot/v1.4.8; http://mj12bot.com/)"
20.78.148.25 - - [06/Jun/2026:02:52:06 +0200] "GET /config.php7 HTTP/1.1" 301 5 "-" "Mozilla/5.0 (Windows NT 10.0; Win64; x64) AppleWebKit/537.36 (KHTML, like Gecko) Chrome/120.0.0.0 Safari/537.36"
20.78.148.25 - - [06/Jun/2026:02:52:06 +0200] "GET /config.php HTTP/1.1" 404 47 "-" "Mozilla/5.0 (Windows NT 10.0; Win64; x64) AppleWebKit/537.36 (KHTML, like Gecko) Chrome/120.0.0.0 Safari/537.36"
20.78.148.25 - - [06/Jun/2026:02:52:06 +0200] "GET /theme.php HTTP/1.1" 404 47 "-" "Mozilla/5.0 (Windows NT 10.0; Win64; x64) AppleWebKit/537.36 (KHTML, like Gecko) Chrome/120.0.0.0 Safari/537.36"
114.119.148.47 - - [06/Jun/2026:02:52:07 +0200] "GET /web/en/categoria-produto/mercearia/sal-especiarias-temperos/page/4?doing_wp_cron=1687819264.3646149635314941406250 HTTP/1.1" 301 5 "https://www.biocabaz.pt/web/en/categoria-produto/mercearia/sal-especiarias-temperos/page/4?doing_wp_cron=1687819264.3646149635314941406250" "Mozilla/5.0 (Linux; Android 7.0;) AppleWebKit/537.36 (HTML, like Gecko) Mobile Safari/537.36 (compatible; PetalBot;+https://webmaster.petalsearch.com/site/petalbot)"
20.78.148.25 - - [06/Jun/2026:02:52:07 +0200] "GET /block-bindings.php HTTP/1.1" 404 47 "-" "Mozilla/5.0 (Windows NT 10.0; Win64; x64) AppleWebKit/537.36 (KHTML, like Gecko) Chrome/120.0.0.0 Safari/537.36"
20.78.148.25 - - [06/Jun/2026:02:52:07 +0200] "GET /class_api.php HTTP/1.1" 404 47 "-" "Mozilla/5.0 (Windows NT 10.0; Win64; x64) AppleWebKit/537.36 (KHTML, like Gecko) Chrome/120.0.0.0 Safari/537.36"
20.78.148.25 - - [06/Jun/2026:02:52:07 +0200] "GET /inputs.php HTTP/1.1" 404 47 "-" "Mozilla/5.0 (Windows NT 10.0; Win64; x64) AppleWebKit/537.36 (KHTML, like Gecko) Chrome/120.0.0.0 Safari/537.36"
20.78.148.25 - - [06/Jun/2026:02:52:07 +0200] "GET /root.php HTTP/1.1" 404 47 "-" "Mozilla/5.0 (Windows NT 10.0; Win64; x64) AppleWebKit/537.36 (KHTML, like Gecko) Chrome/120.0.0.0 Safari/537.36"
20.78.148.25 - - [06/Jun/2026:02:52:08 +0200] "GET /menu.php HTTP/1.1" 404 47 "-" "Mozilla/5.0 (Windows NT 10.0; Win64; x64) AppleWebKit/537.36 (KHTML, like Gecko) Chrome/120.0.0.0 Safari/537.36"
135.181.180.59 - - [06/Jun/2026:02:52:08 +0200] "GET /web/shop/page/31/?doing_wp_cron=1770996282.6222040653228759765625 HTTP/1.1" 200 32277 "-" "Mozilla/5.0 (compatible; MJ12bot/v1.4.8; http://mj12bot.com/)"
51.15.215.40 - - [06/Jun/2026:02:52:08 +0200] "GET /web/wp-conteudos/uploads/bfi_thumb/sortido-bolachas-nxdgscyv096dm6onqzt051q8jojc1a73y5xu6q1d04.jpg HTTP/1.1" 200 53635 "-" "Mozilla/5.0 (X11; Ubuntu; Linux x86_64; rv:72.0) Gecko/20100101 Firefox/72.0"
20.78.148.25 - - [06/Jun/2026:02:52:08 +0200] "GET /plugin.php HTTP/1.1" 404 47 "-" "Mozilla/5.0 (Windows NT 10.0; Win64; x64) AppleWebKit/537.36 (KHTML, like Gecko) Chrome/120.0.0.0 Safari/537.36"
20.78.148.25 - - [06/Jun/2026:02:52:08 +0200] "GET /cloud.php HTTP/1.1" 404 47 "-" "Mozilla/5.0 (Windows NT 10.0; Win64; x64) AppleWebKit/537.36 (KHTML, like Gecko) Chrome/120.0.0.0 Safari/537.36"
20.78.148.25 - - [06/Jun/2026:02:52:08 +0200] "GET /configs.php HTTP/1.1" 404 47 "-" "Mozilla/5.0 (Windows NT 10.0; Win64; x64) AppleWebKit/537.36 (KHTML, like Gecko) Chrome/120.0.0.0 Safari/537.36"
20.78.148.25 - - [06/Jun/2026:02:52:09 +0200] "GET /wp-configs.php HTTP/1.1" 404 47 "-" "Mozilla/5.0 (Windows NT 10.0; Win64; x64) AppleWebKit/537.36 (KHTML, like Gecko) Chrome/120.0.0.0 Safari/537.36"
20.78.148.25 - - [06/Jun/2026:02:52:09 +0200] "GET /update.php HTTP/1.1" 404 47 "-" "Mozilla/5.0 (Windows NT 10.0; Win64; x64) AppleWebKit/537.36 (KHTML, like Gecko) Chrome/120.0.0.0 Safari/537.36"
20.78.148.25 - - [06/Jun/2026:02:52:09 +0200] "GET /2.php HTTP/1.1" 404 47 "-" "Mozilla/5.0 (Windows NT 10.0; Win64; x64) AppleWebKit/537.36 (KHTML, like Gecko) Chrome/120.0.0.0 Safari/537.36"
20.78.148.25 - - [06/Jun/2026:02:52:09 +0200] "GET /input.php HTTP/1.1" 404 47 "-" "Mozilla/5.0 (Windows NT 10.0; Win64; x64) AppleWebKit/537.36 (KHTML, like Gecko) Chrome/120.0.0.0 Safari/537.36"
135.181.180.59 - - [06/Jun/2026:02:52:09 +0200] "GET /web/shop/page/31/?doing_wp_cron=1778519520.9308609962463378906250 HTTP/1.1" 200 32277 "-" "Mozilla/5.0 (compatible; MJ12bot/v1.4.8; http://mj12bot.com/)"
20.78.148.25 - - [06/Jun/2026:02:52:09 +0200] "GET /aaa.php HTTP/1.1" 404 47 "-" "Mozilla/5.0 (Windows NT 10.0; Win64; x64) AppleWebKit/537.36 (KHTML, like Gecko) Chrome/120.0.0.0 Safari/537.36"
40.77.167.14 - - [06/Jun/2026:02:52:10 +0200] "GET /web/en/kiwi-2 HTTP/1.1" 302 102 "-" "Mozilla/5.0 AppleWebKit/537.36 (KHTML, like Gecko; compatible; bingbot/2.0; +http://www.bing.com/bingbot.htm) Chrome/116.0.1938.76 Safari/537.36"
20.78.148.25 - - [06/Jun/2026:02:52:10 +0200] "GET /en-us/2021/04/30/php-community-sidesteps-its-third-supply-chain-attack-in-three-years/ HTTP/1.1" 301 5 "-" "Mozilla/5.0 (Windows NT 10.0; Win64; x64) AppleWebKit/537.36 (KHTML, like Gecko) Chrome/120.0.0.0 Safari/537.36"
20.78.148.25 - - [06/Jun/2026:02:52:10 +0200] "GET /ALFA_DATA/alfacgiapi/ HTTP/1.1" 301 5 "-" "Mozilla/5.0 (Windows NT 10.0; Win64; x64) AppleWebKit/537.36 (KHTML, like Gecko) Chrome/120.0.0.0 Safari/537.36"
51.195.244.242 - - [06/Jun/2026:02:52:10 +0200] "GET /wp-content/themes/turismofundos22/js/properties-map.js?ver=1780707093 HTTP/1.1" 200 1475 "-" "Mozilla/5.0 (compatible; AhrefsBot/7.0; +http://ahrefs.com/robot/)"
114.119.148.47 - - [06/Jun/2026:02:52:10 +0200] "GET /web/en/categoria-produto/mercearia/sal-especiarias-temperos/page/4/?doing_wp_cron=1687819264.3646149635314941406250 HTTP/1.1" 200 32333 "https://www.biocabaz.pt/web/en/categoria-produto/mercearia/sal-especiarias-temperos/page/4?doing_wp_cron=1687819264.3646149635314941406250" "Mozilla/5.0 (Linux; Android 7.0;) AppleWebKit/537.36 (HTML, like Gecko) Mobile Safari/537.36 (compatible; PetalBot;+https://webmaster.petalsearch.com/site/petalbot)"
20.78.148.25 - - [06/Jun/2026:02:52:11 +0200] "GET /wp-admin/images/ HTTP/1.1" 403 548 "-" "Mozilla/5.0 (Windows NT 10.0; Win64; x64) AppleWebKit/537.36 (KHTML, like Gecko) Chrome/120.0.0.0 Safari/537.36"
20.78.148.25 - - [06/Jun/2026:02:52:11 +0200] "GET /wp-admin/images/admin.php HTTP/1.1" 404 47 "-" "Mozilla/5.0 (Windows NT 10.0; Win64; x64) AppleWebKit/537.36 (KHTML, like Gecko) Chrome/120.0.0.0 Safari/537.36"
20.78.148.25 - - [06/Jun/2026:02:52:11 +0200] "GET /wp-admin/includes/moon.php HTTP/1.1" 404 47 "-" "Mozilla/5.0 (Windows NT 10.0; Win64; x64) AppleWebKit/537.36 (KHTML, like Gecko) Chrome/120.0.0.0 Safari/537.36"
20.78.148.25 - - [06/Jun/2026:02:52:11 +0200] "GET /wp-admin/maint/edit.php HTTP/1.1" 404 47 "-" "Mozilla/5.0 (Windows NT 10.0; Win64; x64) AppleWebKit/537.36 (KHTML, like Gecko) Chrome/120.0.0.0 Safari/537.36"
135.181.180.59 - - [06/Jun/2026:02:52:11 +0200] "GET /web/shop/page/31/?doing_wp_cron=1780467793.1918830871582031250000 HTTP/1.1" 200 32277 "-" "Mozilla/5.0 (compatible; MJ12bot/v1.4.8; http://mj12bot.com/)"
20.78.148.25 - - [06/Jun/2026:02:52:11 +0200] "GET /wp-content/1.php HTTP/1.1" 404 47 "-" "Mozilla/5.0 (Windows NT 10.0; Win64; x64) AppleWebKit/537.36 (KHTML, like Gecko) Chrome/120.0.0.0 Safari/537.36"
40.77.167.14 - - [06/Jun/2026:02:52:11 +0200] "GET /web/en/kiwi-2?doing_wp_cron=1780707130.0504920482635498046875 HTTP/1.1" 301 5 "-" "Mozilla/5.0 AppleWebKit/537.36 (KHTML, like Gecko; compatible; bingbot/2.0; +http://www.bing.com/bingbot.htm) Chrome/116.0.1938.76 Safari/537.36"
20.78.148.25 - - [06/Jun/2026:02:52:12 +0200] "GET /wp-content/plugins/WordPressCore/ HTTP/1.1" 301 5 "-" "Mozilla/5.0 (Windows NT 10.0; Win64; x64) AppleWebKit/537.36 (KHTML, like Gecko) Chrome/120.0.0.0 Safari/537.36"
20.78.148.25 - - [06/Jun/2026:02:52:12 +0200] "GET /wp-content/plugins/ioxi/ioxi/ HTTP/1.1" 301 5 "-" "Mozilla/5.0 (Windows NT 10.0; Win64; x64) AppleWebKit/537.36 (KHTML, like Gecko) Chrome/120.0.0.0 Safari/537.36"
20.78.148.25 - - [06/Jun/2026:02:52:13 +0200] "GET /wp-content/themes/404.php HTTP/1.1" 404 47 "-" "Mozilla/5.0 (Windows NT 10.0; Win64; x64) AppleWebKit/537.36 (KHTML, like Gecko) Chrome/120.0.0.0 Safari/537.36"
20.78.148.25 - - [06/Jun/2026:02:52:13 +0200] "GET /wp-content/uploads/2018/03/ HTTP/1.1" 301 5 "-" "Mozilla/5.0 (Windows NT 10.0; Win64; x64) AppleWebKit/537.36 (KHTML, like Gecko) Chrome/120.0.0.0 Safari/537.36"
20.78.148.25 - - [06/Jun/2026:02:52:13 +0200] "GET /wp-content/uploads/2022/07/ HTTP/1.1" 403 548 "-" "Mozilla/5.0 (Windows NT 10.0; Win64; x64) AppleWebKit/537.36 (KHTML, like Gecko) Chrome/120.0.0.0 Safari/537.36"
40.77.167.14 - - [06/Jun/2026:02:52:13 +0200] "GET /web/en/kiwi-2/?doing_wp_cron=1780707130.0504920482635498046875 HTTP/1.1" 200 37460 "-" "Mozilla/5.0 AppleWebKit/537.36 (KHTML, like Gecko; compatible; bingbot/2.0; +http://www.bing.com/bingbot.htm) Chrome/116.0.1938.76 Safari/537.36"
20.78.148.25 - - [06/Jun/2026:02:52:13 +0200] "GET /wp-content/uploads/2023/03/ HTTP/1.1" 403 548 "-" "Mozilla/5.0 (Windows NT 10.0; Win64; x64) AppleWebKit/537.36 (KHTML, like Gecko) Chrome/120.0.0.0 Safari/537.36"
20.78.148.25 - - [06/Jun/2026:02:52:14 +0200] "GET /wp-content/uploads/autoload_classmap.php HTTP/1.1" 403 548 "-" "Mozilla/5.0 (Windows NT 10.0; Win64; x64) AppleWebKit/537.36 (KHTML, like Gecko) Chrome/120.0.0.0 Safari/537.36"
20.78.148.25 - - [06/Jun/2026:02:52:14 +0200] "GET /wp-content/uploads/wp.php HTTP/1.1" 403 548 "-" "Mozilla/5.0 (Windows NT 10.0; Win64; x64) AppleWebKit/537.36 (KHTML, like Gecko) Chrome/120.0.0.0 Safari/537.36"
20.78.148.25 - - [06/Jun/2026:02:52:14 +0200] "GET /wp-includes/js/tinymce/skins/lightgray/ HTTP/1.1" 403 548 "-" "Mozilla/5.0 (Windows NT 10.0; Win64; x64) AppleWebKit/537.36 (KHTML, like Gecko) Chrome/120.0.0.0 Safari/537.36"
20.78.148.25 - - [06/Jun/2026:02:52:14 +0200] "GET /wp-includes/js/tinymce/themes/inlite/ HTTP/1.1" 403 548 "-" "Mozilla/5.0 (Windows NT 10.0; Win64; x64) AppleWebKit/537.36 (KHTML, like Gecko) Chrome/120.0.0.0 Safari/537.36"
43.173.173.214 - - [06/Jun/2026:02:52:14 +0200] "GET /web/en/produto/caril-suave-bio-50g-lebensbaum HTTP/1.1" 301 5 "-" "Mozilla/5.0 (Windows NT 10.0; Win64; x64) AppleWebKit/537.36 (KHTML, like Gecko) Chrome/117.0.0.0 Safari/537.36"
20.78.148.25 - - [06/Jun/2026:02:52:15 +0200] "GET /wp-includes/mani.php HTTP/1.1" 404 47 "-" "Mozilla/5.0 (Windows NT 10.0; Win64; x64) AppleWebKit/537.36 (KHTML, like Gecko) Chrome/120.0.0.0 Safari/537.36"
20.78.148.25 - - [06/Jun/2026:02:52:15 +0200] "GET /wp-includes/sodium_compat/ HTTP/1.1" 403 548 "-" "Mozilla/5.0 (Windows NT 10.0; Win64; x64) AppleWebKit/537.36 (KHTML, like Gecko) Chrome/120.0.0.0 Safari/537.36"
20.78.148.25 - - [06/Jun/2026:02:52:15 +0200] "GET /wp-includes/theme-compat/ HTTP/1.1" 403 548 "-" "Mozilla/5.0 (Windows NT 10.0; Win64; x64) AppleWebKit/537.36 (KHTML, like Gecko) Chrome/120.0.0.0 Safari/537.36"
20.78.148.25 - - [06/Jun/2026:02:52:15 +0200] "GET /wp-logs.php HTTP/1.1" 404 47 "-" "Mozilla/5.0 (Windows NT 10.0; Win64; x64) AppleWebKit/537.36 (KHTML, like Gecko) Chrome/120.0.0.0 Safari/537.36"
43.173.173.214 - - [06/Jun/2026:02:52:15 +0200] "GET /web/en/produto/caril-suave-bio-50g-lebensbaum/ HTTP/1.1" 200 39531 "https://www.biocabaz.pt/web/en/produto/caril-suave-bio-50g-lebensbaum" "Mozilla/5.0 (Windows NT 10.0; Win64; x64) AppleWebKit/537.36 (KHTML, like Gecko) Chrome/117.0.0.0 Safari/537.36"
57.141.20.17 - - [06/Jun/2026:02:52:19 +0200] "GET /products/21726207/ HTTP/1.1" 301 5 "-" "meta-externalagent/1.1 (+https://developers.facebook.com/docs/sharing/webmasters/crawler)"
114.119.158.220 - - [06/Jun/2026:02:52:21 +0200] "GET /web/categoria-produto/mercearia/page/8/?orderby=date&doing_wp_cron=1678839888.2731549739837646484375 HTTP/1.1" 200 32465 "https://www.biocabaz.pt/web/categoria-produto/mercearia/page/6/?orderby=date&doing_wp_cron=1678839888.2731549739837646484375" "Mozilla/5.0 (Linux; Android 7.0;) AppleWebKit/537.36 (HTML, like Gecko) Mobile Safari/537.36 (compatible; PetalBot;+https://webmaster.petalsearch.com/site/petalbot)"
17.241.227.30 - - [06/Jun/2026:02:52:22 +0200] "POST /web/en/?wc-ajax=get_refreshed_fragments HTTP/1.1" 200 629 "https://www.biocabaz.pt/web/en/produto/tomate-cherry-bio/?doing_wp_cron=1680334605.5392758846282958984375" "Mozilla/5.0 (Macintosh; Intel Mac OS X 10_15_7) AppleWebKit/605.1.15 (KHTML, like Gecko) Version/17.4 Safari/605.1.15 (Applebot/0.1; +http://www.apple.com/go/applebot)"
198.244.240.167 - - [06/Jun/2026:02:52:27 +0200] "GET /web/wp-conteudos/plugins/woocommerce/assets/js/jquery-blockui/jquery.blockUI.min.js HTTP/1.1" 200 3518 "-" "Mozilla/5.0 (compatible; AhrefsBot/7.0; +http://ahrefs.com/robot/)"
66.249.79.35 - - [06/Jun/2026:02:52:29 +0200] "GET /web/en/produto/and-iogurte-stracciatella-37-150g/?doing_wp_cron=1706483959.3210821151733398437500 HTTP/1.1" 200 39213 "-" "Mozilla/5.0 (Linux; Android 6.0.1; Nexus 5X Build/MMB29P) AppleWebKit/537.36 (KHTML, like Gecko) Chrome/148.0.7778.96 Mobile Safari/537.36 (compatible; Googlebot/2.1; +http://www.google.com/bot.html)"
75.119.139.177 - - [06/Jun/2026:02:52:32 +0200] "POST /wp-cron.php?doing_wp_cron=1780707152.4081521034240722656250 HTTP/1.1" 200 31 "-" "WordPress/6.9; https://www.fomento-sgoic.pt"
57.141.20.35 - - [06/Jun/2026:02:52:32 +0200] "GET /products/5280463/ HTTP/1.1" 301 5 "-" "meta-externalagent/1.1 (+https://developers.facebook.com/docs/sharing/webmasters/crawler)"
198.244.183.210 - - [06/Jun/2026:02:52:33 +0200] "GET /web/en/produto/alho-seco/ HTTP/1.1" 200 38182 "-" "Mozilla/5.0 (compatible; AhrefsBot/7.0; +http://ahrefs.com/robot/)"
66.249.79.33 - - [06/Jun/2026:02:52:34 +0200] "POST /web/en/?wc-ajax=get_refreshed_fragments HTTP/1.1" 200 630 "https://www.biocabaz.pt/web/en/produto/and-iogurte-stracciatella-37-150g/?doing_wp_cron=1706483959.3210821151733398437500" "Mozilla/5.0 (Linux; Android 6.0.1; Nexus 5X Build/MMB29P) AppleWebKit/537.36 (KHTML, like Gecko) Chrome/148.0.7778.96 Mobile Safari/537.36 (compatible; Googlebot/2.1; +http://www.google.com/bot.html)"
185.191.171.3 - - [06/Jun/2026:02:52:37 +0200] "GET /web/produto/chocolate-caramelo-c-sal-dos-incas-bio-44%CAcau-80grs-vivani/?doing_wp_cron=1735973962.1084260940551757812500 HTTP/1.1" 200 38695 "-" "Mozilla/5.0 (compatible; SemrushBot/7~bl; +http://www.semrush.com/bot.html)"
51.195.244.252 - - [06/Jun/2026:02:52:41 +0200] "GET /web/wp-conteudos/plugins/js_composer_theme/assets/js/vendors/woocommerce-add-to-cart.js HTTP/1.1" 200 992 "-" "Mozilla/5.0 (compatible; AhrefsBot/7.0; +http://ahrefs.com/robot/)"
198.244.168.152 - - [06/Jun/2026:02:52:42 +0200] "GET /web/wp-conteudos/themes/jupiter-child/style.css HTTP/1.1" 200 410 "-" "Mozilla/5.0 (compatible; AhrefsBot/7.0; +http://ahrefs.com/robot/)"
198.244.240.35 - - [06/Jun/2026:02:52:42 +0200] "GET /web/wp-conteudos/plugins/userpro/addons/social/scripts/userpro-social.js HTTP/1.1" 200 1348 "-" "Mozilla/5.0 (compatible; AhrefsBot/7.0; +http://ahrefs.com/robot/)"
198.244.242.56 - - [06/Jun/2026:02:52:43 +0200] "GET /web/wp-conteudos/plugins/userpro/scripts/up-custom-script.js HTTP/1.1" 200 562 "-" "Mozilla/5.0 (compatible; AhrefsBot/7.0; +http://ahrefs.com/robot/)"
114.119.139.107 - - [06/Jun/2026:02:52:46 +0200] "GET /web/produto/fava-bio/?doing_wp_cron=1761855024.3401069641113281250000 HTTP/1.1" 200 38385 "https://biocabaz.pt/web/produto/fava-bio/?doing_wp_cron=1761855024.3401069641113281250000" "Mozilla/5.0 (Linux; Android 7.0;) AppleWebKit/537.36 (HTML, like Gecko) Mobile Safari/537.36 (compatible; PetalBot;+https://webmaster.petalsearch.com/site/petalbot)"
114.119.155.118 - - [06/Jun/2026:02:52:47 +0200] "GET /web/en/shop/page/53/?doing_wp_cron=1779142978.0576429367065429687500 HTTP/1.1" 200 32754 "https://biocabaz.pt/web/en/shop/page/52/?doing_wp_cron=1771530880.4219529628753662109375" "Mozilla/5.0 (Linux; Android 7.0;) AppleWebKit/537.36 (HTML, like Gecko) Mobile Safari/537.36 (compatible; PetalBot;+https://webmaster.petalsearch.com/site/petalbot)"
57.141.20.5 - - [06/Jun/2026:02:52:51 +0200] "GET /products/22119996/ HTTP/1.1" 301 5 "-" "meta-externalagent/1.1 (+https://developers.facebook.com/docs/sharing/webmasters/crawler)"
51.195.215.109 - - [06/Jun/2026:02:52:52 +0200] "GET /web/wp-conteudos/plugins/woocommerce/packages/woocommerce-blocks/build/wc-blocks-vendors-style.css HTTP/1.1" 200 1987 "-" "Mozilla/5.0 (compatible; AhrefsBot/7.0; +http://ahrefs.com/robot/)"
51.195.183.108 - - [06/Jun/2026:02:52:52 +0200] "GET /web/wp-conteudos/themes/jupiter/assets/js/plugins/wp-enqueue/webfontloader.js HTTP/1.1" 200 5035 "-" "Mozilla/5.0 (compatible; AhrefsBot/7.0; +http://ahrefs.com/robot/)"
3.212.128.62 - - [06/Jun/2026:02:53:00 +0200] "GET / HTTP/1.1" 301 5 "https://fomento-sgoic.pt/" "Mozilla/5.0+(compatible; UptimeRobot/2.0; http://www.uptimerobot.com/)"
3.212.128.62 - - [06/Jun/2026:02:53:01 +0200] "GET / HTTP/1.1" 200 33120 "https://fomento-sgoic.pt/" "Mozilla/5.0+(compatible; UptimeRobot/2.0; http://www.uptimerobot.com/)"
114.119.157.189 - - [06/Jun/2026:02:53:03 +0200] "GET /web/shop/page/59/?orderby=price&doing_wp_cron=1677361097.5482690334320068359375 HTTP/1.1" 200 31781 "https://www.biocabaz.pt/web/shop/page/10/?orderby=price&doing_wp_cron=1677361097.5482690334320068359375" "Mozilla/5.0 (Linux; Android 7.0;) AppleWebKit/537.36 (HTML, like Gecko) Mobile Safari/537.36 (compatible; PetalBot;+https://webmaster.petalsearch.com/site/petalbot)"
66.249.79.34 - - [06/Jun/2026:02:53:06 +0200] "GET /web/produto/pao-proteico-low-card-s-gluten-pachamama/?add-to-cart=74313 HTTP/1.1" 200 39612 "-" "Mozilla/5.0 (Linux; Android 6.0.1; Nexus 5X Build/MMB29P) AppleWebKit/537.36 (KHTML, like Gecko) Chrome/148.0.7778.96 Mobile Safari/537.36 (compatible; Googlebot/2.1; +http://www.google.com/bot.html)"
13.87.229.155 - - [06/Jun/2026:02:53:07 +0200] "GET /web/en/produto/tomate-cacho/?add-to-cart=244 HTTP/1.1" 200 39267 "-" "Mozilla/5.0 (Windows NT 10.0; Win64; x64) AppleWebKit/537.36 (KHTML, like Gecko) Chrome/133.0.0.0 Safari/537.36"
66.249.79.35 - - [06/Jun/2026:02:53:08 +0200] "GET /web/produto/laranja-sanguinea-bio-nacional/ HTTP/1.1" 200 38049 "-" "Mozilla/5.0 (Linux; Android 6.0.1; Nexus 5X Build/MMB29P) AppleWebKit/537.36 (KHTML, like Gecko) Chrome/148.0.7778.96 Mobile Safari/537.36 (compatible; Googlebot/2.1; +http://www.google.com/bot.html)"
66.249.79.33 - - [06/Jun/2026:02:53:11 +0200] "POST /web/?wc-ajax=get_refreshed_fragments HTTP/1.1" 200 1318 "https://www.biocabaz.pt/web/produto/pao-proteico-low-card-s-gluten-pachamama/?add-to-cart=74313" "Mozilla/5.0 (Linux; Android 6.0.1; Nexus 5X Build/MMB29P) AppleWebKit/537.36 (KHTML, like Gecko) Chrome/148.0.7778.96 Mobile Safari/537.36 (compatible; Googlebot/2.1; +http://www.google.com/bot.html)"
114.119.139.107 - - [06/Jun/2026:02:53:18 +0200] "GET /web/shop/page/17/?orderby=popularity&doing_wp_cron=1678256461.0528268814086914062500 HTTP/1.1" 200 34444 "https://www.biocabaz.pt/web/shop/page/17/?orderby=popularity&doing_wp_cron=1678256461.0528268814086914062500" "Mozilla/5.0 (Linux; Android 7.0;) AppleWebKit/537.36 (HTML, like Gecko) Mobile Safari/537.36 (compatible; PetalBot;+https://webmaster.petalsearch.com/site/petalbot)"
66.249.79.33 - - [06/Jun/2026:02:53:20 +0200] "POST /web/?wc-ajax=get_refreshed_fragments HTTP/1.1" 200 626 "https://www.biocabaz.pt/web/produto/laranja-sanguinea-bio-nacional/" "Mozilla/5.0 (Linux; Android 6.0.1; Nexus 5X Build/MMB29P) AppleWebKit/537.36 (KHTML, like Gecko) Chrome/148.0.7778.96 Mobile Safari/537.36 (compatible; Googlebot/2.1; +http://www.google.com/bot.html)"
35.252.200.79 - - [06/Jun/2026:02:53:21 +0200] "GET /web/en/categoria-produto/mercearia/page/3/?doing_wp_cron=1774954667.7727980613708496093750 HTTP/1.1" 200 31928 "-" "Mozilla/5.0 (compatible; QueritBot/1.0; +https://www.querit.ai/bot)"
198.244.168.127 - - [06/Jun/2026:02:53:26 +0200] "GET /web/wp-conteudos/themes/jupiter/framework/includes/woocommerce-quantity-increment/assets/js/wc-quantity-increment.min.js HTTP/1.1" 200 570 "-" "Mozilla/5.0 (compatible; AhrefsBot/7.0; +http://ahrefs.com/robot/)"
114.119.130.105 - - [06/Jun/2026:02:53:29 +0200] "GET /web/shop/page/15/?orderby=price-desc&doing_wp_cron=1761647344.4557030200958251953125 HTTP/1.1" 200 33723 "https://www.biocabaz.pt/web/shop/page/14/?orderby=price-desc&doing_wp_cron=1761647344.4557030200958251953125" "Mozilla/5.0 (Linux; Android 7.0;) AppleWebKit/537.36 (HTML, like Gecko) Mobile Safari/537.36 (compatible; PetalBot;+https://webmaster.petalsearch.com/site/petalbot)"
51.195.215.91 - - [06/Jun/2026:02:53:35 +0200] "GET /web/wp-conteudos/plugins/jupiter-donut/assets/css/shortcodes-styles.min.css HTTP/1.1" 200 58842 "-" "Mozilla/5.0 (compatible; AhrefsBot/7.0; +http://ahrefs.com/robot/)"
114.119.158.220 - - [06/Jun/2026:02:53:42 +0200] "GET /web/produto/massa-esparguete-milho-e-arroz-sgluten-500g/?doing_wp_cron=1764744530.1751940250396728515625 HTTP/1.1" 200 38746 "https://www.biocabaz.pt/web/produto/massa-esparguete-milho-e-arroz-sgluten-500g/" "Mozilla/5.0 (Linux; Android 7.0;) AppleWebKit/537.36 (HTML, like Gecko) Mobile Safari/537.36 (compatible; PetalBot;+https://webmaster.petalsearch.com/site/petalbot)"
66.249.68.69 - - [06/Jun/2026:02:53:43 +0200] "GET /web/en/produto/tomate-negro-nacional-bio/ HTTP/1.1" 200 37380 "-" "Mozilla/5.0 (Linux; Android 6.0.1; Nexus 5X Build/MMB29P) AppleWebKit/537.36 (KHTML, like Gecko) Chrome/148.0.7778.96 Mobile Safari/537.36 (compatible; Googlebot/2.1; +http://www.google.com/bot.html)"
66.249.68.67 - - [06/Jun/2026:02:53:44 +0200] "GET /web/produto/arroz-carolino-intergal-1kg-rice-n-sado/ HTTP/1.1" 302 102 "-" "Mozilla/5.0 (Linux; Android 6.0.1; Nexus 5X Build/MMB29P) AppleWebKit/537.36 (KHTML, like Gecko) Chrome/148.0.7778.96 Mobile Safari/537.36 (compatible; Googlebot/2.1; +http://www.google.com/bot.html)"
66.249.68.67 - - [06/Jun/2026:02:53:46 +0200] "GET /web/produto/arroz-carolino-intergal-1kg-rice-n-sado/?doing_wp_cron=1780707224.4776721000671386718750 HTTP/1.1" 200 39105 "-" "Mozilla/5.0 (Linux; Android 6.0.1; Nexus 5X Build/MMB29P) AppleWebKit/537.36 (KHTML, like Gecko) Chrome/148.0.7778.96 Mobile Safari/537.36 (compatible; Googlebot/2.1; +http://www.google.com/bot.html)"
51.89.129.69 - - [06/Jun/2026:02:53:47 +0200] "GET /web/wp-conteudos/themes/jupiter/framework/includes/woocommerce-quantity-increment/assets/js/lib/number-polyfill.min.js HTTP/1.1" 200 2821 "-" "Mozilla/5.0 (compatible; AhrefsBot/7.0; +http://ahrefs.com/robot/)"
198.244.168.26 - - [06/Jun/2026:02:53:47 +0200] "GET /web/wp-conteudos/plugins/userpro/addons/timeline/assets/js/timeline.js HTTP/1.1" 200 693 "-" "Mozilla/5.0 (compatible; AhrefsBot/7.0; +http://ahrefs.com/robot/)"
66.249.68.67 - - [06/Jun/2026:02:53:48 +0200] "POST /web/en/?wc-ajax=get_refreshed_fragments HTTP/1.1" 200 629 "https://biocabaz.pt/web/en/produto/tomate-negro-nacional-bio/" "Mozilla/5.0 (Linux; Android 6.0.1; Nexus 5X Build/MMB29P) AppleWebKit/537.36 (KHTML, like Gecko) Chrome/148.0.7778.96 Mobile Safari/537.36 (compatible; Googlebot/2.1; +http://www.google.com/bot.html)"
198.244.242.74 - - [06/Jun/2026:02:53:48 +0200] "GET /web/wp-conteudos/themes/jupiter/header-builder/includes/assets/js/mkhb-render.js HTTP/1.1" 200 1790 "-" "Mozilla/5.0 (compatible; AhrefsBot/7.0; +http://ahrefs.com/robot/)"
51.124.236.1 - - [06/Jun/2026:02:53:49 +0200] "GET / HTTP/1.0" 200 612 "-" "check_http/v2.3.3 (nagios-plugins 2.3.3)"
191.233.1.117 - - [06/Jun/2026:02:53:55 +0200] "GET / HTTP/1.1" 301 5 "-" "Mozilla/5.0 AppleWebKit/537.36 (KHTML, like Gecko); compatible; ChatGPT-User/1.0; +https://openai.com/bot"
191.233.1.117 - - [06/Jun/2026:02:53:55 +0200] "GET /web/ HTTP/1.1" 200 38184 "-" "Mozilla/5.0 AppleWebKit/537.36 (KHTML, like Gecko); compatible; ChatGPT-User/1.0; +https://openai.com/bot"
114.119.139.107 - - [06/Jun/2026:02:53:56 +0200] "GET /web/en/shop/page/58/?orderby=menu_order&doing_wp_cron=1771827598.3140308856964111328125 HTTP/1.1" 200 33359 "https://www.biocabaz.pt/web/en/shop/page/57/?orderby=menu_order&doing_wp_cron=1771827598.3140308856964111328125" "Mozilla/5.0 (Linux; Android 7.0;) AppleWebKit/537.36 (HTML, like Gecko) Mobile Safari/537.36 (compatible; PetalBot;+https://webmaster.petalsearch.com/site/petalbot)"
43.172.194.191 - - [06/Jun/2026:02:53:59 +0200] "GET /web/?doing_wp_cron=1780396394.3646829128265380859375 HTTP/1.1" 200 38144 "-" "Mozilla/5.0 (Windows NT 10.0; Win64; x64) AppleWebKit/537.36 (KHTML, like Gecko) Chrome/109.0.0.0 Safari/537.36"
43.173.177.99 - - [06/Jun/2026:02:54:04 +0200] "GET /web/wp-conteudos/themes/jupiter/assets/js/plugins/async/min/minigrid.js HTTP/1.1" 200 1053 "https://www.biocabaz.pt/web/?doing_wp_cron=1780396394.3646829128265380859375" "Mozilla/5.0 (Windows NT 10.0; Win64; x64) AppleWebKit/537.36 (KHTML, like Gecko) Chrome/109.0.0.0 Safari/537.36"
43.172.198.35 - - [06/Jun/2026:02:54:04 +0200] "GET /web/wp-conteudos/themes/jupiter/assets/js/plugins/async/min/jquery.flexslider.js HTTP/1.1" 200 7414 "https://www.biocabaz.pt/web/?doing_wp_cron=1780396394.3646829128265380859375" "Mozilla/5.0 (Windows NT 10.0; Win64; x64) AppleWebKit/537.36 (KHTML, like Gecko) Chrome/109.0.0.0 Safari/537.36"
43.172.196.43 - - [06/Jun/2026:02:54:05 +0200] "POST /web/?wc-ajax=get_refreshed_fragments HTTP/1.1" 200 626 "https://www.biocabaz.pt/web/?doing_wp_cron=1780396394.3646829128265380859375" "Mozilla/5.0 (Windows NT 10.0; Win64; x64) AppleWebKit/537.36 (KHTML, like Gecko) Chrome/109.0.0.0 Safari/537.36"
43.172.198.156 - - [06/Jun/2026:02:54:06 +0200] "POST /web/wp-admin/admin-ajax.php HTTP/1.1" 200 31 "https://www.biocabaz.pt/web/?doing_wp_cron=1780396394.3646829128265380859375" "Mozilla/5.0 (Windows NT 10.0; Win64; x64) AppleWebKit/537.36 (KHTML, like Gecko) Chrome/109.0.0.0 Safari/537.36"
75.119.139.177 - - [06/Jun/2026:02:54:07 +0200] "POST /wp-cron.php?doing_wp_cron=1780707247.3693180084228515625000 HTTP/1.1" 200 31 "-" "WordPress/6.9; https://www.fomento-sgoic.pt"
57.141.20.31 - - [06/Jun/2026:02:54:07 +0200] "GET /herospin-casino-bonus-codes-latest-offers-review-2025/ HTTP/1.1" 200 117200 "-" "meta-externalagent/1.1 (+https://developers.facebook.com/docs/sharing/webmasters/crawler)"
114.119.129.97 - - [06/Jun/2026:02:54:08 +0200] "GET /web/en/shop/page/36/?doing_wp_cron=1777401984.2446339130401611328125 HTTP/1.1" 200 32206 "https://www.biocabaz.pt/web/en/shop/page/33/?doing_wp_cron=1715655616.0915579795837402343750" "Mozilla/5.0 (Linux; Android 7.0;) AppleWebKit/537.36 (HTML, like Gecko) Mobile Safari/537.36 (compatible; PetalBot;+https://webmaster.petalsearch.com/site/petalbot)"
51.195.244.17 - - [06/Jun/2026:02:54:08 +0200] "GET /web/wp-conteudos/plugins/woo-keyinvoice-integration/public/css/woo-keyinvoice-integration-public.css HTTP/1.1" 200 98 "-" "Mozilla/5.0 (compatible; AhrefsBot/7.0; +http://ahrefs.com/robot/)"
54.38.147.248 - - [06/Jun/2026:02:54:09 +0200] "GET /web/wp-conteudos/plugins/userpro/addons/timeline/assets/css/timeline.css HTTP/1.1" 200 1159 "-" "Mozilla/5.0 (compatible; AhrefsBot/7.0; +http://ahrefs.com/robot/)"
51.89.129.171 - - [06/Jun/2026:02:54:09 +0200] "GET /web/wp-conteudos/plugins/userpro/scripts/userpro.encrypt.js HTTP/1.1" 200 3835 "-" "Mozilla/5.0 (compatible; AhrefsBot/7.0; +http://ahrefs.com/robot/)"
51.195.183.79 - - [06/Jun/2026:02:54:10 +0200] "GET /web/wp-conteudos/plugins/woocommerce/assets/js/frontend/add-to-cart.min.js HTTP/1.1" 200 1102 "-" "Mozilla/5.0 (compatible; AhrefsBot/7.0; +http://ahrefs.com/robot/)"
198.244.168.49 - - [06/Jun/2026:02:54:11 +0200] "GET /web/wp-conteudos/themes/jupiter/header-builder/includes/assets/css/mkhb-render.css HTTP/1.1" 200 1156 "-" "Mozilla/5.0 (compatible; AhrefsBot/7.0; +http://ahrefs.com/robot/)"
54.38.147.178 - - [06/Jun/2026:02:54:11 +0200] "GET /web/wp-conteudos/plugins/woocommerce/packages/woocommerce-blocks/build/wc-blocks-style.css HTTP/1.1" 200 25428 "-" "Mozilla/5.0 (compatible; AhrefsBot/7.0; +http://ahrefs.com/robot/)"
198.244.240.230 - - [06/Jun/2026:02:54:12 +0200] "GET /web/wp-conteudos/plugins/jupiter-donut/assets/js/shortcodes-scripts.min.js HTTP/1.1" 200 17932 "-" "Mozilla/5.0 (compatible; AhrefsBot/7.0; +http://ahrefs.com/robot/)"
107.20.175.218 - - [06/Jun/2026:02:54:20 +0200] "GET /web/wp-conteudos/uploads/bfi_thumb/FLOCOS-DE-ARROZ-INTEGRAL-BIO-400G-e1542112863328-nz0dqst7dundorlmg4dc3rr93d7xz515djzj5p56bu.jpg HTTP/1.1" 200 34969 "-" "Mozilla/5.0 (X11; Ubuntu; Linux x86_64; rv:72.0) Gecko/20100101 Firefox/72.0 (compatible; img2dataset; +https://github.com/rom1504/img2dataset)"
114.119.138.239 - - [06/Jun/2026:02:54:23 +0200] "GET /web/en/shop/page/27/?orderby=price&doing_wp_cron=1701354737.4479420185089111328125 HTTP/1.1" 200 33868 "https://www.biocabaz.pt/web/en/shop/page/26/?orderby=price&doing_wp_cron=1701354737.4479420185089111328125" "Mozilla/5.0 (Linux; Android 7.0;) AppleWebKit/537.36 (HTML, like Gecko) Mobile Safari/537.36 (compatible; PetalBot;+https://webmaster.petalsearch.com/site/petalbot)"
57.141.20.21 - - [06/Jun/2026:02:54:25 +0200] "GET /products/8416252/ HTTP/1.1" 301 5 "-" "meta-externalagent/1.1 (+https://developers.facebook.com/docs/sharing/webmasters/crawler)"
198.244.168.114 - - [06/Jun/2026:02:54:32 +0200] "GET /web/en/produto/thyroid-energy-90-capsulas-now/ HTTP/1.1" 200 39367 "-" "Mozilla/5.0 (compatible; AhrefsBot/7.0; +http://ahrefs.com/robot/)"
