135.181.213.219 - - [06/Jun/2026:01:28:38 +0200] "GET /web/categoria-produto/frescos/page/4/?doing_wp_cron=1779912853.4586470127105712890625 HTTP/1.1" 200 32924 "-" "Mozilla/5.0 (compatible; MJ12bot/v1.4.8; http://mj12bot.com/)"
135.181.213.219 - - [06/Jun/2026:01:28:39 +0200] "GET /web/categoria-produto/frescos/page/4/?doing_wp_cron=1780394387.0558459758758544921875 HTTP/1.1" 200 32924 "-" "Mozilla/5.0 (compatible; MJ12bot/v1.4.8; http://mj12bot.com/)"
135.181.213.219 - - [06/Jun/2026:01:28:41 +0200] "GET /web/categoria-produto/frescos/page/4/?doing_wp_cron=1780583061.2455608844757080078125 HTTP/1.1" 200 32924 "-" "Mozilla/5.0 (compatible; MJ12bot/v1.4.8; http://mj12bot.com/)"
135.181.213.219 - - [06/Jun/2026:01:28:43 +0200] "GET /web/categoria-produto/frescos/page/5/?doing_wp_cron=1748152629.5692648887634277343750 HTTP/1.1" 200 32848 "-" "Mozilla/5.0 (compatible; MJ12bot/v1.4.8; http://mj12bot.com/)"
114.119.158.220 - - [06/Jun/2026:01:28:43 +0200] "GET /web/shop/page/3/?doing_wp_cron=1678408822.3649039268493652343750 HTTP/1.1" 200 33240 "https://www.biocabaz.pt/web/shop/page/54/?doing_wp_cron=1699003290.8368360996246337890625" "Mozilla/5.0 (Linux; Android 7.0;) AppleWebKit/537.36 (KHTML, like Gecko) Mobile Safari/537.36 (compatible; PetalBot;+https://webmaster.petalsearch.com/site/petalbot)"
135.181.213.219 - - [06/Jun/2026:01:28:46 +0200] "GET /web/categoria-produto/higiene-e-beleza/page/2/?doing_wp_cron=1780352099.5658369064331054687500 HTTP/1.1" 200 32914 "-" "Mozilla/5.0 (compatible; MJ12bot/v1.4.8; http://mj12bot.com/)"
216.73.216.253 - - [06/Jun/2026:01:28:47 +0200] "GET /web/categoria-produto/mercearia/cereais/?add-to-cart=9896 HTTP/1.1" 200 33356 "-" "Mozilla/5.0 AppleWebKit/537.36 (KHTML, like Gecko; compatible; ClaudeBot/1.0; +claudebot@anthropic.com)"
220.181.108.146 - - [06/Jun/2026:01:28:48 +0200] "GET /web/shop/page/3/?doing_wp_cron=1746333033.9146571159362792968750 HTTP/1.1" 200 33240 "-" "Mozilla/5.0 (compatible; Baiduspider/2.0; +http://www.baidu.com/search/spider.html)"
51.124.236.1 - - [06/Jun/2026:01:28:49 +0200] "GET / HTTP/1.0" 200 612 "-" "check_http/v2.3.3 (nagios-plugins 2.3.3)"
216.73.216.253 - - [06/Jun/2026:01:28:49 +0200] "GET /web/produto/salsichas-frankfurt-bio-2/?add-to-cart=3332 HTTP/1.1" 200 41019 "-" "Mozilla/5.0 AppleWebKit/537.36 (KHTML, like Gecko; compatible; ClaudeBot/1.0; +claudebot@anthropic.com)"
135.181.213.219 - - [06/Jun/2026:01:28:49 +0200] "GET /web/categoria-produto/higiene-e-beleza/page/3/?doing_wp_cron=1674610268.4431960582733154296875 HTTP/1.1" 200 31907 "-" "Mozilla/5.0 (compatible; MJ12bot/v1.4.8; http://mj12bot.com/)"
135.181.213.219 - - [06/Jun/2026:01:28:51 +0200] "GET /web/categoria-produto/higiene-e-beleza/page/3/?doing_wp_cron=1772166567.6792309284210205078125 HTTP/1.1" 200 31993 "-" "Mozilla/5.0 (compatible; MJ12bot/v1.4.8; http://mj12bot.com/)"
135.181.213.219 - - [06/Jun/2026:01:28:53 +0200] "GET /web/categoria-produto/higiene-e-beleza/page/4/?doing_wp_cron=1772166567.6792309284210205078125 HTTP/1.1" 200 33884 "-" "Mozilla/5.0 (compatible; MJ12bot/v1.4.8; http://mj12bot.com/)"
116.179.37.109 - - [06/Jun/2026:01:28:54 +0200] "POST /web/?wc-ajax=get_refreshed_fragments HTTP/1.1" 200 627 "https://www.biocabaz.pt/web/shop/page/3/?doing_wp_cron=1746333033.9146571159362792968750" "Mozilla/5.0 (compatible; Baiduspider-render/2.0; +http://www.baidu.com/search/spider.html)"
116.179.37.209 - - [06/Jun/2026:01:28:55 +0200] "GET /web/wp-conteudos/themes/jupiter/assets/js/plugins/async/min/minigrid.js HTTP/1.1" 200 1053 "https://www.biocabaz.pt/web/shop/page/3/?doing_wp_cron=1746333033.9146571159362792968750" "Mozilla/5.0 (compatible; Baiduspider-render/2.0; +http://www.baidu.com/search/spider.html)"
85.241.194.131 - - [06/Jun/2026:01:28:55 +0200] "GET /web/wp-conteudos/uploads/2016/09/baga-goji-fresca-biologica.jpg HTTP/1.1" 200 128722 "https://www.google.com/" "Mozilla/5.0 (iPhone; CPU iPhone OS 16_7_16 like Mac OS X) AppleWebKit/605.1.15 (KHTML, like Gecko) GSA/423.5.920392540 Mobile/20H392 Safari/604.1"
116.179.37.69 - - [06/Jun/2026:01:28:55 +0200] "GET /web/wp-conteudos/themes/jupiter/assets/js/plugins/async/min/jquery.flexslider.js HTTP/1.1" 200 7414 "https://www.biocabaz.pt/web/shop/page/3/?doing_wp_cron=1746333033.9146571159362792968750" "Mozilla/5.0 (compatible; Baiduspider-render/2.0; +http://www.baidu.com/search/spider.html)"
135.181.213.219 - - [06/Jun/2026:01:28:56 +0200] "GET /web/categoria-produto/higiene-e-beleza/page/5/?doing_wp_cron=1674610268.4431960582733154296875 HTTP/1.1" 200 31093 "-" "Mozilla/5.0 (compatible; MJ12bot/v1.4.8; http://mj12bot.com/)"
51.195.244.2 - - [06/Jun/2026:01:28:57 +0200] "GET /web/en/categoria-produto/mercearia/page/1/?doing_wp_cron=1765927158.5859079360961914062500 HTTP/1.1" 301 5 "-" "Mozilla/5.0 (compatible; AhrefsBot/7.0; +http://ahrefs.com/robot/)"
114.119.130.105 - - [06/Jun/2026:01:28:57 +0200] "GET /web/shop/page/28/?orderby=popularity&doing_wp_cron=1745541362.0655329227447509765625 HTTP/1.1" 200 35893 "https://www.biocabaz.pt/web/shop/page/28/?orderby=popularity&doing_wp_cron=1745541362.0655329227447509765625" "Mozilla/5.0 (Linux; Android 7.0;) AppleWebKit/537.36 (HTML, like Gecko) Mobile Safari/537.36 (compatible; PetalBot;+https://webmaster.petalsearch.com/site/petalbot)"
135.181.213.219 - - [06/Jun/2026:01:28:58 +0200] "GET /web/categoria-produto/higiene-e-beleza/page/5/?doing_wp_cron=1780352099.5658369064331054687500 HTTP/1.1" 200 31178 "-" "Mozilla/5.0 (compatible; MJ12bot/v1.4.8; http://mj12bot.com/)"
216.73.216.253 - - [06/Jun/2026:01:28:59 +0200] "GET /web/categoria-produto/mercearia/cereais/?add-to-cart=80754 HTTP/1.1" 200 33350 "-" "Mozilla/5.0 AppleWebKit/537.36 (KHTML, like Gecko; compatible; ClaudeBot/1.0; +claudebot@anthropic.com)"
216.73.216.253 - - [06/Jun/2026:01:29:00 +0200] "GET /web/categoria-produto/mercearia/cereais/?add-to-cart=11279 HTTP/1.1" 200 33352 "-" "Mozilla/5.0 AppleWebKit/537.36 (KHTML, like Gecko; compatible; ClaudeBot/1.0; +claudebot@anthropic.com)"
135.181.213.219 - - [06/Jun/2026:01:29:01 +0200] "GET /web/categoria-produto/laticinios-e-substitutos/page/1/?doing_wp_cron=1780247310.3261420726776123046875 HTTP/1.1" 301 5 "-" "Mozilla/5.0 (compatible; MJ12bot/v1.4.8; http://mj12bot.com/)"
116.179.32.35 - - [06/Jun/2026:01:29:02 +0200] "GET /web/en/categoria-produto/mercearia/page/2/?doing_wp_cron=1705907690.3312439918518066406250 HTTP/1.1" 200 32561 "-" "Mozilla/5.0 (compatible; Baiduspider/2.0; +http://www.baidu.com/search/spider.html)"
135.181.213.219 - - [06/Jun/2026:01:29:03 +0200] "GET /web/categoria-produto/laticinios-e-substitutos/?doing_wp_cron=1780247310.3261420726776123046875 HTTP/1.1" 200 32008 "-" "Mozilla/5.0 (compatible; MJ12bot/v1.4.8; http://mj12bot.com/)"
135.181.213.219 - - [06/Jun/2026:01:29:06 +0200] "GET /web/categoria-produto/laticinios-e-substitutos/page/1/?doing_wp_cron=1780571839.6890499591827392578125 HTTP/1.1" 301 5 "-" "Mozilla/5.0 (compatible; MJ12bot/v1.4.8; http://mj12bot.com/)"
116.179.37.175 - - [06/Jun/2026:01:29:07 +0200] "POST /web/en/?wc-ajax=get_refreshed_fragments HTTP/1.1" 200 629 "https://biocabaz.pt/web/en/categoria-produto/mercearia/page/2/?doing_wp_cron=1705907690.3312439918518066406250" "Mozilla/5.0 (compatible; Baiduspider-render/2.0; +http://www.baidu.com/search/spider.html)"
135.181.213.219 - - [06/Jun/2026:01:29:07 +0200] "GET /web/categoria-produto/laticinios-e-substitutos/?doing_wp_cron=1780571839.6890499591827392578125 HTTP/1.1" 200 32008 "-" "Mozilla/5.0 (compatible; MJ12bot/v1.4.8; http://mj12bot.com/)"
135.181.213.219 - - [06/Jun/2026:01:29:09 +0200] "GET /web/categoria-produto/laticinios-e-substitutos/page/3/?doing_wp_cron=1780571839.6890499591827392578125 HTTP/1.1" 200 33496 "-" "Mozilla/5.0 (compatible; MJ12bot/v1.4.8; http://mj12bot.com/)"
114.119.143.174 - - [06/Jun/2026:01:29:10 +0200] "GET /web/shop/page/53/?orderby=menu_order&doing_wp_cron=1767384054.7313709259033203125000 HTTP/1.1" 200 33110 "https://www.biocabaz.pt/web/shop/page/52/?orderby=menu_order&doing_wp_cron=1767384054.7313709259033203125000" "Mozilla/5.0 (Linux; Android 7.0;) AppleWebKit/537.36 (HTML, like Gecko) Mobile Safari/537.36 (compatible; PetalBot;+https://webmaster.petalsearch.com/site/petalbot)"
135.181.213.219 - - [06/Jun/2026:01:29:11 +0200] "GET /web/categoria-produto/laticinios-e-substitutos/page/4/?doing_wp_cron=1780247310.3261420726776123046875 HTTP/1.1" 200 34355 "-" "Mozilla/5.0 (compatible; MJ12bot/v1.4.8; http://mj12bot.com/)"
135.181.213.219 - - [06/Jun/2026:01:29:12 +0200] "GET /web/categoria-produto/laticinios-e-substitutos/page/4/?doing_wp_cron=1780335657.6920800209045410156250 HTTP/1.1" 200 34355 "-" "Mozilla/5.0 (compatible; MJ12bot/v1.4.8; http://mj12bot.com/)"
135.181.213.219 - - [06/Jun/2026:01:29:14 +0200] "GET /web/categoria-produto/laticinios-e-substitutos/page/6/?doing_wp_cron=1676181541.2995030879974365234375 HTTP/1.1" 200 32120 "-" "Mozilla/5.0 (compatible; MJ12bot/v1.4.8; http://mj12bot.com/)"
135.181.213.219 - - [06/Jun/2026:01:29:16 +0200] "GET /web/categoria-produto/laticinios-e-substitutos/page/6/?doing_wp_cron=1780571839.6890499591827392578125 HTTP/1.1" 200 32120 "-" "Mozilla/5.0 (compatible; MJ12bot/v1.4.8; http://mj12bot.com/)"
75.119.139.177 - - [06/Jun/2026:01:29:17 +0200] "POST /wp-cron.php?doing_wp_cron=1780702157.4526419639587402343750 HTTP/1.1" 200 31 "-" "WordPress/6.9; https://www.fomento-sgoic.pt"
74.7.243.227 - - [06/Jun/2026:01:29:17 +0200] "GET /?sitemap.xml HTTP/1.1" 301 5 "-" "Mozilla/5.0 AppleWebKit/537.36 (KHTML, like Gecko; compatible; GPTBot/1.4; +https://openai.com/gptbot)"
135.181.213.219 - - [06/Jun/2026:01:29:18 +0200] "GET /web/categoria-produto/mercearia/?doing_wp_cron=1682641537.5724399089813232421875 HTTP/1.1" 200 31947 "-" "Mozilla/5.0 (compatible; MJ12bot/v1.4.8; http://mj12bot.com/)"
135.181.213.219 - - [06/Jun/2026:01:29:20 +0200] "GET /web/categoria-produto/mercearia/page/1/?doing_wp_cron=1772577612.1917688846588134765625 HTTP/1.1" 301 5 "-" "Mozilla/5.0 (compatible; MJ12bot/v1.4.8; http://mj12bot.com/)"
74.7.227.145 - - [06/Jun/2026:01:29:22 +0200] "GET /?sitemap.xml HTTP/1.1" 301 5 "https://fomento-sgoic.pt" "Mozilla/5.0 AppleWebKit/537.36 (KHTML, like Gecko; compatible; GPTBot/1.4; +https://openai.com/gptbot)"
135.181.213.219 - - [06/Jun/2026:01:29:22 +0200] "GET /web/categoria-produto/mercearia/?doing_wp_cron=1772577612.1917688846588134765625 HTTP/1.1" 200 31947 "-" "Mozilla/5.0 (compatible; MJ12bot/v1.4.8; http://mj12bot.com/)"
135.181.213.219 - - [06/Jun/2026:01:29:25 +0200] "GET /web/categoria-produto/mercearia/page/1/?doing_wp_cron=1780415977.4981930255889892578125 HTTP/1.1" 301 5 "-" "Mozilla/5.0 (compatible; MJ12bot/v1.4.8; http://mj12bot.com/)"
114.119.132.57 - - [06/Jun/2026:01:29:25 +0200] "GET /web/shop/page/22/?orderby=price&doing_wp_cron=1751972197.6888198852539062500000 HTTP/1.1" 200 32930 "https://www.biocabaz.pt/web/shop/page/25/?orderby=price&doing_wp_cron=1751972197.6888198852539062500000" "Mozilla/5.0 (Linux; Android 7.0;) AppleWebKit/537.36 (HTML, like Gecko) Mobile Safari/537.36 (compatible; PetalBot;+https://webmaster.petalsearch.com/site/petalbot)"
74.7.227.145 - - [06/Jun/2026:01:29:26 +0200] "GET /?sitemap_xml HTTP/1.1" 200 33123 "https://www.fomento-sgoic.pt/?sitemap.xml" "Mozilla/5.0 AppleWebKit/537.36 (KHTML, like Gecko; compatible; GPTBot/1.4; +https://openai.com/gptbot)"
135.181.213.219 - - [06/Jun/2026:01:29:27 +0200] "GET /web/categoria-produto/mercearia/?doing_wp_cron=1780415977.4981930255889892578125 HTTP/1.1" 200 31947 "-" "Mozilla/5.0 (compatible; MJ12bot/v1.4.8; http://mj12bot.com/)"
135.181.213.219 - - [06/Jun/2026:01:29:30 +0200] "GET /web/categoria-produto/mercearia/page/1/?doing_wp_cron=1780490369.1043429374694824218750 HTTP/1.1" 301 5 "-" "Mozilla/5.0 (compatible; MJ12bot/v1.4.8; http://mj12bot.com/)"
74.7.227.145 - - [06/Jun/2026:01:29:30 +0200] "GET /wp-content/themes/turismofundos22/js/properties-map.js?ver=1780702166 HTTP/1.1" 200 1475 "https://www.fomento-sgoic.pt/?sitemap_xml" "Mozilla/5.0 AppleWebKit/537.36 (KHTML, like Gecko; compatible; GPTBot/1.4; +https://openai.com/gptbot)"
75.119.139.177 - - [06/Jun/2026:01:29:31 +0200] "POST /wp-cron.php?doing_wp_cron=1780702171.6917710304260253906250 HTTP/1.1" 200 31 "-" "WordPress/6.9; https://www.fomento-sgoic.pt"
57.141.20.45 - - [06/Jun/2026:01:29:31 +0200] "GET /products/17534852/ HTTP/1.1" 301 5 "-" "meta-externalagent/1.1 (+https://developers.facebook.com/docs/sharing/webmasters/crawler)"
135.181.213.219 - - [06/Jun/2026:01:29:32 +0200] "GET /web/categoria-produto/mercearia/?doing_wp_cron=1780490369.1043429374694824218750 HTTP/1.1" 200 31947 "-" "Mozilla/5.0 (compatible; MJ12bot/v1.4.8; http://mj12bot.com/)"
135.181.213.219 - - [06/Jun/2026:01:29:35 +0200] "GET /web/categoria-produto/mercearia/page/1/?doing_wp_cron=1780600644.2838211059570312500000 HTTP/1.1" 301 5 "-" "Mozilla/5.0 (compatible; MJ12bot/v1.4.8; http://mj12bot.com/)"
135.181.213.219 - - [06/Jun/2026:01:29:36 +0200] "GET /web/categoria-produto/mercearia/?doing_wp_cron=1780600644.2838211059570312500000 HTTP/1.1" 200 31947 "-" "Mozilla/5.0 (compatible; MJ12bot/v1.4.8; http://mj12bot.com/)"
216.73.216.253 - - [06/Jun/2026:01:29:37 +0200] "GET /web/categoria-produto/mercearia/cereais/?add-to-cart=11289 HTTP/1.1" 302 11 "-" "Mozilla/5.0 AppleWebKit/537.36 (KHTML, like Gecko; compatible; ClaudeBot/1.0; +claudebot@anthropic.com)"
114.119.138.214 - - [06/Jun/2026:01:29:38 +0200] "GET /web/shop/page/21/?orderby=date&doing_wp_cron=1687739194.4043240547180175781250 HTTP/1.1" 200 32410 "https://www.biocabaz.pt/web/shop/page/21?orderby=date&doing_wp_cron=1687739194.4043240547180175781250" "Mozilla/5.0 (Linux; Android 7.0;) AppleWebKit/537.36 (HTML, like Gecko) Mobile Safari/537.36 (compatible; PetalBot;+https://webmaster.petalsearch.com/site/petalbot)"
135.181.213.219 - - [06/Jun/2026:01:29:38 +0200] "GET /web/categoria-produto/mercearia/page/10/?doing_wp_cron=1772577612.1917688846588134765625 HTTP/1.1" 200 35652 "-" "Mozilla/5.0 (compatible; MJ12bot/v1.4.8; http://mj12bot.com/)"
216.73.216.253 - - [06/Jun/2026:01:29:39 +0200] "GET /web/categoria-produto/mercearia/cereais/?add-to-cart=11289&doing_wp_cron=1780702177.6249580383300781250000 HTTP/1.1" 200 33486 "https://biocabaz.pt/web/categoria-produto/mercearia/cereais/?add-to-cart=11289" "Mozilla/5.0 AppleWebKit/537.36 (KHTML, like Gecko; compatible; ClaudeBot/1.0; +claudebot@anthropic.com)"
135.181.213.219 - - [06/Jun/2026:01:29:40 +0200] "GET /web/categoria-produto/mercearia/page/2/?doing_wp_cron=1772577612.1917688846588134765625 HTTP/1.1" 200 32650 "-" "Mozilla/5.0 (compatible; MJ12bot/v1.4.8; http://mj12bot.com/)"
135.181.213.219 - - [06/Jun/2026:01:29:42 +0200] "GET /web/categoria-produto/mercearia/page/2/?doing_wp_cron=1780415977.4981930255889892578125 HTTP/1.1" 200 32650 "-" "Mozilla/5.0 (compatible; MJ12bot/v1.4.8; http://mj12bot.com/)"
135.181.213.219 - - [06/Jun/2026:01:29:43 +0200] "GET /web/categoria-produto/mercearia/page/2/?doing_wp_cron=1780490369.1043429374694824218750 HTTP/1.1" 200 32650 "-" "Mozilla/5.0 (compatible; MJ12bot/v1.4.8; http://mj12bot.com/)"
135.181.213.219 - - [06/Jun/2026:01:29:45 +0200] "GET /web/categoria-produto/mercearia/page/2/?doing_wp_cron=1780600644.2838211059570312500000 HTTP/1.1" 200 32650 "-" "Mozilla/5.0 (compatible; MJ12bot/v1.4.8; http://mj12bot.com/)"
216.73.216.253 - - [06/Jun/2026:01:29:45 +0200] "GET /web/categoria-produto/mercearia/cereais/?add-to-cart=9908 HTTP/1.1" 200 33365 "-" "Mozilla/5.0 AppleWebKit/537.36 (KHTML, like Gecko; compatible; ClaudeBot/1.0; +claudebot@anthropic.com)"
135.181.213.219 - - [06/Jun/2026:01:29:47 +0200] "GET /web/categoria-produto/mercearia/page/20/?doing_wp_cron=1780600644.2838211059570312500000 HTTP/1.1" 200 32361 "-" "Mozilla/5.0 (compatible; MJ12bot/v1.4.8; http://mj12bot.com/)"
135.181.213.219 - - [06/Jun/2026:01:29:48 +0200] "GET /web/categoria-produto/mercearia/page/21/?doing_wp_cron=1772577612.1917688846588134765625 HTTP/1.1" 200 32583 "-" "Mozilla/5.0 (compatible; MJ12bot/v1.4.8; http://mj12bot.com/)"
57.141.20.43 - - [06/Jun/2026:01:29:50 +0200] "GET /1xbet-v-svyazi-s-kotorymi-zapretili-v-rossii-truditsya-ili-nashli-duraka-v-dannyy-moment/ HTTP/1.1" 200 117340 "-" "meta-externalagent/1.1 (+https://developers.facebook.com/docs/sharing/webmasters/crawler)"
135.181.213.219 - - [06/Jun/2026:01:29:50 +0200] "GET /web/categoria-produto/mercearia/page/21/?doing_wp_cron=1780600644.2838211059570312500000 HTTP/1.1" 200 32583 "-" "Mozilla/5.0 (compatible; MJ12bot/v1.4.8; http://mj12bot.com/)"
114.119.141.103 - - [06/Jun/2026:01:29:51 +0200] "GET /web/shop/page/18/?orderby=price-desc&doing_wp_cron=1767759159.6960330009460449218750 HTTP/1.1" 200 32803 "https://www.biocabaz.pt/web/shop/page/19/?orderby=price-desc&doing_wp_cron=1767759159.6960330009460449218750" "Mozilla/5.0 (Linux; Android 7.0;) AppleWebKit/537.36 (HTML, like Gecko) Mobile Safari/537.36 (compatible; PetalBot;+https://webmaster.petalsearch.com/site/petalbot)"
135.181.213.219 - - [06/Jun/2026:01:29:52 +0200] "GET /web/categoria-produto/mercearia/page/22/?doing_wp_cron=1772577612.1917688846588134765625 HTTP/1.1" 200 33338 "-" "Mozilla/5.0 (compatible; MJ12bot/v1.4.8; http://mj12bot.com/)"
135.181.213.219 - - [06/Jun/2026:01:29:54 +0200] "GET /web/categoria-produto/mercearia/page/22/?doing_wp_cron=1777619097.3651750087738037109375 HTTP/1.1" 200 33338 "-" "Mozilla/5.0 (compatible; MJ12bot/v1.4.8; http://mj12bot.com/)"
135.181.213.219 - - [06/Jun/2026:01:29:55 +0200] "GET /web/categoria-produto/mercearia/page/22/?doing_wp_cron=1780600644.2838211059570312500000 HTTP/1.1" 200 33338 "-" "Mozilla/5.0 (compatible; MJ12bot/v1.4.8; http://mj12bot.com/)"
66.249.79.34 - - [06/Jun/2026:01:29:56 +0200] "GET /web/en/produto/cenouras-biologicas-naturefoods/?add-to-cart=25564 HTTP/1.1" 200 39338 "-" "Mozilla/5.0 (Linux; Android 6.0.1; Nexus 5X Build/MMB29P) AppleWebKit/537.36 (KHTML, like Gecko) Chrome/148.0.7778.96 Mobile Safari/537.36 (compatible; Googlebot/2.1; +http://www.google.com/bot.html)"
135.181.213.219 - - [06/Jun/2026:01:29:57 +0200] "GET /web/categoria-produto/mercearia/page/23/?doing_wp_cron=1772577612.1917688846588134765625 HTTP/1.1" 200 34320 "-" "Mozilla/5.0 (compatible; MJ12bot/v1.4.8; http://mj12bot.com/)"
135.181.213.219 - - [06/Jun/2026:01:29:59 +0200] "GET /web/categoria-produto/mercearia/page/23/?doing_wp_cron=1780415977.4981930255889892578125 HTTP/1.1" 200 34320 "-" "Mozilla/5.0 (compatible; MJ12bot/v1.4.8; http://mj12bot.com/)"
135.181.213.219 - - [06/Jun/2026:01:30:00 +0200] "GET /web/categoria-produto/mercearia/page/23/?doing_wp_cron=1780490369.1043429374694824218750 HTTP/1.1" 200 34320 "-" "Mozilla/5.0 (compatible; MJ12bot/v1.4.8; http://mj12bot.com/)"
135.181.213.219 - - [06/Jun/2026:01:30:03 +0200] "GET /web/categoria-produto/mercearia/page/24/?doing_wp_cron=1780415977.4981930255889892578125 HTTP/1.1" 200 34735 "-" "Mozilla/5.0 (compatible; MJ12bot/v1.4.8; http://mj12bot.com/)"
66.249.79.34 - - [06/Jun/2026:01:30:03 +0200] "POST /web/en/wp-json/pmw/v1/products/ HTTP/1.1" 200 1432 "https://www.biocabaz.pt/web/en/produto/cenouras-biologicas-naturefoods/?add-to-cart=25564" "Mozilla/5.0 (Linux; Android 6.0.1; Nexus 5X Build/MMB29P) AppleWebKit/537.36 (KHTML, like Gecko) Chrome/148.0.7778.96 Mobile Safari/537.36 (compatible; Googlebot/2.1; +http://www.google.com/bot.html)"
114.119.143.174 - - [06/Jun/2026:01:30:04 +0200] "GET /web/shop/page/16/?orderby=menu_order&doing_wp_cron=1753258165.7507159709930419921875 HTTP/1.1" 200 33800 "https://www.biocabaz.pt/web/shop/page/14/?orderby=menu_order&doing_wp_cron=1753258165.7507159709930419921875" "Mozilla/5.0 (Linux; Android 7.0;) AppleWebKit/537.36 (HTML, like Gecko) Mobile Safari/537.36 (compatible; PetalBot;+https://webmaster.petalsearch.com/site/petalbot)"
135.181.213.219 - - [06/Jun/2026:01:30:05 +0200] "GET /web/categoria-produto/mercearia/page/24/?doing_wp_cron=1780490369.1043429374694824218750 HTTP/1.1" 200 34735 "-" "Mozilla/5.0 (compatible; MJ12bot/v1.4.8; http://mj12bot.com/)"
135.181.213.219 - - [06/Jun/2026:01:30:07 +0200] "GET /web/categoria-produto/mercearia/page/25/?doing_wp_cron=1772577612.1917688846588134765625 HTTP/1.1" 200 33223 "-" "Mozilla/5.0 (compatible; MJ12bot/v1.4.8; http://mj12bot.com/)"
135.181.213.219 - - [06/Jun/2026:01:30:08 +0200] "GET /web/categoria-produto/mercearia/page/25/?doing_wp_cron=1780415977.4981930255889892578125 HTTP/1.1" 200 33223 "-" "Mozilla/5.0 (compatible; MJ12bot/v1.4.8; http://mj12bot.com/)"
43.133.61.171 - - [06/Jun/2026:01:30:09 +0200] "GET / HTTP/1.1" 301 162 "-" "Mozilla/5.0 (iPhone; CPU iPhone OS 13_2_3 like Mac OS X) AppleWebKit/605.1.15 (KHTML, like Gecko) Version/13.0.3 Mobile/15E148 Safari/604.1"
74.7.243.227 - - [06/Jun/2026:01:30:10 +0200] "GET /sitemap5.xml HTTP/1.1" 301 5 "-" "Mozilla/5.0 AppleWebKit/537.36 (KHTML, like Gecko; compatible; GPTBot/1.4; +https://openai.com/gptbot)"
135.181.213.219 - - [06/Jun/2026:01:30:11 +0200] "GET /web/categoria-produto/sem-gluten-e-superalimentos/page/1/?doing_wp_cron=1675103898.5897328853607177734375 HTTP/1.1" 301 5 "-" "Mozilla/5.0 (compatible; MJ12bot/v1.4.8; http://mj12bot.com/)"
57.141.20.13 - - [06/Jun/2026:01:30:13 +0200] "GET /products/20065818/ HTTP/1.1" 404 113605 "-" "meta-externalagent/1.1 (+https://developers.facebook.com/docs/sharing/webmasters/crawler)"
135.181.213.219 - - [06/Jun/2026:01:30:13 +0200] "GET /web/categoria-produto/sem-gluten-e-superalimentos/?doing_wp_cron=1675103898.5897328853607177734375 HTTP/1.1" 200 32887 "-" "Mozilla/5.0 (compatible; MJ12bot/v1.4.8; http://mj12bot.com/)"
74.7.227.145 - - [06/Jun/2026:01:30:13 +0200] "GET /sitemap5.xml HTTP/1.1" 301 5 "https://fomento-sgoic.pt" "Mozilla/5.0 AppleWebKit/537.36 (KHTML, like Gecko; compatible; GPTBot/1.4; +https://openai.com/gptbot)"
57.141.20.47 - - [06/Jun/2026:01:30:13 +0200] "GET /products/22129607/ HTTP/1.1" 404 113605 "-" "meta-externalagent/1.1 (+https://developers.facebook.com/docs/sharing/webmasters/crawler)"
135.181.213.219 - - [06/Jun/2026:01:30:16 +0200] "GET /web/categoria-produto/sem-gluten-e-superalimentos/page/1/?doing_wp_cron=1687836673.9309411048889160156250 HTTP/1.1" 301 5 "-" "Mozilla/5.0 (compatible; MJ12bot/v1.4.8; http://mj12bot.com/)"
74.7.227.145 - - [06/Jun/2026:01:30:17 +0200] "GET /sitemap5.xml/ HTTP/1.1" 200 20260 "https://www.fomento-sgoic.pt/sitemap5.xml" "Mozilla/5.0 AppleWebKit/537.36 (KHTML, like Gecko; compatible; GPTBot/1.4; +https://openai.com/gptbot)"
135.181.213.219 - - [06/Jun/2026:01:30:18 +0200] "GET /web/categoria-produto/sem-gluten-e-superalimentos/?doing_wp_cron=1687836673.9309411048889160156250 HTTP/1.1" 200 32887 "-" "Mozilla/5.0 (compatible; MJ12bot/v1.4.8; http://mj12bot.com/)"
114.119.148.56 - - [06/Jun/2026:01:30:18 +0200] "GET /web/shop/page/57/?orderby=date&doing_wp_cron=1690961481.5172109603881835937500 HTTP/1.1" 200 32399 "https://www.biocabaz.pt/web/shop/page/14/?orderby=date&doing_wp_cron=1690961481.5172109603881835937500" "Mozilla/5.0 (Linux; Android 7.0;) AppleWebKit/537.36 (HTML, like Gecko) Mobile Safari/537.36 (compatible; PetalBot;+https://webmaster.petalsearch.com/site/petalbot)"
74.7.227.145 - - [06/Jun/2026:01:30:20 +0200] "GET /wp-content/themes/turismofundos22/js/properties-map.js?ver=1780702217 HTTP/1.1" 200 1475 "https://www.fomento-sgoic.pt/sitemap5.xml/" "Mozilla/5.0 AppleWebKit/537.36 (KHTML, like Gecko; compatible; GPTBot/1.4; +https://openai.com/gptbot)"
135.181.213.219 - - [06/Jun/2026:01:30:21 +0200] "GET /web/categoria-produto/sem-gluten-e-superalimentos/page/1/?doing_wp_cron=1775003327.4224541187286376953125 HTTP/1.1" 301 5 "-" "Mozilla/5.0 (compatible; MJ12bot/v1.4.8; http://mj12bot.com/)"
135.181.213.219 - - [06/Jun/2026:01:30:22 +0200] "GET /web/categoria-produto/sem-gluten-e-superalimentos/?doing_wp_cron=1775003327.4224541187286376953125 HTTP/1.1" 200 32887 "-" "Mozilla/5.0 (compatible; MJ12bot/v1.4.8; http://mj12bot.com/)"
135.181.213.219 - - [06/Jun/2026:01:30:24 +0200] "GET /web/categoria-produto/sem-gluten-e-superalimentos/page/2/?doing_wp_cron=1675103898.5897328853607177734375 HTTP/1.1" 200 32396 "-" "Mozilla/5.0 (compatible; MJ12bot/v1.4.8; http://mj12bot.com/)"
135.181.213.219 - - [06/Jun/2026:01:30:26 +0200] "GET /web/categoria-produto/sem-gluten-e-superalimentos/page/2/?doing_wp_cron=1754676974.6295568943023681640625 HTTP/1.1" 200 32396 "-" "Mozilla/5.0 (compatible; MJ12bot/v1.4.8; http://mj12bot.com/)"
135.181.213.219 - - [06/Jun/2026:01:30:28 +0200] "GET /web/categoria-produto/sem-gluten-e-superalimentos/page/2/?doing_wp_cron=1775003327.4224541187286376953125 HTTP/1.1" 200 32396 "-" "Mozilla/5.0 (compatible; MJ12bot/v1.4.8; http://mj12bot.com/)"
135.181.213.219 - - [06/Jun/2026:01:30:29 +0200] "GET /web/categoria-produto/sem-gluten-e-superalimentos/page/2/?doing_wp_cron=1780369554.5643029212951660156250 HTTP/1.1" 200 32396 "-" "Mozilla/5.0 (compatible; MJ12bot/v1.4.8; http://mj12bot.com/)"
135.181.213.219 - - [06/Jun/2026:01:30:31 +0200] "GET /web/categoria-produto/sem-gluten-e-superalimentos/page/3/?doing_wp_cron=1675103898.5897328853607177734375 HTTP/1.1" 200 32315 "-" "Mozilla/5.0 (compatible; MJ12bot/v1.4.8; http://mj12bot.com/)"
114.119.132.57 - - [06/Jun/2026:01:30:32 +0200] "GET /web/shop/page/15/?orderby=menu_order&doing_wp_cron=1752037520.4523479938507080078125 HTTP/1.1" 200 33459 "https://www.biocabaz.pt/web/shop/page/12/?orderby=menu_order&doing_wp_cron=1752037520.4523479938507080078125" "Mozilla/5.0 (Linux; Android 7.0;) AppleWebKit/537.36 (HTML, like Gecko) Mobile Safari/537.36 (compatible; PetalBot;+https://webmaster.petalsearch.com/site/petalbot)"
198.244.168.198 - - [06/Jun/2026:01:30:32 +0200] "GET /web/produto/tomate-sem-pele-400gr-labioidea/ HTTP/1.1" 302 102 "-" "Mozilla/5.0 (compatible; AhrefsBot/7.0; +http://ahrefs.com/robot/)"
135.181.213.219 - - [06/Jun/2026:01:30:33 +0200] "GET /web/categoria-produto/sem-gluten-e-superalimentos/page/3/?doing_wp_cron=1687836673.9309411048889160156250 HTTP/1.1" 200 32315 "-" "Mozilla/5.0 (compatible; MJ12bot/v1.4.8; http://mj12bot.com/)"
135.181.213.219 - - [06/Jun/2026:01:30:35 +0200] "GET /web/categoria-produto/sem-gluten-e-superalimentos/page/3/?doing_wp_cron=1754676974.6295568943023681640625 HTTP/1.1" 200 32315 "-" "Mozilla/5.0 (compatible; MJ12bot/v1.4.8; http://mj12bot.com/)"
116.179.32.179 - - [06/Jun/2026:01:30:36 +0200] "GET /web/categoria-produto/mercearia/page/6/?doing_wp_cron=1774507936.1035580635070800781250 HTTP/1.1" 200 36099 "-" "Mozilla/5.0 (compatible; Baiduspider/2.0; +http://www.baidu.com/search/spider.html)"
135.181.213.219 - - [06/Jun/2026:01:30:36 +0200] "GET /web/categoria-produto/sem-gluten-e-superalimentos/page/3/?doing_wp_cron=1775003327.4224541187286376953125 HTTP/1.1" 200 32315 "-" "Mozilla/5.0 (compatible; MJ12bot/v1.4.8; http://mj12bot.com/)"
135.181.213.219 - - [06/Jun/2026:01:30:38 +0200] "GET /web/categoria-produto/sem-gluten-e-superalimentos/page/4/?doing_wp_cron=1675103898.5897328853607177734375 HTTP/1.1" 200 32516 "-" "Mozilla/5.0 (compatible; MJ12bot/v1.4.8; http://mj12bot.com/)"
135.181.213.219 - - [06/Jun/2026:01:30:40 +0200] "GET /web/categoria-produto/sem-gluten-e-superalimentos/page/4/?doing_wp_cron=1775003327.4224541187286376953125 HTTP/1.1" 200 32516 "-" "Mozilla/5.0 (compatible; MJ12bot/v1.4.8; http://mj12bot.com/)"
135.181.213.219 - - [06/Jun/2026:01:30:41 +0200] "GET /web/categoria-produto/sem-gluten-e-superalimentos/page/5/?doing_wp_cron=1675103898.5897328853607177734375 HTTP/1.1" 200 32491 "-" "Mozilla/5.0 (compatible; MJ12bot/v1.4.8; http://mj12bot.com/)"
116.179.37.223 - - [06/Jun/2026:01:30:42 +0200] "POST /web/?wc-ajax=get_refreshed_fragments HTTP/1.1" 200 625 "https://biocabaz.pt/web/categoria-produto/mercearia/page/6/?doing_wp_cron=1774507936.1035580635070800781250" "Mozilla/5.0 (compatible; Baiduspider-render/2.0; +http://www.baidu.com/search/spider.html)"
114.119.157.158 - - [06/Jun/2026:01:30:43 +0200] "GET /web/shop/page/11/?doing_wp_cron=1733347543.8351190090179443359375 HTTP/1.1" 200 32232 "https://www.biocabaz.pt/web/shop/page/11/?doing_wp_cron=1733347543.8351190090179443359375" "Mozilla/5.0 (Linux; Android 7.0;) AppleWebKit/537.36 (HTML, like Gecko) Mobile Safari/537.36 (compatible; PetalBot;+https://webmaster.petalsearch.com/site/petalbot)"
135.181.213.219 - - [06/Jun/2026:01:30:43 +0200] "GET /web/categoria-produto/sem-gluten-e-superalimentos/page/6/?doing_wp_cron=1675103898.5897328853607177734375 HTTP/1.1" 200 32058 "-" "Mozilla/5.0 (compatible; MJ12bot/v1.4.8; http://mj12bot.com/)"
216.73.216.253 - - [06/Jun/2026:01:30:44 +0200] "GET /web/categoria-produto/mercearia/cereais/?add-to-cart=9903 HTTP/1.1" 200 33369 "-" "Mozilla/5.0 AppleWebKit/537.36 (KHTML, like Gecko; compatible; ClaudeBot/1.0; +claudebot@anthropic.com)"
135.181.213.219 - - [06/Jun/2026:01:30:45 +0200] "GET /web/categoria-produto/sem-gluten-e-superalimentos/page/7/?doing_wp_cron=1675103898.5897328853607177734375 HTTP/1.1" 200 30623 "-" "Mozilla/5.0 (compatible; MJ12bot/v1.4.8; http://mj12bot.com/)"
135.181.213.219 - - [06/Jun/2026:01:30:47 +0200] "GET /web/en/categoria-produto/frescos/page/1/?doing_wp_cron=1764883700.4846520423889160156250 HTTP/1.1" 301 5 "-" "Mozilla/5.0 (compatible; MJ12bot/v1.4.8; http://mj12bot.com/)"
135.181.213.219 - - [06/Jun/2026:01:30:49 +0200] "GET /web/en/categoria-produto/frescos/?doing_wp_cron=1764883700.4846520423889160156250 HTTP/1.1" 200 32611 "-" "Mozilla/5.0 (compatible; MJ12bot/v1.4.8; http://mj12bot.com/)"
135.181.213.219 - - [06/Jun/2026:01:30:51 +0200] "GET /web/en/categoria-produto/frescos/page/10/?doing_wp_cron=1764883700.4846520423889160156250 HTTP/1.1" 200 32000 "-" "Mozilla/5.0 (compatible; MJ12bot/v1.4.8; http://mj12bot.com/)"
216.73.216.253 - - [06/Jun/2026:01:30:52 +0200] "GET /web/categoria-produto/mercearia/cereais/?add-to-cart=9894 HTTP/1.1" 200 33364 "-" "Mozilla/5.0 AppleWebKit/537.36 (KHTML, like Gecko; compatible; ClaudeBot/1.0; +claudebot@anthropic.com)"
135.181.213.219 - - [06/Jun/2026:01:30:52 +0200] "GET /web/en/categoria-produto/frescos/page/12/?doing_wp_cron=1764883700.4846520423889160156250 HTTP/1.1" 200 31681 "-" "Mozilla/5.0 (compatible; MJ12bot/v1.4.8; http://mj12bot.com/)"
135.181.213.219 - - [06/Jun/2026:01:30:54 +0200] "GET /web/en/categoria-produto/frescos/page/12/?doing_wp_cron=1780619532.9033880233764648437500 HTTP/1.1" 200 31681 "-" "Mozilla/5.0 (compatible; MJ12bot/v1.4.8; http://mj12bot.com/)"
135.181.213.219 - - [06/Jun/2026:01:30:56 +0200] "GET /web/en/categoria-produto/frescos/page/2/?doing_wp_cron=1764883700.4846520423889160156250 HTTP/1.1" 200 32193 "-" "Mozilla/5.0 (compatible; MJ12bot/v1.4.8; http://mj12bot.com/)"
135.181.213.219 - - [06/Jun/2026:01:30:57 +0200] "GET /web/en/categoria-produto/frescos/page/5/?doing_wp_cron=1780593309.1891338825225830078125 HTTP/1.1" 200 32705 "-" "Mozilla/5.0 (compatible; MJ12bot/v1.4.8; http://mj12bot.com/)"
114.119.136.146 - - [06/Jun/2026:01:30:59 +0200] "GET /web/shop/page/1/?orderby=price-desc&doing_wp_cron=1771256690.2201089859008789062500 HTTP/1.1" 301 5 "https://www.biocabaz.pt/web/shop/page/46/?orderby=price-desc&doing_wp_cron=1771256690.2201089859008789062500" "Mozilla/5.0 (Linux; Android 7.0;) AppleWebKit/537.36 (HTML, like Gecko) Mobile Safari/537.36 (compatible; PetalBot;+https://webmaster.petalsearch.com/site/petalbot)"
135.181.213.219 - - [06/Jun/2026:01:30:59 +0200] "GET /web/en/categoria-produto/frescos/page/6/?doing_wp_cron=1764883700.4846520423889160156250 HTTP/1.1" 200 32753 "-" "Mozilla/5.0 (compatible; MJ12bot/v1.4.8; http://mj12bot.com/)"
135.181.213.219 - - [06/Jun/2026:01:31:02 +0200] "GET /web/en/categoria-produto/frescos/page/6/?doing_wp_cron=1780445684.1508910655975341796875 HTTP/1.1" 200 32753 "-" "Mozilla/5.0 (compatible; MJ12bot/v1.4.8; http://mj12bot.com/)"
114.119.136.146 - - [06/Jun/2026:01:31:02 +0200] "GET /web/shop/?orderby=price-desc&doing_wp_cron=1771256690.2201089859008789062500 HTTP/1.1" 200 32645 "https://www.biocabaz.pt/web/shop/page/46/?orderby=price-desc&doing_wp_cron=1771256690.2201089859008789062500" "Mozilla/5.0 (Linux; Android 7.0;) AppleWebKit/537.36 (HTML, like Gecko) Mobile Safari/537.36 (compatible; PetalBot;+https://webmaster.petalsearch.com/site/petalbot)"
216.73.216.253 - - [06/Jun/2026:01:31:03 +0200] "GET /web/categoria-produto/mercearia/cereais/?add-to-cart=11283 HTTP/1.1" 200 33349 "-" "Mozilla/5.0 AppleWebKit/537.36 (KHTML, like Gecko; compatible; ClaudeBot/1.0; +claudebot@anthropic.com)"
135.181.213.219 - - [06/Jun/2026:01:31:03 +0200] "GET /web/en/categoria-produto/frescos/page/8/?doing_wp_cron=1764883700.4846520423889160156250 HTTP/1.1" 200 32087 "-" "Mozilla/5.0 (compatible; MJ12bot/v1.4.8; http://mj12bot.com/)"
135.181.213.219 - - [06/Jun/2026:01:31:05 +0200] "GET /web/en/categoria-produto/frescos/page/8/?doing_wp_cron=1771194606.9473569393157958984375 HTTP/1.1" 200 32087 "-" "Mozilla/5.0 (compatible; MJ12bot/v1.4.8; http://mj12bot.com/)"
135.181.213.219 - - [06/Jun/2026:01:31:07 +0200] "GET /web/en/categoria-produto/frescos/page/9/?doing_wp_cron=1764883700.4846520423889160156250 HTTP/1.1" 200 32369 "-" "Mozilla/5.0 (compatible; MJ12bot/v1.4.8; http://mj12bot.com/)"
135.181.213.219 - - [06/Jun/2026:01:31:08 +0200] "GET /web/en/categoria-produto/frescos/page/9/?doing_wp_cron=1780593309.1891338825225830078125 HTTP/1.1" 200 32369 "-" "Mozilla/5.0 (compatible; MJ12bot/v1.4.8; http://mj12bot.com/)"
114.119.152.221 - - [06/Jun/2026:01:31:10 +0200] "GET /web/shop/?doing_wp_cron=1768058092.9600200653076171875000 HTTP/1.1" 200 36849 "https://www.biocabaz.pt/web/shop/?doing_wp_cron=1768058092.9600200653076171875000" "Mozilla/5.0 (Linux; Android 7.0;) AppleWebKit/537.36 (HTML, like Gecko) Mobile Safari/537.36 (compatible; PetalBot;+https://webmaster.petalsearch.com/site/petalbot)"
135.181.213.219 - - [06/Jun/2026:01:31:10 +0200] "GET /web/en/categoria-produto/frescos/page/9/?doing_wp_cron=1780628833.8524570465087890625000 HTTP/1.1" 200 32369 "-" "Mozilla/5.0 (compatible; MJ12bot/v1.4.8; http://mj12bot.com/)"
54.174.58.239 - - [06/Jun/2026:01:31:13 +0200] "GET /robots.txt HTTP/1.1" 301 162 "-" "Mozilla/5.0 AppleWebKit/537.36 (KHTML, like Gecko; compatible; HubSpot Crawler; +https://www.hubspot.com) Chrome/131.0.0.0 Safari/537.36"
135.181.213.219 - - [06/Jun/2026:01:31:14 +0200] "GET /web/en/categoria-produto/higiene-e-beleza/?doing_wp_cron=1772166567.6792309284210205078125 HTTP/1.1" 200 35842 "-" "Mozilla/5.0 (compatible; MJ12bot/v1.4.8; http://mj12bot.com/)"
216.244.66.201 - - [06/Jun/2026:01:31:16 +0200] "GET /web/wp-conteudos/uploads/2021/08/tinta-para-cabelo-naturtint-6.7-chocolate-claro-330x260.jpg HTTP/1.1" 200 20987 "-" "Mozilla/5.0 (compatible; DotBot/1.2; +https://opensiteexplorer.org/dotbot; help@moz.com)"
135.181.213.219 - - [06/Jun/2026:01:31:17 +0200] "GET /web/en/categoria-produto/higiene-e-beleza/page/4/?doing_wp_cron=1674610268.4431960582733154296875 HTTP/1.1" 200 34438 "-" "Mozilla/5.0 (compatible; MJ12bot/v1.4.8; http://mj12bot.com/)"
75.119.139.177 - - [06/Jun/2026:01:31:18 +0200] "POST /wp-cron.php?doing_wp_cron=1780702278.7031950950622558593750 HTTP/1.1" 200 31 "-" "WordPress/6.9; https://www.fomento-sgoic.pt"
52.87.72.16 - - [06/Jun/2026:01:31:18 +0200] "GET / HTTP/1.1" 301 5 "https://fomento-sgoic.pt/" "Mozilla/5.0+(compatible; UptimeRobot/2.0; http://www.uptimerobot.com/)"
52.87.72.16 - - [06/Jun/2026:01:31:19 +0200] "GET / HTTP/1.1" 200 33120 "https://fomento-sgoic.pt/" "Mozilla/5.0+(compatible; UptimeRobot/2.0; http://www.uptimerobot.com/)"
135.181.213.219 - - [06/Jun/2026:01:31:20 +0200] "GET /web/en/categoria-produto/laticinios-e-substitutos/page/1/?doing_wp_cron=1780335657.6920800209045410156250 HTTP/1.1" 301 5 "-" "Mozilla/5.0 (compatible; MJ12bot/v1.4.8; http://mj12bot.com/)"
135.181.213.219 - - [06/Jun/2026:01:31:21 +0200] "GET /web/en/categoria-produto/laticinios-e-substitutos/?doing_wp_cron=1780335657.6920800209045410156250 HTTP/1.1" 200 31449 "-" "Mozilla/5.0 (compatible; MJ12bot/v1.4.8; http://mj12bot.com/)"
163.172.187.178 - - [06/Jun/2026:01:31:22 +0200] "GET /web/wp-conteudos/uploads/2018/03/Manteiga-de-amendoim-cremosa-Biomit-230g-750x1000.jpeg HTTP/1.1" 200 48028 "-" "Mozilla/5.0 (X11; Ubuntu; Linux x86_64; rv:72.0) Gecko/20100101 Firefox/72.0"
135.181.213.219 - - [06/Jun/2026:01:31:23 +0200] "GET /web/en/categoria-produto/laticinios-e-substitutos/page/2/?doing_wp_cron=1780335657.6920800209045410156250 HTTP/1.1" 200 33935 "-" "Mozilla/5.0 (compatible; MJ12bot/v1.4.8; http://mj12bot.com/)"
114.119.132.57 - - [06/Jun/2026:01:31:24 +0200] "GET /web/shop/page/57/?doing_wp_cron=1777908695.5160880088806152343750 HTTP/1.1" 200 33138 "https://www.biocabaz.pt/web/shop/page/54/?doing_wp_cron=1725447674.1214439868927001953125" "Mozilla/5.0 (Linux; Android 7.0;) AppleWebKit/537.36 (HTML, like Gecko) Mobile Safari/537.36 (compatible; PetalBot;+https://webmaster.petalsearch.com/site/petalbot)"
135.181.213.219 - - [06/Jun/2026:01:31:25 +0200] "GET /web/en/categoria-produto/laticinios-e-substitutos/page/3/?doing_wp_cron=1780335657.6920800209045410156250 HTTP/1.1" 200 33549 "-" "Mozilla/5.0 (compatible; MJ12bot/v1.4.8; http://mj12bot.com/)"
20.237.198.12 - - [06/Jun/2026:01:31:26 +0200] "GET /web/produto/manga-afonso-conversao-nacional/?add-to-cart=112408 HTTP/1.1" 302 11 "-" "Mozilla/5.0 (X11; Linux x86_64; rv:120.0) Gecko/20100101 Firefox/120.0"
66.249.79.34 - - [06/Jun/2026:01:31:26 +0200] "GET /web/produto/cebola-bio/?doing_wp_cron=1697223142.5259850025177001953125 HTTP/1.1" 200 38392 "-" "Mozilla/5.0 (Linux; Android 6.0.1; Nexus 5X Build/MMB29P) AppleWebKit/537.36 (KHTML, like Gecko) Chrome/148.0.7778.96 Mobile Safari/537.36 (compatible; Googlebot/2.1; +http://www.google.com/bot.html)"
135.181.213.219 - - [06/Jun/2026:01:31:27 +0200] "GET /web/en/categoria-produto/laticinios-e-substitutos/page/5/?doing_wp_cron=1780247310.3261420726776123046875 HTTP/1.1" 200 33109 "-" "Mozilla/5.0 (compatible; MJ12bot/v1.4.8; http://mj12bot.com/)"
20.237.198.12 - - [06/Jun/2026:01:31:28 +0200] "GET /web/produto/manga-afonso-conversao-nacional/?add-to-cart=112408&doing_wp_cron=1780702286.5196340084075927734375 HTTP/1.1" 200 39566 "https://www.biocabaz.pt/web/produto/manga-afonso-conversao-nacional/?add-to-cart=112408" "Mozilla/5.0 (X11; Linux x86_64; rv:120.0) Gecko/20100101 Firefox/120.0"
135.181.213.219 - - [06/Jun/2026:01:31:28 +0200] "GET /web/en/categoria-produto/laticinios-e-substitutos/page/5/?doing_wp_cron=1780335657.6920800209045410156250 HTTP/1.1" 200 33109 "-" "Mozilla/5.0 (compatible; MJ12bot/v1.4.8; http://mj12bot.com/)"
135.181.213.219 - - [06/Jun/2026:01:31:30 +0200] "GET /web/en/categoria-produto/laticinios-e-substitutos/page/6/?doing_wp_cron=1780335657.6920800209045410156250 HTTP/1.1" 200 32163 "-" "Mozilla/5.0 (compatible; MJ12bot/v1.4.8; http://mj12bot.com/)"
135.181.213.219 - - [06/Jun/2026:01:31:33 +0200] "GET /web/en/categoria-produto/mercearia/page/1/?doing_wp_cron=1773540644.3655838966369628906250 HTTP/1.1" 301 5 "-" "Mozilla/5.0 (compatible; MJ12bot/v1.4.8; http://mj12bot.com/)"
17.246.15.8 - - [06/Jun/2026:01:31:33 +0200] "GET /web/shop/page/5/?doing_wp_cron=1694163099.4652469158172607421875 HTTP/1.1" 200 32731 "-" "Mozilla/5.0 (Macintosh; Intel Mac OS X 10_15_7) AppleWebKit/605.1.15 (KHTML, like Gecko) Version/17.4 Safari/605.1.15 (Applebot/0.1; +http://www.apple.com/go/applebot)"
135.181.213.219 - - [06/Jun/2026:01:31:34 +0200] "GET /web/en/categoria-produto/mercearia/?doing_wp_cron=1773540644.3655838966369628906250 HTTP/1.1" 200 32568 "-" "Mozilla/5.0 (compatible; MJ12bot/v1.4.8; http://mj12bot.com/)"
66.249.79.33 - - [06/Jun/2026:01:31:36 +0200] "GET /web/en/produto/tremoco-bio/?doing_wp_cron=1780632975.8043360710144042968750 HTTP/1.1" 200 38397 "-" "Mozilla/5.0 (Linux; Android 6.0.1; Nexus 5X Build/MMB29P) AppleWebKit/537.36 (KHTML, like Gecko) Chrome/148.0.7778.96 Mobile Safari/537.36 (compatible; Googlebot/2.1; +http://www.google.com/bot.html)"
135.181.213.219 - - [06/Jun/2026:01:31:37 +0200] "GET /web/en/categoria-produto/sem-gluten-e-superalimentos/page/1/?doing_wp_cron=1768863647.8457920551300048828125 HTTP/1.1" 301 5 "-" "Mozilla/5.0 (compatible; MJ12bot/v1.4.8; http://mj12bot.com/)"
114.119.141.103 - - [06/Jun/2026:01:31:38 +0200] "GET /web/produto/pure-maca-morango-mirtilo-bio-90g-cool-fruits/?doing_wp_cron=1696081344.6255269050598144531250 HTTP/1.1" 200 38331 "https://www.biocabaz.pt/web/produto/pure-maca-morango-mirtilo-bio-90g-cool-fruits/?doing_wp_cron=1696081344.6255269050598144531250" "Mozilla/5.0 (Linux; Android 7.0;) AppleWebKit/537.36 (HTML, like Gecko) Mobile Safari/537.36 (compatible; PetalBot;+https://webmaster.petalsearch.com/site/petalbot)"
216.73.216.253 - - [06/Jun/2026:01:31:39 +0200] "GET /web/categoria-produto/mercearia/cereais/?add-to-cart=9910 HTTP/1.1" 200 33347 "-" "Mozilla/5.0 AppleWebKit/537.36 (KHTML, like Gecko; compatible; ClaudeBot/1.0; +claudebot@anthropic.com)"
135.181.213.219 - - [06/Jun/2026:01:31:39 +0200] "GET /web/en/categoria-produto/sem-gluten-e-superalimentos/?doing_wp_cron=1768863647.8457920551300048828125 HTTP/1.1" 200 32870 "-" "Mozilla/5.0 (compatible; MJ12bot/v1.4.8; http://mj12bot.com/)"
135.181.213.219 - - [06/Jun/2026:01:31:41 +0200] "GET /web/en/categoria-produto/sem-gluten-e-superalimentos/page/2/?doing_wp_cron=1768863647.8457920551300048828125 HTTP/1.1" 200 32406 "-" "Mozilla/5.0 (compatible; MJ12bot/v1.4.8; http://mj12bot.com/)"
135.181.213.219 - - [06/Jun/2026:01:31:42 +0200] "GET /web/en/categoria-produto/sem-gluten-e-superalimentos/page/3/?doing_wp_cron=1675103898.5897328853607177734375 HTTP/1.1" 200 32222 "-" "Mozilla/5.0 (compatible; MJ12bot/v1.4.8; http://mj12bot.com/)"
75.119.139.177 - - [06/Jun/2026:01:31:43 +0200] "POST /wp-cron.php?doing_wp_cron=1780702303.1985850334167480468750 HTTP/1.1" 200 31 "-" "WordPress/6.9; https://www.fomento-sgoic.pt"
57.141.20.39 - - [06/Jun/2026:01:31:43 +0200] "GET /products/14382918/ HTTP/1.1" 404 113605 "-" "meta-externalagent/1.1 (+https://developers.facebook.com/docs/sharing/webmasters/crawler)"
135.181.213.219 - - [06/Jun/2026:01:31:44 +0200] "GET /web/en/categoria-produto/sem-gluten-e-superalimentos/page/3/?doing_wp_cron=1768863647.8457920551300048828125 HTTP/1.1" 200 32222 "-" "Mozilla/5.0 (compatible; MJ12bot/v1.4.8; http://mj12bot.com/)"
135.181.213.219 - - [06/Jun/2026:01:31:46 +0200] "GET /web/en/categoria-produto/sem-gluten-e-superalimentos/page/4/?doing_wp_cron=1768863647.8457920551300048828125 HTTP/1.1" 200 32466 "-" "Mozilla/5.0 (compatible; MJ12bot/v1.4.8; http://mj12bot.com/)"
135.181.213.219 - - [06/Jun/2026:01:31:47 +0200] "GET /web/en/categoria-produto/sem-gluten-e-superalimentos/page/6/?doing_wp_cron=1768863647.8457920551300048828125 HTTP/1.1" 200 32013 "-" "Mozilla/5.0 (compatible; MJ12bot/v1.4.8; http://mj12bot.com/)"
114.119.139.78 - - [06/Jun/2026:01:31:50 +0200] "GET /web/produto/pasta-de-tamaras-bio/?doing_wp_cron=1765663335.5492699146270751953125 HTTP/1.1" 200 38683 "https://www.biocabaz.pt/web/en/produto/pasta-de-tamaras-bio/?doing_wp_cron=1765663335.5492699146270751953125" "Mozilla/5.0 (Linux; Android 7.0;) AppleWebKit/537.36 (HTML, like Gecko) Mobile Safari/537.36 (compatible; PetalBot;+https://webmaster.petalsearch.com/site/petalbot)"
135.181.213.219 - - [06/Jun/2026:01:31:51 +0200] "GET /web/en/categoria-produto/sem-gluten-e-superalimentos/page/7/?doing_wp_cron=1768863647.8457920551300048828125 HTTP/1.1" 200 30536 "-" "Mozilla/5.0 (compatible; MJ12bot/v1.4.8; http://mj12bot.com/)"
51.89.129.45 - - [06/Jun/2026:01:31:51 +0200] "GET /planka-igornyy-dom-dolzhnostnoy-zhurnal-bitz-casino-verbovoe-skidki-a-eshche-promokody/ HTTP/1.1" 200 20389 "-" "Mozilla/5.0 (compatible; AhrefsBot/7.0; +http://ahrefs.com/robot/)"
17.22.237.233 - - [06/Jun/2026:01:31:53 +0200] "POST /web/en/?wc-ajax=get_refreshed_fragments HTTP/1.1" 200 629 "https://biocabaz.pt/web/en/shop/page/9/?doing_wp_cron=1750202777.2241599559783935546875" "Mozilla/5.0 (Macintosh; Intel Mac OS X 10_15_7) AppleWebKit/605.1.15 (KHTML, like Gecko) Version/17.4 Safari/605.1.15 (Applebot/0.1; +http://www.apple.com/go/applebot)"
135.181.213.219 - - [06/Jun/2026:01:31:54 +0200] "GET /web/en/page/4/?s&doing_wp_cron=1731744152.9923501014709472656250 HTTP/1.1" 200 34316 "-" "Mozilla/5.0 (compatible; MJ12bot/v1.4.8; http://mj12bot.com/)"
135.181.213.219 - - [06/Jun/2026:01:31:57 +0200] "GET /web/en/page/6/?s&doing_wp_cron=1724833062.6617689132690429687500 HTTP/1.1" 200 33581 "-" "Mozilla/5.0 (compatible; MJ12bot/v1.4.8; http://mj12bot.com/)"
135.181.213.219 - - [06/Jun/2026:01:32:01 +0200] "GET /web/en/page/6/?s&doing_wp_cron=1724833131.7603240013122558593750 HTTP/1.1" 200 33597 "-" "Mozilla/5.0 (compatible; MJ12bot/v1.4.8; http://mj12bot.com/)"
135.181.213.219 - - [06/Jun/2026:01:32:05 +0200] "GET /web/en/page/6/?s&doing_wp_cron=1731726223.6452560424804687500000 HTTP/1.1" 200 33586 "-" "Mozilla/5.0 (compatible; MJ12bot/v1.4.8; http://mj12bot.com/)"
114.119.159.226 - - [06/Jun/2026:01:32:06 +0200] "GET /web/produto/melancia/?doing_wp_cron=1725423692.4437000751495361328125 HTTP/1.1" 200 37834 "https://www.biocabaz.pt/web/en/produto/melancia/?doing_wp_cron=1725423692.4437000751495361328125" "Mozilla/5.0 (Linux; Android 7.0;) AppleWebKit/537.36 (HTML, like Gecko) Mobile Safari/537.36 (compatible; PetalBot;+https://webmaster.petalsearch.com/site/petalbot)"
135.181.213.219 - - [06/Jun/2026:01:32:09 +0200] "GET /web/en/page/8/?s&doing_wp_cron=1711005479.6258280277252197265625 HTTP/1.1" 200 31543 "-" "Mozilla/5.0 (compatible; MJ12bot/v1.4.8; http://mj12bot.com/)"
220.181.108.110 - - [06/Jun/2026:01:32:10 +0200] "GET /web/shop/page/25/?doing_wp_cron=1711325458.1736330986022949218750 HTTP/1.1" 200 32300 "-" "Mozilla/5.0 (compatible; Baiduspider/2.0; +http://www.baidu.com/search/spider.html)"
51.195.244.244 - - [06/Jun/2026:01:32:11 +0200] "GET /web/produto/nabicas/feed/ HTTP/1.1" 302 102 "-" "Mozilla/5.0 (compatible; AhrefsBot/7.0; +http://ahrefs.com/robot/)"
135.181.213.219 - - [06/Jun/2026:01:32:12 +0200] "GET /web/en/page/8/?s&doing_wp_cron=1711005594.5032639503479003906250 HTTP/1.1" 200 31543 "-" "Mozilla/5.0 (compatible; MJ12bot/v1.4.8; http://mj12bot.com/)"
135.181.213.219 - - [06/Jun/2026:01:32:16 +0200] "GET /web/en/page/8/?s&doing_wp_cron=1717920546.0248939990997314453125 HTTP/1.1" 200 31535 "-" "Mozilla/5.0 (compatible; MJ12bot/v1.4.8; http://mj12bot.com/)"
216.73.216.253 - - [06/Jun/2026:01:32:16 +0200] "GET /web/categoria-produto/mercearia/cereais/?add-to-cart=11281 HTTP/1.1" 200 33338 "-" "Mozilla/5.0 AppleWebKit/537.36 (KHTML, like Gecko; compatible; ClaudeBot/1.0; +claudebot@anthropic.com)"
114.119.132.57 - - [06/Jun/2026:01:32:18 +0200] "GET /web/produto/laranja-bio/?doing_wp_cron=1763912811.8869800567626953125000 HTTP/1.1" 200 39443 "https://www.biocabaz.pt/web/produto/laranja-bio/?doing_wp_cron=1763912811.8869800567626953125000" "Mozilla/5.0 (Linux; Android 7.0;) AppleWebKit/537.36 (HTML, like Gecko) Mobile Safari/537.36 (compatible; PetalBot;+https://webmaster.petalsearch.com/site/petalbot)"
135.181.213.219 - - [06/Jun/2026:01:32:19 +0200] "GET /web/en/produto/abacate-2/?add-to-cart=1784 HTTP/1.1" 200 38987 "-" "Mozilla/5.0 (compatible; MJ12bot/v1.4.8; http://mj12bot.com/)"
135.181.213.219 - - [06/Jun/2026:01:32:23 +0200] "GET /web/en/produto/abacate-2/?add-to-cart=415 HTTP/1.1" 200 39047 "-" "Mozilla/5.0 (compatible; MJ12bot/v1.4.8; http://mj12bot.com/)"
74.7.243.227 - - [06/Jun/2026:01:32:23 +0200] "GET /?sitemap-2.xml HTTP/1.1" 301 5 "-" "Mozilla/5.0 AppleWebKit/537.36 (KHTML, like Gecko; compatible; GPTBot/1.4; +https://openai.com/gptbot)"
135.181.213.219 - - [06/Jun/2026:01:32:26 +0200] "GET /web/en/produto/bacon-bio/?add-to-cart=73806 HTTP/1.1" 200 38620 "-" "Mozilla/5.0 (compatible; MJ12bot/v1.4.8; http://mj12bot.com/)"
74.7.227.145 - - [06/Jun/2026:01:32:26 +0200] "GET /?sitemap-2.xml HTTP/1.1" 301 5 "https://fomento-sgoic.pt" "Mozilla/5.0 AppleWebKit/537.36 (KHTML, like Gecko; compatible; GPTBot/1.4; +https://openai.com/gptbot)"
17.241.75.209 - - [06/Jun/2026:01:32:27 +0200] "POST /web/?wc-ajax=get_refreshed_fragments HTTP/1.1" 200 626 "https://www.biocabaz.pt/web/shop/page/7/?doing_wp_cron=1753065622.1171140670776367187500" "Mozilla/5.0 (Macintosh; Intel Mac OS X 10_15_7) AppleWebKit/605.1.15 (KHTML, like Gecko) Version/17.4 Safari/605.1.15 (Applebot/0.1; +http://www.apple.com/go/applebot)"
75.119.139.177 - - [06/Jun/2026:01:32:29 +0200] "POST /wp-cron.php?doing_wp_cron=1780702349.2649579048156738281250 HTTP/1.1" 200 31 "-" "WordPress/6.9; https://www.fomento-sgoic.pt"
74.7.227.145 - - [06/Jun/2026:01:32:29 +0200] "GET /?sitemap-2_xml HTTP/1.1" 200 33125 "https://www.fomento-sgoic.pt/?sitemap-2.xml" "Mozilla/5.0 AppleWebKit/537.36 (KHTML, like Gecko; compatible; GPTBot/1.4; +https://openai.com/gptbot)"
216.73.216.253 - - [06/Jun/2026:01:32:29 +0200] "GET /web/en/produto/salsichas-frankfurt-bio-2/?add-to-cart=4896 HTTP/1.1" 200 40724 "-" "Mozilla/5.0 AppleWebKit/537.36 (KHTML, like Gecko; compatible; ClaudeBot/1.0; +claudebot@anthropic.com)"
135.181.213.219 - - [06/Jun/2026:01:32:29 +0200] "GET /web/en/produto/bacon-bio/?add-to-cart=73811 HTTP/1.1" 200 38583 "-" "Mozilla/5.0 (compatible; MJ12bot/v1.4.8; http://mj12bot.com/)"
52.167.144.179 - - [06/Jun/2026:01:32:30 +0200] "GET /web/shop/page/58/?doing_wp_cron=1778547376.6511130332946777343750 HTTP/1.1" 200 32932 "-" "Mozilla/5.0 AppleWebKit/537.36 (KHTML, like Gecko; compatible; bingbot/2.0; +http://www.bing.com/bingbot.htm) Chrome/116.0.1938.76 Safari/537.36"
74.7.227.145 - - [06/Jun/2026:01:32:31 +0200] "GET /wp-content/themes/turismofundos22/js/properties-map.js?ver=1780702348 HTTP/1.1" 200 1475 "https://www.fomento-sgoic.pt/?sitemap-2_xml" "Mozilla/5.0 AppleWebKit/537.36 (KHTML, like Gecko; compatible; GPTBot/1.4; +https://openai.com/gptbot)"
199.30.24.7 - - [06/Jun/2026:01:32:31 +0200] "GET /web/wp-conteudos/uploads/mk_assets/theme-options-production-1778707867.css HTTP/1.1" 404 548 "https://biocabaz.pt/" "Mozilla/5.0 AppleWebKit/537.36 (KHTML, like Gecko; compatible; bingbot/2.0; +http://www.bing.com/bingbot.htm) Chrome/136.0.0.0 Safari/537.36"
