47.128.17.149 - - [06/Jun/2026:01:21:09 +0200] "GET /web/wp-conteudos/plugins/wp-multilang/flags/pt.png HTTP/1.1" 206 255 "https://biocabaz.pt/" "Mozilla/5.0 (compatible; Bytespider; spider-feedback@bytedance.com) AppleWebKit/537.36 (KHTML, like Gecko) Chrome/70.0.0.0 Safari/537.36"
47.128.17.149 - - [06/Jun/2026:01:21:09 +0200] "GET /web/wp-conteudos/uploads/2021/01/biocabaz_logosite2.png HTTP/1.1" 206 500 "https://biocabaz.pt/" "Mozilla/5.0 (compatible; Bytespider; spider-feedback@bytedance.com) AppleWebKit/537.36 (KHTML, like Gecko) Chrome/70.0.0.0 Safari/537.36"
216.244.66.201 - - [06/Jun/2026:01:21:10 +0200] "GET /robots.txt HTTP/1.1" 404 146 "-" "Mozilla/5.0 (compatible; DotBot/1.2; +https://opensiteexplorer.org/dotbot; help@moz.com)"
47.128.17.149 - - [06/Jun/2026:01:21:10 +0200] "GET /web/wp-conteudos/plugins/userpro/assets/css/fontawesome/css/all.min.css HTTP/1.1" 200 12340 "https://biocabaz.pt/" "Mozilla/5.0 (compatible; Bytespider; spider-feedback@bytedance.com) AppleWebKit/537.36 (KHTML, like Gecko) Chrome/70.0.0.0 Safari/537.36"
47.128.17.149 - - [06/Jun/2026:01:21:11 +0200] "GET /web/wp-conteudos/uploads/bfi_thumb/dummy-transparent-ooif3gskt3pjjx65vz1jy6igecasblxpwo2vtsp0vc.png HTTP/1.1" 206 500 "https://biocabaz.pt/" "Mozilla/5.0 (compatible; Bytespider; spider-feedback@bytedance.com) AppleWebKit/537.36 (KHTML, like Gecko) Chrome/70.0.0.0 Safari/537.36"
47.128.17.149 - - [06/Jun/2026:01:21:11 +0200] "GET /web/wp-conteudos/uploads/2016/08/simbolo.jpg HTTP/1.1" 206 500 "https://biocabaz.pt/" "Mozilla/5.0 (compatible; Bytespider; spider-feedback@bytedance.com) AppleWebKit/537.36 (KHTML, like Gecko) Chrome/70.0.0.0 Safari/537.36"
47.128.17.149 - - [06/Jun/2026:01:21:11 +0200] "GET /web/wp-conteudos/uploads/2016/08/sativa.jpg HTTP/1.1" 206 500 "https://biocabaz.pt/" "Mozilla/5.0 (compatible; Bytespider; spider-feedback@bytedance.com) AppleWebKit/537.36 (KHTML, like Gecko) Chrome/70.0.0.0 Safari/537.36"
47.128.17.149 - - [06/Jun/2026:01:21:11 +0200] "GET /web/wp-conteudos/uploads/2016/02/img-topo-2.jpg HTTP/1.1" 206 500 "https://biocabaz.pt/" "Mozilla/5.0 (compatible; Bytespider; spider-feedback@bytedance.com) AppleWebKit/537.36 (KHTML, like Gecko) Chrome/70.0.0.0 Safari/537.36"
47.128.17.149 - - [06/Jun/2026:01:21:12 +0200] "GET /web/wp-conteudos/uploads/2016/02/img-topo-2.jpg HTTP/1.1" 304 0 "https://biocabaz.pt/" "Mozilla/5.0 (compatible; Bytespider; spider-feedback@bytedance.com) AppleWebKit/537.36 (KHTML, like Gecko) Chrome/70.0.0.0 Safari/537.36"
47.128.17.149 - - [06/Jun/2026:01:21:12 +0200] "GET /web/wp-conteudos/uploads/2018/12/CHOCOLATE-NEGRO-55-CACAU-COM-LIM%C3%83O-E-GENGIBRE-BIO-100GRS-KAOKA-150x150.jpg HTTP/1.1" 206 500 "https://biocabaz.pt/" "Mozilla/5.0 (compatible; Bytespider; spider-feedback@bytedance.com) AppleWebKit/537.36 (KHTML, like Gecko) Chrome/70.0.0.0 Safari/537.36"
47.128.17.149 - - [06/Jun/2026:01:21:12 +0200] "GET /web/wp-conteudos/uploads/2018/12/CHOCOLATE-NEGRO-66-CACAU-COM-PASSAS-E-AM%C3%8ANDOAS-BIO-100GRS-KAOKA-150x150.jpg HTTP/1.1" 206 500 "https://biocabaz.pt/" "Mozilla/5.0 (compatible; Bytespider; spider-feedback@bytedance.com) AppleWebKit/537.36 (KHTML, like Gecko) Chrome/70.0.0.0 Safari/537.36"
47.128.17.149 - - [06/Jun/2026:01:21:13 +0200] "GET /web/wp-conteudos/uploads/2016/02/img-topo-2.jpg HTTP/1.1" 206 91863 "https://biocabaz.pt/" "Mozilla/5.0 (compatible; Bytespider; spider-feedback@bytedance.com) AppleWebKit/537.36 (KHTML, like Gecko) Chrome/70.0.0.0 Safari/537.36"
47.128.17.20 - - [06/Jun/2026:01:21:14 +0200] "GET /web/produto/cornflakes-glace-s-gluten-250g-mavie/?doing_wp_cron=1694589141.2613561153411865234375 HTTP/1.1" 200 38676 "-" "Mozilla/5.0 (compatible; Bytespider; spider-feedback@bytedance.com) AppleWebKit/537.36 (KHTML, like Gecko) Chrome/70.0.0.0 Safari/537.36"
116.179.32.17 - - [06/Jun/2026:01:21:14 +0200] "GET /web/shop/page/42/?doing_wp_cron=1745165361.8704330921173095703125 HTTP/1.1" 200 32685 "-" "Mozilla/5.0 (compatible; Baiduspider/2.0; +http://www.baidu.com/search/spider.html)"
47.128.17.20 - - [06/Jun/2026:01:21:14 +0200] "GET /web/wp-includes/css/dist/block-library/style.min.css HTTP/1.1" 200 15621 "https://www.biocabaz.pt/web/produto/cornflakes-glace-s-gluten-250g-mavie/?doing_wp_cron=1694589141.2613561153411865234375" "Mozilla/5.0 (compatible; Bytespider; spider-feedback@bytedance.com) AppleWebKit/537.36 (KHTML, like Gecko) Chrome/70.0.0.0 Safari/537.36"
47.128.17.20 - - [06/Jun/2026:01:21:15 +0200] "GET /web/wp-conteudos/uploads/mk_assets/theme-options-production-1780169976.css HTTP/1.1" 200 5907 "https://www.biocabaz.pt/web/produto/cornflakes-glace-s-gluten-250g-mavie/?doing_wp_cron=1694589141.2613561153411865234375" "Mozilla/5.0 (compatible; Bytespider; spider-feedback@bytedance.com) AppleWebKit/537.36 (KHTML, like Gecko) Chrome/70.0.0.0 Safari/537.36"
47.128.17.20 - - [06/Jun/2026:01:21:16 +0200] "GET /web/wp-conteudos/uploads/2016/04/corn_flakes_s_gluten.jpg HTTP/1.1" 206 500 "https://www.biocabaz.pt/web/produto/cornflakes-glace-s-gluten-250g-mavie/?doing_wp_cron=1694589141.2613561153411865234375" "Mozilla/5.0 (compatible; Bytespider; spider-feedback@bytedance.com) AppleWebKit/537.36 (KHTML, like Gecko) Chrome/70.0.0.0 Safari/537.36"
47.128.17.20 - - [06/Jun/2026:01:21:16 +0200] "GET /web/wp-conteudos/uploads/2016/02/img-topo-2.jpg HTTP/1.1" 206 500 "https://www.biocabaz.pt/web/produto/cornflakes-glace-s-gluten-250g-mavie/?doing_wp_cron=1694589141.2613561153411865234375" "Mozilla/5.0 (compatible; Bytespider; spider-feedback@bytedance.com) AppleWebKit/537.36 (KHTML, like Gecko) Chrome/70.0.0.0 Safari/537.36"
47.128.17.20 - - [06/Jun/2026:01:21:16 +0200] "GET /web/wp-conteudos/plugins/wp-multilang/flags/pt.png HTTP/1.1" 206 255 "https://www.biocabaz.pt/web/produto/cornflakes-glace-s-gluten-250g-mavie/?doing_wp_cron=1694589141.2613561153411865234375" "Mozilla/5.0 (compatible; Bytespider; spider-feedback@bytedance.com) AppleWebKit/537.36 (KHTML, like Gecko) Chrome/70.0.0.0 Safari/537.36"
47.128.17.20 - - [06/Jun/2026:01:21:16 +0200] "GET /web/wp-conteudos/plugins/userpro/assets/css/main.css HTTP/1.1" 200 707 "https://www.biocabaz.pt/web/produto/cornflakes-glace-s-gluten-250g-mavie/?doing_wp_cron=1694589141.2613561153411865234375" "Mozilla/5.0 (compatible; Bytespider; spider-feedback@bytedance.com) AppleWebKit/537.36 (KHTML, like Gecko) Chrome/70.0.0.0 Safari/537.36"
47.128.17.20 - - [06/Jun/2026:01:21:16 +0200] "GET /web/wp-conteudos/uploads/2020/04/screenshot-2020-04-20-at-01.06.58.png HTTP/1.1" 206 500 "https://www.biocabaz.pt/web/produto/cornflakes-glace-s-gluten-250g-mavie/?doing_wp_cron=1694589141.2613561153411865234375" "Mozilla/5.0 (compatible; Bytespider; spider-feedback@bytedance.com) AppleWebKit/537.36 (KHTML, like Gecko) Chrome/70.0.0.0 Safari/537.36"
47.128.17.20 - - [06/Jun/2026:01:21:17 +0200] "GET /web/wp-conteudos/uploads/2016/02/img-topo-2.jpg HTTP/1.1" 304 0 "https://www.biocabaz.pt/web/produto/cornflakes-glace-s-gluten-250g-mavie/?doing_wp_cron=1694589141.2613561153411865234375" "Mozilla/5.0 (compatible; Bytespider; spider-feedback@bytedance.com) AppleWebKit/537.36 (KHTML, like Gecko) Chrome/70.0.0.0 Safari/537.36"
47.128.17.20 - - [06/Jun/2026:01:21:17 +0200] "GET /web/wp-conteudos/uploads/2019/11/com-badge-ios-150x64.png HTTP/1.1" 206 500 "https://www.biocabaz.pt/web/produto/cornflakes-glace-s-gluten-250g-mavie/?doing_wp_cron=1694589141.2613561153411865234375" "Mozilla/5.0 (compatible; Bytespider; spider-feedback@bytedance.com) AppleWebKit/537.36 (KHTML, like Gecko) Chrome/70.0.0.0 Safari/537.36"
47.128.17.20 - - [06/Jun/2026:01:21:17 +0200] "GET /web/wp-conteudos/uploads/2016/04/galetes-milho-lima-122x150.jpg HTTP/1.1" 206 500 "https://www.biocabaz.pt/web/produto/cornflakes-glace-s-gluten-250g-mavie/?doing_wp_cron=1694589141.2613561153411865234375" "Mozilla/5.0 (compatible; Bytespider; spider-feedback@bytedance.com) AppleWebKit/537.36 (KHTML, like Gecko) Chrome/70.0.0.0 Safari/537.36"
47.128.17.20 - - [06/Jun/2026:01:21:17 +0200] "GET /web/wp-conteudos/uploads/2016/04/massa-penne-gluten-103x150.jpg HTTP/1.1" 206 500 "https://www.biocabaz.pt/web/produto/cornflakes-glace-s-gluten-250g-mavie/?doing_wp_cron=1694589141.2613561153411865234375" "Mozilla/5.0 (compatible; Bytespider; spider-feedback@bytedance.com) AppleWebKit/537.36 (KHTML, like Gecko) Chrome/70.0.0.0 Safari/537.36"
47.128.17.20 - - [06/Jun/2026:01:21:18 +0200] "GET /web/wp-conteudos/uploads/2016/02/img-topo-2.jpg HTTP/1.1" 206 91863 "https://www.biocabaz.pt/web/produto/cornflakes-glace-s-gluten-250g-mavie/?doing_wp_cron=1694589141.2613561153411865234375" "Mozilla/5.0 (compatible; Bytespider; spider-feedback@bytedance.com) AppleWebKit/537.36 (KHTML, like Gecko) Chrome/70.0.0.0 Safari/537.36"
123.145.3.151 - - [06/Jun/2026:01:21:20 +0200] "GET /ipfs/bafkreicyqcbhpicbos7ev4mrxofwqx6hvvge7pahpta6xuspr44crai5by HTTP/1.1" 404 146 "-" "Mozilla/5.0 (iPad; CPU OS 9_1 like Mac OS X) AppleWebKit/601.1.46 (KHTML, like Gecko) Version/9.0 Mobile/13B143 Safari/601.1"
57.141.20.41 - - [06/Jun/2026:01:21:21 +0200] "GET /products/6207874/ HTTP/1.1" 301 5 "-" "meta-externalagent/1.1 (+https://developers.facebook.com/docs/sharing/webmasters/crawler)"
47.128.17.137 - - [06/Jun/2026:01:21:28 +0200] "GET /web/produto/vitamina-b12-methyl-1000-mcg-100-losangos/?doing_wp_cron=1694871386.8704249858856201171875 HTTP/1.1" 200 41146 "-" "Mozilla/5.0 (compatible; Bytespider; spider-feedback@bytedance.com) AppleWebKit/537.36 (KHTML, like Gecko) Chrome/70.0.0.0 Safari/537.36"
75.119.139.177 - - [06/Jun/2026:01:21:30 +0200] "POST /wp-cron.php?doing_wp_cron=1780701690.2314839363098144531250 HTTP/1.1" 200 31 "-" "WordPress/6.9; https://www.fomento-sgoic.pt"
57.141.20.28 - - [06/Jun/2026:01:21:30 +0200] "GET /products/6925718/ HTTP/1.1" 301 5 "-" "meta-externalagent/1.1 (+https://developers.facebook.com/docs/sharing/webmasters/crawler)"
66.249.68.68 - - [06/Jun/2026:01:21:30 +0200] "GET /web/produto/saco-sal-marinho-1kg-baesurisal/ HTTP/1.1" 302 102 "-" "Mozilla/5.0 (Linux; Android 6.0.1; Nexus 5X Build/MMB29P) AppleWebKit/537.36 (KHTML, like Gecko) Chrome/148.0.7778.96 Mobile Safari/537.36 (compatible; Googlebot/2.1; +http://www.google.com/bot.html)"
47.128.17.137 - - [06/Jun/2026:01:21:30 +0200] "GET /web/wp-conteudos/plugins/woocommerce/assets/css/photoswipe/default-skin/default-skin.min.css HTTP/1.1" 200 1937 "https://www.biocabaz.pt/web/produto/vitamina-b12-methyl-1000-mcg-100-losangos/?doing_wp_cron=1694871386.8704249858856201171875" "Mozilla/5.0 (compatible; Bytespider; spider-feedback@bytedance.com) AppleWebKit/537.36 (KHTML, like Gecko) Chrome/70.0.0.0 Safari/537.36"
47.128.17.137 - - [06/Jun/2026:01:21:31 +0200] "GET /web/wp-includes/css/dashicons.min.css HTTP/1.1" 200 35775 "https://www.biocabaz.pt/web/produto/vitamina-b12-methyl-1000-mcg-100-losangos/?doing_wp_cron=1694871386.8704249858856201171875" "Mozilla/5.0 (compatible; Bytespider; spider-feedback@bytedance.com) AppleWebKit/537.36 (KHTML, like Gecko) Chrome/70.0.0.0 Safari/537.36"
47.128.17.137 - - [06/Jun/2026:01:21:32 +0200] "GET /web/wp-conteudos/uploads/2022/02/vitamina-b12-methyl-1000-mcg-100-losangos.jpg HTTP/1.1" 206 500 "https://www.biocabaz.pt/web/produto/vitamina-b12-methyl-1000-mcg-100-losangos/?doing_wp_cron=1694871386.8704249858856201171875" "Mozilla/5.0 (compatible; Bytespider; spider-feedback@bytedance.com) AppleWebKit/537.36 (KHTML, like Gecko) Chrome/70.0.0.0 Safari/537.36"
47.128.17.137 - - [06/Jun/2026:01:21:32 +0200] "GET /web/wp-conteudos/plugins/wp-multilang/flags/pt.png HTTP/1.1" 206 255 "https://www.biocabaz.pt/web/produto/vitamina-b12-methyl-1000-mcg-100-losangos/?doing_wp_cron=1694871386.8704249858856201171875" "Mozilla/5.0 (compatible; Bytespider; spider-feedback@bytedance.com) AppleWebKit/537.36 (KHTML, like Gecko) Chrome/70.0.0.0 Safari/537.36"
66.249.68.69 - - [06/Jun/2026:01:21:32 +0200] "GET /web/produto/saco-sal-marinho-1kg-baesurisal/?doing_wp_cron=1780701690.4363949298858642578125 HTTP/1.1" 200 39036 "-" "Mozilla/5.0 (Linux; Android 6.0.1; Nexus 5X Build/MMB29P) AppleWebKit/537.36 (KHTML, like Gecko) Chrome/148.0.7778.96 Mobile Safari/537.36 (compatible; Googlebot/2.1; +http://www.google.com/bot.html)"
47.128.17.137 - - [06/Jun/2026:01:21:32 +0200] "GET /web/wp-conteudos/plugins/userpro/assets/css/fontawesome/css/all.min.css HTTP/1.1" 200 12340 "https://www.biocabaz.pt/web/produto/vitamina-b12-methyl-1000-mcg-100-losangos/?doing_wp_cron=1694871386.8704249858856201171875" "Mozilla/5.0 (compatible; Bytespider; spider-feedback@bytedance.com) AppleWebKit/537.36 (KHTML, like Gecko) Chrome/70.0.0.0 Safari/537.36"
47.128.17.137 - - [06/Jun/2026:01:21:33 +0200] "GET /web/wp-conteudos/uploads/2016/08/sativa.jpg HTTP/1.1" 206 500 "https://www.biocabaz.pt/web/produto/vitamina-b12-methyl-1000-mcg-100-losangos/?doing_wp_cron=1694871386.8704249858856201171875" "Mozilla/5.0 (compatible; Bytespider; spider-feedback@bytedance.com) AppleWebKit/537.36 (KHTML, like Gecko) Chrome/70.0.0.0 Safari/537.36"
47.128.17.137 - - [06/Jun/2026:01:21:33 +0200] "GET /web/wp-conteudos/uploads/2021/05/aecc-cor-cmyk-150x63.jpg HTTP/1.1" 206 500 "https://www.biocabaz.pt/web/produto/vitamina-b12-methyl-1000-mcg-100-losangos/?doing_wp_cron=1694871386.8704249858856201171875" "Mozilla/5.0 (compatible; Bytespider; spider-feedback@bytedance.com) AppleWebKit/537.36 (KHTML, like Gecko) Chrome/70.0.0.0 Safari/537.36"
47.128.17.137 - - [06/Jun/2026:01:21:33 +0200] "GET /web/wp-conteudos/uploads/2022/02/vitamina-b12-methyl-1000-mcg-100-losangos.jpg HTTP/1.1" 304 0 "https://www.biocabaz.pt/web/produto/vitamina-b12-methyl-1000-mcg-100-losangos/?doing_wp_cron=1694871386.8704249858856201171875" "Mozilla/5.0 (compatible; Bytespider; spider-feedback@bytedance.com) AppleWebKit/537.36 (KHTML, like Gecko) Chrome/70.0.0.0 Safari/537.36"
47.128.17.137 - - [06/Jun/2026:01:21:33 +0200] "GET /web/wp-conteudos/uploads/2022/02/oleo-de-borragem-1000mg-60-capsulas-now-113x150.jpg HTTP/1.1" 206 500 "https://www.biocabaz.pt/web/produto/vitamina-b12-methyl-1000-mcg-100-losangos/?doing_wp_cron=1694871386.8704249858856201171875" "Mozilla/5.0 (compatible; Bytespider; spider-feedback@bytedance.com) AppleWebKit/537.36 (KHTML, like Gecko) Chrome/70.0.0.0 Safari/537.36"
47.128.17.137 - - [06/Jun/2026:01:21:35 +0200] "GET /web/wp-conteudos/uploads/2022/02/vitamina-b12-methyl-1000-mcg-100-losangos.jpg HTTP/1.1" 206 31025 "https://www.biocabaz.pt/web/produto/vitamina-b12-methyl-1000-mcg-100-losangos/?doing_wp_cron=1694871386.8704249858856201171875" "Mozilla/5.0 (compatible; Bytespider; spider-feedback@bytedance.com) AppleWebKit/537.36 (KHTML, like Gecko) Chrome/70.0.0.0 Safari/537.36"
66.249.68.67 - - [06/Jun/2026:01:21:38 +0200] "POST /web/?wc-ajax=get_refreshed_fragments HTTP/1.1" 200 626 "https://biocabaz.pt/web/produto/saco-sal-marinho-1kg-baesurisal/?doing_wp_cron=1780701690.4363949298858642578125" "Mozilla/5.0 (Linux; Android 6.0.1; Nexus 5X Build/MMB29P) AppleWebKit/537.36 (KHTML, like Gecko) Chrome/148.0.7778.96 Mobile Safari/537.36 (compatible; Googlebot/2.1; +http://www.google.com/bot.html)"
47.128.17.146 - - [06/Jun/2026:01:21:38 +0200] "GET /web/produto/creatine-powder-gold-nutrition-280-gr/?doing_wp_cron=1699083185.4388170242309570312500 HTTP/1.1" 200 39763 "-" "Mozilla/5.0 (compatible; Bytespider; spider-feedback@bytedance.com) AppleWebKit/537.36 (KHTML, like Gecko) Chrome/70.0.0.0 Safari/537.36"
116.179.37.111 - - [06/Jun/2026:01:21:39 +0200] "POST /web/en/?wc-ajax=get_refreshed_fragments HTTP/1.1" 200 628 "https://biocabaz.pt/web/en/categoria-produto/mercearia/page/15/?doing_wp_cron=1676787635.0700950622558593750000" "Mozilla/5.0 (compatible; Baiduspider-render/2.0; +http://www.baidu.com/search/spider.html)"
47.128.17.146 - - [06/Jun/2026:01:21:39 +0200] "GET /web/wp-conteudos/themes/jupiter/assets/stylesheet/plugins/min/woocommerce.css HTTP/1.1" 200 9632 "https://www.biocabaz.pt/web/produto/creatine-powder-gold-nutrition-280-gr/?doing_wp_cron=1699083185.4388170242309570312500" "Mozilla/5.0 (compatible; Bytespider; spider-feedback@bytedance.com) AppleWebKit/537.36 (KHTML, like Gecko) Chrome/70.0.0.0 Safari/537.36"
47.128.17.146 - - [06/Jun/2026:01:21:39 +0200] "GET /web/wp-conteudos/themes/jupiter-child/style.css HTTP/1.1" 200 410 "https://www.biocabaz.pt/web/produto/creatine-powder-gold-nutrition-280-gr/?doing_wp_cron=1699083185.4388170242309570312500" "Mozilla/5.0 (compatible; Bytespider; spider-feedback@bytedance.com) AppleWebKit/537.36 (KHTML, like Gecko) Chrome/70.0.0.0 Safari/537.36"
47.128.17.146 - - [06/Jun/2026:01:21:40 +0200] "GET /web/wp-conteudos/plugins/woocommerce-product-bundles/assets/css/frontend/woocommerce.css HTTP/1.1" 200 607 "https://www.biocabaz.pt/web/produto/creatine-powder-gold-nutrition-280-gr/?doing_wp_cron=1699083185.4388170242309570312500" "Mozilla/5.0 (compatible; Bytespider; spider-feedback@bytedance.com) AppleWebKit/537.36 (KHTML, like Gecko) Chrome/70.0.0.0 Safari/537.36"
47.128.17.146 - - [06/Jun/2026:01:21:41 +0200] "GET /web/wp-conteudos/uploads/2021/09/creatine-powder-gold-nutrition-280-gr-e1630661775960.png HTTP/1.1" 206 500 "https://www.biocabaz.pt/web/produto/creatine-powder-gold-nutrition-280-gr/?doing_wp_cron=1699083185.4388170242309570312500" "Mozilla/5.0 (compatible; Bytespider; spider-feedback@bytedance.com) AppleWebKit/537.36 (KHTML, like Gecko) Chrome/70.0.0.0 Safari/537.36"
47.128.17.146 - - [06/Jun/2026:01:21:41 +0200] "GET /web/wp-conteudos/plugins/userpro/assets/css/main.css HTTP/1.1" 200 707 "https://www.biocabaz.pt/web/produto/creatine-powder-gold-nutrition-280-gr/?doing_wp_cron=1699083185.4388170242309570312500" "Mozilla/5.0 (compatible; Bytespider; spider-feedback@bytedance.com) AppleWebKit/537.36 (KHTML, like Gecko) Chrome/70.0.0.0 Safari/537.36"
47.128.17.146 - - [06/Jun/2026:01:21:42 +0200] "GET /web/wp-conteudos/uploads/bfi_thumb/dummy-transparent-ooif3gskt3pjjx65vz1jy6igecasblxpwo2vtsp0vc.png HTTP/1.1" 206 500 "https://www.biocabaz.pt/web/produto/creatine-powder-gold-nutrition-280-gr/?doing_wp_cron=1699083185.4388170242309570312500" "Mozilla/5.0 (compatible; Bytespider; spider-feedback@bytedance.com) AppleWebKit/537.36 (KHTML, like Gecko) Chrome/70.0.0.0 Safari/537.36"
47.128.17.146 - - [06/Jun/2026:01:21:43 +0200] "GET /web/wp-conteudos/uploads/2021/09/ergyclean-nutergia-120-grs-e1630661040296-266x266.jpg HTTP/1.1" 206 500 "https://www.biocabaz.pt/web/produto/creatine-powder-gold-nutrition-280-gr/?doing_wp_cron=1699083185.4388170242309570312500" "Mozilla/5.0 (compatible; Bytespider; spider-feedback@bytedance.com) AppleWebKit/537.36 (KHTML, like Gecko) Chrome/70.0.0.0 Safari/537.36"
47.128.17.146 - - [06/Jun/2026:01:21:43 +0200] "GET /web/wp-conteudos/uploads/2021/09/glutamine-powder-gold-nutrition-300-gr-150x150.jpg HTTP/1.1" 206 500 "https://www.biocabaz.pt/web/produto/creatine-powder-gold-nutrition-280-gr/?doing_wp_cron=1699083185.4388170242309570312500" "Mozilla/5.0 (compatible; Bytespider; spider-feedback@bytedance.com) AppleWebKit/537.36 (KHTML, like Gecko) Chrome/70.0.0.0 Safari/537.36"
216.73.216.253 - - [06/Jun/2026:01:21:44 +0200] "GET /web/en/produto/salsichas-frankfurt-bio-2/?add-to-cart=16715 HTTP/1.1" 200 40666 "-" "Mozilla/5.0 AppleWebKit/537.36 (KHTML, like Gecko; compatible; ClaudeBot/1.0; +claudebot@anthropic.com)"
47.128.17.161 - - [06/Jun/2026:01:21:50 +0200] "GET /web/produto/spray-multi-superficies-500ml-ecover/?doing_wp_cron=1692554827.1182401180267333984375 HTTP/1.1" 200 39143 "-" "Mozilla/5.0 (compatible; Bytespider; spider-feedback@bytedance.com) AppleWebKit/537.36 (KHTML, like Gecko) Chrome/70.0.0.0 Safari/537.36"
47.128.17.161 - - [06/Jun/2026:01:21:51 +0200] "GET /web/wp-conteudos/plugins/woocommerce/packages/woocommerce-blocks/build/wc-blocks-vendors-style.css HTTP/1.1" 200 1987 "https://www.biocabaz.pt/web/produto/spray-multi-superficies-500ml-ecover/?doing_wp_cron=1692554827.1182401180267333984375" "Mozilla/5.0 (compatible; Bytespider; spider-feedback@bytedance.com) AppleWebKit/537.36 (KHTML, like Gecko) Chrome/70.0.0.0 Safari/537.36"
47.128.17.161 - - [06/Jun/2026:01:21:52 +0200] "GET /web/wp-conteudos/plugins/woo-keyinvoice-integration/public/css/woo-keyinvoice-integration-public.css HTTP/1.1" 200 98 "https://www.biocabaz.pt/web/produto/spray-multi-superficies-500ml-ecover/?doing_wp_cron=1692554827.1182401180267333984375" "Mozilla/5.0 (compatible; Bytespider; spider-feedback@bytedance.com) AppleWebKit/537.36 (KHTML, like Gecko) Chrome/70.0.0.0 Safari/537.36"
47.128.17.161 - - [06/Jun/2026:01:21:52 +0200] "GET /web/wp-conteudos/plugins/woocommerce/assets/css/photoswipe/photoswipe.min.css HTTP/1.1" 200 1009 "https://www.biocabaz.pt/web/produto/spray-multi-superficies-500ml-ecover/?doing_wp_cron=1692554827.1182401180267333984375" "Mozilla/5.0 (compatible; Bytespider; spider-feedback@bytedance.com) AppleWebKit/537.36 (KHTML, like Gecko) Chrome/70.0.0.0 Safari/537.36"
47.128.17.161 - - [06/Jun/2026:01:21:53 +0200] "GET /web/wp-conteudos/themes/jupiter/assets/stylesheet/min/full-styles.6.5.1.css HTTP/1.1" 200 27411 "https://www.biocabaz.pt/web/produto/spray-multi-superficies-500ml-ecover/?doing_wp_cron=1692554827.1182401180267333984375" "Mozilla/5.0 (compatible; Bytespider; spider-feedback@bytedance.com) AppleWebKit/537.36 (KHTML, like Gecko) Chrome/70.0.0.0 Safari/537.36"
47.128.17.161 - - [06/Jun/2026:01:21:54 +0200] "GET /web/wp-conteudos/uploads/2021/08/spray-multi-superficies-500ml-ecover.jpg HTTP/1.1" 206 500 "https://www.biocabaz.pt/web/produto/spray-multi-superficies-500ml-ecover/?doing_wp_cron=1692554827.1182401180267333984375" "Mozilla/5.0 (compatible; Bytespider; spider-feedback@bytedance.com) AppleWebKit/537.36 (KHTML, like Gecko) Chrome/70.0.0.0 Safari/537.36"
47.128.17.161 - - [06/Jun/2026:01:21:54 +0200] "GET /web/wp-conteudos/uploads/bfi_thumb/dummy-transparent-ooif3gskt3pjjx65vz1jy6igecasblxpwo2vtsp0vc.png HTTP/1.1" 206 500 "https://www.biocabaz.pt/web/produto/spray-multi-superficies-500ml-ecover/?doing_wp_cron=1692554827.1182401180267333984375" "Mozilla/5.0 (compatible; Bytespider; spider-feedback@bytedance.com) AppleWebKit/537.36 (KHTML, like Gecko) Chrome/70.0.0.0 Safari/537.36"
47.128.17.161 - - [06/Jun/2026:01:21:54 +0200] "GET /web/wp-conteudos/uploads/2016/08/simbolo.jpg HTTP/1.1" 206 500 "https://www.biocabaz.pt/web/produto/spray-multi-superficies-500ml-ecover/?doing_wp_cron=1692554827.1182401180267333984375" "Mozilla/5.0 (compatible; Bytespider; spider-feedback@bytedance.com) AppleWebKit/537.36 (KHTML, like Gecko) Chrome/70.0.0.0 Safari/537.36"
47.128.17.161 - - [06/Jun/2026:01:21:55 +0200] "GET /web/wp-conteudos/uploads/2021/08/spray-desengordurante-500ml-ecover-150x150.jpg HTTP/1.1" 206 500 "https://www.biocabaz.pt/web/produto/spray-multi-superficies-500ml-ecover/?doing_wp_cron=1692554827.1182401180267333984375" "Mozilla/5.0 (compatible; Bytespider; spider-feedback@bytedance.com) AppleWebKit/537.36 (KHTML, like Gecko) Chrome/70.0.0.0 Safari/537.36"
216.244.66.243 - - [06/Jun/2026:01:22:03 +0200] "GET /robots.txt HTTP/1.1" 301 162 "-" "Mozilla/5.0 (compatible; DotBot/1.2; +https://opensiteexplorer.org/dotbot; help@moz.com)"
144.64.161.56 - - [06/Jun/2026:01:22:13 +0200] "GET /web/wp-conteudos/uploads/2016/03/couve_lombardo.jpg HTTP/1.1" 200 291669 "https://biocabaz.pt/" "Mozilla/5.0 (Linux; Android 10; K) AppleWebKit/537.36 (KHTML, like Gecko) Chrome/119.0.0.0 Mobile Safari/537.36"
144.64.161.56 - - [06/Jun/2026:01:22:16 +0200] "GET /web/wp-conteudos/themes/jupiter/assets/js/plugins/async/min/minigrid.js HTTP/1.1" 200 1053 "https://biocabaz.pt/" "Mozilla/5.0 (Linux; Android 10; K) AppleWebKit/537.36 (KHTML, like Gecko) Chrome/119.0.0.0 Mobile Safari/537.36"
144.64.161.56 - - [06/Jun/2026:01:22:16 +0200] "GET /web/wp-conteudos/themes/jupiter/assets/js/plugins/async/min/jquery.flexslider.js HTTP/1.1" 200 7414 "https://biocabaz.pt/" "Mozilla/5.0 (Linux; Android 10; K) AppleWebKit/537.36 (KHTML, like Gecko) Chrome/119.0.0.0 Mobile Safari/537.36"
144.64.161.56 - - [06/Jun/2026:01:22:17 +0200] "GET /web/wp-conteudos/uploads/2016/01/LogoBiocabaz_4-135.png HTTP/1.1" 200 6632 "https://biocabaz.pt/" "Mozilla/5.0 (Linux; Android 10; K) AppleWebKit/537.36 (KHTML, like Gecko) Chrome/119.0.0.0 Mobile Safari/537.36"
57.141.20.25 - - [06/Jun/2026:01:22:17 +0200] "GET /products/18824930/ HTTP/1.1" 301 5 "-" "meta-externalagent/1.1 (+https://developers.facebook.com/docs/sharing/webmasters/crawler)"
216.73.216.253 - - [06/Jun/2026:01:22:17 +0200] "GET /web/en/produto/salsichas-frankfurt-bio-2/?add-to-cart=16728 HTTP/1.1" 302 11 "-" "Mozilla/5.0 AppleWebKit/537.36 (KHTML, like Gecko; compatible; ClaudeBot/1.0; +claudebot@anthropic.com)"
216.73.216.253 - - [06/Jun/2026:01:22:19 +0200] "GET /web/en/produto/salsichas-frankfurt-bio-2/?add-to-cart=16728&doing_wp_cron=1780701737.4609088897705078125000 HTTP/1.1" 200 40792 "https://www.biocabaz.pt/web/en/produto/salsichas-frankfurt-bio-2/?add-to-cart=16728" "Mozilla/5.0 AppleWebKit/537.36 (KHTML, like Gecko; compatible; ClaudeBot/1.0; +claudebot@anthropic.com)"
75.119.139.177 - - [06/Jun/2026:01:22:30 +0200] "POST /wp-cron.php?doing_wp_cron=1780701750.5009479522705078125000 HTTP/1.1" 200 31 "-" "WordPress/6.9; https://www.fomento-sgoic.pt"
57.141.20.5 - - [06/Jun/2026:01:22:30 +0200] "GET /products/4742085/ HTTP/1.1" 301 5 "-" "meta-externalagent/1.1 (+https://developers.facebook.com/docs/sharing/webmasters/crawler)"
37.139.53.80 - - [06/Jun/2026:01:22:36 +0200] "GET /web/ HTTP/1.0" 301 162 "http://biocabaz.pt/web/" "Mozilla/5.0 (Windows NT 10.0; Win64; x64) AppleWebKit/537.36 (KHTML, like Gecko) Chrome/130.0.0.0 Safari/537.36"
37.139.53.80 - - [06/Jun/2026:01:22:37 +0200] "GET /web/ HTTP/1.0" 200 216745 "https://biocabaz.pt/web/" "Mozilla/5.0 (Windows NT 10.0; Win64; x64) AppleWebKit/537.36 (KHTML, like Gecko) Chrome/130.0.0.0 Safari/537.36"
57.141.20.64 - - [06/Jun/2026:01:22:37 +0200] "GET /products/2520030/ HTTP/1.1" 301 5 "-" "meta-externalagent/1.1 (+https://developers.facebook.com/docs/sharing/webmasters/crawler)"
37.139.53.80 - - [06/Jun/2026:01:22:39 +0200] "POST /web/ HTTP/1.0" 404 133410 "https://biocabaz.pt/web/" "Mozilla/5.0 (Windows NT 10.0; Win64; x64) AppleWebKit/537.36 (KHTML, like Gecko) Chrome/130.0.0.0 Safari/537.36"
51.15.225.54 - - [06/Jun/2026:01:22:44 +0200] "GET /web/wp-conteudos/uploads/bfi_thumb/GRANOLA-FRUTOS-DO-BOSQUE-BIO-375GRS-PROVIDA-o14uatqbjk5u32wkm707z8rmlt8mjbi5xjlr4cer6u.jpg HTTP/1.1" 200 54257 "-" "Mozilla/5.0 (X11; Ubuntu; Linux x86_64; rv:72.0) Gecko/20100101 Firefox/72.0"
116.179.32.36 - - [06/Jun/2026:01:22:47 +0200] "GET /web/produto/beterraba-biologica-naturefoods/ HTTP/1.1" 200 37451 "-" "Mozilla/5.0 (compatible; Baiduspider/2.0; +http://www.baidu.com/search/spider.html)"
43.172.198.181 - - [06/Jun/2026:01:22:50 +0200] "GET /web/en/produto/pure-abobora-frango-4m-bio-boiao-190g-holle/?doing_wp_cron=1731646842.0532619953155517578125 HTTP/1.1" 200 39632 "-" "Mozilla/5.0 (Windows NT 10.0; Win64; x64) AppleWebKit/537.36 (KHTML, like Gecko) Chrome/110.0.0.0 Safari/537.36"
220.181.108.114 - - [06/Jun/2026:01:22:50 +0200] "GET /web/en/shop/page/1/?doing_wp_cron=1742973613.4884159564971923828125 HTTP/1.1" 301 5 "-" "Mozilla/5.0 (compatible; Baiduspider/2.0; +http://www.baidu.com/search/spider.html)"
51.195.183.146 - - [06/Jun/2026:01:22:50 +0200] "GET /web/produto/falafel-tamruc-bio-florentin-240gr/ HTTP/1.1" 200 38977 "-" "Mozilla/5.0 (compatible; AhrefsBot/7.0; +http://ahrefs.com/robot/)"
220.181.108.91 - - [06/Jun/2026:01:22:51 +0200] "GET /web/en/shop/?doing_wp_cron=1742973613.4884159564971923828125 HTTP/1.1" 200 36795 "-" "Mozilla/5.0 (compatible; Baiduspider/2.0; +http://www.baidu.com/search/spider.html)"
66.249.79.33 - - [06/Jun/2026:01:22:53 +0200] "GET /web/en/shop/page/38/?add-to-cart=75154 HTTP/1.1" 200 32797 "-" "Mozilla/5.0 (Linux; Android 6.0.1; Nexus 5X Build/MMB29P) AppleWebKit/537.36 (KHTML, like Gecko) Chrome/148.0.7778.96 Mobile Safari/537.36 (compatible; Googlebot/2.1; +http://www.google.com/bot.html)"
116.179.37.247 - - [06/Jun/2026:01:22:54 +0200] "POST /web/?wc-ajax=get_refreshed_fragments HTTP/1.1" 200 626 "https://www.biocabaz.pt/web/produto/beterraba-biologica-naturefoods/" "Mozilla/5.0 (compatible; Baiduspider-render/2.0; +http://www.baidu.com/search/spider.html)"
116.179.37.109 - - [06/Jun/2026:01:22:55 +0200] "GET /web/wp-conteudos/themes/jupiter/assets/js/plugins/async/min/jquery.flexslider.js HTTP/1.1" 200 7414 "https://www.biocabaz.pt/web/produto/beterraba-biologica-naturefoods/" "Mozilla/5.0 (compatible; Baiduspider-render/2.0; +http://www.baidu.com/search/spider.html)"
116.179.37.148 - - [06/Jun/2026:01:22:56 +0200] "GET /web/wp-conteudos/themes/jupiter/assets/js/plugins/async/min/minigrid.js HTTP/1.1" 200 1053 "https://www.biocabaz.pt/web/produto/beterraba-biologica-naturefoods/" "Mozilla/5.0 (compatible; Baiduspider-render/2.0; +http://www.baidu.com/search/spider.html)"
57.141.20.2 - - [06/Jun/2026:01:22:56 +0200] "GET /products/23191796/ HTTP/1.1" 301 5 "-" "meta-externalagent/1.1 (+https://developers.facebook.com/docs/sharing/webmasters/crawler)"
116.179.37.216 - - [06/Jun/2026:01:22:57 +0200] "POST /web/en/?wc-ajax=get_refreshed_fragments HTTP/1.1" 200 630 "https://biocabaz.pt/web/en/shop/?doing_wp_cron=1742973613.4884159564971923828125" "Mozilla/5.0 (compatible; Baiduspider-render/2.0; +http://www.baidu.com/search/spider.html)"
66.249.79.33 - - [06/Jun/2026:01:23:00 +0200] "POST /web/en/wp-json/pmw/v1/products/ HTTP/1.1" 200 416 "https://www.biocabaz.pt/web/en/shop/page/38/?add-to-cart=75154" "Mozilla/5.0 (Linux; Android 6.0.1; Nexus 5X Build/MMB29P) AppleWebKit/537.36 (KHTML, like Gecko) Chrome/148.0.7778.96 Mobile Safari/537.36 (compatible; Googlebot/2.1; +http://www.google.com/bot.html)"
43.173.180.67 - - [06/Jun/2026:01:23:02 +0200] "GET /web/en/produto/pure-abobora-frango-4m-bio-boiao-190g-holle/?doing_wp_cron=1731646842.0532619953155517578125 HTTP/1.1" 200 39717 "-" "Mozilla/5.0 (Windows NT 10.0; Win64; x64) AppleWebKit/537.36 (KHTML, like Gecko) Chrome/131.0.0.0 Safari/537.36"
20.59.123.50 - - [06/Jun/2026:01:23:19 +0200] "GET /web/produto/english-couve-tatsoi-bio-nacional/?add-to-cart=292 HTTP/1.1" 302 11 "-" "Mozilla/5.0 (Macintosh; Intel Mac OS X 13_0) AppleWebKit/605.1.15 (KHTML, like Gecko) Version/16.0 Safari/605.1.15"
20.59.123.50 - - [06/Jun/2026:01:23:21 +0200] "GET /web/produto/english-couve-tatsoi-bio-nacional/?add-to-cart=292&doing_wp_cron=1780701799.2172698974609375000000 HTTP/1.1" 200 38412 "https://www.biocabaz.pt/web/produto/english-couve-tatsoi-bio-nacional/?add-to-cart=292" "Mozilla/5.0 (Macintosh; Intel Mac OS X 13_0) AppleWebKit/605.1.15 (KHTML, like Gecko) Version/16.0 Safari/605.1.15"
49.13.130.29 - - [06/Jun/2026:01:23:21 +0200] "GET /web/ HTTP/1.1" 200 38184 "https://biocabaz.pt/web/" "Mozilla/5.0+(compatible; UptimeRobot/2.0; http://www.uptimerobot.com/)"
213.180.203.230 - - [06/Jun/2026:01:23:44 +0200] "GET /web/en/produto/and-iogurte-fruta-baunilha-37-150g/?doing_wp_cron=1759446576.5773019790649414062500 HTTP/1.1" 200 40867 "-" "Mozilla/5.0 (compatible; YandexBot/3.0; +http://yandex.com/bots)"
40.77.167.57 - - [06/Jun/2026:01:23:47 +0200] "GET /web/en/shop/page/53/?doing_wp_cron=1682924207.5720109939575195312500 HTTP/1.1" 200 32745 "-" "Mozilla/5.0 AppleWebKit/537.36 (KHTML, like Gecko; compatible; bingbot/2.0; +http://www.bing.com/bingbot.htm) Chrome/116.0.1938.76 Safari/537.36"
51.124.236.1 - - [06/Jun/2026:01:23:49 +0200] "GET / HTTP/1.0" 200 612 "-" "check_http/v2.3.3 (nagios-plugins 2.3.3)"
157.55.39.204 - - [06/Jun/2026:01:23:52 +0200] "GET /web/shop/page/5/?doing_wp_cron=1728355628.0607779026031494140625 HTTP/1.1" 200 32723 "-" "Mozilla/5.0 AppleWebKit/537.36 (KHTML, like Gecko; compatible; bingbot/2.0; +http://www.bing.com/bingbot.htm) Chrome/116.0.1938.76 Safari/537.36"
157.55.39.204 - - [06/Jun/2026:01:23:53 +0200] "GET /web/en/produto/bolacha-c-pepita-chocolate-e-nougat-bio/ HTTP/1.1" 200 39298 "-" "Mozilla/5.0 AppleWebKit/537.36 (KHTML, like Gecko; compatible; bingbot/2.0; +http://www.bing.com/bingbot.htm) Chrome/116.0.1938.76 Safari/537.36"
157.55.39.204 - - [06/Jun/2026:01:23:53 +0200] "GET /web/shop/page/52/?doing_wp_cron=1686673725.1177790164947509765625 HTTP/1.1" 200 33461 "-" "Mozilla/5.0 AppleWebKit/537.36 (KHTML, like Gecko; compatible; bingbot/2.0; +http://www.bing.com/bingbot.htm) Chrome/116.0.1938.76 Safari/537.36"
157.55.39.204 - - [06/Jun/2026:01:23:54 +0200] "GET /web/shop/page/20/?doing_wp_cron=1675628616.4806380271911621093750 HTTP/1.1" 200 32848 "-" "Mozilla/5.0 AppleWebKit/537.36 (KHTML, like Gecko; compatible; bingbot/2.0; +http://www.bing.com/bingbot.htm) Chrome/116.0.1938.76 Safari/537.36"
157.55.39.204 - - [06/Jun/2026:01:23:54 +0200] "GET /web/en/categoria-produto/mercearia/page/16/?doing_wp_cron=1682679378.9255108833312988281250 HTTP/1.1" 200 33107 "-" "Mozilla/5.0 AppleWebKit/537.36 (KHTML, like Gecko; compatible; bingbot/2.0; +http://www.bing.com/bingbot.htm) Chrome/116.0.1938.76 Safari/537.36"
75.119.139.177 - - [06/Jun/2026:01:24:03 +0200] "POST /wp-cron.php?doing_wp_cron=1780701843.8117649555206298828125 HTTP/1.1" 200 31 "-" "WordPress/6.9; https://www.fomento-sgoic.pt"
57.141.20.28 - - [06/Jun/2026:01:24:03 +0200] "GET /products/4733374/ HTTP/1.1" 301 5 "-" "meta-externalagent/1.1 (+https://developers.facebook.com/docs/sharing/webmasters/crawler)"
116.179.37.181 - - [06/Jun/2026:01:24:22 +0200] "POST /web/?wc-ajax=get_refreshed_fragments HTTP/1.1" 200 626 "https://biocabaz.pt/web/shop/page/42/?doing_wp_cron=1745165361.8704330921173095703125" "Mozilla/5.0 (compatible; Baiduspider-render/2.0; +http://www.baidu.com/search/spider.html)"
116.179.32.231 - - [06/Jun/2026:01:24:22 +0200] "GET /web/categoria-produto/mercearia/page/9/?doing_wp_cron=1735137397.2073509693145751953125 HTTP/1.1" 200 32233 "-" "Mozilla/5.0 (compatible; Baiduspider/2.0; +http://www.baidu.com/search/spider.html)"
78.153.140.148 - - [06/Jun/2026:01:24:25 +0200] "GET /.env HTTP/1.1" 404 181 "-" "Mozilla/5.0 (Windows NT 10.0; Win64; x64) AppleWebKit/537.36 (KHTML, like Gecko) Chrome/116.0.5845.140 Safari/537.36"
78.153.140.148 - - [06/Jun/2026:01:24:26 +0200] "POST / HTTP/1.1" 405 552 "-" "Mozilla/5.0 (Windows NT 10.0; Win64; x64) AppleWebKit/537.36 (KHTML, like Gecko) Chrome/116.0.5845.140 Safari/537.36"
198.244.240.18 - - [06/Jun/2026:01:24:26 +0200] "GET /web/en/categoria-produto/mercearia/bolachas_e_snacks/page/2/ HTTP/1.1" 302 102 "-" "Mozilla/5.0 (compatible; AhrefsBot/7.0; +http://ahrefs.com/robot/)"
116.179.37.194 - - [06/Jun/2026:01:24:29 +0200] "POST /web/?wc-ajax=get_refreshed_fragments HTTP/1.1" 200 626 "https://biocabaz.pt/web/categoria-produto/mercearia/page/9/?doing_wp_cron=1735137397.2073509693145751953125" "Mozilla/5.0 (compatible; Baiduspider-render/2.0; +http://www.baidu.com/search/spider.html)"
17.241.219.117 - - [06/Jun/2026:01:24:43 +0200] "GET /web/produto/sumo-de-uva-preta-bio-hollinger-1l/ HTTP/1.1" 200 38360 "-" "Mozilla/5.0 (Macintosh; Intel Mac OS X 10_15_7) AppleWebKit/605.1.15 (KHTML, like Gecko) Version/17.4 Safari/605.1.15 (Applebot/0.1; +http://www.apple.com/go/applebot)"
157.55.39.204 - - [06/Jun/2026:01:24:49 +0200] "GET /web/wp-conteudos/uploads/2016/11/manteiga_vrai-sal-1024x1024.jpg HTTP/1.1" 200 57516 "-" "Mozilla/5.0 AppleWebKit/537.36 (KHTML, like Gecko; compatible; bingbot/2.0; +http://www.bing.com/bingbot.htm) Chrome/116.0.1938.76 Safari/537.36"
216.73.216.253 - - [06/Jun/2026:01:24:51 +0200] "GET /web/en/produto/salsichas-frankfurt-bio-2/?add-to-cart=780 HTTP/1.1" 200 40716 "-" "Mozilla/5.0 AppleWebKit/537.36 (KHTML, like Gecko; compatible; ClaudeBot/1.0; +claudebot@anthropic.com)"
75.119.139.177 - - [06/Jun/2026:01:24:55 +0200] "POST /wp-cron.php?doing_wp_cron=1780701895.1696970462799072265625 HTTP/1.1" 200 31 "-" "WordPress/6.9; https://www.fomento-sgoic.pt"
57.141.20.37 - - [06/Jun/2026:01:24:55 +0200] "GET /products/7284430/ HTTP/1.1" 301 5 "-" "meta-externalagent/1.1 (+https://developers.facebook.com/docs/sharing/webmasters/crawler)"
216.73.216.253 - - [06/Jun/2026:01:25:02 +0200] "GET /web/produto/salsichas-frankfurt-bio-2/?add-to-cart=11405&doing_wp_cron=1780697323.0073440074920654296875 HTTP/1.1" 200 41119 "-" "Mozilla/5.0 AppleWebKit/537.36 (KHTML, like Gecko; compatible; ClaudeBot/1.0; +claudebot@anthropic.com)"
216.73.216.253 - - [06/Jun/2026:01:25:02 +0200] "GET /web/produto/salsichas-frankfurt-bio-2/?add-to-cart=16721&doing_wp_cron=1780697322.6784100532531738281250 HTTP/1.1" 200 41114 "-" "Mozilla/5.0 AppleWebKit/537.36 (KHTML, like Gecko; compatible; ClaudeBot/1.0; +claudebot@anthropic.com)"
72.14.199.163 - - [06/Jun/2026:01:25:03 +0200] "GET /web/produto/pao-digestivo-funcional-bio-pachamama-400gr/ HTTP/1.1" 200 37491 "-" "Mozilla/5.0 (X11; Linux x86_64) AppleWebKit/537.36 (KHTML, like Gecko) Chrome/148.0.7778.96 Safari/537.36"
72.14.199.163 - - [06/Jun/2026:01:25:04 +0200] "GET /web/wp-conteudos/plugins/woocommerce/packages/woocommerce-blocks/build/wc-blocks-style.css HTTP/1.1" 200 25428 "https://www.biocabaz.pt/web/produto/pao-digestivo-funcional-bio-pachamama-400gr/" "Mozilla/5.0 (X11; Linux x86_64) AppleWebKit/537.36 (KHTML, like Gecko) Chrome/148.0.7778.96 Safari/537.36"
72.14.199.162 - - [06/Jun/2026:01:25:04 +0200] "GET /web/wp-includes/css/dist/block-library/style.min.css HTTP/1.1" 200 15621 "https://www.biocabaz.pt/web/produto/pao-digestivo-funcional-bio-pachamama-400gr/" "Mozilla/5.0 (X11; Linux x86_64) AppleWebKit/537.36 (KHTML, like Gecko) Chrome/148.0.7778.96 Safari/537.36"
72.14.199.162 - - [06/Jun/2026:01:25:05 +0200] "GET /web/wp-conteudos/plugins/woo-keyinvoice-integration/public/css/woo-keyinvoice-integration-public.css HTTP/1.1" 200 98 "https://www.biocabaz.pt/web/produto/pao-digestivo-funcional-bio-pachamama-400gr/" "Mozilla/5.0 (X11; Linux x86_64) AppleWebKit/537.36 (KHTML, like Gecko) Chrome/148.0.7778.96 Safari/537.36"
72.14.199.161 - - [06/Jun/2026:01:25:05 +0200] "GET /web/wp-conteudos/plugins/userpro/skins/pure/style.css HTTP/1.1" 200 5179 "https://www.biocabaz.pt/web/produto/pao-digestivo-funcional-bio-pachamama-400gr/" "Mozilla/5.0 (X11; Linux x86_64) AppleWebKit/537.36 (KHTML, like Gecko) Chrome/148.0.7778.96 Safari/537.36"
72.14.199.162 - - [06/Jun/2026:01:25:05 +0200] "GET /web/wp-includes/css/dashicons.min.css HTTP/1.1" 200 35775 "https://www.biocabaz.pt/web/produto/pao-digestivo-funcional-bio-pachamama-400gr/" "Mozilla/5.0 (X11; Linux x86_64) AppleWebKit/537.36 (KHTML, like Gecko) Chrome/148.0.7778.96 Safari/537.36"
72.14.199.163 - - [06/Jun/2026:01:25:05 +0200] "GET /web/wp-conteudos/plugins/cookie-notice/css/front.min.css HTTP/1.1" 200 1108 "https://www.biocabaz.pt/web/produto/pao-digestivo-funcional-bio-pachamama-400gr/" "Mozilla/5.0 (X11; Linux x86_64) AppleWebKit/537.36 (KHTML, like Gecko) Chrome/148.0.7778.96 Safari/537.36"
72.14.199.161 - - [06/Jun/2026:01:25:06 +0200] "GET /web/wp-conteudos/plugins/woocommerce/assets/css/photoswipe/photoswipe.min.css HTTP/1.1" 200 1009 "https://www.biocabaz.pt/web/produto/pao-digestivo-funcional-bio-pachamama-400gr/" "Mozilla/5.0 (X11; Linux x86_64) AppleWebKit/537.36 (KHTML, like Gecko) Chrome/148.0.7778.96 Safari/537.36"
72.14.199.163 - - [06/Jun/2026:01:25:06 +0200] "GET /web/wp-conteudos/plugins/smart-marketing-for-wp/admin/js/egoi-for-wp-canvas.js HTTP/1.1" 200 2304 "https://www.biocabaz.pt/web/produto/pao-digestivo-funcional-bio-pachamama-400gr/" "Mozilla/5.0 (X11; Linux x86_64) AppleWebKit/537.36 (KHTML, like Gecko) Chrome/148.0.7778.96 Safari/537.36"
72.14.199.162 - - [06/Jun/2026:01:25:07 +0200] "GET /web/wp-conteudos/themes/jupiter-child/style.css HTTP/1.1" 200 410 "https://www.biocabaz.pt/web/produto/pao-digestivo-funcional-bio-pachamama-400gr/" "Mozilla/5.0 (X11; Linux x86_64) AppleWebKit/537.36 (KHTML, like Gecko) Chrome/148.0.7778.96 Safari/537.36"
72.14.199.161 - - [06/Jun/2026:01:25:07 +0200] "GET /web/wp-conteudos/plugins/woocommerce-product-bundles/assets/css/frontend/woocommerce.css HTTP/1.1" 200 607 "https://www.biocabaz.pt/web/produto/pao-digestivo-funcional-bio-pachamama-400gr/" "Mozilla/5.0 (X11; Linux x86_64) AppleWebKit/537.36 (KHTML, like Gecko) Chrome/148.0.7778.96 Safari/537.36"
72.14.199.162 - - [06/Jun/2026:01:25:08 +0200] "GET /web/wp-conteudos/uploads/mk_assets/theme-options-production-1780169976.css HTTP/1.1" 200 5907 "https://www.biocabaz.pt/web/produto/pao-digestivo-funcional-bio-pachamama-400gr/" "Mozilla/5.0 (X11; Linux x86_64) AppleWebKit/537.36 (KHTML, like Gecko) Chrome/148.0.7778.96 Safari/537.36"
72.14.199.161 - - [06/Jun/2026:01:25:08 +0200] "GET /web/wp-includes/js/jquery/jquery-migrate.min.js HTTP/1.1" 200 4894 "https://www.biocabaz.pt/web/produto/pao-digestivo-funcional-bio-pachamama-400gr/" "Mozilla/5.0 (X11; Linux x86_64) AppleWebKit/537.36 (KHTML, like Gecko) Chrome/148.0.7778.96 Safari/537.36"
72.14.199.162 - - [06/Jun/2026:01:25:09 +0200] "GET /web/wp-conteudos/themes/jupiter/assets/js/plugins/wp-enqueue/webfontloader.js HTTP/1.1" 200 5035 "https://www.biocabaz.pt/web/produto/pao-digestivo-funcional-bio-pachamama-400gr/" "Mozilla/5.0 (X11; Linux x86_64) AppleWebKit/537.36 (KHTML, like Gecko) Chrome/148.0.7778.96 Safari/537.36"
72.14.199.162 - - [06/Jun/2026:01:25:09 +0200] "GET /web/wp-conteudos/plugins/userpro/addons/social/scripts/userpro-social.js HTTP/1.1" 200 1348 "https://www.biocabaz.pt/web/produto/pao-digestivo-funcional-bio-pachamama-400gr/" "Mozilla/5.0 (X11; Linux x86_64) AppleWebKit/537.36 (KHTML, like Gecko) Chrome/148.0.7778.96 Safari/537.36"
72.14.199.162 - - [06/Jun/2026:01:25:09 +0200] "GET /web/wp-conteudos/themes/jupiter/framework/includes/woocommerce-quantity-increment/assets/js/wc-quantity-increment.min.js HTTP/1.1" 200 570 "https://www.biocabaz.pt/web/produto/pao-digestivo-funcional-bio-pachamama-400gr/" "Mozilla/5.0 (X11; Linux x86_64) AppleWebKit/537.36 (KHTML, like Gecko) Chrome/148.0.7778.96 Safari/537.36"
72.14.199.161 - - [06/Jun/2026:01:25:10 +0200] "GET /web/wp-conteudos/plugins/woocommerce/assets/js/frontend/add-to-cart.min.js HTTP/1.1" 200 1102 "https://www.biocabaz.pt/web/produto/pao-digestivo-funcional-bio-pachamama-400gr/" "Mozilla/5.0 (X11; Linux x86_64) AppleWebKit/537.36 (KHTML, like Gecko) Chrome/148.0.7778.96 Safari/537.36"
72.14.199.161 - - [06/Jun/2026:01:25:10 +0200] "GET /web/wp-conteudos/themes/jupiter/assets/stylesheet/plugins/min/woocommerce.css HTTP/1.1" 200 9632 "https://www.biocabaz.pt/web/produto/pao-digestivo-funcional-bio-pachamama-400gr/" "Mozilla/5.0 (X11; Linux x86_64) AppleWebKit/537.36 (KHTML, like Gecko) Chrome/148.0.7778.96 Safari/537.36"
72.14.199.162 - - [06/Jun/2026:01:25:11 +0200] "GET /web/wp-conteudos/themes/jupiter/assets/stylesheet/min/full-styles.6.5.1.css HTTP/1.1" 200 27411 "https://www.biocabaz.pt/web/produto/pao-digestivo-funcional-bio-pachamama-400gr/" "Mozilla/5.0 (X11; Linux x86_64) AppleWebKit/537.36 (KHTML, like Gecko) Chrome/148.0.7778.96 Safari/537.36"
157.55.39.204 - - [06/Jun/2026:01:25:11 +0200] "GET /web/en/shop/page/43/?doing_wp_cron=1742667319.2136960029602050781250 HTTP/1.1" 200 34049 "-" "Mozilla/5.0 AppleWebKit/537.36 (KHTML, like Gecko; compatible; bingbot/2.0; +http://www.bing.com/bingbot.htm) Chrome/116.0.1938.76 Safari/537.36"
72.14.199.161 - - [06/Jun/2026:01:25:11 +0200] "GET /web/wp-conteudos/plugins/wp-multilang/flags/pt.png HTTP/1.1" 200 255 "https://www.biocabaz.pt/web/produto/pao-digestivo-funcional-bio-pachamama-400gr/" "Mozilla/5.0 (X11; Linux x86_64) AppleWebKit/537.36 (KHTML, like Gecko) Chrome/148.0.7778.96 Safari/537.36"
72.14.199.161 - - [06/Jun/2026:01:25:12 +0200] "GET /web/wp-conteudos/plugins/userpro/scripts/userpro.encrypt.js HTTP/1.1" 200 3835 "https://www.biocabaz.pt/web/produto/pao-digestivo-funcional-bio-pachamama-400gr/" "Mozilla/5.0 (X11; Linux x86_64) AppleWebKit/537.36 (KHTML, like Gecko) Chrome/148.0.7778.96 Safari/537.36"
72.14.199.161 - - [06/Jun/2026:01:25:12 +0200] "GET /web/wp-conteudos/plugins/js_composer_theme/assets/js/vendors/woocommerce-add-to-cart.js HTTP/1.1" 200 992 "https://www.biocabaz.pt/web/produto/pao-digestivo-funcional-bio-pachamama-400gr/" "Mozilla/5.0 (X11; Linux x86_64) AppleWebKit/537.36 (KHTML, like Gecko) Chrome/148.0.7778.96 Safari/537.36"
157.55.39.204 - - [06/Jun/2026:01:25:12 +0200] "GET /web/en/shop/page/38/?doing_wp_cron=1779176755.2341980934143066406250 HTTP/1.1" 200 32494 "-" "Mozilla/5.0 AppleWebKit/537.36 (KHTML, like Gecko; compatible; bingbot/2.0; +http://www.bing.com/bingbot.htm) Chrome/116.0.1938.76 Safari/537.36"
72.14.199.161 - - [06/Jun/2026:01:25:13 +0200] "GET /web/wp-conteudos/plugins/woocommerce-google-adwords-conversion-tracking-tag/js/public/wpm-public.p1.min.js HTTP/1.1" 200 40537 "https://www.biocabaz.pt/web/produto/pao-digestivo-funcional-bio-pachamama-400gr/" "Mozilla/5.0 (X11; Linux x86_64) AppleWebKit/537.36 (KHTML, like Gecko) Chrome/148.0.7778.96 Safari/537.36"
72.14.199.161 - - [06/Jun/2026:01:25:13 +0200] "GET /web/wp-conteudos/plugins/woocommerce/packages/woocommerce-blocks/build/wc-blocks-vendors-style.css HTTP/1.1" 200 1987 "https://www.biocabaz.pt/web/produto/pao-digestivo-funcional-bio-pachamama-400gr/" "Mozilla/5.0 (X11; Linux x86_64) AppleWebKit/537.36 (KHTML, like Gecko) Chrome/148.0.7778.96 Safari/537.36"
72.14.199.161 - - [06/Jun/2026:01:25:13 +0200] "GET /web/wp-conteudos/plugins/userpro/addons/timeline/assets/css/timeline.css HTTP/1.1" 200 1159 "https://www.biocabaz.pt/web/produto/pao-digestivo-funcional-bio-pachamama-400gr/" "Mozilla/5.0 (X11; Linux x86_64) AppleWebKit/537.36 (KHTML, like Gecko) Chrome/148.0.7778.96 Safari/537.36"
157.55.39.204 - - [06/Jun/2026:01:25:13 +0200] "GET /web/shop/page/28/?doing_wp_cron=1743141898.2164769172668457031250 HTTP/1.1" 200 32844 "-" "Mozilla/5.0 AppleWebKit/537.36 (KHTML, like Gecko; compatible; bingbot/2.0; +http://www.bing.com/bingbot.htm) Chrome/116.0.1938.76 Safari/537.36"
72.14.199.161 - - [06/Jun/2026:01:25:14 +0200] "GET /web/wp-conteudos/plugins/userpro/css/up-fontawesome.css HTTP/1.1" 200 10233 "https://www.biocabaz.pt/web/produto/pao-digestivo-funcional-bio-pachamama-400gr/" "Mozilla/5.0 (X11; Linux x86_64) AppleWebKit/537.36 (KHTML, like Gecko) Chrome/148.0.7778.96 Safari/537.36"
52.167.144.179 - - [06/Jun/2026:01:25:14 +0200] "GET /web/en/produto/vinagre-balsamico-di-modena-025l-la-finestra/?doing_wp_cron=1779088969.1184990406036376953125 HTTP/1.1" 200 39937 "-" "Mozilla/5.0 AppleWebKit/537.36 (KHTML, like Gecko; compatible; bingbot/2.0; +http://www.bing.com/bingbot.htm) Chrome/116.0.1938.76 Safari/537.36"
72.14.199.161 - - [06/Jun/2026:01:25:14 +0200] "GET /web/wp-conteudos/plugins/woocommerce/assets/css/photoswipe/default-skin/default-skin.min.css HTTP/1.1" 200 1937 "https://www.biocabaz.pt/web/produto/pao-digestivo-funcional-bio-pachamama-400gr/" "Mozilla/5.0 (X11; Linux x86_64) AppleWebKit/537.36 (KHTML, like Gecko) Chrome/148.0.7778.96 Safari/537.36"
72.14.199.161 - - [06/Jun/2026:01:25:15 +0200] "GET /web/wp-conteudos/themes/jupiter/header-builder/includes/assets/css/mkhb-column.css HTTP/1.1" 200 833 "https://www.biocabaz.pt/web/produto/pao-digestivo-funcional-bio-pachamama-400gr/" "Mozilla/5.0 (X11; Linux x86_64) AppleWebKit/537.36 (KHTML, like Gecko) Chrome/148.0.7778.96 Safari/537.36"
40.77.167.57 - - [06/Jun/2026:01:25:15 +0200] "GET /web/en/shop/page/52/?doing_wp_cron=1710377110.4886040687561035156250 HTTP/1.1" 200 33533 "-" "Mozilla/5.0 AppleWebKit/537.36 (KHTML, like Gecko; compatible; bingbot/2.0; +http://www.bing.com/bingbot.htm) Chrome/116.0.1938.76 Safari/537.36"
72.14.199.161 - - [06/Jun/2026:01:25:15 +0200] "GET /web/wp-conteudos/plugins/dhvc-form/assets/fonts/font-awesome/css/font-awesome.min.css HTTP/1.1" 200 4747 "https://www.biocabaz.pt/web/produto/pao-digestivo-funcional-bio-pachamama-400gr/" "Mozilla/5.0 (X11; Linux x86_64) AppleWebKit/537.36 (KHTML, like Gecko) Chrome/148.0.7778.96 Safari/537.36"
72.14.199.161 - - [06/Jun/2026:01:25:15 +0200] "GET /web/wp-conteudos/plugins/jupiter-donut/assets/css/shortcodes-styles.min.css HTTP/1.1" 200 58842 "https://www.biocabaz.pt/web/produto/pao-digestivo-funcional-bio-pachamama-400gr/" "Mozilla/5.0 (X11; Linux x86_64) AppleWebKit/537.36 (KHTML, like Gecko) Chrome/148.0.7778.96 Safari/537.36"
72.14.199.161 - - [06/Jun/2026:01:25:16 +0200] "GET /web/wp-conteudos/plugins/dhvc-form/assets/css/style.css HTTP/1.1" 200 3736 "https://www.biocabaz.pt/web/produto/pao-digestivo-funcional-bio-pachamama-400gr/" "Mozilla/5.0 (X11; Linux x86_64) AppleWebKit/537.36 (KHTML, like Gecko) Chrome/148.0.7778.96 Safari/537.36"
72.14.199.161 - - [06/Jun/2026:01:25:16 +0200] "GET /web/wp-conteudos/themes/jupiter/header-builder/includes/assets/css/mkhb-row.css HTTP/1.1" 200 553 "https://www.biocabaz.pt/web/produto/pao-digestivo-funcional-bio-pachamama-400gr/" "Mozilla/5.0 (X11; Linux x86_64) AppleWebKit/537.36 (KHTML, like Gecko) Chrome/148.0.7778.96 Safari/537.36"
72.14.199.161 - - [06/Jun/2026:01:25:17 +0200] "GET /web/wp-conteudos/plugins/woo-keyinvoice-integration/public/js/woo-keyinvoice-integration-public.js HTTP/1.1" 200 838 "https://www.biocabaz.pt/web/produto/pao-digestivo-funcional-bio-pachamama-400gr/" "Mozilla/5.0 (X11; Linux x86_64) AppleWebKit/537.36 (KHTML, like Gecko) Chrome/148.0.7778.96 Safari/537.36"
72.14.199.161 - - [06/Jun/2026:01:25:17 +0200] "GET /web/wp-conteudos/plugins/smart-marketing-for-wp/public/css/egoi-for-wp-public.css HTTP/1.1" 200 1173 "https://www.biocabaz.pt/web/produto/pao-digestivo-funcional-bio-pachamama-400gr/" "Mozilla/5.0 (X11; Linux x86_64) AppleWebKit/537.36 (KHTML, like Gecko) Chrome/148.0.7778.96 Safari/537.36"
72.14.199.161 - - [06/Jun/2026:01:25:17 +0200] "GET /web/wp-conteudos/plugins/cookie-notice/js/front.min.js HTTP/1.1" 200 2167 "https://www.biocabaz.pt/web/produto/pao-digestivo-funcional-bio-pachamama-400gr/" "Mozilla/5.0 (X11; Linux x86_64) AppleWebKit/537.36 (KHTML, like Gecko) Chrome/148.0.7778.96 Safari/537.36"
