72.14.199.161 - - [06/Jun/2026:01:25:18 +0200] "GET /web/wp-includes/js/dist/hooks.min.js HTTP/1.1" 200 1660 "https://www.biocabaz.pt/web/produto/pao-digestivo-funcional-bio-pachamama-400gr/" "Mozilla/5.0 (X11; Linux x86_64) AppleWebKit/537.36 (KHTML, like Gecko) Chrome/148.0.7778.96 Safari/537.36"
51.89.129.203 - - [06/Jun/2026:01:25:18 +0200] "GET /play-chicken-cross-crash-game-chickencross-large-victories/ HTTP/1.1" 200 20318 "-" "Mozilla/5.0 (compatible; AhrefsBot/7.0; +http://ahrefs.com/robot/)"
72.14.199.161 - - [06/Jun/2026:01:25:18 +0200] "GET /web/wp-conteudos/uploads/2016/05/pao-digestivo-funcional.jpg HTTP/1.1" 200 24292 "https://www.biocabaz.pt/web/produto/pao-digestivo-funcional-bio-pachamama-400gr/" "Mozilla/5.0 (X11; Linux x86_64) AppleWebKit/537.36 (KHTML, like Gecko) Chrome/148.0.7778.96 Safari/537.36"
72.14.199.161 - - [06/Jun/2026:01:25:19 +0200] "GET /web/wp-includes/js/jquery/jquery.min.js HTTP/1.1" 200 30646 "https://www.biocabaz.pt/web/produto/pao-digestivo-funcional-bio-pachamama-400gr/" "Mozilla/5.0 (X11; Linux x86_64) AppleWebKit/537.36 (KHTML, like Gecko) Chrome/148.0.7778.96 Safari/537.36"
72.14.199.161 - - [06/Jun/2026:01:25:19 +0200] "GET /web/wp-conteudos/plugins/woocommerce/assets/js/jquery-blockui/jquery.blockUI.min.js HTTP/1.1" 200 3518 "https://www.biocabaz.pt/web/produto/pao-digestivo-funcional-bio-pachamama-400gr/" "Mozilla/5.0 (X11; Linux x86_64) AppleWebKit/537.36 (KHTML, like Gecko) Chrome/148.0.7778.96 Safari/537.36"
72.14.199.161 - - [06/Jun/2026:01:25:19 +0200] "GET /web/wp-conteudos/themes/jupiter/framework/includes/woocommerce-quantity-increment/assets/js/lib/number-polyfill.min.js HTTP/1.1" 200 2821 "https://www.biocabaz.pt/web/produto/pao-digestivo-funcional-bio-pachamama-400gr/" "Mozilla/5.0 (X11; Linux x86_64) AppleWebKit/537.36 (KHTML, like Gecko) Chrome/148.0.7778.96 Safari/537.36"
72.14.199.161 - - [06/Jun/2026:01:25:20 +0200] "GET /web/wp-conteudos/plugins/wp-multilang/assets/styles/main.min.css HTTP/1.1" 200 1027 "https://www.biocabaz.pt/web/produto/pao-digestivo-funcional-bio-pachamama-400gr/" "Mozilla/5.0 (X11; Linux x86_64) AppleWebKit/537.36 (KHTML, like Gecko) Chrome/148.0.7778.96 Safari/537.36"
72.14.199.161 - - [06/Jun/2026:01:25:20 +0200] "GET /web/wp-conteudos/themes/jupiter/header-builder/includes/assets/css/mkhb-render.css HTTP/1.1" 200 1156 "https://www.biocabaz.pt/web/produto/pao-digestivo-funcional-bio-pachamama-400gr/" "Mozilla/5.0 (X11; Linux x86_64) AppleWebKit/537.36 (KHTML, like Gecko) Chrome/148.0.7778.96 Safari/537.36"
72.14.199.162 - - [06/Jun/2026:01:25:20 +0200] "GET /web/wp-conteudos/plugins/wp-multilang/flags/us.png HTTP/1.1" 200 307 "https://www.biocabaz.pt/web/produto/pao-digestivo-funcional-bio-pachamama-400gr/" "Mozilla/5.0 (X11; Linux x86_64) AppleWebKit/537.36 (KHTML, like Gecko) Chrome/148.0.7778.96 Safari/537.36"
72.14.199.162 - - [06/Jun/2026:01:25:21 +0200] "GET /web/wp-conteudos/uploads/2021/01/biocabaz_logosite2.png HTTP/1.1" 200 6409 "https://www.biocabaz.pt/web/produto/pao-digestivo-funcional-bio-pachamama-400gr/" "Mozilla/5.0 (X11; Linux x86_64) AppleWebKit/537.36 (KHTML, like Gecko) Chrome/148.0.7778.96 Safari/537.36"
72.14.199.161 - - [06/Jun/2026:01:25:21 +0200] "GET /web/scripts/myscript.js?v=1.2 HTTP/1.1" 200 1531 "https://www.biocabaz.pt/web/produto/pao-digestivo-funcional-bio-pachamama-400gr/" "Mozilla/5.0 (X11; Linux x86_64) AppleWebKit/537.36 (KHTML, like Gecko) Chrome/148.0.7778.96 Safari/537.36"
72.14.199.162 - - [06/Jun/2026:01:25:21 +0200] "GET /web/wp-conteudos/plugins/userpro/assets/css/main.css HTTP/1.1" 200 707 "https://www.biocabaz.pt/web/produto/pao-digestivo-funcional-bio-pachamama-400gr/" "Mozilla/5.0 (X11; Linux x86_64) AppleWebKit/537.36 (KHTML, like Gecko) Chrome/148.0.7778.96 Safari/537.36"
72.14.199.161 - - [06/Jun/2026:01:25:22 +0200] "GET /web/wp-includes/js/jquery/ui/datepicker.min.js HTTP/1.1" 200 11003 "https://www.biocabaz.pt/web/produto/pao-digestivo-funcional-bio-pachamama-400gr/" "Mozilla/5.0 (X11; Linux x86_64) AppleWebKit/537.36 (KHTML, like Gecko) Chrome/148.0.7778.96 Safari/537.36"
52.167.144.179 - - [06/Jun/2026:01:25:22 +0200] "GET /web/shop/page/5/?doing_wp_cron=1743499585.4334590435028076171875 HTTP/1.1" 200 32723 "-" "Mozilla/5.0 AppleWebKit/537.36 (KHTML, like Gecko; compatible; bingbot/2.0; +http://www.bing.com/bingbot.htm) Chrome/116.0.1938.76 Safari/537.36"
72.14.199.161 - - [06/Jun/2026:01:25:22 +0200] "GET /web/wp-conteudos/plugins/woocommerce/assets/js/js-cookie/js.cookie.min.js HTTP/1.1" 200 994 "https://www.biocabaz.pt/web/produto/pao-digestivo-funcional-bio-pachamama-400gr/" "Mozilla/5.0 (X11; Linux x86_64) AppleWebKit/537.36 (KHTML, like Gecko) Chrome/148.0.7778.96 Safari/537.36"
72.14.199.162 - - [06/Jun/2026:01:25:23 +0200] "GET /web/wp-conteudos/plugins/woocommerce/assets/js/photoswipe/photoswipe.min.js HTTP/1.1" 200 11975 "https://www.biocabaz.pt/web/produto/pao-digestivo-funcional-bio-pachamama-400gr/" "Mozilla/5.0 (X11; Linux x86_64) AppleWebKit/537.36 (KHTML, like Gecko) Chrome/148.0.7778.96 Safari/537.36"
72.14.199.162 - - [06/Jun/2026:01:25:23 +0200] "GET /web/wp-conteudos/plugins/userpro/scripts/up-custom-script.js HTTP/1.1" 200 562 "https://www.biocabaz.pt/web/produto/pao-digestivo-funcional-bio-pachamama-400gr/" "Mozilla/5.0 (X11; Linux x86_64) AppleWebKit/537.36 (KHTML, like Gecko) Chrome/148.0.7778.96 Safari/537.36"
72.14.199.161 - - [06/Jun/2026:01:25:23 +0200] "GET /web/wp-conteudos/plugins/woocommerce/assets/js/zoom/jquery.zoom.min.js HTTP/1.1" 200 1191 "https://www.biocabaz.pt/web/produto/pao-digestivo-funcional-bio-pachamama-400gr/" "Mozilla/5.0 (X11; Linux x86_64) AppleWebKit/537.36 (KHTML, like Gecko) Chrome/148.0.7778.96 Safari/537.36"
74.7.241.185 - - [06/Jun/2026:01:25:23 +0200] "GET /robots.txt HTTP/1.1" 200 583 "-" "Mozilla/5.0 (Macintosh; Intel Mac OS X 10_15_7) AppleWebKit/537.36 (KHTML, like Gecko) Chrome/131.0.0.0 Safari/537.36; compatible; OAI-SearchBot/1.4; robots.txt; +https://openai.com/searchbot"
74.7.243.227 - - [06/Jun/2026:01:25:23 +0200] "GET /sitemap3.xml HTTP/1.1" 301 5 "-" "Mozilla/5.0 AppleWebKit/537.36 (KHTML, like Gecko; compatible; GPTBot/1.4; +https://openai.com/gptbot)"
72.14.199.161 - - [06/Jun/2026:01:25:24 +0200] "GET /web/wp-conteudos/plugins/js_composer_theme/assets/lib/bower/flexslider/jquery.flexslider-min.js HTTP/1.1" 200 6483 "https://www.biocabaz.pt/web/produto/pao-digestivo-funcional-bio-pachamama-400gr/" "Mozilla/5.0 (X11; Linux x86_64) AppleWebKit/537.36 (KHTML, like Gecko) Chrome/148.0.7778.96 Safari/537.36"
216.73.216.253 - - [06/Jun/2026:01:25:24 +0200] "GET /web/produto/salsichas-frankfurt-bio-2/?add-to-cart=16715&doing_wp_cron=1780698013.3444890975952148437500 HTTP/1.1" 200 41071 "-" "Mozilla/5.0 AppleWebKit/537.36 (KHTML, like Gecko; compatible; ClaudeBot/1.0; +claudebot@anthropic.com)"
216.73.216.253 - - [06/Jun/2026:01:25:24 +0200] "GET /web/produto/salsichas-frankfurt-bio-2/?add-to-cart=73892&doing_wp_cron=1780698135.0257070064544677734375 HTTP/1.1" 200 41133 "-" "Mozilla/5.0 AppleWebKit/537.36 (KHTML, like Gecko; compatible; ClaudeBot/1.0; +claudebot@anthropic.com)"
72.14.199.162 - - [06/Jun/2026:01:25:24 +0200] "GET /web/wp-conteudos/plugins/woocommerce/assets/js/frontend/woocommerce.min.js HTTP/1.1" 200 806 "https://www.biocabaz.pt/web/produto/pao-digestivo-funcional-bio-pachamama-400gr/" "Mozilla/5.0 (X11; Linux x86_64) AppleWebKit/537.36 (KHTML, like Gecko) Chrome/148.0.7778.96 Safari/537.36"
72.14.199.162 - - [06/Jun/2026:01:25:24 +0200] "GET /web/wp-conteudos/uploads/2016/08/sativa.jpg HTTP/1.1" 200 12543 "https://www.biocabaz.pt/web/produto/pao-digestivo-funcional-bio-pachamama-400gr/" "Mozilla/5.0 (X11; Linux x86_64) AppleWebKit/537.36 (KHTML, like Gecko) Chrome/148.0.7778.96 Safari/537.36"
72.14.199.161 - - [06/Jun/2026:01:25:25 +0200] "GET /web/wp-conteudos/themes/jupiter/header-builder/includes/assets/js/mkhb-column.js HTTP/1.1" 200 1089 "https://www.biocabaz.pt/web/produto/pao-digestivo-funcional-bio-pachamama-400gr/" "Mozilla/5.0 (X11; Linux x86_64) AppleWebKit/537.36 (KHTML, like Gecko) Chrome/148.0.7778.96 Safari/537.36"
72.14.199.162 - - [06/Jun/2026:01:25:25 +0200] "GET /web/wp-conteudos/plugins/jupiter-donut/assets/js/shortcodes-scripts.min.js HTTP/1.1" 200 17932 "https://www.biocabaz.pt/web/produto/pao-digestivo-funcional-bio-pachamama-400gr/" "Mozilla/5.0 (X11; Linux x86_64) AppleWebKit/537.36 (KHTML, like Gecko) Chrome/148.0.7778.96 Safari/537.36"
72.14.199.161 - - [06/Jun/2026:01:25:25 +0200] "GET /web/wp-conteudos/themes/jupiter/header-builder/includes/assets/js/mkhb-render.js HTTP/1.1" 200 1790 "https://www.biocabaz.pt/web/produto/pao-digestivo-funcional-bio-pachamama-400gr/" "Mozilla/5.0 (X11; Linux x86_64) AppleWebKit/537.36 (KHTML, like Gecko) Chrome/148.0.7778.96 Safari/537.36"
72.14.199.162 - - [06/Jun/2026:01:25:26 +0200] "GET /web/wp-conteudos/plugins/woocommerce/assets/js/photoswipe/photoswipe-ui-default.min.js HTTP/1.1" 200 3648 "https://www.biocabaz.pt/web/produto/pao-digestivo-funcional-bio-pachamama-400gr/" "Mozilla/5.0 (X11; Linux x86_64) AppleWebKit/537.36 (KHTML, like Gecko) Chrome/148.0.7778.96 Safari/537.36"
72.14.199.162 - - [06/Jun/2026:01:25:26 +0200] "GET /web/wp-conteudos/themes/jupiter/assets/js/components-full.6.5.1.js HTTP/1.1" 200 1320 "https://www.biocabaz.pt/web/produto/pao-digestivo-funcional-bio-pachamama-400gr/" "Mozilla/5.0 (X11; Linux x86_64) AppleWebKit/537.36 (KHTML, like Gecko) Chrome/148.0.7778.96 Safari/537.36"
72.14.199.162 - - [06/Jun/2026:01:25:26 +0200] "GET /web/wp-conteudos/plugins/userpro/assets/css/fontawesome/css/all.min.css HTTP/1.1" 200 12340 "https://www.biocabaz.pt/web/produto/pao-digestivo-funcional-bio-pachamama-400gr/" "Mozilla/5.0 (X11; Linux x86_64) AppleWebKit/537.36 (KHTML, like Gecko) Chrome/148.0.7778.96 Safari/537.36"
72.14.199.161 - - [06/Jun/2026:01:25:26 +0200] "GET /web/wp-conteudos/plugins/userpro/addons/timeline/assets/js/timeline.js HTTP/1.1" 200 693 "https://www.biocabaz.pt/web/produto/pao-digestivo-funcional-bio-pachamama-400gr/" "Mozilla/5.0 (X11; Linux x86_64) AppleWebKit/537.36 (KHTML, like Gecko) Chrome/148.0.7778.96 Safari/537.36"
72.14.199.162 - - [06/Jun/2026:01:25:27 +0200] "GET /web/wp-conteudos/themes/jupiter/assets/js/core-scripts.6.5.1.js HTTP/1.1" 200 118467 "https://www.biocabaz.pt/web/produto/pao-digestivo-funcional-bio-pachamama-400gr/" "Mozilla/5.0 (X11; Linux x86_64) AppleWebKit/537.36 (KHTML, like Gecko) Chrome/148.0.7778.96 Safari/537.36"
72.14.199.162 - - [06/Jun/2026:01:25:27 +0200] "GET /web/wp-conteudos/plugins/woocommerce/assets/js/frontend/single-product.min.js HTTP/1.1" 200 1895 "https://www.biocabaz.pt/web/produto/pao-digestivo-funcional-bio-pachamama-400gr/" "Mozilla/5.0 (X11; Linux x86_64) AppleWebKit/537.36 (KHTML, like Gecko) Chrome/148.0.7778.96 Safari/537.36"
72.14.199.161 - - [06/Jun/2026:01:25:27 +0200] "GET /web/wp-conteudos/uploads/bfi_thumb/dummy-transparent-ooif3gskt3pjjx65vz1jy6igecasblxpwo2vtsp0vc.png HTTP/1.1" 200 6635 "https://www.biocabaz.pt/web/produto/pao-digestivo-funcional-bio-pachamama-400gr/" "Mozilla/5.0 (X11; Linux x86_64) AppleWebKit/537.36 (KHTML, like Gecko) Chrome/148.0.7778.96 Safari/537.36"
72.14.199.162 - - [06/Jun/2026:01:25:28 +0200] "GET /web/wp-conteudos/plugins/wp-multilang/assets/blocks/language-switcher/js/switcher-block.min.js HTTP/1.1" 200 1066 "https://www.biocabaz.pt/web/produto/pao-digestivo-funcional-bio-pachamama-400gr/" "Mozilla/5.0 (X11; Linux x86_64) AppleWebKit/537.36 (KHTML, like Gecko) Chrome/148.0.7778.96 Safari/537.36"
72.14.199.161 - - [06/Jun/2026:01:25:28 +0200] "GET /web/wp-conteudos/themes/jupiter/assets/js/plugins/wp-enqueue/smoothscroll.js HTTP/1.1" 200 6579 "https://www.biocabaz.pt/web/produto/pao-digestivo-funcional-bio-pachamama-400gr/" "Mozilla/5.0 (X11; Linux x86_64) AppleWebKit/537.36 (KHTML, like Gecko) Chrome/148.0.7778.96 Safari/537.36"
72.14.199.162 - - [06/Jun/2026:01:25:28 +0200] "GET /web/wp-includes/js/jquery/ui/core.min.js HTTP/1.1" 200 7137 "https://www.biocabaz.pt/web/produto/pao-digestivo-funcional-bio-pachamama-400gr/" "Mozilla/5.0 (X11; Linux x86_64) AppleWebKit/537.36 (KHTML, like Gecko) Chrome/148.0.7778.96 Safari/537.36"
72.14.199.162 - - [06/Jun/2026:01:25:29 +0200] "GET /web/wp-conteudos/uploads/2016/08/simbolo.jpg HTTP/1.1" 200 3027 "https://www.biocabaz.pt/web/produto/pao-digestivo-funcional-bio-pachamama-400gr/" "Mozilla/5.0 (X11; Linux x86_64) AppleWebKit/537.36 (KHTML, like Gecko) Chrome/148.0.7778.96 Safari/537.36"
72.14.199.161 - - [06/Jun/2026:01:25:29 +0200] "GET /web/wp-conteudos/plugins/woocommerce/assets/js/frontend/cart-fragments.min.js HTTP/1.1" 200 1054 "https://www.biocabaz.pt/web/produto/pao-digestivo-funcional-bio-pachamama-400gr/" "Mozilla/5.0 (X11; Linux x86_64) AppleWebKit/537.36 (KHTML, like Gecko) Chrome/148.0.7778.96 Safari/537.36"
72.14.199.161 - - [06/Jun/2026:01:25:30 +0200] "GET /web/wp-conteudos/uploads/2016/02/img-topo-2.jpg HTTP/1.1" 200 92363 "https://www.biocabaz.pt/web/produto/pao-digestivo-funcional-bio-pachamama-400gr/" "Mozilla/5.0 (X11; Linux x86_64) AppleWebKit/537.36 (KHTML, like Gecko) Chrome/148.0.7778.96 Safari/537.36"
72.14.199.162 - - [06/Jun/2026:01:25:30 +0200] "GET /web/wp-conteudos/uploads/2020/04/screenshot-2020-04-20-at-01.06.58.png HTTP/1.1" 200 231865 "https://www.biocabaz.pt/web/produto/pao-digestivo-funcional-bio-pachamama-400gr/" "Mozilla/5.0 (X11; Linux x86_64) AppleWebKit/537.36 (KHTML, like Gecko) Chrome/148.0.7778.96 Safari/537.36"
66.249.68.67 - - [06/Jun/2026:01:25:30 +0200] "GET /web/produto/salada-mix-bio-mistura-de-alface-folha-de-carvalho-verde-e-roxa/ HTTP/1.1" 200 38331 "-" "Mozilla/5.0 (Linux; Android 6.0.1; Nexus 5X Build/MMB29P) AppleWebKit/537.36 (KHTML, like Gecko) Chrome/148.0.7778.96 Mobile Safari/537.36 (compatible; Googlebot/2.1; +http://www.google.com/bot.html)"
75.119.139.177 - - [06/Jun/2026:01:25:31 +0200] "POST /wp-cron.php?doing_wp_cron=1780701931.2582459449768066406250 HTTP/1.1" 200 31 "-" "WordPress/6.9; https://www.fomento-sgoic.pt"
57.141.20.30 - - [06/Jun/2026:01:25:31 +0200] "GET /products/10835018/ HTTP/1.1" 301 5 "-" "meta-externalagent/1.1 (+https://developers.facebook.com/docs/sharing/webmasters/crawler)"
17.241.227.225 - - [06/Jun/2026:01:25:32 +0200] "POST /web/en/?wc-ajax=get_refreshed_fragments HTTP/1.1" 200 630 "https://www.biocabaz.pt/web/en/shop/page/55/?doing_wp_cron=1746252350.6813039779663085937500" "Mozilla/5.0 (Macintosh; Intel Mac OS X 10_15_7) AppleWebKit/605.1.15 (KHTML, like Gecko) Version/17.4 Safari/605.1.15 (Applebot/0.1; +http://www.apple.com/go/applebot)"
72.14.199.162 - - [06/Jun/2026:01:25:32 +0200] "GET /web/wp-conteudos/uploads/2020/05/alfarroba-350x350-1-330x260.png HTTP/1.1" 200 119516 "https://www.biocabaz.pt/web/produto/pao-digestivo-funcional-bio-pachamama-400gr/" "Mozilla/5.0 (X11; Linux x86_64) AppleWebKit/537.36 (KHTML, like Gecko) Chrome/148.0.7778.96 Safari/537.36"
78.137.207.93 - - [06/Jun/2026:01:25:32 +0200] "GET /web/wp-conteudos/uploads/2016/09/monchique-todas-as-garrafas-scaled-e1604408181373-1000x2932.jpeg HTTP/1.1" 200 137789 "https://www.google.com/" "Mozilla/5.0 (Windows NT 10.0; Win64; x64) AppleWebKit/537.36 (KHTML, like Gecko) Chrome/149.0.0.0 Safari/537.36"
72.14.199.161 - - [06/Jun/2026:01:25:33 +0200] "GET /web/wp-conteudos/uploads/2018/05/pao-paleo-330x260.jpg HTTP/1.1" 200 20976 "https://www.biocabaz.pt/web/produto/pao-digestivo-funcional-bio-pachamama-400gr/" "Mozilla/5.0 (X11; Linux x86_64) AppleWebKit/537.36 (KHTML, like Gecko) Chrome/148.0.7778.96 Safari/537.36"
72.14.199.162 - - [06/Jun/2026:01:25:33 +0200] "GET /web/wp-conteudos/uploads/2020/05/break-quinoa-miolo-1-350x350-1-330x260.png HTTP/1.1" 200 112314 "https://www.biocabaz.pt/web/produto/pao-digestivo-funcional-bio-pachamama-400gr/" "Mozilla/5.0 (X11; Linux x86_64) AppleWebKit/537.36 (KHTML, like Gecko) Chrome/148.0.7778.96 Safari/537.36"
72.14.199.162 - - [06/Jun/2026:01:25:33 +0200] "POST /web/?wc-ajax=get_refreshed_fragments HTTP/1.1" 200 626 "https://www.biocabaz.pt/web/produto/pao-digestivo-funcional-bio-pachamama-400gr/" "Mozilla/5.0 (X11; Linux x86_64) AppleWebKit/537.36 (KHTML, like Gecko) Chrome/148.0.7778.96 Safari/537.36"
72.14.199.161 - - [06/Jun/2026:01:25:34 +0200] "GET /web/wp-conteudos/uploads/2020/05/espelta-e-centeio-integral-miolo-600x600-1-330x260.png HTTP/1.1" 200 174926 "https://www.biocabaz.pt/web/produto/pao-digestivo-funcional-bio-pachamama-400gr/" "Mozilla/5.0 (X11; Linux x86_64) AppleWebKit/537.36 (KHTML, like Gecko) Chrome/148.0.7778.96 Safari/537.36"
17.241.227.58 - - [06/Jun/2026:01:25:34 +0200] "POST /web/wp-admin/admin-ajax.php HTTP/1.1" 200 31 "https://www.biocabaz.pt/web/en/shop/page/55/?doing_wp_cron=1746252350.6813039779663085937500" "Mozilla/5.0 (Macintosh; Intel Mac OS X 10_15_7) AppleWebKit/605.1.15 (KHTML, like Gecko) Version/17.4 Safari/605.1.15 (Applebot/0.1; +http://www.apple.com/go/applebot)"
72.14.199.161 - - [06/Jun/2026:01:25:34 +0200] "GET /web/wp-conteudos/uploads/2016/05/pao-espelta-100x150.jpg HTTP/1.1" 200 4777 "https://www.biocabaz.pt/web/produto/pao-digestivo-funcional-bio-pachamama-400gr/" "Mozilla/5.0 (X11; Linux x86_64) AppleWebKit/537.36 (KHTML, like Gecko) Chrome/148.0.7778.96 Safari/537.36"
72.14.199.161 - - [06/Jun/2026:01:25:34 +0200] "GET /web/wp-conteudos/uploads/2019/11/com-badge-ios-150x64.png HTTP/1.1" 200 2714 "https://www.biocabaz.pt/web/produto/pao-digestivo-funcional-bio-pachamama-400gr/" "Mozilla/5.0 (X11; Linux x86_64) AppleWebKit/537.36 (KHTML, like Gecko) Chrome/148.0.7778.96 Safari/537.36"
66.249.79.34 - - [06/Jun/2026:01:25:34 +0200] "GET /web/wp-conteudos/uploads/2018/11/CH%C3%81-TURMERIC-GOLD-BIO-20-SQ-PUKKA.png HTTP/1.1" 200 512662 "-" "Googlebot-Image/1.0"
72.14.199.162 - - [06/Jun/2026:01:25:34 +0200] "GET /web/wp-conteudos/uploads/2020/01/livroreclamacoes-300x123-150x62.png HTTP/1.1" 200 3184 "https://www.biocabaz.pt/web/produto/pao-digestivo-funcional-bio-pachamama-400gr/" "Mozilla/5.0 (X11; Linux x86_64) AppleWebKit/537.36 (KHTML, like Gecko) Chrome/148.0.7778.96 Safari/537.36"
72.14.199.162 - - [06/Jun/2026:01:25:35 +0200] "GET /web/wp-conteudos/uploads/2019/11/Download_on_GooglePlay-150x58.png HTTP/1.1" 200 2366 "https://www.biocabaz.pt/web/produto/pao-digestivo-funcional-bio-pachamama-400gr/" "Mozilla/5.0 (X11; Linux x86_64) AppleWebKit/537.36 (KHTML, like Gecko) Chrome/148.0.7778.96 Safari/537.36"
72.14.199.161 - - [06/Jun/2026:01:25:35 +0200] "GET /web/wp-conteudos/uploads/2021/05/aecc-cor-cmyk-150x63.jpg HTTP/1.1" 200 4218 "https://www.biocabaz.pt/web/produto/pao-digestivo-funcional-bio-pachamama-400gr/" "Mozilla/5.0 (X11; Linux x86_64) AppleWebKit/537.36 (KHTML, like Gecko) Chrome/148.0.7778.96 Safari/537.36"
74.7.227.145 - - [06/Jun/2026:01:25:38 +0200] "GET /sitemap3.xml HTTP/1.1" 301 5 "https://fomento-sgoic.pt" "Mozilla/5.0 AppleWebKit/537.36 (KHTML, like Gecko; compatible; GPTBot/1.4; +https://openai.com/gptbot)"
40.77.167.57 - - [06/Jun/2026:01:25:40 +0200] "GET /web/produto/tinta-para-cabelo-naturtint-5m-castanho-claro-mogno/ HTTP/1.1" 200 39342 "-" "Mozilla/5.0 AppleWebKit/537.36 (KHTML, like Gecko; compatible; bingbot/2.0; +http://www.bing.com/bingbot.htm) Chrome/116.0.1938.76 Safari/537.36"
74.7.227.145 - - [06/Jun/2026:01:25:43 +0200] "GET /sitemap3.xml/ HTTP/1.1" 200 20260 "https://www.fomento-sgoic.pt/sitemap3.xml" "Mozilla/5.0 AppleWebKit/537.36 (KHTML, like Gecko; compatible; GPTBot/1.4; +https://openai.com/gptbot)"
72.14.199.161 - - [06/Jun/2026:01:25:45 +0200] "GET /web/wp-conteudos/themes/jupiter/assets/js/plugins/async/min/minigrid.js HTTP/1.1" 200 1053 "https://www.biocabaz.pt/web/produto/pao-digestivo-funcional-bio-pachamama-400gr/" "Mozilla/5.0 (X11; Linux x86_64) AppleWebKit/537.36 (KHTML, like Gecko) Chrome/148.0.7778.96 Safari/537.36"
72.14.199.162 - - [06/Jun/2026:01:25:45 +0200] "GET /web/wp-conteudos/themes/jupiter/assets/js/plugins/async/min/jquery.flexslider.js HTTP/1.1" 200 7414 "https://www.biocabaz.pt/web/produto/pao-digestivo-funcional-bio-pachamama-400gr/" "Mozilla/5.0 (X11; Linux x86_64) AppleWebKit/537.36 (KHTML, like Gecko) Chrome/148.0.7778.96 Safari/537.36"
74.7.227.145 - - [06/Jun/2026:01:25:49 +0200] "GET /wp-content/themes/turismofundos22/js/properties-map.js?ver=1780701943 HTTP/1.1" 200 1475 "https://www.fomento-sgoic.pt/sitemap3.xml/" "Mozilla/5.0 AppleWebKit/537.36 (KHTML, like Gecko; compatible; GPTBot/1.4; +https://openai.com/gptbot)"
220.181.108.147 - - [06/Jun/2026:01:25:51 +0200] "GET /web/shop/page/2/?doing_wp_cron=1739624122.6866540908813476562500 HTTP/1.1" 200 32643 "-" "Mozilla/5.0 (compatible; Baiduspider/2.0; +http://www.baidu.com/search/spider.html)"
72.14.199.162 - - [06/Jun/2026:01:25:52 +0200] "GET /web/wp-conteudos/uploads/2021/04/bio_botao_menos2-verde.png HTTP/1.1" 200 148 "https://www.biocabaz.pt/web/produto/pao-digestivo-funcional-bio-pachamama-400gr/" "Mozilla/5.0 (X11; Linux x86_64) AppleWebKit/537.36 (KHTML, like Gecko) Chrome/148.0.7778.96 Safari/537.36"
72.14.199.161 - - [06/Jun/2026:01:25:52 +0200] "GET /web/wp-conteudos/uploads/2021/04/bio_botao_mais2-verde.png HTTP/1.1" 200 162 "https://www.biocabaz.pt/web/produto/pao-digestivo-funcional-bio-pachamama-400gr/" "Mozilla/5.0 (X11; Linux x86_64) AppleWebKit/537.36 (KHTML, like Gecko) Chrome/148.0.7778.96 Safari/537.36"
138.204.211.32 - - [06/Jun/2026:01:25:53 +0200] "GET /web/wp-conteudos/uploads/2018/11/CEREAIS-URSINHOS-DE-CHOCOLATE-BIO-250GRS.jpg HTTP/1.1" 200 21997 "https://www.google.com/" "Mozilla/5.0 (Linux; Android 10; K) AppleWebKit/537.36 (KHTML, like Gecko) Chrome/148.0.0.0 Mobile Safari/537.36"
116.179.37.9 - - [06/Jun/2026:01:25:57 +0200] "POST /web/?wc-ajax=get_refreshed_fragments HTTP/1.1" 200 626 "https://www.biocabaz.pt/web/shop/page/2/?doing_wp_cron=1739624122.6866540908813476562500" "Mozilla/5.0 (compatible; Baiduspider-render/2.0; +http://www.baidu.com/search/spider.html)"
66.249.68.67 - - [06/Jun/2026:01:25:57 +0200] "GET /web/sitemap_index.xml HTTP/1.1" 302 11 "-" "Mozilla/5.0 (compatible; Googlebot/2.1; +http://www.google.com/bot.html)"
116.179.37.12 - - [06/Jun/2026:01:25:58 +0200] "GET /web/wp-conteudos/themes/jupiter/assets/js/plugins/async/min/jquery.flexslider.js HTTP/1.1" 200 7414 "https://www.biocabaz.pt/web/shop/page/2/?doing_wp_cron=1739624122.6866540908813476562500" "Mozilla/5.0 (compatible; Baiduspider-render/2.0; +http://www.baidu.com/search/spider.html)"
116.179.37.248 - - [06/Jun/2026:01:25:58 +0200] "GET /web/wp-conteudos/themes/jupiter/assets/js/plugins/async/min/minigrid.js HTTP/1.1" 200 1053 "https://www.biocabaz.pt/web/shop/page/2/?doing_wp_cron=1739624122.6866540908813476562500" "Mozilla/5.0 (compatible; Baiduspider-render/2.0; +http://www.baidu.com/search/spider.html)"
116.179.32.215 - - [06/Jun/2026:01:25:59 +0200] "GET /web/categoria-produto/frescos/page/9/?doing_wp_cron=1778924819.5780119895935058593750 HTTP/1.1" 200 32470 "-" "Mozilla/5.0 (compatible; Baiduspider/2.0; +http://www.baidu.com/search/spider.html)"
66.249.68.68 - - [06/Jun/2026:01:26:01 +0200] "GET /web/sitemap_index.xml?doing_wp_cron=1780701957.8611860275268554687500 HTTP/1.1" 200 366 "-" "Mozilla/5.0 (compatible; Googlebot/2.1; +http://www.google.com/bot.html)"
116.179.37.229 - - [06/Jun/2026:01:26:05 +0200] "POST /web/?wc-ajax=get_refreshed_fragments HTTP/1.1" 200 626 "https://biocabaz.pt/web/categoria-produto/frescos/page/9/?doing_wp_cron=1778924819.5780119895935058593750" "Mozilla/5.0 (compatible; Baiduspider-render/2.0; +http://www.baidu.com/search/spider.html)"
57.141.20.10 - - [06/Jun/2026:01:26:07 +0200] "GET /products/18252696/ HTTP/1.1" 301 5 "-" "meta-externalagent/1.1 (+https://developers.facebook.com/docs/sharing/webmasters/crawler)"
216.73.216.253 - - [06/Jun/2026:01:26:09 +0200] "GET /web/produto/salsichas-frankfurt-bio-2/?add-to-cart=780&doing_wp_cron=1780697924.4022889137268066406250 HTTP/1.1" 200 41030 "-" "Mozilla/5.0 AppleWebKit/537.36 (KHTML, like Gecko; compatible; ClaudeBot/1.0; +claudebot@anthropic.com)"
216.73.216.253 - - [06/Jun/2026:01:26:10 +0200] "GET /web/en/produto/salsichas-frankfurt-bio-2/?add-to-cart=16721&doing_wp_cron=1780697322.6784100532531738281250 HTTP/1.1" 200 40799 "-" "Mozilla/5.0 AppleWebKit/537.36 (KHTML, like Gecko; compatible; ClaudeBot/1.0; +claudebot@anthropic.com)"
185.223.235.61 - - [06/Jun/2026:01:26:11 +0200] "GET / HTTP/1.1" 200 612 "-" "Mozilla/5.0 (compatible; Infrawatch/1.0; +https://infrawat.ch/)"
216.73.216.253 - - [06/Jun/2026:01:26:11 +0200] "GET /web/en/produto/salsichas-frankfurt-bio-2/?add-to-cart=73892&doing_wp_cron=1780698135.0257070064544677734375 HTTP/1.1" 200 40803 "-" "Mozilla/5.0 AppleWebKit/537.36 (KHTML, like Gecko; compatible; ClaudeBot/1.0; +claudebot@anthropic.com)"
216.73.216.253 - - [06/Jun/2026:01:26:12 +0200] "GET /web/en/produto/salsichas-frankfurt-bio-2/?add-to-cart=11405&doing_wp_cron=1780697323.0073440074920654296875 HTTP/1.1" 200 40779 "-" "Mozilla/5.0 AppleWebKit/537.36 (KHTML, like Gecko; compatible; ClaudeBot/1.0; +claudebot@anthropic.com)"
52.22.236.30 - - [06/Jun/2026:01:26:13 +0200] "GET / HTTP/1.1" 301 5 "https://fomento-sgoic.pt/" "Mozilla/5.0+(compatible; UptimeRobot/2.0; http://www.uptimerobot.com/)"
216.73.216.253 - - [06/Jun/2026:01:26:14 +0200] "GET /web/en/produto/salsichas-frankfurt-bio-2/?add-to-cart=780&doing_wp_cron=1780697924.4022889137268066406250 HTTP/1.1" 200 40760 "-" "Mozilla/5.0 AppleWebKit/537.36 (KHTML, like Gecko; compatible; ClaudeBot/1.0; +claudebot@anthropic.com)"
116.179.33.11 - - [06/Jun/2026:01:26:14 +0200] "GET /web/en/?p=2150 HTTP/1.1" 400 248 "http://m.baidu.com/s?wd=obtainegl" "pc"
216.73.216.253 - - [06/Jun/2026:01:26:14 +0200] "GET /web/en/produto/salsichas-frankfurt-bio-2/?add-to-cart=16715&doing_wp_cron=1780698013.3444890975952148437500 HTTP/1.1" 200 40811 "-" "Mozilla/5.0 AppleWebKit/537.36 (KHTML, like Gecko; compatible; ClaudeBot/1.0; +claudebot@anthropic.com)"
52.22.236.30 - - [06/Jun/2026:01:26:14 +0200] "GET / HTTP/1.1" 200 33120 "https://fomento-sgoic.pt/" "Mozilla/5.0+(compatible; UptimeRobot/2.0; http://www.uptimerobot.com/)"
119.249.100.89 - - [06/Jun/2026:01:26:16 +0200] "GET /web/en/produto/sumo-de-pera-bio-hollinger-200ml/?doing_wp_cron=1780605733.1521871089935302734375 HTTP/1.1" 301 162 "http://m.baidu.com/s?wd=industryyfy" "pc"
119.249.100.216 - - [06/Jun/2026:01:26:16 +0200] "GET /web/en/produto/sumo-de-pera-bio-hollinger-200ml/?doing_wp_cron=1780605733.1521871089935302734375 HTTP/1.1" 200 37908 "http://m.baidu.com/s?wd=industryyfy" "pc"
119.249.100.216 - - [06/Jun/2026:01:26:20 +0200] "GET /web/wp-includes/js/jquery/jquery.min.js HTTP/1.1" 200 30646 "http://m.baidu.com/s?wd=industryyfy" "pc"
57.141.20.37 - - [06/Jun/2026:01:26:21 +0200] "GET /products/5230452/ HTTP/1.1" 404 113604 "-" "meta-externalagent/1.1 (+https://developers.facebook.com/docs/sharing/webmasters/crawler)"
119.249.100.216 - - [06/Jun/2026:01:26:21 +0200] "GET /web/wp-includes/js/jquery/jquery-migrate.min.js HTTP/1.1" 200 4894 "http://m.baidu.com/s?wd=industryyfy" "pc"
119.249.100.24 - - [06/Jun/2026:01:26:21 +0200] "GET /web/wp-includes/js/dist/hooks.min.js HTTP/1.1" 200 1660 "http://m.baidu.com/s?wd=industryyfy" "pc"
119.249.100.216 - - [06/Jun/2026:01:26:21 +0200] "GET /web/wp-conteudos/plugins/smart-marketing-for-wp/admin/js/egoi-for-wp-canvas.js HTTP/1.1" 200 2304 "http://m.baidu.com/s?wd=industryyfy" "pc"
119.249.100.153 - - [06/Jun/2026:01:26:21 +0200] "GET /web/wp-conteudos/plugins/woocommerce-google-adwords-conversion-tracking-tag/js/public/wpm-public.p1.min.js HTTP/1.1" 200 40537 "http://m.baidu.com/s?wd=industryyfy" "pc"
119.249.100.151 - - [06/Jun/2026:01:26:21 +0200] "GET /web/wp-conteudos/plugins/userpro/scripts/userpro.encrypt.js HTTP/1.1" 200 3835 "http://m.baidu.com/s?wd=industryyfy" "pc"
119.249.100.23 - - [06/Jun/2026:01:26:21 +0200] "GET /web/wp-conteudos/plugins/userpro/addons/social/scripts/userpro-social.js HTTP/1.1" 200 1348 "http://m.baidu.com/s?wd=industryyfy" "pc"
119.249.100.216 - - [06/Jun/2026:01:26:22 +0200] "GET /web/wp-conteudos/plugins/woocommerce/assets/js/frontend/add-to-cart.min.js HTTP/1.1" 200 1102 "http://m.baidu.com/s?wd=industryyfy" "pc"
119.249.100.151 - - [06/Jun/2026:01:26:22 +0200] "GET /web/wp-conteudos/plugins/js_composer_theme/assets/js/vendors/woocommerce-add-to-cart.js HTTP/1.1" 200 992 "http://m.baidu.com/s?wd=industryyfy" "pc"
119.249.100.150 - - [06/Jun/2026:01:26:22 +0200] "GET /web/wp-conteudos/themes/jupiter/assets/js/plugins/wp-enqueue/webfontloader.js HTTP/1.1" 200 5035 "http://m.baidu.com/s?wd=industryyfy" "pc"
119.249.100.23 - - [06/Jun/2026:01:26:22 +0200] "GET /web/wp-conteudos/plugins/woocommerce/assets/js/jquery-blockui/jquery.blockUI.min.js HTTP/1.1" 200 3518 "http://m.baidu.com/s?wd=industryyfy" "pc"
119.249.100.88 - - [06/Jun/2026:01:26:22 +0200] "GET /web/wp-conteudos/themes/jupiter/framework/includes/woocommerce-quantity-increment/assets/js/lib/number-polyfill.min.js HTTP/1.1" 200 2821 "http://m.baidu.com/s?wd=industryyfy" "pc"
119.249.100.216 - - [06/Jun/2026:01:26:22 +0200] "GET /web/wp-conteudos/themes/jupiter/framework/includes/woocommerce-quantity-increment/assets/js/wc-quantity-increment.min.js HTTP/1.1" 200 570 "http://m.baidu.com/s?wd=industryyfy" "pc"
119.249.100.151 - - [06/Jun/2026:01:26:22 +0200] "GET /web/wp-conteudos/plugins/woo-keyinvoice-integration/public/js/woo-keyinvoice-integration-public.js HTTP/1.1" 200 838 "http://m.baidu.com/s?wd=industryyfy" "pc"
17.241.219.129 - - [06/Jun/2026:01:26:24 +0200] "GET /web/en/shop/page/3/?doing_wp_cron=1748601114.1335868835449218750000 HTTP/1.1" 200 33264 "-" "Mozilla/5.0 (Macintosh; Intel Mac OS X 10_15_7) AppleWebKit/605.1.15 (KHTML, like Gecko) Version/17.4 Safari/605.1.15 (Applebot/0.1; +http://www.apple.com/go/applebot)"
119.249.100.24 - - [06/Jun/2026:01:26:24 +0200] "GET /web/scripts/myscript.js?v=1.2 HTTP/1.1" 200 1531 "http://m.baidu.com/s?wd=industryyfy" "pc"
119.249.100.24 - - [06/Jun/2026:01:26:25 +0200] "GET /web/wp-includes/js/jquery/ui/core.min.js HTTP/1.1" 200 7137 "http://m.baidu.com/s?wd=industryyfy" "pc"
119.249.100.216 - - [06/Jun/2026:01:26:25 +0200] "GET /web/wp-includes/js/jquery/ui/datepicker.min.js HTTP/1.1" 200 11003 "http://m.baidu.com/s?wd=industryyfy" "pc"
119.249.100.151 - - [06/Jun/2026:01:26:25 +0200] "GET /web/wp-conteudos/plugins/userpro/scripts/up-custom-script.js HTTP/1.1" 200 562 "http://m.baidu.com/s?wd=industryyfy" "pc"
119.249.100.150 - - [06/Jun/2026:01:26:25 +0200] "GET /web/wp-conteudos/plugins/userpro/addons/timeline/assets/js/timeline.js HTTP/1.1" 200 693 "http://m.baidu.com/s?wd=industryyfy" "pc"
119.249.100.216 - - [06/Jun/2026:01:26:25 +0200] "GET /web/wp-conteudos/plugins/js_composer_theme/assets/lib/bower/flexslider/jquery.flexslider-min.js HTTP/1.1" 200 6483 "http://m.baidu.com/s?wd=industryyfy" "pc"
119.249.100.153 - - [06/Jun/2026:01:26:25 +0200] "GET /web/wp-conteudos/plugins/woocommerce/assets/js/photoswipe/photoswipe-ui-default.min.js HTTP/1.1" 200 3648 "http://m.baidu.com/s?wd=industryyfy" "pc"
119.249.100.88 - - [06/Jun/2026:01:26:25 +0200] "GET /web/wp-conteudos/plugins/woocommerce/assets/js/zoom/jquery.zoom.min.js HTTP/1.1" 200 1191 "http://m.baidu.com/s?wd=industryyfy" "pc"
119.249.100.23 - - [06/Jun/2026:01:26:25 +0200] "GET /web/wp-conteudos/plugins/woocommerce/assets/js/photoswipe/photoswipe.min.js HTTP/1.1" 200 11975 "http://m.baidu.com/s?wd=industryyfy" "pc"
119.249.100.151 - - [06/Jun/2026:01:26:25 +0200] "GET /web/wp-conteudos/plugins/woocommerce/assets/js/frontend/single-product.min.js HTTP/1.1" 200 1895 "http://m.baidu.com/s?wd=industryyfy" "pc"
119.249.100.216 - - [06/Jun/2026:01:26:25 +0200] "GET /web/wp-conteudos/plugins/woocommerce/assets/js/js-cookie/js.cookie.min.js HTTP/1.1" 200 994 "http://m.baidu.com/s?wd=industryyfy" "pc"
119.249.100.153 - - [06/Jun/2026:01:26:25 +0200] "GET /web/wp-conteudos/plugins/woocommerce/assets/js/frontend/woocommerce.min.js HTTP/1.1" 200 806 "http://m.baidu.com/s?wd=industryyfy" "pc"
119.249.100.150 - - [06/Jun/2026:01:26:25 +0200] "GET /web/wp-conteudos/plugins/woocommerce/assets/js/frontend/cart-fragments.min.js HTTP/1.1" 200 1054 "http://m.baidu.com/s?wd=industryyfy" "pc"
119.249.100.23 - - [06/Jun/2026:01:26:25 +0200] "GET /web/wp-conteudos/plugins/wp-multilang/assets/blocks/language-switcher/js/switcher-block.min.js HTTP/1.1" 200 1066 "http://m.baidu.com/s?wd=industryyfy" "pc"
119.249.100.216 - - [06/Jun/2026:01:26:25 +0200] "GET /web/wp-conteudos/themes/jupiter/assets/js/components-full.6.5.1.js HTTP/1.1" 200 1320 "http://m.baidu.com/s?wd=industryyfy" "pc"
119.249.100.151 - - [06/Jun/2026:01:26:25 +0200] "GET /web/wp-conteudos/themes/jupiter/assets/js/plugins/wp-enqueue/smoothscroll.js HTTP/1.1" 200 6579 "http://m.baidu.com/s?wd=industryyfy" "pc"
119.249.100.153 - - [06/Jun/2026:01:26:25 +0200] "GET /web/wp-conteudos/themes/jupiter/header-builder/includes/assets/js/mkhb-render.js HTTP/1.1" 200 1790 "http://m.baidu.com/s?wd=industryyfy" "pc"
66.249.79.33 - - [06/Jun/2026:01:26:26 +0200] "GET /web/cabazes-da-semana/?doing_wp_cron=1775293506.2391788959503173828125&add-to-cart=17247 HTTP/1.1" 200 52524 "-" "Mozilla/5.0 (Linux; Android 6.0.1; Nexus 5X Build/MMB29P) AppleWebKit/537.36 (KHTML, like Gecko) Chrome/148.0.7778.96 Mobile Safari/537.36 (compatible; Googlebot/2.1; +http://www.google.com/bot.html)"
119.249.100.216 - - [06/Jun/2026:01:26:26 +0200] "GET /web/wp-conteudos/plugins/jupiter-donut/assets/js/shortcodes-scripts.min.js HTTP/1.1" 200 17932 "http://m.baidu.com/s?wd=industryyfy" "pc"
119.249.100.23 - - [06/Jun/2026:01:26:26 +0200] "GET /web/wp-conteudos/themes/jupiter/header-builder/includes/assets/js/mkhb-column.js HTTP/1.1" 200 1089 "http://m.baidu.com/s?wd=industryyfy" "pc"
119.249.100.88 - - [06/Jun/2026:01:26:26 +0200] "GET /web/wp-conteudos/themes/jupiter/assets/js/core-scripts.6.5.1.js HTTP/1.1" 200 118468 "http://m.baidu.com/s?wd=industryyfy" "pc"
119.249.100.24 - - [06/Jun/2026:01:26:30 +0200] "POST /web/en/?wc-ajax=get_refreshed_fragments HTTP/1.1" 499 0 "http://m.baidu.com/s?wd=industryyfy" "pc"
119.249.100.216 - - [06/Jun/2026:01:26:36 +0200] "GET /web/wp-conteudos/themes/jupiter/assets/js/plugins/async/min/jquery.flexslider.js HTTP/1.1" 200 7414 "http://m.baidu.com/s?wd=industryyfy" "pc"
119.249.100.88 - - [06/Jun/2026:01:26:36 +0200] "GET /web/wp-conteudos/themes/jupiter/assets/js/plugins/async/min/minigrid.js HTTP/1.1" 200 1053 "http://m.baidu.com/s?wd=industryyfy" "pc"
198.244.240.24 - - [06/Jun/2026:01:26:52 +0200] "GET /web/categoria-produto/mercearia/page/1/?doing_wp_cron=1763245782.2596409320831298828125 HTTP/1.1" 301 5 "-" "Mozilla/5.0 (compatible; AhrefsBot/7.0; +http://ahrefs.com/robot/)"
75.119.139.177 - - [06/Jun/2026:01:26:56 +0200] "POST /wp-cron.php?doing_wp_cron=1780702016.7805159091949462890625 HTTP/1.1" 200 31 "-" "WordPress/6.9; https://www.fomento-sgoic.pt"
57.141.20.2 - - [06/Jun/2026:01:26:56 +0200] "GET /products/19752141/ HTTP/1.1" 301 5 "-" "meta-externalagent/1.1 (+https://developers.facebook.com/docs/sharing/webmasters/crawler)"
216.73.216.253 - - [06/Jun/2026:01:27:09 +0200] "GET /robots.txt HTTP/1.1" 404 146 "-" "Mozilla/5.0 AppleWebKit/537.36 (KHTML, like Gecko; compatible; ClaudeBot/1.0; +claudebot@anthropic.com)"
216.73.216.253 - - [06/Jun/2026:01:27:11 +0200] "GET /web/categoria-produto/mercearia/cereais/feed/ HTTP/1.1" 302 102 "-" "Mozilla/5.0 AppleWebKit/537.36 (KHTML, like Gecko; compatible; ClaudeBot/1.0; +claudebot@anthropic.com)"
216.73.216.253 - - [06/Jun/2026:01:27:12 +0200] "GET /web/wp-json/wp/v2/product_cat/33 HTTP/1.1" 302 102 "-" "Mozilla/5.0 AppleWebKit/537.36 (KHTML, like Gecko; compatible; ClaudeBot/1.0; +claudebot@anthropic.com)"
216.73.216.253 - - [06/Jun/2026:01:27:12 +0200] "GET /web/categoria-produto/mercearia/cereais/feed/?doing_wp_cron=1780702031.2806420326232910156250 HTTP/1.1" 200 4576 "https://biocabaz.pt/web/categoria-produto/mercearia/cereais/feed/" "Mozilla/5.0 AppleWebKit/537.36 (KHTML, like Gecko; compatible; ClaudeBot/1.0; +claudebot@anthropic.com)"
216.73.216.253 - - [06/Jun/2026:01:27:13 +0200] "GET /web/wp-json/wp/v2/product_cat/33?doing_wp_cron=1780702032.2363619804382324218750 HTTP/1.1" 200 1413 "https://biocabaz.pt/web/wp-json/wp/v2/product_cat/33" "Mozilla/5.0 AppleWebKit/537.36 (KHTML, like Gecko; compatible; ClaudeBot/1.0; +claudebot@anthropic.com)"
135.181.213.219 - - [06/Jun/2026:01:27:14 +0200] "GET /robots.txt HTTP/1.1" 404 146 "-" "Mozilla/5.0 (compatible; MJ12bot/v1.4.8; http://mj12bot.com/)"
135.181.213.219 - - [06/Jun/2026:01:27:17 +0200] "GET /web/categoria-produto/mercearia/sal-especiarias-temperos/page/4/?doing_wp_cron=1775845440.9057939052581787109375 HTTP/1.1" 200 32368 "-" "Mozilla/5.0 (compatible; MJ12bot/v1.4.8; http://mj12bot.com/)"
135.181.213.219 - - [06/Jun/2026:01:27:20 +0200] "GET /web/categoria-produto/sem-gluten-e-superalimentos/alimentos-sem-gluten/page/1/?doing_wp_cron=1780488517.9500501155853271484375 HTTP/1.1" 301 5 "-" "Mozilla/5.0 (compatible; MJ12bot/v1.4.8; http://mj12bot.com/)"
135.181.213.219 - - [06/Jun/2026:01:27:22 +0200] "GET /web/categoria-produto/sem-gluten-e-superalimentos/alimentos-sem-gluten/?doing_wp_cron=1780488517.9500501155853271484375 HTTP/1.1" 200 36686 "-" "Mozilla/5.0 (compatible; MJ12bot/v1.4.8; http://mj12bot.com/)"
51.89.129.60 - - [06/Jun/2026:01:27:24 +0200] "GET /wp-content/themes/turismofundos22/js/properties-map.js?ver=1780701918 HTTP/1.1" 200 1475 "-" "Mozilla/5.0 (compatible; AhrefsBot/7.0; +http://ahrefs.com/robot/)"
135.181.213.219 - - [06/Jun/2026:01:27:25 +0200] "GET /web/categoria-produto/sem-gluten-e-superalimentos/page/1/?doing_wp_cron=1721597231.7434980869293212890625 HTTP/1.1" 301 5 "-" "Mozilla/5.0 (compatible; MJ12bot/v1.4.8; http://mj12bot.com/)"
135.181.213.219 - - [06/Jun/2026:01:27:27 +0200] "GET /web/categoria-produto/sem-gluten-e-superalimentos/?doing_wp_cron=1721597231.7434980869293212890625 HTTP/1.1" 200 32892 "-" "Mozilla/5.0 (compatible; MJ12bot/v1.4.8; http://mj12bot.com/)"
135.181.213.219 - - [06/Jun/2026:01:27:28 +0200] "GET /web/categoria-produto/sem-gluten-e-superalimentos/page/2/?doing_wp_cron=1721597231.7434980869293212890625 HTTP/1.1" 200 32405 "-" "Mozilla/5.0 (compatible; MJ12bot/v1.4.8; http://mj12bot.com/)"
116.179.32.114 - - [06/Jun/2026:01:27:29 +0200] "GET /web/en/shop/page/58/?doing_wp_cron=1751421383.0136020183563232421875 HTTP/1.1" 200 32965 "-" "Mozilla/5.0 (compatible; Baiduspider/2.0; +http://www.baidu.com/search/spider.html)"
135.181.213.219 - - [06/Jun/2026:01:27:30 +0200] "GET /web/categoria-produto/sem-gluten-e-superalimentos/page/3/?doing_wp_cron=1721597231.7434980869293212890625 HTTP/1.1" 200 32313 "-" "Mozilla/5.0 (compatible; MJ12bot/v1.4.8; http://mj12bot.com/)"
135.181.213.219 - - [06/Jun/2026:01:27:32 +0200] "GET /web/categoria-produto/sem-gluten-e-superalimentos/page/5/?doing_wp_cron=1721597231.7434980869293212890625 HTTP/1.1" 200 32498 "-" "Mozilla/5.0 (compatible; MJ12bot/v1.4.8; http://mj12bot.com/)"
116.179.37.220 - - [06/Jun/2026:01:27:35 +0200] "POST /web/en/?wc-ajax=get_refreshed_fragments HTTP/1.1" 200 629 "https://biocabaz.pt/web/en/shop/page/58/?doing_wp_cron=1751421383.0136020183563232421875" "Mozilla/5.0 (compatible; Baiduspider-render/2.0; +http://www.baidu.com/search/spider.html)"
135.181.213.219 - - [06/Jun/2026:01:27:35 +0200] "GET /web/en/categoria-produto/bebes-e-criancas/page/3/?doing_wp_cron=1777889199.4667398929595947265625 HTTP/1.1" 200 31783 "-" "Mozilla/5.0 (compatible; MJ12bot/v1.4.8; http://mj12bot.com/)"
135.181.213.219 - - [06/Jun/2026:01:27:38 +0200] "GET /web/en/categoria-produto/frescos/page/1/?doing_wp_cron=1728155023.6515879631042480468750 HTTP/1.1" 301 5 "-" "Mozilla/5.0 (compatible; MJ12bot/v1.4.8; http://mj12bot.com/)"
135.181.213.219 - - [06/Jun/2026:01:27:40 +0200] "GET /web/en/categoria-produto/frescos/?doing_wp_cron=1728155023.6515879631042480468750 HTTP/1.1" 200 32627 "-" "Mozilla/5.0 (compatible; MJ12bot/v1.4.8; http://mj12bot.com/)"
135.181.213.219 - - [06/Jun/2026:01:27:43 +0200] "GET /web/en/categoria-produto/frescos/page/1/?doing_wp_cron=1780684882.7220048904418945312500 HTTP/1.1" 301 5 "-" "Mozilla/5.0 (compatible; MJ12bot/v1.4.8; http://mj12bot.com/)"
135.181.213.219 - - [06/Jun/2026:01:27:45 +0200] "GET /web/en/categoria-produto/frescos/?doing_wp_cron=1780684882.7220048904418945312500 HTTP/1.1" 200 32627 "-" "Mozilla/5.0 (compatible; MJ12bot/v1.4.8; http://mj12bot.com/)"
135.181.213.219 - - [06/Jun/2026:01:27:48 +0200] "GET /web/en/categoria-produto/frescos/page/1/?doing_wp_cron=1780684882.8536410331726074218750 HTTP/1.1" 301 5 "-" "Mozilla/5.0 (compatible; MJ12bot/v1.4.8; http://mj12bot.com/)"
216.73.216.253 - - [06/Jun/2026:01:27:49 +0200] "GET /web/categoria-produto/mercearia/cereais/page/3/ HTTP/1.1" 200 30078 "-" "Mozilla/5.0 AppleWebKit/537.36 (KHTML, like Gecko; compatible; ClaudeBot/1.0; +claudebot@anthropic.com)"
135.181.213.219 - - [06/Jun/2026:01:27:50 +0200] "GET /web/en/categoria-produto/frescos/?doing_wp_cron=1780684882.8536410331726074218750 HTTP/1.1" 200 32627 "-" "Mozilla/5.0 (compatible; MJ12bot/v1.4.8; http://mj12bot.com/)"
114.119.148.233 - - [06/Jun/2026:01:27:50 +0200] "GET /web/shop/page/55/?orderby=popularity&doing_wp_cron=1676343651.1233549118041992187500 HTTP/1.1" 200 33195 "https://www.biocabaz.pt/web/shop/page/55/?orderby=popularity&doing_wp_cron=1676343651.1233549118041992187500" "Mozilla/5.0 (Linux; Android 7.0;) AppleWebKit/537.36 (HTML, like Gecko) Mobile Safari/537.36 (compatible; PetalBot;+https://webmaster.petalsearch.com/site/petalbot)"
216.73.216.253 - - [06/Jun/2026:01:27:50 +0200] "GET /web/categoria-produto/mercearia/cereais/page/2/ HTTP/1.1" 200 32071 "-" "Mozilla/5.0 AppleWebKit/537.36 (KHTML, like Gecko; compatible; ClaudeBot/1.0; +claudebot@anthropic.com)"
182.138.158.238 - - [06/Jun/2026:01:27:51 +0200] "GET /ipfs/bafkreicyqcbhpicbos7ev4mrxofwqx6hvvge7pahpta6xuspr44crai5by HTTP/1.1" 404 548 "-" "Mozilla/5.0101097241 Mozilla/5.0 (Windows NT 10.0; Win64; x64) AppleWebKit/537.36 (KHTML, like Gecko) Chrome/69.0.3497.81 Safari/537.36"
52.7.45.143 - - [06/Jun/2026:01:27:52 +0200] "GET /robots.txt HTTP/1.1" 301 162 "-" "Mozilla/5.0 (Macintosh; Intel Mac OS X 10_10_1) AppleWebKit/600.2.5 (KHTML, like Gecko) Version/8.0.2 Safari/600.2.5 (Gort)"
135.181.213.219 - - [06/Jun/2026:01:27:53 +0200] "GET /web/en/categoria-produto/frescos/page/1/?doing_wp_cron=1780690818.9871149063110351562500 HTTP/1.1" 301 5 "-" "Mozilla/5.0 (compatible; MJ12bot/v1.4.8; http://mj12bot.com/)"
54.152.198.76 - - [06/Jun/2026:01:27:53 +0200] "GET /robots.txt HTTP/1.1" 200 583 "-" "Mozilla/5.0 (Macintosh; Intel Mac OS X 10_10_1) AppleWebKit/600.2.5 (KHTML, like Gecko) Version/8.0.2 Safari/600.2.5 (Gort)"
135.181.213.219 - - [06/Jun/2026:01:27:54 +0200] "GET /web/en/categoria-produto/frescos/?doing_wp_cron=1780690818.9871149063110351562500 HTTP/1.1" 200 32627 "-" "Mozilla/5.0 (compatible; MJ12bot/v1.4.8; http://mj12bot.com/)"
135.181.213.219 - - [06/Jun/2026:01:27:56 +0200] "GET /web/en/categoria-produto/frescos/page/10/?doing_wp_cron=1728881971.6848530769348144531250 HTTP/1.1" 200 32018 "-" "Mozilla/5.0 (compatible; MJ12bot/v1.4.8; http://mj12bot.com/)"
135.181.213.219 - - [06/Jun/2026:01:27:57 +0200] "GET /web/en/categoria-produto/frescos/page/10/?doing_wp_cron=1780567664.9689779281616210937500 HTTP/1.1" 200 32018 "-" "Mozilla/5.0 (compatible; MJ12bot/v1.4.8; http://mj12bot.com/)"
135.181.213.219 - - [06/Jun/2026:01:27:59 +0200] "GET /web/en/categoria-produto/frescos/page/10/?doing_wp_cron=1780684882.7220048904418945312500 HTTP/1.1" 200 32018 "-" "Mozilla/5.0 (compatible; MJ12bot/v1.4.8; http://mj12bot.com/)"
135.181.213.219 - - [06/Jun/2026:01:28:01 +0200] "GET /web/en/categoria-produto/frescos/page/10/?doing_wp_cron=1780684882.8536410331726074218750 HTTP/1.1" 200 32018 "-" "Mozilla/5.0 (compatible; MJ12bot/v1.4.8; http://mj12bot.com/)"
135.181.213.219 - - [06/Jun/2026:01:28:03 +0200] "GET /web/en/categoria-produto/frescos/page/11/?doing_wp_cron=1780684882.7220048904418945312500 HTTP/1.1" 200 31201 "-" "Mozilla/5.0 (compatible; MJ12bot/v1.4.8; http://mj12bot.com/)"
114.119.136.113 - - [06/Jun/2026:01:28:03 +0200] "GET /web/shop/page/54/?orderby=date&doing_wp_cron=1692520312.3090760707855224609375 HTTP/1.1" 200 32786 "https://www.biocabaz.pt/web/shop/page/54/?orderby=date&doing_wp_cron=1692520312.3090760707855224609375" "Mozilla/5.0 (Linux; Android 7.0;) AppleWebKit/537.36 (HTML, like Gecko) Mobile Safari/537.36 (compatible; PetalBot;+https://webmaster.petalsearch.com/site/petalbot)"
135.181.213.219 - - [06/Jun/2026:01:28:04 +0200] "GET /web/en/categoria-produto/frescos/page/11/?doing_wp_cron=1780684882.8536410331726074218750 HTTP/1.1" 200 31201 "-" "Mozilla/5.0 (compatible; MJ12bot/v1.4.8; http://mj12bot.com/)"
135.181.213.219 - - [06/Jun/2026:01:28:06 +0200] "GET /web/en/categoria-produto/frescos/page/11/?doing_wp_cron=1780690818.9871149063110351562500 HTTP/1.1" 200 31201 "-" "Mozilla/5.0 (compatible; MJ12bot/v1.4.8; http://mj12bot.com/)"
135.181.213.219 - - [06/Jun/2026:01:28:08 +0200] "GET /web/en/categoria-produto/frescos/page/12/?doing_wp_cron=1780690818.9871149063110351562500 HTTP/1.1" 200 31684 "-" "Mozilla/5.0 (compatible; MJ12bot/v1.4.8; http://mj12bot.com/)"
135.181.213.219 - - [06/Jun/2026:01:28:09 +0200] "GET /web/en/categoria-produto/frescos/page/2/?doing_wp_cron=1780684882.7220048904418945312500 HTTP/1.1" 200 31647 "-" "Mozilla/5.0 (compatible; MJ12bot/v1.4.8; http://mj12bot.com/)"
135.181.213.219 - - [06/Jun/2026:01:28:11 +0200] "GET /web/en/categoria-produto/frescos/page/2/?doing_wp_cron=1780684882.8536410331726074218750 HTTP/1.1" 200 31647 "-" "Mozilla/5.0 (compatible; MJ12bot/v1.4.8; http://mj12bot.com/)"
75.119.139.177 - - [06/Jun/2026:01:28:13 +0200] "POST /wp-cron.php?doing_wp_cron=1780702093.0595159530639648437500 HTTP/1.1" 200 31 "-" "WordPress/6.9; https://www.fomento-sgoic.pt"
57.141.20.31 - - [06/Jun/2026:01:28:13 +0200] "GET /products/6985330/ HTTP/1.1" 301 5 "-" "meta-externalagent/1.1 (+https://developers.facebook.com/docs/sharing/webmasters/crawler)"
135.181.213.219 - - [06/Jun/2026:01:28:14 +0200] "GET /web/en/produto/detergente-para-chao-de-madeira-05ml-sonett/?add-to-cart=74848 HTTP/1.1" 302 11 "-" "Mozilla/5.0 (compatible; MJ12bot/v1.4.8; http://mj12bot.com/)"
114.119.143.174 - - [06/Jun/2026:01:28:14 +0200] "GET /web/shop/page/41/?doing_wp_cron=1689799522.0753519535064697265625 HTTP/1.1" 200 32572 "https://www.biocabaz.pt/web/en/shop/page/41/?doing_wp_cron=1689799522.0753519535064697265625" "Mozilla/5.0 (Linux; Android 7.0;) AppleWebKit/537.36 (HTML, like Gecko) Mobile Safari/537.36 (compatible; PetalBot;+https://webmaster.petalsearch.com/site/petalbot)"
216.73.216.253 - - [06/Jun/2026:01:28:15 +0200] "GET /web/en/categoria-produto/mercearia/cereais/page/2/ HTTP/1.1" 200 31573 "-" "Mozilla/5.0 AppleWebKit/537.36 (KHTML, like Gecko; compatible; ClaudeBot/1.0; +claudebot@anthropic.com)"
216.73.216.253 - - [06/Jun/2026:01:28:15 +0200] "GET /web/?doing_wp_cron=1718889590.4239161014556884765625 HTTP/1.1" 200 38184 "-" "Mozilla/5.0 AppleWebKit/537.36 (KHTML, like Gecko; compatible; ClaudeBot/1.0; +claudebot@anthropic.com)"
135.181.213.219 - - [06/Jun/2026:01:28:18 +0200] "GET /web/en/produto/detergente-para-chao-de-madeira-05ml-sonett/?add-to-cart=74848&doing_wp_cron=1780702094.7473659515380859375000 HTTP/1.1" 200 39029 "-" "Mozilla/5.0 (compatible; MJ12bot/v1.4.8; http://mj12bot.com/)"
135.181.213.219 - - [06/Jun/2026:01:28:20 +0200] "GET /web/en/shop/page/40/?doing_wp_cron=1780002948.7698919773101806640625 HTTP/1.1" 200 33325 "-" "Mozilla/5.0 (compatible; MJ12bot/v1.4.8; http://mj12bot.com/)"
135.181.213.219 - - [06/Jun/2026:01:28:22 +0200] "GET /web/en/shop/page/49/?doing_wp_cron=1674516139.8720040321350097656250 HTTP/1.1" 200 32983 "-" "Mozilla/5.0 (compatible; MJ12bot/v1.4.8; http://mj12bot.com/)"
135.181.213.219 - - [06/Jun/2026:01:28:25 +0200] "GET /web/en/shop/page/57/?add-to-cart=970 HTTP/1.1" 200 33453 "-" "Mozilla/5.0 (compatible; MJ12bot/v1.4.8; http://mj12bot.com/)"
157.90.156.63 - - [06/Jun/2026:01:28:25 +0200] "GET /web/ HTTP/1.1" 200 38184 "https://biocabaz.pt/web/" "Mozilla/5.0+(compatible; UptimeRobot/2.0; http://www.uptimerobot.com/)"
135.181.213.219 - - [06/Jun/2026:01:28:27 +0200] "GET /web/shop/page/8/?doing_wp_cron=1721837321.3127970695495605468750 HTTP/1.1" 200 33595 "-" "Mozilla/5.0 (compatible; MJ12bot/v1.4.8; http://mj12bot.com/)"
135.181.213.219 - - [06/Jun/2026:01:28:28 +0200] "GET /robots.txt HTTP/1.1" 404 146 "-" "Mozilla/5.0 (compatible; MJ12bot/v1.4.8; http://mj12bot.com/)"
114.119.151.185 - - [06/Jun/2026:01:28:28 +0200] "GET /web/shop/page/37/?doing_wp_cron=1711221267.6048018932342529296875 HTTP/1.1" 200 32788 "https://www.biocabaz.pt/web/shop/page/34?doing_wp_cron=1693998941.5140740871429443359375" "Mozilla/5.0 (Linux; Android 7.0;) AppleWebKit/537.36 (HTML, like Gecko) Mobile Safari/537.36 (compatible; PetalBot;+https://webmaster.petalsearch.com/site/petalbot)"
216.73.216.253 - - [06/Jun/2026:01:28:30 +0200] "GET /web/categoria-produto/mercearia/cereais/?add-to-cart=9883 HTTP/1.1" 200 33347 "-" "Mozilla/5.0 AppleWebKit/537.36 (KHTML, like Gecko; compatible; ClaudeBot/1.0; +claudebot@anthropic.com)"
135.181.213.219 - - [06/Jun/2026:01:28:31 +0200] "GET /web/categoria-produto/frescos/page/11/?add-to-cart=73815 HTTP/1.1" 200 32076 "-" "Mozilla/5.0 (compatible; MJ12bot/v1.4.8; http://mj12bot.com/)"
216.73.216.253 - - [06/Jun/2026:01:28:33 +0200] "GET /web/produto/salsichas-frankfurt-bio-2/?add-to-cart=780 HTTP/1.1" 200 41051 "-" "Mozilla/5.0 AppleWebKit/537.36 (KHTML, like Gecko; compatible; ClaudeBot/1.0; +claudebot@anthropic.com)"
135.181.213.219 - - [06/Jun/2026:01:28:34 +0200] "GET /web/categoria-produto/frescos/page/11/?add-to-cart=73815&doing_wp_cron=1780628833.8524570465087890625000 HTTP/1.1" 200 32218 "-" "Mozilla/5.0 (compatible; MJ12bot/v1.4.8; http://mj12bot.com/)"
135.181.213.219 - - [06/Jun/2026:01:28:36 +0200] "GET /web/categoria-produto/frescos/page/11/?doing_wp_cron=1707605154.2769439220428466796875 HTTP/1.1" 200 31790 "-" "Mozilla/5.0 (compatible; MJ12bot/v1.4.8; http://mj12bot.com/)"
