135.181.213.219 - - [06/Jun/2026:01:32:33 +0200] "GET /web/en/produto/bacon-bio/?add-to-cart=73813 HTTP/1.1" 200 38625 "-" "Mozilla/5.0 (compatible; MJ12bot/v1.4.8; http://mj12bot.com/)"
114.119.137.177 - - [06/Jun/2026:01:32:33 +0200] "GET /web/shop/page/55/?orderby=popularity&doing_wp_cron=1752979634.9105439186096191406250 HTTP/1.1" 200 33206 "https://www.biocabaz.pt/web/shop/page/56/?orderby=popularity&doing_wp_cron=1752979634.9105439186096191406250" "Mozilla/5.0 (Linux; Android 7.0;) AppleWebKit/537.36 (HTML, like Gecko) Mobile Safari/537.36 (compatible; PetalBot;+https://webmaster.petalsearch.com/site/petalbot)"
199.30.24.7 - - [06/Jun/2026:01:32:34 +0200] "POST /web/?wc-ajax=get_refreshed_fragments HTTP/1.1" 200 625 "https://biocabaz.pt/web/produto/mini-salsichas-vegan-seitan-wheaty-200gr" "Mozilla/5.0 AppleWebKit/537.36 (KHTML, like Gecko; compatible; bingbot/2.0; +http://www.bing.com/bingbot.htm) Chrome/136.0.0.0 Safari/537.36"
135.181.213.219 - - [06/Jun/2026:01:32:36 +0200] "GET /web/en/produto/bacon-bio/?add-to-cart=73815 HTTP/1.1" 200 38600 "-" "Mozilla/5.0 (compatible; MJ12bot/v1.4.8; http://mj12bot.com/)"
216.73.216.253 - - [06/Jun/2026:01:32:37 +0200] "GET /web/categoria-produto/mercearia/cereais/?add-to-cart=9912 HTTP/1.1" 200 33355 "-" "Mozilla/5.0 AppleWebKit/537.36 (KHTML, like Gecko; compatible; ClaudeBot/1.0; +claudebot@anthropic.com)"
135.181.213.219 - - [06/Jun/2026:01:32:40 +0200] "GET /web/en/produto/bebida-de-caju-e-coco-bio-isola-1l/?add-to-cart=76128 HTTP/1.1" 200 38968 "-" "Mozilla/5.0 (compatible; MJ12bot/v1.4.8; http://mj12bot.com/)"
52.225.83.240 - - [06/Jun/2026:01:32:43 +0200] "GET /web/produto/and-iogurte-fruta-framboesa-37-150g/?add-to-cart=644 HTTP/1.1" 200 39124 "-" "Mozilla/5.0 (Windows NT 10.0; Win64; x64) AppleWebKit/537.36 (KHTML, like Gecko) Chrome/133.0.0.0 Safari/537.36"
135.181.213.219 - - [06/Jun/2026:01:32:43 +0200] "GET /web/en/produto/bebida-de-coco-s-acucar-bio-provida-1l-2/?add-to-cart=47137 HTTP/1.1" 200 40106 "-" "Mozilla/5.0 (compatible; MJ12bot/v1.4.8; http://mj12bot.com/)"
114.119.157.158 - - [06/Jun/2026:01:32:44 +0200] "GET /web/shop/page/4/?doing_wp_cron=1748653448.3892109394073486328125 HTTP/1.1" 200 33059 "https://www.biocabaz.pt/web/shop/page/4/?doing_wp_cron=1748653448.3892109394073486328125" "Mozilla/5.0 (Linux; Android 7.0;) AppleWebKit/537.36 (HTML, like Gecko) Mobile Safari/537.36 (compatible; PetalBot;+https://webmaster.petalsearch.com/site/petalbot)"
135.181.213.219 - - [06/Jun/2026:01:32:46 +0200] "GET /web/en/produto/beterraba-biologica-naturefoods/?add-to-cart=1011 HTTP/1.1" 200 38611 "-" "Mozilla/5.0 (compatible; MJ12bot/v1.4.8; http://mj12bot.com/)"
135.181.213.219 - - [06/Jun/2026:01:32:50 +0200] "GET /web/en/produto/beterraba-biologica-naturefoods/?add-to-cart=11400 HTTP/1.1" 200 38591 "-" "Mozilla/5.0 (compatible; MJ12bot/v1.4.8; http://mj12bot.com/)"
216.73.216.253 - - [06/Jun/2026:01:32:51 +0200] "GET /robots.txt HTTP/1.1" 404 146 "-" "Mozilla/5.0 AppleWebKit/537.36 (KHTML, like Gecko; compatible; ClaudeBot/1.0; +claudebot@anthropic.com)"
38.46.221.86 - - [06/Jun/2026:01:32:52 +0200] "GET /web/wp-conteudos/uploads/2016/04/maca-fuji-1000x667.jpg HTTP/1.1" 200 55411 "-" "Mozilla/5.0 (Macintosh; Intel Mac OS X 10_15_7) AppleWebKit/537.36 (KHTML, like Gecko) Chrome/146.0.0.0 Safari/537.36"
135.181.213.219 - - [06/Jun/2026:01:32:53 +0200] "GET /web/en/produto/beterraba-biologica-naturefoods/?add-to-cart=11407 HTTP/1.1" 200 38669 "-" "Mozilla/5.0 (compatible; MJ12bot/v1.4.8; http://mj12bot.com/)"
216.73.216.253 - - [06/Jun/2026:01:32:54 +0200] "GET /web/en/produto/salsichas-frankfurt-bio-2/?add-to-cart=1010 HTTP/1.1" 200 40555 "-" "Mozilla/5.0 AppleWebKit/537.36 (KHTML, like Gecko; compatible; ClaudeBot/1.0; +claudebot@anthropic.com)"
135.181.213.219 - - [06/Jun/2026:01:32:56 +0200] "GET /web/en/produto/beterraba-biologica-naturefoods/?add-to-cart=3335 HTTP/1.1" 200 38578 "-" "Mozilla/5.0 (compatible; MJ12bot/v1.4.8; http://mj12bot.com/)"
114.119.138.214 - - [06/Jun/2026:01:32:59 +0200] "GET /web/produto/hamburguer-vitelao-250gr-bio/?doing_wp_cron=1677545397.1436479091644287109375 HTTP/1.1" 200 35038 "https://www.biocabaz.pt/web/produto/hamburguer-vitelao-250gr-bio?doing_wp_cron=1677545397.1436479091644287109375" "Mozilla/5.0 (Linux; Android 7.0;) AppleWebKit/537.36 (HTML, like Gecko) Mobile Safari/537.36 (compatible; PetalBot;+https://webmaster.petalsearch.com/site/petalbot)"
172.56.253.227 - - [06/Jun/2026:01:32:59 +0200] "GET /web/produto/grao-de-bico/ HTTP/1.1" 200 39397 "-" "Mozilla/5.0 (Linux; Android 10; K) AppleWebKit/537.36 (KHTML, like Gecko) SamsungBrowser/30.0 Chrome/143.0.0.0 Mobile Safari/537.36"
54.36.150.170 - - [06/Jun/2026:01:32:59 +0200] "GET /robots.txt HTTP/1.1" 200 583 "-" "Mozilla/5.0 (compatible; HaloBot/1.0)"
43.172.196.141 - - [06/Jun/2026:01:32:59 +0200] "GET /web?p=75253 HTTP/1.1" 301 162 "-" "Mozilla/5.0 (Windows NT 10.0; Win64; x64) AppleWebKit/537.36 (KHTML, like Gecko) Chrome/105.0.0.0 Safari/537.3"
172.56.253.227 - - [06/Jun/2026:01:32:59 +0200] "GET /web/wp-includes/css/dist/block-library/style.min.css HTTP/1.1" 200 15621 "https://www.biocabaz.pt/web/produto/grao-de-bico/" "Mozilla/5.0 (Linux; Android 10; K) AppleWebKit/537.36 (KHTML, like Gecko) SamsungBrowser/30.0 Chrome/143.0.0.0 Mobile Safari/537.36"
172.56.253.227 - - [06/Jun/2026:01:32:59 +0200] "GET /web/wp-conteudos/plugins/woocommerce/packages/woocommerce-blocks/build/wc-blocks-vendors-style.css HTTP/1.1" 200 1987 "https://www.biocabaz.pt/web/produto/grao-de-bico/" "Mozilla/5.0 (Linux; Android 10; K) AppleWebKit/537.36 (KHTML, like Gecko) SamsungBrowser/30.0 Chrome/143.0.0.0 Mobile Safari/537.36"
172.56.253.227 - - [06/Jun/2026:01:33:00 +0200] "GET /web/wp-conteudos/plugins/woocommerce/packages/woocommerce-blocks/build/wc-blocks-style.css HTTP/1.1" 200 25428 "https://www.biocabaz.pt/web/produto/grao-de-bico/" "Mozilla/5.0 (Linux; Android 10; K) AppleWebKit/537.36 (KHTML, like Gecko) SamsungBrowser/30.0 Chrome/143.0.0.0 Mobile Safari/537.36"
172.56.253.227 - - [06/Jun/2026:01:33:00 +0200] "GET /web/wp-conteudos/plugins/cookie-notice/css/front.min.css HTTP/1.1" 200 1108 "https://www.biocabaz.pt/web/produto/grao-de-bico/" "Mozilla/5.0 (Linux; Android 10; K) AppleWebKit/537.36 (KHTML, like Gecko) SamsungBrowser/30.0 Chrome/143.0.0.0 Mobile Safari/537.36"
172.56.253.227 - - [06/Jun/2026:01:33:00 +0200] "GET /web/wp-includes/css/dashicons.min.css HTTP/1.1" 200 35775 "https://www.biocabaz.pt/web/produto/grao-de-bico/" "Mozilla/5.0 (Linux; Android 10; K) AppleWebKit/537.36 (KHTML, like Gecko) SamsungBrowser/30.0 Chrome/143.0.0.0 Mobile Safari/537.36"
172.56.253.227 - - [06/Jun/2026:01:33:00 +0200] "GET /web/wp-conteudos/plugins/smart-marketing-for-wp/public/css/egoi-for-wp-public.css HTTP/1.1" 200 1173 "https://www.biocabaz.pt/web/produto/grao-de-bico/" "Mozilla/5.0 (Linux; Android 10; K) AppleWebKit/537.36 (KHTML, like Gecko) SamsungBrowser/30.0 Chrome/143.0.0.0 Mobile Safari/537.36"
172.56.253.227 - - [06/Jun/2026:01:33:00 +0200] "GET /web/wp-conteudos/plugins/userpro/skins/pure/style.css HTTP/1.1" 200 5179 "https://www.biocabaz.pt/web/produto/grao-de-bico/" "Mozilla/5.0 (Linux; Android 10; K) AppleWebKit/537.36 (KHTML, like Gecko) SamsungBrowser/30.0 Chrome/143.0.0.0 Mobile Safari/537.36"
172.56.253.227 - - [06/Jun/2026:01:33:00 +0200] "GET /web/wp-conteudos/plugins/userpro/css/up-fontawesome.css HTTP/1.1" 200 10233 "https://www.biocabaz.pt/web/produto/grao-de-bico/" "Mozilla/5.0 (Linux; Android 10; K) AppleWebKit/537.36 (KHTML, like Gecko) SamsungBrowser/30.0 Chrome/143.0.0.0 Mobile Safari/537.36"
135.181.213.219 - - [06/Jun/2026:01:33:00 +0200] "GET /web/en/produto/bio-pasta-dentes-branqueadora-carvao-ativado/?add-to-cart=535 HTTP/1.1" 200 41454 "-" "Mozilla/5.0 (compatible; MJ12bot/v1.4.8; http://mj12bot.com/)"
172.56.253.227 - - [06/Jun/2026:01:33:00 +0200] "GET /web/wp-conteudos/plugins/userpro/addons/timeline/assets/css/timeline.css HTTP/1.1" 200 1159 "https://www.biocabaz.pt/web/produto/grao-de-bico/" "Mozilla/5.0 (Linux; Android 10; K) AppleWebKit/537.36 (KHTML, like Gecko) SamsungBrowser/30.0 Chrome/143.0.0.0 Mobile Safari/537.36"
172.56.253.227 - - [06/Jun/2026:01:33:00 +0200] "GET /web/wp-conteudos/plugins/woo-keyinvoice-integration/public/css/woo-keyinvoice-integration-public.css HTTP/1.1" 200 98 "https://www.biocabaz.pt/web/produto/grao-de-bico/" "Mozilla/5.0 (Linux; Android 10; K) AppleWebKit/537.36 (KHTML, like Gecko) SamsungBrowser/30.0 Chrome/143.0.0.0 Mobile Safari/537.36"
172.56.253.227 - - [06/Jun/2026:01:33:00 +0200] "GET /web/wp-conteudos/plugins/woocommerce/assets/css/photoswipe/photoswipe.min.css HTTP/1.1" 200 1009 "https://www.biocabaz.pt/web/produto/grao-de-bico/" "Mozilla/5.0 (Linux; Android 10; K) AppleWebKit/537.36 (KHTML, like Gecko) SamsungBrowser/30.0 Chrome/143.0.0.0 Mobile Safari/537.36"
172.56.253.227 - - [06/Jun/2026:01:33:00 +0200] "GET /web/wp-conteudos/plugins/woocommerce/assets/css/photoswipe/default-skin/default-skin.min.css HTTP/1.1" 200 1937 "https://www.biocabaz.pt/web/produto/grao-de-bico/" "Mozilla/5.0 (Linux; Android 10; K) AppleWebKit/537.36 (KHTML, like Gecko) SamsungBrowser/30.0 Chrome/143.0.0.0 Mobile Safari/537.36"
172.56.253.227 - - [06/Jun/2026:01:33:00 +0200] "GET /web/wp-conteudos/themes/jupiter/assets/stylesheet/plugins/min/woocommerce.css HTTP/1.1" 200 9632 "https://www.biocabaz.pt/web/produto/grao-de-bico/" "Mozilla/5.0 (Linux; Android 10; K) AppleWebKit/537.36 (KHTML, like Gecko) SamsungBrowser/30.0 Chrome/143.0.0.0 Mobile Safari/537.36"
172.56.253.227 - - [06/Jun/2026:01:33:00 +0200] "GET /web/wp-conteudos/plugins/wp-multilang/assets/styles/main.min.css HTTP/1.1" 200 1027 "https://www.biocabaz.pt/web/produto/grao-de-bico/" "Mozilla/5.0 (Linux; Android 10; K) AppleWebKit/537.36 (KHTML, like Gecko) SamsungBrowser/30.0 Chrome/143.0.0.0 Mobile Safari/537.36"
172.56.253.227 - - [06/Jun/2026:01:33:00 +0200] "GET /web/wp-conteudos/themes/jupiter/header-builder/includes/assets/css/mkhb-render.css HTTP/1.1" 200 1156 "https://www.biocabaz.pt/web/produto/grao-de-bico/" "Mozilla/5.0 (Linux; Android 10; K) AppleWebKit/537.36 (KHTML, like Gecko) SamsungBrowser/30.0 Chrome/143.0.0.0 Mobile Safari/537.36"
172.56.253.227 - - [06/Jun/2026:01:33:00 +0200] "GET /web/wp-conteudos/themes/jupiter/assets/stylesheet/min/full-styles.6.5.1.css HTTP/1.1" 200 27411 "https://www.biocabaz.pt/web/produto/grao-de-bico/" "Mozilla/5.0 (Linux; Android 10; K) AppleWebKit/537.36 (KHTML, like Gecko) SamsungBrowser/30.0 Chrome/143.0.0.0 Mobile Safari/537.36"
172.56.253.227 - - [06/Jun/2026:01:33:00 +0200] "GET /web/wp-conteudos/themes/jupiter/header-builder/includes/assets/css/mkhb-column.css HTTP/1.1" 200 833 "https://www.biocabaz.pt/web/produto/grao-de-bico/" "Mozilla/5.0 (Linux; Android 10; K) AppleWebKit/537.36 (KHTML, like Gecko) SamsungBrowser/30.0 Chrome/143.0.0.0 Mobile Safari/537.36"
172.56.253.227 - - [06/Jun/2026:01:33:00 +0200] "GET /web/wp-conteudos/themes/jupiter/header-builder/includes/assets/css/mkhb-row.css HTTP/1.1" 200 553 "https://www.biocabaz.pt/web/produto/grao-de-bico/" "Mozilla/5.0 (Linux; Android 10; K) AppleWebKit/537.36 (KHTML, like Gecko) SamsungBrowser/30.0 Chrome/143.0.0.0 Mobile Safari/537.36"
172.56.253.227 - - [06/Jun/2026:01:33:00 +0200] "GET /web/wp-conteudos/plugins/dhvc-form/assets/fonts/font-awesome/css/font-awesome.min.css HTTP/1.1" 200 4747 "https://www.biocabaz.pt/web/produto/grao-de-bico/" "Mozilla/5.0 (Linux; Android 10; K) AppleWebKit/537.36 (KHTML, like Gecko) SamsungBrowser/30.0 Chrome/143.0.0.0 Mobile Safari/537.36"
172.56.253.227 - - [06/Jun/2026:01:33:00 +0200] "GET /web/wp-conteudos/plugins/dhvc-form/assets/css/style.css HTTP/1.1" 200 3736 "https://www.biocabaz.pt/web/produto/grao-de-bico/" "Mozilla/5.0 (Linux; Android 10; K) AppleWebKit/537.36 (KHTML, like Gecko) SamsungBrowser/30.0 Chrome/143.0.0.0 Mobile Safari/537.36"
172.56.253.227 - - [06/Jun/2026:01:33:00 +0200] "GET /web/wp-conteudos/uploads/mk_assets/theme-options-production-1780169976.css HTTP/1.1" 200 5907 "https://www.biocabaz.pt/web/produto/grao-de-bico/" "Mozilla/5.0 (Linux; Android 10; K) AppleWebKit/537.36 (KHTML, like Gecko) SamsungBrowser/30.0 Chrome/143.0.0.0 Mobile Safari/537.36"
172.56.253.227 - - [06/Jun/2026:01:33:00 +0200] "GET /web/wp-conteudos/themes/jupiter-child/style.css HTTP/1.1" 200 410 "https://www.biocabaz.pt/web/produto/grao-de-bico/" "Mozilla/5.0 (Linux; Android 10; K) AppleWebKit/537.36 (KHTML, like Gecko) SamsungBrowser/30.0 Chrome/143.0.0.0 Mobile Safari/537.36"
172.56.253.227 - - [06/Jun/2026:01:33:00 +0200] "GET /web/wp-conteudos/plugins/woocommerce-product-bundles/assets/css/frontend/woocommerce.css HTTP/1.1" 200 607 "https://www.biocabaz.pt/web/produto/grao-de-bico/" "Mozilla/5.0 (Linux; Android 10; K) AppleWebKit/537.36 (KHTML, like Gecko) SamsungBrowser/30.0 Chrome/143.0.0.0 Mobile Safari/537.36"
172.56.253.227 - - [06/Jun/2026:01:33:00 +0200] "GET /web/wp-conteudos/plugins/smart-marketing-for-wp/admin/js/egoi-for-wp-canvas.js HTTP/1.1" 200 2304 "https://www.biocabaz.pt/web/produto/grao-de-bico/" "Mozilla/5.0 (Linux; Android 10; K) AppleWebKit/537.36 (KHTML, like Gecko) SamsungBrowser/30.0 Chrome/143.0.0.0 Mobile Safari/537.36"
172.56.253.227 - - [06/Jun/2026:01:33:00 +0200] "GET /web/wp-includes/js/jquery/jquery.min.js HTTP/1.1" 200 30646 "https://www.biocabaz.pt/web/produto/grao-de-bico/" "Mozilla/5.0 (Linux; Android 10; K) AppleWebKit/537.36 (KHTML, like Gecko) SamsungBrowser/30.0 Chrome/143.0.0.0 Mobile Safari/537.36"
172.56.253.227 - - [06/Jun/2026:01:33:00 +0200] "GET /web/wp-includes/js/jquery/jquery-migrate.min.js HTTP/1.1" 200 4894 "https://www.biocabaz.pt/web/produto/grao-de-bico/" "Mozilla/5.0 (Linux; Android 10; K) AppleWebKit/537.36 (KHTML, like Gecko) SamsungBrowser/30.0 Chrome/143.0.0.0 Mobile Safari/537.36"
172.56.253.227 - - [06/Jun/2026:01:33:00 +0200] "GET /web/wp-conteudos/plugins/jupiter-donut/assets/css/shortcodes-styles.min.css HTTP/1.1" 200 58842 "https://www.biocabaz.pt/web/produto/grao-de-bico/" "Mozilla/5.0 (Linux; Android 10; K) AppleWebKit/537.36 (KHTML, like Gecko) SamsungBrowser/30.0 Chrome/143.0.0.0 Mobile Safari/537.36"
172.56.253.227 - - [06/Jun/2026:01:33:00 +0200] "GET /web/wp-conteudos/themes/jupiter/assets/js/plugins/wp-enqueue/webfontloader.js HTTP/1.1" 200 5035 "https://www.biocabaz.pt/web/produto/grao-de-bico/" "Mozilla/5.0 (Linux; Android 10; K) AppleWebKit/537.36 (KHTML, like Gecko) SamsungBrowser/30.0 Chrome/143.0.0.0 Mobile Safari/537.36"
172.56.253.227 - - [06/Jun/2026:01:33:00 +0200] "GET /web/wp-conteudos/plugins/cookie-notice/js/front.min.js HTTP/1.1" 200 2167 "https://www.biocabaz.pt/web/produto/grao-de-bico/" "Mozilla/5.0 (Linux; Android 10; K) AppleWebKit/537.36 (KHTML, like Gecko) SamsungBrowser/30.0 Chrome/143.0.0.0 Mobile Safari/537.36"
172.56.253.227 - - [06/Jun/2026:01:33:00 +0200] "GET /web/wp-conteudos/plugins/woo-keyinvoice-integration/public/js/woo-keyinvoice-integration-public.js HTTP/1.1" 200 838 "https://www.biocabaz.pt/web/produto/grao-de-bico/" "Mozilla/5.0 (Linux; Android 10; K) AppleWebKit/537.36 (KHTML, like Gecko) SamsungBrowser/30.0 Chrome/143.0.0.0 Mobile Safari/537.36"
172.56.253.227 - - [06/Jun/2026:01:33:00 +0200] "GET /web/wp-conteudos/plugins/woocommerce/assets/js/frontend/add-to-cart.min.js HTTP/1.1" 200 1102 "https://www.biocabaz.pt/web/produto/grao-de-bico/" "Mozilla/5.0 (Linux; Android 10; K) AppleWebKit/537.36 (KHTML, like Gecko) SamsungBrowser/30.0 Chrome/143.0.0.0 Mobile Safari/537.36"
172.56.253.227 - - [06/Jun/2026:01:33:00 +0200] "GET /web/wp-conteudos/plugins/woocommerce/assets/js/jquery-blockui/jquery.blockUI.min.js HTTP/1.1" 200 3518 "https://www.biocabaz.pt/web/produto/grao-de-bico/" "Mozilla/5.0 (Linux; Android 10; K) AppleWebKit/537.36 (KHTML, like Gecko) SamsungBrowser/30.0 Chrome/143.0.0.0 Mobile Safari/537.36"
172.56.253.227 - - [06/Jun/2026:01:33:00 +0200] "GET /web/wp-includes/js/dist/hooks.min.js HTTP/1.1" 200 1660 "https://www.biocabaz.pt/web/produto/grao-de-bico/" "Mozilla/5.0 (Linux; Android 10; K) AppleWebKit/537.36 (KHTML, like Gecko) SamsungBrowser/30.0 Chrome/143.0.0.0 Mobile Safari/537.36"
172.56.253.227 - - [06/Jun/2026:01:33:00 +0200] "GET /web/wp-conteudos/plugins/js_composer_theme/assets/js/vendors/woocommerce-add-to-cart.js HTTP/1.1" 200 992 "https://www.biocabaz.pt/web/produto/grao-de-bico/" "Mozilla/5.0 (Linux; Android 10; K) AppleWebKit/537.36 (KHTML, like Gecko) SamsungBrowser/30.0 Chrome/143.0.0.0 Mobile Safari/537.36"
172.56.253.227 - - [06/Jun/2026:01:33:00 +0200] "GET /web/wp-conteudos/plugins/woocommerce-google-adwords-conversion-tracking-tag/js/public/wpm-public.p1.min.js HTTP/1.1" 200 40537 "https://www.biocabaz.pt/web/produto/grao-de-bico/" "Mozilla/5.0 (Linux; Android 10; K) AppleWebKit/537.36 (KHTML, like Gecko) SamsungBrowser/30.0 Chrome/143.0.0.0 Mobile Safari/537.36"
172.56.253.227 - - [06/Jun/2026:01:33:00 +0200] "GET /web/wp-conteudos/themes/jupiter/framework/includes/woocommerce-quantity-increment/assets/js/wc-quantity-increment.min.js HTTP/1.1" 200 570 "https://www.biocabaz.pt/web/produto/grao-de-bico/" "Mozilla/5.0 (Linux; Android 10; K) AppleWebKit/537.36 (KHTML, like Gecko) SamsungBrowser/30.0 Chrome/143.0.0.0 Mobile Safari/537.36"
172.56.253.227 - - [06/Jun/2026:01:33:00 +0200] "GET /web/wp-conteudos/themes/jupiter/framework/includes/woocommerce-quantity-increment/assets/js/lib/number-polyfill.min.js HTTP/1.1" 200 2821 "https://www.biocabaz.pt/web/produto/grao-de-bico/" "Mozilla/5.0 (Linux; Android 10; K) AppleWebKit/537.36 (KHTML, like Gecko) SamsungBrowser/30.0 Chrome/143.0.0.0 Mobile Safari/537.36"
172.56.253.227 - - [06/Jun/2026:01:33:00 +0200] "GET /web/wp-conteudos/plugins/userpro/addons/social/scripts/userpro-social.js HTTP/1.1" 200 1348 "https://www.biocabaz.pt/web/produto/grao-de-bico/" "Mozilla/5.0 (Linux; Android 10; K) AppleWebKit/537.36 (KHTML, like Gecko) SamsungBrowser/30.0 Chrome/143.0.0.0 Mobile Safari/537.36"
54.36.150.170 - - [06/Jun/2026:01:33:00 +0200] "GET / HTTP/1.1" 200 33120 "-" "Mozilla/5.0 (compatible; HaloBot/1.0)"
172.56.253.227 - - [06/Jun/2026:01:33:00 +0200] "GET /web/wp-conteudos/uploads/2016/09/grao-bico.jpg HTTP/1.1" 200 84677 "https://www.biocabaz.pt/web/produto/grao-de-bico/" "Mozilla/5.0 (Linux; Android 10; K) AppleWebKit/537.36 (KHTML, like Gecko) SamsungBrowser/30.0 Chrome/143.0.0.0 Mobile Safari/537.36"
172.56.253.227 - - [06/Jun/2026:01:33:00 +0200] "GET /web/wp-conteudos/plugins/userpro/scripts/userpro.encrypt.js HTTP/1.1" 200 3835 "https://www.biocabaz.pt/web/produto/grao-de-bico/" "Mozilla/5.0 (Linux; Android 10; K) AppleWebKit/537.36 (KHTML, like Gecko) SamsungBrowser/30.0 Chrome/143.0.0.0 Mobile Safari/537.36"
172.56.253.227 - - [06/Jun/2026:01:33:00 +0200] "GET /web/wp-conteudos/plugins/wp-multilang/flags/us.png HTTP/1.1" 200 307 "https://www.biocabaz.pt/web/produto/grao-de-bico/" "Mozilla/5.0 (Linux; Android 10; K) AppleWebKit/537.36 (KHTML, like Gecko) SamsungBrowser/30.0 Chrome/143.0.0.0 Mobile Safari/537.36"
172.56.253.227 - - [06/Jun/2026:01:33:01 +0200] "GET /web/wp-conteudos/plugins/wp-multilang/flags/pt.png HTTP/1.1" 200 255 "https://www.biocabaz.pt/web/produto/grao-de-bico/" "Mozilla/5.0 (Linux; Android 10; K) AppleWebKit/537.36 (KHTML, like Gecko) SamsungBrowser/30.0 Chrome/143.0.0.0 Mobile Safari/537.36"
172.56.253.227 - - [06/Jun/2026:01:33:01 +0200] "GET /web/scripts/myscript.js?v=1.2 HTTP/1.1" 200 1531 "https://www.biocabaz.pt/web/produto/grao-de-bico/" "Mozilla/5.0 (Linux; Android 10; K) AppleWebKit/537.36 (KHTML, like Gecko) SamsungBrowser/30.0 Chrome/143.0.0.0 Mobile Safari/537.36"
172.56.253.227 - - [06/Jun/2026:01:33:01 +0200] "GET /web/wp-conteudos/uploads/2021/01/biocabaz_logosite2.png HTTP/1.1" 200 6409 "https://www.biocabaz.pt/web/produto/grao-de-bico/" "Mozilla/5.0 (Linux; Android 10; K) AppleWebKit/537.36 (KHTML, like Gecko) SamsungBrowser/30.0 Chrome/143.0.0.0 Mobile Safari/537.36"
172.56.253.227 - - [06/Jun/2026:01:33:01 +0200] "GET /web/wp-conteudos/plugins/userpro/assets/css/fontawesome/css/all.min.css HTTP/1.1" 200 12340 "https://www.biocabaz.pt/web/produto/grao-de-bico/" "Mozilla/5.0 (Linux; Android 10; K) AppleWebKit/537.36 (KHTML, like Gecko) SamsungBrowser/30.0 Chrome/143.0.0.0 Mobile Safari/537.36"
172.56.253.227 - - [06/Jun/2026:01:33:01 +0200] "GET /web/wp-conteudos/plugins/userpro/assets/css/main.css HTTP/1.1" 200 707 "https://www.biocabaz.pt/web/produto/grao-de-bico/" "Mozilla/5.0 (Linux; Android 10; K) AppleWebKit/537.36 (KHTML, like Gecko) SamsungBrowser/30.0 Chrome/143.0.0.0 Mobile Safari/537.36"
172.56.253.227 - - [06/Jun/2026:01:33:01 +0200] "GET /web/wp-includes/js/jquery/ui/core.min.js HTTP/1.1" 200 7137 "https://www.biocabaz.pt/web/produto/grao-de-bico/" "Mozilla/5.0 (Linux; Android 10; K) AppleWebKit/537.36 (KHTML, like Gecko) SamsungBrowser/30.0 Chrome/143.0.0.0 Mobile Safari/537.36"
172.56.253.227 - - [06/Jun/2026:01:33:01 +0200] "GET /web/wp-includes/js/jquery/ui/datepicker.min.js HTTP/1.1" 200 11003 "https://www.biocabaz.pt/web/produto/grao-de-bico/" "Mozilla/5.0 (Linux; Android 10; K) AppleWebKit/537.36 (KHTML, like Gecko) SamsungBrowser/30.0 Chrome/143.0.0.0 Mobile Safari/537.36"
172.56.253.227 - - [06/Jun/2026:01:33:01 +0200] "GET /web/wp-conteudos/plugins/userpro/addons/timeline/assets/js/timeline.js HTTP/1.1" 200 693 "https://www.biocabaz.pt/web/produto/grao-de-bico/" "Mozilla/5.0 (Linux; Android 10; K) AppleWebKit/537.36 (KHTML, like Gecko) SamsungBrowser/30.0 Chrome/143.0.0.0 Mobile Safari/537.36"
172.56.253.227 - - [06/Jun/2026:01:33:01 +0200] "GET /web/wp-conteudos/plugins/userpro/scripts/up-custom-script.js HTTP/1.1" 200 562 "https://www.biocabaz.pt/web/produto/grao-de-bico/" "Mozilla/5.0 (Linux; Android 10; K) AppleWebKit/537.36 (KHTML, like Gecko) SamsungBrowser/30.0 Chrome/143.0.0.0 Mobile Safari/537.36"
172.56.253.227 - - [06/Jun/2026:01:33:01 +0200] "GET /web/wp-conteudos/uploads/2020/04/screenshot-2020-04-20-at-01.06.58.png HTTP/1.1" 200 231865 "https://www.biocabaz.pt/web/produto/grao-de-bico/" "Mozilla/5.0 (Linux; Android 10; K) AppleWebKit/537.36 (KHTML, like Gecko) SamsungBrowser/30.0 Chrome/143.0.0.0 Mobile Safari/537.36"
172.56.253.227 - - [06/Jun/2026:01:33:01 +0200] "GET /web/wp-conteudos/plugins/woocommerce/assets/js/zoom/jquery.zoom.min.js HTTP/1.1" 200 1191 "https://www.biocabaz.pt/web/produto/grao-de-bico/" "Mozilla/5.0 (Linux; Android 10; K) AppleWebKit/537.36 (KHTML, like Gecko) SamsungBrowser/30.0 Chrome/143.0.0.0 Mobile Safari/537.36"
172.56.253.227 - - [06/Jun/2026:01:33:01 +0200] "GET /web/wp-conteudos/plugins/woocommerce/assets/js/frontend/single-product.min.js HTTP/1.1" 200 1895 "https://www.biocabaz.pt/web/produto/grao-de-bico/" "Mozilla/5.0 (Linux; Android 10; K) AppleWebKit/537.36 (KHTML, like Gecko) SamsungBrowser/30.0 Chrome/143.0.0.0 Mobile Safari/537.36"
172.56.253.227 - - [06/Jun/2026:01:33:01 +0200] "GET /web/wp-conteudos/plugins/js_composer_theme/assets/lib/bower/flexslider/jquery.flexslider-min.js HTTP/1.1" 200 6483 "https://www.biocabaz.pt/web/produto/grao-de-bico/" "Mozilla/5.0 (Linux; Android 10; K) AppleWebKit/537.36 (KHTML, like Gecko) SamsungBrowser/30.0 Chrome/143.0.0.0 Mobile Safari/537.36"
172.56.253.227 - - [06/Jun/2026:01:33:01 +0200] "GET /web/wp-conteudos/plugins/woocommerce/assets/js/photoswipe/photoswipe.min.js HTTP/1.1" 200 11975 "https://www.biocabaz.pt/web/produto/grao-de-bico/" "Mozilla/5.0 (Linux; Android 10; K) AppleWebKit/537.36 (KHTML, like Gecko) SamsungBrowser/30.0 Chrome/143.0.0.0 Mobile Safari/537.36"
172.56.253.227 - - [06/Jun/2026:01:33:01 +0200] "GET /web/wp-conteudos/plugins/woocommerce/assets/js/photoswipe/photoswipe-ui-default.min.js HTTP/1.1" 200 3648 "https://www.biocabaz.pt/web/produto/grao-de-bico/" "Mozilla/5.0 (Linux; Android 10; K) AppleWebKit/537.36 (KHTML, like Gecko) SamsungBrowser/30.0 Chrome/143.0.0.0 Mobile Safari/537.36"
172.56.253.227 - - [06/Jun/2026:01:33:01 +0200] "GET /web/wp-conteudos/plugins/woocommerce/assets/js/frontend/cart-fragments.min.js HTTP/1.1" 200 1054 "https://www.biocabaz.pt/web/produto/grao-de-bico/" "Mozilla/5.0 (Linux; Android 10; K) AppleWebKit/537.36 (KHTML, like Gecko) SamsungBrowser/30.0 Chrome/143.0.0.0 Mobile Safari/537.36"
172.56.253.227 - - [06/Jun/2026:01:33:01 +0200] "GET /web/wp-conteudos/plugins/woocommerce/assets/js/js-cookie/js.cookie.min.js HTTP/1.1" 200 994 "https://www.biocabaz.pt/web/produto/grao-de-bico/" "Mozilla/5.0 (Linux; Android 10; K) AppleWebKit/537.36 (KHTML, like Gecko) SamsungBrowser/30.0 Chrome/143.0.0.0 Mobile Safari/537.36"
172.56.253.227 - - [06/Jun/2026:01:33:01 +0200] "GET /web/wp-conteudos/plugins/wp-multilang/assets/blocks/language-switcher/js/switcher-block.min.js HTTP/1.1" 200 1066 "https://www.biocabaz.pt/web/produto/grao-de-bico/" "Mozilla/5.0 (Linux; Android 10; K) AppleWebKit/537.36 (KHTML, like Gecko) SamsungBrowser/30.0 Chrome/143.0.0.0 Mobile Safari/537.36"
172.56.253.227 - - [06/Jun/2026:01:33:01 +0200] "GET /web/wp-conteudos/plugins/woocommerce/assets/js/frontend/woocommerce.min.js HTTP/1.1" 200 806 "https://www.biocabaz.pt/web/produto/grao-de-bico/" "Mozilla/5.0 (Linux; Android 10; K) AppleWebKit/537.36 (KHTML, like Gecko) SamsungBrowser/30.0 Chrome/143.0.0.0 Mobile Safari/537.36"
172.56.253.227 - - [06/Jun/2026:01:33:01 +0200] "GET /web/wp-conteudos/themes/jupiter/assets/js/components-full.6.5.1.js HTTP/1.1" 200 1320 "https://www.biocabaz.pt/web/produto/grao-de-bico/" "Mozilla/5.0 (Linux; Android 10; K) AppleWebKit/537.36 (KHTML, like Gecko) SamsungBrowser/30.0 Chrome/143.0.0.0 Mobile Safari/537.36"
172.56.253.227 - - [06/Jun/2026:01:33:01 +0200] "GET /web/wp-conteudos/themes/jupiter/assets/js/core-scripts.6.5.1.js HTTP/1.1" 200 118468 "https://www.biocabaz.pt/web/produto/grao-de-bico/" "Mozilla/5.0 (Linux; Android 10; K) AppleWebKit/537.36 (KHTML, like Gecko) SamsungBrowser/30.0 Chrome/143.0.0.0 Mobile Safari/537.36"
172.56.253.227 - - [06/Jun/2026:01:33:01 +0200] "GET /web/wp-conteudos/themes/jupiter/assets/js/plugins/wp-enqueue/smoothscroll.js HTTP/1.1" 200 6579 "https://www.biocabaz.pt/web/produto/grao-de-bico/" "Mozilla/5.0 (Linux; Android 10; K) AppleWebKit/537.36 (KHTML, like Gecko) SamsungBrowser/30.0 Chrome/143.0.0.0 Mobile Safari/537.36"
172.56.253.227 - - [06/Jun/2026:01:33:01 +0200] "GET /web/wp-conteudos/themes/jupiter/header-builder/includes/assets/js/mkhb-render.js HTTP/1.1" 200 1790 "https://www.biocabaz.pt/web/produto/grao-de-bico/" "Mozilla/5.0 (Linux; Android 10; K) AppleWebKit/537.36 (KHTML, like Gecko) SamsungBrowser/30.0 Chrome/143.0.0.0 Mobile Safari/537.36"
172.56.253.227 - - [06/Jun/2026:01:33:01 +0200] "GET /web/wp-conteudos/themes/jupiter/header-builder/includes/assets/js/mkhb-column.js HTTP/1.1" 200 1089 "https://www.biocabaz.pt/web/produto/grao-de-bico/" "Mozilla/5.0 (Linux; Android 10; K) AppleWebKit/537.36 (KHTML, like Gecko) SamsungBrowser/30.0 Chrome/143.0.0.0 Mobile Safari/537.36"
172.56.253.227 - - [06/Jun/2026:01:33:01 +0200] "GET /web/wp-conteudos/plugins/jupiter-donut/assets/js/shortcodes-scripts.min.js HTTP/1.1" 200 17932 "https://www.biocabaz.pt/web/produto/grao-de-bico/" "Mozilla/5.0 (Linux; Android 10; K) AppleWebKit/537.36 (KHTML, like Gecko) SamsungBrowser/30.0 Chrome/143.0.0.0 Mobile Safari/537.36"
172.56.253.227 - - [06/Jun/2026:01:33:01 +0200] "GET /web/wp-conteudos/uploads/bfi_thumb/dummy-transparent-ooif3gskt3pjjx65vz1jy6igecasblxpwo2vtsp0vc.png HTTP/1.1" 200 6635 "https://www.biocabaz.pt/web/produto/grao-de-bico/" "Mozilla/5.0 (Linux; Android 10; K) AppleWebKit/537.36 (KHTML, like Gecko) SamsungBrowser/30.0 Chrome/143.0.0.0 Mobile Safari/537.36"
172.56.253.227 - - [06/Jun/2026:01:33:01 +0200] "GET /web/wp-conteudos/uploads/2016/08/simbolo.jpg HTTP/1.1" 200 3027 "https://www.biocabaz.pt/web/produto/grao-de-bico/" "Mozilla/5.0 (Linux; Android 10; K) AppleWebKit/537.36 (KHTML, like Gecko) SamsungBrowser/30.0 Chrome/143.0.0.0 Mobile Safari/537.36"
172.56.253.227 - - [06/Jun/2026:01:33:01 +0200] "GET /web/wp-conteudos/uploads/2016/08/sativa.jpg HTTP/1.1" 200 12543 "https://www.biocabaz.pt/web/produto/grao-de-bico/" "Mozilla/5.0 (Linux; Android 10; K) AppleWebKit/537.36 (KHTML, like Gecko) SamsungBrowser/30.0 Chrome/143.0.0.0 Mobile Safari/537.36"
172.56.253.227 - - [06/Jun/2026:01:33:01 +0200] "GET /web/wp-conteudos/uploads/2019/11/com-badge-ios-300x129.png HTTP/1.1" 200 23500 "https://www.biocabaz.pt/web/produto/grao-de-bico/" "Mozilla/5.0 (Linux; Android 10; K) AppleWebKit/537.36 (KHTML, like Gecko) SamsungBrowser/30.0 Chrome/143.0.0.0 Mobile Safari/537.36"
172.56.253.227 - - [06/Jun/2026:01:33:01 +0200] "GET /web/wp-conteudos/uploads/2019/11/Download_on_GooglePlay-300x116.png HTTP/1.1" 200 22520 "https://www.biocabaz.pt/web/produto/grao-de-bico/" "Mozilla/5.0 (Linux; Android 10; K) AppleWebKit/537.36 (KHTML, like Gecko) SamsungBrowser/30.0 Chrome/143.0.0.0 Mobile Safari/537.36"
43.173.178.17 - - [06/Jun/2026:01:33:01 +0200] "GET /web/?p=75253 HTTP/1.1" 301 5 "-" "Mozilla/5.0 (Windows NT 10.0; Win64; x64) AppleWebKit/537.36 (KHTML, like Gecko) Chrome/105.0.0.0 Safari/537.3"
172.56.253.227 - - [06/Jun/2026:01:33:01 +0200] "GET /web/wp-conteudos/uploads/2020/01/livroreclamacoes-300x123.png HTTP/1.1" 200 12145 "https://www.biocabaz.pt/web/produto/grao-de-bico/" "Mozilla/5.0 (Linux; Android 10; K) AppleWebKit/537.36 (KHTML, like Gecko) SamsungBrowser/30.0 Chrome/143.0.0.0 Mobile Safari/537.36"
172.56.253.227 - - [06/Jun/2026:01:33:01 +0200] "GET /web/wp-conteudos/uploads/2021/05/aecc-cor-cmyk-500x210.jpg HTTP/1.1" 200 23121 "https://www.biocabaz.pt/web/produto/grao-de-bico/" "Mozilla/5.0 (Linux; Android 10; K) AppleWebKit/537.36 (KHTML, like Gecko) SamsungBrowser/30.0 Chrome/143.0.0.0 Mobile Safari/537.36"
172.56.253.227 - - [06/Jun/2026:01:33:02 +0200] "GET /web/wp-conteudos/uploads/2019/04/QUINOA-VERMELHA-BIO-500G-PR%C3%93VIDA-330x260.jpg HTTP/1.1" 200 12491 "https://www.biocabaz.pt/web/produto/grao-de-bico/" "Mozilla/5.0 (Linux; Android 10; K) AppleWebKit/537.36 (KHTML, like Gecko) SamsungBrowser/30.0 Chrome/143.0.0.0 Mobile Safari/537.36"
172.56.253.227 - - [06/Jun/2026:01:33:02 +0200] "GET /web/wp-conteudos/uploads/2016/04/104007B-330x260.jpg HTTP/1.1" 200 11850 "https://www.biocabaz.pt/web/produto/grao-de-bico/" "Mozilla/5.0 (Linux; Android 10; K) AppleWebKit/537.36 (KHTML, like Gecko) SamsungBrowser/30.0 Chrome/143.0.0.0 Mobile Safari/537.36"
172.56.253.227 - - [06/Jun/2026:01:33:02 +0200] "GET /web/wp-conteudos/uploads/2019/04/FEIJ%C3%83O-MUNG-BIO-500G-PR%C3%93VIDA-330x260.jpg HTTP/1.1" 200 19824 "https://www.biocabaz.pt/web/produto/grao-de-bico/" "Mozilla/5.0 (Linux; Android 10; K) AppleWebKit/537.36 (KHTML, like Gecko) SamsungBrowser/30.0 Chrome/143.0.0.0 Mobile Safari/537.36"
172.56.253.227 - - [06/Jun/2026:01:33:02 +0200] "GET /web/wp-conteudos/uploads/2019/04/LENTILHAS-SEM-CASCA-BIO-500G-PR%C3%93VIDA-330x260.jpg HTTP/1.1" 200 18390 "https://www.biocabaz.pt/web/produto/grao-de-bico/" "Mozilla/5.0 (Linux; Android 10; K) AppleWebKit/537.36 (KHTML, like Gecko) SamsungBrowser/30.0 Chrome/143.0.0.0 Mobile Safari/537.36"
17.241.219.150 - - [06/Jun/2026:01:33:02 +0200] "POST /web/en/?wc-ajax=get_refreshed_fragments HTTP/1.1" 200 629 "https://www.biocabaz.pt/web/en/shop/page/3/?doing_wp_cron=1748601114.1335868835449218750000" "Mozilla/5.0 (Macintosh; Intel Mac OS X 10_15_7) AppleWebKit/605.1.15 (KHTML, like Gecko) Version/17.4 Safari/605.1.15 (Applebot/0.1; +http://www.apple.com/go/applebot)"
172.56.253.227 - - [06/Jun/2026:01:33:03 +0200] "GET /web/wp-conteudos/themes/jupiter/assets/js/plugins/async/min/jquery.flexslider.js HTTP/1.1" 200 7414 "https://www.biocabaz.pt/web/produto/grao-de-bico/" "Mozilla/5.0 (Linux; Android 10; K) AppleWebKit/537.36 (KHTML, like Gecko) SamsungBrowser/30.0 Chrome/143.0.0.0 Mobile Safari/537.36"
172.56.253.227 - - [06/Jun/2026:01:33:03 +0200] "GET /web/wp-conteudos/themes/jupiter/assets/js/plugins/async/min/minigrid.js HTTP/1.1" 200 1053 "https://www.biocabaz.pt/web/produto/grao-de-bico/" "Mozilla/5.0 (Linux; Android 10; K) AppleWebKit/537.36 (KHTML, like Gecko) SamsungBrowser/30.0 Chrome/143.0.0.0 Mobile Safari/537.36"
172.56.253.227 - - [06/Jun/2026:01:33:03 +0200] "GET /web/wp-conteudos/uploads/2016/01/LogoBiocabaz_4-135.png HTTP/1.1" 200 6632 "https://www.biocabaz.pt/web/produto/grao-de-bico/" "Mozilla/5.0 (Linux; Android 10; K) AppleWebKit/537.36 (KHTML, like Gecko) SamsungBrowser/30.0 Chrome/143.0.0.0 Mobile Safari/537.36"
172.56.253.227 - - [06/Jun/2026:01:33:03 +0200] "POST /web/?wc-ajax=get_refreshed_fragments HTTP/1.1" 200 626 "https://www.biocabaz.pt/web/produto/grao-de-bico/" "Mozilla/5.0 (Linux; Android 10; K) AppleWebKit/537.36 (KHTML, like Gecko) SamsungBrowser/30.0 Chrome/143.0.0.0 Mobile Safari/537.36"
135.181.213.219 - - [06/Jun/2026:01:33:03 +0200] "GET /web/en/produto/bio-pasta-dentes-branqueadora-carvao-ativado/?add-to-cart=602 HTTP/1.1" 200 41538 "-" "Mozilla/5.0 (compatible; MJ12bot/v1.4.8; http://mj12bot.com/)"
172.56.253.227 - - [06/Jun/2026:01:33:04 +0200] "GET /web/wp-conteudos/uploads/2021/04/bio_botao_menos2-verde.png HTTP/1.1" 200 148 "https://www.biocabaz.pt/web/produto/grao-de-bico/" "Mozilla/5.0 (Linux; Android 10; K) AppleWebKit/537.36 (KHTML, like Gecko) SamsungBrowser/30.0 Chrome/143.0.0.0 Mobile Safari/537.36"
172.56.253.227 - - [06/Jun/2026:01:33:04 +0200] "GET /web/wp-conteudos/uploads/2021/04/bio_botao_mais2-verde.png HTTP/1.1" 200 162 "https://www.biocabaz.pt/web/produto/grao-de-bico/" "Mozilla/5.0 (Linux; Android 10; K) AppleWebKit/537.36 (KHTML, like Gecko) SamsungBrowser/30.0 Chrome/143.0.0.0 Mobile Safari/537.36"
43.173.175.221 - - [06/Jun/2026:01:33:05 +0200] "GET /web/produto/falafel-tamruc-bio-florentin-240gr-2/ HTTP/1.1" 200 39636 "-" "Mozilla/5.0 (Windows NT 10.0; Win64; x64) AppleWebKit/537.36 (KHTML, like Gecko) Chrome/105.0.0.0 Safari/537.3"
135.181.213.219 - - [06/Jun/2026:01:33:07 +0200] "GET /web/en/produto/bio-pasta-dentes-branqueadora-carvao-ativado/?add-to-cart=603 HTTP/1.1" 200 41440 "-" "Mozilla/5.0 (compatible; MJ12bot/v1.4.8; http://mj12bot.com/)"
135.181.213.219 - - [06/Jun/2026:01:33:10 +0200] "GET /web/en/produto/bio-pasta-dentes-branqueadora-carvao-ativado/?add-to-cart=658 HTTP/1.1" 302 11 "-" "Mozilla/5.0 (compatible; MJ12bot/v1.4.8; http://mj12bot.com/)"
135.181.213.219 - - [06/Jun/2026:01:33:13 +0200] "GET /web/en/produto/bio-pasta-dentes-branqueadora-carvao-ativado/?add-to-cart=658&doing_wp_cron=1780702390.4216918945312500000000 HTTP/1.1" 200 41661 "-" "Mozilla/5.0 (compatible; MJ12bot/v1.4.8; http://mj12bot.com/)"
43.172.198.39 - - [06/Jun/2026:01:33:14 +0200] "GET /web?p=75253 HTTP/1.1" 301 162 "-" "Mozilla/5.0 (Windows NT 10.0; Win64; x64) AppleWebKit/537.36 (KHTML, like Gecko) Chrome/107.0.0.0 Safari/537.36"
114.119.136.113 - - [06/Jun/2026:01:33:15 +0200] "GET /web/produto/barra-maca-banana-12m-bio-25g-holle/?doing_wp_cron=1762222669.5529859066009521484375 HTTP/1.1" 200 40097 "https://www.biocabaz.pt/web/en/produto/barra-maca-banana-12m-bio-25g-holle/?doing_wp_cron=1749819740.3422820568084716796875" "Mozilla/5.0 (Linux; Android 7.0;) AppleWebKit/537.36 (KHTML, like Gecko) Mobile Safari/537.36 (compatible; PetalBot;+https://webmaster.petalsearch.com/site/petalbot)"
43.172.198.39 - - [06/Jun/2026:01:33:16 +0200] "GET /web/?p=75253 HTTP/1.1" 301 5 "https://www.biocabaz.pt/web?p=75253" "Mozilla/5.0 (Windows NT 10.0; Win64; x64) AppleWebKit/537.36 (KHTML, like Gecko) Chrome/107.0.0.0 Safari/537.36"
43.172.198.39 - - [06/Jun/2026:01:33:17 +0200] "GET /web/produto/falafel-tamruc-bio-florentin-240gr-2/ HTTP/1.1" 200 39721 "https://www.biocabaz.pt/web/?p=75253" "Mozilla/5.0 (Windows NT 10.0; Win64; x64) AppleWebKit/537.36 (KHTML, like Gecko) Chrome/107.0.0.0 Safari/537.36"
135.181.213.219 - - [06/Jun/2026:01:33:17 +0200] "GET /web/en/produto/bio-pasta-dentes-branqueadora-carvao-ativado/?add-to-cart=74720 HTTP/1.1" 200 41567 "-" "Mozilla/5.0 (compatible; MJ12bot/v1.4.8; http://mj12bot.com/)"
95.108.213.80 - - [06/Jun/2026:01:33:18 +0200] "GET /robots.txt HTTP/1.1" 404 146 "-" "Mozilla/5.0 (compatible; YandexBot/3.0; +http://yandex.com/bots)"
135.181.213.219 - - [06/Jun/2026:01:33:20 +0200] "GET /web/en/produto/bio-pasta-dentes-branqueadora-carvao-ativado/?add-to-cart=74729 HTTP/1.1" 200 41449 "-" "Mozilla/5.0 (compatible; MJ12bot/v1.4.8; http://mj12bot.com/)"
135.181.213.219 - - [06/Jun/2026:01:33:24 +0200] "GET /web/en/produto/bio-pasta-dentes-branqueadora-carvao-ativado/?add-to-cart=74731 HTTP/1.1" 200 41501 "-" "Mozilla/5.0 (compatible; MJ12bot/v1.4.8; http://mj12bot.com/)"
57.141.20.56 - - [06/Jun/2026:01:33:25 +0200] "GET /ignite-instant-wins-download-the-nine-casino-app-2/ HTTP/1.1" 200 117188 "-" "meta-externalagent/1.1 (+https://developers.facebook.com/docs/sharing/webmasters/crawler)"
135.181.213.219 - - [06/Jun/2026:01:33:27 +0200] "GET /web/en/produto/bio-pasta-dentes-branqueadora-carvao-ativado/?add-to-cart=74743 HTTP/1.1" 200 41534 "-" "Mozilla/5.0 (compatible; MJ12bot/v1.4.8; http://mj12bot.com/)"
114.119.130.251 - - [06/Jun/2026:01:33:27 +0200] "GET /web/en/shop/page/9/?orderby=price-desc&doing_wp_cron=1713191794.9746439456939697265625 HTTP/1.1" 200 32807 "https://www.biocabaz.pt/web/en/shop/page/9/?orderby=price-desc&doing_wp_cron=1713191794.9746439456939697265625" "Mozilla/5.0 (Linux; Android 7.0;) AppleWebKit/537.36 (HTML, like Gecko) Mobile Safari/537.36 (compatible; PetalBot;+https://webmaster.petalsearch.com/site/petalbot)"
18.193.252.127 - - [06/Jun/2026:01:33:29 +0200] "GET /web/ HTTP/1.1" 200 38184 "https://biocabaz.pt/web/" "Mozilla/5.0+(compatible; UptimeRobot/2.0; http://www.uptimerobot.com/)"
135.181.213.219 - - [06/Jun/2026:01:33:30 +0200] "GET /web/en/produto/bio-pasta-dentes-branqueadora-carvao-ativado/?add-to-cart=74745 HTTP/1.1" 200 41582 "-" "Mozilla/5.0 (compatible; MJ12bot/v1.4.8; http://mj12bot.com/)"
135.181.213.219 - - [06/Jun/2026:01:33:34 +0200] "GET /web/en/produto/bio-pasta-dentes-branqueadora-carvao-ativado/?add-to-cart=74749 HTTP/1.1" 200 41479 "-" "Mozilla/5.0 (compatible; MJ12bot/v1.4.8; http://mj12bot.com/)"
135.181.213.219 - - [06/Jun/2026:01:33:37 +0200] "GET /web/en/produto/bio-pasta-dentes-branqueadora-carvao-ativado/?add-to-cart=74779 HTTP/1.1" 200 41413 "-" "Mozilla/5.0 (compatible; MJ12bot/v1.4.8; http://mj12bot.com/)"
114.119.148.233 - - [06/Jun/2026:01:33:39 +0200] "GET /web/en/shop/page/7/?doing_wp_cron=1754376729.2210409641265869140625 HTTP/1.1" 200 33390 "https://www.biocabaz.pt/web/en/shop/page/4/?doing_wp_cron=1754376729.2210409641265869140625" "Mozilla/5.0 (Linux; Android 7.0;) AppleWebKit/537.36 (HTML, like Gecko) Mobile Safari/537.36 (compatible; PetalBot;+https://webmaster.petalsearch.com/site/petalbot)"
5.255.231.47 - - [06/Jun/2026:01:33:40 +0200] "GET /web/produto/clementina/?doing_wp_cron=1766366163.9274380207061767578125 HTTP/1.1" 200 38719 "-" "Mozilla/5.0 (compatible; YandexBot/3.0; +http://yandex.com/bots)"
135.181.213.219 - - [06/Jun/2026:01:33:41 +0200] "GET /web/en/produto/bio-pasta-dentes-branqueadora-carvao-ativado/?add-to-cart=74781 HTTP/1.1" 200 41550 "-" "Mozilla/5.0 (compatible; MJ12bot/v1.4.8; http://mj12bot.com/)"
216.73.216.253 - - [06/Jun/2026:01:33:43 +0200] "GET /web/en/produto/salsichas-frankfurt-bio-2/?add-to-cart=16732 HTTP/1.1" 200 40671 "-" "Mozilla/5.0 AppleWebKit/537.36 (KHTML, like Gecko; compatible; ClaudeBot/1.0; +claudebot@anthropic.com)"
116.179.32.215 - - [06/Jun/2026:01:33:43 +0200] "GET /web/shop/page/50/?doing_wp_cron=1694362810.0967168807983398437500 HTTP/1.1" 200 33338 "-" "Mozilla/5.0 (compatible; Baiduspider/2.0; +http://www.baidu.com/search/spider.html)"
135.181.213.219 - - [06/Jun/2026:01:33:44 +0200] "GET /web/en/produto/biscoitos-double-chocolate-bio-twibio/?add-to-cart=5954 HTTP/1.1" 200 39280 "-" "Mozilla/5.0 (compatible; MJ12bot/v1.4.8; http://mj12bot.com/)"
135.181.213.219 - - [06/Jun/2026:01:33:47 +0200] "GET /web/en/produto/biscoitos-double-chocolate-bio-twibio/?add-to-cart=694 HTTP/1.1" 200 39264 "-" "Mozilla/5.0 (compatible; MJ12bot/v1.4.8; http://mj12bot.com/)"
51.124.236.1 - - [06/Jun/2026:01:33:49 +0200] "GET / HTTP/1.0" 200 612 "-" "check_http/v2.3.3 (nagios-plugins 2.3.3)"
116.179.37.197 - - [06/Jun/2026:01:33:50 +0200] "POST /web/?wc-ajax=get_refreshed_fragments HTTP/1.1" 200 626 "https://biocabaz.pt/web/shop/page/50/?doing_wp_cron=1694362810.0967168807983398437500" "Mozilla/5.0 (compatible; Baiduspider-render/2.0; +http://www.baidu.com/search/spider.html)"
135.181.213.219 - - [06/Jun/2026:01:33:51 +0200] "GET /web/en/produto/biscoitos-double-chocolate-bio-twibio/?add-to-cart=701 HTTP/1.1" 200 39254 "-" "Mozilla/5.0 (compatible; MJ12bot/v1.4.8; http://mj12bot.com/)"
135.181.213.219 - - [06/Jun/2026:01:33:54 +0200] "GET /web/en/produto/biscoitos-double-chocolate-bio-twibio/?add-to-cart=702 HTTP/1.1" 200 39228 "-" "Mozilla/5.0 (compatible; MJ12bot/v1.4.8; http://mj12bot.com/)"
75.119.139.177 - - [06/Jun/2026:01:33:55 +0200] "POST /wp-cron.php?doing_wp_cron=1780702435.3886709213256835937500 HTTP/1.1" 200 31 "-" "WordPress/6.9; https://www.fomento-sgoic.pt"
74.7.243.227 - - [06/Jun/2026:01:33:55 +0200] "GET /?sitemap-1.xml HTTP/1.1" 301 5 "-" "Mozilla/5.0 AppleWebKit/537.36 (KHTML, like Gecko; compatible; GPTBot/1.4; +https://openai.com/gptbot)"
114.119.130.96 - - [06/Jun/2026:01:33:55 +0200] "GET /web/en/shop/page/59/?orderby=date&doing_wp_cron=1765725240.1121170520782470703125 HTTP/1.1" 200 31103 "https://www.biocabaz.pt/web/en/shop/page/52/?orderby=date&doing_wp_cron=1765725240.1121170520782470703125" "Mozilla/5.0 (Linux; Android 7.0;) AppleWebKit/537.36 (HTML, like Gecko) Mobile Safari/537.36 (compatible; PetalBot;+https://webmaster.petalsearch.com/site/petalbot)"
74.7.227.145 - - [06/Jun/2026:01:33:57 +0200] "GET /?sitemap-1.xml HTTP/1.1" 301 5 "https://fomento-sgoic.pt" "Mozilla/5.0 AppleWebKit/537.36 (KHTML, like Gecko; compatible; GPTBot/1.4; +https://openai.com/gptbot)"
135.181.213.219 - - [06/Jun/2026:01:33:58 +0200] "GET /web/en/produto/biscoitos-double-chocolate-bio-twibio/?add-to-cart=9117 HTTP/1.1" 200 39197 "-" "Mozilla/5.0 (compatible; MJ12bot/v1.4.8; http://mj12bot.com/)"
74.7.227.145 - - [06/Jun/2026:01:33:59 +0200] "GET /?sitemap-1_xml HTTP/1.1" 200 33125 "https://www.fomento-sgoic.pt/?sitemap-1.xml" "Mozilla/5.0 AppleWebKit/537.36 (KHTML, like Gecko; compatible; GPTBot/1.4; +https://openai.com/gptbot)"
74.7.227.145 - - [06/Jun/2026:01:34:01 +0200] "GET /wp-content/themes/turismofundos22/js/properties-map.js?ver=1780702439 HTTP/1.1" 200 1475 "https://www.fomento-sgoic.pt/?sitemap-1_xml" "Mozilla/5.0 AppleWebKit/537.36 (KHTML, like Gecko; compatible; GPTBot/1.4; +https://openai.com/gptbot)"
135.181.213.219 - - [06/Jun/2026:01:34:02 +0200] "GET /web/en/produto/biscoitos-double-chocolate-bio-twibio/?add-to-cart=9293 HTTP/1.1" 200 39234 "-" "Mozilla/5.0 (compatible; MJ12bot/v1.4.8; http://mj12bot.com/)"
57.141.20.59 - - [06/Jun/2026:01:34:03 +0200] "GET /products/4763285/ HTTP/1.1" 301 5 "-" "meta-externalagent/1.1 (+https://developers.facebook.com/docs/sharing/webmasters/crawler)"
135.181.213.219 - - [06/Jun/2026:01:34:05 +0200] "GET /web/en/produto/biscoitos-double-chocolate-bio-twibio/?add-to-cart=985 HTTP/1.1" 200 39201 "-" "Mozilla/5.0 (compatible; MJ12bot/v1.4.8; http://mj12bot.com/)"
114.119.159.254 - - [06/Jun/2026:01:34:06 +0200] "GET /web/en/shop/page/59/?doing_wp_cron=1771849737.2590899467468261718750 HTTP/1.1" 200 31210 "https://www.biocabaz.pt/web/en/shop/page/59/?doing_wp_cron=1771849737.2590899467468261718750" "Mozilla/5.0 (Linux; Android 7.0;) AppleWebKit/537.36 (HTML, like Gecko) Mobile Safari/537.36 (compatible; PetalBot;+https://webmaster.petalsearch.com/site/petalbot)"
135.181.213.219 - - [06/Jun/2026:01:34:09 +0200] "GET /web/en/produto/biscoitos-double-chocolate-bio-twibio/?add-to-cart=987 HTTP/1.1" 200 39255 "-" "Mozilla/5.0 (compatible; MJ12bot/v1.4.8; http://mj12bot.com/)"
135.181.213.219 - - [06/Jun/2026:01:34:12 +0200] "GET /web/en/produto/bolacha-c-pepita-chocolate-e-nougat-bio/?add-to-cart=701 HTTP/1.1" 302 11 "-" "Mozilla/5.0 (compatible; MJ12bot/v1.4.8; http://mj12bot.com/)"
135.181.213.219 - - [06/Jun/2026:01:34:15 +0200] "GET /web/en/produto/bolacha-c-pepita-chocolate-e-nougat-bio/?add-to-cart=701&doing_wp_cron=1780702452.1223490238189697265625 HTTP/1.1" 200 39207 "-" "Mozilla/5.0 (compatible; MJ12bot/v1.4.8; http://mj12bot.com/)"
216.73.216.253 - - [06/Jun/2026:01:34:17 +0200] "GET /web/en/produto/salsichas-frankfurt-bio-2/?add-to-cart=11405 HTTP/1.1" 200 40558 "-" "Mozilla/5.0 AppleWebKit/537.36 (KHTML, like Gecko; compatible; ClaudeBot/1.0; +claudebot@anthropic.com)"
135.181.213.219 - - [06/Jun/2026:01:34:19 +0200] "GET /web/en/produto/bolacha-c-pepita-chocolate-e-nougat-bio/?add-to-cart=9293 HTTP/1.1" 200 39045 "-" "Mozilla/5.0 (compatible; MJ12bot/v1.4.8; http://mj12bot.com/)"
92.250.98.6 - - [06/Jun/2026:01:34:19 +0200] "GET /web/wp-conteudos/uploads/2016/04/and_framboesa-150G-330x260.jpg HTTP/1.1" 200 17498 "https://www.google.com/" "Mozilla/5.0 (Windows NT 10.0; Win64; x64) AppleWebKit/537.36 (KHTML, like Gecko) Chrome/149.0.0.0 Safari/537.36"
114.119.136.113 - - [06/Jun/2026:01:34:20 +0200] "GET /web/en/shop/page/47/?doing_wp_cron=1696820232.4653549194335937500000 HTTP/1.1" 200 32407 "https://www.biocabaz.pt/web/en/shop/page/47/?doing_wp_cron=1696820232.4653549194335937500000" "Mozilla/5.0 (Linux; Android 7.0;) AppleWebKit/537.36 (HTML, like Gecko) Mobile Safari/537.36 (compatible; PetalBot;+https://webmaster.petalsearch.com/site/petalbot)"
135.181.213.219 - - [06/Jun/2026:01:34:22 +0200] "GET /web/en/produto/bolacha-c-pepita-chocolate-e-nougat-bio/?add-to-cart=9295 HTTP/1.1" 200 39088 "-" "Mozilla/5.0 (compatible; MJ12bot/v1.4.8; http://mj12bot.com/)"
135.181.213.219 - - [06/Jun/2026:01:34:26 +0200] "GET /web/en/produto/crackers-de-gengibre-c-acucar-coco-bio-165grs-natursol/?add-to-cart=2341 HTTP/1.1" 200 39403 "-" "Mozilla/5.0 (compatible; MJ12bot/v1.4.8; http://mj12bot.com/)"
135.181.213.219 - - [06/Jun/2026:01:34:29 +0200] "GET /web/en/produto/crackers-de-gengibre-c-acucar-coco-bio-165grs-natursol/?add-to-cart=5954 HTTP/1.1" 200 39531 "-" "Mozilla/5.0 (compatible; MJ12bot/v1.4.8; http://mj12bot.com/)"
135.181.213.219 - - [06/Jun/2026:01:34:32 +0200] "GET /web/en/produto/crackers-de-gengibre-c-acucar-coco-bio-165grs-natursol/?add-to-cart=694 HTTP/1.1" 200 39484 "-" "Mozilla/5.0 (compatible; MJ12bot/v1.4.8; http://mj12bot.com/)"
114.119.144.202 - - [06/Jun/2026:01:34:35 +0200] "GET /web/en/produto/testar-as-tabelas-portugues/?doing_wp_cron=1761032861.5326321125030517578125 HTTP/1.1" 200 37220 "https://www.biocabaz.pt/web/en/produto/testar-as-tabelas-portugues/?doing_wp_cron=1761032861.5326321125030517578125" "Mozilla/5.0 (Linux; Android 7.0;) AppleWebKit/537.36 (HTML, like Gecko) Mobile Safari/537.36 (compatible; PetalBot;+https://webmaster.petalsearch.com/site/petalbot)"
135.181.213.219 - - [06/Jun/2026:01:34:36 +0200] "GET /web/en/produto/crackers-de-gengibre-c-acucar-coco-bio-165grs-natursol/?add-to-cart=702 HTTP/1.1" 200 39441 "-" "Mozilla/5.0 (compatible; MJ12bot/v1.4.8; http://mj12bot.com/)"
2.80.57.58 - - [06/Jun/2026:01:34:37 +0200] "GET /web/wp-conteudos/uploads/2016/03/maca_verde.jpg HTTP/1.1" 200 92015 "https://www.google.com/" "Mozilla/5.0 (Windows NT 10.0; Win64; x64) AppleWebKit/537.36 (KHTML, like Gecko) Chrome/147.0.0.0 Safari/537.36 OPR/131.0.0.0"
216.73.216.253 - - [06/Jun/2026:01:34:37 +0200] "GET /web/en/produto/salsichas-frankfurt-bio-2/?add-to-cart=16730 HTTP/1.1" 200 40680 "-" "Mozilla/5.0 AppleWebKit/537.36 (KHTML, like Gecko; compatible; ClaudeBot/1.0; +claudebot@anthropic.com)"
66.249.79.35 - - [06/Jun/2026:01:34:38 +0200] "GET /web/en/shop/page/41/?add-to-cart=78061 HTTP/1.1" 200 32858 "-" "Mozilla/5.0 (Linux; Android 6.0.1; Nexus 5X Build/MMB29P) AppleWebKit/537.36 (KHTML, like Gecko) Chrome/148.0.7778.96 Mobile Safari/537.36 (compatible; Googlebot/2.1; +http://www.google.com/bot.html)"
207.46.13.155 - - [06/Jun/2026:01:34:39 +0200] "GET /web/categoria-produto/mercearia/page/23/?doing_wp_cron=1780490369.1043429374694824218750 HTTP/1.1" 200 34320 "-" "Mozilla/5.0 AppleWebKit/537.36 (KHTML, like Gecko; compatible; bingbot/2.0; +http://www.bing.com/bingbot.htm) Chrome/116.0.1938.76 Safari/537.36"
135.181.213.219 - - [06/Jun/2026:01:34:39 +0200] "GET /web/en/produto/crackers-de-gengibre-c-acucar-coco-bio-165grs-natursol/?add-to-cart=9119 HTTP/1.1" 200 39493 "-" "Mozilla/5.0 (compatible; MJ12bot/v1.4.8; http://mj12bot.com/)"
75.119.139.177 - - [06/Jun/2026:01:34:42 +0200] "POST /wp-cron.php?doing_wp_cron=1780702482.8067820072174072265625 HTTP/1.1" 200 31 "-" "WordPress/6.9; https://www.fomento-sgoic.pt"
74.7.243.227 - - [06/Jun/2026:01:34:42 +0200] "GET /sitemap1.xml HTTP/1.1" 301 5 "-" "Mozilla/5.0 AppleWebKit/537.36 (KHTML, like Gecko; compatible; GPTBot/1.4; +https://openai.com/gptbot)"
135.181.213.219 - - [06/Jun/2026:01:34:43 +0200] "GET /web/en/produto/crackers-de-gengibre-c-acucar-coco-bio-165grs-natursol/?add-to-cart=987 HTTP/1.1" 200 39480 "-" "Mozilla/5.0 (compatible; MJ12bot/v1.4.8; http://mj12bot.com/)"
74.7.227.145 - - [06/Jun/2026:01:34:44 +0200] "GET /sitemap1.xml HTTP/1.1" 301 5 "https://fomento-sgoic.pt" "Mozilla/5.0 AppleWebKit/537.36 (KHTML, like Gecko; compatible; GPTBot/1.4; +https://openai.com/gptbot)"
74.7.227.145 - - [06/Jun/2026:01:34:45 +0200] "GET /sitemap1.xml/ HTTP/1.1" 200 20262 "https://www.fomento-sgoic.pt/sitemap1.xml" "Mozilla/5.0 AppleWebKit/537.36 (KHTML, like Gecko; compatible; GPTBot/1.4; +https://openai.com/gptbot)"
135.181.213.219 - - [06/Jun/2026:01:34:46 +0200] "GET /web/en/produto/erva-doce-inteira-40g-lebensbaum/?add-to-cart=625 HTTP/1.1" 200 38977 "-" "Mozilla/5.0 (compatible; MJ12bot/v1.4.8; http://mj12bot.com/)"
74.7.227.145 - - [06/Jun/2026:01:34:47 +0200] "GET /wp-content/themes/turismofundos22/js/properties-map.js?ver=1780702485 HTTP/1.1" 200 1475 "https://www.fomento-sgoic.pt/sitemap1.xml/" "Mozilla/5.0 AppleWebKit/537.36 (KHTML, like Gecko; compatible; GPTBot/1.4; +https://openai.com/gptbot)"
