34.68.88.27 - - [06/Jun/2026:01:47:51 +0200] "HEAD /robots.txt HTTP/1.1" 404 0 "-" "Mozilla/5.0 (X11; Linux x86_64) AppleWebKit/537.36 (KHTML, like Gecko) Chrome/136.0.0.0 Safari/537.36"
34.63.170.141 - - [06/Jun/2026:01:47:53 +0200] "HEAD /web/produto/diospiro-fau-fau HTTP/1.1" 301 0 "-" "Mozilla/5.0 AppleWebKit/537.36 (KHTML, like Gecko); compatible; ShapBot/0.1.0"
116.179.37.134 - - [06/Jun/2026:01:47:53 +0200] "POST /web/en/?wc-ajax=get_refreshed_fragments HTTP/1.1" 200 629 "https://biocabaz.pt/web/en/shop/page/4/?doing_wp_cron=1766870233.6086490154266357421875" "Mozilla/5.0 (compatible; Baiduspider-render/2.0; +http://www.baidu.com/search/spider.html)"
34.63.170.141 - - [06/Jun/2026:01:47:55 +0200] "GET /web/produto/diospiro-fau-fau HTTP/1.1" 301 5 "-" "Mozilla/5.0 AppleWebKit/537.36 (KHTML, like Gecko); compatible; ShapBot/0.1.0"
216.73.216.253 - - [06/Jun/2026:01:47:58 +0200] "GET /web/produto/tamaras-medjol-125g/?add-to-cart=736 HTTP/1.1" 200 39365 "-" "Mozilla/5.0 AppleWebKit/537.36 (KHTML, like Gecko; compatible; ClaudeBot/1.0; +claudebot@anthropic.com)"
54.165.169.15 - - [06/Jun/2026:01:48:19 +0200] "GET /web/produto/hiposal-bio-100g-soria-natural/ HTTP/1.1" 200 40079 "-" "Mozilla/5.0 (Macintosh; Intel Mac OS X 10_10_1) AppleWebKit/600.2.5 (KHTML, like Gecko) Version/8.0.2 Safari/600.2.5 (Lanai)"
3.208.171.167 - - [06/Jun/2026:01:48:24 +0200] "GET /web/wp-conteudos/uploads/2019/07/HIPOSAL-BIO-100G-SORIA-NATURAL-e1562579383938.jpg HTTP/1.1" 200 42640 "-" "Mozilla/5.0 (Macintosh; Intel Mac OS X 10_10_1) AppleWebKit/600.2.5 (KHTML, like Gecko) Version/8.0.2 Safari/600.2.5 (Lanai)"
66.249.79.35 - - [06/Jun/2026:01:48:25 +0200] "GET /web/produto/arroz-redondo-risotto-intergal-1kg-rice-n-sado/?doing_wp_cron=1779824375.3303220272064208984375 HTTP/1.1" 200 39658 "-" "Mozilla/5.0 (Linux; Android 6.0.1; Nexus 5X Build/MMB29P) AppleWebKit/537.36 (KHTML, like Gecko) Chrome/148.0.7778.96 Mobile Safari/537.36 (compatible; Googlebot/2.1; +http://www.google.com/bot.html)"
75.119.139.177 - - [06/Jun/2026:01:48:28 +0200] "POST /wp-cron.php?doing_wp_cron=1780703308.0563809871673583984375 HTTP/1.1" 200 31 "-" "WordPress/6.9; https://www.fomento-sgoic.pt"
216.73.217.100 - - [06/Jun/2026:01:48:28 +0200] "GET /sitemap3.xml HTTP/1.1" 301 5 "-" "Mozilla/5.0 AppleWebKit/537.36 (KHTML, like Gecko; compatible; ClaudeBot/1.0; +claudebot@anthropic.com)"
54.81.199.30 - - [06/Jun/2026:01:48:28 +0200] "GET /web/wp-conteudos/uploads/2019/07/sal-rosa-dos-himalaias-fino-bio-500g-provida-e1628784748368.jpg HTTP/1.1" 200 25977 "-" "Mozilla/5.0 (Macintosh; Intel Mac OS X 10_10_1) AppleWebKit/600.2.5 (KHTML, like Gecko) Version/8.0.2 Safari/600.2.5 (Lanai)"
216.73.217.100 - - [06/Jun/2026:01:48:29 +0200] "GET /sitemap3.xml HTTP/1.1" 301 5 "https://fomento-sgoic.pt/sitemap3.xml" "Mozilla/5.0 AppleWebKit/537.36 (KHTML, like Gecko; compatible; ClaudeBot/1.0; +claudebot@anthropic.com)"
216.73.217.100 - - [06/Jun/2026:01:48:29 +0200] "GET /sitemap3.xml/ HTTP/1.1" 200 20261 "https://www.fomento-sgoic.pt/sitemap3.xml" "Mozilla/5.0 AppleWebKit/537.36 (KHTML, like Gecko; compatible; ClaudeBot/1.0; +claudebot@anthropic.com)"
57.141.20.62 - - [06/Jun/2026:01:48:35 +0200] "GET /products/24372852/ HTTP/1.1" 404 113605 "-" "meta-externalagent/1.1 (+https://developers.facebook.com/docs/sharing/webmasters/crawler)"
49.13.134.145 - - [06/Jun/2026:01:48:43 +0200] "GET /web/ HTTP/1.1" 200 38184 "https://biocabaz.pt/web/" "Mozilla/5.0+(compatible; UptimeRobot/2.0; http://www.uptimerobot.com/)"
52.167.144.139 - - [06/Jun/2026:01:48:44 +0200] "GET /web/produto/feijao-mix-bio-400grs/mix-feijao-ingles HTTP/1.1" 302 102 "-" "Mozilla/5.0 AppleWebKit/537.36 (KHTML, like Gecko; compatible; bingbot/2.0; +http://www.bing.com/bingbot.htm) Chrome/116.0.1938.76 Safari/537.36"
216.73.217.100 - - [06/Jun/2026:01:48:45 +0200] "GET /sitemap4.xml HTTP/1.1" 301 5 "-" "Mozilla/5.0 AppleWebKit/537.36 (KHTML, like Gecko; compatible; ClaudeBot/1.0; +claudebot@anthropic.com)"
216.73.217.100 - - [06/Jun/2026:01:48:45 +0200] "GET /sitemap4.xml HTTP/1.1" 301 5 "https://fomento-sgoic.pt/sitemap4.xml" "Mozilla/5.0 AppleWebKit/537.36 (KHTML, like Gecko; compatible; ClaudeBot/1.0; +claudebot@anthropic.com)"
216.73.217.100 - - [06/Jun/2026:01:48:46 +0200] "GET /sitemap4.xml/ HTTP/1.1" 200 20260 "https://www.fomento-sgoic.pt/sitemap4.xml" "Mozilla/5.0 AppleWebKit/537.36 (KHTML, like Gecko; compatible; ClaudeBot/1.0; +claudebot@anthropic.com)"
66.249.79.33 - - [06/Jun/2026:01:48:46 +0200] "GET /web/wp-conteudos/uploads/2016/04/maca-erm-po-bio-provida-250g-500x500.jpg HTTP/1.1" 200 18527 "-" "Googlebot-Image/1.0"
52.167.144.139 - - [06/Jun/2026:01:48:47 +0200] "GET /web/produto/feijao-mix-bio-400grs/mix-feijao-ingles?doing_wp_cron=1780703324.4965939521789550781250 HTTP/1.1" 301 5 "-" "Mozilla/5.0 AppleWebKit/537.36 (KHTML, like Gecko; compatible; bingbot/2.0; +http://www.bing.com/bingbot.htm) Chrome/116.0.1938.76 Safari/537.36"
52.167.144.139 - - [06/Jun/2026:01:48:49 +0200] "GET /web/produto/feijao-mix-bio-400grs/mix-feijao-ingles/?doing_wp_cron=1780703324.4965939521789550781250 HTTP/1.1" 200 37633 "-" "Mozilla/5.0 AppleWebKit/537.36 (KHTML, like Gecko; compatible; bingbot/2.0; +http://www.bing.com/bingbot.htm) Chrome/116.0.1938.76 Safari/537.36"
51.124.236.1 - - [06/Jun/2026:01:48:49 +0200] "GET / HTTP/1.0" 200 612 "-" "check_http/v2.3.3 (nagios-plugins 2.3.3)"
216.73.216.253 - - [06/Jun/2026:01:49:02 +0200] "GET /web/produto/tamaras-medjol-125g/?add-to-cart=16882 HTTP/1.1" 200 39361 "-" "Mozilla/5.0 AppleWebKit/537.36 (KHTML, like Gecko; compatible; ClaudeBot/1.0; +claudebot@anthropic.com)"
43.173.176.47 - - [06/Jun/2026:01:49:08 +0200] "GET /web/en/produto/espetadas-de-vitelao-bio?doing_wp_cron=1780282988.1632139682769775390625 HTTP/1.1" 301 5 "-" "Mozilla/5.0 (Windows NT 10.0; Win64; x64) AppleWebKit/537.36 (KHTML, like Gecko) Chrome/104.0.5112.81 Safari/537.36"
198.244.240.186 - - [06/Jun/2026:01:49:09 +0200] "GET /web/produto/vinho-tinto-syrah-075l-cepa-pura-2014-2/feed/ HTTP/1.1" 302 102 "-" "Mozilla/5.0 (compatible; AhrefsBot/7.0; +http://ahrefs.com/robot/)"
43.172.194.243 - - [06/Jun/2026:01:49:10 +0200] "GET /web/en/produto/espetadas-de-vitelao-bio/?doing_wp_cron=1780282988.1632139682769775390625 HTTP/1.1" 200 37935 "-" "Mozilla/5.0 (Windows NT 10.0; Win64; x64) AppleWebKit/537.36 (KHTML, like Gecko) Chrome/104.0.5112.81 Safari/537.36"
43.172.195.36 - - [06/Jun/2026:01:49:12 +0200] "GET /web/wp-conteudos/themes/jupiter/assets/js/plugins/async/min/jquery.flexslider.js HTTP/1.1" 200 7414 "https://www.biocabaz.pt/web/en/produto/espetadas-de-vitelao-bio/?doing_wp_cron=1780282988.1632139682769775390625" "Mozilla/5.0 (Windows NT 10.0; Win64; x64) AppleWebKit/537.36 (KHTML, like Gecko) Chrome/104.0.5112.81 Safari/537.36"
43.173.176.231 - - [06/Jun/2026:01:49:12 +0200] "GET /web/wp-conteudos/themes/jupiter/assets/js/plugins/async/min/minigrid.js HTTP/1.1" 200 1053 "https://www.biocabaz.pt/web/en/produto/espetadas-de-vitelao-bio/?doing_wp_cron=1780282988.1632139682769775390625" "Mozilla/5.0 (Windows NT 10.0; Win64; x64) AppleWebKit/537.36 (KHTML, like Gecko) Chrome/104.0.5112.81 Safari/537.36"
43.172.197.126 - - [06/Jun/2026:01:49:13 +0200] "POST /web/en/?wc-ajax=get_refreshed_fragments HTTP/1.1" 200 629 "https://www.biocabaz.pt/web/en/produto/espetadas-de-vitelao-bio/?doing_wp_cron=1780282988.1632139682769775390625" "Mozilla/5.0 (Windows NT 10.0; Win64; x64) AppleWebKit/537.36 (KHTML, like Gecko) Chrome/104.0.5112.81 Safari/537.36"
43.172.196.176 - - [06/Jun/2026:01:49:15 +0200] "POST /web/wp-admin/admin-ajax.php HTTP/1.1" 200 31 "https://www.biocabaz.pt/web/en/produto/espetadas-de-vitelao-bio/?doing_wp_cron=1780282988.1632139682769775390625" "Mozilla/5.0 (Windows NT 10.0; Win64; x64) AppleWebKit/537.36 (KHTML, like Gecko) Chrome/104.0.5112.81 Safari/537.36"
220.181.108.111 - - [06/Jun/2026:01:49:20 +0200] "GET /web/shop/page/48/?doing_wp_cron=1775483096.8551518917083740234375 HTTP/1.1" 200 32862 "-" "Mozilla/5.0 (compatible; Baiduspider/2.0; +http://www.baidu.com/search/spider.html)"
177.6.51.8 - - [06/Jun/2026:01:49:22 +0200] "GET /web/produto/pera-conferencia/?doing_wp_cron=1763419397.3987300395965576171875 HTTP/1.1" 200 39185 "-" "Mozilla/5.0 (Windows NT 10.0; Win64; x64) AppleWebKit/537.36 (KHTML, like Gecko) Chrome/91.0.4472.102 Safari/537.36"
116.179.37.71 - - [06/Jun/2026:01:49:25 +0200] "POST /web/?wc-ajax=get_refreshed_fragments HTTP/1.1" 200 626 "https://www.biocabaz.pt/web/shop/page/5/?doing_wp_cron=1701954429.3745970726013183593750" "Mozilla/5.0 (compatible; Baiduspider-render/2.0; +http://www.baidu.com/search/spider.html)"
116.179.37.125 - - [06/Jun/2026:01:49:26 +0200] "GET /web/wp-conteudos/themes/jupiter/assets/js/plugins/async/min/jquery.flexslider.js HTTP/1.1" 200 7414 "https://www.biocabaz.pt/web/shop/page/5/?doing_wp_cron=1701954429.3745970726013183593750" "Mozilla/5.0 (compatible; Baiduspider-render/2.0; +http://www.baidu.com/search/spider.html)"
116.179.37.51 - - [06/Jun/2026:01:49:26 +0200] "GET /web/wp-conteudos/themes/jupiter/assets/js/plugins/async/min/minigrid.js HTTP/1.1" 200 1053 "https://www.biocabaz.pt/web/shop/page/5/?doing_wp_cron=1701954429.3745970726013183593750" "Mozilla/5.0 (compatible; Baiduspider-render/2.0; +http://www.baidu.com/search/spider.html)"
116.179.37.94 - - [06/Jun/2026:01:49:26 +0200] "POST /web/?wc-ajax=get_refreshed_fragments HTTP/1.1" 200 626 "https://biocabaz.pt/web/shop/page/48/?doing_wp_cron=1775483096.8551518917083740234375" "Mozilla/5.0 (compatible; Baiduspider-render/2.0; +http://www.baidu.com/search/spider.html)"
116.179.37.196 - - [06/Jun/2026:01:49:30 +0200] "POST /web/?wc-ajax=get_refreshed_fragments HTTP/1.1" 200 625 "https://biocabaz.pt/web/categoria-produto/import_jan_22/page/9/?doing_wp_cron=1770499073.0949048995971679687500" "Mozilla/5.0 (compatible; Baiduspider-render/2.0; +http://www.baidu.com/search/spider.html)"
116.179.33.75 - - [06/Jun/2026:01:49:30 +0200] "POST /web/?wc-ajax=get_refreshed_fragments HTTP/1.1" 200 625 "https://biocabaz.pt/web/shop/page/52/?doing_wp_cron=1686379552.6027030944824218750000" "Mozilla/5.0 (Windows NT 10.0; Win64; x64) AppleWebKit/537.36 (KHTML, like Gecko) Chrome/99.0.4844.51 Safari/537.36"
75.119.139.177 - - [06/Jun/2026:01:49:36 +0200] "POST /wp-cron.php?doing_wp_cron=1780703376.8904249668121337890625 HTTP/1.1" 200 31 "-" "WordPress/6.9; https://www.fomento-sgoic.pt"
54.38.147.119 - - [06/Jun/2026:01:49:36 +0200] "GET /bk-melbet-stavki-na-aviasport-a-takzhe-onlaynovyy-igornyy-dom-melbet-2025/ HTTP/1.1" 200 20350 "-" "Mozilla/5.0 (compatible; AhrefsBot/7.0; +http://ahrefs.com/robot/)"
68.221.67.171 - - [06/Jun/2026:01:49:39 +0200] "GET / HTTP/1.1" 302 102 "-" "Mozilla/5.0 AppleWebKit/537.36 (KHTML, like Gecko); compatible; ChatGPT-User/1.0; +https://openai.com/bot"
68.221.67.171 - - [06/Jun/2026:01:49:41 +0200] "GET /?doing_wp_cron=1780703379.7670569419860839843750 HTTP/1.1" 301 5 "-" "Mozilla/5.0 AppleWebKit/537.36 (KHTML, like Gecko); compatible; ChatGPT-User/1.0; +https://openai.com/bot"
68.221.67.171 - - [06/Jun/2026:01:49:41 +0200] "GET /web/?doing_wp_cron=1780703379.7670569419860839843750 HTTP/1.1" 200 38184 "-" "Mozilla/5.0 AppleWebKit/537.36 (KHTML, like Gecko); compatible; ChatGPT-User/1.0; +https://openai.com/bot"
47.128.17.176 - - [06/Jun/2026:01:49:53 +0200] "GET /web/en/produto/bebida-de-amendoa-s-acucar-bio-provamel-1l/ HTTP/1.1" 200 38761 "-" "Mozilla/5.0 (Linux; Android 5.0) AppleWebKit/537.36 (KHTML, like Gecko) Mobile Safari/537.36 (compatible; Bytespider; spider-feedback@bytedance.com)"
47.128.17.176 - - [06/Jun/2026:01:49:55 +0200] "GET /web/wp-conteudos/plugins/smart-marketing-for-wp/public/css/egoi-for-wp-public.css HTTP/1.1" 200 1173 "https://biocabaz.pt/" "Mozilla/5.0 (Linux; Android 5.0) AppleWebKit/537.36 (KHTML, like Gecko) Mobile Safari/537.36 (compatible; Bytespider; spider-feedback@bytedance.com)"
47.128.17.176 - - [06/Jun/2026:01:49:56 +0200] "GET /web/wp-conteudos/plugins/dhvc-form/assets/fonts/font-awesome/css/font-awesome.min.css HTTP/1.1" 200 4747 "https://biocabaz.pt/" "Mozilla/5.0 (Linux; Android 5.0) AppleWebKit/537.36 (KHTML, like Gecko) Mobile Safari/537.36 (compatible; Bytespider; spider-feedback@bytedance.com)"
47.128.17.176 - - [06/Jun/2026:01:49:56 +0200] "GET /web/wp-conteudos/plugins/woocommerce-product-bundles/assets/css/frontend/woocommerce.css HTTP/1.1" 200 607 "https://biocabaz.pt/" "Mozilla/5.0 (Linux; Android 5.0) AppleWebKit/537.36 (KHTML, like Gecko) Mobile Safari/537.36 (compatible; Bytespider; spider-feedback@bytedance.com)"
47.128.17.176 - - [06/Jun/2026:01:49:56 +0200] "GET /web/wp-conteudos/plugins/userpro/assets/css/fontawesome/css/all.min.css HTTP/1.1" 200 12340 "https://biocabaz.pt/" "Mozilla/5.0 (Linux; Android 5.0) AppleWebKit/537.36 (KHTML, like Gecko) Mobile Safari/537.36 (compatible; Bytespider; spider-feedback@bytedance.com)"
47.128.17.176 - - [06/Jun/2026:01:49:56 +0200] "GET /web/wp-conteudos/uploads/2019/09/bebida-de-amendoa-sem-acucar-provamel-e1629276356846.jpg HTTP/1.1" 206 500 "https://biocabaz.pt/" "Mozilla/5.0 (Linux; Android 5.0) AppleWebKit/537.36 (KHTML, like Gecko) Mobile Safari/537.36 (compatible; Bytespider; spider-feedback@bytedance.com)"
47.128.17.176 - - [06/Jun/2026:01:49:56 +0200] "GET /web/wp-conteudos/uploads/2016/08/sativa.jpg HTTP/1.1" 206 500 "https://biocabaz.pt/" "Mozilla/5.0 (Linux; Android 5.0) AppleWebKit/537.36 (KHTML, like Gecko) Mobile Safari/537.36 (compatible; Bytespider; spider-feedback@bytedance.com)"
116.179.32.103 - - [06/Jun/2026:01:49:58 +0200] "GET /web/categoria-produto/frescos/page/12/?doing_wp_cron=1775768707.4755311012268066406250 HTTP/1.1" 200 31752 "-" "Mozilla/5.0 (compatible; Baiduspider/2.0; +http://www.baidu.com/search/spider.html)"
116.179.37.208 - - [06/Jun/2026:01:50:05 +0200] "POST /web/?wc-ajax=get_refreshed_fragments HTTP/1.1" 200 626 "https://www.biocabaz.pt/web/categoria-produto/frescos/page/12/?doing_wp_cron=1775768707.4755311012268066406250" "Mozilla/5.0 (compatible; Baiduspider-render/2.0; +http://www.baidu.com/search/spider.html)"
116.179.37.160 - - [06/Jun/2026:01:50:06 +0200] "GET /web/wp-conteudos/themes/jupiter/assets/js/plugins/async/min/jquery.flexslider.js HTTP/1.1" 200 7414 "https://www.biocabaz.pt/web/categoria-produto/frescos/page/12/?doing_wp_cron=1775768707.4755311012268066406250" "Mozilla/5.0 (compatible; Baiduspider-render/2.0; +http://www.baidu.com/search/spider.html)"
116.179.37.224 - - [06/Jun/2026:01:50:06 +0200] "GET /web/wp-conteudos/themes/jupiter/assets/js/plugins/async/min/minigrid.js HTTP/1.1" 200 1053 "https://www.biocabaz.pt/web/categoria-produto/frescos/page/12/?doing_wp_cron=1775768707.4755311012268066406250" "Mozilla/5.0 (compatible; Baiduspider-render/2.0; +http://www.baidu.com/search/spider.html)"
17.241.75.206 - - [06/Jun/2026:01:50:08 +0200] "GET /web/en/shop/page/2/?doing_wp_cron=1692090191.3844130039215087890625 HTTP/1.1" 200 32680 "-" "Mozilla/5.0 (Macintosh; Intel Mac OS X 10_15_7) AppleWebKit/605.1.15 (KHTML, like Gecko) Version/17.4 Safari/605.1.15 (Applebot/0.1; +http://www.apple.com/go/applebot)"
17.241.227.120 - - [06/Jun/2026:01:50:13 +0200] "GET /web/wp-conteudos/plugins/woocommerce/packages/woocommerce-blocks/build/wc-blocks-vendors-style.css HTTP/1.1" 200 1987 "https://www.biocabaz.pt/web/en/shop/page/56/?doing_wp_cron=1739029693.5162150859832763671875" "Mozilla/5.0 (Macintosh; Intel Mac OS X 10_15_7) AppleWebKit/605.1.15 (KHTML, like Gecko) Version/17.4 Safari/605.1.15 (Applebot/0.1; +http://www.apple.com/go/applebot)"
17.241.227.120 - - [06/Jun/2026:01:50:14 +0200] "GET /web/wp-conteudos/plugins/smart-marketing-for-wp/public/css/egoi-for-wp-public.css HTTP/1.1" 200 1173 "https://www.biocabaz.pt/web/en/shop/page/56/?doing_wp_cron=1739029693.5162150859832763671875" "Mozilla/5.0 (Macintosh; Intel Mac OS X 10_15_7) AppleWebKit/605.1.15 (KHTML, like Gecko) Version/17.4 Safari/605.1.15 (Applebot/0.1; +http://www.apple.com/go/applebot)"
17.241.227.120 - - [06/Jun/2026:01:50:15 +0200] "GET /web/wp-conteudos/plugins/cookie-notice/css/front.min.css HTTP/1.1" 200 1108 "https://www.biocabaz.pt/web/en/shop/page/56/?doing_wp_cron=1739029693.5162150859832763671875" "Mozilla/5.0 (Macintosh; Intel Mac OS X 10_15_7) AppleWebKit/605.1.15 (KHTML, like Gecko) Version/17.4 Safari/605.1.15 (Applebot/0.1; +http://www.apple.com/go/applebot)"
17.241.227.120 - - [06/Jun/2026:01:50:16 +0200] "GET /web/wp-conteudos/plugins/woocommerce/packages/woocommerce-blocks/build/wc-blocks-style.css HTTP/1.1" 200 25428 "https://www.biocabaz.pt/web/en/shop/page/56/?doing_wp_cron=1739029693.5162150859832763671875" "Mozilla/5.0 (Macintosh; Intel Mac OS X 10_15_7) AppleWebKit/605.1.15 (KHTML, like Gecko) Version/17.4 Safari/605.1.15 (Applebot/0.1; +http://www.apple.com/go/applebot)"
17.241.227.120 - - [06/Jun/2026:01:50:17 +0200] "GET /web/wp-conteudos/plugins/userpro/css/up-fontawesome.css HTTP/1.1" 200 10233 "https://www.biocabaz.pt/web/en/shop/page/56/?doing_wp_cron=1739029693.5162150859832763671875" "Mozilla/5.0 (Macintosh; Intel Mac OS X 10_15_7) AppleWebKit/605.1.15 (KHTML, like Gecko) Version/17.4 Safari/605.1.15 (Applebot/0.1; +http://www.apple.com/go/applebot)"
17.241.227.120 - - [06/Jun/2026:01:50:18 +0200] "GET /web/wp-conteudos/plugins/userpro/skins/pure/style.css HTTP/1.1" 200 5179 "https://www.biocabaz.pt/web/en/shop/page/56/?doing_wp_cron=1739029693.5162150859832763671875" "Mozilla/5.0 (Macintosh; Intel Mac OS X 10_15_7) AppleWebKit/605.1.15 (KHTML, like Gecko) Version/17.4 Safari/605.1.15 (Applebot/0.1; +http://www.apple.com/go/applebot)"
94.46.181.147 - - [06/Jun/2026:01:50:18 +0200] "GET /.well-known/acme-challenge/CX0L45E8Y9M4HX290ADB93G9F5HBOTVI HTTP/1.1" 301 162 "-" "Cpanel-HTTP-Client/1.0"
94.46.181.147 - - [06/Jun/2026:01:50:19 +0200] "GET /.well-known/acme-challenge/CX0L45E8Y9M4HX290ADB93G9F5HBOTVI HTTP/1.1" 404 146 "-" "Cpanel-HTTP-Client/1.0"
17.241.227.120 - - [06/Jun/2026:01:50:19 +0200] "GET /web/wp-conteudos/plugins/userpro/addons/timeline/assets/css/timeline.css HTTP/1.1" 200 1159 "https://www.biocabaz.pt/web/en/shop/page/56/?doing_wp_cron=1739029693.5162150859832763671875" "Mozilla/5.0 (Macintosh; Intel Mac OS X 10_15_7) AppleWebKit/605.1.15 (KHTML, like Gecko) Version/17.4 Safari/605.1.15 (Applebot/0.1; +http://www.apple.com/go/applebot)"
94.46.181.147 - - [06/Jun/2026:01:50:20 +0200] "GET /.well-known/acme-challenge/ZRVWU6X8IGRIS9PGXV_0OQ-3FNETX9NN HTTP/1.1" 301 162 "-" "Cpanel-HTTP-Client/1.0"
17.241.227.120 - - [06/Jun/2026:01:50:20 +0200] "GET /web/wp-conteudos/plugins/woo-keyinvoice-integration/public/css/woo-keyinvoice-integration-public.css HTTP/1.1" 200 98 "https://www.biocabaz.pt/web/en/shop/page/56/?doing_wp_cron=1739029693.5162150859832763671875" "Mozilla/5.0 (Macintosh; Intel Mac OS X 10_15_7) AppleWebKit/605.1.15 (KHTML, like Gecko) Version/17.4 Safari/605.1.15 (Applebot/0.1; +http://www.apple.com/go/applebot)"
17.241.227.120 - - [06/Jun/2026:01:50:21 +0200] "GET /web/wp-conteudos/themes/jupiter/assets/stylesheet/plugins/min/woocommerce.css HTTP/1.1" 200 9632 "https://www.biocabaz.pt/web/en/shop/page/56/?doing_wp_cron=1739029693.5162150859832763671875" "Mozilla/5.0 (Macintosh; Intel Mac OS X 10_15_7) AppleWebKit/605.1.15 (KHTML, like Gecko) Version/17.4 Safari/605.1.15 (Applebot/0.1; +http://www.apple.com/go/applebot)"
17.241.227.120 - - [06/Jun/2026:01:50:22 +0200] "GET /web/wp-conteudos/plugins/wp-multilang/assets/styles/main.min.css HTTP/1.1" 200 1027 "https://www.biocabaz.pt/web/en/shop/page/56/?doing_wp_cron=1739029693.5162150859832763671875" "Mozilla/5.0 (Macintosh; Intel Mac OS X 10_15_7) AppleWebKit/605.1.15 (KHTML, like Gecko) Version/17.4 Safari/605.1.15 (Applebot/0.1; +http://www.apple.com/go/applebot)"
17.241.227.120 - - [06/Jun/2026:01:50:23 +0200] "GET /web/wp-conteudos/themes/jupiter/assets/stylesheet/min/full-styles.6.5.1.css HTTP/1.1" 200 27411 "https://www.biocabaz.pt/web/en/shop/page/56/?doing_wp_cron=1739029693.5162150859832763671875" "Mozilla/5.0 (Macintosh; Intel Mac OS X 10_15_7) AppleWebKit/605.1.15 (KHTML, like Gecko) Version/17.4 Safari/605.1.15 (Applebot/0.1; +http://www.apple.com/go/applebot)"
94.46.181.147 - - [06/Jun/2026:01:50:23 +0200] "GET /.well-known/acme-challenge/Y9N-P0C3X1EZCQM3_0LNZLG0LEURWRB6 HTTP/1.1" 301 162 "-" "Cpanel-HTTP-Client/1.0"
94.46.181.147 - - [06/Jun/2026:01:50:23 +0200] "GET /.well-known/acme-challenge/Y9N-P0C3X1EZCQM3_0LNZLG0LEURWRB6 HTTP/1.1" 404 146 "-" "Cpanel-HTTP-Client/1.0"
94.46.181.147 - - [06/Jun/2026:01:50:24 +0200] "GET /.well-known/acme-challenge/AJ2LRP7AHZZLN7ZTOVXRKTFRZ7EZ20M_ HTTP/1.1" 301 162 "-" "Cpanel-HTTP-Client/1.0"
17.241.227.120 - - [06/Jun/2026:01:50:24 +0200] "GET /web/wp-conteudos/themes/jupiter/header-builder/includes/assets/css/mkhb-render.css HTTP/1.1" 200 1156 "https://www.biocabaz.pt/web/en/shop/page/56/?doing_wp_cron=1739029693.5162150859832763671875" "Mozilla/5.0 (Macintosh; Intel Mac OS X 10_15_7) AppleWebKit/605.1.15 (KHTML, like Gecko) Version/17.4 Safari/605.1.15 (Applebot/0.1; +http://www.apple.com/go/applebot)"
17.241.227.120 - - [06/Jun/2026:01:50:25 +0200] "GET /web/wp-conteudos/themes/jupiter/header-builder/includes/assets/css/mkhb-row.css HTTP/1.1" 200 553 "https://www.biocabaz.pt/web/en/shop/page/56/?doing_wp_cron=1739029693.5162150859832763671875" "Mozilla/5.0 (Macintosh; Intel Mac OS X 10_15_7) AppleWebKit/605.1.15 (KHTML, like Gecko) Version/17.4 Safari/605.1.15 (Applebot/0.1; +http://www.apple.com/go/applebot)"
17.241.227.120 - - [06/Jun/2026:01:50:26 +0200] "GET /web/wp-conteudos/themes/jupiter/header-builder/includes/assets/css/mkhb-column.css HTTP/1.1" 200 833 "https://www.biocabaz.pt/web/en/shop/page/56/?doing_wp_cron=1739029693.5162150859832763671875" "Mozilla/5.0 (Macintosh; Intel Mac OS X 10_15_7) AppleWebKit/605.1.15 (KHTML, like Gecko) Version/17.4 Safari/605.1.15 (Applebot/0.1; +http://www.apple.com/go/applebot)"
17.241.227.120 - - [06/Jun/2026:01:50:27 +0200] "GET /web/wp-conteudos/plugins/dhvc-form/assets/fonts/font-awesome/css/font-awesome.min.css HTTP/1.1" 200 4747 "https://www.biocabaz.pt/web/en/shop/page/56/?doing_wp_cron=1739029693.5162150859832763671875" "Mozilla/5.0 (Macintosh; Intel Mac OS X 10_15_7) AppleWebKit/605.1.15 (KHTML, like Gecko) Version/17.4 Safari/605.1.15 (Applebot/0.1; +http://www.apple.com/go/applebot)"
17.241.227.120 - - [06/Jun/2026:01:50:28 +0200] "GET /web/wp-conteudos/plugins/dhvc-form/assets/css/style.css HTTP/1.1" 200 3736 "https://www.biocabaz.pt/web/en/shop/page/56/?doing_wp_cron=1739029693.5162150859832763671875" "Mozilla/5.0 (Macintosh; Intel Mac OS X 10_15_7) AppleWebKit/605.1.15 (KHTML, like Gecko) Version/17.4 Safari/605.1.15 (Applebot/0.1; +http://www.apple.com/go/applebot)"
17.241.227.120 - - [06/Jun/2026:01:50:29 +0200] "GET /web/wp-conteudos/plugins/jupiter-donut/assets/css/shortcodes-styles.min.css HTTP/1.1" 200 58842 "https://www.biocabaz.pt/web/en/shop/page/56/?doing_wp_cron=1739029693.5162150859832763671875" "Mozilla/5.0 (Macintosh; Intel Mac OS X 10_15_7) AppleWebKit/605.1.15 (KHTML, like Gecko) Version/17.4 Safari/605.1.15 (Applebot/0.1; +http://www.apple.com/go/applebot)"
17.241.227.120 - - [06/Jun/2026:01:50:30 +0200] "GET /web/wp-conteudos/themes/jupiter-child/style.css HTTP/1.1" 200 410 "https://www.biocabaz.pt/web/en/shop/page/56/?doing_wp_cron=1739029693.5162150859832763671875" "Mozilla/5.0 (Macintosh; Intel Mac OS X 10_15_7) AppleWebKit/605.1.15 (KHTML, like Gecko) Version/17.4 Safari/605.1.15 (Applebot/0.1; +http://www.apple.com/go/applebot)"
17.241.227.120 - - [06/Jun/2026:01:50:31 +0200] "GET /web/wp-conteudos/plugins/woocommerce-product-bundles/assets/css/frontend/woocommerce.css HTTP/1.1" 200 607 "https://www.biocabaz.pt/web/en/shop/page/56/?doing_wp_cron=1739029693.5162150859832763671875" "Mozilla/5.0 (Macintosh; Intel Mac OS X 10_15_7) AppleWebKit/605.1.15 (KHTML, like Gecko) Version/17.4 Safari/605.1.15 (Applebot/0.1; +http://www.apple.com/go/applebot)"
17.241.227.120 - - [06/Jun/2026:01:50:32 +0200] "GET /web/wp-conteudos/plugins/smart-marketing-for-wp/admin/js/egoi-for-wp-canvas.js HTTP/1.1" 200 2304 "https://www.biocabaz.pt/web/en/shop/page/56/?doing_wp_cron=1739029693.5162150859832763671875" "Mozilla/5.0 (Macintosh; Intel Mac OS X 10_15_7) AppleWebKit/605.1.15 (KHTML, like Gecko) Version/17.4 Safari/605.1.15 (Applebot/0.1; +http://www.apple.com/go/applebot)"
89.155.211.65 - - [06/Jun/2026:01:50:32 +0200] "GET /web/wp-includes/css/dist/block-library/style.min.css HTTP/1.1" 200 15621 "-" "Mozilla/5.0 (Linux; Android 10; K) AppleWebKit/537.36 (KHTML, like Gecko) Chrome/148.0.0.0 Mobile Safari/537.36"
89.155.211.65 - - [06/Jun/2026:01:50:32 +0200] "GET /web/wp-conteudos/plugins/woocommerce/packages/woocommerce-blocks/build/wc-blocks-vendors-style.css HTTP/1.1" 200 1987 "-" "Mozilla/5.0 (Linux; Android 10; K) AppleWebKit/537.36 (KHTML, like Gecko) Chrome/148.0.0.0 Mobile Safari/537.36"
89.155.211.65 - - [06/Jun/2026:01:50:32 +0200] "GET /web/wp-conteudos/plugins/woocommerce/packages/woocommerce-blocks/build/wc-blocks-style.css HTTP/1.1" 200 25428 "-" "Mozilla/5.0 (Linux; Android 10; K) AppleWebKit/537.36 (KHTML, like Gecko) Chrome/148.0.0.0 Mobile Safari/537.36"
89.155.211.65 - - [06/Jun/2026:01:50:32 +0200] "GET /web/produto/ananas/ HTTP/1.1" 200 38029 "https://www.google.com/" "Mozilla/5.0 (Linux; Android 10; K) AppleWebKit/537.36 (KHTML, like Gecko) Chrome/148.0.0.0 Mobile Safari/537.36"
89.155.211.65 - - [06/Jun/2026:01:50:32 +0200] "GET /web/wp-conteudos/plugins/cookie-notice/css/front.min.css HTTP/1.1" 200 1108 "-" "Mozilla/5.0 (Linux; Android 10; K) AppleWebKit/537.36 (KHTML, like Gecko) Chrome/148.0.0.0 Mobile Safari/537.36"
89.155.211.65 - - [06/Jun/2026:01:50:32 +0200] "GET /web/wp-includes/css/dashicons.min.css HTTP/1.1" 200 35775 "-" "Mozilla/5.0 (Linux; Android 10; K) AppleWebKit/537.36 (KHTML, like Gecko) Chrome/148.0.0.0 Mobile Safari/537.36"
89.155.211.65 - - [06/Jun/2026:01:50:32 +0200] "GET /web/wp-conteudos/plugins/smart-marketing-for-wp/public/css/egoi-for-wp-public.css HTTP/1.1" 200 1173 "-" "Mozilla/5.0 (Linux; Android 10; K) AppleWebKit/537.36 (KHTML, like Gecko) Chrome/148.0.0.0 Mobile Safari/537.36"
89.155.211.65 - - [06/Jun/2026:01:50:32 +0200] "GET /web/wp-conteudos/plugins/userpro/skins/pure/style.css HTTP/1.1" 200 5179 "https://www.biocabaz.pt/web/produto/ananas/" "Mozilla/5.0 (Linux; Android 10; K) AppleWebKit/537.36 (KHTML, like Gecko) Chrome/148.0.0.0 Mobile Safari/537.36"
89.155.211.65 - - [06/Jun/2026:01:50:32 +0200] "GET /web/wp-conteudos/plugins/userpro/css/up-fontawesome.css HTTP/1.1" 200 10233 "https://www.biocabaz.pt/web/produto/ananas/" "Mozilla/5.0 (Linux; Android 10; K) AppleWebKit/537.36 (KHTML, like Gecko) Chrome/148.0.0.0 Mobile Safari/537.36"
89.155.211.65 - - [06/Jun/2026:01:50:32 +0200] "GET /web/wp-conteudos/plugins/userpro/addons/timeline/assets/css/timeline.css HTTP/1.1" 200 1159 "https://www.biocabaz.pt/web/produto/ananas/" "Mozilla/5.0 (Linux; Android 10; K) AppleWebKit/537.36 (KHTML, like Gecko) Chrome/148.0.0.0 Mobile Safari/537.36"
89.155.211.65 - - [06/Jun/2026:01:50:32 +0200] "GET /web/wp-conteudos/plugins/woo-keyinvoice-integration/public/css/woo-keyinvoice-integration-public.css HTTP/1.1" 200 98 "https://www.biocabaz.pt/web/produto/ananas/" "Mozilla/5.0 (Linux; Android 10; K) AppleWebKit/537.36 (KHTML, like Gecko) Chrome/148.0.0.0 Mobile Safari/537.36"
89.155.211.65 - - [06/Jun/2026:01:50:32 +0200] "GET /web/wp-conteudos/plugins/woocommerce/assets/css/photoswipe/photoswipe.min.css HTTP/1.1" 200 1009 "https://www.biocabaz.pt/web/produto/ananas/" "Mozilla/5.0 (Linux; Android 10; K) AppleWebKit/537.36 (KHTML, like Gecko) Chrome/148.0.0.0 Mobile Safari/537.36"
89.155.211.65 - - [06/Jun/2026:01:50:33 +0200] "GET /web/wp-conteudos/plugins/woocommerce/assets/css/photoswipe/default-skin/default-skin.min.css HTTP/1.1" 200 1937 "https://www.biocabaz.pt/web/produto/ananas/" "Mozilla/5.0 (Linux; Android 10; K) AppleWebKit/537.36 (KHTML, like Gecko) Chrome/148.0.0.0 Mobile Safari/537.36"
89.155.211.65 - - [06/Jun/2026:01:50:33 +0200] "GET /web/wp-conteudos/themes/jupiter/assets/stylesheet/plugins/min/woocommerce.css HTTP/1.1" 200 9632 "https://www.biocabaz.pt/web/produto/ananas/" "Mozilla/5.0 (Linux; Android 10; K) AppleWebKit/537.36 (KHTML, like Gecko) Chrome/148.0.0.0 Mobile Safari/537.36"
89.155.211.65 - - [06/Jun/2026:01:50:33 +0200] "GET /web/wp-conteudos/themes/jupiter/assets/stylesheet/min/full-styles.6.5.1.css HTTP/1.1" 200 27411 "https://www.biocabaz.pt/web/produto/ananas/" "Mozilla/5.0 (Linux; Android 10; K) AppleWebKit/537.36 (KHTML, like Gecko) Chrome/148.0.0.0 Mobile Safari/537.36"
89.155.211.65 - - [06/Jun/2026:01:50:33 +0200] "GET /web/wp-conteudos/plugins/wp-multilang/assets/styles/main.min.css HTTP/1.1" 200 1027 "https://www.biocabaz.pt/web/produto/ananas/" "Mozilla/5.0 (Linux; Android 10; K) AppleWebKit/537.36 (KHTML, like Gecko) Chrome/148.0.0.0 Mobile Safari/537.36"
89.155.211.65 - - [06/Jun/2026:01:50:33 +0200] "GET /web/wp-conteudos/themes/jupiter/header-builder/includes/assets/css/mkhb-render.css HTTP/1.1" 200 1156 "https://www.biocabaz.pt/web/produto/ananas/" "Mozilla/5.0 (Linux; Android 10; K) AppleWebKit/537.36 (KHTML, like Gecko) Chrome/148.0.0.0 Mobile Safari/537.36"
89.155.211.65 - - [06/Jun/2026:01:50:33 +0200] "GET /web/wp-conteudos/themes/jupiter/header-builder/includes/assets/css/mkhb-row.css HTTP/1.1" 200 553 "https://www.biocabaz.pt/web/produto/ananas/" "Mozilla/5.0 (Linux; Android 10; K) AppleWebKit/537.36 (KHTML, like Gecko) Chrome/148.0.0.0 Mobile Safari/537.36"
89.155.211.65 - - [06/Jun/2026:01:50:33 +0200] "GET /web/wp-conteudos/themes/jupiter/header-builder/includes/assets/css/mkhb-column.css HTTP/1.1" 200 833 "https://www.biocabaz.pt/web/produto/ananas/" "Mozilla/5.0 (Linux; Android 10; K) AppleWebKit/537.36 (KHTML, like Gecko) Chrome/148.0.0.0 Mobile Safari/537.36"
89.155.211.65 - - [06/Jun/2026:01:50:33 +0200] "GET /web/wp-conteudos/plugins/dhvc-form/assets/fonts/font-awesome/css/font-awesome.min.css HTTP/1.1" 200 4747 "https://www.biocabaz.pt/web/produto/ananas/" "Mozilla/5.0 (Linux; Android 10; K) AppleWebKit/537.36 (KHTML, like Gecko) Chrome/148.0.0.0 Mobile Safari/537.36"
89.155.211.65 - - [06/Jun/2026:01:50:33 +0200] "GET /web/wp-conteudos/plugins/dhvc-form/assets/css/style.css HTTP/1.1" 200 3736 "https://www.biocabaz.pt/web/produto/ananas/" "Mozilla/5.0 (Linux; Android 10; K) AppleWebKit/537.36 (KHTML, like Gecko) Chrome/148.0.0.0 Mobile Safari/537.36"
89.155.211.65 - - [06/Jun/2026:01:50:33 +0200] "GET /web/wp-conteudos/uploads/mk_assets/theme-options-production-1780169976.css HTTP/1.1" 200 5907 "https://www.biocabaz.pt/web/produto/ananas/" "Mozilla/5.0 (Linux; Android 10; K) AppleWebKit/537.36 (KHTML, like Gecko) Chrome/148.0.0.0 Mobile Safari/537.36"
89.155.211.65 - - [06/Jun/2026:01:50:33 +0200] "GET /web/wp-conteudos/plugins/jupiter-donut/assets/css/shortcodes-styles.min.css HTTP/1.1" 200 58842 "https://www.biocabaz.pt/web/produto/ananas/" "Mozilla/5.0 (Linux; Android 10; K) AppleWebKit/537.36 (KHTML, like Gecko) Chrome/148.0.0.0 Mobile Safari/537.36"
89.155.211.65 - - [06/Jun/2026:01:50:33 +0200] "GET /web/wp-conteudos/themes/jupiter-child/style.css HTTP/1.1" 200 410 "https://www.biocabaz.pt/web/produto/ananas/" "Mozilla/5.0 (Linux; Android 10; K) AppleWebKit/537.36 (KHTML, like Gecko) Chrome/148.0.0.0 Mobile Safari/537.36"
89.155.211.65 - - [06/Jun/2026:01:50:33 +0200] "GET /web/wp-conteudos/plugins/woocommerce-product-bundles/assets/css/frontend/woocommerce.css HTTP/1.1" 200 607 "https://www.biocabaz.pt/web/produto/ananas/" "Mozilla/5.0 (Linux; Android 10; K) AppleWebKit/537.36 (KHTML, like Gecko) Chrome/148.0.0.0 Mobile Safari/537.36"
89.155.211.65 - - [06/Jun/2026:01:50:33 +0200] "GET /web/wp-conteudos/plugins/smart-marketing-for-wp/admin/js/egoi-for-wp-canvas.js HTTP/1.1" 200 2304 "https://www.biocabaz.pt/web/produto/ananas/" "Mozilla/5.0 (Linux; Android 10; K) AppleWebKit/537.36 (KHTML, like Gecko) Chrome/148.0.0.0 Mobile Safari/537.36"
89.155.211.65 - - [06/Jun/2026:01:50:33 +0200] "GET /web/wp-includes/js/jquery/jquery-migrate.min.js HTTP/1.1" 200 4894 "https://www.biocabaz.pt/web/produto/ananas/" "Mozilla/5.0 (Linux; Android 10; K) AppleWebKit/537.36 (KHTML, like Gecko) Chrome/148.0.0.0 Mobile Safari/537.36"
89.155.211.65 - - [06/Jun/2026:01:50:33 +0200] "GET /web/wp-includes/js/jquery/jquery.min.js HTTP/1.1" 200 30646 "https://www.biocabaz.pt/web/produto/ananas/" "Mozilla/5.0 (Linux; Android 10; K) AppleWebKit/537.36 (KHTML, like Gecko) Chrome/148.0.0.0 Mobile Safari/537.36"
89.155.211.65 - - [06/Jun/2026:01:50:33 +0200] "GET /web/wp-conteudos/themes/jupiter/assets/js/plugins/wp-enqueue/webfontloader.js HTTP/1.1" 200 5035 "https://www.biocabaz.pt/web/produto/ananas/" "Mozilla/5.0 (Linux; Android 10; K) AppleWebKit/537.36 (KHTML, like Gecko) Chrome/148.0.0.0 Mobile Safari/537.36"
89.155.211.65 - - [06/Jun/2026:01:50:33 +0200] "GET /web/wp-conteudos/plugins/woo-keyinvoice-integration/public/js/woo-keyinvoice-integration-public.js HTTP/1.1" 200 838 "https://www.biocabaz.pt/web/produto/ananas/" "Mozilla/5.0 (Linux; Android 10; K) AppleWebKit/537.36 (KHTML, like Gecko) Chrome/148.0.0.0 Mobile Safari/537.36"
89.155.211.65 - - [06/Jun/2026:01:50:33 +0200] "GET /web/wp-conteudos/plugins/cookie-notice/js/front.min.js HTTP/1.1" 200 2167 "https://www.biocabaz.pt/web/produto/ananas/" "Mozilla/5.0 (Linux; Android 10; K) AppleWebKit/537.36 (KHTML, like Gecko) Chrome/148.0.0.0 Mobile Safari/537.36"
89.155.211.65 - - [06/Jun/2026:01:50:33 +0200] "GET /web/wp-conteudos/plugins/woocommerce/assets/js/jquery-blockui/jquery.blockUI.min.js HTTP/1.1" 200 3518 "https://www.biocabaz.pt/web/produto/ananas/" "Mozilla/5.0 (Linux; Android 10; K) AppleWebKit/537.36 (KHTML, like Gecko) Chrome/148.0.0.0 Mobile Safari/537.36"
89.155.211.65 - - [06/Jun/2026:01:50:33 +0200] "GET /web/wp-conteudos/plugins/js_composer_theme/assets/js/vendors/woocommerce-add-to-cart.js HTTP/1.1" 200 992 "https://www.biocabaz.pt/web/produto/ananas/" "Mozilla/5.0 (Linux; Android 10; K) AppleWebKit/537.36 (KHTML, like Gecko) Chrome/148.0.0.0 Mobile Safari/537.36"
89.155.211.65 - - [06/Jun/2026:01:50:33 +0200] "GET /web/wp-conteudos/plugins/woocommerce/assets/js/frontend/add-to-cart.min.js HTTP/1.1" 200 1102 "https://www.biocabaz.pt/web/produto/ananas/" "Mozilla/5.0 (Linux; Android 10; K) AppleWebKit/537.36 (KHTML, like Gecko) Chrome/148.0.0.0 Mobile Safari/537.36"
89.155.211.65 - - [06/Jun/2026:01:50:33 +0200] "GET /web/wp-includes/js/dist/hooks.min.js HTTP/1.1" 200 1660 "https://www.biocabaz.pt/web/produto/ananas/" "Mozilla/5.0 (Linux; Android 10; K) AppleWebKit/537.36 (KHTML, like Gecko) Chrome/148.0.0.0 Mobile Safari/537.36"
89.155.211.65 - - [06/Jun/2026:01:50:33 +0200] "GET /web/wp-conteudos/plugins/woocommerce-google-adwords-conversion-tracking-tag/js/public/wpm-public.p1.min.js HTTP/1.1" 200 40537 "https://www.biocabaz.pt/web/produto/ananas/" "Mozilla/5.0 (Linux; Android 10; K) AppleWebKit/537.36 (KHTML, like Gecko) Chrome/148.0.0.0 Mobile Safari/537.36"
89.155.211.65 - - [06/Jun/2026:01:50:33 +0200] "GET /web/wp-conteudos/themes/jupiter/framework/includes/woocommerce-quantity-increment/assets/js/lib/number-polyfill.min.js HTTP/1.1" 200 2821 "https://www.biocabaz.pt/web/produto/ananas/" "Mozilla/5.0 (Linux; Android 10; K) AppleWebKit/537.36 (KHTML, like Gecko) Chrome/148.0.0.0 Mobile Safari/537.36"
89.155.211.65 - - [06/Jun/2026:01:50:33 +0200] "GET /web/wp-conteudos/plugins/userpro/addons/social/scripts/userpro-social.js HTTP/1.1" 200 1348 "https://www.biocabaz.pt/web/produto/ananas/" "Mozilla/5.0 (Linux; Android 10; K) AppleWebKit/537.36 (KHTML, like Gecko) Chrome/148.0.0.0 Mobile Safari/537.36"
89.155.211.65 - - [06/Jun/2026:01:50:33 +0200] "GET /web/wp-conteudos/plugins/userpro/scripts/userpro.encrypt.js HTTP/1.1" 200 3835 "https://www.biocabaz.pt/web/produto/ananas/" "Mozilla/5.0 (Linux; Android 10; K) AppleWebKit/537.36 (KHTML, like Gecko) Chrome/148.0.0.0 Mobile Safari/537.36"
89.155.211.65 - - [06/Jun/2026:01:50:33 +0200] "GET /web/wp-conteudos/themes/jupiter/framework/includes/woocommerce-quantity-increment/assets/js/wc-quantity-increment.min.js HTTP/1.1" 200 570 "https://www.biocabaz.pt/web/produto/ananas/" "Mozilla/5.0 (Linux; Android 10; K) AppleWebKit/537.36 (KHTML, like Gecko) Chrome/148.0.0.0 Mobile Safari/537.36"
89.155.211.65 - - [06/Jun/2026:01:50:33 +0200] "GET /web/wp-conteudos/uploads/2016/03/ananas-acores-1000x751.jpg HTTP/1.1" 200 86093 "https://www.biocabaz.pt/web/produto/ananas/" "Mozilla/5.0 (Linux; Android 10; K) AppleWebKit/537.36 (KHTML, like Gecko) Chrome/148.0.0.0 Mobile Safari/537.36"
89.155.211.65 - - [06/Jun/2026:01:50:33 +0200] "GET /web/wp-conteudos/uploads/2021/01/biocabaz_logosite2.png HTTP/1.1" 200 6409 "https://www.biocabaz.pt/web/produto/ananas/" "Mozilla/5.0 (Linux; Android 10; K) AppleWebKit/537.36 (KHTML, like Gecko) Chrome/148.0.0.0 Mobile Safari/537.36"
89.155.211.65 - - [06/Jun/2026:01:50:33 +0200] "GET /web/wp-conteudos/plugins/wp-multilang/flags/us.png HTTP/1.1" 200 307 "https://www.biocabaz.pt/web/produto/ananas/" "Mozilla/5.0 (Linux; Android 10; K) AppleWebKit/537.36 (KHTML, like Gecko) Chrome/148.0.0.0 Mobile Safari/537.36"
89.155.211.65 - - [06/Jun/2026:01:50:33 +0200] "GET /web/wp-conteudos/plugins/wp-multilang/flags/pt.png HTTP/1.1" 200 255 "https://www.biocabaz.pt/web/produto/ananas/" "Mozilla/5.0 (Linux; Android 10; K) AppleWebKit/537.36 (KHTML, like Gecko) Chrome/148.0.0.0 Mobile Safari/537.36"
89.155.211.65 - - [06/Jun/2026:01:50:33 +0200] "GET /web/wp-conteudos/plugins/userpro/assets/css/fontawesome/css/all.min.css HTTP/1.1" 200 12340 "https://www.biocabaz.pt/web/produto/ananas/" "Mozilla/5.0 (Linux; Android 10; K) AppleWebKit/537.36 (KHTML, like Gecko) Chrome/148.0.0.0 Mobile Safari/537.36"
89.155.211.65 - - [06/Jun/2026:01:50:33 +0200] "GET /web/scripts/myscript.js?v=1.2 HTTP/1.1" 200 1531 "https://www.biocabaz.pt/web/produto/ananas/" "Mozilla/5.0 (Linux; Android 10; K) AppleWebKit/537.36 (KHTML, like Gecko) Chrome/148.0.0.0 Mobile Safari/537.36"
87.250.224.116 - - [06/Jun/2026:01:50:33 +0200] "GET /wp-content/uploads/2025/11/Metalixa_1.jpg HTTP/1.1" 200 116258 "-" "Mozilla/5.0 (compatible; YandexImages/3.0; +http://yandex.com/bots)"
89.155.211.65 - - [06/Jun/2026:01:50:33 +0200] "GET /web/wp-includes/js/jquery/ui/core.min.js HTTP/1.1" 200 7137 "https://www.biocabaz.pt/web/produto/ananas/" "Mozilla/5.0 (Linux; Android 10; K) AppleWebKit/537.36 (KHTML, like Gecko) Chrome/148.0.0.0 Mobile Safari/537.36"
89.155.211.65 - - [06/Jun/2026:01:50:33 +0200] "GET /web/wp-conteudos/plugins/userpro/assets/css/main.css HTTP/1.1" 200 707 "https://www.biocabaz.pt/web/produto/ananas/" "Mozilla/5.0 (Linux; Android 10; K) AppleWebKit/537.36 (KHTML, like Gecko) Chrome/148.0.0.0 Mobile Safari/537.36"
89.155.211.65 - - [06/Jun/2026:01:50:33 +0200] "GET /web/wp-includes/js/jquery/ui/datepicker.min.js HTTP/1.1" 200 11003 "https://www.biocabaz.pt/web/produto/ananas/" "Mozilla/5.0 (Linux; Android 10; K) AppleWebKit/537.36 (KHTML, like Gecko) Chrome/148.0.0.0 Mobile Safari/537.36"
89.155.211.65 - - [06/Jun/2026:01:50:33 +0200] "GET /web/wp-conteudos/plugins/userpro/scripts/up-custom-script.js HTTP/1.1" 200 562 "https://www.biocabaz.pt/web/produto/ananas/" "Mozilla/5.0 (Linux; Android 10; K) AppleWebKit/537.36 (KHTML, like Gecko) Chrome/148.0.0.0 Mobile Safari/537.36"
89.155.211.65 - - [06/Jun/2026:01:50:33 +0200] "GET /web/wp-conteudos/plugins/userpro/addons/timeline/assets/js/timeline.js HTTP/1.1" 200 693 "https://www.biocabaz.pt/web/produto/ananas/" "Mozilla/5.0 (Linux; Android 10; K) AppleWebKit/537.36 (KHTML, like Gecko) Chrome/148.0.0.0 Mobile Safari/537.36"
89.155.211.65 - - [06/Jun/2026:01:50:33 +0200] "GET /web/wp-conteudos/uploads/2020/04/screenshot-2020-04-20-at-01.06.58.png HTTP/1.1" 200 231865 "https://www.biocabaz.pt/web/produto/ananas/" "Mozilla/5.0 (Linux; Android 10; K) AppleWebKit/537.36 (KHTML, like Gecko) Chrome/148.0.0.0 Mobile Safari/537.36"
89.155.211.65 - - [06/Jun/2026:01:50:33 +0200] "GET /web/wp-conteudos/plugins/woocommerce/assets/js/zoom/jquery.zoom.min.js HTTP/1.1" 200 1191 "https://www.biocabaz.pt/web/produto/ananas/" "Mozilla/5.0 (Linux; Android 10; K) AppleWebKit/537.36 (KHTML, like Gecko) Chrome/148.0.0.0 Mobile Safari/537.36"
89.155.211.65 - - [06/Jun/2026:01:50:33 +0200] "GET /web/wp-conteudos/plugins/js_composer_theme/assets/lib/bower/flexslider/jquery.flexslider-min.js HTTP/1.1" 200 6483 "https://www.biocabaz.pt/web/produto/ananas/" "Mozilla/5.0 (Linux; Android 10; K) AppleWebKit/537.36 (KHTML, like Gecko) Chrome/148.0.0.0 Mobile Safari/537.36"
17.241.227.120 - - [06/Jun/2026:01:50:33 +0200] "GET /web/wp-conteudos/themes/jupiter/assets/js/plugins/wp-enqueue/webfontloader.js HTTP/1.1" 200 5035 "https://www.biocabaz.pt/web/en/shop/page/56/?doing_wp_cron=1739029693.5162150859832763671875" "Mozilla/5.0 (Macintosh; Intel Mac OS X 10_15_7) AppleWebKit/605.1.15 (KHTML, like Gecko) Version/17.4 Safari/605.1.15 (Applebot/0.1; +http://www.apple.com/go/applebot)"
89.155.211.65 - - [06/Jun/2026:01:50:33 +0200] "GET /web/wp-conteudos/plugins/woocommerce/assets/js/photoswipe/photoswipe.min.js HTTP/1.1" 200 11975 "https://www.biocabaz.pt/web/produto/ananas/" "Mozilla/5.0 (Linux; Android 10; K) AppleWebKit/537.36 (KHTML, like Gecko) Chrome/148.0.0.0 Mobile Safari/537.36"
89.155.211.65 - - [06/Jun/2026:01:50:33 +0200] "GET /web/wp-conteudos/plugins/woocommerce/assets/js/photoswipe/photoswipe-ui-default.min.js HTTP/1.1" 200 3648 "https://www.biocabaz.pt/web/produto/ananas/" "Mozilla/5.0 (Linux; Android 10; K) AppleWebKit/537.36 (KHTML, like Gecko) Chrome/148.0.0.0 Mobile Safari/537.36"
89.155.211.65 - - [06/Jun/2026:01:50:33 +0200] "GET /web/wp-conteudos/plugins/woocommerce/assets/js/frontend/single-product.min.js HTTP/1.1" 200 1895 "https://www.biocabaz.pt/web/produto/ananas/" "Mozilla/5.0 (Linux; Android 10; K) AppleWebKit/537.36 (KHTML, like Gecko) Chrome/148.0.0.0 Mobile Safari/537.36"
89.155.211.65 - - [06/Jun/2026:01:50:33 +0200] "GET /web/wp-conteudos/plugins/woocommerce/assets/js/js-cookie/js.cookie.min.js HTTP/1.1" 200 994 "https://www.biocabaz.pt/web/produto/ananas/" "Mozilla/5.0 (Linux; Android 10; K) AppleWebKit/537.36 (KHTML, like Gecko) Chrome/148.0.0.0 Mobile Safari/537.36"
89.155.211.65 - - [06/Jun/2026:01:50:33 +0200] "GET /web/wp-conteudos/plugins/woocommerce/assets/js/frontend/woocommerce.min.js HTTP/1.1" 200 806 "https://www.biocabaz.pt/web/produto/ananas/" "Mozilla/5.0 (Linux; Android 10; K) AppleWebKit/537.36 (KHTML, like Gecko) Chrome/148.0.0.0 Mobile Safari/537.36"
89.155.211.65 - - [06/Jun/2026:01:50:33 +0200] "GET /web/wp-conteudos/plugins/woocommerce/assets/js/frontend/cart-fragments.min.js HTTP/1.1" 200 1054 "https://www.biocabaz.pt/web/produto/ananas/" "Mozilla/5.0 (Linux; Android 10; K) AppleWebKit/537.36 (KHTML, like Gecko) Chrome/148.0.0.0 Mobile Safari/537.36"
89.155.211.65 - - [06/Jun/2026:01:50:33 +0200] "GET /web/wp-conteudos/plugins/wp-multilang/assets/blocks/language-switcher/js/switcher-block.min.js HTTP/1.1" 200 1066 "https://www.biocabaz.pt/web/produto/ananas/" "Mozilla/5.0 (Linux; Android 10; K) AppleWebKit/537.36 (KHTML, like Gecko) Chrome/148.0.0.0 Mobile Safari/537.36"
89.155.211.65 - - [06/Jun/2026:01:50:33 +0200] "GET /web/wp-conteudos/themes/jupiter/assets/js/components-full.6.5.1.js HTTP/1.1" 200 1320 "https://www.biocabaz.pt/web/produto/ananas/" "Mozilla/5.0 (Linux; Android 10; K) AppleWebKit/537.36 (KHTML, like Gecko) Chrome/148.0.0.0 Mobile Safari/537.36"
89.155.211.65 - - [06/Jun/2026:01:50:33 +0200] "GET /web/wp-conteudos/themes/jupiter/assets/js/core-scripts.6.5.1.js HTTP/1.1" 200 118467 "https://www.biocabaz.pt/web/produto/ananas/" "Mozilla/5.0 (Linux; Android 10; K) AppleWebKit/537.36 (KHTML, like Gecko) Chrome/148.0.0.0 Mobile Safari/537.36"
89.155.211.65 - - [06/Jun/2026:01:50:33 +0200] "GET /web/wp-conteudos/themes/jupiter/assets/js/plugins/wp-enqueue/smoothscroll.js HTTP/1.1" 200 6579 "https://www.biocabaz.pt/web/produto/ananas/" "Mozilla/5.0 (Linux; Android 10; K) AppleWebKit/537.36 (KHTML, like Gecko) Chrome/148.0.0.0 Mobile Safari/537.36"
89.155.211.65 - - [06/Jun/2026:01:50:33 +0200] "GET /web/wp-conteudos/themes/jupiter/header-builder/includes/assets/js/mkhb-render.js HTTP/1.1" 200 1790 "https://www.biocabaz.pt/web/produto/ananas/" "Mozilla/5.0 (Linux; Android 10; K) AppleWebKit/537.36 (KHTML, like Gecko) Chrome/148.0.0.0 Mobile Safari/537.36"
89.155.211.65 - - [06/Jun/2026:01:50:33 +0200] "GET /web/wp-conteudos/themes/jupiter/header-builder/includes/assets/js/mkhb-column.js HTTP/1.1" 200 1089 "https://www.biocabaz.pt/web/produto/ananas/" "Mozilla/5.0 (Linux; Android 10; K) AppleWebKit/537.36 (KHTML, like Gecko) Chrome/148.0.0.0 Mobile Safari/537.36"
89.155.211.65 - - [06/Jun/2026:01:50:33 +0200] "GET /web/wp-conteudos/plugins/jupiter-donut/assets/js/shortcodes-scripts.min.js HTTP/1.1" 200 17932 "https://www.biocabaz.pt/web/produto/ananas/" "Mozilla/5.0 (Linux; Android 10; K) AppleWebKit/537.36 (KHTML, like Gecko) Chrome/148.0.0.0 Mobile Safari/537.36"
89.155.211.65 - - [06/Jun/2026:01:50:33 +0200] "GET /web/wp-conteudos/uploads/bfi_thumb/dummy-transparent-ooif3gskt3pjjx65vz1jy6igecasblxpwo2vtsp0vc.png HTTP/1.1" 200 6635 "https://www.biocabaz.pt/web/produto/ananas/" "Mozilla/5.0 (Linux; Android 10; K) AppleWebKit/537.36 (KHTML, like Gecko) Chrome/148.0.0.0 Mobile Safari/537.36"
89.155.211.65 - - [06/Jun/2026:01:50:33 +0200] "GET /web/wp-conteudos/uploads/2016/08/sativa.jpg HTTP/1.1" 200 12543 "https://www.biocabaz.pt/web/produto/ananas/" "Mozilla/5.0 (Linux; Android 10; K) AppleWebKit/537.36 (KHTML, like Gecko) Chrome/148.0.0.0 Mobile Safari/537.36"
89.155.211.65 - - [06/Jun/2026:01:50:33 +0200] "GET /web/wp-conteudos/uploads/2016/08/simbolo.jpg HTTP/1.1" 200 3027 "https://www.biocabaz.pt/web/produto/ananas/" "Mozilla/5.0 (Linux; Android 10; K) AppleWebKit/537.36 (KHTML, like Gecko) Chrome/148.0.0.0 Mobile Safari/537.36"
89.155.211.65 - - [06/Jun/2026:01:50:33 +0200] "GET /web/wp-conteudos/uploads/2016/03/ananas-acores.jpg HTTP/1.1" 200 83472 "https://www.biocabaz.pt/web/produto/ananas/" "Mozilla/5.0 (Linux; Android 10; K) AppleWebKit/537.36 (KHTML, like Gecko) Chrome/148.0.0.0 Mobile Safari/537.36"
89.155.211.65 - - [06/Jun/2026:01:50:33 +0200] "GET /web/wp-conteudos/uploads/2016/03/maca_golden-1-330x260.jpg HTTP/1.1" 200 8024 "https://www.biocabaz.pt/web/produto/ananas/" "Mozilla/5.0 (Linux; Android 10; K) AppleWebKit/537.36 (KHTML, like Gecko) Chrome/148.0.0.0 Mobile Safari/537.36"
89.155.211.65 - - [06/Jun/2026:01:50:33 +0200] "GET /web/wp-conteudos/uploads/2016/03/anona-330x260.jpg HTTP/1.1" 200 11105 "https://www.biocabaz.pt/web/produto/ananas/" "Mozilla/5.0 (Linux; Android 10; K) AppleWebKit/537.36 (KHTML, like Gecko) Chrome/148.0.0.0 Mobile Safari/537.36"
89.155.211.65 - - [06/Jun/2026:01:50:33 +0200] "GET /web/wp-conteudos/uploads/2016/05/maca-red_delicious-1-330x260.jpg HTTP/1.1" 200 13762 "https://www.biocabaz.pt/web/produto/ananas/" "Mozilla/5.0 (Linux; Android 10; K) AppleWebKit/537.36 (KHTML, like Gecko) Chrome/148.0.0.0 Mobile Safari/537.36"
89.155.211.65 - - [06/Jun/2026:01:50:33 +0200] "GET /web/wp-conteudos/uploads/2016/03/limao-1-330x260.jpg HTTP/1.1" 200 13253 "https://www.biocabaz.pt/web/produto/ananas/" "Mozilla/5.0 (Linux; Android 10; K) AppleWebKit/537.36 (KHTML, like Gecko) Chrome/148.0.0.0 Mobile Safari/537.36"
89.155.211.65 - - [06/Jun/2026:01:50:34 +0200] "GET /web/wp-conteudos/themes/jupiter/assets/js/plugins/async/min/jquery.flexslider.js HTTP/1.1" 200 7414 "https://www.biocabaz.pt/web/produto/ananas/" "Mozilla/5.0 (Linux; Android 10; K) AppleWebKit/537.36 (KHTML, like Gecko) Chrome/148.0.0.0 Mobile Safari/537.36"
89.155.211.65 - - [06/Jun/2026:01:50:34 +0200] "GET /web/wp-conteudos/themes/jupiter/assets/js/plugins/async/min/minigrid.js HTTP/1.1" 200 1053 "https://www.biocabaz.pt/web/produto/ananas/" "Mozilla/5.0 (Linux; Android 10; K) AppleWebKit/537.36 (KHTML, like Gecko) Chrome/148.0.0.0 Mobile Safari/537.36"
89.155.211.65 - - [06/Jun/2026:01:50:34 +0200] "GET /web/wp-conteudos/uploads/2016/01/LogoBiocabaz_4-135.png HTTP/1.1" 200 6632 "https://www.biocabaz.pt/web/produto/ananas/" "Mozilla/5.0 (Linux; Android 10; K) AppleWebKit/537.36 (KHTML, like Gecko) Chrome/148.0.0.0 Mobile Safari/537.36"
116.179.37.76 - - [06/Jun/2026:01:50:34 +0200] "POST /web/en/?wc-ajax=get_refreshed_fragments HTTP/1.1" 200 629 "https://biocabaz.pt/web/en/shop/page/3/?doing_wp_cron=1763570814.5919010639190673828125" "Mozilla/5.0 (compatible; Baiduspider-render/2.0; +http://www.baidu.com/search/spider.html)"
17.241.227.120 - - [06/Jun/2026:01:50:34 +0200] "GET /web/wp-conteudos/plugins/cookie-notice/js/front.min.js HTTP/1.1" 200 2167 "https://www.biocabaz.pt/web/en/shop/page/56/?doing_wp_cron=1739029693.5162150859832763671875" "Mozilla/5.0 (Macintosh; Intel Mac OS X 10_15_7) AppleWebKit/605.1.15 (KHTML, like Gecko) Version/17.4 Safari/605.1.15 (Applebot/0.1; +http://www.apple.com/go/applebot)"
89.155.211.65 - - [06/Jun/2026:01:50:35 +0200] "POST /web/?wc-ajax=get_refreshed_fragments HTTP/1.1" 200 626 "https://www.biocabaz.pt/web/produto/ananas/" "Mozilla/5.0 (Linux; Android 10; K) AppleWebKit/537.36 (KHTML, like Gecko) Chrome/148.0.0.0 Mobile Safari/537.36"
17.241.227.120 - - [06/Jun/2026:01:50:35 +0200] "GET /web/wp-conteudos/plugins/woo-keyinvoice-integration/public/js/woo-keyinvoice-integration-public.js HTTP/1.1" 200 838 "https://www.biocabaz.pt/web/en/shop/page/56/?doing_wp_cron=1739029693.5162150859832763671875" "Mozilla/5.0 (Macintosh; Intel Mac OS X 10_15_7) AppleWebKit/605.1.15 (KHTML, like Gecko) Version/17.4 Safari/605.1.15 (Applebot/0.1; +http://www.apple.com/go/applebot)"
89.155.211.65 - - [06/Jun/2026:01:50:35 +0200] "GET /web/wp-conteudos/uploads/2021/04/bio_botao_mais2-verde.png HTTP/1.1" 200 162 "https://www.biocabaz.pt/web/produto/ananas/" "Mozilla/5.0 (Linux; Android 10; K) AppleWebKit/537.36 (KHTML, like Gecko) Chrome/148.0.0.0 Mobile Safari/537.36"
