18.190.158.49 - - [06/Jun/2026:00:19:55 +0200] "GET /web/wp-conteudos/plugins/woocommerce/assets/css/photoswipe/photoswipe.min.css HTTP/1.1" 200 1009 "https://biocabaz.pt/web/produto/barra-maca-banana-12m-bio-25g-holle/" "Mozilla/5.0 (Macintosh; Intel Mac OS X 10_15_7) AppleWebKit/537.36 (KHTML, like Gecko) Chrome/131.0.0.0 Safari/537.36; ClaudeBot/1.0; +claudebot@anthropic.com)"
18.190.158.49 - - [06/Jun/2026:00:19:55 +0200] "GET /web/wp-conteudos/plugins/userpro/skins/pure/style.css HTTP/1.1" 200 5179 "https://biocabaz.pt/web/produto/barra-maca-banana-12m-bio-25g-holle/" "Mozilla/5.0 (Macintosh; Intel Mac OS X 10_15_7) AppleWebKit/537.36 (KHTML, like Gecko) Chrome/131.0.0.0 Safari/537.36; ClaudeBot/1.0; +claudebot@anthropic.com)"
18.190.158.49 - - [06/Jun/2026:00:19:55 +0200] "GET /web/wp-conteudos/themes/jupiter/assets/stylesheet/min/full-styles.6.5.1.css HTTP/1.1" 200 27411 "https://biocabaz.pt/web/produto/barra-maca-banana-12m-bio-25g-holle/" "Mozilla/5.0 (Macintosh; Intel Mac OS X 10_15_7) AppleWebKit/537.36 (KHTML, like Gecko) Chrome/131.0.0.0 Safari/537.36; ClaudeBot/1.0; +claudebot@anthropic.com)"
18.190.158.49 - - [06/Jun/2026:00:19:55 +0200] "GET /web/wp-conteudos/themes/jupiter-child/style.css HTTP/1.1" 200 410 "https://biocabaz.pt/web/produto/barra-maca-banana-12m-bio-25g-holle/" "Mozilla/5.0 (Macintosh; Intel Mac OS X 10_15_7) AppleWebKit/537.36 (KHTML, like Gecko) Chrome/131.0.0.0 Safari/537.36; ClaudeBot/1.0; +claudebot@anthropic.com)"
18.190.158.49 - - [06/Jun/2026:00:19:55 +0200] "GET /web/wp-conteudos/themes/jupiter/assets/stylesheet/plugins/min/woocommerce.css HTTP/1.1" 200 9632 "https://biocabaz.pt/web/produto/barra-maca-banana-12m-bio-25g-holle/" "Mozilla/5.0 (Macintosh; Intel Mac OS X 10_15_7) AppleWebKit/537.36 (KHTML, like Gecko) Chrome/131.0.0.0 Safari/537.36; ClaudeBot/1.0; +claudebot@anthropic.com)"
18.190.158.49 - - [06/Jun/2026:00:19:55 +0200] "GET /web/wp-conteudos/plugins/wp-multilang/assets/styles/main.min.css HTTP/1.1" 200 1027 "https://biocabaz.pt/web/produto/barra-maca-banana-12m-bio-25g-holle/" "Mozilla/5.0 (Macintosh; Intel Mac OS X 10_15_7) AppleWebKit/537.36 (KHTML, like Gecko) Chrome/131.0.0.0 Safari/537.36; ClaudeBot/1.0; +claudebot@anthropic.com)"
18.190.158.49 - - [06/Jun/2026:00:19:55 +0200] "GET /web/wp-conteudos/plugins/userpro/addons/social/scripts/userpro-social.js HTTP/1.1" 200 1348 "https://biocabaz.pt/web/produto/barra-maca-banana-12m-bio-25g-holle/" "Mozilla/5.0 (Macintosh; Intel Mac OS X 10_15_7) AppleWebKit/537.36 (KHTML, like Gecko) Chrome/131.0.0.0 Safari/537.36; ClaudeBot/1.0; +claudebot@anthropic.com)"
18.190.158.49 - - [06/Jun/2026:00:19:55 +0200] "GET /web/wp-conteudos/themes/jupiter/assets/js/plugins/wp-enqueue/webfontloader.js HTTP/1.1" 200 5035 "https://biocabaz.pt/web/produto/barra-maca-banana-12m-bio-25g-holle/" "Mozilla/5.0 (Macintosh; Intel Mac OS X 10_15_7) AppleWebKit/537.36 (KHTML, like Gecko) Chrome/131.0.0.0 Safari/537.36; ClaudeBot/1.0; +claudebot@anthropic.com)"
18.190.158.49 - - [06/Jun/2026:00:19:55 +0200] "GET /web/wp-conteudos/plugins/smart-marketing-for-wp/admin/js/egoi-for-wp-canvas.js HTTP/1.1" 200 2304 "https://biocabaz.pt/web/produto/barra-maca-banana-12m-bio-25g-holle/" "Mozilla/5.0 (Macintosh; Intel Mac OS X 10_15_7) AppleWebKit/537.36 (KHTML, like Gecko) Chrome/131.0.0.0 Safari/537.36; ClaudeBot/1.0; +claudebot@anthropic.com)"
18.190.158.49 - - [06/Jun/2026:00:19:55 +0200] "GET /web/wp-conteudos/plugins/userpro/scripts/userpro.encrypt.js HTTP/1.1" 200 3835 "https://biocabaz.pt/web/produto/barra-maca-banana-12m-bio-25g-holle/" "Mozilla/5.0 (Macintosh; Intel Mac OS X 10_15_7) AppleWebKit/537.36 (KHTML, like Gecko) Chrome/131.0.0.0 Safari/537.36; ClaudeBot/1.0; +claudebot@anthropic.com)"
18.190.158.49 - - [06/Jun/2026:00:19:55 +0200] "GET /web/wp-conteudos/themes/jupiter/framework/includes/woocommerce-quantity-increment/assets/js/lib/number-polyfill.min.js HTTP/1.1" 200 2821 "https://biocabaz.pt/web/produto/barra-maca-banana-12m-bio-25g-holle/" "Mozilla/5.0 (Macintosh; Intel Mac OS X 10_15_7) AppleWebKit/537.36 (KHTML, like Gecko) Chrome/131.0.0.0 Safari/537.36; ClaudeBot/1.0; +claudebot@anthropic.com)"
18.190.158.49 - - [06/Jun/2026:00:19:55 +0200] "GET /web/wp-conteudos/plugins/woocommerce/assets/js/jquery-blockui/jquery.blockUI.min.js HTTP/1.1" 200 3518 "https://biocabaz.pt/web/produto/barra-maca-banana-12m-bio-25g-holle/" "Mozilla/5.0 (Macintosh; Intel Mac OS X 10_15_7) AppleWebKit/537.36 (KHTML, like Gecko) Chrome/131.0.0.0 Safari/537.36; ClaudeBot/1.0; +claudebot@anthropic.com)"
18.190.158.49 - - [06/Jun/2026:00:19:55 +0200] "GET /web/wp-conteudos/plugins/cookie-notice/js/front.min.js HTTP/1.1" 200 2167 "https://biocabaz.pt/web/produto/barra-maca-banana-12m-bio-25g-holle/" "Mozilla/5.0 (Macintosh; Intel Mac OS X 10_15_7) AppleWebKit/537.36 (KHTML, like Gecko) Chrome/131.0.0.0 Safari/537.36; ClaudeBot/1.0; +claudebot@anthropic.com)"
18.190.158.49 - - [06/Jun/2026:00:19:55 +0200] "GET /web/wp-conteudos/themes/jupiter/framework/includes/woocommerce-quantity-increment/assets/js/wc-quantity-increment.min.js HTTP/1.1" 200 570 "https://biocabaz.pt/web/produto/barra-maca-banana-12m-bio-25g-holle/" "Mozilla/5.0 (Macintosh; Intel Mac OS X 10_15_7) AppleWebKit/537.36 (KHTML, like Gecko) Chrome/131.0.0.0 Safari/537.36; ClaudeBot/1.0; +claudebot@anthropic.com)"
18.190.158.49 - - [06/Jun/2026:00:19:55 +0200] "GET /web/wp-conteudos/plugins/woocommerce/assets/js/frontend/add-to-cart.min.js HTTP/1.1" 200 1102 "https://biocabaz.pt/web/produto/barra-maca-banana-12m-bio-25g-holle/" "Mozilla/5.0 (Macintosh; Intel Mac OS X 10_15_7) AppleWebKit/537.36 (KHTML, like Gecko) Chrome/131.0.0.0 Safari/537.36; ClaudeBot/1.0; +claudebot@anthropic.com)"
18.190.158.49 - - [06/Jun/2026:00:19:55 +0200] "GET /web/wp-conteudos/plugins/woo-keyinvoice-integration/public/js/woo-keyinvoice-integration-public.js HTTP/1.1" 200 838 "https://biocabaz.pt/web/produto/barra-maca-banana-12m-bio-25g-holle/" "Mozilla/5.0 (Macintosh; Intel Mac OS X 10_15_7) AppleWebKit/537.36 (KHTML, like Gecko) Chrome/131.0.0.0 Safari/537.36; ClaudeBot/1.0; +claudebot@anthropic.com)"
18.190.158.49 - - [06/Jun/2026:00:19:55 +0200] "GET /web/wp-conteudos/plugins/woocommerce-google-adwords-conversion-tracking-tag/js/public/wpm-public.p1.min.js HTTP/1.1" 200 40537 "https://biocabaz.pt/web/produto/barra-maca-banana-12m-bio-25g-holle/" "Mozilla/5.0 (Macintosh; Intel Mac OS X 10_15_7) AppleWebKit/537.36 (KHTML, like Gecko) Chrome/131.0.0.0 Safari/537.36; ClaudeBot/1.0; +claudebot@anthropic.com)"
18.190.158.49 - - [06/Jun/2026:00:19:55 +0200] "GET /web/wp-conteudos/plugins/js_composer_theme/assets/js/vendors/woocommerce-add-to-cart.js HTTP/1.1" 200 992 "https://biocabaz.pt/web/produto/barra-maca-banana-12m-bio-25g-holle/" "Mozilla/5.0 (Macintosh; Intel Mac OS X 10_15_7) AppleWebKit/537.36 (KHTML, like Gecko) Chrome/131.0.0.0 Safari/537.36; ClaudeBot/1.0; +claudebot@anthropic.com)"
18.190.158.49 - - [06/Jun/2026:00:19:55 +0200] "GET /web/scripts/myscript.js?v=1.2 HTTP/1.1" 200 1531 "https://biocabaz.pt/web/produto/barra-maca-banana-12m-bio-25g-holle/" "Mozilla/5.0 (Macintosh; Intel Mac OS X 10_15_7) AppleWebKit/537.36 (KHTML, like Gecko) Chrome/131.0.0.0 Safari/537.36; ClaudeBot/1.0; +claudebot@anthropic.com)"
18.190.158.49 - - [06/Jun/2026:00:19:55 +0200] "GET /web/wp-conteudos/plugins/userpro/assets/css/fontawesome/css/all.min.css HTTP/1.1" 200 12340 "https://biocabaz.pt/web/produto/barra-maca-banana-12m-bio-25g-holle/" "Mozilla/5.0 (Macintosh; Intel Mac OS X 10_15_7) AppleWebKit/537.36 (KHTML, like Gecko) Chrome/131.0.0.0 Safari/537.36; ClaudeBot/1.0; +claudebot@anthropic.com)"
18.190.158.49 - - [06/Jun/2026:00:19:56 +0200] "GET /web/wp-conteudos/plugins/userpro/assets/css/main.css HTTP/1.1" 200 707 "https://biocabaz.pt/web/produto/barra-maca-banana-12m-bio-25g-holle/" "Mozilla/5.0 (Macintosh; Intel Mac OS X 10_15_7) AppleWebKit/537.36 (KHTML, like Gecko) Chrome/131.0.0.0 Safari/537.36; ClaudeBot/1.0; +claudebot@anthropic.com)"
18.190.158.49 - - [06/Jun/2026:00:19:56 +0200] "GET /web/wp-conteudos/plugins/userpro/addons/timeline/assets/js/timeline.js HTTP/1.1" 200 693 "https://biocabaz.pt/web/produto/barra-maca-banana-12m-bio-25g-holle/" "Mozilla/5.0 (Macintosh; Intel Mac OS X 10_15_7) AppleWebKit/537.36 (KHTML, like Gecko) Chrome/131.0.0.0 Safari/537.36; ClaudeBot/1.0; +claudebot@anthropic.com)"
18.190.158.49 - - [06/Jun/2026:00:19:56 +0200] "GET /web/wp-includes/js/jquery/ui/core.min.js HTTP/1.1" 200 7137 "https://biocabaz.pt/web/produto/barra-maca-banana-12m-bio-25g-holle/" "Mozilla/5.0 (Macintosh; Intel Mac OS X 10_15_7) AppleWebKit/537.36 (KHTML, like Gecko) Chrome/131.0.0.0 Safari/537.36; ClaudeBot/1.0; +claudebot@anthropic.com)"
18.190.158.49 - - [06/Jun/2026:00:19:56 +0200] "GET /web/wp-conteudos/plugins/woocommerce/assets/js/zoom/jquery.zoom.min.js HTTP/1.1" 200 1191 "https://biocabaz.pt/web/produto/barra-maca-banana-12m-bio-25g-holle/" "Mozilla/5.0 (Macintosh; Intel Mac OS X 10_15_7) AppleWebKit/537.36 (KHTML, like Gecko) Chrome/131.0.0.0 Safari/537.36; ClaudeBot/1.0; +claudebot@anthropic.com)"
18.190.158.49 - - [06/Jun/2026:00:19:56 +0200] "GET /web/wp-includes/js/jquery/ui/datepicker.min.js HTTP/1.1" 200 11003 "https://biocabaz.pt/web/produto/barra-maca-banana-12m-bio-25g-holle/" "Mozilla/5.0 (Macintosh; Intel Mac OS X 10_15_7) AppleWebKit/537.36 (KHTML, like Gecko) Chrome/131.0.0.0 Safari/537.36; ClaudeBot/1.0; +claudebot@anthropic.com)"
18.190.158.49 - - [06/Jun/2026:00:19:56 +0200] "GET /web/wp-conteudos/plugins/userpro/scripts/up-custom-script.js HTTP/1.1" 200 562 "https://biocabaz.pt/web/produto/barra-maca-banana-12m-bio-25g-holle/" "Mozilla/5.0 (Macintosh; Intel Mac OS X 10_15_7) AppleWebKit/537.36 (KHTML, like Gecko) Chrome/131.0.0.0 Safari/537.36; ClaudeBot/1.0; +claudebot@anthropic.com)"
18.190.158.49 - - [06/Jun/2026:00:19:56 +0200] "GET /web/wp-conteudos/plugins/woocommerce/assets/js/photoswipe/photoswipe.min.js HTTP/1.1" 200 11975 "https://biocabaz.pt/web/produto/barra-maca-banana-12m-bio-25g-holle/" "Mozilla/5.0 (Macintosh; Intel Mac OS X 10_15_7) AppleWebKit/537.36 (KHTML, like Gecko) Chrome/131.0.0.0 Safari/537.36; ClaudeBot/1.0; +claudebot@anthropic.com)"
18.190.158.49 - - [06/Jun/2026:00:19:56 +0200] "GET /web/wp-conteudos/plugins/js_composer_theme/assets/lib/bower/flexslider/jquery.flexslider-min.js HTTP/1.1" 200 6483 "https://biocabaz.pt/web/produto/barra-maca-banana-12m-bio-25g-holle/" "Mozilla/5.0 (Macintosh; Intel Mac OS X 10_15_7) AppleWebKit/537.36 (KHTML, like Gecko) Chrome/131.0.0.0 Safari/537.36; ClaudeBot/1.0; +claudebot@anthropic.com)"
18.190.158.49 - - [06/Jun/2026:00:19:56 +0200] "GET /web/wp-conteudos/uploads/2021/01/biocabaz_logosite2.png HTTP/1.1" 200 6409 "https://biocabaz.pt/web/produto/barra-maca-banana-12m-bio-25g-holle/" "Mozilla/5.0 (Macintosh; Intel Mac OS X 10_15_7) AppleWebKit/537.36 (KHTML, like Gecko) Chrome/131.0.0.0 Safari/537.36; ClaudeBot/1.0; +claudebot@anthropic.com)"
18.190.158.49 - - [06/Jun/2026:00:19:56 +0200] "GET /web/wp-conteudos/themes/jupiter/assets/images/woocommerce/mk-moon-cart-plus.svg HTTP/1.1" 200 854 "https://www.biocabaz.pt/web/wp-conteudos/themes/jupiter/assets/stylesheet/plugins/min/woocommerce.css" "Mozilla/5.0 (Macintosh; Intel Mac OS X 10_15_7) AppleWebKit/537.36 (KHTML, like Gecko) Chrome/131.0.0.0 Safari/537.36; ClaudeBot/1.0; +claudebot@anthropic.com)"
18.190.158.49 - - [06/Jun/2026:00:19:56 +0200] "GET /web/wp-conteudos/plugins/woocommerce/assets/js/photoswipe/photoswipe-ui-default.min.js HTTP/1.1" 200 3648 "https://biocabaz.pt/web/produto/barra-maca-banana-12m-bio-25g-holle/" "Mozilla/5.0 (Macintosh; Intel Mac OS X 10_15_7) AppleWebKit/537.36 (KHTML, like Gecko) Chrome/131.0.0.0 Safari/537.36; ClaudeBot/1.0; +claudebot@anthropic.com)"
18.190.158.49 - - [06/Jun/2026:00:19:56 +0200] "GET /web/wp-conteudos/plugins/woocommerce/assets/js/frontend/single-product.min.js HTTP/1.1" 200 1895 "https://biocabaz.pt/web/produto/barra-maca-banana-12m-bio-25g-holle/" "Mozilla/5.0 (Macintosh; Intel Mac OS X 10_15_7) AppleWebKit/537.36 (KHTML, like Gecko) Chrome/131.0.0.0 Safari/537.36; ClaudeBot/1.0; +claudebot@anthropic.com)"
18.190.158.49 - - [06/Jun/2026:00:19:56 +0200] "GET /web/wp-conteudos/uploads/2016/06/PS_Riegel_ApfelBanane_D-F_frontal_XXL_D_F_01_031114_3000x3000px_72dpi_RGB.png HTTP/1.1" 200 139982 "https://biocabaz.pt/web/produto/barra-maca-banana-12m-bio-25g-holle/" "Mozilla/5.0 (Macintosh; Intel Mac OS X 10_15_7) AppleWebKit/537.36 (KHTML, like Gecko) Chrome/131.0.0.0 Safari/537.36; ClaudeBot/1.0; +claudebot@anthropic.com)"
18.190.158.49 - - [06/Jun/2026:00:19:56 +0200] "GET /web/wp-conteudos/plugins/woocommerce/assets/js/js-cookie/js.cookie.min.js HTTP/1.1" 200 994 "https://biocabaz.pt/web/produto/barra-maca-banana-12m-bio-25g-holle/" "Mozilla/5.0 (Macintosh; Intel Mac OS X 10_15_7) AppleWebKit/537.36 (KHTML, like Gecko) Chrome/131.0.0.0 Safari/537.36; ClaudeBot/1.0; +claudebot@anthropic.com)"
18.190.158.49 - - [06/Jun/2026:00:19:56 +0200] "GET /web/wp-conteudos/plugins/woocommerce/assets/js/frontend/woocommerce.min.js HTTP/1.1" 200 806 "https://biocabaz.pt/web/produto/barra-maca-banana-12m-bio-25g-holle/" "Mozilla/5.0 (Macintosh; Intel Mac OS X 10_15_7) AppleWebKit/537.36 (KHTML, like Gecko) Chrome/131.0.0.0 Safari/537.36; ClaudeBot/1.0; +claudebot@anthropic.com)"
18.190.158.49 - - [06/Jun/2026:00:19:56 +0200] "GET /web/wp-conteudos/uploads/2020/04/screenshot-2020-04-20-at-01.06.58.png HTTP/1.1" 200 231865 "https://biocabaz.pt/web/produto/barra-maca-banana-12m-bio-25g-holle/" "Mozilla/5.0 (Macintosh; Intel Mac OS X 10_15_7) AppleWebKit/537.36 (KHTML, like Gecko) Chrome/131.0.0.0 Safari/537.36; ClaudeBot/1.0; +claudebot@anthropic.com)"
18.190.158.49 - - [06/Jun/2026:00:19:56 +0200] "GET /web/wp-conteudos/plugins/woocommerce/assets/js/frontend/cart-fragments.min.js HTTP/1.1" 200 1054 "https://biocabaz.pt/web/produto/barra-maca-banana-12m-bio-25g-holle/" "Mozilla/5.0 (Macintosh; Intel Mac OS X 10_15_7) AppleWebKit/537.36 (KHTML, like Gecko) Chrome/131.0.0.0 Safari/537.36; ClaudeBot/1.0; +claudebot@anthropic.com)"
18.190.158.49 - - [06/Jun/2026:00:19:56 +0200] "GET /web/wp-conteudos/plugins/wp-multilang/assets/blocks/language-switcher/js/switcher-block.min.js HTTP/1.1" 200 1066 "https://biocabaz.pt/web/produto/barra-maca-banana-12m-bio-25g-holle/" "Mozilla/5.0 (Macintosh; Intel Mac OS X 10_15_7) AppleWebKit/537.36 (KHTML, like Gecko) Chrome/131.0.0.0 Safari/537.36; ClaudeBot/1.0; +claudebot@anthropic.com)"
18.190.158.49 - - [06/Jun/2026:00:19:56 +0200] "GET /web/wp-conteudos/themes/jupiter/assets/js/core-scripts.6.5.1.js HTTP/1.1" 200 118467 "https://biocabaz.pt/web/produto/barra-maca-banana-12m-bio-25g-holle/" "Mozilla/5.0 (Macintosh; Intel Mac OS X 10_15_7) AppleWebKit/537.36 (KHTML, like Gecko) Chrome/131.0.0.0 Safari/537.36; ClaudeBot/1.0; +claudebot@anthropic.com)"
18.190.158.49 - - [06/Jun/2026:00:19:56 +0200] "GET /web/wp-conteudos/plugins/wp-multilang/flags/us.png HTTP/1.1" 200 307 "https://biocabaz.pt/web/produto/barra-maca-banana-12m-bio-25g-holle/" "Mozilla/5.0 (Macintosh; Intel Mac OS X 10_15_7) AppleWebKit/537.36 (KHTML, like Gecko) Chrome/131.0.0.0 Safari/537.36; ClaudeBot/1.0; +claudebot@anthropic.com)"
18.190.158.49 - - [06/Jun/2026:00:19:56 +0200] "GET /web/wp-conteudos/themes/jupiter/assets/js/components-full.6.5.1.js HTTP/1.1" 200 1320 "https://biocabaz.pt/web/produto/barra-maca-banana-12m-bio-25g-holle/" "Mozilla/5.0 (Macintosh; Intel Mac OS X 10_15_7) AppleWebKit/537.36 (KHTML, like Gecko) Chrome/131.0.0.0 Safari/537.36; ClaudeBot/1.0; +claudebot@anthropic.com)"
18.190.158.49 - - [06/Jun/2026:00:19:56 +0200] "GET /web/wp-conteudos/plugins/wp-multilang/flags/pt.png HTTP/1.1" 200 255 "https://biocabaz.pt/web/produto/barra-maca-banana-12m-bio-25g-holle/" "Mozilla/5.0 (Macintosh; Intel Mac OS X 10_15_7) AppleWebKit/537.36 (KHTML, like Gecko) Chrome/131.0.0.0 Safari/537.36; ClaudeBot/1.0; +claudebot@anthropic.com)"
18.190.158.49 - - [06/Jun/2026:00:19:56 +0200] "GET /web/wp-conteudos/uploads/2021/04/bio_botao_menos2-verde.png HTTP/1.1" 200 148 "https://biocabaz.pt/web/produto/barra-maca-banana-12m-bio-25g-holle/" "Mozilla/5.0 (Macintosh; Intel Mac OS X 10_15_7) AppleWebKit/537.36 (KHTML, like Gecko) Chrome/131.0.0.0 Safari/537.36; ClaudeBot/1.0; +claudebot@anthropic.com)"
18.190.158.49 - - [06/Jun/2026:00:19:56 +0200] "GET /web/wp-conteudos/uploads/2021/04/bio_botao_mais2-verde.png HTTP/1.1" 200 162 "https://biocabaz.pt/web/produto/barra-maca-banana-12m-bio-25g-holle/" "Mozilla/5.0 (Macintosh; Intel Mac OS X 10_15_7) AppleWebKit/537.36 (KHTML, like Gecko) Chrome/131.0.0.0 Safari/537.36; ClaudeBot/1.0; +claudebot@anthropic.com)"
18.190.158.49 - - [06/Jun/2026:00:19:56 +0200] "GET /web/wp-conteudos/themes/jupiter/assets/js/plugins/wp-enqueue/smoothscroll.js HTTP/1.1" 200 6579 "https://biocabaz.pt/web/produto/barra-maca-banana-12m-bio-25g-holle/" "Mozilla/5.0 (Macintosh; Intel Mac OS X 10_15_7) AppleWebKit/537.36 (KHTML, like Gecko) Chrome/131.0.0.0 Safari/537.36; ClaudeBot/1.0; +claudebot@anthropic.com)"
18.190.158.49 - - [06/Jun/2026:00:19:56 +0200] "GET /web/wp-conteudos/themes/jupiter/header-builder/includes/assets/js/mkhb-render.js HTTP/1.1" 200 1790 "https://biocabaz.pt/web/produto/barra-maca-banana-12m-bio-25g-holle/" "Mozilla/5.0 (Macintosh; Intel Mac OS X 10_15_7) AppleWebKit/537.36 (KHTML, like Gecko) Chrome/131.0.0.0 Safari/537.36; ClaudeBot/1.0; +claudebot@anthropic.com)"
18.190.158.49 - - [06/Jun/2026:00:19:56 +0200] "GET /web/wp-conteudos/themes/jupiter/header-builder/includes/assets/js/mkhb-column.js HTTP/1.1" 200 1089 "https://biocabaz.pt/web/produto/barra-maca-banana-12m-bio-25g-holle/" "Mozilla/5.0 (Macintosh; Intel Mac OS X 10_15_7) AppleWebKit/537.36 (KHTML, like Gecko) Chrome/131.0.0.0 Safari/537.36; ClaudeBot/1.0; +claudebot@anthropic.com)"
148.69.3.53 - - [06/Jun/2026:00:19:56 +0200] "GET /web/wp-conteudos/uploads/2016/03/pera_carapinheira.jpg HTTP/1.1" 200 43974 "https://www.google.com/" "Mozilla/5.0 (iPhone; CPU iPhone OS 26_5 like Mac OS X) AppleWebKit/605.1.15 (KHTML, like Gecko) GSA/423.5.920392540 Mobile/23F77 Safari/604.1"
18.190.158.49 - - [06/Jun/2026:00:19:56 +0200] "GET /web/wp-conteudos/plugins/jupiter-donut/assets/js/shortcodes-scripts.min.js HTTP/1.1" 200 17932 "https://biocabaz.pt/web/produto/barra-maca-banana-12m-bio-25g-holle/" "Mozilla/5.0 (Macintosh; Intel Mac OS X 10_15_7) AppleWebKit/537.36 (KHTML, like Gecko) Chrome/131.0.0.0 Safari/537.36; ClaudeBot/1.0; +claudebot@anthropic.com)"
18.190.158.49 - - [06/Jun/2026:00:19:56 +0200] "GET /web/wp-conteudos/uploads/bfi_thumb/dummy-transparent-ooif3gskt3pjjx65vz1jy6igecasblxpwo2vtsp0vc.png HTTP/1.1" 200 6635 "https://biocabaz.pt/web/produto/barra-maca-banana-12m-bio-25g-holle/" "Mozilla/5.0 (Macintosh; Intel Mac OS X 10_15_7) AppleWebKit/537.36 (KHTML, like Gecko) Chrome/131.0.0.0 Safari/537.36; ClaudeBot/1.0; +claudebot@anthropic.com)"
18.190.158.49 - - [06/Jun/2026:00:19:56 +0200] "GET /web/wp-conteudos/uploads/2016/08/sativa.jpg HTTP/1.1" 200 12543 "https://biocabaz.pt/web/produto/barra-maca-banana-12m-bio-25g-holle/" "Mozilla/5.0 (Macintosh; Intel Mac OS X 10_15_7) AppleWebKit/537.36 (KHTML, like Gecko) Chrome/131.0.0.0 Safari/537.36; ClaudeBot/1.0; +claudebot@anthropic.com)"
18.190.158.49 - - [06/Jun/2026:00:19:56 +0200] "GET /web/wp-conteudos/uploads/2016/08/simbolo.jpg HTTP/1.1" 200 3027 "https://biocabaz.pt/web/produto/barra-maca-banana-12m-bio-25g-holle/" "Mozilla/5.0 (Macintosh; Intel Mac OS X 10_15_7) AppleWebKit/537.36 (KHTML, like Gecko) Chrome/131.0.0.0 Safari/537.36; ClaudeBot/1.0; +claudebot@anthropic.com)"
18.190.158.49 - - [06/Jun/2026:00:19:56 +0200] "GET /web/wp-conteudos/uploads/2019/11/Download_on_GooglePlay-150x58.png HTTP/1.1" 200 2366 "https://biocabaz.pt/web/produto/barra-maca-banana-12m-bio-25g-holle/" "Mozilla/5.0 (Macintosh; Intel Mac OS X 10_15_7) AppleWebKit/537.36 (KHTML, like Gecko) Chrome/131.0.0.0 Safari/537.36; ClaudeBot/1.0; +claudebot@anthropic.com)"
18.190.158.49 - - [06/Jun/2026:00:19:56 +0200] "GET /web/wp-conteudos/uploads/2019/11/com-badge-ios-150x64.png HTTP/1.1" 200 2714 "https://biocabaz.pt/web/produto/barra-maca-banana-12m-bio-25g-holle/" "Mozilla/5.0 (Macintosh; Intel Mac OS X 10_15_7) AppleWebKit/537.36 (KHTML, like Gecko) Chrome/131.0.0.0 Safari/537.36; ClaudeBot/1.0; +claudebot@anthropic.com)"
18.190.158.49 - - [06/Jun/2026:00:19:57 +0200] "GET /web/wp-conteudos/uploads/2020/01/livroreclamacoes-300x123.png HTTP/1.1" 200 12145 "https://biocabaz.pt/web/produto/barra-maca-banana-12m-bio-25g-holle/" "Mozilla/5.0 (Macintosh; Intel Mac OS X 10_15_7) AppleWebKit/537.36 (KHTML, like Gecko) Chrome/131.0.0.0 Safari/537.36; ClaudeBot/1.0; +claudebot@anthropic.com)"
216.73.216.253 - - [06/Jun/2026:00:19:57 +0200] "GET /web/produto/salsichas-frankfurt-bio-2/?add-to-cart=11402 HTTP/1.1" 200 41035 "-" "Mozilla/5.0 AppleWebKit/537.36 (KHTML, like Gecko; compatible; ClaudeBot/1.0; +claudebot@anthropic.com)"
18.190.158.49 - - [06/Jun/2026:00:19:57 +0200] "GET /web/wp-conteudos/uploads/2021/05/aecc-cor-cmyk-500x210.jpg HTTP/1.1" 200 23121 "https://biocabaz.pt/web/produto/barra-maca-banana-12m-bio-25g-holle/" "Mozilla/5.0 (Macintosh; Intel Mac OS X 10_15_7) AppleWebKit/537.36 (KHTML, like Gecko) Chrome/131.0.0.0 Safari/537.36; ClaudeBot/1.0; +claudebot@anthropic.com)"
18.190.158.49 - - [06/Jun/2026:00:19:58 +0200] "GET /web/wp-conteudos/uploads/2016/06/PS_STILLTEE_D-F_frontal_XXL_D_F_GB_I_CUT-330x260.png HTTP/1.1" 200 85613 "https://biocabaz.pt/web/produto/barra-maca-banana-12m-bio-25g-holle/" "Mozilla/5.0 (Macintosh; Intel Mac OS X 10_15_7) AppleWebKit/537.36 (KHTML, like Gecko) Chrome/131.0.0.0 Safari/537.36; ClaudeBot/1.0; +claudebot@anthropic.com)"
18.190.158.49 - - [06/Jun/2026:00:19:58 +0200] "GET /web/wp-conteudos/uploads/2016/06/PS_Glaeschen_D-F_190g_ApfelBananeAprikose_frontal_XL_D-F_01_021114_72dpi_RGB-330x260.png HTTP/1.1" 200 98867 "https://biocabaz.pt/web/produto/barra-maca-banana-12m-bio-25g-holle/" "Mozilla/5.0 (Macintosh; Intel Mac OS X 10_15_7) AppleWebKit/537.36 (KHTML, like Gecko) Chrome/131.0.0.0 Safari/537.36; ClaudeBot/1.0; +claudebot@anthropic.com)"
18.190.158.49 - - [06/Jun/2026:00:19:58 +0200] "GET /web/wp-conteudos/uploads/2016/06/PS_POU_AppleStrawberries_GB_VS_90g_frontal_3000x3000px_RGB-330x260.png HTTP/1.1" 200 87563 "https://biocabaz.pt/web/produto/barra-maca-banana-12m-bio-25g-holle/" "Mozilla/5.0 (Macintosh; Intel Mac OS X 10_15_7) AppleWebKit/537.36 (KHTML, like Gecko) Chrome/131.0.0.0 Safari/537.36; ClaudeBot/1.0; +claudebot@anthropic.com)"
18.190.158.49 - - [06/Jun/2026:00:19:58 +0200] "GET /web/wp-conteudos/uploads/2016/06/PS_Getreidebreie_SP-GR-PT_Haferflocken_frontal_XXL_SP-GR-PT_18_070814_3000x3000px_72dpi_RGB-330x260.png HTTP/1.1" 200 94657 "https://biocabaz.pt/web/produto/barra-maca-banana-12m-bio-25g-holle/" "Mozilla/5.0 (Macintosh; Intel Mac OS X 10_15_7) AppleWebKit/537.36 (KHTML, like Gecko) Chrome/131.0.0.0 Safari/537.36; ClaudeBot/1.0; +claudebot@anthropic.com)"
18.190.158.49 - - [06/Jun/2026:00:19:59 +0200] "GET /web/wp-conteudos/themes/jupiter/assets/js/plugins/async/min/minigrid.js HTTP/1.1" 200 1053 "https://biocabaz.pt/web/produto/barra-maca-banana-12m-bio-25g-holle/" "Mozilla/5.0 (Macintosh; Intel Mac OS X 10_15_7) AppleWebKit/537.36 (KHTML, like Gecko) Chrome/131.0.0.0 Safari/537.36; ClaudeBot/1.0; +claudebot@anthropic.com)"
18.190.158.49 - - [06/Jun/2026:00:19:59 +0200] "POST /web/?wc-ajax=get_refreshed_fragments HTTP/1.1" 200 626 "https://biocabaz.pt/web/produto/barra-maca-banana-12m-bio-25g-holle/" "Mozilla/5.0 (Macintosh; Intel Mac OS X 10_15_7) AppleWebKit/537.36 (KHTML, like Gecko) Chrome/131.0.0.0 Safari/537.36; ClaudeBot/1.0; +claudebot@anthropic.com)"
57.141.20.27 - - [06/Jun/2026:00:19:59 +0200] "GET /products/23465941/ HTTP/1.1" 301 5 "-" "meta-externalagent/1.1 (+https://developers.facebook.com/docs/sharing/webmasters/crawler)"
18.190.158.49 - - [06/Jun/2026:00:19:59 +0200] "GET /web/wp-conteudos/themes/jupiter/assets/js/plugins/async/min/jquery.flexslider.js HTTP/1.1" 200 7414 "https://biocabaz.pt/web/produto/barra-maca-banana-12m-bio-25g-holle/" "Mozilla/5.0 (Macintosh; Intel Mac OS X 10_15_7) AppleWebKit/537.36 (KHTML, like Gecko) Chrome/131.0.0.0 Safari/537.36; ClaudeBot/1.0; +claudebot@anthropic.com)"
57.141.20.67 - - [06/Jun/2026:00:20:01 +0200] "GET /products/20795041/ HTTP/1.1" 301 5 "-" "meta-externalagent/1.1 (+https://developers.facebook.com/docs/sharing/webmasters/crawler)"
216.73.216.253 - - [06/Jun/2026:00:20:03 +0200] "GET /web/produto/salsichas-frankfurt-bio-2/?add-to-cart=1011 HTTP/1.1" 200 40989 "-" "Mozilla/5.0 AppleWebKit/537.36 (KHTML, like Gecko; compatible; ClaudeBot/1.0; +claudebot@anthropic.com)"
66.249.68.69 - - [06/Jun/2026:00:20:06 +0200] "GET /web/en/produto/mascarpone-ambrosi-250g/?doing_wp_cron=1779108616.1806280612945556640625 HTTP/1.1" 200 38462 "-" "Mozilla/5.0 (Linux; Android 6.0.1; Nexus 5X Build/MMB29P) AppleWebKit/537.36 (KHTML, like Gecko) Chrome/148.0.7778.96 Mobile Safari/537.36 (compatible; Googlebot/2.1; +http://www.google.com/bot.html)"
20.245.7.157 - - [06/Jun/2026:00:20:08 +0200] "GET /web/categoria-produto/frescos/page/12/?doing_wp_cron=1777002906.3039109706878662109375 HTTP/1.1" 200 31752 "-" "Mozilla/5.0 (X11; Linux x86_64) AppleWebKit/537.36 (KHTML, like Gecko) Chrome/133.0.0.0 Safari/537.36"
40.77.167.8 - - [06/Jun/2026:00:20:12 +0200] "GET /web/en/produto/laranja-bio-do-algarve/ HTTP/1.1" 302 102 "-" "Mozilla/5.0 AppleWebKit/537.36 (KHTML, like Gecko; compatible; bingbot/2.0; +http://www.bing.com/bingbot.htm) Chrome/116.0.1938.76 Safari/537.36"
216.73.216.253 - - [06/Jun/2026:00:20:13 +0200] "GET /web/produto/salsichas-frankfurt-bio-2/?add-to-cart=16715 HTTP/1.1" 302 11 "-" "Mozilla/5.0 AppleWebKit/537.36 (KHTML, like Gecko; compatible; ClaudeBot/1.0; +claudebot@anthropic.com)"
216.73.216.253 - - [06/Jun/2026:00:20:15 +0200] "GET /web/produto/salsichas-frankfurt-bio-2/?add-to-cart=16715&doing_wp_cron=1780698013.3444890975952148437500 HTTP/1.1" 200 41068 "https://www.biocabaz.pt/web/produto/salsichas-frankfurt-bio-2/?add-to-cart=16715" "Mozilla/5.0 AppleWebKit/537.36 (KHTML, like Gecko; compatible; ClaudeBot/1.0; +claudebot@anthropic.com)"
52.167.144.181 - - [06/Jun/2026:00:20:16 +0200] "GET /web/en/produto/tomate-coracao-bio/ HTTP/1.1" 200 38550 "-" "Mozilla/5.0 AppleWebKit/537.36 (KHTML, like Gecko; compatible; bingbot/2.0; +http://www.bing.com/bingbot.htm) Chrome/116.0.1938.76 Safari/537.36"
52.167.144.181 - - [06/Jun/2026:00:20:18 +0200] "GET /web/produto/farinha-de-espelta-integral-paulino-horta-bio-1kg/ HTTP/1.1" 200 37937 "-" "Mozilla/5.0 AppleWebKit/537.36 (KHTML, like Gecko; compatible; bingbot/2.0; +http://www.bing.com/bingbot.htm) Chrome/116.0.1938.76 Safari/537.36"
207.46.13.157 - - [06/Jun/2026:00:20:19 +0200] "GET /web/en/categoria-produto/mercearia/page/25/?doing_wp_cron=1775998293.2441589832305908203125 HTTP/1.1" 200 32703 "-" "Mozilla/5.0 AppleWebKit/537.36 (KHTML, like Gecko; compatible; bingbot/2.0; +http://www.bing.com/bingbot.htm) Chrome/116.0.1938.76 Safari/537.36"
207.46.13.157 - - [06/Jun/2026:00:20:21 +0200] "GET /web/categoria-produto/laticinios-e-substitutos/queijos-e-natas/?doing_wp_cron=1768984531.7385840415954589843750 HTTP/1.1" 200 31949 "-" "Mozilla/5.0 AppleWebKit/537.36 (KHTML, like Gecko; compatible; bingbot/2.0; +http://www.bing.com/bingbot.htm) Chrome/116.0.1938.76 Safari/537.36"
207.46.13.157 - - [06/Jun/2026:00:20:22 +0200] "GET /web/en/categoria-produto/frescos/ HTTP/1.1" 200 32611 "-" "Mozilla/5.0 AppleWebKit/537.36 (KHTML, like Gecko; compatible; bingbot/2.0; +http://www.bing.com/bingbot.htm) Chrome/116.0.1938.76 Safari/537.36"
116.179.32.239 - - [06/Jun/2026:00:20:22 +0200] "GET /web/en/categoria-produto/sem-gluten-e-superalimentos/page/2/?doing_wp_cron=1774461620.7349760532379150390625 HTTP/1.1" 200 32405 "-" "Mozilla/5.0 (compatible; Baiduspider/2.0; +http://www.baidu.com/search/spider.html)"
40.77.167.8 - - [06/Jun/2026:00:20:25 +0200] "GET /web/en/produto/laranja-bio-do-algarve/?doing_wp_cron=1780698012.2458209991455078125000 HTTP/1.1" 200 38928 "-" "Mozilla/5.0 AppleWebKit/537.36 (KHTML, like Gecko; compatible; bingbot/2.0; +http://www.bing.com/bingbot.htm) Chrome/116.0.1938.76 Safari/537.36"
188.251.176.201 - - [06/Jun/2026:00:20:38 +0200] "GET /web/wp-conteudos/uploads/2021/07/tomate-negro-bio.jpg HTTP/1.1" 200 79602 "https://www.google.com/" "Mozilla/5.0 (Linux; Android 16; BRP-NX1M Build/HONORBRP-N21M; wv) AppleWebKit/537.36 (KHTML, like Gecko) Version/4.0 Chrome/148.0.7778.178 Mobile Safari/537.36 GoogleApp/17.28.30.ve.arm64"
75.119.139.177 - - [06/Jun/2026:00:20:44 +0200] "POST /wp-cron.php?doing_wp_cron=1780698044.8439838886260986328125 HTTP/1.1" 200 31 "-" "WordPress/6.9; https://www.fomento-sgoic.pt"
57.141.20.7 - - [06/Jun/2026:00:20:44 +0200] "GET /products/25734141/ HTTP/1.1" 301 5 "-" "meta-externalagent/1.1 (+https://developers.facebook.com/docs/sharing/webmasters/crawler)"
216.73.216.253 - - [06/Jun/2026:00:20:46 +0200] "GET /web/produto/salsichas-frankfurt-bio-2/?add-to-cart=3332 HTTP/1.1" 200 41019 "-" "Mozilla/5.0 AppleWebKit/537.36 (KHTML, like Gecko; compatible; ClaudeBot/1.0; +claudebot@anthropic.com)"
17.241.219.220 - - [06/Jun/2026:00:20:58 +0200] "GET /web/produto/chocolate-nougat-escuro-bio-100grs-vivani/ HTTP/1.1" 200 39080 "-" "Mozilla/5.0 (Macintosh; Intel Mac OS X 10_15_7) AppleWebKit/605.1.15 (KHTML, like Gecko) Version/17.4 Safari/605.1.15 (Applebot/0.1; +http://www.apple.com/go/applebot)"
17.241.227.178 - - [06/Jun/2026:00:21:00 +0200] "POST /web/?wc-ajax=get_refreshed_fragments HTTP/1.1" 200 626 "https://www.biocabaz.pt/web/shop/page/2/?doing_wp_cron=1676250797.2394740581512451171875" "Mozilla/5.0 (Macintosh; Intel Mac OS X 10_15_7) AppleWebKit/605.1.15 (KHTML, like Gecko) Version/17.4 Safari/605.1.15 (Applebot/0.1; +http://www.apple.com/go/applebot)"
17.241.75.104 - - [06/Jun/2026:00:21:02 +0200] "POST /web/wp-admin/admin-ajax.php HTTP/1.1" 200 31 "https://www.biocabaz.pt/web/shop/page/2/?doing_wp_cron=1676250797.2394740581512451171875" "Mozilla/5.0 (Macintosh; Intel Mac OS X 10_15_7) AppleWebKit/605.1.15 (KHTML, like Gecko) Version/17.4 Safari/605.1.15 (Applebot/0.1; +http://www.apple.com/go/applebot)"
188.251.176.201 - - [06/Jun/2026:00:21:19 +0200] "GET /web/wp-conteudos/uploads/2021/07/tomate-negro-bio.jpg HTTP/1.1" 200 79602 "-" "WhatsApp/2.23.20.0"
148.69.3.53 - - [06/Jun/2026:00:21:19 +0200] "GET /web/wp-conteudos/uploads/2017/07/pera-morettini.jpeg HTTP/1.1" 200 17871 "https://www.google.com/" "Mozilla/5.0 (iPhone; CPU iPhone OS 26_5 like Mac OS X) AppleWebKit/605.1.15 (KHTML, like Gecko) GSA/423.5.920392540 Mobile/23F77 Safari/604.1"
23.22.173.232 - - [06/Jun/2026:00:21:24 +0200] "GET /call-turismo-no-interior/ HTTP/1.1" 200 26115 "-" "Mozilla/5.0 (Macintosh; Intel Mac OS X 10_10_1) AppleWebKit/600.2.5 (KHTML, like Gecko) Version/8.0.2 Safari/600.2.5 (Lanai)"
66.249.79.34 - - [06/Jun/2026:00:21:26 +0200] "GET /web/en/produto/tostas-crocante-milho-miudo-manga-holle/ HTTP/1.1" 302 102 "-" "Mozilla/5.0 (Linux; Android 6.0.1; Nexus 5X Build/MMB29P) AppleWebKit/537.36 (KHTML, like Gecko) Chrome/148.0.7778.96 Mobile Safari/537.36 (compatible; Googlebot/2.1; +http://www.google.com/bot.html)"
17.241.75.120 - - [06/Jun/2026:00:21:26 +0200] "POST /web/?wc-ajax=get_refreshed_fragments HTTP/1.1" 200 626 "https://biocabaz.pt/web/produto/chocolate-nougat-escuro-bio-100grs-vivani/" "Mozilla/5.0 (Macintosh; Intel Mac OS X 10_15_7) AppleWebKit/605.1.15 (KHTML, like Gecko) Version/17.4 Safari/605.1.15 (Applebot/0.1; +http://www.apple.com/go/applebot)"
148.69.3.53 - - [06/Jun/2026:00:21:26 +0200] "GET /web/en/produto/pera-moretini-bio-nacional/pera-morettini/ HTTP/1.1" 302 102 "https://www.google.com/" "Mozilla/5.0 (iPhone; CPU iPhone OS 26_5_0 like Mac OS X) AppleWebKit/605.1.15 (KHTML, like Gecko) GSA/423.5.920392540 Mobile/15E148 Safari/604.1"
74.125.210.103 - - [06/Jun/2026:00:21:28 +0200] "GET /web/en/produto/pera-moretini-bio-nacional/pera-morettini/ HTTP/1.1" 200 37367 "-" "Mozilla/5.0 (Linux; Android 10; K) AppleWebKit/537.36 (KHTML, like Gecko) Chrome/138.0.0.0 Mobile Safari/537.36 (compatible; Google-Read-Aloud; +https://support.google.com/webmasters/answer/1061943)"
74.125.210.104 - - [06/Jun/2026:00:21:28 +0200] "GET /web/en/produto/pera-moretini-bio-nacional/pera-morettini/ HTTP/1.1" 200 36954 "-" "Mozilla/5.0 (Linux; Android 10; K) AppleWebKit/537.36 (KHTML, like Gecko) Chrome/138.0.0.0 Mobile Safari/537.36 (compatible; Google-Read-Aloud; +https://support.google.com/webmasters/answer/1061943)"
148.69.3.53 - - [06/Jun/2026:00:21:28 +0200] "GET /web/en/produto/pera-moretini-bio-nacional/pera-morettini/?doing_wp_cron=1780698086.3976659774780273437500 HTTP/1.1" 200 37612 "https://www.google.com/" "Mozilla/5.0 (iPhone; CPU iPhone OS 26_5_0 like Mac OS X) AppleWebKit/605.1.15 (KHTML, like Gecko) GSA/423.5.920392540 Mobile/15E148 Safari/604.1"
75.119.139.177 - - [06/Jun/2026:00:21:28 +0200] "POST /wp-cron.php?doing_wp_cron=1780698088.5388000011444091796875 HTTP/1.1" 200 31 "-" "WordPress/6.9; https://www.fomento-sgoic.pt"
51.195.215.110 - - [06/Jun/2026:00:21:28 +0200] "GET /betify-casino-en-ligne-jouez-sur-betify-avec-1000-3547/ HTTP/1.1" 200 20326 "-" "Mozilla/5.0 (compatible; AhrefsBot/7.0; +http://ahrefs.com/robot/)"
148.69.3.53 - - [06/Jun/2026:00:21:28 +0200] "GET /web/wp-conteudos/plugins/smart-marketing-for-wp/public/css/egoi-for-wp-public.css HTTP/1.1" 200 1173 "https://www.biocabaz.pt/web/en/produto/pera-moretini-bio-nacional/pera-morettini/?doing_wp_cron=1780698086.3976659774780273437500" "Mozilla/5.0 (iPhone; CPU iPhone OS 26_5_0 like Mac OS X) AppleWebKit/605.1.15 (KHTML, like Gecko) GSA/423.5.920392540 Mobile/15E148 Safari/604.1"
74.125.210.105 - - [06/Jun/2026:00:21:28 +0200] "GET /web/wp-conteudos/plugins/woocommerce-google-adwords-conversion-tracking-tag/js/public/wpm-public.p1.min.js HTTP/1.1" 200 40537 "https://www.biocabaz.pt/web/en/produto/pera-moretini-bio-nacional/pera-morettini/" "Mozilla/5.0 (Linux; Android 10; K) AppleWebKit/537.36 (KHTML, like Gecko) Chrome/138.0.0.0 Mobile Safari/537.36 (compatible; Google-Read-Aloud; +https://support.google.com/webmasters/answer/1061943)"
148.69.3.53 - - [06/Jun/2026:00:21:28 +0200] "GET /web/wp-conteudos/plugins/woocommerce/packages/woocommerce-blocks/build/wc-blocks-style.css HTTP/1.1" 200 25428 "https://www.biocabaz.pt/web/en/produto/pera-moretini-bio-nacional/pera-morettini/?doing_wp_cron=1780698086.3976659774780273437500" "Mozilla/5.0 (iPhone; CPU iPhone OS 26_5_0 like Mac OS X) AppleWebKit/605.1.15 (KHTML, like Gecko) GSA/423.5.920392540 Mobile/15E148 Safari/604.1"
148.69.3.53 - - [06/Jun/2026:00:21:28 +0200] "GET /web/wp-conteudos/plugins/woocommerce/packages/woocommerce-blocks/build/wc-blocks-vendors-style.css HTTP/1.1" 200 1987 "https://www.biocabaz.pt/web/en/produto/pera-moretini-bio-nacional/pera-morettini/?doing_wp_cron=1780698086.3976659774780273437500" "Mozilla/5.0 (iPhone; CPU iPhone OS 26_5_0 like Mac OS X) AppleWebKit/605.1.15 (KHTML, like Gecko) GSA/423.5.920392540 Mobile/15E148 Safari/604.1"
148.69.3.53 - - [06/Jun/2026:00:21:28 +0200] "GET /web/wp-conteudos/plugins/userpro/skins/pure/style.css HTTP/1.1" 200 5179 "https://www.biocabaz.pt/web/en/produto/pera-moretini-bio-nacional/pera-morettini/?doing_wp_cron=1780698086.3976659774780273437500" "Mozilla/5.0 (iPhone; CPU iPhone OS 26_5_0 like Mac OS X) AppleWebKit/605.1.15 (KHTML, like Gecko) GSA/423.5.920392540 Mobile/15E148 Safari/604.1"
148.69.3.53 - - [06/Jun/2026:00:21:28 +0200] "GET /web/wp-conteudos/plugins/cookie-notice/css/front.min.css HTTP/1.1" 200 1108 "https://www.biocabaz.pt/web/en/produto/pera-moretini-bio-nacional/pera-morettini/?doing_wp_cron=1780698086.3976659774780273437500" "Mozilla/5.0 (iPhone; CPU iPhone OS 26_5_0 like Mac OS X) AppleWebKit/605.1.15 (KHTML, like Gecko) GSA/423.5.920392540 Mobile/15E148 Safari/604.1"
148.69.3.53 - - [06/Jun/2026:00:21:28 +0200] "GET /web/wp-includes/css/dashicons.min.css HTTP/1.1" 200 35775 "https://www.biocabaz.pt/web/en/produto/pera-moretini-bio-nacional/pera-morettini/?doing_wp_cron=1780698086.3976659774780273437500" "Mozilla/5.0 (iPhone; CPU iPhone OS 26_5_0 like Mac OS X) AppleWebKit/605.1.15 (KHTML, like Gecko) GSA/423.5.920392540 Mobile/15E148 Safari/604.1"
148.69.3.53 - - [06/Jun/2026:00:21:28 +0200] "GET /web/wp-includes/css/dist/block-library/style.min.css HTTP/1.1" 200 15621 "https://www.biocabaz.pt/web/en/produto/pera-moretini-bio-nacional/pera-morettini/?doing_wp_cron=1780698086.3976659774780273437500" "Mozilla/5.0 (iPhone; CPU iPhone OS 26_5_0 like Mac OS X) AppleWebKit/605.1.15 (KHTML, like Gecko) GSA/423.5.920392540 Mobile/15E148 Safari/604.1"
148.69.3.53 - - [06/Jun/2026:00:21:28 +0200] "GET /web/wp-conteudos/plugins/userpro/css/up-fontawesome.css HTTP/1.1" 200 10233 "https://www.biocabaz.pt/web/en/produto/pera-moretini-bio-nacional/pera-morettini/?doing_wp_cron=1780698086.3976659774780273437500" "Mozilla/5.0 (iPhone; CPU iPhone OS 26_5_0 like Mac OS X) AppleWebKit/605.1.15 (KHTML, like Gecko) GSA/423.5.920392540 Mobile/15E148 Safari/604.1"
148.69.3.53 - - [06/Jun/2026:00:21:28 +0200] "GET /web/wp-conteudos/plugins/userpro/addons/timeline/assets/css/timeline.css HTTP/1.1" 200 1159 "https://www.biocabaz.pt/web/en/produto/pera-moretini-bio-nacional/pera-morettini/?doing_wp_cron=1780698086.3976659774780273437500" "Mozilla/5.0 (iPhone; CPU iPhone OS 26_5_0 like Mac OS X) AppleWebKit/605.1.15 (KHTML, like Gecko) GSA/423.5.920392540 Mobile/15E148 Safari/604.1"
148.69.3.53 - - [06/Jun/2026:00:21:28 +0200] "GET /web/wp-conteudos/plugins/woo-keyinvoice-integration/public/css/woo-keyinvoice-integration-public.css HTTP/1.1" 200 98 "https://www.biocabaz.pt/web/en/produto/pera-moretini-bio-nacional/pera-morettini/?doing_wp_cron=1780698086.3976659774780273437500" "Mozilla/5.0 (iPhone; CPU iPhone OS 26_5_0 like Mac OS X) AppleWebKit/605.1.15 (KHTML, like Gecko) GSA/423.5.920392540 Mobile/15E148 Safari/604.1"
148.69.3.53 - - [06/Jun/2026:00:21:29 +0200] "GET /web/wp-conteudos/themes/jupiter/assets/stylesheet/plugins/min/woocommerce.css HTTP/1.1" 200 9632 "https://www.biocabaz.pt/web/en/produto/pera-moretini-bio-nacional/pera-morettini/?doing_wp_cron=1780698086.3976659774780273437500" "Mozilla/5.0 (iPhone; CPU iPhone OS 26_5_0 like Mac OS X) AppleWebKit/605.1.15 (KHTML, like Gecko) GSA/423.5.920392540 Mobile/15E148 Safari/604.1"
148.69.3.53 - - [06/Jun/2026:00:21:29 +0200] "GET /web/wp-conteudos/plugins/wp-multilang/assets/styles/main.min.css HTTP/1.1" 200 1027 "https://www.biocabaz.pt/web/en/produto/pera-moretini-bio-nacional/pera-morettini/?doing_wp_cron=1780698086.3976659774780273437500" "Mozilla/5.0 (iPhone; CPU iPhone OS 26_5_0 like Mac OS X) AppleWebKit/605.1.15 (KHTML, like Gecko) GSA/423.5.920392540 Mobile/15E148 Safari/604.1"
148.69.3.53 - - [06/Jun/2026:00:21:29 +0200] "GET /web/wp-conteudos/themes/jupiter/assets/stylesheet/min/full-styles.6.5.1.css HTTP/1.1" 200 27411 "https://www.biocabaz.pt/web/en/produto/pera-moretini-bio-nacional/pera-morettini/?doing_wp_cron=1780698086.3976659774780273437500" "Mozilla/5.0 (iPhone; CPU iPhone OS 26_5_0 like Mac OS X) AppleWebKit/605.1.15 (KHTML, like Gecko) GSA/423.5.920392540 Mobile/15E148 Safari/604.1"
148.69.3.53 - - [06/Jun/2026:00:21:29 +0200] "GET /web/wp-conteudos/themes/jupiter/header-builder/includes/assets/css/mkhb-render.css HTTP/1.1" 200 1156 "https://www.biocabaz.pt/web/en/produto/pera-moretini-bio-nacional/pera-morettini/?doing_wp_cron=1780698086.3976659774780273437500" "Mozilla/5.0 (iPhone; CPU iPhone OS 26_5_0 like Mac OS X) AppleWebKit/605.1.15 (KHTML, like Gecko) GSA/423.5.920392540 Mobile/15E148 Safari/604.1"
148.69.3.53 - - [06/Jun/2026:00:21:29 +0200] "GET /web/wp-conteudos/themes/jupiter/header-builder/includes/assets/css/mkhb-row.css HTTP/1.1" 200 553 "https://www.biocabaz.pt/web/en/produto/pera-moretini-bio-nacional/pera-morettini/?doing_wp_cron=1780698086.3976659774780273437500" "Mozilla/5.0 (iPhone; CPU iPhone OS 26_5_0 like Mac OS X) AppleWebKit/605.1.15 (KHTML, like Gecko) GSA/423.5.920392540 Mobile/15E148 Safari/604.1"
148.69.3.53 - - [06/Jun/2026:00:21:29 +0200] "GET /web/wp-conteudos/themes/jupiter/header-builder/includes/assets/css/mkhb-column.css HTTP/1.1" 200 833 "https://www.biocabaz.pt/web/en/produto/pera-moretini-bio-nacional/pera-morettini/?doing_wp_cron=1780698086.3976659774780273437500" "Mozilla/5.0 (iPhone; CPU iPhone OS 26_5_0 like Mac OS X) AppleWebKit/605.1.15 (KHTML, like Gecko) GSA/423.5.920392540 Mobile/15E148 Safari/604.1"
66.249.79.35 - - [06/Jun/2026:00:21:29 +0200] "GET /web/en/produto/tostas-crocante-milho-miudo-manga-holle/?doing_wp_cron=1780698086.0945219993591308593750 HTTP/1.1" 200 39282 "-" "Mozilla/5.0 (Linux; Android 6.0.1; Nexus 5X Build/MMB29P) AppleWebKit/537.36 (KHTML, like Gecko) Chrome/148.0.7778.96 Mobile Safari/537.36 (compatible; Googlebot/2.1; +http://www.google.com/bot.html)"
148.69.3.53 - - [06/Jun/2026:00:21:29 +0200] "GET /web/wp-conteudos/plugins/dhvc-form/assets/fonts/font-awesome/css/font-awesome.min.css HTTP/1.1" 200 4747 "https://www.biocabaz.pt/web/en/produto/pera-moretini-bio-nacional/pera-morettini/?doing_wp_cron=1780698086.3976659774780273437500" "Mozilla/5.0 (iPhone; CPU iPhone OS 26_5_0 like Mac OS X) AppleWebKit/605.1.15 (KHTML, like Gecko) GSA/423.5.920392540 Mobile/15E148 Safari/604.1"
148.69.3.53 - - [06/Jun/2026:00:21:29 +0200] "GET /web/wp-conteudos/plugins/dhvc-form/assets/css/style.css HTTP/1.1" 200 3736 "https://www.biocabaz.pt/web/en/produto/pera-moretini-bio-nacional/pera-morettini/?doing_wp_cron=1780698086.3976659774780273437500" "Mozilla/5.0 (iPhone; CPU iPhone OS 26_5_0 like Mac OS X) AppleWebKit/605.1.15 (KHTML, like Gecko) GSA/423.5.920392540 Mobile/15E148 Safari/604.1"
148.69.3.53 - - [06/Jun/2026:00:21:29 +0200] "GET /web/wp-conteudos/uploads/mk_assets/theme-options-production-1780169976.css HTTP/1.1" 200 5907 "https://www.biocabaz.pt/web/en/produto/pera-moretini-bio-nacional/pera-morettini/?doing_wp_cron=1780698086.3976659774780273437500" "Mozilla/5.0 (iPhone; CPU iPhone OS 26_5_0 like Mac OS X) AppleWebKit/605.1.15 (KHTML, like Gecko) GSA/423.5.920392540 Mobile/15E148 Safari/604.1"
148.69.3.53 - - [06/Jun/2026:00:21:29 +0200] "GET /web/wp-conteudos/themes/jupiter-child/style.css HTTP/1.1" 200 410 "https://www.biocabaz.pt/web/en/produto/pera-moretini-bio-nacional/pera-morettini/?doing_wp_cron=1780698086.3976659774780273437500" "Mozilla/5.0 (iPhone; CPU iPhone OS 26_5_0 like Mac OS X) AppleWebKit/605.1.15 (KHTML, like Gecko) GSA/423.5.920392540 Mobile/15E148 Safari/604.1"
148.69.3.53 - - [06/Jun/2026:00:21:29 +0200] "GET /web/wp-conteudos/plugins/jupiter-donut/assets/css/shortcodes-styles.min.css HTTP/1.1" 200 58842 "https://www.biocabaz.pt/web/en/produto/pera-moretini-bio-nacional/pera-morettini/?doing_wp_cron=1780698086.3976659774780273437500" "Mozilla/5.0 (iPhone; CPU iPhone OS 26_5_0 like Mac OS X) AppleWebKit/605.1.15 (KHTML, like Gecko) GSA/423.5.920392540 Mobile/15E148 Safari/604.1"
148.69.3.53 - - [06/Jun/2026:00:21:29 +0200] "GET /web/wp-conteudos/plugins/woocommerce-product-bundles/assets/css/frontend/woocommerce.css HTTP/1.1" 200 607 "https://www.biocabaz.pt/web/en/produto/pera-moretini-bio-nacional/pera-morettini/?doing_wp_cron=1780698086.3976659774780273437500" "Mozilla/5.0 (iPhone; CPU iPhone OS 26_5_0 like Mac OS X) AppleWebKit/605.1.15 (KHTML, like Gecko) GSA/423.5.920392540 Mobile/15E148 Safari/604.1"
148.69.3.53 - - [06/Jun/2026:00:21:29 +0200] "GET /web/wp-conteudos/plugins/smart-marketing-for-wp/admin/js/egoi-for-wp-canvas.js HTTP/1.1" 200 2304 "https://www.biocabaz.pt/web/en/produto/pera-moretini-bio-nacional/pera-morettini/?doing_wp_cron=1780698086.3976659774780273437500" "Mozilla/5.0 (iPhone; CPU iPhone OS 26_5_0 like Mac OS X) AppleWebKit/605.1.15 (KHTML, like Gecko) GSA/423.5.920392540 Mobile/15E148 Safari/604.1"
148.69.3.53 - - [06/Jun/2026:00:21:29 +0200] "GET /web/wp-includes/js/jquery/jquery.min.js HTTP/1.1" 200 30646 "https://www.biocabaz.pt/web/en/produto/pera-moretini-bio-nacional/pera-morettini/?doing_wp_cron=1780698086.3976659774780273437500" "Mozilla/5.0 (iPhone; CPU iPhone OS 26_5_0 like Mac OS X) AppleWebKit/605.1.15 (KHTML, like Gecko) GSA/423.5.920392540 Mobile/15E148 Safari/604.1"
148.69.3.53 - - [06/Jun/2026:00:21:29 +0200] "GET /web/wp-includes/js/jquery/jquery-migrate.min.js HTTP/1.1" 200 4894 "https://www.biocabaz.pt/web/en/produto/pera-moretini-bio-nacional/pera-morettini/?doing_wp_cron=1780698086.3976659774780273437500" "Mozilla/5.0 (iPhone; CPU iPhone OS 26_5_0 like Mac OS X) AppleWebKit/605.1.15 (KHTML, like Gecko) GSA/423.5.920392540 Mobile/15E148 Safari/604.1"
148.69.3.53 - - [06/Jun/2026:00:21:29 +0200] "GET /web/wp-conteudos/themes/jupiter/assets/js/plugins/wp-enqueue/webfontloader.js HTTP/1.1" 200 5035 "https://www.biocabaz.pt/web/en/produto/pera-moretini-bio-nacional/pera-morettini/?doing_wp_cron=1780698086.3976659774780273437500" "Mozilla/5.0 (iPhone; CPU iPhone OS 26_5_0 like Mac OS X) AppleWebKit/605.1.15 (KHTML, like Gecko) GSA/423.5.920392540 Mobile/15E148 Safari/604.1"
148.69.3.53 - - [06/Jun/2026:00:21:29 +0200] "GET /web/wp-conteudos/plugins/woo-keyinvoice-integration/public/js/woo-keyinvoice-integration-public.js HTTP/1.1" 200 838 "https://www.biocabaz.pt/web/en/produto/pera-moretini-bio-nacional/pera-morettini/?doing_wp_cron=1780698086.3976659774780273437500" "Mozilla/5.0 (iPhone; CPU iPhone OS 26_5_0 like Mac OS X) AppleWebKit/605.1.15 (KHTML, like Gecko) GSA/423.5.920392540 Mobile/15E148 Safari/604.1"
148.69.3.53 - - [06/Jun/2026:00:21:29 +0200] "GET /web/wp-conteudos/plugins/cookie-notice/js/front.min.js HTTP/1.1" 200 2167 "https://www.biocabaz.pt/web/en/produto/pera-moretini-bio-nacional/pera-morettini/?doing_wp_cron=1780698086.3976659774780273437500" "Mozilla/5.0 (iPhone; CPU iPhone OS 26_5_0 like Mac OS X) AppleWebKit/605.1.15 (KHTML, like Gecko) GSA/423.5.920392540 Mobile/15E148 Safari/604.1"
148.69.3.53 - - [06/Jun/2026:00:21:29 +0200] "GET /web/wp-conteudos/plugins/woocommerce/assets/js/jquery-blockui/jquery.blockUI.min.js HTTP/1.1" 200 3518 "https://www.biocabaz.pt/web/en/produto/pera-moretini-bio-nacional/pera-morettini/?doing_wp_cron=1780698086.3976659774780273437500" "Mozilla/5.0 (iPhone; CPU iPhone OS 26_5_0 like Mac OS X) AppleWebKit/605.1.15 (KHTML, like Gecko) GSA/423.5.920392540 Mobile/15E148 Safari/604.1"
148.69.3.53 - - [06/Jun/2026:00:21:30 +0200] "GET /web/wp-conteudos/plugins/woocommerce/assets/js/frontend/add-to-cart.min.js HTTP/1.1" 200 1102 "https://www.biocabaz.pt/web/en/produto/pera-moretini-bio-nacional/pera-morettini/?doing_wp_cron=1780698086.3976659774780273437500" "Mozilla/5.0 (iPhone; CPU iPhone OS 26_5_0 like Mac OS X) AppleWebKit/605.1.15 (KHTML, like Gecko) GSA/423.5.920392540 Mobile/15E148 Safari/604.1"
148.69.3.53 - - [06/Jun/2026:00:21:30 +0200] "GET /web/wp-conteudos/plugins/js_composer_theme/assets/js/vendors/woocommerce-add-to-cart.js HTTP/1.1" 200 992 "https://www.biocabaz.pt/web/en/produto/pera-moretini-bio-nacional/pera-morettini/?doing_wp_cron=1780698086.3976659774780273437500" "Mozilla/5.0 (iPhone; CPU iPhone OS 26_5_0 like Mac OS X) AppleWebKit/605.1.15 (KHTML, like Gecko) GSA/423.5.920392540 Mobile/15E148 Safari/604.1"
148.69.3.53 - - [06/Jun/2026:00:21:30 +0200] "GET /web/wp-includes/js/dist/hooks.min.js HTTP/1.1" 200 1660 "https://www.biocabaz.pt/web/en/produto/pera-moretini-bio-nacional/pera-morettini/?doing_wp_cron=1780698086.3976659774780273437500" "Mozilla/5.0 (iPhone; CPU iPhone OS 26_5_0 like Mac OS X) AppleWebKit/605.1.15 (KHTML, like Gecko) GSA/423.5.920392540 Mobile/15E148 Safari/604.1"
148.69.3.53 - - [06/Jun/2026:00:21:30 +0200] "GET /web/wp-conteudos/plugins/woocommerce-google-adwords-conversion-tracking-tag/js/public/wpm-public.p1.min.js HTTP/1.1" 200 40537 "https://www.biocabaz.pt/web/en/produto/pera-moretini-bio-nacional/pera-morettini/?doing_wp_cron=1780698086.3976659774780273437500" "Mozilla/5.0 (iPhone; CPU iPhone OS 26_5_0 like Mac OS X) AppleWebKit/605.1.15 (KHTML, like Gecko) GSA/423.5.920392540 Mobile/15E148 Safari/604.1"
148.69.3.53 - - [06/Jun/2026:00:21:30 +0200] "GET /web/wp-conteudos/themes/jupiter/framework/includes/woocommerce-quantity-increment/assets/js/wc-quantity-increment.min.js HTTP/1.1" 200 570 "https://www.biocabaz.pt/web/en/produto/pera-moretini-bio-nacional/pera-morettini/?doing_wp_cron=1780698086.3976659774780273437500" "Mozilla/5.0 (iPhone; CPU iPhone OS 26_5_0 like Mac OS X) AppleWebKit/605.1.15 (KHTML, like Gecko) GSA/423.5.920392540 Mobile/15E148 Safari/604.1"
148.69.3.53 - - [06/Jun/2026:00:21:30 +0200] "GET /web/wp-conteudos/plugins/userpro/scripts/userpro.encrypt.js HTTP/1.1" 200 3835 "https://www.biocabaz.pt/web/en/produto/pera-moretini-bio-nacional/pera-morettini/?doing_wp_cron=1780698086.3976659774780273437500" "Mozilla/5.0 (iPhone; CPU iPhone OS 26_5_0 like Mac OS X) AppleWebKit/605.1.15 (KHTML, like Gecko) GSA/423.5.920392540 Mobile/15E148 Safari/604.1"
148.69.3.53 - - [06/Jun/2026:00:21:30 +0200] "GET /web/wp-conteudos/plugins/userpro/addons/social/scripts/userpro-social.js HTTP/1.1" 200 1348 "https://www.biocabaz.pt/web/en/produto/pera-moretini-bio-nacional/pera-morettini/?doing_wp_cron=1780698086.3976659774780273437500" "Mozilla/5.0 (iPhone; CPU iPhone OS 26_5_0 like Mac OS X) AppleWebKit/605.1.15 (KHTML, like Gecko) GSA/423.5.920392540 Mobile/15E148 Safari/604.1"
148.69.3.53 - - [06/Jun/2026:00:21:30 +0200] "GET /web/wp-conteudos/themes/jupiter/framework/includes/woocommerce-quantity-increment/assets/js/lib/number-polyfill.min.js HTTP/1.1" 200 2821 "https://www.biocabaz.pt/web/en/produto/pera-moretini-bio-nacional/pera-morettini/?doing_wp_cron=1780698086.3976659774780273437500" "Mozilla/5.0 (iPhone; CPU iPhone OS 26_5_0 like Mac OS X) AppleWebKit/605.1.15 (KHTML, like Gecko) GSA/423.5.920392540 Mobile/15E148 Safari/604.1"
