83.144.147.178 - - [06/Jun/2026:02:01:34 +0200] "GET /web/wp-conteudos/plugins/woocommerce/assets/js/frontend/add-to-cart.min.js HTTP/1.1" 200 1102 "https://www.biocabaz.pt/web/?gad_source=1&gad_campaignid=11304663286&gbraid=0AAAAACHWsVE1dpFYBwnVbKudpnWIlszRE&gclid=Cj0KCQjw54nRBhDCARIsAMcY_SBIQdH-VIQ9S7tlM1h6fv4xXQiZKATXZENLanoKdXthnWXq5sXxRU0aAhGpEALw_wcB" "Mozilla/5.0 (Linux; Android 10; K) AppleWebKit/537.36 (KHTML, like Gecko) Chrome/148.0.0.0 Mobile Safari/537.36"
83.144.147.178 - - [06/Jun/2026:02:01:34 +0200] "GET /web/wp-conteudos/plugins/js_composer_theme/assets/js/vendors/woocommerce-add-to-cart.js HTTP/1.1" 200 992 "https://www.biocabaz.pt/web/?gad_source=1&gad_campaignid=11304663286&gbraid=0AAAAACHWsVE1dpFYBwnVbKudpnWIlszRE&gclid=Cj0KCQjw54nRBhDCARIsAMcY_SBIQdH-VIQ9S7tlM1h6fv4xXQiZKATXZENLanoKdXthnWXq5sXxRU0aAhGpEALw_wcB" "Mozilla/5.0 (Linux; Android 10; K) AppleWebKit/537.36 (KHTML, like Gecko) Chrome/148.0.0.0 Mobile Safari/537.36"
83.144.147.178 - - [06/Jun/2026:02:01:34 +0200] "GET /web/wp-includes/js/dist/hooks.min.js HTTP/1.1" 200 1660 "https://www.biocabaz.pt/web/?gad_source=1&gad_campaignid=11304663286&gbraid=0AAAAACHWsVE1dpFYBwnVbKudpnWIlszRE&gclid=Cj0KCQjw54nRBhDCARIsAMcY_SBIQdH-VIQ9S7tlM1h6fv4xXQiZKATXZENLanoKdXthnWXq5sXxRU0aAhGpEALw_wcB" "Mozilla/5.0 (Linux; Android 10; K) AppleWebKit/537.36 (KHTML, like Gecko) Chrome/148.0.0.0 Mobile Safari/537.36"
83.144.147.178 - - [06/Jun/2026:02:01:34 +0200] "GET /web/wp-conteudos/plugins/woocommerce-google-adwords-conversion-tracking-tag/js/public/wpm-public.p1.min.js HTTP/1.1" 200 40537 "https://www.biocabaz.pt/web/?gad_source=1&gad_campaignid=11304663286&gbraid=0AAAAACHWsVE1dpFYBwnVbKudpnWIlszRE&gclid=Cj0KCQjw54nRBhDCARIsAMcY_SBIQdH-VIQ9S7tlM1h6fv4xXQiZKATXZENLanoKdXthnWXq5sXxRU0aAhGpEALw_wcB" "Mozilla/5.0 (Linux; Android 10; K) AppleWebKit/537.36 (KHTML, like Gecko) Chrome/148.0.0.0 Mobile Safari/537.36"
83.144.147.178 - - [06/Jun/2026:02:01:34 +0200] "GET /web/wp-conteudos/themes/jupiter/framework/includes/woocommerce-quantity-increment/assets/js/wc-quantity-increment.min.js HTTP/1.1" 200 570 "https://www.biocabaz.pt/web/?gad_source=1&gad_campaignid=11304663286&gbraid=0AAAAACHWsVE1dpFYBwnVbKudpnWIlszRE&gclid=Cj0KCQjw54nRBhDCARIsAMcY_SBIQdH-VIQ9S7tlM1h6fv4xXQiZKATXZENLanoKdXthnWXq5sXxRU0aAhGpEALw_wcB" "Mozilla/5.0 (Linux; Android 10; K) AppleWebKit/537.36 (KHTML, like Gecko) Chrome/148.0.0.0 Mobile Safari/537.36"
83.144.147.178 - - [06/Jun/2026:02:01:34 +0200] "GET /web/wp-conteudos/themes/jupiter/framework/includes/woocommerce-quantity-increment/assets/js/lib/number-polyfill.min.js HTTP/1.1" 200 2821 "https://www.biocabaz.pt/web/?gad_source=1&gad_campaignid=11304663286&gbraid=0AAAAACHWsVE1dpFYBwnVbKudpnWIlszRE&gclid=Cj0KCQjw54nRBhDCARIsAMcY_SBIQdH-VIQ9S7tlM1h6fv4xXQiZKATXZENLanoKdXthnWXq5sXxRU0aAhGpEALw_wcB" "Mozilla/5.0 (Linux; Android 10; K) AppleWebKit/537.36 (KHTML, like Gecko) Chrome/148.0.0.0 Mobile Safari/537.36"
83.144.147.178 - - [06/Jun/2026:02:01:34 +0200] "GET /web/wp-conteudos/plugins/userpro/addons/social/scripts/userpro-social.js HTTP/1.1" 200 1348 "https://www.biocabaz.pt/web/?gad_source=1&gad_campaignid=11304663286&gbraid=0AAAAACHWsVE1dpFYBwnVbKudpnWIlszRE&gclid=Cj0KCQjw54nRBhDCARIsAMcY_SBIQdH-VIQ9S7tlM1h6fv4xXQiZKATXZENLanoKdXthnWXq5sXxRU0aAhGpEALw_wcB" "Mozilla/5.0 (Linux; Android 10; K) AppleWebKit/537.36 (KHTML, like Gecko) Chrome/148.0.0.0 Mobile Safari/537.36"
83.144.147.178 - - [06/Jun/2026:02:01:34 +0200] "GET /web/wp-conteudos/plugins/wp-multilang/flags/us.png HTTP/1.1" 200 307 "https://www.biocabaz.pt/web/?gad_source=1&gad_campaignid=11304663286&gbraid=0AAAAACHWsVE1dpFYBwnVbKudpnWIlszRE&gclid=Cj0KCQjw54nRBhDCARIsAMcY_SBIQdH-VIQ9S7tlM1h6fv4xXQiZKATXZENLanoKdXthnWXq5sXxRU0aAhGpEALw_wcB" "Mozilla/5.0 (Linux; Android 10; K) AppleWebKit/537.36 (KHTML, like Gecko) Chrome/148.0.0.0 Mobile Safari/537.36"
83.144.147.178 - - [06/Jun/2026:02:01:34 +0200] "GET /web/wp-conteudos/plugins/userpro/scripts/userpro.encrypt.js HTTP/1.1" 200 3835 "https://www.biocabaz.pt/web/?gad_source=1&gad_campaignid=11304663286&gbraid=0AAAAACHWsVE1dpFYBwnVbKudpnWIlszRE&gclid=Cj0KCQjw54nRBhDCARIsAMcY_SBIQdH-VIQ9S7tlM1h6fv4xXQiZKATXZENLanoKdXthnWXq5sXxRU0aAhGpEALw_wcB" "Mozilla/5.0 (Linux; Android 10; K) AppleWebKit/537.36 (KHTML, like Gecko) Chrome/148.0.0.0 Mobile Safari/537.36"
83.144.147.178 - - [06/Jun/2026:02:01:34 +0200] "GET /web/wp-conteudos/plugins/wp-multilang/flags/pt.png HTTP/1.1" 200 255 "https://www.biocabaz.pt/web/?gad_source=1&gad_campaignid=11304663286&gbraid=0AAAAACHWsVE1dpFYBwnVbKudpnWIlszRE&gclid=Cj0KCQjw54nRBhDCARIsAMcY_SBIQdH-VIQ9S7tlM1h6fv4xXQiZKATXZENLanoKdXthnWXq5sXxRU0aAhGpEALw_wcB" "Mozilla/5.0 (Linux; Android 10; K) AppleWebKit/537.36 (KHTML, like Gecko) Chrome/148.0.0.0 Mobile Safari/537.36"
83.144.147.178 - - [06/Jun/2026:02:01:34 +0200] "GET /web/wp-conteudos/uploads/2021/01/biocabaz_logosite2.png HTTP/1.1" 200 6409 "https://www.biocabaz.pt/web/?gad_source=1&gad_campaignid=11304663286&gbraid=0AAAAACHWsVE1dpFYBwnVbKudpnWIlszRE&gclid=Cj0KCQjw54nRBhDCARIsAMcY_SBIQdH-VIQ9S7tlM1h6fv4xXQiZKATXZENLanoKdXthnWXq5sXxRU0aAhGpEALw_wcB" "Mozilla/5.0 (Linux; Android 10; K) AppleWebKit/537.36 (KHTML, like Gecko) Chrome/148.0.0.0 Mobile Safari/537.36"
83.144.147.178 - - [06/Jun/2026:02:01:34 +0200] "GET /web/scripts/myscript.js?v=1.2 HTTP/1.1" 200 1531 "https://www.biocabaz.pt/web/?gad_source=1&gad_campaignid=11304663286&gbraid=0AAAAACHWsVE1dpFYBwnVbKudpnWIlszRE&gclid=Cj0KCQjw54nRBhDCARIsAMcY_SBIQdH-VIQ9S7tlM1h6fv4xXQiZKATXZENLanoKdXthnWXq5sXxRU0aAhGpEALw_wcB" "Mozilla/5.0 (Linux; Android 10; K) AppleWebKit/537.36 (KHTML, like Gecko) Chrome/148.0.0.0 Mobile Safari/537.36"
83.144.147.178 - - [06/Jun/2026:02:01:34 +0200] "GET /web/wp-conteudos/plugins/userpro/assets/css/fontawesome/css/all.min.css HTTP/1.1" 200 12340 "https://www.biocabaz.pt/web/?gad_source=1&gad_campaignid=11304663286&gbraid=0AAAAACHWsVE1dpFYBwnVbKudpnWIlszRE&gclid=Cj0KCQjw54nRBhDCARIsAMcY_SBIQdH-VIQ9S7tlM1h6fv4xXQiZKATXZENLanoKdXthnWXq5sXxRU0aAhGpEALw_wcB" "Mozilla/5.0 (Linux; Android 10; K) AppleWebKit/537.36 (KHTML, like Gecko) Chrome/148.0.0.0 Mobile Safari/537.36"
83.144.147.178 - - [06/Jun/2026:02:01:34 +0200] "GET /web/wp-conteudos/plugins/userpro/assets/css/main.css HTTP/1.1" 200 707 "https://www.biocabaz.pt/web/?gad_source=1&gad_campaignid=11304663286&gbraid=0AAAAACHWsVE1dpFYBwnVbKudpnWIlszRE&gclid=Cj0KCQjw54nRBhDCARIsAMcY_SBIQdH-VIQ9S7tlM1h6fv4xXQiZKATXZENLanoKdXthnWXq5sXxRU0aAhGpEALw_wcB" "Mozilla/5.0 (Linux; Android 10; K) AppleWebKit/537.36 (KHTML, like Gecko) Chrome/148.0.0.0 Mobile Safari/537.36"
83.144.147.178 - - [06/Jun/2026:02:01:34 +0200] "GET /web/wp-includes/js/jquery/ui/datepicker.min.js HTTP/1.1" 200 11003 "https://www.biocabaz.pt/web/?gad_source=1&gad_campaignid=11304663286&gbraid=0AAAAACHWsVE1dpFYBwnVbKudpnWIlszRE&gclid=Cj0KCQjw54nRBhDCARIsAMcY_SBIQdH-VIQ9S7tlM1h6fv4xXQiZKATXZENLanoKdXthnWXq5sXxRU0aAhGpEALw_wcB" "Mozilla/5.0 (Linux; Android 10; K) AppleWebKit/537.36 (KHTML, like Gecko) Chrome/148.0.0.0 Mobile Safari/537.36"
83.144.147.178 - - [06/Jun/2026:02:01:34 +0200] "GET /web/wp-includes/js/jquery/ui/core.min.js HTTP/1.1" 200 7137 "https://www.biocabaz.pt/web/?gad_source=1&gad_campaignid=11304663286&gbraid=0AAAAACHWsVE1dpFYBwnVbKudpnWIlszRE&gclid=Cj0KCQjw54nRBhDCARIsAMcY_SBIQdH-VIQ9S7tlM1h6fv4xXQiZKATXZENLanoKdXthnWXq5sXxRU0aAhGpEALw_wcB" "Mozilla/5.0 (Linux; Android 10; K) AppleWebKit/537.36 (KHTML, like Gecko) Chrome/148.0.0.0 Mobile Safari/537.36"
83.144.147.178 - - [06/Jun/2026:02:01:34 +0200] "GET /web/wp-conteudos/plugins/userpro/scripts/up-custom-script.js HTTP/1.1" 200 562 "https://www.biocabaz.pt/web/?gad_source=1&gad_campaignid=11304663286&gbraid=0AAAAACHWsVE1dpFYBwnVbKudpnWIlszRE&gclid=Cj0KCQjw54nRBhDCARIsAMcY_SBIQdH-VIQ9S7tlM1h6fv4xXQiZKATXZENLanoKdXthnWXq5sXxRU0aAhGpEALw_wcB" "Mozilla/5.0 (Linux; Android 10; K) AppleWebKit/537.36 (KHTML, like Gecko) Chrome/148.0.0.0 Mobile Safari/537.36"
83.144.147.178 - - [06/Jun/2026:02:01:34 +0200] "GET /web/wp-conteudos/plugins/userpro/addons/timeline/assets/js/timeline.js HTTP/1.1" 200 693 "https://www.biocabaz.pt/web/?gad_source=1&gad_campaignid=11304663286&gbraid=0AAAAACHWsVE1dpFYBwnVbKudpnWIlszRE&gclid=Cj0KCQjw54nRBhDCARIsAMcY_SBIQdH-VIQ9S7tlM1h6fv4xXQiZKATXZENLanoKdXthnWXq5sXxRU0aAhGpEALw_wcB" "Mozilla/5.0 (Linux; Android 10; K) AppleWebKit/537.36 (KHTML, like Gecko) Chrome/148.0.0.0 Mobile Safari/537.36"
83.144.147.178 - - [06/Jun/2026:02:01:34 +0200] "GET /web/wp-conteudos/plugins/woocommerce/assets/js/js-cookie/js.cookie.min.js HTTP/1.1" 200 994 "https://www.biocabaz.pt/web/?gad_source=1&gad_campaignid=11304663286&gbraid=0AAAAACHWsVE1dpFYBwnVbKudpnWIlszRE&gclid=Cj0KCQjw54nRBhDCARIsAMcY_SBIQdH-VIQ9S7tlM1h6fv4xXQiZKATXZENLanoKdXthnWXq5sXxRU0aAhGpEALw_wcB" "Mozilla/5.0 (Linux; Android 10; K) AppleWebKit/537.36 (KHTML, like Gecko) Chrome/148.0.0.0 Mobile Safari/537.36"
83.144.147.178 - - [06/Jun/2026:02:01:34 +0200] "GET /web/wp-conteudos/plugins/woocommerce/assets/js/frontend/woocommerce.min.js HTTP/1.1" 200 806 "https://www.biocabaz.pt/web/?gad_source=1&gad_campaignid=11304663286&gbraid=0AAAAACHWsVE1dpFYBwnVbKudpnWIlszRE&gclid=Cj0KCQjw54nRBhDCARIsAMcY_SBIQdH-VIQ9S7tlM1h6fv4xXQiZKATXZENLanoKdXthnWXq5sXxRU0aAhGpEALw_wcB" "Mozilla/5.0 (Linux; Android 10; K) AppleWebKit/537.36 (KHTML, like Gecko) Chrome/148.0.0.0 Mobile Safari/537.36"
83.144.147.178 - - [06/Jun/2026:02:01:34 +0200] "GET /web/wp-conteudos/plugins/wp-multilang/assets/blocks/language-switcher/js/switcher-block.min.js HTTP/1.1" 200 1066 "https://www.biocabaz.pt/web/?gad_source=1&gad_campaignid=11304663286&gbraid=0AAAAACHWsVE1dpFYBwnVbKudpnWIlszRE&gclid=Cj0KCQjw54nRBhDCARIsAMcY_SBIQdH-VIQ9S7tlM1h6fv4xXQiZKATXZENLanoKdXthnWXq5sXxRU0aAhGpEALw_wcB" "Mozilla/5.0 (Linux; Android 10; K) AppleWebKit/537.36 (KHTML, like Gecko) Chrome/148.0.0.0 Mobile Safari/537.36"
83.144.147.178 - - [06/Jun/2026:02:01:34 +0200] "GET /web/wp-conteudos/plugins/woocommerce/assets/js/frontend/cart-fragments.min.js HTTP/1.1" 200 1054 "https://www.biocabaz.pt/web/?gad_source=1&gad_campaignid=11304663286&gbraid=0AAAAACHWsVE1dpFYBwnVbKudpnWIlszRE&gclid=Cj0KCQjw54nRBhDCARIsAMcY_SBIQdH-VIQ9S7tlM1h6fv4xXQiZKATXZENLanoKdXthnWXq5sXxRU0aAhGpEALw_wcB" "Mozilla/5.0 (Linux; Android 10; K) AppleWebKit/537.36 (KHTML, like Gecko) Chrome/148.0.0.0 Mobile Safari/537.36"
83.144.147.178 - - [06/Jun/2026:02:01:34 +0200] "GET /web/wp-conteudos/themes/jupiter/assets/js/plugins/wp-enqueue/smoothscroll.js HTTP/1.1" 200 6579 "https://www.biocabaz.pt/web/?gad_source=1&gad_campaignid=11304663286&gbraid=0AAAAACHWsVE1dpFYBwnVbKudpnWIlszRE&gclid=Cj0KCQjw54nRBhDCARIsAMcY_SBIQdH-VIQ9S7tlM1h6fv4xXQiZKATXZENLanoKdXthnWXq5sXxRU0aAhGpEALw_wcB" "Mozilla/5.0 (Linux; Android 10; K) AppleWebKit/537.36 (KHTML, like Gecko) Chrome/148.0.0.0 Mobile Safari/537.36"
83.144.147.178 - - [06/Jun/2026:02:01:34 +0200] "GET /web/wp-conteudos/themes/jupiter/header-builder/includes/assets/js/mkhb-column.js HTTP/1.1" 200 1089 "https://www.biocabaz.pt/web/?gad_source=1&gad_campaignid=11304663286&gbraid=0AAAAACHWsVE1dpFYBwnVbKudpnWIlszRE&gclid=Cj0KCQjw54nRBhDCARIsAMcY_SBIQdH-VIQ9S7tlM1h6fv4xXQiZKATXZENLanoKdXthnWXq5sXxRU0aAhGpEALw_wcB" "Mozilla/5.0 (Linux; Android 10; K) AppleWebKit/537.36 (KHTML, like Gecko) Chrome/148.0.0.0 Mobile Safari/537.36"
83.144.147.178 - - [06/Jun/2026:02:01:34 +0200] "GET /web/wp-conteudos/plugins/jupiter-donut/assets/js/shortcodes-scripts.min.js HTTP/1.1" 200 17932 "https://www.biocabaz.pt/web/?gad_source=1&gad_campaignid=11304663286&gbraid=0AAAAACHWsVE1dpFYBwnVbKudpnWIlszRE&gclid=Cj0KCQjw54nRBhDCARIsAMcY_SBIQdH-VIQ9S7tlM1h6fv4xXQiZKATXZENLanoKdXthnWXq5sXxRU0aAhGpEALw_wcB" "Mozilla/5.0 (Linux; Android 10; K) AppleWebKit/537.36 (KHTML, like Gecko) Chrome/148.0.0.0 Mobile Safari/537.36"
83.144.147.178 - - [06/Jun/2026:02:01:34 +0200] "GET /web/wp-conteudos/themes/jupiter/assets/js/components-full.6.5.1.js HTTP/1.1" 200 1320 "https://www.biocabaz.pt/web/?gad_source=1&gad_campaignid=11304663286&gbraid=0AAAAACHWsVE1dpFYBwnVbKudpnWIlszRE&gclid=Cj0KCQjw54nRBhDCARIsAMcY_SBIQdH-VIQ9S7tlM1h6fv4xXQiZKATXZENLanoKdXthnWXq5sXxRU0aAhGpEALw_wcB" "Mozilla/5.0 (Linux; Android 10; K) AppleWebKit/537.36 (KHTML, like Gecko) Chrome/148.0.0.0 Mobile Safari/537.36"
83.144.147.178 - - [06/Jun/2026:02:01:34 +0200] "GET /web/wp-conteudos/themes/jupiter/header-builder/includes/assets/js/mkhb-render.js HTTP/1.1" 200 1790 "https://www.biocabaz.pt/web/?gad_source=1&gad_campaignid=11304663286&gbraid=0AAAAACHWsVE1dpFYBwnVbKudpnWIlszRE&gclid=Cj0KCQjw54nRBhDCARIsAMcY_SBIQdH-VIQ9S7tlM1h6fv4xXQiZKATXZENLanoKdXthnWXq5sXxRU0aAhGpEALw_wcB" "Mozilla/5.0 (Linux; Android 10; K) AppleWebKit/537.36 (KHTML, like Gecko) Chrome/148.0.0.0 Mobile Safari/537.36"
83.144.147.178 - - [06/Jun/2026:02:01:34 +0200] "GET /web/wp-conteudos/themes/jupiter/assets/js/core-scripts.6.5.1.js HTTP/1.1" 200 118467 "https://www.biocabaz.pt/web/?gad_source=1&gad_campaignid=11304663286&gbraid=0AAAAACHWsVE1dpFYBwnVbKudpnWIlszRE&gclid=Cj0KCQjw54nRBhDCARIsAMcY_SBIQdH-VIQ9S7tlM1h6fv4xXQiZKATXZENLanoKdXthnWXq5sXxRU0aAhGpEALw_wcB" "Mozilla/5.0 (Linux; Android 10; K) AppleWebKit/537.36 (KHTML, like Gecko) Chrome/148.0.0.0 Mobile Safari/537.36"
83.144.147.178 - - [06/Jun/2026:02:01:34 +0200] "GET /web/wp-conteudos/uploads/bfi_thumb/dummy-transparent-ooif3gskt3pjjx65vz1jy6igecasblxpwo2vtsp0vc.png HTTP/1.1" 200 6635 "https://www.biocabaz.pt/web/?gad_source=1&gad_campaignid=11304663286&gbraid=0AAAAACHWsVE1dpFYBwnVbKudpnWIlszRE&gclid=Cj0KCQjw54nRBhDCARIsAMcY_SBIQdH-VIQ9S7tlM1h6fv4xXQiZKATXZENLanoKdXthnWXq5sXxRU0aAhGpEALw_wcB" "Mozilla/5.0 (Linux; Android 10; K) AppleWebKit/537.36 (KHTML, like Gecko) Chrome/148.0.0.0 Mobile Safari/537.36"
83.144.147.178 - - [06/Jun/2026:02:01:34 +0200] "GET /web/wp-conteudos/uploads/2016/08/sativa.jpg HTTP/1.1" 200 12543 "https://www.biocabaz.pt/web/?gad_source=1&gad_campaignid=11304663286&gbraid=0AAAAACHWsVE1dpFYBwnVbKudpnWIlszRE&gclid=Cj0KCQjw54nRBhDCARIsAMcY_SBIQdH-VIQ9S7tlM1h6fv4xXQiZKATXZENLanoKdXthnWXq5sXxRU0aAhGpEALw_wcB" "Mozilla/5.0 (Linux; Android 10; K) AppleWebKit/537.36 (KHTML, like Gecko) Chrome/148.0.0.0 Mobile Safari/537.36"
83.144.147.178 - - [06/Jun/2026:02:01:34 +0200] "GET /web/wp-conteudos/uploads/2016/08/simbolo.jpg HTTP/1.1" 200 3027 "https://www.biocabaz.pt/web/?gad_source=1&gad_campaignid=11304663286&gbraid=0AAAAACHWsVE1dpFYBwnVbKudpnWIlszRE&gclid=Cj0KCQjw54nRBhDCARIsAMcY_SBIQdH-VIQ9S7tlM1h6fv4xXQiZKATXZENLanoKdXthnWXq5sXxRU0aAhGpEALw_wcB" "Mozilla/5.0 (Linux; Android 10; K) AppleWebKit/537.36 (KHTML, like Gecko) Chrome/148.0.0.0 Mobile Safari/537.36"
83.144.147.178 - - [06/Jun/2026:02:01:34 +0200] "GET /web/wp-conteudos/plugins/js_composer_theme/assets/js/dist/js_composer_front.min.js HTTP/1.1" 200 5846 "https://www.biocabaz.pt/web/?gad_source=1&gad_campaignid=11304663286&gbraid=0AAAAACHWsVE1dpFYBwnVbKudpnWIlszRE&gclid=Cj0KCQjw54nRBhDCARIsAMcY_SBIQdH-VIQ9S7tlM1h6fv4xXQiZKATXZENLanoKdXthnWXq5sXxRU0aAhGpEALw_wcB" "Mozilla/5.0 (Linux; Android 10; K) AppleWebKit/537.36 (KHTML, like Gecko) Chrome/148.0.0.0 Mobile Safari/537.36"
83.144.147.178 - - [06/Jun/2026:02:01:34 +0200] "GET /web/wp-conteudos/uploads/2020/04/screenshot-2020-04-20-at-01.06.58.png HTTP/1.1" 200 231865 "https://www.biocabaz.pt/web/?gad_source=1&gad_campaignid=11304663286&gbraid=0AAAAACHWsVE1dpFYBwnVbKudpnWIlszRE&gclid=Cj0KCQjw54nRBhDCARIsAMcY_SBIQdH-VIQ9S7tlM1h6fv4xXQiZKATXZENLanoKdXthnWXq5sXxRU0aAhGpEALw_wcB" "Mozilla/5.0 (Linux; Android 10; K) AppleWebKit/537.36 (KHTML, like Gecko) Chrome/148.0.0.0 Mobile Safari/537.36"
83.144.147.178 - - [06/Jun/2026:02:01:35 +0200] "GET /web/wp-conteudos/uploads/2016/04/foto-site4.jpg?id=1148 HTTP/1.1" 200 220024 "https://www.biocabaz.pt/web/?gad_source=1&gad_campaignid=11304663286&gbraid=0AAAAACHWsVE1dpFYBwnVbKudpnWIlszRE&gclid=Cj0KCQjw54nRBhDCARIsAMcY_SBIQdH-VIQ9S7tlM1h6fv4xXQiZKATXZENLanoKdXthnWXq5sXxRU0aAhGpEALw_wcB" "Mozilla/5.0 (Linux; Android 10; K) AppleWebKit/537.36 (KHTML, like Gecko) Chrome/148.0.0.0 Mobile Safari/537.36"
83.144.147.178 - - [06/Jun/2026:02:01:35 +0200] "GET /web/wp-conteudos/uploads/2016/03/figo-verde-330x260.jpg HTTP/1.1" 200 12298 "https://www.biocabaz.pt/web/?gad_source=1&gad_campaignid=11304663286&gbraid=0AAAAACHWsVE1dpFYBwnVbKudpnWIlszRE&gclid=Cj0KCQjw54nRBhDCARIsAMcY_SBIQdH-VIQ9S7tlM1h6fv4xXQiZKATXZENLanoKdXthnWXq5sXxRU0aAhGpEALw_wcB" "Mozilla/5.0 (Linux; Android 10; K) AppleWebKit/537.36 (KHTML, like Gecko) Chrome/148.0.0.0 Mobile Safari/537.36"
83.144.147.178 - - [06/Jun/2026:02:01:35 +0200] "GET /web/wp-conteudos/uploads/2016/06/nectarina-biologica-330x260.jpg HTTP/1.1" 200 13759 "https://www.biocabaz.pt/web/?gad_source=1&gad_campaignid=11304663286&gbraid=0AAAAACHWsVE1dpFYBwnVbKudpnWIlszRE&gclid=Cj0KCQjw54nRBhDCARIsAMcY_SBIQdH-VIQ9S7tlM1h6fv4xXQiZKATXZENLanoKdXthnWXq5sXxRU0aAhGpEALw_wcB" "Mozilla/5.0 (Linux; Android 10; K) AppleWebKit/537.36 (KHTML, like Gecko) Chrome/148.0.0.0 Mobile Safari/537.36"
83.144.147.178 - - [06/Jun/2026:02:01:35 +0200] "GET /web/wp-conteudos/uploads/2016/03/banana-2-330x260.jpg HTTP/1.1" 200 12810 "https://www.biocabaz.pt/web/?gad_source=1&gad_campaignid=11304663286&gbraid=0AAAAACHWsVE1dpFYBwnVbKudpnWIlszRE&gclid=Cj0KCQjw54nRBhDCARIsAMcY_SBIQdH-VIQ9S7tlM1h6fv4xXQiZKATXZENLanoKdXthnWXq5sXxRU0aAhGpEALw_wcB" "Mozilla/5.0 (Linux; Android 10; K) AppleWebKit/537.36 (KHTML, like Gecko) Chrome/148.0.0.0 Mobile Safari/537.36"
83.144.147.178 - - [06/Jun/2026:02:01:35 +0200] "GET /web/wp-conteudos/uploads/2016/04/pepino-1-330x260.jpg HTTP/1.1" 200 10885 "https://www.biocabaz.pt/web/?gad_source=1&gad_campaignid=11304663286&gbraid=0AAAAACHWsVE1dpFYBwnVbKudpnWIlszRE&gclid=Cj0KCQjw54nRBhDCARIsAMcY_SBIQdH-VIQ9S7tlM1h6fv4xXQiZKATXZENLanoKdXthnWXq5sXxRU0aAhGpEALw_wcB" "Mozilla/5.0 (Linux; Android 10; K) AppleWebKit/537.36 (KHTML, like Gecko) Chrome/148.0.0.0 Mobile Safari/537.36"
83.144.147.178 - - [06/Jun/2026:02:01:35 +0200] "GET /web/wp-conteudos/uploads/2016/03/courgete-2-330x260.jpg HTTP/1.1" 200 16571 "https://www.biocabaz.pt/web/?gad_source=1&gad_campaignid=11304663286&gbraid=0AAAAACHWsVE1dpFYBwnVbKudpnWIlszRE&gclid=Cj0KCQjw54nRBhDCARIsAMcY_SBIQdH-VIQ9S7tlM1h6fv4xXQiZKATXZENLanoKdXthnWXq5sXxRU0aAhGpEALw_wcB" "Mozilla/5.0 (Linux; Android 10; K) AppleWebKit/537.36 (KHTML, like Gecko) Chrome/148.0.0.0 Mobile Safari/537.36"
83.144.147.178 - - [06/Jun/2026:02:01:35 +0200] "GET /web/wp-conteudos/uploads/2016/04/morango-1-330x260.jpg HTTP/1.1" 200 14402 "https://www.biocabaz.pt/web/?gad_source=1&gad_campaignid=11304663286&gbraid=0AAAAACHWsVE1dpFYBwnVbKudpnWIlszRE&gclid=Cj0KCQjw54nRBhDCARIsAMcY_SBIQdH-VIQ9S7tlM1h6fv4xXQiZKATXZENLanoKdXthnWXq5sXxRU0aAhGpEALw_wcB" "Mozilla/5.0 (Linux; Android 10; K) AppleWebKit/537.36 (KHTML, like Gecko) Chrome/148.0.0.0 Mobile Safari/537.36"
47.128.17.141 - - [06/Jun/2026:02:01:35 +0200] "GET /web/wp-conteudos/uploads/2019/11/Download_on_GooglePlay-150x58.png HTTP/1.1" 206 500 "https://www.biocabaz.pt/web/produto/agua-de-coco-bio-provida-330ml/?doing_wp_cron=1711000379.3260369300842285156250" "Mozilla/5.0 (compatible; Bytespider; spider-feedback@bytedance.com) AppleWebKit/537.36 (KHTML, like Gecko) Chrome/70.0.0.0 Safari/537.36"
83.144.147.178 - - [06/Jun/2026:02:01:35 +0200] "GET /web/wp-conteudos/themes/jupiter/assets/js/plugins/async/min/minigrid.js HTTP/1.1" 200 1053 "https://www.biocabaz.pt/web/?gad_source=1&gad_campaignid=11304663286&gbraid=0AAAAACHWsVE1dpFYBwnVbKudpnWIlszRE&gclid=Cj0KCQjw54nRBhDCARIsAMcY_SBIQdH-VIQ9S7tlM1h6fv4xXQiZKATXZENLanoKdXthnWXq5sXxRU0aAhGpEALw_wcB" "Mozilla/5.0 (Linux; Android 10; K) AppleWebKit/537.36 (KHTML, like Gecko) Chrome/148.0.0.0 Mobile Safari/537.36"
83.144.147.178 - - [06/Jun/2026:02:01:35 +0200] "GET /web/wp-conteudos/themes/jupiter/assets/js/plugins/async/min/jquery.flexslider.js HTTP/1.1" 200 7414 "https://www.biocabaz.pt/web/?gad_source=1&gad_campaignid=11304663286&gbraid=0AAAAACHWsVE1dpFYBwnVbKudpnWIlszRE&gclid=Cj0KCQjw54nRBhDCARIsAMcY_SBIQdH-VIQ9S7tlM1h6fv4xXQiZKATXZENLanoKdXthnWXq5sXxRU0aAhGpEALw_wcB" "Mozilla/5.0 (Linux; Android 10; K) AppleWebKit/537.36 (KHTML, like Gecko) Chrome/148.0.0.0 Mobile Safari/537.36"
83.144.147.178 - - [06/Jun/2026:02:01:35 +0200] "GET /web/wp-conteudos/uploads/2016/01/LogoBiocabaz_4-135.png HTTP/1.1" 200 6632 "https://www.biocabaz.pt/web/?gad_source=1&gad_campaignid=11304663286&gbraid=0AAAAACHWsVE1dpFYBwnVbKudpnWIlszRE&gclid=Cj0KCQjw54nRBhDCARIsAMcY_SBIQdH-VIQ9S7tlM1h6fv4xXQiZKATXZENLanoKdXthnWXq5sXxRU0aAhGpEALw_wcB" "Mozilla/5.0 (Linux; Android 10; K) AppleWebKit/537.36 (KHTML, like Gecko) Chrome/148.0.0.0 Mobile Safari/537.36"
47.128.17.141 - - [06/Jun/2026:02:01:35 +0200] "GET /web/wp-conteudos/uploads/2021/11/bebida-de-amendoa-sem-acucar-bio-provida-1l-1-150x138.jpg HTTP/1.1" 206 500 "https://www.biocabaz.pt/web/produto/agua-de-coco-bio-provida-330ml/?doing_wp_cron=1711000379.3260369300842285156250" "Mozilla/5.0 (compatible; Bytespider; spider-feedback@bytedance.com) AppleWebKit/537.36 (KHTML, like Gecko) Chrome/70.0.0.0 Safari/537.36"
47.128.17.141 - - [06/Jun/2026:02:01:35 +0200] "GET /web/wp-conteudos/uploads/2020/06/leite-bio-milhafre-150x150.jpg HTTP/1.1" 206 500 "https://www.biocabaz.pt/web/produto/agua-de-coco-bio-provida-330ml/?doing_wp_cron=1711000379.3260369300842285156250" "Mozilla/5.0 (compatible; Bytespider; spider-feedback@bytedance.com) AppleWebKit/537.36 (KHTML, like Gecko) Chrome/70.0.0.0 Safari/537.36"
83.144.147.178 - - [06/Jun/2026:02:01:36 +0200] "POST /web/?wc-ajax=get_refreshed_fragments HTTP/1.1" 200 626 "https://www.biocabaz.pt/web/?gad_source=1&gad_campaignid=11304663286&gbraid=0AAAAACHWsVE1dpFYBwnVbKudpnWIlszRE&gclid=Cj0KCQjw54nRBhDCARIsAMcY_SBIQdH-VIQ9S7tlM1h6fv4xXQiZKATXZENLanoKdXthnWXq5sXxRU0aAhGpEALw_wcB" "Mozilla/5.0 (Linux; Android 10; K) AppleWebKit/537.36 (KHTML, like Gecko) Chrome/148.0.0.0 Mobile Safari/537.36"
83.144.147.178 - - [06/Jun/2026:02:01:37 +0200] "GET /web/wp-conteudos/uploads/2021/04/bio_botao_mais2-verde.png HTTP/1.1" 200 162 "https://www.biocabaz.pt/web/?gad_source=1&gad_campaignid=11304663286&gbraid=0AAAAACHWsVE1dpFYBwnVbKudpnWIlszRE&gclid=Cj0KCQjw54nRBhDCARIsAMcY_SBIQdH-VIQ9S7tlM1h6fv4xXQiZKATXZENLanoKdXthnWXq5sXxRU0aAhGpEALw_wcB" "Mozilla/5.0 (Linux; Android 10; K) AppleWebKit/537.36 (KHTML, like Gecko) Chrome/148.0.0.0 Mobile Safari/537.36"
83.144.147.178 - - [06/Jun/2026:02:01:37 +0200] "GET /web/wp-conteudos/uploads/2021/04/bio_botao_menos2-verde.png HTTP/1.1" 200 148 "https://www.biocabaz.pt/web/?gad_source=1&gad_campaignid=11304663286&gbraid=0AAAAACHWsVE1dpFYBwnVbKudpnWIlszRE&gclid=Cj0KCQjw54nRBhDCARIsAMcY_SBIQdH-VIQ9S7tlM1h6fv4xXQiZKATXZENLanoKdXthnWXq5sXxRU0aAhGpEALw_wcB" "Mozilla/5.0 (Linux; Android 10; K) AppleWebKit/537.36 (KHTML, like Gecko) Chrome/148.0.0.0 Mobile Safari/537.36"
52.225.81.255 - - [06/Jun/2026:02:01:37 +0200] "GET /web/categoria-produto/laticinios-e-substitutos/page/5/?add-to-cart=655 HTTP/1.1" 200 33383 "-" "Mozilla/5.0 (Windows NT 10.0; Win64; x64) AppleWebKit/537.36 (KHTML, like Gecko) Chrome/133.0.0.0 Safari/537.36"
83.144.147.178 - - [06/Jun/2026:02:01:38 +0200] "POST /web/wp-admin/admin-ajax.php HTTP/1.1" 200 31 "https://www.biocabaz.pt/web/?gad_source=1&gad_campaignid=11304663286&gbraid=0AAAAACHWsVE1dpFYBwnVbKudpnWIlszRE&gclid=Cj0KCQjw54nRBhDCARIsAMcY_SBIQdH-VIQ9S7tlM1h6fv4xXQiZKATXZENLanoKdXthnWXq5sXxRU0aAhGpEALw_wcB" "Mozilla/5.0 (Linux; Android 10; K) AppleWebKit/537.36 (KHTML, like Gecko) Chrome/148.0.0.0 Mobile Safari/537.36"
47.128.17.219 - - [06/Jun/2026:02:01:40 +0200] "GET /web/produto/vitamina-b12-methyl-1000-mcg-100-losangos/?doing_wp_cron=1706506231.7004859447479248046875 HTTP/1.1" 200 41231 "-" "Mozilla/5.0 (compatible; Bytespider; spider-feedback@bytedance.com) AppleWebKit/537.36 (KHTML, like Gecko) Chrome/70.0.0.0 Safari/537.36"
83.144.147.178 - - [06/Jun/2026:02:01:40 +0200] "GET /web/wp-conteudos/uploads/2019/11/com-badge-ios-300x129.png HTTP/1.1" 200 23500 "https://www.biocabaz.pt/web/?gad_source=1&gad_campaignid=11304663286&gbraid=0AAAAACHWsVE1dpFYBwnVbKudpnWIlszRE&gclid=Cj0KCQjw54nRBhDCARIsAMcY_SBIQdH-VIQ9S7tlM1h6fv4xXQiZKATXZENLanoKdXthnWXq5sXxRU0aAhGpEALw_wcB" "Mozilla/5.0 (Linux; Android 10; K) AppleWebKit/537.36 (KHTML, like Gecko) Chrome/148.0.0.0 Mobile Safari/537.36"
83.144.147.178 - - [06/Jun/2026:02:01:40 +0200] "GET /web/wp-conteudos/uploads/2019/11/Download_on_GooglePlay-300x116.png HTTP/1.1" 200 22520 "https://www.biocabaz.pt/web/?gad_source=1&gad_campaignid=11304663286&gbraid=0AAAAACHWsVE1dpFYBwnVbKudpnWIlszRE&gclid=Cj0KCQjw54nRBhDCARIsAMcY_SBIQdH-VIQ9S7tlM1h6fv4xXQiZKATXZENLanoKdXthnWXq5sXxRU0aAhGpEALw_wcB" "Mozilla/5.0 (Linux; Android 10; K) AppleWebKit/537.36 (KHTML, like Gecko) Chrome/148.0.0.0 Mobile Safari/537.36"
47.128.17.219 - - [06/Jun/2026:02:01:40 +0200] "GET /web/wp-conteudos/plugins/woocommerce/packages/woocommerce-blocks/build/wc-blocks-vendors-style.css HTTP/1.1" 200 1987 "https://www.biocabaz.pt/web/produto/vitamina-b12-methyl-1000-mcg-100-losangos/?doing_wp_cron=1706506231.7004859447479248046875" "Mozilla/5.0 (compatible; Bytespider; spider-feedback@bytedance.com) AppleWebKit/537.36 (KHTML, like Gecko) Chrome/70.0.0.0 Safari/537.36"
83.144.147.178 - - [06/Jun/2026:02:01:41 +0200] "GET /web/wp-conteudos/uploads/2020/01/livroreclamacoes-300x123.png HTTP/1.1" 200 12145 "https://www.biocabaz.pt/web/?gad_source=1&gad_campaignid=11304663286&gbraid=0AAAAACHWsVE1dpFYBwnVbKudpnWIlszRE&gclid=Cj0KCQjw54nRBhDCARIsAMcY_SBIQdH-VIQ9S7tlM1h6fv4xXQiZKATXZENLanoKdXthnWXq5sXxRU0aAhGpEALw_wcB" "Mozilla/5.0 (Linux; Android 10; K) AppleWebKit/537.36 (KHTML, like Gecko) Chrome/148.0.0.0 Mobile Safari/537.36"
83.144.147.178 - - [06/Jun/2026:02:01:41 +0200] "GET /web/wp-conteudos/uploads/2021/05/aecc-cor-cmyk-500x210.jpg HTTP/1.1" 200 23121 "https://www.biocabaz.pt/web/?gad_source=1&gad_campaignid=11304663286&gbraid=0AAAAACHWsVE1dpFYBwnVbKudpnWIlszRE&gclid=Cj0KCQjw54nRBhDCARIsAMcY_SBIQdH-VIQ9S7tlM1h6fv4xXQiZKATXZENLanoKdXthnWXq5sXxRU0aAhGpEALw_wcB" "Mozilla/5.0 (Linux; Android 10; K) AppleWebKit/537.36 (KHTML, like Gecko) Chrome/148.0.0.0 Mobile Safari/537.36"
47.128.17.219 - - [06/Jun/2026:02:01:41 +0200] "GET /web/wp-conteudos/plugins/userpro/addons/timeline/assets/css/timeline.css HTTP/1.1" 200 1159 "https://www.biocabaz.pt/web/produto/vitamina-b12-methyl-1000-mcg-100-losangos/?doing_wp_cron=1706506231.7004859447479248046875" "Mozilla/5.0 (compatible; Bytespider; spider-feedback@bytedance.com) AppleWebKit/537.36 (KHTML, like Gecko) Chrome/70.0.0.0 Safari/537.36"
47.128.17.219 - - [06/Jun/2026:02:01:41 +0200] "GET /web/wp-conteudos/uploads/2022/02/vitamina-b12-methyl-1000-mcg-100-losangos.jpg HTTP/1.1" 206 500 "https://www.biocabaz.pt/web/produto/vitamina-b12-methyl-1000-mcg-100-losangos/?doing_wp_cron=1706506231.7004859447479248046875" "Mozilla/5.0 (compatible; Bytespider; spider-feedback@bytedance.com) AppleWebKit/537.36 (KHTML, like Gecko) Chrome/70.0.0.0 Safari/537.36"
47.128.17.219 - - [06/Jun/2026:02:01:41 +0200] "GET /web/wp-conteudos/plugins/woocommerce-product-bundles/assets/css/frontend/woocommerce.css HTTP/1.1" 200 607 "https://www.biocabaz.pt/web/produto/vitamina-b12-methyl-1000-mcg-100-losangos/?doing_wp_cron=1706506231.7004859447479248046875" "Mozilla/5.0 (compatible; Bytespider; spider-feedback@bytedance.com) AppleWebKit/537.36 (KHTML, like Gecko) Chrome/70.0.0.0 Safari/537.36"
47.128.17.219 - - [06/Jun/2026:02:01:41 +0200] "GET /web/wp-conteudos/plugins/userpro/assets/css/main.css HTTP/1.1" 200 707 "https://www.biocabaz.pt/web/produto/vitamina-b12-methyl-1000-mcg-100-losangos/?doing_wp_cron=1706506231.7004859447479248046875" "Mozilla/5.0 (compatible; Bytespider; spider-feedback@bytedance.com) AppleWebKit/537.36 (KHTML, like Gecko) Chrome/70.0.0.0 Safari/537.36"
47.128.17.219 - - [06/Jun/2026:02:01:41 +0200] "GET /web/wp-conteudos/uploads/2022/02/vitamina-b12-methyl-1000-mcg-100-losangos.jpg HTTP/1.1" 304 0 "https://www.biocabaz.pt/web/produto/vitamina-b12-methyl-1000-mcg-100-losangos/?doing_wp_cron=1706506231.7004859447479248046875" "Mozilla/5.0 (compatible; Bytespider; spider-feedback@bytedance.com) AppleWebKit/537.36 (KHTML, like Gecko) Chrome/70.0.0.0 Safari/537.36"
47.128.17.219 - - [06/Jun/2026:02:01:42 +0200] "GET /web/wp-conteudos/uploads/2022/02/vitamina-b12-methyl-1000-mcg-100-losangos.jpg HTTP/1.1" 206 31025 "https://www.biocabaz.pt/web/produto/vitamina-b12-methyl-1000-mcg-100-losangos/?doing_wp_cron=1706506231.7004859447479248046875" "Mozilla/5.0 (compatible; Bytespider; spider-feedback@bytedance.com) AppleWebKit/537.36 (KHTML, like Gecko) Chrome/70.0.0.0 Safari/537.36"
47.128.17.219 - - [06/Jun/2026:02:01:42 +0200] "GET /web/wp-conteudos/uploads/2019/11/com-badge-ios-150x64.png HTTP/1.1" 206 500 "https://www.biocabaz.pt/web/produto/vitamina-b12-methyl-1000-mcg-100-losangos/?doing_wp_cron=1706506231.7004859447479248046875" "Mozilla/5.0 (compatible; Bytespider; spider-feedback@bytedance.com) AppleWebKit/537.36 (KHTML, like Gecko) Chrome/70.0.0.0 Safari/537.36"
47.128.17.219 - - [06/Jun/2026:02:01:42 +0200] "GET /web/wp-conteudos/uploads/2022/02/oleo-de-borragem-1000mg-60-capsulas-now-113x150.jpg HTTP/1.1" 206 500 "https://www.biocabaz.pt/web/produto/vitamina-b12-methyl-1000-mcg-100-losangos/?doing_wp_cron=1706506231.7004859447479248046875" "Mozilla/5.0 (compatible; Bytespider; spider-feedback@bytedance.com) AppleWebKit/537.36 (KHTML, like Gecko) Chrome/70.0.0.0 Safari/537.36"
114.119.159.64 - - [06/Jun/2026:02:01:46 +0200] "GET /web/categoria-produto/mercearia/page/2/?doing_wp_cron=1718505771.4768478870391845703125 HTTP/1.1" 200 32650 "https://www.biocabaz.pt/web/categoria-produto/mercearia/page/22/?doing_wp_cron=1675225998.6850080490112304687500" "Mozilla/5.0 (Linux; Android 7.0;) AppleWebKit/537.36 (HTML, like Gecko) Mobile Safari/537.36 (compatible; PetalBot;+https://webmaster.petalsearch.com/site/petalbot)"
163.172.178.197 - - [06/Jun/2026:02:01:46 +0200] "GET /web/wp-conteudos/uploads/2016/04/cogumelo_branco-1.jpg HTTP/1.1" 200 30684 "-" "Mozilla/5.0 (X11; Ubuntu; Linux x86_64; rv:72.0) Gecko/20100101 Firefox/72.0"
116.179.32.19 - - [06/Jun/2026:02:01:49 +0200] "GET /web/en/shop/page/36/?doing_wp_cron=1780131029.7621879577636718750000 HTTP/1.1" 200 31662 "-" "Mozilla/5.0 (compatible; Baiduspider/2.0; +http://www.baidu.com/search/spider.html)"
47.128.17.187 - - [06/Jun/2026:02:01:53 +0200] "GET /web/produto/coentros-inteiros-bio-30g-lebensbaum/ HTTP/1.1" 200 43015 "-" "Mozilla/5.0 (compatible; Bytespider; spider-feedback@bytedance.com) AppleWebKit/537.36 (KHTML, like Gecko) Chrome/70.0.0.0 Safari/537.36"
116.179.37.47 - - [06/Jun/2026:02:01:54 +0200] "POST /web/en/?wc-ajax=get_refreshed_fragments HTTP/1.1" 200 629 "https://biocabaz.pt/web/en/shop/page/36/?doing_wp_cron=1780131029.7621879577636718750000" "Mozilla/5.0 (compatible; Baiduspider-render/2.0; +http://www.baidu.com/search/spider.html)"
47.128.17.187 - - [06/Jun/2026:02:01:55 +0200] "GET /web/wp-conteudos/plugins/woocommerce/packages/woocommerce-blocks/build/wc-blocks-style.css HTTP/1.1" 200 25428 "https://biocabaz.pt/" "Mozilla/5.0 (compatible; Bytespider; spider-feedback@bytedance.com) AppleWebKit/537.36 (KHTML, like Gecko) Chrome/70.0.0.0 Safari/537.36"
47.128.17.187 - - [06/Jun/2026:02:01:55 +0200] "GET /web/wp-conteudos/plugins/userpro/addons/timeline/assets/css/timeline.css HTTP/1.1" 200 1159 "https://biocabaz.pt/" "Mozilla/5.0 (compatible; Bytespider; spider-feedback@bytedance.com) AppleWebKit/537.36 (KHTML, like Gecko) Chrome/70.0.0.0 Safari/537.36"
47.128.17.187 - - [06/Jun/2026:02:01:55 +0200] "GET /web/wp-conteudos/themes/jupiter/header-builder/includes/assets/css/mkhb-render.css HTTP/1.1" 200 1156 "https://biocabaz.pt/" "Mozilla/5.0 (compatible; Bytespider; spider-feedback@bytedance.com) AppleWebKit/537.36 (KHTML, like Gecko) Chrome/70.0.0.0 Safari/537.36"
47.128.17.187 - - [06/Jun/2026:02:01:55 +0200] "GET /web/wp-conteudos/uploads/2016/04/COENTROS-INTEIROS-BIO-40G-LEBENSBAUM-e1561388538415.png HTTP/1.1" 206 500 "https://biocabaz.pt/" "Mozilla/5.0 (compatible; Bytespider; spider-feedback@bytedance.com) AppleWebKit/537.36 (KHTML, like Gecko) Chrome/70.0.0.0 Safari/537.36"
5.161.215.244 - - [06/Jun/2026:02:01:55 +0200] "GET / HTTP/1.1" 301 5 "https://fomento-sgoic.pt/" "Mozilla/5.0+(compatible; UptimeRobot/2.0; http://www.uptimerobot.com/)"
47.128.17.187 - - [06/Jun/2026:02:01:56 +0200] "GET /web/wp-conteudos/uploads/2021/05/aecc-cor-cmyk-150x63.jpg HTTP/1.1" 206 500 "https://biocabaz.pt/" "Mozilla/5.0 (compatible; Bytespider; spider-feedback@bytedance.com) AppleWebKit/537.36 (KHTML, like Gecko) Chrome/70.0.0.0 Safari/537.36"
47.128.17.187 - - [06/Jun/2026:02:01:56 +0200] "GET /web/wp-conteudos/uploads/2016/04/CARDAMOMO-INTEIRO-BIO-50G-LEBENSBAUM-e1561388370805-64x150.png HTTP/1.1" 206 500 "https://biocabaz.pt/" "Mozilla/5.0 (compatible; Bytespider; spider-feedback@bytedance.com) AppleWebKit/537.36 (KHTML, like Gecko) Chrome/70.0.0.0 Safari/537.36"
5.161.215.244 - - [06/Jun/2026:02:01:57 +0200] "GET / HTTP/1.1" 200 33120 "https://fomento-sgoic.pt/" "Mozilla/5.0+(compatible; UptimeRobot/2.0; http://www.uptimerobot.com/)"
46.248.185.96 - - [06/Jun/2026:02:01:57 +0200] "GET /robots.txt HTTP/1.1" 200 583 "-" "Mozilla/5.0 (Macintosh; Intel Mac OS X 10_15_7) AppleWebKit/605.1.15 (KHTML, like Gecko) Version/17.1 Safari/605.1.15"
46.248.185.96 - - [06/Jun/2026:02:01:58 +0200] "GET /sitemap.xml HTTP/1.1" 301 5 "-" "Mozilla/5.0 (Windows NT 10.0; Win64; x64; rv:121.0) Gecko/20100101 Firefox/121.0"
66.249.79.33 - - [06/Jun/2026:02:01:58 +0200] "GET /web/produto/cabaz-grande-1/?bundle_quantity_7004=1&bundle_quantity_7203=1&bundle_quantity_6766=1&bundle_quantity_7204=1&bundle_quantity_7205=1&bundle_quantity_7206=1&bundle_quantity_7207=1&bundle_quantity_7208=1&bundle_quantity_7165=1&bundle_quantity_7190=1&bundle_quantity_7127=1&bundle_quantity_7209=1&bundle_quantity_7166=1&doing_wp_cron=1748031014.4344639778137207031250&add-to-cart=10361 HTTP/1.1" 200 42706 "-" "Mozilla/5.0 (Linux; Android 6.0.1; Nexus 5X Build/MMB29P) AppleWebKit/537.36 (KHTML, like Gecko) Chrome/148.0.7778.96 Mobile Safari/537.36 (compatible; Googlebot/2.1; +http://www.google.com/bot.html)"
46.248.185.96 - - [06/Jun/2026:02:01:58 +0200] "GET /sitemap.xml HTTP/1.1" 301 5 "-" "Mozilla/5.0 (Windows NT 10.0; Win64; x64; rv:121.0) Gecko/20100101 Firefox/121.0"
46.248.185.96 - - [06/Jun/2026:02:01:58 +0200] "GET /sitemap.xml/ HTTP/1.1" 200 20261 "-" "Mozilla/5.0 (Windows NT 10.0; Win64; x64; rv:121.0) Gecko/20100101 Firefox/121.0"
46.248.185.96 - - [06/Jun/2026:02:01:59 +0200] "GET /sitemap1.xml HTTP/1.1" 301 5 "-" "Mozilla/5.0 (Macintosh; Intel Mac OS X 10_15_7) AppleWebKit/537.36 (KHTML, like Gecko) Chrome/120.0.0.0 Safari/537.36"
46.248.185.96 - - [06/Jun/2026:02:01:59 +0200] "GET /sitemap1.xml HTTP/1.1" 301 5 "-" "Mozilla/5.0 (Macintosh; Intel Mac OS X 10_15_7) AppleWebKit/537.36 (KHTML, like Gecko) Chrome/120.0.0.0 Safari/537.36"
46.248.185.96 - - [06/Jun/2026:02:02:00 +0200] "GET /sitemap1.xml/ HTTP/1.1" 200 20261 "-" "Mozilla/5.0 (Macintosh; Intel Mac OS X 10_15_7) AppleWebKit/537.36 (KHTML, like Gecko) Chrome/120.0.0.0 Safari/537.36"
46.248.185.96 - - [06/Jun/2026:02:02:00 +0200] "GET /sitemap2.xml HTTP/1.1" 301 5 "-" "Mozilla/5.0 (Macintosh; Intel Mac OS X 10_15_7) AppleWebKit/605.1.15 (KHTML, like Gecko) Version/17.1 Safari/605.1.15"
46.248.185.96 - - [06/Jun/2026:02:02:00 +0200] "GET /sitemap2.xml HTTP/1.1" 301 5 "-" "Mozilla/5.0 (Macintosh; Intel Mac OS X 10_15_7) AppleWebKit/605.1.15 (KHTML, like Gecko) Version/17.1 Safari/605.1.15"
46.248.185.96 - - [06/Jun/2026:02:02:01 +0200] "GET /sitemap2.xml/ HTTP/1.1" 200 20260 "-" "Mozilla/5.0 (Macintosh; Intel Mac OS X 10_15_7) AppleWebKit/605.1.15 (KHTML, like Gecko) Version/17.1 Safari/605.1.15"
46.248.185.96 - - [06/Jun/2026:02:02:01 +0200] "GET /sitemap3.xml HTTP/1.1" 301 5 "-" "Mozilla/5.0 (X11; Linux x86_64) AppleWebKit/537.36 (KHTML, like Gecko) Chrome/120.0.0.0 Safari/537.36"
46.248.185.96 - - [06/Jun/2026:02:02:01 +0200] "GET /sitemap3.xml HTTP/1.1" 301 5 "-" "Mozilla/5.0 (X11; Linux x86_64) AppleWebKit/537.36 (KHTML, like Gecko) Chrome/120.0.0.0 Safari/537.36"
34.194.226.74 - - [06/Jun/2026:02:02:02 +0200] "GET /web/categoria-produto/sem-gluten-e-superalimentos/alimentos-sem-gluten/?doing_wp_cron=1780488517.9500501155853271484375 HTTP/1.1" 200 36686 "-" "Mozilla/5.0 AppleWebKit/537.36 (KHTML, like Gecko; compatible; Amazonbot/0.1; +https://developer.amazon.com/support/amazonbot) Chrome/119.0.6045.214 Safari/537.36"
46.248.185.96 - - [06/Jun/2026:02:02:02 +0200] "GET /sitemap3.xml/ HTTP/1.1" 200 20261 "-" "Mozilla/5.0 (X11; Linux x86_64) AppleWebKit/537.36 (KHTML, like Gecko) Chrome/120.0.0.0 Safari/537.36"
46.248.185.96 - - [06/Jun/2026:02:02:02 +0200] "GET /sitemap4.xml HTTP/1.1" 301 5 "-" "Mozilla/5.0 (Windows NT 10.0; Win64; x64) AppleWebKit/537.36 (KHTML, like Gecko) Chrome/120.0.0.0 Safari/537.36"
46.248.185.96 - - [06/Jun/2026:02:02:02 +0200] "GET /sitemap4.xml HTTP/1.1" 301 5 "-" "Mozilla/5.0 (Windows NT 10.0; Win64; x64) AppleWebKit/537.36 (KHTML, like Gecko) Chrome/120.0.0.0 Safari/537.36"
46.248.185.96 - - [06/Jun/2026:02:02:03 +0200] "GET /sitemap4.xml/ HTTP/1.1" 200 20260 "-" "Mozilla/5.0 (Windows NT 10.0; Win64; x64) AppleWebKit/537.36 (KHTML, like Gecko) Chrome/120.0.0.0 Safari/537.36"
46.248.185.96 - - [06/Jun/2026:02:02:03 +0200] "GET /sitemap5.xml HTTP/1.1" 301 5 "-" "Mozilla/5.0 (X11; Linux x86_64) AppleWebKit/537.36 (KHTML, like Gecko) Chrome/120.0.0.0 Safari/537.36"
46.248.185.96 - - [06/Jun/2026:02:02:04 +0200] "GET /sitemap5.xml HTTP/1.1" 301 5 "-" "Mozilla/5.0 (X11; Linux x86_64) AppleWebKit/537.36 (KHTML, like Gecko) Chrome/120.0.0.0 Safari/537.36"
46.248.185.96 - - [06/Jun/2026:02:02:04 +0200] "GET /sitemap5.xml/ HTTP/1.1" 200 20263 "-" "Mozilla/5.0 (X11; Linux x86_64) AppleWebKit/537.36 (KHTML, like Gecko) Chrome/120.0.0.0 Safari/537.36"
46.248.185.96 - - [06/Jun/2026:02:02:04 +0200] "GET /?sitemap.xml HTTP/1.1" 301 5 "-" "Mozilla/5.0 (Windows NT 10.0; Win64; x64) AppleWebKit/537.36 (KHTML, like Gecko) Chrome/120.0.0.0 Safari/537.36"
66.249.79.33 - - [06/Jun/2026:02:02:04 +0200] "POST /web/?wc-ajax=get_refreshed_fragments HTTP/1.1" 200 1479 "https://www.biocabaz.pt/web/produto/cabaz-grande-1/?bundle_quantity_7004=1&bundle_quantity_7203=1&bundle_quantity_6766=1&bundle_quantity_7204=1&bundle_quantity_7205=1&bundle_quantity_7206=1&bundle_quantity_7207=1&bundle_quantity_7208=1&bundle_quantity_7165=1&bundle_quantity_7190=1&bundle_quantity_7127=1&bundle_quantity_7209=1&bundle_quantity_7166=1&doing_wp_cron=1748031014.4344639778137207031250&add-to-cart=10361" "Mozilla/5.0 (Linux; Android 6.0.1; Nexus 5X Build/MMB29P) AppleWebKit/537.36 (KHTML, like Gecko) Chrome/148.0.7778.96 Mobile Safari/537.36 (compatible; Googlebot/2.1; +http://www.google.com/bot.html)"
46.248.185.96 - - [06/Jun/2026:02:02:05 +0200] "GET /?sitemap.xml HTTP/1.1" 301 5 "-" "Mozilla/5.0 (Windows NT 10.0; Win64; x64) AppleWebKit/537.36 (KHTML, like Gecko) Chrome/120.0.0.0 Safari/537.36"
220.181.108.168 - - [06/Jun/2026:02:02:05 +0200] "GET /web/en/categoria-produto/mercearia/page/6/?doing_wp_cron=1761774477.4810481071472167968750 HTTP/1.1" 200 36121 "-" "Mozilla/5.0 (compatible; Baiduspider/2.0; +http://www.baidu.com/search/spider.html)"
47.128.17.193 - - [06/Jun/2026:02:02:05 +0200] "GET /web/produto/farinheira-bio/ HTTP/1.1" 200 37851 "-" "Mozilla/5.0 (compatible; Bytespider; spider-feedback@bytedance.com) AppleWebKit/537.36 (KHTML, like Gecko) Chrome/70.0.0.0 Safari/537.36"
34.231.45.47 - - [06/Jun/2026:02:02:05 +0200] "GET /web/shop/page/6/?doing_wp_cron=1674237436.2698919773101806640625 HTTP/1.1" 200 33304 "-" "Mozilla/5.0 AppleWebKit/537.36 (KHTML, like Gecko; compatible; Amazonbot/0.1; +https://developer.amazon.com/support/amazonbot) Chrome/119.0.6045.214 Safari/537.36"
46.248.185.96 - - [06/Jun/2026:02:02:05 +0200] "GET /?sitemap_xml HTTP/1.1" 200 33123 "-" "Mozilla/5.0 (Windows NT 10.0; Win64; x64) AppleWebKit/537.36 (KHTML, like Gecko) Chrome/120.0.0.0 Safari/537.36"
46.248.185.96 - - [06/Jun/2026:02:02:06 +0200] "GET /?sitemap-1.xml HTTP/1.1" 301 5 "-" "Mozilla/5.0 (Macintosh; Intel Mac OS X 10_15_7) AppleWebKit/537.36 (KHTML, like Gecko) Chrome/120.0.0.0 Safari/537.36"
46.248.185.96 - - [06/Jun/2026:02:02:06 +0200] "GET /?sitemap-1.xml HTTP/1.1" 301 5 "-" "Mozilla/5.0 (Macintosh; Intel Mac OS X 10_15_7) AppleWebKit/537.36 (KHTML, like Gecko) Chrome/120.0.0.0 Safari/537.36"
44.206.93.215 - - [06/Jun/2026:02:02:06 +0200] "GET /web/en/shop/page/30/?doing_wp_cron=1675629013.4783489704132080078125 HTTP/1.1" 200 32627 "-" "Mozilla/5.0 AppleWebKit/537.36 (KHTML, like Gecko; compatible; Amazonbot/0.1; +https://developer.amazon.com/support/amazonbot) Chrome/119.0.6045.214 Safari/537.36"
46.248.185.96 - - [06/Jun/2026:02:02:07 +0200] "GET /?sitemap-1_xml HTTP/1.1" 200 33124 "-" "Mozilla/5.0 (Macintosh; Intel Mac OS X 10_15_7) AppleWebKit/537.36 (KHTML, like Gecko) Chrome/120.0.0.0 Safari/537.36"
47.128.17.193 - - [06/Jun/2026:02:02:07 +0200] "GET /web/wp-conteudos/plugins/userpro/css/up-fontawesome.css HTTP/1.1" 200 10233 "https://biocabaz.pt/" "Mozilla/5.0 (compatible; Bytespider; spider-feedback@bytedance.com) AppleWebKit/537.36 (KHTML, like Gecko) Chrome/70.0.0.0 Safari/537.36"
34.197.28.78 - - [06/Jun/2026:02:02:07 +0200] "GET /web/shop/page/9/?doing_wp_cron=1674566399.9890699386596679687500 HTTP/1.1" 200 33604 "-" "Mozilla/5.0 AppleWebKit/537.36 (KHTML, like Gecko; compatible; Amazonbot/0.1; +https://developer.amazon.com/support/amazonbot) Chrome/119.0.6045.214 Safari/537.36"
47.128.17.193 - - [06/Jun/2026:02:02:07 +0200] "GET /web/wp-conteudos/themes/jupiter/assets/stylesheet/plugins/min/woocommerce.css HTTP/1.1" 200 9632 "https://biocabaz.pt/" "Mozilla/5.0 (compatible; Bytespider; spider-feedback@bytedance.com) AppleWebKit/537.36 (KHTML, like Gecko) Chrome/70.0.0.0 Safari/537.36"
47.128.17.193 - - [06/Jun/2026:02:02:07 +0200] "GET /web/wp-conteudos/plugins/dhvc-form/assets/css/style.css HTTP/1.1" 200 3736 "https://biocabaz.pt/" "Mozilla/5.0 (compatible; Bytespider; spider-feedback@bytedance.com) AppleWebKit/537.36 (KHTML, like Gecko) Chrome/70.0.0.0 Safari/537.36"
46.248.185.96 - - [06/Jun/2026:02:02:07 +0200] "GET /?sitemap-2.xml HTTP/1.1" 301 5 "-" "Mozilla/5.0 (Macintosh; Intel Mac OS X 10_15_7) AppleWebKit/537.36 (KHTML, like Gecko) Chrome/120.0.0.0 Safari/537.36 Edg/120.0.0.0"
47.128.17.193 - - [06/Jun/2026:02:02:07 +0200] "GET /web/wp-conteudos/uploads/2020/06/farinheira-bio-scaled-e1592626943584-1000x1878.jpeg HTTP/1.1" 206 500 "https://biocabaz.pt/" "Mozilla/5.0 (compatible; Bytespider; spider-feedback@bytedance.com) AppleWebKit/537.36 (KHTML, like Gecko) Chrome/70.0.0.0 Safari/537.36"
46.248.185.96 - - [06/Jun/2026:02:02:07 +0200] "GET /?sitemap-2.xml HTTP/1.1" 301 5 "-" "Mozilla/5.0 (Macintosh; Intel Mac OS X 10_15_7) AppleWebKit/537.36 (KHTML, like Gecko) Chrome/120.0.0.0 Safari/537.36 Edg/120.0.0.0"
47.128.17.193 - - [06/Jun/2026:02:02:08 +0200] "GET /web/wp-conteudos/uploads/2020/06/chourica-porco-scaled-e1592627376648.jpeg HTTP/1.1" 206 500 "https://biocabaz.pt/" "Mozilla/5.0 (compatible; Bytespider; spider-feedback@bytedance.com) AppleWebKit/537.36 (KHTML, like Gecko) Chrome/70.0.0.0 Safari/537.36"
46.248.185.96 - - [06/Jun/2026:02:02:08 +0200] "GET /?sitemap-2_xml HTTP/1.1" 200 33125 "-" "Mozilla/5.0 (Macintosh; Intel Mac OS X 10_15_7) AppleWebKit/537.36 (KHTML, like Gecko) Chrome/120.0.0.0 Safari/537.36 Edg/120.0.0.0"
46.248.185.96 - - [06/Jun/2026:02:02:09 +0200] "GET /?sitemap-3.xml HTTP/1.1" 301 5 "-" "Mozilla/5.0 (Windows NT 10.0; Win64; x64) AppleWebKit/537.36 (KHTML, like Gecko) Chrome/120.0.0.0 Safari/537.36"
46.248.185.96 - - [06/Jun/2026:02:02:09 +0200] "GET /?sitemap-3.xml HTTP/1.1" 301 5 "-" "Mozilla/5.0 (Windows NT 10.0; Win64; x64) AppleWebKit/537.36 (KHTML, like Gecko) Chrome/120.0.0.0 Safari/537.36"
17.241.219.145 - - [06/Jun/2026:02:02:09 +0200] "GET /web/produto/pao-de-kamut-e-sementes-bio-450gr/?doing_wp_cron=1761228618.2017030715942382812500 HTTP/1.1" 200 38418 "-" "Mozilla/5.0 (Macintosh; Intel Mac OS X 10_15_7) AppleWebKit/605.1.15 (KHTML, like Gecko) Version/17.4 Safari/605.1.15 (Applebot/0.1; +http://www.apple.com/go/applebot)"
46.248.185.96 - - [06/Jun/2026:02:02:10 +0200] "GET /?sitemap-3_xml HTTP/1.1" 200 33125 "-" "Mozilla/5.0 (Windows NT 10.0; Win64; x64) AppleWebKit/537.36 (KHTML, like Gecko) Chrome/120.0.0.0 Safari/537.36"
3.215.59.93 - - [06/Jun/2026:02:02:10 +0200] "GET /web/shop/page/16/?doing_wp_cron=1701627111.6808109283447265625000 HTTP/1.1" 200 32885 "-" "Mozilla/5.0 AppleWebKit/537.36 (KHTML, like Gecko; compatible; Amazonbot/0.1; +https://developer.amazon.com/support/amazonbot) Chrome/119.0.6045.214 Safari/537.36"
46.248.185.96 - - [06/Jun/2026:02:02:10 +0200] "GET /?sitemap-4.xml HTTP/1.1" 301 5 "-" "Mozilla/5.0 (Windows NT 10.0; Win64; x64; rv:121.0) Gecko/20100101 Firefox/121.0"
46.248.185.96 - - [06/Jun/2026:02:02:11 +0200] "GET /?sitemap-4.xml HTTP/1.1" 301 5 "-" "Mozilla/5.0 (Windows NT 10.0; Win64; x64; rv:121.0) Gecko/20100101 Firefox/121.0"
107.22.208.39 - - [06/Jun/2026:02:02:11 +0200] "GET /web/en/shop/page/23/?doing_wp_cron=1673658359.5158269405364990234375 HTTP/1.1" 200 33209 "-" "Mozilla/5.0 AppleWebKit/537.36 (KHTML, like Gecko; compatible; Amazonbot/0.1; +https://developer.amazon.com/support/amazonbot) Chrome/119.0.6045.214 Safari/537.36"
46.248.185.96 - - [06/Jun/2026:02:02:11 +0200] "GET /?sitemap-4_xml HTTP/1.1" 200 33124 "-" "Mozilla/5.0 (Windows NT 10.0; Win64; x64; rv:121.0) Gecko/20100101 Firefox/121.0"
46.248.185.96 - - [06/Jun/2026:02:02:12 +0200] "GET /?sitemap-5.xml HTTP/1.1" 301 5 "-" "Mozilla/5.0 (Windows NT 10.0; Win64; x64) AppleWebKit/537.36 (KHTML, like Gecko) Chrome/119.0.0.0 Safari/537.36"
46.248.185.96 - - [06/Jun/2026:02:02:12 +0200] "GET /?sitemap-5.xml HTTP/1.1" 301 5 "-" "Mozilla/5.0 (Windows NT 10.0; Win64; x64) AppleWebKit/537.36 (KHTML, like Gecko) Chrome/119.0.0.0 Safari/537.36"
46.248.185.96 - - [06/Jun/2026:02:02:13 +0200] "GET /?sitemap-5_xml HTTP/1.1" 200 33124 "-" "Mozilla/5.0 (Windows NT 10.0; Win64; x64) AppleWebKit/537.36 (KHTML, like Gecko) Chrome/119.0.0.0 Safari/537.36"
46.248.185.96 - - [06/Jun/2026:02:02:13 +0200] "GET //sitemap.xml HTTP/1.1" 301 5 "-" "Mozilla/5.0 (Macintosh; Intel Mac OS X 10_15_7) AppleWebKit/537.36 (KHTML, like Gecko) Chrome/120.0.0.0 Safari/537.36"
34.239.197.197 - - [06/Jun/2026:02:02:13 +0200] "GET /web/shop/page/17/?doing_wp_cron=1697345286.0718960762023925781250 HTTP/1.1" 200 32471 "-" "Mozilla/5.0 AppleWebKit/537.36 (KHTML, like Gecko; compatible; Amazonbot/0.1; +https://developer.amazon.com/support/amazonbot) Chrome/119.0.6045.214 Safari/537.36"
46.248.185.96 - - [06/Jun/2026:02:02:13 +0200] "GET /sitemap.xml/ HTTP/1.1" 200 20259 "-" "Mozilla/5.0 (Macintosh; Intel Mac OS X 10_15_7) AppleWebKit/537.36 (KHTML, like Gecko) Chrome/120.0.0.0 Safari/537.36"
46.248.185.96 - - [06/Jun/2026:02:02:14 +0200] "GET / HTTP/1.1" 200 33120 "-" "Mozilla/5.0 (Macintosh; Intel Mac OS X 10_15_7) AppleWebKit/537.36 (KHTML, like Gecko) Chrome/120.0.0.0 Safari/537.36 Edg/120.0.0.0"
46.248.185.96 - - [06/Jun/2026:02:02:14 +0200] "GET /robots.txt HTTP/1.1" 200 583 "-" "Mozilla/5.0 (Windows NT 10.0; Win64; x64; rv:121.0) Gecko/20100101 Firefox/121.0"
116.179.37.27 - - [06/Jun/2026:02:02:15 +0200] "POST /web/en/?wc-ajax=get_refreshed_fragments HTTP/1.1" 200 630 "https://www.biocabaz.pt/web/en/categoria-produto/mercearia/page/6/?doing_wp_cron=1761774477.4810481071472167968750" "Mozilla/5.0 (compatible; Baiduspider-render/2.0; +http://www.baidu.com/search/spider.html)"
34.199.252.22 - - [06/Jun/2026:02:02:15 +0200] "GET /web/en/shop/page/58/?doing_wp_cron=1780516296.2188210487365722656250 HTTP/1.1" 200 32966 "-" "Mozilla/5.0 AppleWebKit/537.36 (KHTML, like Gecko; compatible; Amazonbot/0.1; +https://developer.amazon.com/support/amazonbot) Chrome/119.0.6045.214 Safari/537.36"
116.179.37.72 - - [06/Jun/2026:02:02:17 +0200] "GET /web/wp-conteudos/themes/jupiter/assets/js/plugins/async/min/minigrid.js HTTP/1.1" 200 1053 "https://www.biocabaz.pt/web/en/categoria-produto/mercearia/page/6/?doing_wp_cron=1761774477.4810481071472167968750" "Mozilla/5.0 (compatible; Baiduspider-render/2.0; +http://www.baidu.com/search/spider.html)"
116.179.37.26 - - [06/Jun/2026:02:02:17 +0200] "GET /web/wp-conteudos/themes/jupiter/assets/js/plugins/async/min/jquery.flexslider.js HTTP/1.1" 200 7414 "https://www.biocabaz.pt/web/en/categoria-produto/mercearia/page/6/?doing_wp_cron=1761774477.4810481071472167968750" "Mozilla/5.0 (compatible; Baiduspider-render/2.0; +http://www.baidu.com/search/spider.html)"
34.226.89.140 - - [06/Jun/2026:02:02:17 +0200] "GET /web/categoria-produto/mercearia/page/24/?doing_wp_cron=1745767708.1434369087219238281250 HTTP/1.1" 200 34731 "-" "Mozilla/5.0 AppleWebKit/537.36 (KHTML, like Gecko; compatible; Amazonbot/0.1; +https://developer.amazon.com/support/amazonbot) Chrome/119.0.6045.214 Safari/537.36"
35.171.117.160 - - [06/Jun/2026:02:02:19 +0200] "GET /web/en/shop/page/34/?doing_wp_cron=1780556004.9222838878631591796875 HTTP/1.1" 200 33062 "-" "Mozilla/5.0 AppleWebKit/537.36 (KHTML, like Gecko; compatible; Amazonbot/0.1; +https://developer.amazon.com/support/amazonbot) Chrome/119.0.6045.214 Safari/537.36"
94.26.106.216 - - [06/Jun/2026:02:02:23 +0200] "GET /wp-login.php HTTP/1.1" 404 47 "https://duckduckgo.com/" "Mozilla/5.0 (Macintosh; Intel Mac OS X 10_15_7) AppleWebKit/605.1.15 (KHTML, like Gecko) Version/17.2 Safari/605.1.15"
94.26.106.216 - - [06/Jun/2026:02:02:23 +0200] "GET /wp-login.php HTTP/1.1" 301 162 "https://www.google.com/search?q=wordpress" "Mozilla/5.0 (Macintosh; Intel Mac OS X 13_6_1) AppleWebKit/537.36 (KHTML, like Gecko) Chrome/120.0.0.0 Safari/537.36"
94.26.106.216 - - [06/Jun/2026:02:02:23 +0200] "GET /wp-login.php HTTP/1.1" 404 47 "https://www.google.com/search?q=wordpress" "Mozilla/5.0 (Macintosh; Intel Mac OS X 13_6_1) AppleWebKit/537.36 (KHTML, like Gecko) Chrome/120.0.0.0 Safari/537.36"
94.26.106.216 - - [06/Jun/2026:02:02:23 +0200] "GET /wp-admin/ HTTP/1.1" 404 146 "-" "Mozilla/5.0 (Windows NT 10.0; Win64; x64; rv:121.0) Gecko/20100101 Firefox/121.0"
