/
var
/
log
/
nginx
/
Upload File
HOME
116.179.37.240 - - [07/Jun/2026:00:00:20 +0200] "POST /web/?wc-ajax=get_refreshed_fragments HTTP/1.1" 200 626 "https://biocabaz.pt/web/shop/page/2/?doing_wp_cron=1692609357.6578540802001953125000" "Mozilla/5.0 (compatible; Baiduspider-render/2.0; +http://www.baidu.com/search/spider.html)"
216.73.216.108 - - [07/Jun/2026:00:00:24 +0200] "GET /sitemap2.xml HTTP/1.1" 301 5 "-" "Mozilla/5.0 AppleWebKit/537.36 (KHTML, like Gecko; compatible; ClaudeBot/1.0; +claudebot@anthropic.com)"
5.255.231.130 - - [07/Jun/2026:00:00:25 +0200] "GET /glory-casino-login-22633/ HTTP/1.1" 200 20282 "-" "Mozilla/5.0 (compatible; YandexBot/3.0; +http://yandex.com/bots)"
216.73.216.108 - - [07/Jun/2026:00:00:27 +0200] "GET /sitemap2.xml HTTP/1.1" 301 5 "https://fomento-sgoic.pt/sitemap2.xml" "Mozilla/5.0 AppleWebKit/537.36 (KHTML, like Gecko; compatible; ClaudeBot/1.0; +claudebot@anthropic.com)"
216.73.216.108 - - [07/Jun/2026:00:00:27 +0200] "GET /sitemap2.xml/ HTTP/1.1" 200 20262 "https://www.fomento-sgoic.pt/sitemap2.xml" "Mozilla/5.0 AppleWebKit/537.36 (KHTML, like Gecko; compatible; ClaudeBot/1.0; +claudebot@anthropic.com)"
75.119.139.177 - - [07/Jun/2026:00:00:39 +0200] "POST /wp-cron.php?doing_wp_cron=1780783238.9366118907928466796875 HTTP/1.1" 200 31 "-" "WordPress/6.9; https://www.fomento-sgoic.pt"
57.141.20.41 - - [07/Jun/2026:00:00:39 +0200] "GET /products/22166141/ HTTP/1.1" 301 5 "-" "meta-externalagent/1.1 (+https://developers.facebook.com/docs/sharing/webmasters/crawler)"
66.249.68.67 - - [07/Jun/2026:00:00:39 +0200] "GET /web/en/shop/page/53/?add-to-cart=676 HTTP/1.1" 302 11 "-" "Mozilla/5.0 (Linux; Android 6.0.1; Nexus 5X Build/MMB29P) AppleWebKit/537.36 (KHTML, like Gecko) Chrome/148.0.7778.96 Mobile Safari/537.36 (compatible; Googlebot/2.1; +http://www.google.com/bot.html)"
66.249.68.67 - - [07/Jun/2026:00:00:43 +0200] "GET /web/en/shop/page/53/?add-to-cart=676&doing_wp_cron=1780783239.9454140663146972656250 HTTP/1.1" 200 33327 "-" "Mozilla/5.0 (Linux; Android 6.0.1; Nexus 5X Build/MMB29P) AppleWebKit/537.36 (KHTML, like Gecko) Chrome/148.0.7778.96 Mobile Safari/537.36 (compatible; Googlebot/2.1; +http://www.google.com/bot.html)"
216.73.216.108 - - [07/Jun/2026:00:00:50 +0200] "GET /sitemap1.xml HTTP/1.1" 301 5 "-" "Mozilla/5.0 AppleWebKit/537.36 (KHTML, like Gecko; compatible; ClaudeBot/1.0; +claudebot@anthropic.com)"
216.73.216.108 - - [07/Jun/2026:00:00:52 +0200] "GET /sitemap1.xml HTTP/1.1" 301 5 "https://fomento-sgoic.pt/sitemap1.xml" "Mozilla/5.0 AppleWebKit/537.36 (KHTML, like Gecko; compatible; ClaudeBot/1.0; +claudebot@anthropic.com)"
216.73.216.108 - - [07/Jun/2026:00:00:53 +0200] "GET /sitemap1.xml/ HTTP/1.1" 200 20260 "https://www.fomento-sgoic.pt/sitemap1.xml" "Mozilla/5.0 AppleWebKit/537.36 (KHTML, like Gecko; compatible; ClaudeBot/1.0; +claudebot@anthropic.com)"
66.249.68.68 - - [07/Jun/2026:00:00:57 +0200] "POST /web/en/wp-json/pmw/v1/products/ HTTP/1.1" 200 565 "https://biocabaz.pt/web/en/shop/page/53/?add-to-cart=676&doing_wp_cron=1780783239.9454140663146972656250" "Mozilla/5.0 (Linux; Android 6.0.1; Nexus 5X Build/MMB29P) AppleWebKit/537.36 (KHTML, like Gecko) Chrome/148.0.7778.96 Mobile Safari/537.36 (compatible; Googlebot/2.1; +http://www.google.com/bot.html)"
54.38.147.81 - - [07/Jun/2026:00:01:01 +0200] "GET /promokoda-nate-debyutnyy-vklad-1xbet-pri-registratsii/ HTTP/1.1" 200 20331 "-" "Mozilla/5.0 (compatible; AhrefsBot/7.0; +http://ahrefs.com/robot/)"
51.159.190.167 - - [07/Jun/2026:00:01:05 +0200] "GET / HTTP/1.1" 301 5 "-" "Go-http-client/1.1"
51.159.190.167 - - [07/Jun/2026:00:01:05 +0200] "GET /web/ HTTP/1.1" 200 38196 "https://biocabaz.pt" "Go-http-client/1.1"
51.159.190.167 - - [07/Jun/2026:00:01:06 +0200] "GET /wp-json HTTP/1.1" 404 146 "-" "Mozilla/5.0 (Windows NT 10.0; Win64; x64) AppleWebKit/538.36"
51.159.190.167 - - [07/Jun/2026:00:01:07 +0200] "GET / HTTP/1.1" 301 5 "-" "Mozilla/5.0 (Windows NT 10.0; Win64; x64) AppleWebKit/538.36"
51.159.190.167 - - [07/Jun/2026:00:01:07 +0200] "GET /web/ HTTP/1.1" 200 38196 "https://biocabaz.pt" "Mozilla/5.0 (Windows NT 10.0; Win64; x64) AppleWebKit/538.36"
51.159.190.167 - - [07/Jun/2026:00:01:09 +0200] "GET /?fb-edit=1 HTTP/1.1" 302 11 "-" "Mozilla/5.0 (Windows NT 10.0; Win64; x64) AppleWebKit/538.36"
51.159.190.167 - - [07/Jun/2026:00:01:10 +0200] "GET /?fb-edit=1&doing_wp_cron=1780783269.1020181179046630859375 HTTP/1.1" 301 5 "https://biocabaz.pt/?fb-edit=1" "Mozilla/5.0 (Windows NT 10.0; Win64; x64) AppleWebKit/538.36"
51.159.190.167 - - [07/Jun/2026:00:01:12 +0200] "GET /web/?fb-edit=1&doing_wp_cron=1780783269.1020181179046630859375 HTTP/1.1" 200 38735 "https://biocabaz.pt/?fb-edit=1&doing_wp_cron=1780783269.1020181179046630859375" "Mozilla/5.0 (Windows NT 10.0; Win64; x64) AppleWebKit/538.36"
216.73.217.110 - - [07/Jun/2026:00:01:18 +0200] "GET /web/en/produto/bebida-de-arroz-c-coco-1l-isola/?add-to-cart=3910&doing_wp_cron=1780777690.2127530574798583984375 HTTP/1.1" 200 39297 "-" "Mozilla/5.0 AppleWebKit/537.36 (KHTML, like Gecko; compatible; ClaudeBot/1.0; +claudebot@anthropic.com)"
216.73.217.110 - - [07/Jun/2026:00:01:19 +0200] "GET /web/en/wp-json/wp/v2/product/26181 HTTP/1.1" 302 102 "-" "Mozilla/5.0 AppleWebKit/537.36 (KHTML, like Gecko; compatible; ClaudeBot/1.0; +claudebot@anthropic.com)"
216.73.217.110 - - [07/Jun/2026:00:01:21 +0200] "GET /web/en/wp-json/wp/v2/product/26181?doing_wp_cron=1780783279.4018640518188476562500 HTTP/1.1" 200 2660 "https://www.biocabaz.pt/web/en/wp-json/wp/v2/product/26181" "Mozilla/5.0 AppleWebKit/537.36 (KHTML, like Gecko; compatible; ClaudeBot/1.0; +claudebot@anthropic.com)"
85.208.96.206 - - [07/Jun/2026:00:01:32 +0200] "GET /web/categoria-produto/mercearia/page/15/?doing_wp_cron=1720980067.5176899433135986328125 HTTP/1.1" 200 34165 "-" "Mozilla/5.0 (compatible; SemrushBot/7~bl; +http://www.semrush.com/bot.html)"
75.119.139.177 - - [07/Jun/2026:00:01:32 +0200] "POST /wp-cron.php?doing_wp_cron=1780783292.3349421024322509765625 HTTP/1.1" 200 31 "-" "WordPress/6.9; https://www.fomento-sgoic.pt"
57.141.20.6 - - [07/Jun/2026:00:01:32 +0200] "GET /products/17774130/ HTTP/1.1" 301 5 "-" "meta-externalagent/1.1 (+https://developers.facebook.com/docs/sharing/webmasters/crawler)"
144.31.234.183 - - [07/Jun/2026:00:01:32 +0200] "GET /wp-json/wp/v2/posts HTTP/1.1" 301 162 "-" "Mozilla/5.0 (Windows NT 10.0; Win64; x64) AppleWebKit/537.36 (KHTML, like Gecko) Chrome/120.0.0.0 Safari/537.36"
85.208.96.195 - - [07/Jun/2026:00:01:34 +0200] "GET /web/categoria-produto/mercearia/page/15/ HTTP/1.1" 200 34165 "-" "Mozilla/5.0 (compatible; SemrushBot/7~bl; +http://www.semrush.com/bot.html)"
216.73.217.110 - - [07/Jun/2026:00:01:36 +0200] "GET /web/categoria-produto/frescos/page/7/?doing_wp_cron=1701132101.3250920772552490234375 HTTP/1.1" 200 33042 "-" "Mozilla/5.0 AppleWebKit/537.36 (KHTML, like Gecko; compatible; ClaudeBot/1.0; +claudebot@anthropic.com)"
213.180.203.129 - - [07/Jun/2026:00:01:36 +0200] "GET /web/produto/salmonete/ HTTP/1.1" 200 37595 "-" "Mozilla/5.0 (compatible; YandexBot/3.0; +http://yandex.com/bots)"
57.141.20.6 - - [07/Jun/2026:00:01:40 +0200] "GET /1xbet-bukmekerskaya-kontora-1khbet-stavki-na-sport-obzor-bk/ HTTP/1.1" 200 117224 "-" "meta-externalagent/1.1 (+https://developers.facebook.com/docs/sharing/webmasters/crawler)"
52.167.144.222 - - [07/Jun/2026:00:01:44 +0200] "GET /web/en/page/7/?s&doing_wp_cron=1780590261.8621730804443359375000 HTTP/1.1" 200 32388 "-" "Mozilla/5.0 AppleWebKit/537.36 (KHTML, like Gecko; compatible; bingbot/2.0; +http://www.bing.com/bingbot.htm) Chrome/116.0.1938.76 Safari/537.36"
216.73.217.110 - - [07/Jun/2026:00:01:49 +0200] "GET /web/en/produto/tomate-cherry-bio/?add-to-cart=240&doing_wp_cron=1780777631.0707979202270507812500 HTTP/1.1" 200 40468 "-" "Mozilla/5.0 AppleWebKit/537.36 (KHTML, like Gecko; compatible; ClaudeBot/1.0; +claudebot@anthropic.com)"
17.241.219.69 - - [07/Jun/2026:00:01:49 +0200] "GET /web/produto/couve-roxa-bio-680grs/?doing_wp_cron=1709318274.6233770847320556640625,1709318276 HTTP/1.1" 200 38724 "-" "Mozilla/5.0 (Macintosh; Intel Mac OS X 10_15_7) AppleWebKit/605.1.15 (KHTML, like Gecko) Version/17.4 Safari/605.1.15 (Applebot/0.1; +http://www.apple.com/go/applebot)"
116.179.32.168 - - [07/Jun/2026:00:01:49 +0200] "GET /web/en/shop/page/58/?doing_wp_cron=1677547486.3547420501708984375000 HTTP/1.1" 200 33081 "-" "Mozilla/5.0 (compatible; Baiduspider/2.0; +http://www.baidu.com/search/spider.html)"
116.179.37.156 - - [07/Jun/2026:00:01:51 +0200] "GET /web/wp-conteudos/plugins/woocommerce/assets/js/frontend/woocommerce.min.js HTTP/1.1" 200 806 "https://www.biocabaz.pt/web/en/shop/page/58/?doing_wp_cron=1677547486.3547420501708984375000" "Mozilla/5.0 (compatible; Baiduspider-render/2.0; +http://www.baidu.com/search/spider.html)"
216.73.216.108 - - [07/Jun/2026:00:01:54 +0200] "GET / HTTP/1.1" 301 5 "-" "Mozilla/5.0 AppleWebKit/537.36 (KHTML, like Gecko; compatible; ClaudeBot/1.0; +claudebot@anthropic.com)"
116.179.37.240 - - [07/Jun/2026:00:01:54 +0200] "POST /web/en/?wc-ajax=get_refreshed_fragments HTTP/1.1" 200 630 "https://www.biocabaz.pt/web/en/shop/page/58/?doing_wp_cron=1677547486.3547420501708984375000" "Mozilla/5.0 (compatible; Baiduspider-render/2.0; +http://www.baidu.com/search/spider.html)"
185.191.171.4 - - [07/Jun/2026:00:01:54 +0200] "GET /web/en/categoria-produto/frescos/page/10/?doing_wp_cron=1760784027.6889979839324951171875 HTTP/1.1" 200 31992 "-" "Mozilla/5.0 (compatible; SemrushBot/7~bl; +http://www.semrush.com/bot.html)"
216.73.216.108 - - [07/Jun/2026:00:01:56 +0200] "GET / HTTP/1.1" 200 33119 "https://fomento-sgoic.pt/" "Mozilla/5.0 AppleWebKit/537.36 (KHTML, like Gecko; compatible; ClaudeBot/1.0; +claudebot@anthropic.com)"
121.29.51.109 - - [07/Jun/2026:00:01:58 +0200] "GET / HTTP/1.1" 301 162 "-" "Mozilla/5.0 (Linux; Android 7.1.1; OPPO A83t Build/N6F26Q; wv) AppleWebKit/537.36 (KHTML, like Gecko) Version/4.0 Chrome/48.0.2564.116 Mobile Safari/537.36 T7/10.11 baiduboxapp/10.11.0.12 (Baidu; P1 7.1.1)"
121.29.51.109 - - [07/Jun/2026:00:01:58 +0200] "GET / HTTP/1.1" 301 162 "-" "Mozilla/5.0 (Macintosh; Intel Mac OS X 10_11) AppleWebKit/601.1.27 (KHTML, like Gecko) Chrome/47.0.2526.106 Safari/601.1.27"
116.179.37.79 - - [07/Jun/2026:00:01:59 +0200] "GET /web/wp-conteudos/themes/jupiter/assets/js/plugins/async/min/jquery.flexslider.js HTTP/1.1" 200 7414 "https://www.biocabaz.pt/web/en/shop/page/58/?doing_wp_cron=1677547486.3547420501708984375000" "Mozilla/5.0 (compatible; Baiduspider-render/2.0; +http://www.baidu.com/search/spider.html)"
116.179.37.104 - - [07/Jun/2026:00:01:59 +0200] "GET /web/wp-conteudos/themes/jupiter/assets/js/plugins/async/min/minigrid.js HTTP/1.1" 200 1053 "https://www.biocabaz.pt/web/en/shop/page/58/?doing_wp_cron=1677547486.3547420501708984375000" "Mozilla/5.0 (compatible; Baiduspider-render/2.0; +http://www.baidu.com/search/spider.html)"
121.29.51.109 - - [07/Jun/2026:00:02:02 +0200] "GET / HTTP/1.1" 301 5 "-" "Mozilla/5.0 (Macintosh; Intel Mac OS X 10_11) AppleWebKit/601.1.27 (KHTML, like Gecko) Chrome/47.0.2526.106 Safari/601.1.27"
52.167.144.222 - - [07/Jun/2026:00:02:02 +0200] "GET /web/shop/page/49/?doing_wp_cron=1740998638.5238509178161621093750 HTTP/1.1" 200 33105 "-" "Mozilla/5.0 AppleWebKit/537.36 (KHTML, like Gecko; compatible; bingbot/2.0; +http://www.bing.com/bingbot.htm) Chrome/116.0.1938.76 Safari/537.36"
121.29.51.109 - - [07/Jun/2026:00:02:03 +0200] "GET /web/ HTTP/1.1" 200 38190 "-" "Mozilla/5.0 (Macintosh; Intel Mac OS X 10_11) AppleWebKit/601.1.27 (KHTML, like Gecko) Chrome/47.0.2526.106 Safari/601.1.27"
116.179.37.17 - - [07/Jun/2026:00:02:03 +0200] "POST /web/?wc-ajax=get_refreshed_fragments HTTP/1.1" 200 626 "https://biocabaz.pt/web/shop/page/24/?doing_wp_cron=1779507300.9367930889129638671875" "Mozilla/5.0 (compatible; Baiduspider-render/2.0; +http://www.baidu.com/search/spider.html)"
51.89.129.205 - - [07/Jun/2026:00:02:09 +0200] "GET /wp-content/themes/turismofundos22/js/properties-map.js?ver=1780783261 HTTP/1.1" 200 1475 "-" "Mozilla/5.0 (compatible; AhrefsBot/7.0; +http://ahrefs.com/robot/)"
148.69.56.241 - - [07/Jun/2026:00:02:10 +0200] "GET / HTTP/1.1" 200 33119 "https://www.google.com/" "Mozilla/5.0 (Linux; Android 10; K) AppleWebKit/537.36 (KHTML, like Gecko) Chrome/149.0.0.0 Mobile Safari/537.36"
148.69.56.241 - - [07/Jun/2026:00:02:10 +0200] "GET /wp-content/plugins/advance-search/inc/common/css/jquery-ui.css?ver=1.1.6 HTTP/1.1" 200 8467 "https://www.fomento-sgoic.pt/" "Mozilla/5.0 (Linux; Android 10; K) AppleWebKit/537.36 (KHTML, like Gecko) Chrome/149.0.0.0 Mobile Safari/537.36"
148.69.56.241 - - [07/Jun/2026:00:02:10 +0200] "GET /wp-content/plugins/advance-search/assets/css/font-awesome.min.css?ver=1.1.6 HTTP/1.1" 200 7115 "https://www.fomento-sgoic.pt/" "Mozilla/5.0 (Linux; Android 10; K) AppleWebKit/537.36 (KHTML, like Gecko) Chrome/149.0.0.0 Mobile Safari/537.36"
148.69.56.241 - - [07/Jun/2026:00:02:10 +0200] "GET /wp-content/plugins/advance-search/inc/common/css/advance-search-common.css?ver=1.1.6 HTTP/1.1" 200 870 "https://www.fomento-sgoic.pt/" "Mozilla/5.0 (Linux; Android 10; K) AppleWebKit/537.36 (KHTML, like Gecko) Chrome/149.0.0.0 Mobile Safari/537.36"
148.69.56.241 - - [07/Jun/2026:00:02:11 +0200] "GET /wp-content/plugins/custom-page-templates/assets/css/acf-google-maps.css?ver=3.1.3 HTTP/1.1" 200 283 "https://www.fomento-sgoic.pt/" "Mozilla/5.0 (Linux; Android 10; K) AppleWebKit/537.36 (KHTML, like Gecko) Chrome/149.0.0.0 Mobile Safari/537.36"
148.69.56.241 - - [07/Jun/2026:00:02:11 +0200] "GET /wp-content/plugins/custom-page-templates/assets/css/frontend.css?ver=3.1.3 HTTP/1.1" 200 187 "https://www.fomento-sgoic.pt/" "Mozilla/5.0 (Linux; Android 10; K) AppleWebKit/537.36 (KHTML, like Gecko) Chrome/149.0.0.0 Mobile Safari/537.36"
148.69.56.241 - - [07/Jun/2026:00:02:11 +0200] "GET /wp-content/plugins/dhvc-form/assets/fonts/font-awesome/css/font-awesome.min.css?ver=4.1.0 HTTP/1.1" 200 4747 "https://www.fomento-sgoic.pt/" "Mozilla/5.0 (Linux; Android 10; K) AppleWebKit/537.36 (KHTML, like Gecko) Chrome/149.0.0.0 Mobile Safari/537.36"
148.69.56.241 - - [07/Jun/2026:00:02:11 +0200] "GET /wp-content/plugins/dhvc-form/assets/css/style.css?ver=2.3.8 HTTP/1.1" 200 3826 "https://www.fomento-sgoic.pt/" "Mozilla/5.0 (Linux; Android 10; K) AppleWebKit/537.36 (KHTML, like Gecko) Chrome/149.0.0.0 Mobile Safari/537.36"
148.69.56.241 - - [07/Jun/2026:00:02:11 +0200] "GET /wp-content/themes/turismofundos22/style.css?ver=8.27 HTTP/1.1" 200 191 "https://www.fomento-sgoic.pt/" "Mozilla/5.0 (Linux; Android 10; K) AppleWebKit/537.36 (KHTML, like Gecko) Chrome/149.0.0.0 Mobile Safari/537.36"
148.69.56.241 - - [07/Jun/2026:00:02:11 +0200] "GET /wp-content/themes/Impreza/css/style.min.css?ver=8.27 HTTP/1.1" 200 79627 "https://www.fomento-sgoic.pt/" "Mozilla/5.0 (Linux; Android 10; K) AppleWebKit/537.36 (KHTML, like Gecko) Chrome/149.0.0.0 Mobile Safari/537.36"
148.69.56.241 - - [07/Jun/2026:00:02:11 +0200] "GET /wp-includes/js/jquery/jquery.min.js?ver=3.7.1 HTTP/1.1" 200 30646 "https://www.fomento-sgoic.pt/" "Mozilla/5.0 (Linux; Android 10; K) AppleWebKit/537.36 (KHTML, like Gecko) Chrome/149.0.0.0 Mobile Safari/537.36"
148.69.56.241 - - [07/Jun/2026:00:02:11 +0200] "GET /wp-content/uploads/smile_fonts/Defaults/Defaults.css?ver=3.19.11 HTTP/1.1" 200 4797 "https://www.fomento-sgoic.pt/" "Mozilla/5.0 (Linux; Android 10; K) AppleWebKit/537.36 (KHTML, like Gecko) Chrome/149.0.0.0 Mobile Safari/537.36"
148.69.56.241 - - [07/Jun/2026:00:02:11 +0200] "GET /wp-content/plugins/advance-search/inc/frontend/js/advance-search-frontend.js?ver=1.1.6 HTTP/1.1" 200 920 "https://www.fomento-sgoic.pt/" "Mozilla/5.0 (Linux; Android 10; K) AppleWebKit/537.36 (KHTML, like Gecko) Chrome/149.0.0.0 Mobile Safari/537.36"
148.69.56.241 - - [07/Jun/2026:00:02:11 +0200] "GET /wp-content/uploads/2024/07/tffom24_ico_-01.svg HTTP/1.1" 200 3229 "https://www.fomento-sgoic.pt/" "Mozilla/5.0 (Linux; Android 10; K) AppleWebKit/537.36 (KHTML, like Gecko) Chrome/149.0.0.0 Mobile Safari/537.36"
148.69.56.241 - - [07/Jun/2026:00:02:11 +0200] "GET /wp-content/uploads/2024/09/tffom24_ico_-27.svg HTTP/1.1" 200 4822 "https://www.fomento-sgoic.pt/" "Mozilla/5.0 (Linux; Android 10; K) AppleWebKit/537.36 (KHTML, like Gecko) Chrome/149.0.0.0 Mobile Safari/537.36"
148.69.56.241 - - [07/Jun/2026:00:02:11 +0200] "GET /wp-includes/js/jquery/ui/core.min.js?ver=1.13.3 HTTP/1.1" 200 7137 "https://www.fomento-sgoic.pt/" "Mozilla/5.0 (Linux; Android 10; K) AppleWebKit/537.36 (KHTML, like Gecko) Chrome/149.0.0.0 Mobile Safari/537.36"
148.69.56.241 - - [07/Jun/2026:00:02:11 +0200] "GET /wp-includes/js/jquery/ui/menu.min.js?ver=1.13.3 HTTP/1.1" 200 3085 "https://www.fomento-sgoic.pt/" "Mozilla/5.0 (Linux; Android 10; K) AppleWebKit/537.36 (KHTML, like Gecko) Chrome/149.0.0.0 Mobile Safari/537.36"
148.69.56.241 - - [07/Jun/2026:00:02:11 +0200] "GET /wp-includes/js/dist/dom-ready.min.js?ver=f77871ff7694fffea381 HTTP/1.1" 200 457 "https://www.fomento-sgoic.pt/" "Mozilla/5.0 (Linux; Android 10; K) AppleWebKit/537.36 (KHTML, like Gecko) Chrome/149.0.0.0 Mobile Safari/537.36"
148.69.56.241 - - [07/Jun/2026:00:02:11 +0200] "GET /wp-includes/js/dist/hooks.min.js?ver=dd5603f07f9220ed27f1 HTTP/1.1" 200 1953 "https://www.fomento-sgoic.pt/" "Mozilla/5.0 (Linux; Android 10; K) AppleWebKit/537.36 (KHTML, like Gecko) Chrome/149.0.0.0 Mobile Safari/537.36"
148.69.56.241 - - [07/Jun/2026:00:02:11 +0200] "GET /wp-includes/js/dist/i18n.min.js?ver=c26c3dc7bed366793375 HTTP/1.1" 200 2240 "https://www.fomento-sgoic.pt/" "Mozilla/5.0 (Linux; Android 10; K) AppleWebKit/537.36 (KHTML, like Gecko) Chrome/149.0.0.0 Mobile Safari/537.36"
148.69.56.241 - - [07/Jun/2026:00:02:11 +0200] "GET /wp-includes/js/jquery/ui/autocomplete.min.js?ver=1.13.3 HTTP/1.1" 200 2929 "https://www.fomento-sgoic.pt/" "Mozilla/5.0 (Linux; Android 10; K) AppleWebKit/537.36 (KHTML, like Gecko) Chrome/149.0.0.0 Mobile Safari/537.36"
148.69.56.241 - - [07/Jun/2026:00:02:11 +0200] "GET /wp-content/plugins/advance-search/inc/common/js/advance-search.js?ver=1.1.6 HTTP/1.1" 200 1201 "https://www.fomento-sgoic.pt/" "Mozilla/5.0 (Linux; Android 10; K) AppleWebKit/537.36 (KHTML, like Gecko) Chrome/149.0.0.0 Mobile Safari/537.36"
148.69.56.241 - - [07/Jun/2026:00:02:11 +0200] "GET /wp-includes/js/dist/a11y.min.js?ver=cb460b4676c94bd228ed HTTP/1.1" 200 941 "https://www.fomento-sgoic.pt/" "Mozilla/5.0 (Linux; Android 10; K) AppleWebKit/537.36 (KHTML, like Gecko) Chrome/149.0.0.0 Mobile Safari/537.36"
148.69.56.241 - - [07/Jun/2026:00:02:11 +0200] "GET /wp-content/themes/Impreza/fonts/fa-regular-400.woff2?ver=8.27 HTTP/1.1" 200 168824 "https://www.fomento-sgoic.pt/" "Mozilla/5.0 (Linux; Android 10; K) AppleWebKit/537.36 (KHTML, like Gecko) Chrome/149.0.0.0 Mobile Safari/537.36"
148.69.56.241 - - [07/Jun/2026:00:02:11 +0200] "GET /wp-content/themes/Impreza/fonts/fa-light-300.woff2?ver=8.27 HTTP/1.1" 200 184204 "https://www.fomento-sgoic.pt/" "Mozilla/5.0 (Linux; Android 10; K) AppleWebKit/537.36 (KHTML, like Gecko) Chrome/149.0.0.0 Mobile Safari/537.36"
148.69.56.241 - - [07/Jun/2026:00:02:11 +0200] "GET /wp-content/uploads/2022/08/tf2_home-fundo-1c.png HTTP/1.1" 200 22692 "https://www.fomento-sgoic.pt/" "Mozilla/5.0 (Linux; Android 10; K) AppleWebKit/537.36 (KHTML, like Gecko) Chrome/149.0.0.0 Mobile Safari/537.36"
148.69.56.241 - - [07/Jun/2026:00:02:11 +0200] "GET /wp-content/themes/turismofundos22/js/properties-map.js?ver=1780783330 HTTP/1.1" 200 1475 "https://www.fomento-sgoic.pt/" "Mozilla/5.0 (Linux; Android 10; K) AppleWebKit/537.36 (KHTML, like Gecko) Chrome/149.0.0.0 Mobile Safari/537.36"
148.69.56.241 - - [07/Jun/2026:00:02:11 +0200] "GET /wp-content/themes/Impreza/js/us.core.min.js?ver=8.27 HTTP/1.1" 200 55621 "https://www.fomento-sgoic.pt/" "Mozilla/5.0 (Linux; Android 10; K) AppleWebKit/537.36 (KHTML, like Gecko) Chrome/149.0.0.0 Mobile Safari/537.36"
148.69.56.241 - - [07/Jun/2026:00:02:11 +0200] "GET /wp-content/uploads/2026/03/tf_slide_sortelha_2603_1.jpg HTTP/1.1" 200 412992 "https://www.fomento-sgoic.pt/" "Mozilla/5.0 (Linux; Android 10; K) AppleWebKit/537.36 (KHTML, like Gecko) Chrome/149.0.0.0 Mobile Safari/537.36"
148.69.56.241 - - [07/Jun/2026:00:02:11 +0200] "GET /wp-content/plugins/custom-page-templates/assets/js/acf-google-maps.js?ver=3.1.3 HTTP/1.1" 200 1051 "https://www.fomento-sgoic.pt/" "Mozilla/5.0 (Linux; Android 10; K) AppleWebKit/537.36 (KHTML, like Gecko) Chrome/149.0.0.0 Mobile Safari/537.36"
148.69.56.241 - - [07/Jun/2026:00:02:11 +0200] "GET /wp-content/uploads/2022/08/tf2_slide-img-2.jpg HTTP/1.1" 200 276196 "https://www.fomento-sgoic.pt/" "Mozilla/5.0 (Linux; Android 10; K) AppleWebKit/537.36 (KHTML, like Gecko) Chrome/149.0.0.0 Mobile Safari/537.36"
148.69.56.241 - - [07/Jun/2026:00:02:11 +0200] "GET /wp-content/uploads/2022/08/tf2_img-4.jpg HTTP/1.1" 200 204712 "https://www.fomento-sgoic.pt/" "Mozilla/5.0 (Linux; Android 10; K) AppleWebKit/537.36 (KHTML, like Gecko) Chrome/149.0.0.0 Mobile Safari/537.36"
148.69.56.241 - - [07/Jun/2026:00:02:11 +0200] "GET /wp-content/uploads/2022/08/tf2_img-1.jpg HTTP/1.1" 200 213104 "https://www.fomento-sgoic.pt/" "Mozilla/5.0 (Linux; Android 10; K) AppleWebKit/537.36 (KHTML, like Gecko) Chrome/149.0.0.0 Mobile Safari/537.36"
148.69.56.241 - - [07/Jun/2026:00:02:11 +0200] "GET /wp-content/uploads/2022/08/tf2_img-2.jpg HTTP/1.1" 200 172904 "https://www.fomento-sgoic.pt/" "Mozilla/5.0 (Linux; Android 10; K) AppleWebKit/537.36 (KHTML, like Gecko) Chrome/149.0.0.0 Mobile Safari/537.36"
148.69.56.241 - - [07/Jun/2026:00:02:11 +0200] "GET /wp-content/uploads/2022/08/tf2_img-3.jpg HTTP/1.1" 200 209766 "https://www.fomento-sgoic.pt/" "Mozilla/5.0 (Linux; Android 10; K) AppleWebKit/537.36 (KHTML, like Gecko) Chrome/149.0.0.0 Mobile Safari/537.36"
148.69.56.241 - - [07/Jun/2026:00:02:12 +0200] "GET /wp-content/uploads/2022/08/tf2_home-fundo-2.png HTTP/1.1" 200 6904 "https://www.fomento-sgoic.pt/" "Mozilla/5.0 (Linux; Android 10; K) AppleWebKit/537.36 (KHTML, like Gecko) Chrome/149.0.0.0 Mobile Safari/537.36"
148.69.56.241 - - [07/Jun/2026:00:02:12 +0200] "GET /wp-content/uploads/2022/08/tf2_img-5.jpg HTTP/1.1" 200 338333 "https://www.fomento-sgoic.pt/" "Mozilla/5.0 (Linux; Android 10; K) AppleWebKit/537.36 (KHTML, like Gecko) Chrome/149.0.0.0 Mobile Safari/537.36"
148.69.56.241 - - [07/Jun/2026:00:02:12 +0200] "GET /wp-content/uploads/2022/08/tf2_img-7.jpg HTTP/1.1" 200 14376 "https://www.fomento-sgoic.pt/" "Mozilla/5.0 (Linux; Android 10; K) AppleWebKit/537.36 (KHTML, like Gecko) Chrome/149.0.0.0 Mobile Safari/537.36"
148.69.56.241 - - [07/Jun/2026:00:02:12 +0200] "GET /wp-includes/js/wp-emoji-release.min.js?ver=6.9 HTTP/1.1" 200 5487 "https://www.fomento-sgoic.pt/" "Mozilla/5.0 (Linux; Android 10; K) AppleWebKit/537.36 (KHTML, like Gecko) Chrome/149.0.0.0 Mobile Safari/537.36"
148.69.56.241 - - [07/Jun/2026:00:02:12 +0200] "GET /wp-content/uploads/2024/07/tffom24_favicon-300x300.png HTTP/1.1" 200 61254 "https://www.fomento-sgoic.pt/" "Mozilla/5.0 (Linux; Android 10; K) AppleWebKit/537.36 (KHTML, like Gecko) Chrome/149.0.0.0 Mobile Safari/537.36"
5.255.231.15 - - [07/Jun/2026:00:02:13 +0200] "GET /web/produto/salmonete/?doing_wp_cron=1678428920.3294939994812011718750 HTTP/1.1" 200 37595 "-" "Mozilla/5.0 (compatible; YandexBot/3.0; +http://yandex.com/bots)"
66.249.79.35 - - [07/Jun/2026:00:02:15 +0200] "GET /web/cart/?remove_item=da9e6a4a4aeca98588e4dd77ceb37695&_wpnonce=63285636cb HTTP/1.1" 302 11 "-" "Mozilla/5.0 (Linux; Android 6.0.1; Nexus 5X Build/MMB29P) AppleWebKit/537.36 (KHTML, like Gecko) Chrome/148.0.7778.96 Mobile Safari/537.36 (compatible; Googlebot/2.1; +http://www.google.com/bot.html)"
66.249.79.33 - - [07/Jun/2026:00:02:17 +0200] "GET /web/cart/?remove_item=da9e6a4a4aeca98588e4dd77ceb37695&_wpnonce=63285636cb&doing_wp_cron=1780783335.1774139404296875000000 HTTP/1.1" 200 34707 "-" "Mozilla/5.0 (Linux; Android 6.0.1; Nexus 5X Build/MMB29P) AppleWebKit/537.36 (KHTML, like Gecko) Chrome/148.0.7778.96 Mobile Safari/537.36 (compatible; Googlebot/2.1; +http://www.google.com/bot.html)"
57.141.20.44 - - [07/Jun/2026:00:02:19 +0200] "GET /products/5709018/ HTTP/1.1" 404 113604 "-" "meta-externalagent/1.1 (+https://developers.facebook.com/docs/sharing/webmasters/crawler)"
52.167.144.220 - - [07/Jun/2026:00:02:20 +0200] "GET /web/shop/page/29/?doing_wp_cron=1777884997.0642828941345214843750 HTTP/1.1" 200 32796 "-" "Mozilla/5.0 AppleWebKit/537.36 (KHTML, like Gecko; compatible; bingbot/2.0; +http://www.bing.com/bingbot.htm) Chrome/116.0.1938.76 Safari/537.36"
47.128.17.219 - - [07/Jun/2026:00:02:23 +0200] "GET /web/produto/saco-sal-marinho-fino-500g-baesurisal/?doing_wp_cron=1705904619.8669719696044921875000 HTTP/1.1" 200 38467 "-" "Mozilla/5.0 (compatible; Bytespider; spider-feedback@bytedance.com) AppleWebKit/537.36 (KHTML, like Gecko) Chrome/70.0.0.0 Safari/537.36"
66.249.79.33 - - [07/Jun/2026:00:02:23 +0200] "GET /web/produto/batata-doce-laranja/batata_doce_laranja/ HTTP/1.1" 200 38039 "-" "Mozilla/5.0 (Linux; Android 6.0.1; Nexus 5X Build/MMB29P) AppleWebKit/537.36 (KHTML, like Gecko) Chrome/148.0.7778.96 Mobile Safari/537.36 (compatible; Googlebot/2.1; +http://www.google.com/bot.html)"
52.167.144.222 - - [07/Jun/2026:00:02:24 +0200] "GET /web/en/shop/page/58/?doing_wp_cron=1773899940.2117960453033447265625 HTTP/1.1" 200 33081 "-" "Mozilla/5.0 AppleWebKit/537.36 (KHTML, like Gecko; compatible; bingbot/2.0; +http://www.bing.com/bingbot.htm) Chrome/116.0.1938.76 Safari/537.36"
52.167.144.222 - - [07/Jun/2026:00:02:25 +0200] "GET /web/shop/?doing_wp_cron=1732254814.9768939018249511718750 HTTP/1.1" 200 36826 "-" "Mozilla/5.0 AppleWebKit/537.36 (KHTML, like Gecko; compatible; bingbot/2.0; +http://www.bing.com/bingbot.htm) Chrome/116.0.1938.76 Safari/537.36"
47.128.17.219 - - [07/Jun/2026:00:02:26 +0200] "GET /web/wp-conteudos/uploads/2016/04/saco-sal-marinho-fino-bio-500g-provida.jpg HTTP/1.1" 206 500 "https://biocabaz.pt/" "Mozilla/5.0 (compatible; Bytespider; spider-feedback@bytedance.com) AppleWebKit/537.36 (KHTML, like Gecko) Chrome/70.0.0.0 Safari/537.36"
47.128.17.219 - - [07/Jun/2026:00:02:26 +0200] "GET /web/wp-conteudos/uploads/2016/04/saco-sal-marinho-bio-1kg-provida-138x150.jpg HTTP/1.1" 206 500 "https://biocabaz.pt/" "Mozilla/5.0 (compatible; Bytespider; spider-feedback@bytedance.com) AppleWebKit/537.36 (KHTML, like Gecko) Chrome/70.0.0.0 Safari/537.36"
57.141.20.52 - - [07/Jun/2026:00:02:26 +0200] "GET /products/25575885/ HTTP/1.1" 301 5 "-" "meta-externalagent/1.1 (+https://developers.facebook.com/docs/sharing/webmasters/crawler)"
185.191.171.16 - - [07/Jun/2026:00:02:27 +0200] "GET /web/shop/page/57/?doing_wp_cron=1678233439.4585070610046386718750 HTTP/1.1" 200 33138 "-" "Mozilla/5.0 (compatible; SemrushBot/7~bl; +http://www.semrush.com/bot.html)"
66.249.79.33 - - [07/Jun/2026:00:02:28 +0200] "POST /web/?wc-ajax=get_refreshed_fragments HTTP/1.1" 200 626 "https://www.biocabaz.pt/web/produto/batata-doce-laranja/batata_doce_laranja/" "Mozilla/5.0 (Linux; Android 6.0.1; Nexus 5X Build/MMB29P) AppleWebKit/537.36 (KHTML, like Gecko) Chrome/148.0.7778.96 Mobile Safari/537.36 (compatible; Googlebot/2.1; +http://www.google.com/bot.html)"
47.128.17.158 - - [07/Jun/2026:00:02:35 +0200] "GET /web/produto/bebida-de-cevada-bio-isola-1l/ HTTP/1.1" 200 38444 "-" "Mozilla/5.0 (compatible; Bytespider; spider-feedback@bytedance.com) AppleWebKit/537.36 (KHTML, like Gecko) Chrome/70.0.0.0 Safari/537.36"
17.241.219.19 - - [07/Jun/2026:00:02:37 +0200] "POST /web/?wc-ajax=get_refreshed_fragments HTTP/1.1" 200 1314 "https://biocabaz.pt/web/produto/tomate-mini-chucha-bio/?add-to-cart=355" "Mozilla/5.0 (Macintosh; Intel Mac OS X 10_15_7) AppleWebKit/605.1.15 (KHTML, like Gecko) Version/17.4 Safari/605.1.15 (Applebot/0.1; +http://www.apple.com/go/applebot)"
47.79.10.146 - - [07/Jun/2026:00:02:42 +0200] "GET /web/en/categoria-produto/mercearia/page/8/?doing_wp_cron=1698131759.0566120147705078125000 HTTP/1.1" 200 35358 "-" "Mozilla/5.0 (Macintosh; Intel Mac OS X 10_15_7) AppleWebKit/537.36 (KHTML, like Gecko) Chrome/140.0.0.0 Safari/537.36"
47.128.17.134 - - [07/Jun/2026:00:02:47 +0200] "GET /web/produto/cha-3-gengibres-20-saq-pukka/?doing_wp_cron=1714595466.4903600215911865234375 HTTP/1.1" 200 38452 "-" "Mozilla/5.0 (compatible; Bytespider; spider-feedback@bytedance.com) AppleWebKit/537.36 (KHTML, like Gecko) Chrome/70.0.0.0 Safari/537.36"
213.180.203.250 - - [07/Jun/2026:00:02:47 +0200] "GET /web/en/produto/salmonete/?doing_wp_cron=1678428920.3294939994812011718750 HTTP/1.1" 200 37019 "-" "Mozilla/5.0 (compatible; YandexBot/3.0; +http://yandex.com/bots)"
47.128.17.134 - - [07/Jun/2026:00:02:48 +0200] "GET /web/wp-conteudos/uploads/2016/04/Herbal_collection_on_white.jpeg-150x150.jpg HTTP/1.1" 206 500 "https://www.biocabaz.pt/web/produto/cha-3-gengibres-20-saq-pukka/?doing_wp_cron=1714595466.4903600215911865234375" "Mozilla/5.0 (compatible; Bytespider; spider-feedback@bytedance.com) AppleWebKit/537.36 (KHTML, like Gecko) Chrome/70.0.0.0 Safari/537.36"
47.128.17.134 - - [07/Jun/2026:00:02:49 +0200] "GET /web/wp-conteudos/uploads/2016/04/uk-mint-matcha-green-cgi.jpeg-150x150.jpg HTTP/1.1" 206 500 "https://www.biocabaz.pt/web/produto/cha-3-gengibres-20-saq-pukka/?doing_wp_cron=1714595466.4903600215911865234375" "Mozilla/5.0 (compatible; Bytespider; spider-feedback@bytedance.com) AppleWebKit/537.36 (KHTML, like Gecko) Chrome/70.0.0.0 Safari/537.36"
17.241.75.115 - - [07/Jun/2026:00:02:52 +0200] "POST /web/en/?wc-ajax=get_refreshed_fragments HTTP/1.1" 200 629 "https://www.biocabaz.pt/web/en/page/15/?doing_wp_cron=1780098926.9908339977264404296875&s" "Mozilla/5.0 (Macintosh; Intel Mac OS X 10_15_7) AppleWebKit/605.1.15 (KHTML, like Gecko) Version/17.4 Safari/605.1.15 (Applebot/0.1; +http://www.apple.com/go/applebot)"
75.119.139.177 - - [07/Jun/2026:00:02:53 +0200] "POST /wp-cron.php?doing_wp_cron=1780783373.3064830303192138671875 HTTP/1.1" 200 31 "-" "WordPress/6.9; https://www.fomento-sgoic.pt"
216.73.216.108 - - [07/Jun/2026:00:02:53 +0200] "GET /sitemap.xml HTTP/1.1" 301 5 "-" "Mozilla/5.0 AppleWebKit/537.36 (KHTML, like Gecko; compatible; ClaudeBot/1.0; +claudebot@anthropic.com)"
17.241.219.190 - - [07/Jun/2026:00:02:54 +0200] "POST /web/wp-admin/admin-ajax.php HTTP/1.1" 200 31 "https://www.biocabaz.pt/web/en/page/15/?doing_wp_cron=1780098926.9908339977264404296875&s" "Mozilla/5.0 (Macintosh; Intel Mac OS X 10_15_7) AppleWebKit/605.1.15 (KHTML, like Gecko) Version/17.4 Safari/605.1.15 (Applebot/0.1; +http://www.apple.com/go/applebot)"
216.73.216.108 - - [07/Jun/2026:00:02:54 +0200] "GET /sitemap.xml HTTP/1.1" 301 5 "https://fomento-sgoic.pt/sitemap.xml" "Mozilla/5.0 AppleWebKit/537.36 (KHTML, like Gecko; compatible; ClaudeBot/1.0; +claudebot@anthropic.com)"
216.73.216.108 - - [07/Jun/2026:00:02:54 +0200] "GET /sitemap.xml/ HTTP/1.1" 200 20258 "https://www.fomento-sgoic.pt/sitemap.xml" "Mozilla/5.0 AppleWebKit/537.36 (KHTML, like Gecko; compatible; ClaudeBot/1.0; +claudebot@anthropic.com)"
47.128.17.163 - - [07/Jun/2026:00:02:58 +0200] "GET /web/produto/cha-colecao-de-sabores-20-saq-pukka/?doing_wp_cron=1708101220.2637989521026611328125 HTTP/1.1" 200 39472 "-" "Mozilla/5.0 (compatible; Bytespider; spider-feedback@bytedance.com) AppleWebKit/537.36 (KHTML, like Gecko) Chrome/70.0.0.0 Safari/537.36"
220.181.108.176 - - [07/Jun/2026:00:03:09 +0200] "GET /web/categoria-produto/frescos/page/3/?doing_wp_cron=1776971633.9065530300140380859375 HTTP/1.1" 200 32435 "-" "Mozilla/5.0 (compatible; Baiduspider/2.0; +http://www.baidu.com/search/spider.html)"
119.249.100.174 - - [07/Jun/2026:00:03:13 +0200] "GET /robots.txt HTTP/1.1" 301 162 "-" "Mozilla/5.0 (Windows NT 10.0; WOW64) AppleWebKit/537.36 (KHTML, like Gecko) Chrome/48.0.2564.116 Safari/537.36"
119.249.100.44 - - [07/Jun/2026:00:03:13 +0200] "GET /robots.txt HTTP/1.1" 404 548 "-" "Mozilla/5.0 (Windows NT 10.0; WOW64) AppleWebKit/537.36 (KHTML, like Gecko) Chrome/48.0.2564.116 Safari/537.36"
47.128.17.16 - - [07/Jun/2026:00:03:13 +0200] "GET /web/produto/tomate-cherry-bio/?doing_wp_cron=1689790704.3595919609069824218750 HTTP/1.1" 200 39996 "-" "Mozilla/5.0 (compatible; Bytespider; spider-feedback@bytedance.com) AppleWebKit/537.36 (KHTML, like Gecko) Chrome/70.0.0.0 Safari/537.36"
116.179.37.206 - - [07/Jun/2026:00:03:14 +0200] "POST /web/?wc-ajax=get_refreshed_fragments HTTP/1.1" 200 625 "https://biocabaz.pt/web/categoria-produto/frescos/page/3/?doing_wp_cron=1776971633.9065530300140380859375" "Mozilla/5.0 (compatible; Baiduspider-render/2.0; +http://www.baidu.com/search/spider.html)"
47.128.17.16 - - [07/Jun/2026:00:03:19 +0200] "GET /web/wp-conteudos/uploads/2016/03/tomate3.jpg HTTP/1.1" 206 500 "https://biocabaz.pt/" "Mozilla/5.0 (compatible; Bytespider; spider-feedback@bytedance.com) AppleWebKit/537.36 (KHTML, like Gecko) Chrome/70.0.0.0 Safari/537.36"
47.128.17.18 - - [07/Jun/2026:00:03:22 +0200] "GET /web/produto/acorelle-spray-solar-rosto-corpo-spf30/?doing_wp_cron=1708375603.0180919170379638671875 HTTP/1.1" 200 40090 "-" "Mozilla/5.0 (compatible; Bytespider; spider-feedback@bytedance.com) AppleWebKit/537.36 (KHTML, like Gecko) Chrome/70.0.0.0 Safari/537.36"
121.29.51.109 - - [07/Jun/2026:00:03:22 +0200] "GET /favicon.ico HTTP/1.1" 404 146 "-" "Dalvik/2.1.0 (Linux; U; Android 9.0; ZTE BA520 Build/MRA58K)"
47.82.11.51 - - [07/Jun/2026:00:03:23 +0200] "GET /web/en/shop/page/6/?doing_wp_cron=1741823806.5880339145660400390625 HTTP/1.1" 200 32760 "https://biocabaz.pt/" "Mozilla/5.0 (Windows NT 10.0; Win64; x64) AppleWebKit/537.36 (KHTML, like Gecko) Chrome/135.0.0.0 Safari/537.36 Edg/135.0.0.0"
47.128.17.18 - - [07/Jun/2026:00:03:26 +0200] "GET /web/wp-conteudos/uploads/2021/08/acorelle-protetor-solar-com-cor-hipoalergenico-spf-50-claire-light-150x150.jpg HTTP/1.1" 206 500 "https://biocabaz.pt/" "Mozilla/5.0 (compatible; Bytespider; spider-feedback@bytedance.com) AppleWebKit/537.36 (KHTML, like Gecko) Chrome/70.0.0.0 Safari/537.36"
47.128.17.16 - - [07/Jun/2026:00:03:26 +0200] "GET /web/wp-conteudos/uploads/2016/03/tomate1-1-300x200.jpg HTTP/1.1" 206 500 "https://biocabaz.pt/" "Mozilla/5.0 (compatible; Bytespider; spider-feedback@bytedance.com) AppleWebKit/537.36 (KHTML, like Gecko) Chrome/70.0.0.0 Safari/537.36"
47.128.17.16 - - [07/Jun/2026:00:03:26 +0200] "GET /web/wp-conteudos/uploads/2016/03/tomate4-1-300x200.jpg HTTP/1.1" 206 500 "https://biocabaz.pt/" "Mozilla/5.0 (compatible; Bytespider; spider-feedback@bytedance.com) AppleWebKit/537.36 (KHTML, like Gecko) Chrome/70.0.0.0 Safari/537.36"
75.119.139.177 - - [07/Jun/2026:00:03:31 +0200] "POST /wp-cron.php?doing_wp_cron=1780783411.5204548835754394531250 HTTP/1.1" 200 31 "-" "WordPress/6.9; https://www.fomento-sgoic.pt"
213.171.208.232 - midtf22 [07/Jun/2026:00:03:31 +0200] "GET /wp-json/wp/v2/users/me HTTP/1.1" 401 109 "-" "Mozilla/5.0 (Macintosh; Intel Mac OS X 14_7_4) AppleWebKit/537.36 (KHTML, like Gecko) Chrome/133.0.0.0 Safari/537.36"
89.214.151.3 - - [07/Jun/2026:00:03:32 +0200] "GET /web/produto/agua-monchique-15l/ HTTP/1.1" 200 37704 "-" "Mozilla/5.0 (Linux; Android 15; 25028RN03Y Build/AP3A.240905.015.A2) AppleWebKit/537.36 (KHTML, like Gecko) Chrome/148.0.7778.216 Mobile Safari/537.36"
89.214.151.3 - - [07/Jun/2026:00:03:33 +0200] "GET /web/wp-includes/css/dist/block-library/style.min.css HTTP/1.1" 200 15621 "https://www.biocabaz.pt/web/produto/agua-monchique-15l/" "Mozilla/5.0 (Linux; Android 15; 25028RN03Y Build/AP3A.240905.015.A2) AppleWebKit/537.36 (KHTML, like Gecko) Chrome/148.0.7778.216 Mobile Safari/537.36"
89.214.151.3 - - [07/Jun/2026:00:03:33 +0200] "GET /web/wp-conteudos/plugins/woocommerce/packages/woocommerce-blocks/build/wc-blocks-vendors-style.css HTTP/1.1" 200 1987 "https://www.biocabaz.pt/web/produto/agua-monchique-15l/" "Mozilla/5.0 (Linux; Android 15; 25028RN03Y Build/AP3A.240905.015.A2) AppleWebKit/537.36 (KHTML, like Gecko) Chrome/148.0.7778.216 Mobile Safari/537.36"
89.214.151.3 - - [07/Jun/2026:00:03:33 +0200] "GET /web/wp-conteudos/plugins/woocommerce/packages/woocommerce-blocks/build/wc-blocks-style.css HTTP/1.1" 200 25428 "https://www.biocabaz.pt/web/produto/agua-monchique-15l/" "Mozilla/5.0 (Linux; Android 15; 25028RN03Y Build/AP3A.240905.015.A2) AppleWebKit/537.36 (KHTML, like Gecko) Chrome/148.0.7778.216 Mobile Safari/537.36"
89.214.151.3 - - [07/Jun/2026:00:03:33 +0200] "GET /web/wp-conteudos/plugins/cookie-notice/css/front.min.css HTTP/1.1" 200 1108 "https://www.biocabaz.pt/web/produto/agua-monchique-15l/" "Mozilla/5.0 (Linux; Android 15; 25028RN03Y Build/AP3A.240905.015.A2) AppleWebKit/537.36 (KHTML, like Gecko) Chrome/148.0.7778.216 Mobile Safari/537.36"
89.214.151.3 - - [07/Jun/2026:00:03:33 +0200] "GET /web/wp-includes/css/dashicons.min.css HTTP/1.1" 200 35775 "https://www.biocabaz.pt/web/produto/agua-monchique-15l/" "Mozilla/5.0 (Linux; Android 15; 25028RN03Y Build/AP3A.240905.015.A2) AppleWebKit/537.36 (KHTML, like Gecko) Chrome/148.0.7778.216 Mobile Safari/537.36"
89.214.151.3 - - [07/Jun/2026:00:03:33 +0200] "GET /web/wp-conteudos/plugins/smart-marketing-for-wp/public/css/egoi-for-wp-public.css HTTP/1.1" 200 1173 "https://www.biocabaz.pt/web/produto/agua-monchique-15l/" "Mozilla/5.0 (Linux; Android 15; 25028RN03Y Build/AP3A.240905.015.A2) AppleWebKit/537.36 (KHTML, like Gecko) Chrome/148.0.7778.216 Mobile Safari/537.36"
89.214.151.3 - - [07/Jun/2026:00:03:33 +0200] "GET /web/wp-conteudos/plugins/userpro/skins/pure/style.css HTTP/1.1" 200 5179 "https://www.biocabaz.pt/web/produto/agua-monchique-15l/" "Mozilla/5.0 (Linux; Android 15; 25028RN03Y Build/AP3A.240905.015.A2) AppleWebKit/537.36 (KHTML, like Gecko) Chrome/148.0.7778.216 Mobile Safari/537.36"
89.214.151.3 - - [07/Jun/2026:00:03:33 +0200] "GET /web/wp-conteudos/plugins/userpro/css/up-fontawesome.css HTTP/1.1" 200 10233 "https://www.biocabaz.pt/web/produto/agua-monchique-15l/" "Mozilla/5.0 (Linux; Android 15; 25028RN03Y Build/AP3A.240905.015.A2) AppleWebKit/537.36 (KHTML, like Gecko) Chrome/148.0.7778.216 Mobile Safari/537.36"
89.214.151.3 - - [07/Jun/2026:00:03:33 +0200] "GET /web/wp-conteudos/plugins/userpro/addons/timeline/assets/css/timeline.css HTTP/1.1" 200 1159 "https://www.biocabaz.pt/web/produto/agua-monchique-15l/" "Mozilla/5.0 (Linux; Android 15; 25028RN03Y Build/AP3A.240905.015.A2) AppleWebKit/537.36 (KHTML, like Gecko) Chrome/148.0.7778.216 Mobile Safari/537.36"
89.214.151.3 - - [07/Jun/2026:00:03:33 +0200] "GET /web/wp-conteudos/plugins/woo-keyinvoice-integration/public/css/woo-keyinvoice-integration-public.css HTTP/1.1" 200 98 "https://www.biocabaz.pt/web/produto/agua-monchique-15l/" "Mozilla/5.0 (Linux; Android 15; 25028RN03Y Build/AP3A.240905.015.A2) AppleWebKit/537.36 (KHTML, like Gecko) Chrome/148.0.7778.216 Mobile Safari/537.36"
89.214.151.3 - - [07/Jun/2026:00:03:33 +0200] "GET /web/wp-conteudos/plugins/woocommerce/assets/css/photoswipe/photoswipe.min.css HTTP/1.1" 200 1009 "https://www.biocabaz.pt/web/produto/agua-monchique-15l/" "Mozilla/5.0 (Linux; Android 15; 25028RN03Y Build/AP3A.240905.015.A2) AppleWebKit/537.36 (KHTML, like Gecko) Chrome/148.0.7778.216 Mobile Safari/537.36"
89.214.151.3 - - [07/Jun/2026:00:03:33 +0200] "GET /web/wp-conteudos/plugins/woocommerce/assets/css/photoswipe/default-skin/default-skin.min.css HTTP/1.1" 200 1937 "https://www.biocabaz.pt/web/produto/agua-monchique-15l/" "Mozilla/5.0 (Linux; Android 15; 25028RN03Y Build/AP3A.240905.015.A2) AppleWebKit/537.36 (KHTML, like Gecko) Chrome/148.0.7778.216 Mobile Safari/537.36"
89.214.151.3 - - [07/Jun/2026:00:03:33 +0200] "GET /web/wp-conteudos/themes/jupiter/assets/stylesheet/plugins/min/woocommerce.css HTTP/1.1" 200 9632 "https://www.biocabaz.pt/web/produto/agua-monchique-15l/" "Mozilla/5.0 (Linux; Android 15; 25028RN03Y Build/AP3A.240905.015.A2) AppleWebKit/537.36 (KHTML, like Gecko) Chrome/148.0.7778.216 Mobile Safari/537.36"
89.214.151.3 - - [07/Jun/2026:00:03:33 +0200] "GET /web/wp-conteudos/plugins/wp-multilang/assets/styles/main.min.css HTTP/1.1" 200 1027 "https://www.biocabaz.pt/web/produto/agua-monchique-15l/" "Mozilla/5.0 (Linux; Android 15; 25028RN03Y Build/AP3A.240905.015.A2) AppleWebKit/537.36 (KHTML, like Gecko) Chrome/148.0.7778.216 Mobile Safari/537.36"
89.214.151.3 - - [07/Jun/2026:00:03:33 +0200] "GET /web/wp-conteudos/themes/jupiter/header-builder/includes/assets/css/mkhb-render.css HTTP/1.1" 200 1156 "https://www.biocabaz.pt/web/produto/agua-monchique-15l/" "Mozilla/5.0 (Linux; Android 15; 25028RN03Y Build/AP3A.240905.015.A2) AppleWebKit/537.36 (KHTML, like Gecko) Chrome/148.0.7778.216 Mobile Safari/537.36"
89.214.151.3 - - [07/Jun/2026:00:03:33 +0200] "GET /web/wp-conteudos/themes/jupiter/assets/stylesheet/min/full-styles.6.5.1.css HTTP/1.1" 200 27411 "https://www.biocabaz.pt/web/produto/agua-monchique-15l/" "Mozilla/5.0 (Linux; Android 15; 25028RN03Y Build/AP3A.240905.015.A2) AppleWebKit/537.36 (KHTML, like Gecko) Chrome/148.0.7778.216 Mobile Safari/537.36"
89.214.151.3 - - [07/Jun/2026:00:03:33 +0200] "GET /web/wp-conteudos/themes/jupiter/header-builder/includes/assets/css/mkhb-row.css HTTP/1.1" 200 553 "https://www.biocabaz.pt/web/produto/agua-monchique-15l/" "Mozilla/5.0 (Linux; Android 15; 25028RN03Y Build/AP3A.240905.015.A2) AppleWebKit/537.36 (KHTML, like Gecko) Chrome/148.0.7778.216 Mobile Safari/537.36"
89.214.151.3 - - [07/Jun/2026:00:03:33 +0200] "GET /web/wp-conteudos/themes/jupiter/header-builder/includes/assets/css/mkhb-column.css HTTP/1.1" 200 833 "https://www.biocabaz.pt/web/produto/agua-monchique-15l/" "Mozilla/5.0 (Linux; Android 15; 25028RN03Y Build/AP3A.240905.015.A2) AppleWebKit/537.36 (KHTML, like Gecko) Chrome/148.0.7778.216 Mobile Safari/537.36"
89.214.151.3 - - [07/Jun/2026:00:03:33 +0200] "GET /web/wp-conteudos/plugins/dhvc-form/assets/fonts/font-awesome/css/font-awesome.min.css HTTP/1.1" 200 4747 "https://www.biocabaz.pt/web/produto/agua-monchique-15l/" "Mozilla/5.0 (Linux; Android 15; 25028RN03Y Build/AP3A.240905.015.A2) AppleWebKit/537.36 (KHTML, like Gecko) Chrome/148.0.7778.216 Mobile Safari/537.36"
89.214.151.3 - - [07/Jun/2026:00:03:33 +0200] "GET /web/wp-conteudos/plugins/dhvc-form/assets/css/style.css HTTP/1.1" 200 3736 "https://www.biocabaz.pt/web/produto/agua-monchique-15l/" "Mozilla/5.0 (Linux; Android 15; 25028RN03Y Build/AP3A.240905.015.A2) AppleWebKit/537.36 (KHTML, like Gecko) Chrome/148.0.7778.216 Mobile Safari/537.36"
52.167.144.222 - - [07/Jun/2026:00:03:33 +0200] "GET /web/en/shop/page/13/?doing_wp_cron=1746375276.7366991043090820312500 HTTP/1.1" 200 32839 "-" "Mozilla/5.0 AppleWebKit/537.36 (KHTML, like Gecko; compatible; bingbot/2.0; +http://www.bing.com/bingbot.htm) Chrome/116.0.1938.76 Safari/537.36"
89.214.151.3 - - [07/Jun/2026:00:03:33 +0200] "GET /web/wp-conteudos/uploads/mk_assets/theme-options-production-1780169976.css HTTP/1.1" 200 5907 "https://www.biocabaz.pt/web/produto/agua-monchique-15l/" "Mozilla/5.0 (Linux; Android 15; 25028RN03Y Build/AP3A.240905.015.A2) AppleWebKit/537.36 (KHTML, like Gecko) Chrome/148.0.7778.216 Mobile Safari/537.36"
89.214.151.3 - - [07/Jun/2026:00:03:33 +0200] "GET /web/wp-conteudos/plugins/woocommerce-product-bundles/assets/css/frontend/woocommerce.css HTTP/1.1" 200 607 "https://www.biocabaz.pt/web/produto/agua-monchique-15l/" "Mozilla/5.0 (Linux; Android 15; 25028RN03Y Build/AP3A.240905.015.A2) AppleWebKit/537.36 (KHTML, like Gecko) Chrome/148.0.7778.216 Mobile Safari/537.36"
89.214.151.3 - - [07/Jun/2026:00:03:33 +0200] "GET /web/wp-conteudos/plugins/jupiter-donut/assets/css/shortcodes-styles.min.css HTTP/1.1" 200 58842 "https://www.biocabaz.pt/web/produto/agua-monchique-15l/" "Mozilla/5.0 (Linux; Android 15; 25028RN03Y Build/AP3A.240905.015.A2) AppleWebKit/537.36 (KHTML, like Gecko) Chrome/148.0.7778.216 Mobile Safari/537.36"
89.214.151.3 - - [07/Jun/2026:00:03:33 +0200] "GET /web/wp-conteudos/themes/jupiter-child/style.css HTTP/1.1" 200 410 "https://www.biocabaz.pt/web/produto/agua-monchique-15l/" "Mozilla/5.0 (Linux; Android 15; 25028RN03Y Build/AP3A.240905.015.A2) AppleWebKit/537.36 (KHTML, like Gecko) Chrome/148.0.7778.216 Mobile Safari/537.36"
89.214.151.3 - - [07/Jun/2026:00:03:33 +0200] "GET /web/wp-conteudos/plugins/smart-marketing-for-wp/admin/js/egoi-for-wp-canvas.js HTTP/1.1" 200 2304 "https://www.biocabaz.pt/web/produto/agua-monchique-15l/" "Mozilla/5.0 (Linux; Android 15; 25028RN03Y Build/AP3A.240905.015.A2) AppleWebKit/537.36 (KHTML, like Gecko) Chrome/148.0.7778.216 Mobile Safari/537.36"
89.214.151.3 - - [07/Jun/2026:00:03:34 +0200] "GET /web/wp-includes/js/jquery/jquery.min.js HTTP/1.1" 200 30646 "https://www.biocabaz.pt/web/produto/agua-monchique-15l/" "Mozilla/5.0 (Linux; Android 15; 25028RN03Y Build/AP3A.240905.015.A2) AppleWebKit/537.36 (KHTML, like Gecko) Chrome/148.0.7778.216 Mobile Safari/537.36"
89.214.151.3 - - [07/Jun/2026:00:03:34 +0200] "GET /web/wp-includes/js/jquery/jquery-migrate.min.js HTTP/1.1" 200 4894 "https://www.biocabaz.pt/web/produto/agua-monchique-15l/" "Mozilla/5.0 (Linux; Android 15; 25028RN03Y Build/AP3A.240905.015.A2) AppleWebKit/537.36 (KHTML, like Gecko) Chrome/148.0.7778.216 Mobile Safari/537.36"
89.214.151.3 - - [07/Jun/2026:00:03:34 +0200] "GET /web/wp-conteudos/themes/jupiter/assets/js/plugins/wp-enqueue/webfontloader.js HTTP/1.1" 200 5035 "https://www.biocabaz.pt/web/produto/agua-monchique-15l/" "Mozilla/5.0 (Linux; Android 15; 25028RN03Y Build/AP3A.240905.015.A2) AppleWebKit/537.36 (KHTML, like Gecko) Chrome/148.0.7778.216 Mobile Safari/537.36"
89.214.151.3 - - [07/Jun/2026:00:03:34 +0200] "GET /web/wp-conteudos/plugins/cookie-notice/js/front.min.js HTTP/1.1" 200 2167 "https://www.biocabaz.pt/web/produto/agua-monchique-15l/" "Mozilla/5.0 (Linux; Android 15; 25028RN03Y Build/AP3A.240905.015.A2) AppleWebKit/537.36 (KHTML, like Gecko) Chrome/148.0.7778.216 Mobile Safari/537.36"
89.214.151.3 - - [07/Jun/2026:00:03:34 +0200] "GET /web/wp-conteudos/plugins/woo-keyinvoice-integration/public/js/woo-keyinvoice-integration-public.js HTTP/1.1" 200 838 "https://www.biocabaz.pt/web/produto/agua-monchique-15l/" "Mozilla/5.0 (Linux; Android 15; 25028RN03Y Build/AP3A.240905.015.A2) AppleWebKit/537.36 (KHTML, like Gecko) Chrome/148.0.7778.216 Mobile Safari/537.36"
89.214.151.3 - - [07/Jun/2026:00:03:34 +0200] "GET /web/wp-conteudos/plugins/woocommerce/assets/js/jquery-blockui/jquery.blockUI.min.js HTTP/1.1" 200 3518 "https://www.biocabaz.pt/web/produto/agua-monchique-15l/" "Mozilla/5.0 (Linux; Android 15; 25028RN03Y Build/AP3A.240905.015.A2) AppleWebKit/537.36 (KHTML, like Gecko) Chrome/148.0.7778.216 Mobile Safari/537.36"
89.214.151.3 - - [07/Jun/2026:00:03:34 +0200] "GET /web/wp-conteudos/plugins/woocommerce/assets/js/frontend/add-to-cart.min.js HTTP/1.1" 200 1102 "https://www.biocabaz.pt/web/produto/agua-monchique-15l/" "Mozilla/5.0 (Linux; Android 15; 25028RN03Y Build/AP3A.240905.015.A2) AppleWebKit/537.36 (KHTML, like Gecko) Chrome/148.0.7778.216 Mobile Safari/537.36"
89.214.151.3 - - [07/Jun/2026:00:03:34 +0200] "GET /web/wp-conteudos/plugins/js_composer_theme/assets/js/vendors/woocommerce-add-to-cart.js HTTP/1.1" 200 992 "https://www.biocabaz.pt/web/produto/agua-monchique-15l/" "Mozilla/5.0 (Linux; Android 15; 25028RN03Y Build/AP3A.240905.015.A2) AppleWebKit/537.36 (KHTML, like Gecko) Chrome/148.0.7778.216 Mobile Safari/537.36"
89.214.151.3 - - [07/Jun/2026:00:03:34 +0200] "GET /web/wp-includes/js/dist/hooks.min.js HTTP/1.1" 200 1660 "https://www.biocabaz.pt/web/produto/agua-monchique-15l/" "Mozilla/5.0 (Linux; Android 15; 25028RN03Y Build/AP3A.240905.015.A2) AppleWebKit/537.36 (KHTML, like Gecko) Chrome/148.0.7778.216 Mobile Safari/537.36"
89.214.151.3 - - [07/Jun/2026:00:03:34 +0200] "GET /web/wp-conteudos/plugins/woocommerce-google-adwords-conversion-tracking-tag/js/public/wpm-public.p1.min.js HTTP/1.1" 200 40537 "https://www.biocabaz.pt/web/produto/agua-monchique-15l/" "Mozilla/5.0 (Linux; Android 15; 25028RN03Y Build/AP3A.240905.015.A2) AppleWebKit/537.36 (KHTML, like Gecko) Chrome/148.0.7778.216 Mobile Safari/537.36"
89.214.151.3 - - [07/Jun/2026:00:03:34 +0200] "GET /web/wp-conteudos/themes/jupiter/framework/includes/woocommerce-quantity-increment/assets/js/wc-quantity-increment.min.js HTTP/1.1" 200 570 "https://www.biocabaz.pt/web/produto/agua-monchique-15l/" "Mozilla/5.0 (Linux; Android 15; 25028RN03Y Build/AP3A.240905.015.A2) AppleWebKit/537.36 (KHTML, like Gecko) Chrome/148.0.7778.216 Mobile Safari/537.36"
89.214.151.3 - - [07/Jun/2026:00:03:34 +0200] "GET /web/wp-conteudos/themes/jupiter/framework/includes/woocommerce-quantity-increment/assets/js/lib/number-polyfill.min.js HTTP/1.1" 200 2821 "https://www.biocabaz.pt/web/produto/agua-monchique-15l/" "Mozilla/5.0 (Linux; Android 15; 25028RN03Y Build/AP3A.240905.015.A2) AppleWebKit/537.36 (KHTML, like Gecko) Chrome/148.0.7778.216 Mobile Safari/537.36"
89.214.151.3 - - [07/Jun/2026:00:03:34 +0200] "GET /web/wp-conteudos/plugins/userpro/addons/social/scripts/userpro-social.js HTTP/1.1" 200 1348 "https://www.biocabaz.pt/web/produto/agua-monchique-15l/" "Mozilla/5.0 (Linux; Android 15; 25028RN03Y Build/AP3A.240905.015.A2) AppleWebKit/537.36 (KHTML, like Gecko) Chrome/148.0.7778.216 Mobile Safari/537.36"
89.214.151.3 - - [07/Jun/2026:00:03:34 +0200] "GET /web/wp-conteudos/plugins/userpro/scripts/userpro.encrypt.js HTTP/1.1" 200 3835 "https://www.biocabaz.pt/web/produto/agua-monchique-15l/" "Mozilla/5.0 (Linux; Android 15; 25028RN03Y Build/AP3A.240905.015.A2) AppleWebKit/537.36 (KHTML, like Gecko) Chrome/148.0.7778.216 Mobile Safari/537.36"
47.128.17.206 - - [07/Jun/2026:00:03:34 +0200] "GET /web/produto/entrecosto-porco-preto-bio/ HTTP/1.1" 200 38697 "-" "Mozilla/5.0 (compatible; Bytespider; spider-feedback@bytedance.com) AppleWebKit/537.36 (KHTML, like Gecko) Chrome/70.0.0.0 Safari/537.36"
89.214.151.3 - - [07/Jun/2026:00:03:34 +0200] "GET /web/wp-conteudos/plugins/wp-multilang/flags/pt.png HTTP/1.1" 200 255 "https://www.biocabaz.pt/web/produto/agua-monchique-15l/" "Mozilla/5.0 (Linux; Android 15; 25028RN03Y Build/AP3A.240905.015.A2) AppleWebKit/537.36 (KHTML, like Gecko) Chrome/148.0.7778.216 Mobile Safari/537.36"
