89.214.151.3 - - [07/Jun/2026:00:03:34 +0200] "GET /web/wp-conteudos/uploads/2021/01/biocabaz_logosite2.png HTTP/1.1" 200 6409 "https://www.biocabaz.pt/web/produto/agua-monchique-15l/" "Mozilla/5.0 (Linux; Android 15; 25028RN03Y Build/AP3A.240905.015.A2) AppleWebKit/537.36 (KHTML, like Gecko) Chrome/148.0.7778.216 Mobile Safari/537.36"
89.214.151.3 - - [07/Jun/2026:00:03:34 +0200] "GET /web/wp-conteudos/plugins/wp-multilang/flags/us.png HTTP/1.1" 200 307 "https://www.biocabaz.pt/web/produto/agua-monchique-15l/" "Mozilla/5.0 (Linux; Android 15; 25028RN03Y Build/AP3A.240905.015.A2) AppleWebKit/537.36 (KHTML, like Gecko) Chrome/148.0.7778.216 Mobile Safari/537.36"
89.214.151.3 - - [07/Jun/2026:00:03:34 +0200] "GET /web/scripts/myscript.js?v=1.2 HTTP/1.1" 200 1531 "https://www.biocabaz.pt/web/produto/agua-monchique-15l/" "Mozilla/5.0 (Linux; Android 15; 25028RN03Y Build/AP3A.240905.015.A2) AppleWebKit/537.36 (KHTML, like Gecko) Chrome/148.0.7778.216 Mobile Safari/537.36"
89.214.151.3 - - [07/Jun/2026:00:03:34 +0200] "GET /web/wp-conteudos/plugins/userpro/assets/css/fontawesome/css/all.min.css HTTP/1.1" 200 12340 "https://www.biocabaz.pt/web/produto/agua-monchique-15l/" "Mozilla/5.0 (Linux; Android 15; 25028RN03Y Build/AP3A.240905.015.A2) AppleWebKit/537.36 (KHTML, like Gecko) Chrome/148.0.7778.216 Mobile Safari/537.36"
89.214.151.3 - - [07/Jun/2026:00:03:34 +0200] "GET /web/wp-conteudos/uploads/2016/09/monchique-todas-as-garrafas-scaled-e1604408181373-1000x2932.jpeg HTTP/1.1" 200 137789 "https://www.biocabaz.pt/web/produto/agua-monchique-15l/" "Mozilla/5.0 (Linux; Android 15; 25028RN03Y Build/AP3A.240905.015.A2) AppleWebKit/537.36 (KHTML, like Gecko) Chrome/148.0.7778.216 Mobile Safari/537.36"
89.214.151.3 - - [07/Jun/2026:00:03:35 +0200] "GET /web/wp-conteudos/themes/jupiter/assets/images/woocommerce/mk-moon-cart-plus.svg HTTP/1.1" 200 854 "https://www.biocabaz.pt/web/wp-conteudos/themes/jupiter/assets/stylesheet/plugins/min/woocommerce.css" "Mozilla/5.0 (Linux; Android 15; 25028RN03Y Build/AP3A.240905.015.A2) AppleWebKit/537.36 (KHTML, like Gecko) Chrome/148.0.7778.216 Mobile Safari/537.36"
89.214.151.3 - - [07/Jun/2026:00:03:35 +0200] "GET /web/wp-conteudos/plugins/userpro/assets/css/main.css HTTP/1.1" 200 707 "https://www.biocabaz.pt/web/produto/agua-monchique-15l/" "Mozilla/5.0 (Linux; Android 15; 25028RN03Y Build/AP3A.240905.015.A2) AppleWebKit/537.36 (KHTML, like Gecko) Chrome/148.0.7778.216 Mobile Safari/537.36"
89.214.151.3 - - [07/Jun/2026:00:03:35 +0200] "GET /web/wp-includes/js/jquery/ui/core.min.js HTTP/1.1" 200 7137 "https://www.biocabaz.pt/web/produto/agua-monchique-15l/" "Mozilla/5.0 (Linux; Android 15; 25028RN03Y Build/AP3A.240905.015.A2) AppleWebKit/537.36 (KHTML, like Gecko) Chrome/148.0.7778.216 Mobile Safari/537.36"
89.214.151.3 - - [07/Jun/2026:00:03:35 +0200] "GET /web/wp-conteudos/uploads/2021/04/bio_botao_menos2-verde.png HTTP/1.1" 200 148 "https://www.biocabaz.pt/web/produto/agua-monchique-15l/" "Mozilla/5.0 (Linux; Android 15; 25028RN03Y Build/AP3A.240905.015.A2) AppleWebKit/537.36 (KHTML, like Gecko) Chrome/148.0.7778.216 Mobile Safari/537.36"
52.167.144.222 - - [07/Jun/2026:00:03:35 +0200] "GET /web/en/produto/bebida-de-trigo-sarraceno-isola/ HTTP/1.1" 302 102 "-" "Mozilla/5.0 AppleWebKit/537.36 (KHTML, like Gecko; compatible; bingbot/2.0; +http://www.bing.com/bingbot.htm) Chrome/116.0.1938.76 Safari/537.36"
89.214.151.3 - - [07/Jun/2026:00:03:35 +0200] "GET /web/wp-conteudos/uploads/2020/04/screenshot-2020-04-20-at-01.06.58.png HTTP/1.1" 200 231865 "https://www.biocabaz.pt/web/produto/agua-monchique-15l/" "Mozilla/5.0 (Linux; Android 15; 25028RN03Y Build/AP3A.240905.015.A2) AppleWebKit/537.36 (KHTML, like Gecko) Chrome/148.0.7778.216 Mobile Safari/537.36"
89.214.151.3 - - [07/Jun/2026:00:03:36 +0200] "GET /web/wp-conteudos/uploads/2021/04/bio_botao_mais2-verde.png HTTP/1.1" 200 162 "https://www.biocabaz.pt/web/produto/agua-monchique-15l/" "Mozilla/5.0 (Linux; Android 15; 25028RN03Y Build/AP3A.240905.015.A2) AppleWebKit/537.36 (KHTML, like Gecko) Chrome/148.0.7778.216 Mobile Safari/537.36"
89.214.151.3 - - [07/Jun/2026:00:03:36 +0200] "GET /web/wp-conteudos/plugins/userpro/scripts/up-custom-script.js HTTP/1.1" 200 562 "https://www.biocabaz.pt/web/produto/agua-monchique-15l/" "Mozilla/5.0 (Linux; Android 15; 25028RN03Y Build/AP3A.240905.015.A2) AppleWebKit/537.36 (KHTML, like Gecko) Chrome/148.0.7778.216 Mobile Safari/537.36"
89.214.151.3 - - [07/Jun/2026:00:03:36 +0200] "GET /web/wp-conteudos/plugins/userpro/addons/timeline/assets/js/timeline.js HTTP/1.1" 200 693 "https://www.biocabaz.pt/web/produto/agua-monchique-15l/" "Mozilla/5.0 (Linux; Android 15; 25028RN03Y Build/AP3A.240905.015.A2) AppleWebKit/537.36 (KHTML, like Gecko) Chrome/148.0.7778.216 Mobile Safari/537.36"
89.214.151.3 - - [07/Jun/2026:00:03:36 +0200] "GET /web/wp-includes/js/jquery/ui/datepicker.min.js HTTP/1.1" 200 11003 "https://www.biocabaz.pt/web/produto/agua-monchique-15l/" "Mozilla/5.0 (Linux; Android 15; 25028RN03Y Build/AP3A.240905.015.A2) AppleWebKit/537.36 (KHTML, like Gecko) Chrome/148.0.7778.216 Mobile Safari/537.36"
89.214.151.3 - - [07/Jun/2026:00:03:36 +0200] "GET /web/wp-conteudos/plugins/woocommerce/assets/js/zoom/jquery.zoom.min.js HTTP/1.1" 200 1191 "https://www.biocabaz.pt/web/produto/agua-monchique-15l/" "Mozilla/5.0 (Linux; Android 15; 25028RN03Y Build/AP3A.240905.015.A2) AppleWebKit/537.36 (KHTML, like Gecko) Chrome/148.0.7778.216 Mobile Safari/537.36"
89.214.151.3 - - [07/Jun/2026:00:03:36 +0200] "GET /web/wp-conteudos/plugins/js_composer_theme/assets/lib/bower/flexslider/jquery.flexslider-min.js HTTP/1.1" 200 6483 "https://www.biocabaz.pt/web/produto/agua-monchique-15l/" "Mozilla/5.0 (Linux; Android 15; 25028RN03Y Build/AP3A.240905.015.A2) AppleWebKit/537.36 (KHTML, like Gecko) Chrome/148.0.7778.216 Mobile Safari/537.36"
89.214.151.3 - - [07/Jun/2026:00:03:36 +0200] "GET /web/wp-conteudos/plugins/woocommerce/assets/js/photoswipe/photoswipe.min.js HTTP/1.1" 200 11975 "https://www.biocabaz.pt/web/produto/agua-monchique-15l/" "Mozilla/5.0 (Linux; Android 15; 25028RN03Y Build/AP3A.240905.015.A2) AppleWebKit/537.36 (KHTML, like Gecko) Chrome/148.0.7778.216 Mobile Safari/537.36"
89.214.151.3 - - [07/Jun/2026:00:03:36 +0200] "GET /web/wp-conteudos/plugins/woocommerce/assets/js/photoswipe/photoswipe-ui-default.min.js HTTP/1.1" 200 3648 "https://www.biocabaz.pt/web/produto/agua-monchique-15l/" "Mozilla/5.0 (Linux; Android 15; 25028RN03Y Build/AP3A.240905.015.A2) AppleWebKit/537.36 (KHTML, like Gecko) Chrome/148.0.7778.216 Mobile Safari/537.36"
89.214.151.3 - - [07/Jun/2026:00:03:36 +0200] "GET /web/wp-conteudos/plugins/woocommerce/assets/js/frontend/single-product.min.js HTTP/1.1" 200 1895 "https://www.biocabaz.pt/web/produto/agua-monchique-15l/" "Mozilla/5.0 (Linux; Android 15; 25028RN03Y Build/AP3A.240905.015.A2) AppleWebKit/537.36 (KHTML, like Gecko) Chrome/148.0.7778.216 Mobile Safari/537.36"
89.214.151.3 - - [07/Jun/2026:00:03:36 +0200] "GET /web/wp-conteudos/plugins/woocommerce/assets/js/frontend/woocommerce.min.js HTTP/1.1" 200 806 "https://www.biocabaz.pt/web/produto/agua-monchique-15l/" "Mozilla/5.0 (Linux; Android 15; 25028RN03Y Build/AP3A.240905.015.A2) AppleWebKit/537.36 (KHTML, like Gecko) Chrome/148.0.7778.216 Mobile Safari/537.36"
89.214.151.3 - - [07/Jun/2026:00:03:36 +0200] "GET /web/wp-conteudos/plugins/woocommerce/assets/js/js-cookie/js.cookie.min.js HTTP/1.1" 200 994 "https://www.biocabaz.pt/web/produto/agua-monchique-15l/" "Mozilla/5.0 (Linux; Android 15; 25028RN03Y Build/AP3A.240905.015.A2) AppleWebKit/537.36 (KHTML, like Gecko) Chrome/148.0.7778.216 Mobile Safari/537.36"
89.214.151.3 - - [07/Jun/2026:00:03:37 +0200] "GET /web/wp-conteudos/plugins/woocommerce/assets/js/frontend/cart-fragments.min.js HTTP/1.1" 200 1054 "https://www.biocabaz.pt/web/produto/agua-monchique-15l/" "Mozilla/5.0 (Linux; Android 15; 25028RN03Y Build/AP3A.240905.015.A2) AppleWebKit/537.36 (KHTML, like Gecko) Chrome/148.0.7778.216 Mobile Safari/537.36"
89.214.151.3 - - [07/Jun/2026:00:03:37 +0200] "GET /web/wp-conteudos/plugins/wp-multilang/assets/blocks/language-switcher/js/switcher-block.min.js HTTP/1.1" 200 1066 "https://www.biocabaz.pt/web/produto/agua-monchique-15l/" "Mozilla/5.0 (Linux; Android 15; 25028RN03Y Build/AP3A.240905.015.A2) AppleWebKit/537.36 (KHTML, like Gecko) Chrome/148.0.7778.216 Mobile Safari/537.36"
89.214.151.3 - - [07/Jun/2026:00:03:37 +0200] "GET /web/wp-conteudos/themes/jupiter/assets/js/components-full.6.5.1.js HTTP/1.1" 200 1320 "https://www.biocabaz.pt/web/produto/agua-monchique-15l/" "Mozilla/5.0 (Linux; Android 15; 25028RN03Y Build/AP3A.240905.015.A2) AppleWebKit/537.36 (KHTML, like Gecko) Chrome/148.0.7778.216 Mobile Safari/537.36"
89.214.151.3 - - [07/Jun/2026:00:03:37 +0200] "GET /web/wp-conteudos/themes/jupiter/assets/js/plugins/wp-enqueue/smoothscroll.js HTTP/1.1" 200 6579 "https://www.biocabaz.pt/web/produto/agua-monchique-15l/" "Mozilla/5.0 (Linux; Android 15; 25028RN03Y Build/AP3A.240905.015.A2) AppleWebKit/537.36 (KHTML, like Gecko) Chrome/148.0.7778.216 Mobile Safari/537.36"
89.214.151.3 - - [07/Jun/2026:00:03:37 +0200] "GET /web/wp-conteudos/themes/jupiter/header-builder/includes/assets/js/mkhb-render.js HTTP/1.1" 200 1790 "https://www.biocabaz.pt/web/produto/agua-monchique-15l/" "Mozilla/5.0 (Linux; Android 15; 25028RN03Y Build/AP3A.240905.015.A2) AppleWebKit/537.36 (KHTML, like Gecko) Chrome/148.0.7778.216 Mobile Safari/537.36"
89.214.151.3 - - [07/Jun/2026:00:03:37 +0200] "GET /web/wp-conteudos/themes/jupiter/assets/js/core-scripts.6.5.1.js HTTP/1.1" 200 118467 "https://www.biocabaz.pt/web/produto/agua-monchique-15l/" "Mozilla/5.0 (Linux; Android 15; 25028RN03Y Build/AP3A.240905.015.A2) AppleWebKit/537.36 (KHTML, like Gecko) Chrome/148.0.7778.216 Mobile Safari/537.36"
89.214.151.3 - - [07/Jun/2026:00:03:37 +0200] "GET /web/wp-conteudos/themes/jupiter/header-builder/includes/assets/js/mkhb-column.js HTTP/1.1" 200 1089 "https://www.biocabaz.pt/web/produto/agua-monchique-15l/" "Mozilla/5.0 (Linux; Android 15; 25028RN03Y Build/AP3A.240905.015.A2) AppleWebKit/537.36 (KHTML, like Gecko) Chrome/148.0.7778.216 Mobile Safari/537.36"
89.214.151.3 - - [07/Jun/2026:00:03:37 +0200] "GET /web/wp-conteudos/uploads/bfi_thumb/dummy-transparent-ooif3gskt3pjjx65vz1jy6igecasblxpwo2vtsp0vc.png HTTP/1.1" 200 6635 "https://www.biocabaz.pt/web/produto/agua-monchique-15l/" "Mozilla/5.0 (Linux; Android 15; 25028RN03Y Build/AP3A.240905.015.A2) AppleWebKit/537.36 (KHTML, like Gecko) Chrome/148.0.7778.216 Mobile Safari/537.36"
89.214.151.3 - - [07/Jun/2026:00:03:37 +0200] "GET /web/wp-conteudos/plugins/jupiter-donut/assets/js/shortcodes-scripts.min.js HTTP/1.1" 200 17932 "https://www.biocabaz.pt/web/produto/agua-monchique-15l/" "Mozilla/5.0 (Linux; Android 15; 25028RN03Y Build/AP3A.240905.015.A2) AppleWebKit/537.36 (KHTML, like Gecko) Chrome/148.0.7778.216 Mobile Safari/537.36"
89.214.151.3 - - [07/Jun/2026:00:03:37 +0200] "GET /web/wp-conteudos/uploads/2016/08/sativa.jpg HTTP/1.1" 200 12543 "https://www.biocabaz.pt/web/produto/agua-monchique-15l/" "Mozilla/5.0 (Linux; Android 15; 25028RN03Y Build/AP3A.240905.015.A2) AppleWebKit/537.36 (KHTML, like Gecko) Chrome/148.0.7778.216 Mobile Safari/537.36"
89.214.151.3 - - [07/Jun/2026:00:03:37 +0200] "GET /web/wp-conteudos/uploads/2016/08/simbolo.jpg HTTP/1.1" 200 3027 "https://www.biocabaz.pt/web/produto/agua-monchique-15l/" "Mozilla/5.0 (Linux; Android 15; 25028RN03Y Build/AP3A.240905.015.A2) AppleWebKit/537.36 (KHTML, like Gecko) Chrome/148.0.7778.216 Mobile Safari/537.36"
89.214.151.3 - - [07/Jun/2026:00:03:37 +0200] "GET /web/wp-conteudos/uploads/2019/11/Download_on_GooglePlay-300x116.png HTTP/1.1" 200 22520 "https://www.biocabaz.pt/web/produto/agua-monchique-15l/" "Mozilla/5.0 (Linux; Android 15; 25028RN03Y Build/AP3A.240905.015.A2) AppleWebKit/537.36 (KHTML, like Gecko) Chrome/148.0.7778.216 Mobile Safari/537.36"
89.214.151.3 - - [07/Jun/2026:00:03:37 +0200] "GET /web/wp-conteudos/uploads/2019/11/com-badge-ios-300x129.png HTTP/1.1" 200 23500 "https://www.biocabaz.pt/web/produto/agua-monchique-15l/" "Mozilla/5.0 (Linux; Android 15; 25028RN03Y Build/AP3A.240905.015.A2) AppleWebKit/537.36 (KHTML, like Gecko) Chrome/148.0.7778.216 Mobile Safari/537.36"
89.214.151.3 - - [07/Jun/2026:00:03:37 +0200] "GET /web/wp-conteudos/uploads/2020/01/livroreclamacoes-300x123.png HTTP/1.1" 200 12145 "https://www.biocabaz.pt/web/produto/agua-monchique-15l/" "Mozilla/5.0 (Linux; Android 15; 25028RN03Y Build/AP3A.240905.015.A2) AppleWebKit/537.36 (KHTML, like Gecko) Chrome/148.0.7778.216 Mobile Safari/537.36"
89.214.151.3 - - [07/Jun/2026:00:03:37 +0200] "GET /web/wp-conteudos/uploads/2021/05/aecc-cor-cmyk-300x126.jpg HTTP/1.1" 200 11695 "https://www.biocabaz.pt/web/produto/agua-monchique-15l/" "Mozilla/5.0 (Linux; Android 15; 25028RN03Y Build/AP3A.240905.015.A2) AppleWebKit/537.36 (KHTML, like Gecko) Chrome/148.0.7778.216 Mobile Safari/537.36"
89.214.151.3 - - [07/Jun/2026:00:03:37 +0200] "GET /web/wp-conteudos/uploads/2016/09/monchique-todas-as-garrafas-scaled-e1604408181373.jpeg HTTP/1.1" 200 46534 "https://www.biocabaz.pt/web/produto/agua-monchique-15l/" "Mozilla/5.0 (Linux; Android 15; 25028RN03Y Build/AP3A.240905.015.A2) AppleWebKit/537.36 (KHTML, like Gecko) Chrome/148.0.7778.216 Mobile Safari/537.36"
89.214.151.3 - - [07/Jun/2026:00:03:38 +0200] "GET /web/wp-conteudos/uploads/2016/09/agua-monchique-0510-e1629383837380-330x260.jpg HTTP/1.1" 200 2456 "https://www.biocabaz.pt/web/produto/agua-monchique-15l/" "Mozilla/5.0 (Linux; Android 15; 25028RN03Y Build/AP3A.240905.015.A2) AppleWebKit/537.36 (KHTML, like Gecko) Chrome/148.0.7778.216 Mobile Safari/537.36"
89.214.151.3 - - [07/Jun/2026:00:03:38 +0200] "GET /web/wp-conteudos/uploads/2016/09/conjunto-garrafas-rgb-scaled-e1604407846506-330x260.jpg HTTP/1.1" 200 12688 "https://www.biocabaz.pt/web/produto/agua-monchique-15l/" "Mozilla/5.0 (Linux; Android 15; 25028RN03Y Build/AP3A.240905.015.A2) AppleWebKit/537.36 (KHTML, like Gecko) Chrome/148.0.7778.216 Mobile Safari/537.36"
52.167.144.222 - - [07/Jun/2026:00:03:38 +0200] "GET /web/en/produto/bebida-de-trigo-sarraceno-isola/?doing_wp_cron=1780783415.4767398834228515625000 HTTP/1.1" 200 39109 "-" "Mozilla/5.0 AppleWebKit/537.36 (KHTML, like Gecko; compatible; bingbot/2.0; +http://www.bing.com/bingbot.htm) Chrome/116.0.1938.76 Safari/537.36"
89.214.151.3 - - [07/Jun/2026:00:03:39 +0200] "POST /web/?wc-ajax=get_refreshed_fragments HTTP/1.1" 200 627 "https://www.biocabaz.pt/web/produto/agua-monchique-15l/" "Mozilla/5.0 (Linux; Android 15; 25028RN03Y Build/AP3A.240905.015.A2) AppleWebKit/537.36 (KHTML, like Gecko) Chrome/148.0.7778.216 Mobile Safari/537.36"
157.55.39.59 - - [07/Jun/2026:00:03:39 +0200] "GET /web/shop/page/32/?doing_wp_cron=1760242674.8245980739593505859375 HTTP/1.1" 200 32609 "-" "Mozilla/5.0 AppleWebKit/537.36 (KHTML, like Gecko; compatible; bingbot/2.0; +http://www.bing.com/bingbot.htm) Chrome/116.0.1938.76 Safari/537.36"
157.55.39.59 - - [07/Jun/2026:00:03:40 +0200] "GET /web/shop/page/12/?doing_wp_cron=1739419456.9852910041809082031250 HTTP/1.1" 200 34392 "-" "Mozilla/5.0 AppleWebKit/537.36 (KHTML, like Gecko; compatible; bingbot/2.0; +http://www.bing.com/bingbot.htm) Chrome/116.0.1938.76 Safari/537.36"
157.55.39.59 - - [07/Jun/2026:00:03:40 +0200] "GET /web/en/shop/page/4/ HTTP/1.1" 200 33268 "-" "Mozilla/5.0 AppleWebKit/537.36 (KHTML, like Gecko; compatible; bingbot/2.0; +http://www.bing.com/bingbot.htm) Chrome/116.0.1938.76 Safari/537.36"
216.73.217.110 - - [07/Jun/2026:00:03:40 +0200] "GET /web/produto/bebida-de-arroz-c-coco-1l-isola/?add-to-cart=960&doing_wp_cron=1780777689.4701859951019287109375 HTTP/1.1" 200 39391 "-" "Mozilla/5.0 AppleWebKit/537.36 (KHTML, like Gecko; compatible; ClaudeBot/1.0; +claudebot@anthropic.com)"
157.55.39.59 - - [07/Jun/2026:00:03:40 +0200] "GET /web/shop/page/16/ HTTP/1.1" 200 32725 "-" "Mozilla/5.0 AppleWebKit/537.36 (KHTML, like Gecko; compatible; bingbot/2.0; +http://www.bing.com/bingbot.htm) Chrome/116.0.1938.76 Safari/537.36"
52.167.144.222 - - [07/Jun/2026:00:03:40 +0200] "GET /web/en/produto/papa-espelta-4m-bio-250g-holle/?doing_wp_cron=1690870218.6344769001007080078125 HTTP/1.1" 200 39758 "-" "Mozilla/5.0 AppleWebKit/537.36 (KHTML, like Gecko; compatible; bingbot/2.0; +http://www.bing.com/bingbot.htm) Chrome/116.0.1938.76 Safari/537.36"
89.214.151.3 - - [07/Jun/2026:00:03:40 +0200] "GET /web/wp-conteudos/themes/jupiter/assets/js/plugins/async/min/minigrid.js HTTP/1.1" 200 1053 "https://www.biocabaz.pt/web/produto/agua-monchique-15l/" "Mozilla/5.0 (Linux; Android 15; 25028RN03Y Build/AP3A.240905.015.A2) AppleWebKit/537.36 (KHTML, like Gecko) Chrome/148.0.7778.216 Mobile Safari/537.36"
89.214.151.3 - - [07/Jun/2026:00:03:40 +0200] "GET /web/wp-conteudos/themes/jupiter/assets/js/plugins/async/min/jquery.flexslider.js HTTP/1.1" 200 7414 "https://www.biocabaz.pt/web/produto/agua-monchique-15l/" "Mozilla/5.0 (Linux; Android 15; 25028RN03Y Build/AP3A.240905.015.A2) AppleWebKit/537.36 (KHTML, like Gecko) Chrome/148.0.7778.216 Mobile Safari/537.36"
89.214.151.3 - - [07/Jun/2026:00:03:40 +0200] "GET /web/wp-conteudos/uploads/2016/01/LogoBiocabaz_4-135.png HTTP/1.1" 200 6632 "https://www.biocabaz.pt/web/produto/agua-monchique-15l/" "Mozilla/5.0 (Linux; Android 15; 25028RN03Y Build/AP3A.240905.015.A2) AppleWebKit/537.36 (KHTML, like Gecko) Chrome/148.0.7778.216 Mobile Safari/537.36"
51.124.236.1 - - [07/Jun/2026:00:03:49 +0200] "GET / HTTP/1.0" 200 612 "-" "check_http/v2.3.3 (nagios-plugins 2.3.3)"
47.128.17.205 - - [07/Jun/2026:00:03:49 +0200] "GET /web/produto/escova-de-dentes-bambu-com-carvao-activo-nordics/ HTTP/1.1" 200 38519 "-" "Mozilla/5.0 (compatible; Bytespider; spider-feedback@bytedance.com) AppleWebKit/537.36 (KHTML, like Gecko) Chrome/70.0.0.0 Safari/537.36"
52.167.144.220 - - [07/Jun/2026:00:03:50 +0200] "GET /web/?s=2025&doing_wp_cron=1774286504.7123899459838867187500 HTTP/1.1" 200 28904 "-" "Mozilla/5.0 AppleWebKit/537.36 (KHTML, like Gecko; compatible; bingbot/2.0; +http://www.bing.com/bingbot.htm) Chrome/116.0.1938.76 Safari/537.36"
66.249.79.34 - - [07/Jun/2026:00:03:51 +0200] "GET /web/produto/and-iogurte-frambuesa-sabugueiro-400g-copo/?add-to-cart=641 HTTP/1.1" 200 40170 "-" "Mozilla/5.0 (Linux; Android 6.0.1; Nexus 5X Build/MMB29P) AppleWebKit/537.36 (KHTML, like Gecko) Chrome/148.0.7778.96 Mobile Safari/537.36 (compatible; Googlebot/2.1; +http://www.google.com/bot.html)"
52.167.144.220 - - [07/Jun/2026:00:03:51 +0200] "GET /web/shop/page/3/?doing_wp_cron=1771545629.0755329132080078125000 HTTP/1.1" 200 32648 "-" "Mozilla/5.0 AppleWebKit/537.36 (KHTML, like Gecko; compatible; bingbot/2.0; +http://www.bing.com/bingbot.htm) Chrome/116.0.1938.76 Safari/537.36"
52.167.144.220 - - [07/Jun/2026:00:03:52 +0200] "GET /web/shop/page/54/?doing_wp_cron=1743998137.2946839332580566406250 HTTP/1.1" 200 32713 "-" "Mozilla/5.0 AppleWebKit/537.36 (KHTML, like Gecko; compatible; bingbot/2.0; +http://www.bing.com/bingbot.htm) Chrome/116.0.1938.76 Safari/537.36"
52.167.144.222 - - [07/Jun/2026:00:03:53 +0200] "GET /web/en/categoria-produto/mercearia/sal-especiarias-temperos/page/3/?doing_wp_cron=1779171944.8290290832519531250000 HTTP/1.1" 200 32528 "-" "Mozilla/5.0 AppleWebKit/537.36 (KHTML, like Gecko; compatible; bingbot/2.0; +http://www.bing.com/bingbot.htm) Chrome/116.0.1938.76 Safari/537.36"
66.249.79.34 - - [07/Jun/2026:00:03:55 +0200] "GET /web/wp-conteudos/plugins/woocommerce/assets/js/photoswipe/photoswipe.min.js HTTP/1.1" 200 11975 "https://www.biocabaz.pt/web/produto/and-iogurte-frambuesa-sabugueiro-400g-copo/?add-to-cart=641" "Mozilla/5.0 (Linux; Android 6.0.1; Nexus 5X Build/MMB29P) AppleWebKit/537.36 (KHTML, like Gecko) Chrome/148.0.7778.96 Mobile Safari/537.36 (compatible; Googlebot/2.1; +http://www.google.com/bot.html)"
52.167.144.220 - - [07/Jun/2026:00:03:55 +0200] "GET /web/shop/page/25/?doing_wp_cron=1764005231.0832641124725341796875 HTTP/1.1" 200 32866 "-" "Mozilla/5.0 AppleWebKit/537.36 (KHTML, like Gecko; compatible; bingbot/2.0; +http://www.bing.com/bingbot.htm) Chrome/116.0.1938.76 Safari/537.36"
148.69.56.241 - - [07/Jun/2026:00:03:57 +0200] "GET /sobre/ HTTP/1.1" 200 29741 "https://www.fomento-sgoic.pt/" "Mozilla/5.0 (Linux; Android 10; K) AppleWebKit/537.36 (KHTML, like Gecko) Chrome/149.0.0.0 Mobile Safari/537.36"
66.249.79.34 - - [07/Jun/2026:00:03:57 +0200] "POST /web/wp-json/pmw/v1/products/ HTTP/1.1" 200 1122 "https://www.biocabaz.pt/web/produto/and-iogurte-frambuesa-sabugueiro-400g-copo/?add-to-cart=641" "Mozilla/5.0 (Linux; Android 6.0.1; Nexus 5X Build/MMB29P) AppleWebKit/537.36 (KHTML, like Gecko) Chrome/148.0.7778.96 Mobile Safari/537.36 (compatible; Googlebot/2.1; +http://www.google.com/bot.html)"
148.69.56.241 - - [07/Jun/2026:00:03:57 +0200] "GET /wp-content/plugins/Ultimate_VC_Addons/assets/min-css/ultimate.min.css?ver=3.19.11 HTTP/1.1" 200 50162 "https://www.fomento-sgoic.pt/sobre/" "Mozilla/5.0 (Linux; Android 10; K) AppleWebKit/537.36 (KHTML, like Gecko) Chrome/149.0.0.0 Mobile Safari/537.36"
148.69.56.241 - - [07/Jun/2026:00:03:57 +0200] "GET /wp-content/plugins/Ultimate_VC_Addons/assets/fonts/vidcons.css?ver=3.19.11 HTTP/1.1" 200 823 "https://www.fomento-sgoic.pt/sobre/" "Mozilla/5.0 (Linux; Android 10; K) AppleWebKit/537.36 (KHTML, like Gecko) Chrome/149.0.0.0 Mobile Safari/537.36"
148.69.56.241 - - [07/Jun/2026:00:03:57 +0200] "GET /wp-content/plugins/Ultimate_VC_Addons/assets/min-js/modernizr-custom.min.js?ver=3.19.11 HTTP/1.1" 200 3463 "https://www.fomento-sgoic.pt/sobre/" "Mozilla/5.0 (Linux; Android 10; K) AppleWebKit/537.36 (KHTML, like Gecko) Chrome/149.0.0.0 Mobile Safari/537.36"
148.69.56.241 - - [07/Jun/2026:00:03:57 +0200] "GET /wp-content/plugins/Ultimate_VC_Addons/assets/min-js/ultimate.min.js?ver=3.19.11 HTTP/1.1" 200 50265 "https://www.fomento-sgoic.pt/sobre/" "Mozilla/5.0 (Linux; Android 10; K) AppleWebKit/537.36 (KHTML, like Gecko) Chrome/149.0.0.0 Mobile Safari/537.36"
148.69.56.241 - - [07/Jun/2026:00:03:57 +0200] "GET /wp-content/plugins/Ultimate_VC_Addons/assets/min-js/jparallax.min.js?ver=3.19.11 HTTP/1.1" 200 2929 "https://www.fomento-sgoic.pt/sobre/" "Mozilla/5.0 (Linux; Android 10; K) AppleWebKit/537.36 (KHTML, like Gecko) Chrome/149.0.0.0 Mobile Safari/537.36"
148.69.56.241 - - [07/Jun/2026:00:03:57 +0200] "GET /wp-content/plugins/Ultimate_VC_Addons/assets/min-js/vhparallax.min.js?ver=3.19.11 HTTP/1.1" 200 1083 "https://www.fomento-sgoic.pt/sobre/" "Mozilla/5.0 (Linux; Android 10; K) AppleWebKit/537.36 (KHTML, like Gecko) Chrome/149.0.0.0 Mobile Safari/537.36"
148.69.56.241 - - [07/Jun/2026:00:03:57 +0200] "GET /wp-content/plugins/Ultimate_VC_Addons/assets/min-js/ultimate_bg.min.js?ver=3.19.11 HTTP/1.1" 200 9587 "https://www.fomento-sgoic.pt/sobre/" "Mozilla/5.0 (Linux; Android 10; K) AppleWebKit/537.36 (KHTML, like Gecko) Chrome/149.0.0.0 Mobile Safari/537.36"
148.69.56.241 - - [07/Jun/2026:00:03:57 +0200] "GET /wp-content/plugins/Ultimate_VC_Addons/assets/min-js/mb-YTPlayer.min.js?ver=3.19.11 HTTP/1.1" 200 14647 "https://www.fomento-sgoic.pt/sobre/" "Mozilla/5.0 (Linux; Android 10; K) AppleWebKit/537.36 (KHTML, like Gecko) Chrome/149.0.0.0 Mobile Safari/537.36"
148.69.56.241 - - [07/Jun/2026:00:03:57 +0200] "GET /wp-content/uploads/2022/08/Organograma_FF_2026_3-Direcoes.jpg HTTP/1.1" 200 124054 "https://www.fomento-sgoic.pt/sobre/" "Mozilla/5.0 (Linux; Android 10; K) AppleWebKit/537.36 (KHTML, like Gecko) Chrome/149.0.0.0 Mobile Safari/537.36"
148.69.56.241 - - [07/Jun/2026:00:03:57 +0200] "GET /wp-content/uploads/2022/09/tf2_equipa22_5.jpg HTTP/1.1" 200 91766 "https://www.fomento-sgoic.pt/sobre/" "Mozilla/5.0 (Linux; Android 10; K) AppleWebKit/537.36 (KHTML, like Gecko) Chrome/149.0.0.0 Mobile Safari/537.36"
148.69.56.241 - - [07/Jun/2026:00:03:58 +0200] "GET /wp-content/uploads/2022/08/Abel-Artur-Mascarenhas-01-NET-1.png HTTP/1.1" 200 320604 "https://www.fomento-sgoic.pt/sobre/" "Mozilla/5.0 (Linux; Android 10; K) AppleWebKit/537.36 (KHTML, like Gecko) Chrome/149.0.0.0 Mobile Safari/537.36"
148.69.56.241 - - [07/Jun/2026:00:03:58 +0200] "GET /wp-content/themes/turismofundos22/js/properties-map.js?ver=1780783436 HTTP/1.1" 200 1475 "https://www.fomento-sgoic.pt/sobre/" "Mozilla/5.0 (Linux; Android 10; K) AppleWebKit/537.36 (KHTML, like Gecko) Chrome/149.0.0.0 Mobile Safari/537.36"
148.69.56.241 - - [07/Jun/2026:00:03:58 +0200] "GET /wp-includes/js/imagesloaded.min.js?ver=5.0.0 HTTP/1.1" 200 1824 "https://www.fomento-sgoic.pt/sobre/" "Mozilla/5.0 (Linux; Android 10; K) AppleWebKit/537.36 (KHTML, like Gecko) Chrome/149.0.0.0 Mobile Safari/537.36"
148.69.56.241 - - [07/Jun/2026:00:03:58 +0200] "GET /wp-includes/js/masonry.min.js?ver=4.2.2 HTTP/1.1" 200 7418 "https://www.fomento-sgoic.pt/sobre/" "Mozilla/5.0 (Linux; Android 10; K) AppleWebKit/537.36 (KHTML, like Gecko) Chrome/149.0.0.0 Mobile Safari/537.36"
148.69.56.241 - - [07/Jun/2026:00:03:58 +0200] "GET /wp-includes/js/jquery/ui/mouse.min.js?ver=1.13.3 HTTP/1.1" 200 1118 "https://www.fomento-sgoic.pt/sobre/" "Mozilla/5.0 (Linux; Android 10; K) AppleWebKit/537.36 (KHTML, like Gecko) Chrome/149.0.0.0 Mobile Safari/537.36"
148.69.56.241 - - [07/Jun/2026:00:03:58 +0200] "GET /wp-includes/js/jquery/ui/slider.min.js?ver=1.13.3 HTTP/1.1" 200 3175 "https://www.fomento-sgoic.pt/sobre/" "Mozilla/5.0 (Linux; Android 10; K) AppleWebKit/537.36 (KHTML, like Gecko) Chrome/149.0.0.0 Mobile Safari/537.36"
148.69.56.241 - - [07/Jun/2026:00:03:58 +0200] "GET /wp-content/uploads/2022/08/tf2_pageTitle_5.jpg HTTP/1.1" 200 124429 "https://www.fomento-sgoic.pt/sobre/" "Mozilla/5.0 (Linux; Android 10; K) AppleWebKit/537.36 (KHTML, like Gecko) Chrome/149.0.0.0 Mobile Safari/537.36"
148.69.56.241 - - [07/Jun/2026:00:03:58 +0200] "GET /wp-content/uploads/2022/08/tf2_img-13.jpg HTTP/1.1" 200 123535 "https://www.fomento-sgoic.pt/sobre/" "Mozilla/5.0 (Linux; Android 10; K) AppleWebKit/537.36 (KHTML, like Gecko) Chrome/149.0.0.0 Mobile Safari/537.36"
148.69.56.241 - - [07/Jun/2026:00:03:58 +0200] "GET /wp-content/uploads/2022/09/tf2_img-15.jpg HTTP/1.1" 200 96435 "https://www.fomento-sgoic.pt/sobre/" "Mozilla/5.0 (Linux; Android 10; K) AppleWebKit/537.36 (KHTML, like Gecko) Chrome/149.0.0.0 Mobile Safari/537.36"
216.73.217.110 - - [07/Jun/2026:00:04:02 +0200] "GET /web/produto/bebida-de-arroz-c-coco-1l-isola/?add-to-cart=3910&doing_wp_cron=1780777690.2127530574798583984375 HTTP/1.1" 200 39403 "-" "Mozilla/5.0 AppleWebKit/537.36 (KHTML, like Gecko; compatible; ClaudeBot/1.0; +claudebot@anthropic.com)"
47.128.17.194 - - [07/Jun/2026:00:04:05 +0200] "GET /web/produto/detergente-loica-limao-0-85lt/ HTTP/1.1" 200 39217 "-" "Mozilla/5.0 (compatible; Bytespider; spider-feedback@bytedance.com) AppleWebKit/537.36 (KHTML, like Gecko) Chrome/70.0.0.0 Safari/537.36"
52.22.236.30 - - [07/Jun/2026:00:04:07 +0200] "GET / HTTP/1.1" 301 5 "https://fomento-sgoic.pt/" "Mozilla/5.0+(compatible; UptimeRobot/2.0; http://www.uptimerobot.com/)"
52.22.236.30 - - [07/Jun/2026:00:04:08 +0200] "GET / HTTP/1.1" 200 33120 "https://fomento-sgoic.pt/" "Mozilla/5.0+(compatible; UptimeRobot/2.0; http://www.uptimerobot.com/)"
66.249.79.35 - - [07/Jun/2026:00:04:08 +0200] "POST /web/?wc-ajax=get_refreshed_fragments HTTP/1.1" 200 1333 "https://www.biocabaz.pt/web/produto/and-iogurte-frambuesa-sabugueiro-400g-copo/?add-to-cart=641" "Mozilla/5.0 (Linux; Android 6.0.1; Nexus 5X Build/MMB29P) AppleWebKit/537.36 (KHTML, like Gecko) Chrome/148.0.7778.96 Mobile Safari/537.36 (compatible; Googlebot/2.1; +http://www.google.com/bot.html)"
121.29.51.109 - - [07/Jun/2026:00:04:09 +0200] "GET / HTTP/1.1" 302 102 "-" "Opera/9.80 (Windows NT 5.1; U; en) Presto/2.9.168 Version/11.51"
66.249.79.35 - - [07/Jun/2026:00:04:11 +0200] "POST /web/wp-json/pmw/v1/products/ HTTP/1.1" 200 1122 "https://www.biocabaz.pt/web/produto/and-iogurte-frambuesa-sabugueiro-400g-copo/?add-to-cart=641" "Mozilla/5.0 (Linux; Android 6.0.1; Nexus 5X Build/MMB29P) AppleWebKit/537.36 (KHTML, like Gecko) Chrome/148.0.7778.96 Mobile Safari/537.36 (compatible; Googlebot/2.1; +http://www.google.com/bot.html)"
157.55.39.59 - - [07/Jun/2026:00:04:13 +0200] "GET /web/en/shop/page/23/?doing_wp_cron=1774945830.5244569778442382812500 HTTP/1.1" 200 33327 "-" "Mozilla/5.0 AppleWebKit/537.36 (KHTML, like Gecko; compatible; bingbot/2.0; +http://www.bing.com/bingbot.htm) Chrome/116.0.1938.76 Safari/537.36"
216.73.217.110 - - [07/Jun/2026:00:04:13 +0200] "GET /web/produto/tomate-cherry-bio/?add-to-cart=361&doing_wp_cron=1780777630.6055140495300292968750 HTTP/1.1" 200 40550 "-" "Mozilla/5.0 AppleWebKit/537.36 (KHTML, like Gecko; compatible; ClaudeBot/1.0; +claudebot@anthropic.com)"
47.128.17.167 - - [07/Jun/2026:00:04:14 +0200] "GET /web/produto/xarope-de-tamaras-250grs/ HTTP/1.1" 200 38464 "-" "Mozilla/5.0 (compatible; Bytespider; spider-feedback@bytedance.com) AppleWebKit/537.36 (KHTML, like Gecko) Chrome/70.0.0.0 Safari/537.36"
47.128.17.194 - - [07/Jun/2026:00:04:14 +0200] "GET /web/wp-conteudos/uploads/2021/08/detergente-loica-limao-0.85lt.jpg HTTP/1.1" 206 500 "https://www.biocabaz.pt/web/produto/detergente-loica-limao-0-85lt/" "Mozilla/5.0 (compatible; Bytespider; spider-feedback@bytedance.com) AppleWebKit/537.36 (KHTML, like Gecko) Chrome/70.0.0.0 Safari/537.36"
157.55.39.59 - - [07/Jun/2026:00:04:14 +0200] "GET /web/en/categoria-produto/mercearia/page/20/?doing_wp_cron=1742462106.2702009677886962890625 HTTP/1.1" 200 31780 "-" "Mozilla/5.0 AppleWebKit/537.36 (KHTML, like Gecko; compatible; bingbot/2.0; +http://www.bing.com/bingbot.htm) Chrome/116.0.1938.76 Safari/537.36"
52.167.144.220 - - [07/Jun/2026:00:04:22 +0200] "GET /web/en/shop/page/38/?doing_wp_cron=1768058092.9600200653076171875000 HTTP/1.1" 200 32573 "-" "Mozilla/5.0 AppleWebKit/537.36 (KHTML, like Gecko; compatible; bingbot/2.0; +http://www.bing.com/bingbot.htm) Chrome/116.0.1938.76 Safari/537.36"
52.167.144.220 - - [07/Jun/2026:00:04:23 +0200] "GET /web/categoria-produto/mercearia/page/10/?doing_wp_cron=1752819066.9192700386047363281250 HTTP/1.1" 200 35080 "-" "Mozilla/5.0 AppleWebKit/537.36 (KHTML, like Gecko; compatible; bingbot/2.0; +http://www.bing.com/bingbot.htm) Chrome/116.0.1938.76 Safari/537.36"
47.128.17.167 - - [07/Jun/2026:00:04:28 +0200] "GET /web/wp-conteudos/uploads/2018/10/acucar-de-coco-provida-138x150.jpg HTTP/1.1" 206 500 "https://biocabaz.pt/" "Mozilla/5.0 (compatible; Bytespider; spider-feedback@bytedance.com) AppleWebKit/537.36 (KHTML, like Gecko) Chrome/70.0.0.0 Safari/537.36"
52.167.144.156 - - [07/Jun/2026:00:04:29 +0200] "GET /web/produto/noz-bio-125g-provida/ HTTP/1.1" 302 102 "-" "Mozilla/5.0 AppleWebKit/537.36 (KHTML, like Gecko; compatible; bingbot/2.0; +http://www.bing.com/bingbot.htm) Chrome/116.0.1938.76 Safari/537.36"
52.167.144.156 - - [07/Jun/2026:00:04:32 +0200] "GET /web/produto/noz-bio-125g-provida/?doing_wp_cron=1780783469.7630820274353027343750 HTTP/1.1" 200 38927 "-" "Mozilla/5.0 AppleWebKit/537.36 (KHTML, like Gecko; compatible; bingbot/2.0; +http://www.bing.com/bingbot.htm) Chrome/116.0.1938.76 Safari/537.36"
75.119.139.177 - - [07/Jun/2026:00:04:36 +0200] "POST /wp-cron.php?doing_wp_cron=1780783476.1504390239715576171875 HTTP/1.1" 200 31 "-" "WordPress/6.9; https://www.fomento-sgoic.pt"
57.141.20.6 - - [07/Jun/2026:00:04:36 +0200] "GET /products/12548796/ HTTP/1.1" 301 5 "-" "meta-externalagent/1.1 (+https://developers.facebook.com/docs/sharing/webmasters/crawler)"
116.179.32.150 - - [07/Jun/2026:00:04:37 +0200] "GET /web/en/categoria-produto/frescos/page/7/?doing_wp_cron=1733302349.3477900028228759765625 HTTP/1.1" 200 33001 "-" "Mozilla/5.0 (compatible; Baiduspider/2.0; +http://www.baidu.com/search/spider.html)"
121.29.51.109 - - [07/Jun/2026:00:04:42 +0200] "GET / HTTP/1.1" 301 5 "-" "Dalvik/2.1.0 (Linux; U; Android 9.0; ZTE BA520 Build/MRA58K)"
157.55.39.59 - - [07/Jun/2026:00:04:42 +0200] "GET /web/shop/page/40/?doing_wp_cron=1744522542.9085528850555419921875 HTTP/1.1" 200 32621 "-" "Mozilla/5.0 AppleWebKit/537.36 (KHTML, like Gecko; compatible; bingbot/2.0; +http://www.bing.com/bingbot.htm) Chrome/116.0.1938.76 Safari/537.36"
121.29.51.109 - - [07/Jun/2026:00:04:42 +0200] "GET /web/ HTTP/1.1" 200 38190 "-" "Dalvik/2.1.0 (Linux; U; Android 9.0; ZTE BA520 Build/MRA58K)"
52.167.144.222 - - [07/Jun/2026:00:04:48 +0200] "GET /web/produto/gengibre-moido-40g-lebensbaum/ HTTP/1.1" 200 39243 "-" "Mozilla/5.0 AppleWebKit/537.36 (KHTML, like Gecko; compatible; bingbot/2.0; +http://www.bing.com/bingbot.htm) Chrome/116.0.1938.76 Safari/537.36"
52.167.144.222 - - [07/Jun/2026:00:04:51 +0200] "GET /web/en/produto/farinha-de-trigo-integral-bio-tipo-150-paulino-horta-1kg/ HTTP/1.1" 200 39216 "-" "Mozilla/5.0 AppleWebKit/537.36 (KHTML, like Gecko; compatible; bingbot/2.0; +http://www.bing.com/bingbot.htm) Chrome/116.0.1938.76 Safari/537.36"
52.167.144.220 - - [07/Jun/2026:00:04:52 +0200] "GET /web/en/categoria-produto/frescos/page/3/ HTTP/1.1" 200 31735 "-" "Mozilla/5.0 AppleWebKit/537.36 (KHTML, like Gecko; compatible; bingbot/2.0; +http://www.bing.com/bingbot.htm) Chrome/116.0.1938.76 Safari/537.36"
66.249.68.68 - - [07/Jun/2026:00:04:52 +0200] "GET /web/en/polen-bio-225grs-flores-do-monte/ HTTP/1.1" 200 37542 "-" "Mozilla/5.0 (Linux; Android 6.0.1; Nexus 5X Build/MMB29P) AppleWebKit/537.36 (KHTML, like Gecko) Chrome/148.0.7778.96 Mobile Safari/537.36 (compatible; Googlebot/2.1; +http://www.google.com/bot.html)"
220.181.108.110 - - [07/Jun/2026:00:04:54 +0200] "GET /web/en/shop/page/18/?doing_wp_cron=1774020154.8476378917694091796875 HTTP/1.1" 200 32433 "-" "Mozilla/5.0 (compatible; Baiduspider/2.0; +http://www.baidu.com/search/spider.html)"
91.92.240.112 - - [07/Jun/2026:00:04:55 +0200] "GET /wp-content/plugins/breeze/readme.txt HTTP/1.1" 404 146 "-" "Mozilla/5.0 (Windows NT 10.0; Win64; x64) AppleWebKit/537.36"
91.92.240.112 - - [07/Jun/2026:00:04:55 +0200] "GET /wp-content/plugins/breeze/breeze.php HTTP/1.1" 404 27 "-" "Mozilla/5.0 (Windows NT 10.0; Win64; x64) AppleWebKit/537.36"
116.179.37.85 - - [07/Jun/2026:00:04:56 +0200] "GET /web/wp-conteudos/plugins/userpro/addons/social/scripts/userpro-social.js HTTP/1.1" 200 1348 "https://biocabaz.pt/" "Mozilla/5.0 (compatible; Baiduspider-render/2.0; +http://www.baidu.com/search/spider.html)"
91.92.240.112 - - [07/Jun/2026:00:04:57 +0200] "GET / HTTP/1.1" 301 5 "-" "Mozilla/5.0 (Windows NT 10.0; Win64; x64) AppleWebKit/537.36"
91.92.240.112 - - [07/Jun/2026:00:04:57 +0200] "GET /web/ HTTP/1.1" 200 217111 "https://biocabaz.pt/" "Mozilla/5.0 (Windows NT 10.0; Win64; x64) AppleWebKit/537.36"
157.90.155.240 - - [07/Jun/2026:00:04:58 +0200] "GET /web/ HTTP/1.1" 200 38196 "https://biocabaz.pt/web/" "Mozilla/5.0+(compatible; UptimeRobot/2.0; http://www.uptimerobot.com/)"
91.92.240.112 - - [07/Jun/2026:00:04:58 +0200] "GET /wp-content/plugins/breeze/assets/js/breeze.min.js HTTP/1.1" 404 146 "-" "Mozilla/5.0 (Windows NT 10.0; Win64; x64) AppleWebKit/537.36"
91.92.240.112 - - [07/Jun/2026:00:04:58 +0200] "GET /wp-content/plugins/breeze/assets/js/breeze-lazy-load.min.js HTTP/1.1" 404 146 "-" "Mozilla/5.0 (Windows NT 10.0; Win64; x64) AppleWebKit/537.36"
116.179.37.152 - - [07/Jun/2026:00:04:58 +0200] "POST /web/en/?wc-ajax=get_refreshed_fragments HTTP/1.1" 200 629 "https://biocabaz.pt/web/en/categoria-produto/frescos/page/7/?doing_wp_cron=1733302349.3477900028228759765625" "Mozilla/5.0 (compatible; Baiduspider-render/2.0; +http://www.baidu.com/search/spider.html)"
47.82.8.78 - - [07/Jun/2026:00:04:58 +0200] "GET /web/produto/mix-puff-bio-150grs-provida/ HTTP/1.1" 200 38975 "-" "Mozilla/5.0 (Windows NT 10.0; Win64; x64) AppleWebKit/537.36 (KHTML, like Gecko) Chrome/141.0.0.0 Safari/537.36"
66.249.68.67 - - [07/Jun/2026:00:04:59 +0200] "POST /web/en/?wc-ajax=get_refreshed_fragments HTTP/1.1" 200 630 "https://biocabaz.pt/web/en/polen-bio-225grs-flores-do-monte/" "Mozilla/5.0 (Linux; Android 6.0.1; Nexus 5X Build/MMB29P) AppleWebKit/537.36 (KHTML, like Gecko) Chrome/148.0.7778.96 Mobile Safari/537.36 (compatible; Googlebot/2.1; +http://www.google.com/bot.html)"
116.179.37.67 - - [07/Jun/2026:00:04:59 +0200] "POST /web/en/?wc-ajax=get_refreshed_fragments HTTP/1.1" 200 630 "https://www.biocabaz.pt/web/en/shop/page/18/?doing_wp_cron=1774020154.8476378917694091796875" "Mozilla/5.0 (compatible; Baiduspider-render/2.0; +http://www.baidu.com/search/spider.html)"
75.119.139.177 - - [07/Jun/2026:00:05:01 +0200] "GET /web/ HTTP/1.0" 200 217762 "-" "-"
75.119.139.177 - - [07/Jun/2026:00:05:01 +0200] "GET /web/en/ HTTP/1.0" 200 210780 "-" "-"
91.92.240.112 - - [07/Jun/2026:00:05:02 +0200] "GET /wp-content/plugins/breeze/readme.txt HTTP/1.1" 301 162 "-" "Mozilla/5.0 (Windows NT 10.0; Win64; x64) AppleWebKit/537.36"
91.92.240.112 - - [07/Jun/2026:00:05:02 +0200] "GET /wp-content/plugins/breeze/readme.txt HTTP/1.1" 404 146 "http://biocabaz.pt/wp-content/plugins/breeze/readme.txt" "Mozilla/5.0 (Windows NT 10.0; Win64; x64) AppleWebKit/537.36"
91.92.240.112 - - [07/Jun/2026:00:05:02 +0200] "GET /wp-content/plugins/breeze/breeze.php HTTP/1.1" 301 162 "-" "Mozilla/5.0 (Windows NT 10.0; Win64; x64) AppleWebKit/537.36"
91.92.240.112 - - [07/Jun/2026:00:05:02 +0200] "GET /wp-content/plugins/breeze/breeze.php HTTP/1.1" 404 27 "http://biocabaz.pt/wp-content/plugins/breeze/breeze.php" "Mozilla/5.0 (Windows NT 10.0; Win64; x64) AppleWebKit/537.36"
91.92.240.112 - - [07/Jun/2026:00:05:02 +0200] "GET / HTTP/1.1" 301 162 "-" "Mozilla/5.0 (Windows NT 10.0; Win64; x64) AppleWebKit/537.36"
75.119.139.177 - - [07/Jun/2026:00:05:04 +0200] "GET /web/profile/login/ HTTP/1.0" 200 187368 "-" "-"
91.92.240.112 - - [07/Jun/2026:00:05:05 +0200] "GET / HTTP/1.1" 301 5 "http://biocabaz.pt/" "Mozilla/5.0 (Windows NT 10.0; Win64; x64) AppleWebKit/537.36"
91.92.240.112 - - [07/Jun/2026:00:05:05 +0200] "GET /web/ HTTP/1.1" 200 217111 "https://biocabaz.pt/" "Mozilla/5.0 (Windows NT 10.0; Win64; x64) AppleWebKit/537.36"
116.179.37.90 - - [07/Jun/2026:00:05:05 +0200] "GET /web/wp-conteudos/themes/jupiter/assets/js/plugins/async/min/minigrid.js HTTP/1.1" 200 1053 "https://www.biocabaz.pt/web/en/shop/page/18/?doing_wp_cron=1774020154.8476378917694091796875" "Mozilla/5.0 (compatible; Baiduspider-render/2.0; +http://www.baidu.com/search/spider.html)"
116.179.37.58 - - [07/Jun/2026:00:05:05 +0200] "GET /web/wp-conteudos/themes/jupiter/assets/js/plugins/async/min/jquery.flexslider.js HTTP/1.1" 200 7414 "https://www.biocabaz.pt/web/en/shop/page/18/?doing_wp_cron=1774020154.8476378917694091796875" "Mozilla/5.0 (compatible; Baiduspider-render/2.0; +http://www.baidu.com/search/spider.html)"
185.191.171.15 - - [07/Jun/2026:00:05:06 +0200] "GET /web/produto/massa-tricolor-disney-princesas-bio-300g-dalla-costa/?doing_wp_cron=1778394382.1856100559234619140625 HTTP/1.1" 200 39206 "-" "Mozilla/5.0 (compatible; SemrushBot/7~bl; +http://www.semrush.com/bot.html)"
91.92.240.112 - - [07/Jun/2026:00:05:06 +0200] "GET /wp-content/plugins/breeze/assets/js/breeze.min.js HTTP/1.1" 301 162 "-" "Mozilla/5.0 (Windows NT 10.0; Win64; x64) AppleWebKit/537.36"
75.119.139.177 - - [07/Jun/2026:00:05:06 +0200] "GET /web/profile/register/ HTTP/1.0" 200 229420 "-" "-"
75.119.139.177 - - [07/Jun/2026:00:05:06 +0200] "GET /web/ HTTP/1.0" 200 217762 "-" "-"
91.92.240.112 - - [07/Jun/2026:00:05:06 +0200] "GET /wp-content/plugins/breeze/assets/js/breeze.min.js HTTP/1.1" 404 146 "http://biocabaz.pt/wp-content/plugins/breeze/assets/js/breeze.min.js" "Mozilla/5.0 (Windows NT 10.0; Win64; x64) AppleWebKit/537.36"
91.92.240.112 - - [07/Jun/2026:00:05:06 +0200] "GET /wp-content/plugins/breeze/assets/js/breeze-lazy-load.min.js HTTP/1.1" 301 162 "-" "Mozilla/5.0 (Windows NT 10.0; Win64; x64) AppleWebKit/537.36"
91.92.240.112 - - [07/Jun/2026:00:05:07 +0200] "GET /wp-content/plugins/breeze/assets/js/breeze-lazy-load.min.js HTTP/1.1" 404 146 "http://biocabaz.pt/wp-content/plugins/breeze/assets/js/breeze-lazy-load.min.js" "Mozilla/5.0 (Windows NT 10.0; Win64; x64) AppleWebKit/537.36"
75.119.139.177 - - [07/Jun/2026:00:05:08 +0200] "GET /web/?page_id=2718 HTTP/1.0" 404 134063 "-" "-"
75.119.139.177 - - [07/Jun/2026:00:05:08 +0200] "GET /web/cabazes-da-semana/ HTTP/1.0" 200 351589 "-" "-"
75.119.139.177 - - [07/Jun/2026:00:05:08 +0200] "GET /web/cabazes-da-semana-2/ HTTP/1.0" 200 278234 "-" "-"
75.119.139.177 - - [07/Jun/2026:00:05:08 +0200] "GET /web/categoria-produto/frescos/ HTTP/1.0" 200 195262 "-" "-"
75.119.139.177 - - [07/Jun/2026:00:05:08 +0200] "GET /web/categoria-produto/frescos/frutas/ HTTP/1.0" 200 192122 "-" "-"
75.119.139.177 - - [07/Jun/2026:00:05:08 +0200] "GET /web/categoria-produto/frescos/legumes/ HTTP/1.0" 200 191856 "-" "-"
75.119.139.177 - - [07/Jun/2026:00:05:08 +0200] "GET /web/categoria-produto/frescos/aromaticas/ HTTP/1.0" 200 176850 "-" "-"
75.119.139.177 - - [07/Jun/2026:00:05:08 +0200] "GET /web/categoria-produto/laticinios-e-substitutos/ovos/ HTTP/1.0" 200 141688 "-" "-"
75.119.139.177 - - [07/Jun/2026:00:05:08 +0200] "GET /web/categoria-produto/frescos/padaria/ HTTP/1.0" 200 197098 "-" "-"
75.119.139.177 - - [07/Jun/2026:00:05:08 +0200] "GET /web/categoria-produto/frescos/peixaria/ HTTP/1.0" 200 195435 "-" "-"
75.119.139.177 - - [07/Jun/2026:00:05:08 +0200] "GET /web/categoria-produto/frescos/talho-biologico/ HTTP/1.0" 200 197015 "-" "-"
75.119.139.177 - - [07/Jun/2026:00:05:08 +0200] "GET /web/categoria-produto/frescos/charcutaria/ HTTP/1.0" 200 158737 "-" "-"
75.119.139.177 - - [07/Jun/2026:00:05:08 +0200] "GET /web/categoria-produto/mercearia/ HTTP/1.0" 200 194128 "-" "-"
75.119.139.177 - - [07/Jun/2026:00:05:08 +0200] "GET /web/categoria-produto/mercearia/acucar/ HTTP/1.0" 200 178081 "-" "-"
75.119.139.177 - - [07/Jun/2026:00:05:08 +0200] "GET /web/categoria-produto/mercearia/arroz-farinha/ HTTP/1.0" 200 222903 "-" "-"
75.119.139.177 - - [07/Jun/2026:00:05:08 +0200] "GET /web/categoria-produto/mercearia/azeite-oleo-vinagre/ HTTP/1.0" 200 192766 "-" "-"
75.119.139.177 - - [07/Jun/2026:00:05:08 +0200] "GET /web/categoria-produto/mercearia/bolachas_e_snacks/ HTTP/1.0" 200 195863 "-" "-"
75.119.139.177 - - [07/Jun/2026:00:05:08 +0200] "GET /web/categoria-produto/mercearia/cafes-chas-e-infusoes/ HTTP/1.0" 200 195919 "-" "-"
75.119.139.177 - - [07/Jun/2026:00:05:08 +0200] "GET /web/categoria-produto/mercearia/cereais/ HTTP/1.0" 200 198554 "-" "-"
75.119.139.177 - - [07/Jun/2026:00:05:08 +0200] "GET /web/categoria-produto/mercearia/chocolates/ HTTP/1.0" 200 195239 "-" "-"
75.119.139.177 - - [07/Jun/2026:00:05:08 +0200] "GET /web/categoria-produto/mercearia/compotas-e-mel/ HTTP/1.0" 200 194631 "-" "-"
75.119.139.177 - - [07/Jun/2026:00:05:08 +0200] "GET /web/categoria-produto/mercearia/conservas/ HTTP/1.0" 200 192847 "-" "-"
75.119.139.177 - - [07/Jun/2026:00:05:08 +0200] "GET /web/categoria-produto/mercearia/frutos-secos/ HTTP/1.0" 200 195888 "-" "-"
75.119.139.177 - - [07/Jun/2026:00:05:09 +0200] "GET /web/categoria-produto/mercearia/leguminosas/ HTTP/1.0" 200 200978 "-" "-"
75.119.139.177 - - [07/Jun/2026:00:05:09 +0200] "GET /web/categoria-produto/mercearia/massas/ HTTP/1.0" 200 196218 "-" "-"
75.119.139.177 - - [07/Jun/2026:00:05:09 +0200] "GET /web/categoria-produto/mercearia/sal-especiarias-temperos/ HTTP/1.0" 200 194855 "-" "-"
75.119.139.177 - - [07/Jun/2026:00:05:09 +0200] "GET /web/categoria-produto/laticinios-e-substitutos/ HTTP/1.0" 200 194894 "-" "-"
75.119.139.177 - - [07/Jun/2026:00:05:09 +0200] "GET /web/categoria-produto/laticinios-e-substitutos/iogurtes/ HTTP/1.0" 200 192626 "-" "-"
75.119.139.177 - - [07/Jun/2026:00:05:09 +0200] "GET /web/categoria-produto/laticinios-e-substitutos/leites-bebidas-vegetais/ HTTP/1.0" 200 196839 "-" "-"
75.119.139.177 - - [07/Jun/2026:00:05:09 +0200] "GET /web/categoria-produto/laticinios-e-substitutos/manteigas-cremes-para-barrar/ HTTP/1.0" 200 195072 "-" "-"
75.119.139.177 - - [07/Jun/2026:00:05:09 +0200] "GET /web/categoria-produto/laticinios-e-substitutos/queijos-e-natas/ HTTP/1.0" 200 194855 "-" "-"
75.119.139.177 - - [07/Jun/2026:00:05:09 +0200] "GET /web/categoria-produto/bebidas/ HTTP/1.0" 200 201633 "-" "-"
75.119.139.177 - - [07/Jun/2026:00:05:09 +0200] "GET /web/categoria-produto/bebidas/aguas/ HTTP/1.0" 200 164358 "-" "-"
75.119.139.177 - - [07/Jun/2026:00:05:09 +0200] "GET /web/categoria-produto/bebidas/sumos/ HTTP/1.0" 200 174992 "-" "-"
75.119.139.177 - - [07/Jun/2026:00:05:09 +0200] "GET /web/categoria-produto/bebidas/vinho/ HTTP/1.0" 200 190206 "-" "-"
75.119.139.177 - - [07/Jun/2026:00:05:09 +0200] "GET /web/categoria-produto/bebes-e-criancas/ HTTP/1.0" 200 200419 "-" "-"
75.119.139.177 - - [07/Jun/2026:00:05:09 +0200] "GET /web/categoria-produto/bebes-e-criancas/leites/ HTTP/1.0" 200 159336 "-" "-"
75.119.139.177 - - [07/Jun/2026:00:05:09 +0200] "GET /web/categoria-produto/bebes-e-criancas/papas/ HTTP/1.0" 200 174299 "-" "-"
75.119.139.177 - - [07/Jun/2026:00:05:09 +0200] "GET /web/categoria-produto/bebes-e-criancas/refeicoes-prontas/ HTTP/1.0" 200 160484 "-" "-"
75.119.139.177 - - [07/Jun/2026:00:05:09 +0200] "GET /web/categoria-produto/bebes-e-criancas/sumos-snacks/ HTTP/1.0" 200 201499 "-" "-"
75.119.139.177 - - [07/Jun/2026:00:05:09 +0200] "GET /web/categoria-produto/sem-gluten-e-superalimentos/vegetariano-e-vegan-sem-gluten-e-superalimentos/ HTTP/1.0" 200 198044 "-" "-"
75.119.139.177 - - [07/Jun/2026:00:05:09 +0200] "GET /web/categoria-produto/sem-gluten-e-superalimentos/alimentos-sem-gluten/ HTTP/1.0" 200 226149 "-" "-"
75.119.139.177 - - [07/Jun/2026:00:05:09 +0200] "GET /web/categoria-produto/sem-gluten-e-superalimentos/superalimentos/ HTTP/1.0" 200 187972 "-" "-"
75.119.139.177 - - [07/Jun/2026:00:05:09 +0200] "GET /web/categoria-produto/saude-e-bem-estar/suplementos/ HTTP/1.0" 200 198424 "-" "-"
75.119.139.177 - - [07/Jun/2026:00:05:09 +0200] "GET /web/categoria-produto/higiene-e-beleza/cabelo/ HTTP/1.0" 200 195042 "-" "-"
75.119.139.177 - - [07/Jun/2026:00:05:09 +0200] "GET /web/categoria-produto/higiene-e-beleza/corpo/ HTTP/1.0" 200 174923 "-" "-"
85.208.96.198 - - [07/Jun/2026:00:05:09 +0200] "GET /web/produto/massa-tricolor-disney-princesas-bio-300g-dalla-costa/ HTTP/1.1" 200 39297 "-" "Mozilla/5.0 (compatible; SemrushBot/7~bl; +http://www.semrush.com/bot.html)"
75.119.139.177 - - [07/Jun/2026:00:05:09 +0200] "GET /web/categoria-produto/higiene-e-beleza/higiene-intima/ HTTP/1.0" 200 189372 "-" "-"
75.119.139.177 - - [07/Jun/2026:00:05:09 +0200] "GET /web/categoria-produto/higiene-e-beleza/higiene-oral/ HTTP/1.0" 200 194732 "-" "-"
75.119.139.177 - - [07/Jun/2026:00:05:09 +0200] "GET /web/categoria-produto/higiene-e-beleza/solares/ HTTP/1.0" 200 155976 "-" "-"
75.119.139.177 - - [07/Jun/2026:00:05:09 +0200] "GET /web/categoria-produto/limpeza-da-casa/casa-e-cozinha/ HTTP/1.0" 200 196803 "-" "-"
75.119.139.177 - - [07/Jun/2026:00:05:09 +0200] "GET /web/categoria-produto/limpeza-da-casa/casa-de-banho/ HTTP/1.0" 200 149397 "-" "-"
75.119.139.177 - - [07/Jun/2026:00:05:09 +0200] "GET /web/categoria-produto/limpeza-da-casa/roupa/ HTTP/1.0" 200 151841 "-" "-"
57.141.20.68 - - [07/Jun/2026:00:05:09 +0200] "GET /products/18525830/ HTTP/1.1" 301 5 "-" "meta-externalagent/1.1 (+https://developers.facebook.com/docs/sharing/webmasters/crawler)"
75.119.139.177 - - [07/Jun/2026:00:05:11 +0200] "GET /web/?s HTTP/1.0" 302 1 "-" "-"
75.119.139.177 - - [07/Jun/2026:00:05:13 +0200] "GET /web/?s&doing_wp_cron=1780783511.0155370235443115234375 HTTP/1.0" 200 171664 "-" "-"
75.119.139.177 - - [07/Jun/2026:00:05:14 +0200] "GET /web/cart/ HTTP/1.0" 200 180020 "-" "-"
75.119.139.177 - - [07/Jun/2026:00:05:14 +0200] "GET /web/produto/figo-bio/ HTTP/1.0" 200 204470 "-" "-"
75.119.139.177 - - [07/Jun/2026:00:05:14 +0200] "GET /web/produto/nectarina-bio/ HTTP/1.0" 200 201184 "-" "-"
75.119.139.177 - - [07/Jun/2026:00:05:14 +0200] "GET /web/produto/banana-da-madeira-bio/ HTTP/1.0" 200 202387 "-" "-"
75.119.139.177 - - [07/Jun/2026:00:05:14 +0200] "GET /web/produto/pepino-bio/ HTTP/1.0" 200 204963 "-" "-"
75.119.139.177 - - [07/Jun/2026:00:05:14 +0200] "GET /web/produto/courgete-bio/ HTTP/1.0" 200 203016 "-" "-"
75.119.139.177 - - [07/Jun/2026:00:05:14 +0200] "GET /web/produto/morango-bio/ HTTP/1.0" 200 203046 "-" "-"
75.119.139.177 - - [07/Jun/2026:00:05:14 +0200] "GET /web/quem-somos/ HTTP/1.0" 200 177828 "-" "-"
75.119.139.177 - - [07/Jun/2026:00:05:14 +0200] "GET /web/avisos-legais/ HTTP/1.0" 200 180405 "-" "-"
75.119.139.177 - - [07/Jun/2026:00:05:14 +0200] "GET /web/privacidade/ HTTP/1.0" 200 184594 "-" "-"
75.119.139.177 - - [07/Jun/2026:00:05:15 +0200] "GET /web/cartaopontos/ HTTP/1.0" 200 178930 "-" "-"
75.119.139.177 - - [07/Jun/2026:00:05:15 +0200] "GET /web/como-encomendar/ HTTP/1.0" 200 181619 "-" "-"
75.119.139.177 - - [07/Jun/2026:00:05:15 +0200] "GET /web/horarios-locais-e-prazos-de-entrega/ HTTP/1.0" 200 180204 "-" "-"
75.119.139.177 - - [07/Jun/2026:00:05:15 +0200] "GET /web/politica-de-cancelamento/ HTTP/1.0" 200 177393 "-" "-"
75.119.139.177 - - [07/Jun/2026:00:05:15 +0200] "GET /web/contactos/ HTTP/1.0" 200 179887 "-" "-"
75.119.139.177 - - [07/Jun/2026:00:05:15 +0200] "GET /web/ HTTP/1.0" 200 217097 "-" "-"
75.119.139.177 - - [07/Jun/2026:00:05:15 +0200] "GET /web/en/ HTTP/1.0" 200 210093 "-" "-"
75.119.139.177 - - [07/Jun/2026:00:05:16 +0200] "GET /web/profile/login/ HTTP/1.0" 200 187426 "-" "-"
216.73.217.110 - - [07/Jun/2026:00:05:17 +0200] "GET /web/en/produto/leite-meio-gordo-sem-lactose-bio-berchtesgadener-land-1lt/?add-to-cart=3911 HTTP/1.1" 200 40041 "-" "Mozilla/5.0 AppleWebKit/537.36 (KHTML, like Gecko; compatible; ClaudeBot/1.0; +claudebot@anthropic.com)"
75.119.139.177 - - [07/Jun/2026:00:05:18 +0200] "GET /web/profile/register/ HTTP/1.0" 200 229422 "-" "-"
75.119.139.177 - - [07/Jun/2026:00:05:18 +0200] "GET /web/ HTTP/1.0" 200 217097 "-" "-"
75.119.139.177 - - [07/Jun/2026:00:05:20 +0200] "GET /web/?page_id=2718 HTTP/1.0" 404 130434 "-" "-"
75.119.139.177 - - [07/Jun/2026:00:05:20 +0200] "GET /web/cabazes-da-semana/ HTTP/1.0" 200 351589 "-" "-"
75.119.139.177 - - [07/Jun/2026:00:05:20 +0200] "GET /web/cabazes-da-semana-2/ HTTP/1.0" 200 278234 "-" "-"
