5.161.215.244 - - [07/Jun/2026:00:09:12 +0200] "GET / HTTP/1.1" 301 5 "https://fomento-sgoic.pt/" "Mozilla/5.0+(compatible; UptimeRobot/2.0; http://www.uptimerobot.com/)"
116.179.37.162 - - [07/Jun/2026:00:09:14 +0200] "POST /web/en/?wc-ajax=get_refreshed_fragments HTTP/1.1" 200 629 "https://biocabaz.pt/web/en/shop/page/20/?doing_wp_cron=1743491572.6295380592346191406250" "Mozilla/5.0 (compatible; Baiduspider-render/2.0; +http://www.baidu.com/search/spider.html)"
5.161.215.244 - - [07/Jun/2026:00:09:14 +0200] "GET / HTTP/1.1" 200 33120 "https://fomento-sgoic.pt/" "Mozilla/5.0+(compatible; UptimeRobot/2.0; http://www.uptimerobot.com/)"
66.249.79.35 - - [07/Jun/2026:00:09:22 +0200] "GET /web/en/produto/batata-roxa-violeta/ HTTP/1.1" 302 102 "-" "Mozilla/5.0 (Linux; Android 6.0.1; Nexus 5X Build/MMB29P) AppleWebKit/537.36 (KHTML, like Gecko) Chrome/148.0.7778.96 Mobile Safari/537.36 (compatible; Googlebot/2.1; +http://www.google.com/bot.html)"
66.249.68.69 - - [07/Jun/2026:00:09:23 +0200] "GET /web/en/shop/page/53/?add-to-cart=74248 HTTP/1.1" 302 11 "-" "Mozilla/5.0 (Linux; Android 6.0.1; Nexus 5X Build/MMB29P) AppleWebKit/537.36 (KHTML, like Gecko) Chrome/148.0.7778.96 Mobile Safari/537.36 (compatible; Googlebot/2.1; +http://www.google.com/bot.html)"
66.249.79.33 - - [07/Jun/2026:00:09:25 +0200] "GET /web/en/produto/batata-roxa-violeta/?doing_wp_cron=1780783762.6681039333343505859375 HTTP/1.1" 200 38142 "-" "Mozilla/5.0 (Linux; Android 6.0.1; Nexus 5X Build/MMB29P) AppleWebKit/537.36 (KHTML, like Gecko) Chrome/148.0.7778.96 Mobile Safari/537.36 (compatible; Googlebot/2.1; +http://www.google.com/bot.html)"
66.249.68.68 - - [07/Jun/2026:00:09:25 +0200] "GET /web/en/shop/page/53/?add-to-cart=74248&doing_wp_cron=1780783762.9913930892944335937500 HTTP/1.1" 200 33379 "-" "Mozilla/5.0 (Linux; Android 6.0.1; Nexus 5X Build/MMB29P) AppleWebKit/537.36 (KHTML, like Gecko) Chrome/148.0.7778.96 Mobile Safari/537.36 (compatible; Googlebot/2.1; +http://www.google.com/bot.html)"
85.208.96.195 - - [07/Jun/2026:00:09:31 +0200] "GET /web/categoria-produto/sem-gluten-e-superalimentos/page/2/?doing_wp_cron=1771320095.9207971096038818359375 HTTP/1.1" 200 32402 "-" "Mozilla/5.0 (compatible; SemrushBot/7~bl; +http://www.semrush.com/bot.html)"
66.249.68.68 - - [07/Jun/2026:00:09:35 +0200] "POST /web/en/wp-json/pmw/v1/products/ HTTP/1.1" 200 614 "https://biocabaz.pt/web/en/shop/page/53/?add-to-cart=74248&doing_wp_cron=1780783762.9913930892944335937500" "Mozilla/5.0 (Linux; Android 6.0.1; Nexus 5X Build/MMB29P) AppleWebKit/537.36 (KHTML, like Gecko) Chrome/148.0.7778.96 Mobile Safari/537.36 (compatible; Googlebot/2.1; +http://www.google.com/bot.html)"
52.167.144.233 - - [07/Jun/2026:00:09:39 +0200] "GET /web/wp-conteudos/uploads/2018/10/CRACKERS-DE-GENGIBRE-COM-A/u00c7/u00daCAR-COCO-BIO-165GRS-NATURSOL-e1540811514849-330x260.jpg HTTP/1.1" 404 548 "-" "Mozilla/5.0 AppleWebKit/537.36 (KHTML, like Gecko; compatible; bingbot/2.0; +http://www.bing.com/bingbot.htm) Chrome/116.0.1938.76 Safari/537.36"
49.13.130.29 - - [07/Jun/2026:00:10:02 +0200] "GET /web/ HTTP/1.1" 200 38196 "https://biocabaz.pt/web/" "Mozilla/5.0+(compatible; UptimeRobot/2.0; http://www.uptimerobot.com/)"
185.191.171.6 - - [07/Jun/2026:00:10:07 +0200] "GET /web/shop/page/49/?doing_wp_cron=1769873353.1925299167633056640625 HTTP/1.1" 200 33115 "-" "Mozilla/5.0 (compatible; SemrushBot/7~bl; +http://www.semrush.com/bot.html)"
75.119.139.177 - - [07/Jun/2026:00:10:25 +0200] "POST /wp-cron.php?doing_wp_cron=1780783825.5046401023864746093750 HTTP/1.1" 200 31 "-" "WordPress/6.9; https://www.fomento-sgoic.pt"
57.141.20.71 - - [07/Jun/2026:00:10:25 +0200] "GET /products/4622641/ HTTP/1.1" 301 5 "-" "meta-externalagent/1.1 (+https://developers.facebook.com/docs/sharing/webmasters/crawler)"
66.249.79.6 - - [07/Jun/2026:00:10:27 +0200] "GET /desafia-tu-suerte-y-acumula-hasta-x100-en-cada/ HTTP/1.1" 200 20319 "-" "Mozilla/5.0 (Linux; Android 6.0.1; Nexus 5X Build/MMB29P) AppleWebKit/537.36 (KHTML, like Gecko) Chrome/148.0.7778.96 Mobile Safari/537.36 (compatible; Googlebot/2.1; +http://www.google.com/bot.html)"
66.249.68.68 - - [07/Jun/2026:00:10:27 +0200] "GET /web/produto/leite-de-cabra-meio-gordo-bio-andechser-1-lt/?add-to-cart=26741 HTTP/1.1" 302 11 "-" "Mozilla/5.0 (Linux; Android 6.0.1; Nexus 5X Build/MMB29P) AppleWebKit/537.36 (KHTML, like Gecko) Chrome/148.0.7778.96 Mobile Safari/537.36 (compatible; Googlebot/2.1; +http://www.google.com/bot.html)"
220.181.108.144 - - [07/Jun/2026:00:10:33 +0200] "GET /web/en/categoria-produto/frescos/peixaria/page/1/?doing_wp_cron=1765598577.8525590896606445312500 HTTP/1.1" 301 5 "-" "Mozilla/5.0 (compatible; Baiduspider/2.0; +http://www.baidu.com/search/spider.html)"
220.181.108.167 - - [07/Jun/2026:00:10:33 +0200] "GET /web/en/categoria-produto/frescos/peixaria/?doing_wp_cron=1765598577.8525590896606445312500 HTTP/1.1" 200 32362 "-" "Mozilla/5.0 (compatible; Baiduspider/2.0; +http://www.baidu.com/search/spider.html)"
52.167.144.222 - - [07/Jun/2026:00:10:35 +0200] "GET /web/wp-conteudos/uploads/2016/03/abobora_hokaido-e1542445130723.jpg HTTP/1.1" 200 15286 "-" "Mozilla/5.0 AppleWebKit/537.36 (KHTML, like Gecko; compatible; bingbot/2.0; +http://www.bing.com/bingbot.htm) Chrome/116.0.1938.76 Safari/537.36"
116.179.37.241 - - [07/Jun/2026:00:10:37 +0200] "GET /web/wp-conteudos/themes/jupiter/images/pre_code.gif HTTP/1.1" 404 146 "https://www.biocabaz.pt/web/wp-conteudos/themes/jupiter/assets/stylesheet/min/full-styles.6.5.1.css" "Mozilla/5.0 (compatible; Baiduspider-render/2.0; +http://www.baidu.com/search/spider.html)"
116.179.37.184 - - [07/Jun/2026:00:10:39 +0200] "POST /web/en/?wc-ajax=get_refreshed_fragments HTTP/1.1" 200 629 "https://biocabaz.pt/web/en/categoria-produto/frescos/peixaria/?doing_wp_cron=1765598577.8525590896606445312500" "Mozilla/5.0 (compatible; Baiduspider-render/2.0; +http://www.baidu.com/search/spider.html)"
116.179.32.149 - - [07/Jun/2026:00:11:07 +0200] "GET /web/shop/page/3/?doing_wp_cron=1771545629.0755329132080078125000 HTTP/1.1" 200 32648 "-" "Mozilla/5.0 (compatible; Baiduspider/2.0; +http://www.baidu.com/search/spider.html)"
87.196.83.219 - - [07/Jun/2026:00:11:18 +0200] "GET /web/wp-conteudos/uploads/2017/07/abrunho2.jpg HTTP/1.1" 200 37440 "https://www.google.com/" "Mozilla/5.0 (Linux; Android 10; K) AppleWebKit/537.36 (KHTML, like Gecko) Chrome/148.0.0.0 Mobile Safari/537.36"
116.179.37.42 - - [07/Jun/2026:00:11:30 +0200] "POST /web/?wc-ajax=get_refreshed_fragments HTTP/1.1" 200 626 "https://www.biocabaz.pt/web/shop/page/3/?doing_wp_cron=1771545629.0755329132080078125000" "Mozilla/5.0 (compatible; Baiduspider-render/2.0; +http://www.baidu.com/search/spider.html)"
47.82.11.2 - - [07/Jun/2026:00:11:33 +0200] "GET /web/en/shop/page/51/?doing_wp_cron=1780242390.0527620315551757812500 HTTP/1.1" 200 34185 "https://www.biocabaz.pt/" "Mozilla/5.0 (Windows NT 10.0; Win64; x64; rv:137.0) Gecko/20100101 Firefox/137.0"
116.179.37.86 - - [07/Jun/2026:00:11:33 +0200] "GET /web/wp-conteudos/themes/jupiter/assets/js/plugins/async/min/jquery.flexslider.js HTTP/1.1" 200 7414 "https://www.biocabaz.pt/web/shop/page/3/?doing_wp_cron=1771545629.0755329132080078125000" "Mozilla/5.0 (compatible; Baiduspider-render/2.0; +http://www.baidu.com/search/spider.html)"
116.179.37.97 - - [07/Jun/2026:00:11:34 +0200] "GET /web/wp-conteudos/themes/jupiter/assets/js/plugins/async/min/minigrid.js HTTP/1.1" 200 1053 "https://www.biocabaz.pt/web/shop/page/3/?doing_wp_cron=1771545629.0755329132080078125000" "Mozilla/5.0 (compatible; Baiduspider-render/2.0; +http://www.baidu.com/search/spider.html)"
17.246.23.84 - - [07/Jun/2026:00:11:39 +0200] "POST /web/?wc-ajax=get_refreshed_fragments HTTP/1.1" 200 626 "https://www.biocabaz.pt/web/shop/page/59/?doing_wp_cron=1778402968.6133449077606201171875" "Mozilla/5.0 (Macintosh; Intel Mac OS X 10_15_7) AppleWebKit/605.1.15 (KHTML, like Gecko) Version/17.4 Safari/605.1.15 (Applebot/0.1; +http://www.apple.com/go/applebot)"
52.167.144.162 - - [07/Jun/2026:00:11:45 +0200] "GET /web/wp-conteudos/uploads/2016/04/Three_cinnamon_on_white.jpeg-300x300.jpg HTTP/1.1" 200 22842 "-" "Mozilla/5.0 AppleWebKit/537.36 (KHTML, like Gecko; compatible; bingbot/2.0; +http://www.bing.com/bingbot.htm) Chrome/116.0.1938.76 Safari/537.36"
185.191.171.5 - - [07/Jun/2026:00:11:50 +0200] "GET /web/shop/page/30/?doing_wp_cron=1772027226.2751200199127197265625 HTTP/1.1" 200 32095 "-" "Mozilla/5.0 (compatible; SemrushBot/7~bl; +http://www.semrush.com/bot.html)"
75.119.139.177 - - [07/Jun/2026:00:11:50 +0200] "POST /wp-cron.php?doing_wp_cron=1780783910.6853950023651123046875 HTTP/1.1" 200 31 "-" "WordPress/6.9; https://www.fomento-sgoic.pt"
176.65.149.154 - - [07/Jun/2026:00:11:50 +0200] "GET / HTTP/1.1" 301 5 "-" "-"
176.65.149.154 - - [07/Jun/2026:00:11:51 +0200] "GET / HTTP/1.1" 200 199877 "https://fomento-sgoic.pt/" "-"
220.181.108.147 - - [07/Jun/2026:00:12:02 +0200] "GET /web/en/wp-json/wp/v2/product/622 HTTP/1.1" 302 102 "-" "Mozilla/5.0 (compatible; Baiduspider/2.0; +http://www.baidu.com/search/spider.html)"
220.181.108.168 - - [07/Jun/2026:00:12:05 +0200] "GET /web/en/wp-json/wp/v2/product/622?doing_wp_cron=1780783921.9929931163787841796875 HTTP/1.1" 200 2199 "-" "Mozilla/5.0 (compatible; Baiduspider/2.0; +http://www.baidu.com/search/spider.html)"
20.15.133.163 - - [07/Jun/2026:00:12:13 +0200] "GET /web/categoria-produto/frescos/page/9/?doing_wp_cron=1732373926.7978630065917968750000 HTTP/1.1" 200 31867 "-" "Mozilla/5.0 AppleWebKit/537.36 (KHTML, like Gecko; compatible; bingbot/2.0; +http://www.bing.com/bingbot.htm) Chrome/116.0.1938.76 Safari/537.36"
216.73.217.110 - - [07/Jun/2026:00:12:19 +0200] "GET /robots.txt HTTP/1.1" 404 146 "-" "Mozilla/5.0 AppleWebKit/537.36 (KHTML, like Gecko; compatible; ClaudeBot/1.0; +claudebot@anthropic.com)"
216.73.217.110 - - [07/Jun/2026:00:12:19 +0200] "GET /web/shop/page/2/?doing_wp_cron=1780779272.3711359500885009765625 HTTP/1.1" 200 32118 "-" "Mozilla/5.0 AppleWebKit/537.36 (KHTML, like Gecko; compatible; ClaudeBot/1.0; +claudebot@anthropic.com)"
216.73.217.110 - - [07/Jun/2026:00:12:20 +0200] "GET /web/shop/page/58/?doing_wp_cron=1780779271.8533649444580078125000 HTTP/1.1" 200 32478 "-" "Mozilla/5.0 AppleWebKit/537.36 (KHTML, like Gecko; compatible; ClaudeBot/1.0; +claudebot@anthropic.com)"
216.73.217.110 - - [07/Jun/2026:00:12:20 +0200] "GET /web/shop/page/9/?doing_wp_cron=1704218176.7302060127258300781250 HTTP/1.1" 200 33609 "-" "Mozilla/5.0 AppleWebKit/537.36 (KHTML, like Gecko; compatible; ClaudeBot/1.0; +claudebot@anthropic.com)"
216.73.217.110 - - [07/Jun/2026:00:12:21 +0200] "GET /web/shop/page/8/?doing_wp_cron=1704218176.7302060127258300781250 HTTP/1.1" 200 33673 "-" "Mozilla/5.0 AppleWebKit/537.36 (KHTML, like Gecko; compatible; ClaudeBot/1.0; +claudebot@anthropic.com)"
216.73.217.110 - - [07/Jun/2026:00:12:22 +0200] "GET /web/shop/page/3/?doing_wp_cron=1780779271.8533649444580078125000 HTTP/1.1" 200 33252 "-" "Mozilla/5.0 AppleWebKit/537.36 (KHTML, like Gecko; compatible; ClaudeBot/1.0; +claudebot@anthropic.com)"
216.73.217.110 - - [07/Jun/2026:00:12:22 +0200] "GET /web/shop/page/2/?doing_wp_cron=1780779271.8533649444580078125000 HTTP/1.1" 200 32118 "-" "Mozilla/5.0 AppleWebKit/537.36 (KHTML, like Gecko; compatible; ClaudeBot/1.0; +claudebot@anthropic.com)"
216.73.217.110 - - [07/Jun/2026:00:12:23 +0200] "GET /web/shop/page/1/?doing_wp_cron=1780779271.8533649444580078125000 HTTP/1.1" 301 5 "-" "Mozilla/5.0 AppleWebKit/537.36 (KHTML, like Gecko; compatible; ClaudeBot/1.0; +claudebot@anthropic.com)"
216.73.217.110 - - [07/Jun/2026:00:12:23 +0200] "GET /web/shop/page/51/?doing_wp_cron=1694564716.2461700439453125000000 HTTP/1.1" 200 34160 "-" "Mozilla/5.0 AppleWebKit/537.36 (KHTML, like Gecko; compatible; ClaudeBot/1.0; +claudebot@anthropic.com)"
216.73.217.110 - - [07/Jun/2026:00:12:23 +0200] "GET /web/shop/?doing_wp_cron=1780779271.8533649444580078125000 HTTP/1.1" 200 36863 "https://biocabaz.pt/web/shop/page/1/?doing_wp_cron=1780779271.8533649444580078125000" "Mozilla/5.0 AppleWebKit/537.36 (KHTML, like Gecko; compatible; ClaudeBot/1.0; +claudebot@anthropic.com)"
185.191.171.1 - - [07/Jun/2026:00:12:26 +0200] "GET /web/en/categoria-produto/sem-gluten-e-superalimentos/page/3/?doing_wp_cron=1754676974.6295568943023681640625 HTTP/1.1" 200 31668 "-" "Mozilla/5.0 (compatible; SemrushBot/7~bl; +http://www.semrush.com/bot.html)"
66.249.68.68 - - [07/Jun/2026:00:12:30 +0200] "GET /web/en/produto/corvina-cabeca/ HTTP/1.1" 302 102 "-" "Mozilla/5.0 (Linux; Android 6.0.1; Nexus 5X Build/MMB29P) AppleWebKit/537.36 (KHTML, like Gecko) Chrome/148.0.7778.96 Mobile Safari/537.36 (compatible; Googlebot/2.1; +http://www.google.com/bot.html)"
40.77.167.62 - - [07/Jun/2026:00:12:30 +0200] "GET /web/?s&doing_wp_cron=1778537826.4732789993286132812500 HTTP/1.1" 200 31849 "-" "Mozilla/5.0 AppleWebKit/537.36 (KHTML, like Gecko; compatible; bingbot/2.0; +http://www.bing.com/bingbot.htm) Chrome/116.0.1938.76 Safari/537.36"
66.249.79.34 - - [07/Jun/2026:00:12:30 +0200] "GET /web/produto/diospiro-rojo/?add-to-cart=122239 HTTP/1.1" 302 11 "-" "Mozilla/5.0 (Linux; Android 6.0.1; Nexus 5X Build/MMB29P) AppleWebKit/537.36 (KHTML, like Gecko) Chrome/148.0.7778.96 Mobile Safari/537.36 (compatible; Googlebot/2.1; +http://www.google.com/bot.html)"
66.249.68.67 - - [07/Jun/2026:00:12:32 +0200] "GET /web/en/produto/corvina-cabeca/?doing_wp_cron=1780783950.2295360565185546875000 HTTP/1.1" 200 37842 "-" "Mozilla/5.0 (Linux; Android 6.0.1; Nexus 5X Build/MMB29P) AppleWebKit/537.36 (KHTML, like Gecko) Chrome/148.0.7778.96 Mobile Safari/537.36 (compatible; Googlebot/2.1; +http://www.google.com/bot.html)"
66.249.79.33 - - [07/Jun/2026:00:12:33 +0200] "GET /web/produto/diospiro-rojo/?add-to-cart=122239&doing_wp_cron=1780783950.7750790119171142578125 HTTP/1.1" 200 39378 "-" "Mozilla/5.0 (Linux; Android 6.0.1; Nexus 5X Build/MMB29P) AppleWebKit/537.36 (KHTML, like Gecko) Chrome/148.0.7778.96 Mobile Safari/537.36 (compatible; Googlebot/2.1; +http://www.google.com/bot.html)"
85.208.96.195 - - [07/Jun/2026:00:12:34 +0200] "GET /web/shop/page/43/?doing_wp_cron=1780375466.4983758926391601562500 HTTP/1.1" 200 33551 "-" "Mozilla/5.0 (compatible; SemrushBot/7~bl; +http://www.semrush.com/bot.html)"
66.249.68.68 - - [07/Jun/2026:00:12:35 +0200] "GET /web/en/produto/polen-de-abelha-casa-dos-montes-110gr/?doing_wp_cron=1780371176.5014948844909667968750 HTTP/1.1" 200 37787 "-" "Mozilla/5.0 (Linux; Android 6.0.1; Nexus 5X Build/MMB29P) AppleWebKit/537.36 (KHTML, like Gecko) Chrome/148.0.7778.96 Mobile Safari/537.36 (compatible; Googlebot/2.1; +http://www.google.com/bot.html)"
191.235.66.17 - - [07/Jun/2026:00:12:37 +0200] "GET /wp-content/uploads/2025/04/FIIFT-RC-2024-1.pdf HTTP/1.1" 200 8358383 "-" "Mozilla/5.0 AppleWebKit/537.36 (KHTML, like Gecko); compatible; ChatGPT-User/1.0; +https://openai.com/bot"
52.167.144.233 - - [07/Jun/2026:00:12:38 +0200] "GET /web/wp-conteudos/uploads/2018/10/S/u00caMOLA-DE-MILHO-BIO-PROVIDA.jpg HTTP/1.1" 404 548 "-" "Mozilla/5.0 AppleWebKit/537.36 (KHTML, like Gecko; compatible; bingbot/2.0; +http://www.bing.com/bingbot.htm) Chrome/116.0.1938.76 Safari/537.36"
85.208.96.200 - - [07/Jun/2026:00:12:40 +0200] "GET /web/en/categoria-produto/laticinios-e-substitutos/page/6/?doing_wp_cron=1780568512.6920769214630126953125 HTTP/1.1" 200 31589 "-" "Mozilla/5.0 (compatible; SemrushBot/7~bl; +http://www.semrush.com/bot.html)"
185.191.171.5 - - [07/Jun/2026:00:12:41 +0200] "GET /web/categoria-produto/laticinios-e-substitutos/page/6/ HTTP/1.1" 200 32132 "-" "Mozilla/5.0 (compatible; SemrushBot/7~bl; +http://www.semrush.com/bot.html)"
66.249.68.67 - - [07/Jun/2026:00:12:42 +0200] "POST /web/en/?wc-ajax=get_refreshed_fragments HTTP/1.1" 200 629 "https://biocabaz.pt/web/en/produto/corvina-cabeca/?doing_wp_cron=1780783950.2295360565185546875000" "Mozilla/5.0 (Linux; Android 6.0.1; Nexus 5X Build/MMB29P) AppleWebKit/537.36 (KHTML, like Gecko) Chrome/148.0.7778.96 Mobile Safari/537.36 (compatible; Googlebot/2.1; +http://www.google.com/bot.html)"
75.119.139.177 - - [07/Jun/2026:00:12:57 +0200] "POST /wp-cron.php?doing_wp_cron=1780783977.0738439559936523437500 HTTP/1.1" 200 31 "-" "WordPress/6.9; https://www.fomento-sgoic.pt"
57.141.20.21 - - [07/Jun/2026:00:12:57 +0200] "GET /products/19278541/ HTTP/1.1" 301 5 "-" "meta-externalagent/1.1 (+https://developers.facebook.com/docs/sharing/webmasters/crawler)"
57.141.20.26 - - [07/Jun/2026:00:13:00 +0200] "GET /products/10664463/ HTTP/1.1" 301 5 "-" "meta-externalagent/1.1 (+https://developers.facebook.com/docs/sharing/webmasters/crawler)"
216.73.217.110 - - [07/Jun/2026:00:13:11 +0200] "GET /web/shop/page/11/?doing_wp_cron=1704218176.7302060127258300781250 HTTP/1.1" 200 32324 "-" "Mozilla/5.0 AppleWebKit/537.36 (KHTML, like Gecko; compatible; ClaudeBot/1.0; +claudebot@anthropic.com)"
216.73.217.110 - - [07/Jun/2026:00:13:11 +0200] "GET /web/shop/page/10/?doing_wp_cron=1704218176.7302060127258300781250 HTTP/1.1" 200 32965 "-" "Mozilla/5.0 AppleWebKit/537.36 (KHTML, like Gecko; compatible; ClaudeBot/1.0; +claudebot@anthropic.com)"
216.73.217.110 - - [07/Jun/2026:00:13:11 +0200] "GET /web/shop/page/3/?doing_wp_cron=1780779272.3711359500885009765625 HTTP/1.1" 200 33252 "-" "Mozilla/5.0 AppleWebKit/537.36 (KHTML, like Gecko; compatible; ClaudeBot/1.0; +claudebot@anthropic.com)"
216.73.217.110 - - [07/Jun/2026:00:13:12 +0200] "GET /web/shop/page/2/?doing_wp_cron=1753013840.2981309890747070312500 HTTP/1.1" 200 32118 "-" "Mozilla/5.0 AppleWebKit/537.36 (KHTML, like Gecko; compatible; ClaudeBot/1.0; +claudebot@anthropic.com)"
216.73.217.110 - - [07/Jun/2026:00:13:12 +0200] "GET /web/shop/page/1/?doing_wp_cron=1780779272.3711359500885009765625 HTTP/1.1" 301 5 "-" "Mozilla/5.0 AppleWebKit/537.36 (KHTML, like Gecko; compatible; ClaudeBot/1.0; +claudebot@anthropic.com)"
216.73.217.110 - - [07/Jun/2026:00:13:12 +0200] "GET /web/shop/?doing_wp_cron=1780779272.3711359500885009765625 HTTP/1.1" 200 36863 "https://biocabaz.pt/web/shop/page/1/?doing_wp_cron=1780779272.3711359500885009765625" "Mozilla/5.0 AppleWebKit/537.36 (KHTML, like Gecko; compatible; ClaudeBot/1.0; +claudebot@anthropic.com)"
216.73.217.110 - - [07/Jun/2026:00:13:12 +0200] "GET /web/en/shop/page/54/?doing_wp_cron=1694564716.2461700439453125000000 HTTP/1.1" 200 32186 "-" "Mozilla/5.0 AppleWebKit/537.36 (KHTML, like Gecko; compatible; ClaudeBot/1.0; +claudebot@anthropic.com)"
216.73.217.110 - - [07/Jun/2026:00:13:13 +0200] "GET /web/shop/page/57/?doing_wp_cron=1780779271.8533649444580078125000 HTTP/1.1" 200 33138 "-" "Mozilla/5.0 AppleWebKit/537.36 (KHTML, like Gecko; compatible; ClaudeBot/1.0; +claudebot@anthropic.com)"
216.73.217.110 - - [07/Jun/2026:00:13:13 +0200] "GET /web/shop/page/56/?doing_wp_cron=1780779271.8533649444580078125000 HTTP/1.1" 200 31837 "-" "Mozilla/5.0 AppleWebKit/537.36 (KHTML, like Gecko; compatible; ClaudeBot/1.0; +claudebot@anthropic.com)"
216.73.217.110 - - [07/Jun/2026:00:13:18 +0200] "GET /web/shop/page/9/?doing_wp_cron=1753013840.2981309890747070312500 HTTP/1.1" 200 33609 "-" "Mozilla/5.0 AppleWebKit/537.36 (KHTML, like Gecko; compatible; ClaudeBot/1.0; +claudebot@anthropic.com)"
85.208.96.206 - - [07/Jun/2026:00:13:18 +0200] "GET /web/en/categoria-produto/mercearia/page/20/?doing_wp_cron=1780569767.6876680850982666015625 HTTP/1.1" 200 31780 "-" "Mozilla/5.0 (compatible; SemrushBot/7~bl; +http://www.semrush.com/bot.html)"
216.73.217.110 - - [07/Jun/2026:00:13:18 +0200] "GET /web/shop/page/8/?doing_wp_cron=1753013840.2981309890747070312500 HTTP/1.1" 200 33673 "-" "Mozilla/5.0 AppleWebKit/537.36 (KHTML, like Gecko; compatible; ClaudeBot/1.0; +claudebot@anthropic.com)"
52.167.144.233 - - [07/Jun/2026:00:13:19 +0200] "GET /web/wp-conteudos/uploads/bfi_thumb/FEIJ/u00c3O-BRANCO-BIO-400GRS-e1556027422953-ooif7su1pa7j4p3yx4sodxu6l3hif43db4hl9fp7so.png HTTP/1.1" 404 548 "-" "Mozilla/5.0 AppleWebKit/537.36 (KHTML, like Gecko; compatible; bingbot/2.0; +http://www.bing.com/bingbot.htm) Chrome/116.0.1938.76 Safari/537.36"
216.73.217.110 - - [07/Jun/2026:00:13:19 +0200] "GET /web/shop/page/7/?doing_wp_cron=1753013840.2981309890747070312500 HTTP/1.1" 200 33427 "-" "Mozilla/5.0 AppleWebKit/537.36 (KHTML, like Gecko; compatible; ClaudeBot/1.0; +claudebot@anthropic.com)"
216.73.217.110 - - [07/Jun/2026:00:13:19 +0200] "GET /web/shop/page/3/?doing_wp_cron=1780568451.1537120342254638671875 HTTP/1.1" 200 33252 "-" "Mozilla/5.0 AppleWebKit/537.36 (KHTML, like Gecko; compatible; ClaudeBot/1.0; +claudebot@anthropic.com)"
85.208.96.194 - - [07/Jun/2026:00:13:20 +0200] "GET /web/categoria-produto/higiene-e-beleza/page/2/?doing_wp_cron=1780579247.9237170219421386718750 HTTP/1.1" 200 32366 "-" "Mozilla/5.0 (compatible; SemrushBot/7~bl; +http://www.semrush.com/bot.html)"
216.73.217.110 - - [07/Jun/2026:00:13:20 +0200] "GET /web/shop/page/2/?doing_wp_cron=1780568451.1537120342254638671875 HTTP/1.1" 200 32118 "-" "Mozilla/5.0 AppleWebKit/537.36 (KHTML, like Gecko; compatible; ClaudeBot/1.0; +claudebot@anthropic.com)"
216.73.217.110 - - [07/Jun/2026:00:13:20 +0200] "GET /web/shop/page/1/?doing_wp_cron=1780568451.1537120342254638671875 HTTP/1.1" 301 5 "-" "Mozilla/5.0 AppleWebKit/537.36 (KHTML, like Gecko; compatible; ClaudeBot/1.0; +claudebot@anthropic.com)"
216.73.217.110 - - [07/Jun/2026:00:13:20 +0200] "GET /web/shop/?doing_wp_cron=1780568451.1537120342254638671875 HTTP/1.1" 200 36863 "https://biocabaz.pt/web/shop/page/1/?doing_wp_cron=1780568451.1537120342254638671875" "Mozilla/5.0 AppleWebKit/537.36 (KHTML, like Gecko; compatible; ClaudeBot/1.0; +claudebot@anthropic.com)"
216.73.217.110 - - [07/Jun/2026:00:13:21 +0200] "GET /web/shop/page/3/?doing_wp_cron=1753013840.2981309890747070312500 HTTP/1.1" 200 33252 "-" "Mozilla/5.0 AppleWebKit/537.36 (KHTML, like Gecko; compatible; ClaudeBot/1.0; +claudebot@anthropic.com)"
216.73.217.110 - - [07/Jun/2026:00:13:22 +0200] "GET /web/shop/page/1/?doing_wp_cron=1753013840.2981309890747070312500 HTTP/1.1" 301 5 "-" "Mozilla/5.0 AppleWebKit/537.36 (KHTML, like Gecko; compatible; ClaudeBot/1.0; +claudebot@anthropic.com)"
216.73.217.110 - - [07/Jun/2026:00:13:22 +0200] "GET /web/shop/?doing_wp_cron=1753013840.2981309890747070312500 HTTP/1.1" 200 36863 "https://biocabaz.pt/web/shop/page/1/?doing_wp_cron=1753013840.2981309890747070312500" "Mozilla/5.0 AppleWebKit/537.36 (KHTML, like Gecko; compatible; ClaudeBot/1.0; +claudebot@anthropic.com)"
220.181.108.176 - - [07/Jun/2026:00:13:28 +0200] "GET /web/shop/page/59/?doing_wp_cron=1777383025.0784780979156494140625 HTTP/1.1" 200 30696 "-" "Mozilla/5.0 (compatible; Baiduspider/2.0; +http://www.baidu.com/search/spider.html)"
92.250.61.59 - - [07/Jun/2026:00:13:30 +0200] "GET /web/ HTTP/1.1" 200 38190 "https://search.brave.com/" "Mozilla/5.0 (Linux; Android 10; K) AppleWebKit/537.36 (KHTML, like Gecko) Chrome/148.0.0.0 Mobile Safari/537.36"
92.250.61.59 - - [07/Jun/2026:00:13:30 +0200] "GET /web/wp-includes/css/dist/block-library/style.min.css HTTP/1.1" 200 15621 "https://www.biocabaz.pt/web/" "Mozilla/5.0 (Linux; Android 10; K) AppleWebKit/537.36 (KHTML, like Gecko) Chrome/148.0.0.0 Mobile Safari/537.36"
92.250.61.59 - - [07/Jun/2026:00:13:30 +0200] "GET /web/wp-conteudos/plugins/woocommerce/packages/woocommerce-blocks/build/wc-blocks-vendors-style.css HTTP/1.1" 200 1987 "https://www.biocabaz.pt/web/" "Mozilla/5.0 (Linux; Android 10; K) AppleWebKit/537.36 (KHTML, like Gecko) Chrome/148.0.0.0 Mobile Safari/537.36"
92.250.61.59 - - [07/Jun/2026:00:13:30 +0200] "GET /web/wp-conteudos/plugins/woocommerce/packages/woocommerce-blocks/build/wc-blocks-style.css HTTP/1.1" 200 25428 "https://www.biocabaz.pt/web/" "Mozilla/5.0 (Linux; Android 10; K) AppleWebKit/537.36 (KHTML, like Gecko) Chrome/148.0.0.0 Mobile Safari/537.36"
92.250.61.59 - - [07/Jun/2026:00:13:31 +0200] "GET /web/wp-conteudos/plugins/cookie-notice/css/front.min.css HTTP/1.1" 200 1108 "https://www.biocabaz.pt/web/" "Mozilla/5.0 (Linux; Android 10; K) AppleWebKit/537.36 (KHTML, like Gecko) Chrome/148.0.0.0 Mobile Safari/537.36"
92.250.61.59 - - [07/Jun/2026:00:13:31 +0200] "GET /web/wp-includes/css/dashicons.min.css HTTP/1.1" 200 35775 "https://www.biocabaz.pt/web/" "Mozilla/5.0 (Linux; Android 10; K) AppleWebKit/537.36 (KHTML, like Gecko) Chrome/148.0.0.0 Mobile Safari/537.36"
92.250.61.59 - - [07/Jun/2026:00:13:31 +0200] "GET /web/wp-conteudos/plugins/userpro/skins/pure/style.css HTTP/1.1" 200 5179 "https://www.biocabaz.pt/web/" "Mozilla/5.0 (Linux; Android 10; K) AppleWebKit/537.36 (KHTML, like Gecko) Chrome/148.0.0.0 Mobile Safari/537.36"
92.250.61.59 - - [07/Jun/2026:00:13:31 +0200] "GET /web/wp-conteudos/plugins/smart-marketing-for-wp/public/css/egoi-for-wp-public.css HTTP/1.1" 200 1173 "https://www.biocabaz.pt/web/" "Mozilla/5.0 (Linux; Android 10; K) AppleWebKit/537.36 (KHTML, like Gecko) Chrome/148.0.0.0 Mobile Safari/537.36"
92.250.61.59 - - [07/Jun/2026:00:13:31 +0200] "GET /web/wp-conteudos/plugins/userpro/css/up-fontawesome.css HTTP/1.1" 200 10233 "https://www.biocabaz.pt/web/" "Mozilla/5.0 (Linux; Android 10; K) AppleWebKit/537.36 (KHTML, like Gecko) Chrome/148.0.0.0 Mobile Safari/537.36"
92.250.61.59 - - [07/Jun/2026:00:13:31 +0200] "GET /web/wp-conteudos/plugins/userpro/addons/timeline/assets/css/timeline.css HTTP/1.1" 200 1159 "https://www.biocabaz.pt/web/" "Mozilla/5.0 (Linux; Android 10; K) AppleWebKit/537.36 (KHTML, like Gecko) Chrome/148.0.0.0 Mobile Safari/537.36"
92.250.61.59 - - [07/Jun/2026:00:13:31 +0200] "GET /web/wp-conteudos/plugins/woo-keyinvoice-integration/public/css/woo-keyinvoice-integration-public.css HTTP/1.1" 200 98 "https://www.biocabaz.pt/web/" "Mozilla/5.0 (Linux; Android 10; K) AppleWebKit/537.36 (KHTML, like Gecko) Chrome/148.0.0.0 Mobile Safari/537.36"
92.250.61.59 - - [07/Jun/2026:00:13:31 +0200] "GET /web/wp-conteudos/plugins/wp-multilang/assets/styles/main.min.css HTTP/1.1" 200 1027 "https://www.biocabaz.pt/web/" "Mozilla/5.0 (Linux; Android 10; K) AppleWebKit/537.36 (KHTML, like Gecko) Chrome/148.0.0.0 Mobile Safari/537.36"
92.250.61.59 - - [07/Jun/2026:00:13:31 +0200] "GET /web/wp-conteudos/themes/jupiter/assets/stylesheet/plugins/min/woocommerce.css HTTP/1.1" 200 9632 "https://www.biocabaz.pt/web/" "Mozilla/5.0 (Linux; Android 10; K) AppleWebKit/537.36 (KHTML, like Gecko) Chrome/148.0.0.0 Mobile Safari/537.36"
92.250.61.59 - - [07/Jun/2026:00:13:31 +0200] "GET /web/wp-conteudos/themes/jupiter/header-builder/includes/assets/css/mkhb-render.css HTTP/1.1" 200 1156 "https://www.biocabaz.pt/web/" "Mozilla/5.0 (Linux; Android 10; K) AppleWebKit/537.36 (KHTML, like Gecko) Chrome/148.0.0.0 Mobile Safari/537.36"
92.250.61.59 - - [07/Jun/2026:00:13:31 +0200] "GET /web/wp-conteudos/themes/jupiter/assets/stylesheet/min/full-styles.6.5.1.css HTTP/1.1" 200 27411 "https://www.biocabaz.pt/web/" "Mozilla/5.0 (Linux; Android 10; K) AppleWebKit/537.36 (KHTML, like Gecko) Chrome/148.0.0.0 Mobile Safari/537.36"
92.250.61.59 - - [07/Jun/2026:00:13:31 +0200] "GET /web/wp-conteudos/themes/jupiter/header-builder/includes/assets/css/mkhb-column.css HTTP/1.1" 200 833 "https://www.biocabaz.pt/web/" "Mozilla/5.0 (Linux; Android 10; K) AppleWebKit/537.36 (KHTML, like Gecko) Chrome/148.0.0.0 Mobile Safari/537.36"
92.250.61.59 - - [07/Jun/2026:00:13:31 +0200] "GET /web/wp-conteudos/themes/jupiter/header-builder/includes/assets/css/mkhb-row.css HTTP/1.1" 200 553 "https://www.biocabaz.pt/web/" "Mozilla/5.0 (Linux; Android 10; K) AppleWebKit/537.36 (KHTML, like Gecko) Chrome/148.0.0.0 Mobile Safari/537.36"
92.250.61.59 - - [07/Jun/2026:00:13:31 +0200] "GET /web/wp-conteudos/plugins/dhvc-form/assets/fonts/font-awesome/css/font-awesome.min.css HTTP/1.1" 200 4747 "https://www.biocabaz.pt/web/" "Mozilla/5.0 (Linux; Android 10; K) AppleWebKit/537.36 (KHTML, like Gecko) Chrome/148.0.0.0 Mobile Safari/537.36"
92.250.61.59 - - [07/Jun/2026:00:13:31 +0200] "GET /web/wp-conteudos/plugins/dhvc-form/assets/css/style.css HTTP/1.1" 200 3736 "https://www.biocabaz.pt/web/" "Mozilla/5.0 (Linux; Android 10; K) AppleWebKit/537.36 (KHTML, like Gecko) Chrome/148.0.0.0 Mobile Safari/537.36"
92.250.61.59 - - [07/Jun/2026:00:13:31 +0200] "GET /web/wp-conteudos/uploads/mk_assets/theme-options-production-1780169976.css HTTP/1.1" 200 5907 "https://www.biocabaz.pt/web/" "Mozilla/5.0 (Linux; Android 10; K) AppleWebKit/537.36 (KHTML, like Gecko) Chrome/148.0.0.0 Mobile Safari/537.36"
92.250.61.59 - - [07/Jun/2026:00:13:31 +0200] "GET /web/wp-conteudos/plugins/jupiter-donut/assets/css/shortcodes-styles.min.css HTTP/1.1" 200 58842 "https://www.biocabaz.pt/web/" "Mozilla/5.0 (Linux; Android 10; K) AppleWebKit/537.36 (KHTML, like Gecko) Chrome/148.0.0.0 Mobile Safari/537.36"
92.250.61.59 - - [07/Jun/2026:00:13:31 +0200] "GET /web/wp-conteudos/themes/jupiter-child/style.css HTTP/1.1" 200 410 "https://www.biocabaz.pt/web/" "Mozilla/5.0 (Linux; Android 10; K) AppleWebKit/537.36 (KHTML, like Gecko) Chrome/148.0.0.0 Mobile Safari/537.36"
92.250.61.59 - - [07/Jun/2026:00:13:31 +0200] "GET /web/wp-conteudos/plugins/woocommerce-product-bundles/assets/css/frontend/woocommerce.css HTTP/1.1" 200 607 "https://www.biocabaz.pt/web/" "Mozilla/5.0 (Linux; Android 10; K) AppleWebKit/537.36 (KHTML, like Gecko) Chrome/148.0.0.0 Mobile Safari/537.36"
92.250.61.59 - - [07/Jun/2026:00:13:31 +0200] "GET /web/wp-conteudos/plugins/smart-marketing-for-wp/admin/js/egoi-for-wp-canvas.js HTTP/1.1" 200 2304 "https://www.biocabaz.pt/web/" "Mozilla/5.0 (Linux; Android 10; K) AppleWebKit/537.36 (KHTML, like Gecko) Chrome/148.0.0.0 Mobile Safari/537.36"
92.250.61.59 - - [07/Jun/2026:00:13:31 +0200] "GET /web/wp-conteudos/plugins/js_composer_theme/assets/css/js_composer.min.css HTTP/1.1" 200 46935 "https://www.biocabaz.pt/web/" "Mozilla/5.0 (Linux; Android 10; K) AppleWebKit/537.36 (KHTML, like Gecko) Chrome/148.0.0.0 Mobile Safari/537.36"
92.250.61.59 - - [07/Jun/2026:00:13:31 +0200] "GET /web/wp-includes/js/jquery/jquery.min.js HTTP/1.1" 200 30646 "https://www.biocabaz.pt/web/" "Mozilla/5.0 (Linux; Android 10; K) AppleWebKit/537.36 (KHTML, like Gecko) Chrome/148.0.0.0 Mobile Safari/537.36"
92.250.61.59 - - [07/Jun/2026:00:13:31 +0200] "GET /web/wp-includes/js/jquery/jquery-migrate.min.js HTTP/1.1" 200 4894 "https://www.biocabaz.pt/web/" "Mozilla/5.0 (Linux; Android 10; K) AppleWebKit/537.36 (KHTML, like Gecko) Chrome/148.0.0.0 Mobile Safari/537.36"
92.250.61.59 - - [07/Jun/2026:00:13:31 +0200] "GET /web/wp-conteudos/themes/jupiter/assets/js/plugins/wp-enqueue/webfontloader.js HTTP/1.1" 200 5035 "https://www.biocabaz.pt/web/" "Mozilla/5.0 (Linux; Android 10; K) AppleWebKit/537.36 (KHTML, like Gecko) Chrome/148.0.0.0 Mobile Safari/537.36"
92.250.61.59 - - [07/Jun/2026:00:13:31 +0200] "GET /web/wp-conteudos/plugins/woo-keyinvoice-integration/public/js/woo-keyinvoice-integration-public.js HTTP/1.1" 200 838 "https://www.biocabaz.pt/web/" "Mozilla/5.0 (Linux; Android 10; K) AppleWebKit/537.36 (KHTML, like Gecko) Chrome/148.0.0.0 Mobile Safari/537.36"
92.250.61.59 - - [07/Jun/2026:00:13:31 +0200] "GET /web/wp-conteudos/plugins/woocommerce/assets/js/jquery-blockui/jquery.blockUI.min.js HTTP/1.1" 200 3518 "https://www.biocabaz.pt/web/" "Mozilla/5.0 (Linux; Android 10; K) AppleWebKit/537.36 (KHTML, like Gecko) Chrome/148.0.0.0 Mobile Safari/537.36"
92.250.61.59 - - [07/Jun/2026:00:13:31 +0200] "GET /web/wp-conteudos/plugins/woocommerce/assets/js/frontend/add-to-cart.min.js HTTP/1.1" 200 1102 "https://www.biocabaz.pt/web/" "Mozilla/5.0 (Linux; Android 10; K) AppleWebKit/537.36 (KHTML, like Gecko) Chrome/148.0.0.0 Mobile Safari/537.36"
92.250.61.59 - - [07/Jun/2026:00:13:31 +0200] "GET /web/wp-conteudos/plugins/js_composer_theme/assets/js/vendors/woocommerce-add-to-cart.js HTTP/1.1" 200 992 "https://www.biocabaz.pt/web/" "Mozilla/5.0 (Linux; Android 10; K) AppleWebKit/537.36 (KHTML, like Gecko) Chrome/148.0.0.0 Mobile Safari/537.36"
92.250.61.59 - - [07/Jun/2026:00:13:31 +0200] "GET /web/wp-includes/js/dist/hooks.min.js HTTP/1.1" 200 1660 "https://www.biocabaz.pt/web/" "Mozilla/5.0 (Linux; Android 10; K) AppleWebKit/537.36 (KHTML, like Gecko) Chrome/148.0.0.0 Mobile Safari/537.36"
92.250.61.59 - - [07/Jun/2026:00:13:31 +0200] "GET /web/wp-conteudos/plugins/woocommerce-google-adwords-conversion-tracking-tag/js/public/wpm-public.p1.min.js HTTP/1.1" 200 40537 "https://www.biocabaz.pt/web/" "Mozilla/5.0 (Linux; Android 10; K) AppleWebKit/537.36 (KHTML, like Gecko) Chrome/148.0.0.0 Mobile Safari/537.36"
92.250.61.59 - - [07/Jun/2026:00:13:31 +0200] "GET /web/wp-conteudos/themes/jupiter/framework/includes/woocommerce-quantity-increment/assets/js/wc-quantity-increment.min.js HTTP/1.1" 200 570 "https://www.biocabaz.pt/web/" "Mozilla/5.0 (Linux; Android 10; K) AppleWebKit/537.36 (KHTML, like Gecko) Chrome/148.0.0.0 Mobile Safari/537.36"
92.250.61.59 - - [07/Jun/2026:00:13:31 +0200] "GET /web/wp-conteudos/themes/jupiter/framework/includes/woocommerce-quantity-increment/assets/js/lib/number-polyfill.min.js HTTP/1.1" 200 2821 "https://www.biocabaz.pt/web/" "Mozilla/5.0 (Linux; Android 10; K) AppleWebKit/537.36 (KHTML, like Gecko) Chrome/148.0.0.0 Mobile Safari/537.36"
92.250.61.59 - - [07/Jun/2026:00:13:31 +0200] "GET /web/wp-conteudos/plugins/userpro/addons/social/scripts/userpro-social.js HTTP/1.1" 200 1348 "https://www.biocabaz.pt/web/" "Mozilla/5.0 (Linux; Android 10; K) AppleWebKit/537.36 (KHTML, like Gecko) Chrome/148.0.0.0 Mobile Safari/537.36"
92.250.61.59 - - [07/Jun/2026:00:13:31 +0200] "GET /web/wp-conteudos/plugins/userpro/scripts/userpro.encrypt.js HTTP/1.1" 200 3835 "https://www.biocabaz.pt/web/" "Mozilla/5.0 (Linux; Android 10; K) AppleWebKit/537.36 (KHTML, like Gecko) Chrome/148.0.0.0 Mobile Safari/537.36"
92.250.61.59 - - [07/Jun/2026:00:13:31 +0200] "GET /web/wp-conteudos/plugins/wp-multilang/flags/us.png HTTP/1.1" 200 307 "https://www.biocabaz.pt/web/" "Mozilla/5.0 (Linux; Android 10; K) AppleWebKit/537.36 (KHTML, like Gecko) Chrome/148.0.0.0 Mobile Safari/537.36"
89.221.126.181 - - [07/Jun/2026:00:13:31 +0200] "GET /web/en/produto/esparguete-integral-le-bio-pour-tous/?doing_wp_cron=1763606336.0755898952484130859375 HTTP/1.1" 200 37770 "-" "Mozilla/5.0 (Windows NT 6.1; Win64; x64) AppleWebKit/537.36 (KHTML, like Gecko) Chrome/101.0.0.0 Safari/537.36"
92.250.61.59 - - [07/Jun/2026:00:13:31 +0200] "GET /web/wp-conteudos/plugins/wp-multilang/flags/pt.png HTTP/1.1" 200 255 "https://www.biocabaz.pt/web/" "Mozilla/5.0 (Linux; Android 10; K) AppleWebKit/537.36 (KHTML, like Gecko) Chrome/148.0.0.0 Mobile Safari/537.36"
92.250.61.59 - - [07/Jun/2026:00:13:31 +0200] "GET /web/wp-conteudos/uploads/2021/01/biocabaz_logosite2.png HTTP/1.1" 200 6409 "https://www.biocabaz.pt/web/" "Mozilla/5.0 (Linux; Android 10; K) AppleWebKit/537.36 (KHTML, like Gecko) Chrome/148.0.0.0 Mobile Safari/537.36"
92.250.61.59 - - [07/Jun/2026:00:13:31 +0200] "GET /web/scripts/myscript.js?v=1.2 HTTP/1.1" 200 1531 "https://www.biocabaz.pt/web/" "Mozilla/5.0 (Linux; Android 10; K) AppleWebKit/537.36 (KHTML, like Gecko) Chrome/148.0.0.0 Mobile Safari/537.36"
92.250.61.59 - - [07/Jun/2026:00:13:31 +0200] "GET /web/wp-conteudos/plugins/userpro/assets/css/fontawesome/css/all.min.css HTTP/1.1" 200 12340 "https://www.biocabaz.pt/web/" "Mozilla/5.0 (Linux; Android 10; K) AppleWebKit/537.36 (KHTML, like Gecko) Chrome/148.0.0.0 Mobile Safari/537.36"
92.250.61.59 - - [07/Jun/2026:00:13:31 +0200] "GET /web/wp-conteudos/plugins/userpro/assets/css/main.css HTTP/1.1" 200 707 "https://www.biocabaz.pt/web/" "Mozilla/5.0 (Linux; Android 10; K) AppleWebKit/537.36 (KHTML, like Gecko) Chrome/148.0.0.0 Mobile Safari/537.36"
92.250.61.59 - - [07/Jun/2026:00:13:31 +0200] "GET /web/wp-includes/js/jquery/ui/core.min.js HTTP/1.1" 200 7137 "https://www.biocabaz.pt/web/" "Mozilla/5.0 (Linux; Android 10; K) AppleWebKit/537.36 (KHTML, like Gecko) Chrome/148.0.0.0 Mobile Safari/537.36"
92.250.61.59 - - [07/Jun/2026:00:13:31 +0200] "GET /web/wp-includes/js/jquery/ui/datepicker.min.js HTTP/1.1" 200 11003 "https://www.biocabaz.pt/web/" "Mozilla/5.0 (Linux; Android 10; K) AppleWebKit/537.36 (KHTML, like Gecko) Chrome/148.0.0.0 Mobile Safari/537.36"
92.250.61.59 - - [07/Jun/2026:00:13:31 +0200] "GET /web/wp-conteudos/plugins/userpro/scripts/up-custom-script.js HTTP/1.1" 200 562 "https://www.biocabaz.pt/web/" "Mozilla/5.0 (Linux; Android 10; K) AppleWebKit/537.36 (KHTML, like Gecko) Chrome/148.0.0.0 Mobile Safari/537.36"
92.250.61.59 - - [07/Jun/2026:00:13:31 +0200] "GET /web/wp-conteudos/plugins/userpro/addons/timeline/assets/js/timeline.js HTTP/1.1" 200 693 "https://www.biocabaz.pt/web/" "Mozilla/5.0 (Linux; Android 10; K) AppleWebKit/537.36 (KHTML, like Gecko) Chrome/148.0.0.0 Mobile Safari/537.36"
92.250.61.59 - - [07/Jun/2026:00:13:31 +0200] "GET /web/wp-conteudos/plugins/woocommerce/assets/js/js-cookie/js.cookie.min.js HTTP/1.1" 200 994 "https://www.biocabaz.pt/web/" "Mozilla/5.0 (Linux; Android 10; K) AppleWebKit/537.36 (KHTML, like Gecko) Chrome/148.0.0.0 Mobile Safari/537.36"
92.250.61.59 - - [07/Jun/2026:00:13:31 +0200] "GET /web/wp-conteudos/plugins/woocommerce/assets/js/frontend/woocommerce.min.js HTTP/1.1" 200 806 "https://www.biocabaz.pt/web/" "Mozilla/5.0 (Linux; Android 10; K) AppleWebKit/537.36 (KHTML, like Gecko) Chrome/148.0.0.0 Mobile Safari/537.36"
92.250.61.59 - - [07/Jun/2026:00:13:31 +0200] "GET /web/wp-conteudos/plugins/woocommerce/assets/js/frontend/cart-fragments.min.js HTTP/1.1" 200 1054 "https://www.biocabaz.pt/web/" "Mozilla/5.0 (Linux; Android 10; K) AppleWebKit/537.36 (KHTML, like Gecko) Chrome/148.0.0.0 Mobile Safari/537.36"
92.250.61.59 - - [07/Jun/2026:00:13:31 +0200] "GET /web/wp-conteudos/plugins/wp-multilang/assets/blocks/language-switcher/js/switcher-block.min.js HTTP/1.1" 200 1066 "https://www.biocabaz.pt/web/" "Mozilla/5.0 (Linux; Android 10; K) AppleWebKit/537.36 (KHTML, like Gecko) Chrome/148.0.0.0 Mobile Safari/537.36"
92.250.61.59 - - [07/Jun/2026:00:13:31 +0200] "GET /web/wp-conteudos/themes/jupiter/assets/js/components-full.6.5.1.js HTTP/1.1" 200 1320 "https://www.biocabaz.pt/web/" "Mozilla/5.0 (Linux; Android 10; K) AppleWebKit/537.36 (KHTML, like Gecko) Chrome/148.0.0.0 Mobile Safari/537.36"
92.250.61.59 - - [07/Jun/2026:00:13:31 +0200] "GET /web/wp-conteudos/themes/jupiter/header-builder/includes/assets/js/mkhb-render.js HTTP/1.1" 200 1790 "https://www.biocabaz.pt/web/" "Mozilla/5.0 (Linux; Android 10; K) AppleWebKit/537.36 (KHTML, like Gecko) Chrome/148.0.0.0 Mobile Safari/537.36"
92.250.61.59 - - [07/Jun/2026:00:13:31 +0200] "GET /web/wp-conteudos/themes/jupiter/assets/js/plugins/wp-enqueue/smoothscroll.js HTTP/1.1" 200 6579 "https://www.biocabaz.pt/web/" "Mozilla/5.0 (Linux; Android 10; K) AppleWebKit/537.36 (KHTML, like Gecko) Chrome/148.0.0.0 Mobile Safari/537.36"
92.250.61.59 - - [07/Jun/2026:00:13:31 +0200] "GET /web/wp-conteudos/themes/jupiter/header-builder/includes/assets/js/mkhb-column.js HTTP/1.1" 200 1089 "https://www.biocabaz.pt/web/" "Mozilla/5.0 (Linux; Android 10; K) AppleWebKit/537.36 (KHTML, like Gecko) Chrome/148.0.0.0 Mobile Safari/537.36"
92.250.61.59 - - [07/Jun/2026:00:13:31 +0200] "GET /web/wp-conteudos/themes/jupiter/assets/js/core-scripts.6.5.1.js HTTP/1.1" 200 118467 "https://www.biocabaz.pt/web/" "Mozilla/5.0 (Linux; Android 10; K) AppleWebKit/537.36 (KHTML, like Gecko) Chrome/148.0.0.0 Mobile Safari/537.36"
92.250.61.59 - - [07/Jun/2026:00:13:31 +0200] "GET /web/wp-conteudos/uploads/bfi_thumb/dummy-transparent-ooif3gskt3pjjx65vz1jy6igecasblxpwo2vtsp0vc.png HTTP/1.1" 200 6635 "https://www.biocabaz.pt/web/" "Mozilla/5.0 (Linux; Android 10; K) AppleWebKit/537.36 (KHTML, like Gecko) Chrome/148.0.0.0 Mobile Safari/537.36"
92.250.61.59 - - [07/Jun/2026:00:13:31 +0200] "GET /web/wp-conteudos/plugins/jupiter-donut/assets/js/shortcodes-scripts.min.js HTTP/1.1" 200 17932 "https://www.biocabaz.pt/web/" "Mozilla/5.0 (Linux; Android 10; K) AppleWebKit/537.36 (KHTML, like Gecko) Chrome/148.0.0.0 Mobile Safari/537.36"
92.250.61.59 - - [07/Jun/2026:00:13:31 +0200] "GET /web/wp-conteudos/uploads/2020/04/screenshot-2020-04-20-at-01.06.58.png HTTP/1.1" 200 231865 "https://www.biocabaz.pt/web/" "Mozilla/5.0 (Linux; Android 10; K) AppleWebKit/537.36 (KHTML, like Gecko) Chrome/148.0.0.0 Mobile Safari/537.36"
92.250.61.59 - - [07/Jun/2026:00:13:31 +0200] "GET /web/wp-conteudos/plugins/js_composer_theme/assets/js/dist/js_composer_front.min.js HTTP/1.1" 200 5846 "https://www.biocabaz.pt/web/" "Mozilla/5.0 (Linux; Android 10; K) AppleWebKit/537.36 (KHTML, like Gecko) Chrome/148.0.0.0 Mobile Safari/537.36"
92.250.61.59 - - [07/Jun/2026:00:13:31 +0200] "GET /web/wp-conteudos/uploads/2016/08/sativa.jpg HTTP/1.1" 200 12543 "https://www.biocabaz.pt/web/" "Mozilla/5.0 (Linux; Android 10; K) AppleWebKit/537.36 (KHTML, like Gecko) Chrome/148.0.0.0 Mobile Safari/537.36"
92.250.61.59 - - [07/Jun/2026:00:13:31 +0200] "GET /web/wp-conteudos/uploads/2016/08/simbolo.jpg HTTP/1.1" 200 3027 "https://www.biocabaz.pt/web/" "Mozilla/5.0 (Linux; Android 10; K) AppleWebKit/537.36 (KHTML, like Gecko) Chrome/148.0.0.0 Mobile Safari/537.36"
92.250.61.59 - - [07/Jun/2026:00:13:31 +0200] "GET /web/wp-conteudos/uploads/2016/04/foto-site4.jpg?id=1148 HTTP/1.1" 200 220024 "https://www.biocabaz.pt/web/" "Mozilla/5.0 (Linux; Android 10; K) AppleWebKit/537.36 (KHTML, like Gecko) Chrome/148.0.0.0 Mobile Safari/537.36"
92.250.61.59 - - [07/Jun/2026:00:13:32 +0200] "GET /web/wp-conteudos/uploads/2016/03/figo-verde-330x260.jpg HTTP/1.1" 200 12298 "https://www.biocabaz.pt/web/" "Mozilla/5.0 (Linux; Android 10; K) AppleWebKit/537.36 (KHTML, like Gecko) Chrome/148.0.0.0 Mobile Safari/537.36"
92.250.61.59 - - [07/Jun/2026:00:13:32 +0200] "GET /web/wp-conteudos/uploads/2016/06/nectarina-biologica-330x260.jpg HTTP/1.1" 200 13759 "https://www.biocabaz.pt/web/" "Mozilla/5.0 (Linux; Android 10; K) AppleWebKit/537.36 (KHTML, like Gecko) Chrome/148.0.0.0 Mobile Safari/537.36"
92.250.61.59 - - [07/Jun/2026:00:13:32 +0200] "GET /web/wp-conteudos/uploads/2016/03/banana-2-330x260.jpg HTTP/1.1" 200 12810 "https://www.biocabaz.pt/web/" "Mozilla/5.0 (Linux; Android 10; K) AppleWebKit/537.36 (KHTML, like Gecko) Chrome/148.0.0.0 Mobile Safari/537.36"
92.250.61.59 - - [07/Jun/2026:00:13:32 +0200] "GET /web/wp-conteudos/uploads/2016/04/pepino-1-330x260.jpg HTTP/1.1" 200 10885 "https://www.biocabaz.pt/web/" "Mozilla/5.0 (Linux; Android 10; K) AppleWebKit/537.36 (KHTML, like Gecko) Chrome/148.0.0.0 Mobile Safari/537.36"
92.250.61.59 - - [07/Jun/2026:00:13:32 +0200] "GET /web/wp-conteudos/uploads/2016/03/courgete-2-330x260.jpg HTTP/1.1" 200 16571 "https://www.biocabaz.pt/web/" "Mozilla/5.0 (Linux; Android 10; K) AppleWebKit/537.36 (KHTML, like Gecko) Chrome/148.0.0.0 Mobile Safari/537.36"
92.250.61.59 - - [07/Jun/2026:00:13:32 +0200] "GET /web/wp-conteudos/uploads/2016/04/morango-1-330x260.jpg HTTP/1.1" 200 14402 "https://www.biocabaz.pt/web/" "Mozilla/5.0 (Linux; Android 10; K) AppleWebKit/537.36 (KHTML, like Gecko) Chrome/148.0.0.0 Mobile Safari/537.36"
116.179.37.241 - - [07/Jun/2026:00:13:32 +0200] "POST /web/?wc-ajax=get_refreshed_fragments HTTP/1.1" 200 625 "https://biocabaz.pt/web/shop/page/59/?doing_wp_cron=1777383025.0784780979156494140625" "Mozilla/5.0 (compatible; Baiduspider-render/2.0; +http://www.baidu.com/search/spider.html)"
92.250.61.59 - - [07/Jun/2026:00:13:32 +0200] "GET /web/wp-conteudos/themes/jupiter/assets/js/plugins/async/min/minigrid.js HTTP/1.1" 200 1053 "https://www.biocabaz.pt/web/" "Mozilla/5.0 (Linux; Android 10; K) AppleWebKit/537.36 (KHTML, like Gecko) Chrome/148.0.0.0 Mobile Safari/537.36"
92.250.61.59 - - [07/Jun/2026:00:13:32 +0200] "GET /web/wp-conteudos/themes/jupiter/assets/js/plugins/async/min/jquery.flexslider.js HTTP/1.1" 200 7414 "https://www.biocabaz.pt/web/" "Mozilla/5.0 (Linux; Android 10; K) AppleWebKit/537.36 (KHTML, like Gecko) Chrome/148.0.0.0 Mobile Safari/537.36"
92.250.61.59 - - [07/Jun/2026:00:13:32 +0200] "GET /web/wp-conteudos/uploads/2016/01/LogoBiocabaz_4-135.png HTTP/1.1" 200 6632 "https://www.biocabaz.pt/web/" "Mozilla/5.0 (Linux; Android 10; K) AppleWebKit/537.36 (KHTML, like Gecko) Chrome/148.0.0.0 Mobile Safari/537.36"
92.250.61.59 - - [07/Jun/2026:00:13:33 +0200] "POST /web/?wc-ajax=get_refreshed_fragments HTTP/1.1" 200 626 "https://www.biocabaz.pt/web/" "Mozilla/5.0 (Linux; Android 10; K) AppleWebKit/537.36 (KHTML, like Gecko) Chrome/148.0.0.0 Mobile Safari/537.36"
92.250.61.59 - - [07/Jun/2026:00:13:34 +0200] "GET /web/wp-conteudos/uploads/2021/04/bio_botao_mais2-verde.png HTTP/1.1" 200 162 "https://www.biocabaz.pt/web/" "Mozilla/5.0 (Linux; Android 10; K) AppleWebKit/537.36 (KHTML, like Gecko) Chrome/148.0.0.0 Mobile Safari/537.36"
92.250.61.59 - - [07/Jun/2026:00:13:34 +0200] "GET /web/wp-conteudos/uploads/2021/04/bio_botao_menos2-verde.png HTTP/1.1" 200 148 "https://www.biocabaz.pt/web/" "Mozilla/5.0 (Linux; Android 10; K) AppleWebKit/537.36 (KHTML, like Gecko) Chrome/148.0.0.0 Mobile Safari/537.36"
92.250.61.59 - - [07/Jun/2026:00:13:35 +0200] "POST /web/wp-admin/admin-ajax.php HTTP/1.1" 200 31 "https://www.biocabaz.pt/web/" "Mozilla/5.0 (Linux; Android 10; K) AppleWebKit/537.36 (KHTML, like Gecko) Chrome/148.0.0.0 Mobile Safari/537.36"
92.250.61.59 - - [07/Jun/2026:00:13:36 +0200] "GET /web/wp-conteudos/uploads/2019/11/Download_on_GooglePlay-300x116.png HTTP/1.1" 200 22520 "https://www.biocabaz.pt/web/" "Mozilla/5.0 (Linux; Android 10; K) AppleWebKit/537.36 (KHTML, like Gecko) Chrome/148.0.0.0 Mobile Safari/537.36"
92.250.61.59 - - [07/Jun/2026:00:13:36 +0200] "GET /web/wp-conteudos/uploads/2019/11/com-badge-ios-300x129.png HTTP/1.1" 200 23500 "https://www.biocabaz.pt/web/" "Mozilla/5.0 (Linux; Android 10; K) AppleWebKit/537.36 (KHTML, like Gecko) Chrome/148.0.0.0 Mobile Safari/537.36"
66.249.68.68 - - [07/Jun/2026:00:13:38 +0200] "GET /web/en/shop/page/54/?add-to-cart=75251&doing_wp_cron=1747038632.1614439487457275390625 HTTP/1.1" 200 33627 "-" "Mozilla/5.0 (Linux; Android 6.0.1; Nexus 5X Build/MMB29P) AppleWebKit/537.36 (KHTML, like Gecko) Chrome/148.0.7778.96 Mobile Safari/537.36 (compatible; Googlebot/2.1; +http://www.google.com/bot.html)"
92.250.61.59 - - [07/Jun/2026:00:13:39 +0200] "GET /web/wp-conteudos/uploads/2020/01/livroreclamacoes-300x123.png HTTP/1.1" 200 12145 "https://www.biocabaz.pt/web/" "Mozilla/5.0 (Linux; Android 10; K) AppleWebKit/537.36 (KHTML, like Gecko) Chrome/148.0.0.0 Mobile Safari/537.36"
92.250.61.59 - - [07/Jun/2026:00:13:39 +0200] "GET /web/wp-conteudos/uploads/2021/05/aecc-cor-cmyk-500x210.jpg HTTP/1.1" 200 23121 "https://www.biocabaz.pt/web/" "Mozilla/5.0 (Linux; Android 10; K) AppleWebKit/537.36 (KHTML, like Gecko) Chrome/148.0.0.0 Mobile Safari/537.36"
66.249.68.68 - - [07/Jun/2026:00:13:41 +0200] "GET /web/produto/cha-tree-fennel-bio-20-sq-pukka/?add-to-cart=122849 HTTP/1.1" 302 11 "-" "Mozilla/5.0 (Linux; Android 6.0.1; Nexus 5X Build/MMB29P) AppleWebKit/537.36 (KHTML, like Gecko) Chrome/148.0.7778.96 Mobile Safari/537.36 (compatible; Googlebot/2.1; +http://www.google.com/bot.html)"
66.249.68.67 - - [07/Jun/2026:00:13:43 +0200] "GET /web/produto/cha-tree-fennel-bio-20-sq-pukka/?add-to-cart=122849&doing_wp_cron=1780784021.0390720367431640625000 HTTP/1.1" 200 39135 "-" "Mozilla/5.0 (Linux; Android 6.0.1; Nexus 5X Build/MMB29P) AppleWebKit/537.36 (KHTML, like Gecko) Chrome/148.0.7778.96 Mobile Safari/537.36 (compatible; Googlebot/2.1; +http://www.google.com/bot.html)"
66.249.79.35 - - [07/Jun/2026:00:13:44 +0200] "GET /web/en/produto/tofu-filete-japones-taifun-160gr/?doing_wp_cron=1779372236.0277829170227050781250 HTTP/1.1" 200 38872 "-" "Mozilla/5.0 (Linux; Android 6.0.1; Nexus 5X Build/MMB29P) AppleWebKit/537.36 (KHTML, like Gecko) Chrome/148.0.7778.96 Mobile Safari/537.36 (compatible; Googlebot/2.1; +http://www.google.com/bot.html)"
52.167.144.162 - - [07/Jun/2026:00:13:45 +0200] "GET /web/wp-conteudos/uploads/2016/04/sojade-manga-pessego-100x100.png HTTP/1.1" 200 14708 "-" "Mozilla/5.0 AppleWebKit/537.36 (KHTML, like Gecko; compatible; bingbot/2.0; +http://www.bing.com/bingbot.htm) Chrome/116.0.1938.76 Safari/537.36"
51.124.236.1 - - [07/Jun/2026:00:13:49 +0200] "GET / HTTP/1.0" 200 612 "-" "check_http/v2.3.3 (nagios-plugins 2.3.3)"
66.249.68.67 - - [07/Jun/2026:00:13:56 +0200] "POST /web/en/wp-json/pmw/v1/products/ HTTP/1.1" 200 707 "https://biocabaz.pt/web/en/shop/page/54/?add-to-cart=75251&doing_wp_cron=1747038632.1614439487457275390625" "Mozilla/5.0 (Linux; Android 6.0.1; Nexus 5X Build/MMB29P) AppleWebKit/537.36 (KHTML, like Gecko) Chrome/148.0.7778.96 Mobile Safari/537.36 (compatible; Googlebot/2.1; +http://www.google.com/bot.html)"
43.172.198.115 - - [07/Jun/2026:00:14:01 +0200] "GET / HTTP/1.1" 301 162 "-" "Mozilla/5.0 (Windows NT 10.0; Win64; x64) AppleWebKit/537.36 (KHTML, like Gecko) Chrome/117.0.0.0 Safari/537.36"
216.73.217.110 - - [07/Jun/2026:00:14:04 +0200] "GET /web/shop/page/10/?doing_wp_cron=1753013840.2981309890747070312500 HTTP/1.1" 200 32965 "-" "Mozilla/5.0 AppleWebKit/537.36 (KHTML, like Gecko; compatible; ClaudeBot/1.0; +claudebot@anthropic.com)"
216.73.217.110 - - [07/Jun/2026:00:14:05 +0200] "GET /web/shop/page/57/?doing_wp_cron=1780779272.3711359500885009765625 HTTP/1.1" 200 33138 "-" "Mozilla/5.0 AppleWebKit/537.36 (KHTML, like Gecko; compatible; ClaudeBot/1.0; +claudebot@anthropic.com)"
216.73.217.110 - - [07/Jun/2026:00:14:05 +0200] "GET /web/shop/page/59/?doing_wp_cron=1753013840.2981309890747070312500 HTTP/1.1" 200 30696 "-" "Mozilla/5.0 AppleWebKit/537.36 (KHTML, like Gecko; compatible; ClaudeBot/1.0; +claudebot@anthropic.com)"
216.73.217.110 - - [07/Jun/2026:00:14:05 +0200] "GET /web/shop/page/58/?doing_wp_cron=1753013840.2981309890747070312500 HTTP/1.1" 200 32478 "-" "Mozilla/5.0 AppleWebKit/537.36 (KHTML, like Gecko; compatible; ClaudeBot/1.0; +claudebot@anthropic.com)"
216.73.217.110 - - [07/Jun/2026:00:14:06 +0200] "GET /web/shop/page/56/?doing_wp_cron=1780779272.3711359500885009765625 HTTP/1.1" 200 31837 "-" "Mozilla/5.0 AppleWebKit/537.36 (KHTML, like Gecko; compatible; ClaudeBot/1.0; +claudebot@anthropic.com)"
